74.7.227.26 - - [04/Mar/2026:05:30:18 -0700] "GET /?path=//proc/3538463/cwd/lib/firmware/mrvl HTTP/2.0" 200 2346 "https://icdp.co.in/?path=//proc/3538463/cwd/lib/firmware" "Mozilla/5.0 AppleWebKit/537.36 (KHTML, like Gecko; compatible; GPTBot/1.3; +https://openai.com/gptbot)" 56 **0/56947**
216.73.216.186 - - [04/Mar/2026:05:30:18 -0700] "GET /sitemap.xml?fileloc=%2F%2Ftmp%2F.system&path=%2F%2Ftmp HTTP/2.0" 200 2536 "-" "Mozilla/5.0 AppleWebKit/537.36 (KHTML, like Gecko; compatible; ClaudeBot/1.0; +claudebot@anthropic.com)" 59 **0/59650**
216.73.216.186 - - [04/Mar/2026:05:30:18 -0700] "GET /sitemap.xml?path=%2F%2Flib%2Ficinga2 HTTP/2.0" 200 2608 "-" "Mozilla/5.0 AppleWebKit/537.36 (KHTML, like Gecko; compatible; ClaudeBot/1.0; +claudebot@anthropic.com)" 54 **0/54569**
216.73.216.186 - - [04/Mar/2026:05:30:18 -0700] "GET /sitemap.xml?path=%2F%2Flib64%2Fgio HTTP/2.0" 200 2543 "-" "Mozilla/5.0 AppleWebKit/537.36 (KHTML, like Gecko; compatible; ClaudeBot/1.0; +claudebot@anthropic.com)" 83 **0/83732**
74.7.227.26 - - [04/Mar/2026:05:30:18 -0700] "GET /?path=//proc/3538463/cwd/lib/firmware/amdtee HTTP/2.0" 200 2349 "https://icdp.co.in/?path=//proc/3538463/cwd/lib/firmware" "Mozilla/5.0 AppleWebKit/537.36 (KHTML, like Gecko; compatible; GPTBot/1.3; +https://openai.com/gptbot)" 68 **0/68784**
74.7.227.26 - - [04/Mar/2026:05:30:19 -0700] "GET /?path=//proc/3452215/cwd/lib/firmware/isci HTTP/2.0" 200 2346 "https://icdp.co.in/?path=//proc/3452215/cwd/lib/firmware" "Mozilla/5.0 AppleWebKit/537.36 (KHTML, like Gecko; compatible; GPTBot/1.3; +https://openai.com/gptbot)" 68 **0/68250**
74.7.227.26 - - [04/Mar/2026:05:30:19 -0700] "GET /?path=//proc/3452215/cwd/lib/firmware/brcm HTTP/2.0" 200 2348 "https://icdp.co.in/?path=//proc/3452215/cwd/lib/firmware" "Mozilla/5.0 AppleWebKit/537.36 (KHTML, like Gecko; compatible; GPTBot/1.3; +https://openai.com/gptbot)" 68 **0/68757**
74.7.227.26 - - [04/Mar/2026:05:30:20 -0700] "GET /?path=//proc/3452243/cwd/usr/include/netiucv HTTP/2.0" 200 2345 "https://icdp.co.in/?path=//proc/3452243/cwd/usr/include" "Mozilla/5.0 AppleWebKit/537.36 (KHTML, like Gecko; compatible; GPTBot/1.3; +https://openai.com/gptbot)" 64 **0/64514**
74.7.227.26 - - [04/Mar/2026:05:30:20 -0700] "GET /?path=//proc/3452215/cwd/lib/firmware/4.18.0-553.89.1.lve.el8.x86_64 HTTP/2.0" 200 2351 "https://icdp.co.in/?path=//proc/3452215/cwd/lib/firmware" "Mozilla/5.0 AppleWebKit/537.36 (KHTML, like Gecko; compatible; GPTBot/1.3; +https://openai.com/gptbot)" 78 **0/78581**
74.7.227.26 - - [04/Mar/2026:05:30:21 -0700] "GET /?path=//proc/3564199/cwd/lib/kbd/keymaps HTTP/2.0" 200 2345 "https://icdp.co.in/?path=//proc/3564199/cwd/lib/kbd" "Mozilla/5.0 AppleWebKit/537.36 (KHTML, like Gecko; compatible; GPTBot/1.3; +https://openai.com/gptbot)" 60 **0/60830**
74.7.227.26 - - [04/Mar/2026:05:30:21 -0700] "GET /?path=//proc/3538462/cwd/lib/kbd/unimaps HTTP/2.0" 200 2346 "https://icdp.co.in/?path=//proc/3538462/cwd/lib/kbd" "Mozilla/5.0 AppleWebKit/537.36 (KHTML, like Gecko; compatible; GPTBot/1.3; +https://openai.com/gptbot)" 57 **0/57329**
74.7.227.26 - - [04/Mar/2026:05:30:22 -0700] "GET /?path=//proc/3564199/cwd/lib/kbd/unimaps HTTP/2.0" 200 2346 "https://icdp.co.in/?path=//proc/3564199/cwd/lib/kbd" "Mozilla/5.0 AppleWebKit/537.36 (KHTML, like Gecko; compatible; GPTBot/1.3; +https://openai.com/gptbot)" 57 **0/57178**
74.7.227.26 - - [04/Mar/2026:05:30:22 -0700] "GET /?path=//proc/3538462/cwd/usr/lib/systemd HTTP/2.0" 200 2342 "https://icdp.co.in/?path=//proc/3538462/cwd/usr/lib" "Mozilla/5.0 AppleWebKit/537.36 (KHTML, like Gecko; compatible; GPTBot/1.3; +https://openai.com/gptbot)" 47 **0/47568**
74.7.227.26 - - [04/Mar/2026:05:30:23 -0700] "GET /?path=//proc/3485806/cwd/lib/kbd/unimaps HTTP/2.0" 200 2346 "https://icdp.co.in/?path=//proc/3485806/cwd/lib/kbd" "Mozilla/5.0 AppleWebKit/537.36 (KHTML, like Gecko; compatible; GPTBot/1.3; +https://openai.com/gptbot)" 69 **0/69622**
74.7.227.26 - - [04/Mar/2026:05:30:23 -0700] "GET /?path=//proc/3485806/cwd/lib/kbd/keymaps HTTP/2.0" 200 2345 "https://icdp.co.in/?path=//proc/3485806/cwd/lib/kbd" "Mozilla/5.0 AppleWebKit/537.36 (KHTML, like Gecko; compatible; GPTBot/1.3; +https://openai.com/gptbot)" 64 **0/64718**
144.76.32.236 - - [04/Mar/2026:05:30:24 -0700] "GET /aunque-resulte-evidente-el-primer-camino-de-usar-la-cartulina-mastercard-sobre-deficit-seri%ef%bf%bda-existir-la/ HTTP/1.1" 200 5663 "-" "Mozilla/5.0 (compatible; SERankingBacklinksBot/1.0; +https://seranking.com/backlinks-crawler)" 79 **0/79416**
74.7.227.26 - - [04/Mar/2026:05:30:24 -0700] "GET /?path=//proc/3564199/cwd/usr/lib/systemd HTTP/2.0" 200 2342 "https://icdp.co.in/?path=//proc/3564199/cwd/usr/lib" "Mozilla/5.0 AppleWebKit/537.36 (KHTML, like Gecko; compatible; GPTBot/1.3; +https://openai.com/gptbot)" 63 **0/63372**
74.7.227.26 - - [04/Mar/2026:05:30:24 -0700] "GET /?path=//proc/3458776/cwd/usr/lib/systemd HTTP/2.0" 200 2342 "https://icdp.co.in/?path=//proc/3458776/cwd/usr/lib" "Mozilla/5.0 AppleWebKit/537.36 (KHTML, like Gecko; compatible; GPTBot/1.3; +https://openai.com/gptbot)" 63 **0/63028**
74.7.227.26 - - [04/Mar/2026:05:30:25 -0700] "GET /?path=//proc/3458776/cwd/lib/kbd/unimaps HTTP/2.0" 200 2346 "https://icdp.co.in/?path=//proc/3458776/cwd/lib/kbd" "Mozilla/5.0 AppleWebKit/537.36 (KHTML, like Gecko; compatible; GPTBot/1.3; +https://openai.com/gptbot)" 49 **0/49209**
74.7.227.26 - - [04/Mar/2026:05:30:26 -0700] "GET /?path=//proc/3458776/cwd/lib/kbd/keymaps HTTP/2.0" 200 2345 "https://icdp.co.in/?path=//proc/3458776/cwd/lib/kbd" "Mozilla/5.0 AppleWebKit/537.36 (KHTML, like Gecko; compatible; GPTBot/1.3; +https://openai.com/gptbot)" 55 **0/55375**
216.73.216.186 - - [04/Mar/2026:05:30:26 -0700] "GET /sitemap.xml?path=%2Fhome%2Fnyiet8349bzl%2Fpublic_html%2Ficdp.co.in%2Fwp-includes%2Fblocks%2Fmissing HTTP/2.0" 200 2620 "-" "Mozilla/5.0 AppleWebKit/537.36 (KHTML, like Gecko; compatible; ClaudeBot/1.0; +claudebot@anthropic.com)" 72 **0/72243**
216.73.216.186 - - [04/Mar/2026:05:30:26 -0700] "GET /sitemap.xml?fileloc=%2F%2Fbin%2Fmariadb-dumpslow&path=%2F%2Fbin HTTP/2.0" 200 5574 "-" "Mozilla/5.0 AppleWebKit/537.36 (KHTML, like Gecko; compatible; ClaudeBot/1.0; +claudebot@anthropic.com)" 72 **0/72742**
216.73.216.186 - - [04/Mar/2026:05:30:26 -0700] "GET /sitemap.xml?fileloc=%2F%2Fbin%2Ftclsh8.6&path=%2F%2Fbin HTTP/2.0" 200 5463 "-" "Mozilla/5.0 AppleWebKit/537.36 (KHTML, like Gecko; compatible; ClaudeBot/1.0; +claudebot@anthropic.com)" 130 **0/130015**
216.73.216.186 - - [04/Mar/2026:05:30:26 -0700] "GET /sitemap.xml?fileloc=%2F%2Flib64%2Flibsecureio.so&path=%2F%2Flib64 HTTP/2.0" 200 7054 "-" "Mozilla/5.0 AppleWebKit/537.36 (KHTML, like Gecko; compatible; ClaudeBot/1.0; +claudebot@anthropic.com)" 130 **0/130915**
216.73.216.186 - - [04/Mar/2026:05:30:26 -0700] "GET /sitemap.xml?fileloc=%2F%2Flib64%2Flibboost_thread.so.1.66.0&path=%2F%2Flib64 HTTP/2.0" 200 48889 "-" "Mozilla/5.0 AppleWebKit/537.36 (KHTML, like Gecko; compatible; ClaudeBot/1.0; +claudebot@anthropic.com)" 166 **0/166401**
74.7.227.26 - - [04/Mar/2026:05:30:26 -0700] "GET /?path=//proc/3538462/cwd/lib/kbd/keymaps HTTP/2.0" 200 2345 "https://icdp.co.in/?path=//proc/3538462/cwd/lib/kbd" "Mozilla/5.0 AppleWebKit/537.36 (KHTML, like Gecko; compatible; GPTBot/1.3; +https://openai.com/gptbot)" 130 **0/130500**
216.73.216.186 - - [04/Mar/2026:05:30:26 -0700] "GET /sitemap.xml?fileloc=%2F%2Flib64%2Flibtermcap.so&path=%2F%2Flib64 HTTP/2.0" 200 2261 "-" "Mozilla/5.0 AppleWebKit/537.36 (KHTML, like Gecko; compatible; ClaudeBot/1.0; +claudebot@anthropic.com)" 250 **0/250827**
216.73.216.186 - - [04/Mar/2026:05:30:26 -0700] "GET /sitemap.xml?fileloc=%2F%2Flib64%2Flibquadmath.so.0&path=%2F%2Flib64 HTTP/2.0" 200 124253 "-" "Mozilla/5.0 AppleWebKit/537.36 (KHTML, like Gecko; compatible; ClaudeBot/1.0; +claudebot@anthropic.com)" 251 **0/251674**
216.73.216.186 - - [04/Mar/2026:05:30:26 -0700] "GET /sitemap.xml?fileloc=%2F%2Flib64%2FlibodbcminiS.so.2&path=%2F%2Flib64 HTTP/2.0" 200 4888 "-" "Mozilla/5.0 AppleWebKit/537.36 (KHTML, like Gecko; compatible; ClaudeBot/1.0; +claudebot@anthropic.com)" 256 **0/256440**
216.73.216.186 - - [04/Mar/2026:05:30:26 -0700] "GET /sitemap.xml?fileloc=%2F%2Fbin%2Fgcc-nm&path=%2F%2Fbin HTTP/2.0" 200 17187 "-" "Mozilla/5.0 AppleWebKit/537.36 (KHTML, like Gecko; compatible; ClaudeBot/1.0; +claudebot@anthropic.com)" 335 **0/335508**
216.73.216.186 - - [04/Mar/2026:05:30:26 -0700] "GET /sitemap.xml?fileloc=%2F%2Fbin%2Fautomake-1.16&path=%2F%2Fbin HTTP/2.0" 200 75396 "-" "Mozilla/5.0 AppleWebKit/537.36 (KHTML, like Gecko; compatible; ClaudeBot/1.0; +claudebot@anthropic.com)" 374 **0/374164**
216.73.216.186 - - [04/Mar/2026:05:30:26 -0700] "GET /sitemap.xml?fileloc=%2F%2Fsbin%2Ftsig-keygen&path=%2F%2Fsbin HTTP/2.0" 200 9666 "-" "Mozilla/5.0 AppleWebKit/537.36 (KHTML, like Gecko; compatible; ClaudeBot/1.0; +claudebot@anthropic.com)" 115 **0/115841**
216.73.216.186 - - [04/Mar/2026:05:30:26 -0700] "GET /sitemap.xml?fileloc=%2F%2Fbin%2Fgcov-tool&path=%2F%2Fbin HTTP/2.0" 200 266457 "-" "Mozilla/5.0 AppleWebKit/537.36 (KHTML, like Gecko; compatible; ClaudeBot/1.0; +claudebot@anthropic.com)" 239 **0/239393**
216.73.216.186 - - [04/Mar/2026:05:30:26 -0700] "GET /sitemap.xml?fileloc=%2F%2Flib64%2Flibtclenvmodules.so&path=%2F%2Flib64 HTTP/2.0" 200 6716 "-" "Mozilla/5.0 AppleWebKit/537.36 (KHTML, like Gecko; compatible; ClaudeBot/1.0; +claudebot@anthropic.com)" 67 **0/67057**
74.7.227.26 - - [04/Mar/2026:05:30:27 -0700] "GET /?path=//proc/3458776/cwd/proc/self/root/lib/firmware/nvidia/gb102 HTTP/2.0" 200 2383 "https://icdp.co.in/?path=//proc/3458776/cwd/proc/self/root/lib/firmware/nvidia" "Mozilla/5.0 AppleWebKit/537.36 (KHTML, like Gecko; compatible; GPTBot/1.3; +https://openai.com/gptbot)" 62 **0/62652**
216.73.216.186 - - [04/Mar/2026:05:30:26 -0700] "GET /sitemap.xml?fileloc=%2F%2Flib64%2Flibmemcachedutil.so.2&path=%2F%2Flib64 HTTP/2.0" 200 8708 "-" "Mozilla/5.0 AppleWebKit/537.36 (KHTML, like Gecko; compatible; ClaudeBot/1.0; +claudebot@anthropic.com)" 162 **0/162722**
216.73.216.186 - - [04/Mar/2026:05:30:27 -0700] "GET /sitemap.xml?fileloc=%2F%2Flib64%2Flibthread_db-1.0.so&path=%2F%2Flib64 HTTP/2.0" 200 15125 "-" "Mozilla/5.0 AppleWebKit/537.36 (KHTML, like Gecko; compatible; ClaudeBot/1.0; +claudebot@anthropic.com)" 59 **0/59558**
216.73.216.186 - - [04/Mar/2026:05:30:27 -0700] "GET /sitemap.xml?fileloc=%2F%2Flib64%2Flibpthread-2.28.so&path=%2F%2Flib64 HTTP/2.0" 200 48830 "-" "Mozilla/5.0 AppleWebKit/537.36 (KHTML, like Gecko; compatible; ClaudeBot/1.0; +claudebot@anthropic.com)" 81 **0/81449**
144.76.32.236 - - [04/Mar/2026:05:30:27 -0700] "GET /mejores-casinos-mehr-informationen-erhalten-en-internet-sobre-peru-con-manga-larga-recursos-conveniente-top-2025/ HTTP/1.1" 200 5663 "-" "Mozilla/5.0 (compatible; SERankingBacklinksBot/1.0; +https://seranking.com/backlinks-crawler)" 54 **0/54728**
216.73.216.186 - - [04/Mar/2026:05:30:26 -0700] "GET /sitemap.xml?fileloc=%2F%2Flib64%2Flibfbclient.so.2&path=%2F%2Flib64 HTTP/2.0" 200 1078384 "-" "Mozilla/5.0 AppleWebKit/537.36 (KHTML, like Gecko; compatible; ClaudeBot/1.0; +claudebot@anthropic.com)" 974 **0/974618**
216.73.216.186 - - [04/Mar/2026:05:30:27 -0700] "GET /sitemap.xml?fileloc=%2F%2Flib64%2FlibXrender.so.1.3.0&path=%2F%2Flib64 HTTP/2.0" 200 18011 "-" "Mozilla/5.0 AppleWebKit/537.36 (KHTML, like Gecko; compatible; ClaudeBot/1.0; +claudebot@anthropic.com)" 76 **0/76987**
216.73.216.186 - - [04/Mar/2026:05:30:27 -0700] "GET /sitemap.xml?fileloc=%2F%2Flib64%2Flibssh2.so.1.0.1&path=%2F%2Flib64 HTTP/2.0" 200 97621 "-" "Mozilla/5.0 AppleWebKit/537.36 (KHTML, like Gecko; compatible; ClaudeBot/1.0; +claudebot@anthropic.com)" 117 **0/117684**
216.73.216.186 - - [04/Mar/2026:05:30:27 -0700] "GET /sitemap.xml?path=%2Fhome%2Fnyiet8349bzl%2Fmail%2Ftmp HTTP/2.0" 200 2309 "-" "Mozilla/5.0 AppleWebKit/537.36 (KHTML, like Gecko; compatible; ClaudeBot/1.0; +claudebot@anthropic.com)" 59 **0/59101**
216.73.216.186 - - [04/Mar/2026:05:30:27 -0700] "GET /sitemap.xml?fileloc=%2F%2Flib64%2Flibomapi.so.0&path=%2F%2Flib64 HTTP/2.0" 200 48735 "-" "Mozilla/5.0 AppleWebKit/537.36 (KHTML, like Gecko; compatible; ClaudeBot/1.0; +claudebot@anthropic.com)" 81 **0/81462**
74.7.227.26 - - [04/Mar/2026:05:30:27 -0700] "GET /?path=//proc/3458776/cwd/proc/self/root/lib/firmware/nvidia/tu102 HTTP/2.0" 200 2383 "https://icdp.co.in/?path=//proc/3458776/cwd/proc/self/root/lib/firmware/nvidia" "Mozilla/5.0 AppleWebKit/537.36 (KHTML, like Gecko; compatible; GPTBot/1.3; +https://openai.com/gptbot)" 61 **0/61457**
216.73.216.186 - - [04/Mar/2026:05:30:27 -0700] "GET /sitemap.xml?fileloc=%2F%2Fbin%2Frenew-dummy-cert&path=%2F%2Fbin HTTP/2.0" 200 2659 "-" "Mozilla/5.0 AppleWebKit/537.36 (KHTML, like Gecko; compatible; ClaudeBot/1.0; +claudebot@anthropic.com)" 51 **0/51909**
216.73.216.186 - - [04/Mar/2026:05:30:27 -0700] "GET /sitemap.xml?fileloc=%2F%2Fbin%2Fneqn&path=%2F%2Fbin HTTP/2.0" 200 2756 "-" "Mozilla/5.0 AppleWebKit/537.36 (KHTML, like Gecko; compatible; ClaudeBot/1.0; +claudebot@anthropic.com)" 53 **0/53766**
216.73.216.186 - - [04/Mar/2026:05:30:27 -0700] "GET /sitemap.xml?fileloc=%2F%2Flib64%2Flibasprintf.so.0&path=%2F%2Flib64 HTTP/2.0" 200 5892 "-" "Mozilla/5.0 AppleWebKit/537.36 (KHTML, like Gecko; compatible; ClaudeBot/1.0; +claudebot@anthropic.com)" 77 **0/77326**
216.73.216.186 - - [04/Mar/2026:05:30:27 -0700] "GET /sitemap.xml?fileloc=%2F%2Flib64%2Flibmcrypt.so.4.4.8&path=%2F%2Flib64 HTTP/2.0" 200 64970 "-" "Mozilla/5.0 AppleWebKit/537.36 (KHTML, like Gecko; compatible; ClaudeBot/1.0; +claudebot@anthropic.com)" 103 **0/103381**
216.73.216.186 - - [04/Mar/2026:05:30:27 -0700] "GET /sitemap.xml?fileloc=%2F%2Fetc%2Fmail.rc&path=%2F%2Fetc HTTP/2.0" 200 3180 "-" "Mozilla/5.0 AppleWebKit/537.36 (KHTML, like Gecko; compatible; ClaudeBot/1.0; +claudebot@anthropic.com)" 52 **0/52211**
74.7.227.26 - - [04/Mar/2026:05:30:28 -0700] "GET /?path=//proc/3538462/cwd/proc/thread-self/root/opt/alt/tests/alt-php70-pecl-oci8_2.2.0-1.el8 HTTP/2.0" 200 2398 "https://icdp.co.in/?path=//proc/3538462/cwd/proc/thread-self/root/opt/alt/tests" "Mozilla/5.0 AppleWebKit/537.36 (KHTML, like Gecko; compatible; GPTBot/1.3; +https://openai.com/gptbot)" 79 **0/79099**
216.73.216.186 - - [04/Mar/2026:05:30:28 -0700] "GET /sitemap.xml?fileloc=%2F%2Flib64%2Flibmvec.so&path=%2F%2Flib64 HTTP/2.0" 200 70207 "-" "Mozilla/5.0 AppleWebKit/537.36 (KHTML, like Gecko; compatible; ClaudeBot/1.0; +claudebot@anthropic.com)" 88 **0/88956**
216.73.216.186 - - [04/Mar/2026:05:30:28 -0700] "GET /sitemap.xml?fileloc=%2F%2Fbin%2Fgeqn&path=%2F%2Fbin HTTP/2.0" 200 67637 "-" "Mozilla/5.0 AppleWebKit/537.36 (KHTML, like Gecko; compatible; ClaudeBot/1.0; +claudebot@anthropic.com)" 98 **0/98536**
216.73.216.186 - - [04/Mar/2026:05:30:28 -0700] "GET /sitemap.xml?fileloc=%2F%2Fbin%2Fgeoiplookup6&path=%2F%2Fbin HTTP/2.0" 200 6816 "-" "Mozilla/5.0 AppleWebKit/537.36 (KHTML, like Gecko; compatible; ClaudeBot/1.0; +claudebot@anthropic.com)" 69 **0/69935**
216.73.216.186 - - [04/Mar/2026:05:30:28 -0700] "GET /sitemap.xml?fileloc=%2F%2Flib64%2Flibgraphite2.so.3&path=%2F%2Flib64 HTTP/2.0" 200 79930 "-" "Mozilla/5.0 AppleWebKit/537.36 (KHTML, like Gecko; compatible; ClaudeBot/1.0; +claudebot@anthropic.com)" 120 **0/120705**
216.73.216.186 - - [04/Mar/2026:05:30:28 -0700] "GET /sitemap.xml?path=%2Fhome%2Fnyiet8349bzl%2Fpublic_html%2Ficdp.co.in%2Fwp-includes%2FRequests%2FException HTTP/2.0" 200 2753 "-" "Mozilla/5.0 AppleWebKit/537.36 (KHTML, like Gecko; compatible; ClaudeBot/1.0; +claudebot@anthropic.com)" 72 **0/72011**
216.73.216.186 - - [04/Mar/2026:05:30:28 -0700] "GET /sitemap.xml?fileloc=%2F%2Flib64%2F.libnettle.so.6.hmac&path=%2F%2Flib64 HTTP/2.0" 200 2300 "-" "Mozilla/5.0 AppleWebKit/537.36 (KHTML, like Gecko; compatible; ClaudeBot/1.0; +claudebot@anthropic.com)" 64 **0/64480**
216.73.216.186 - - [04/Mar/2026:05:30:28 -0700] "GET /sitemap.xml?path=%2Fhome%2Fnyiet8349bzl%2Fpublic_html%2Ficdp.co.in%2Fwp-includes%2FSimplePie%2FNet HTTP/2.0" 200 2627 "-" "Mozilla/5.0 AppleWebKit/537.36 (KHTML, like Gecko; compatible; ClaudeBot/1.0; +claudebot@anthropic.com)" 62 **0/62721**
74.7.227.26 - - [04/Mar/2026:05:30:28 -0700] "GET /?path=//proc/3458776/cwd/proc/thread-self/root/opt/alt/tests/alt-php82-pecl-oci8_3.4.0-1.el8 HTTP/2.0" 200 2398 "https://icdp.co.in/?path=//proc/3458776/cwd/proc/thread-self/root/opt/alt/tests" "Mozilla/5.0 AppleWebKit/537.36 (KHTML, like Gecko; compatible; GPTBot/1.3; +https://openai.com/gptbot)" 91 **0/91410**
216.73.216.186 - - [04/Mar/2026:05:30:28 -0700] "GET /sitemap.xml?fileloc=%2F%2Fetc%2Frelayhosts&path=%2F%2Fetc HTTP/2.0" 200 2275 "-" "Mozilla/5.0 AppleWebKit/537.36 (KHTML, like Gecko; compatible; ClaudeBot/1.0; +claudebot@anthropic.com)" 75 **0/75347**
216.73.216.186 - - [04/Mar/2026:05:30:28 -0700] "GET /sitemap.xml?fileloc=%2F%2Fetc%2Fwgetrc&path=%2F%2Fetc HTTP/2.0" 200 4393 "-" "Mozilla/5.0 AppleWebKit/537.36 (KHTML, like Gecko; compatible; ClaudeBot/1.0; +claudebot@anthropic.com)" 67 **0/67417**
216.73.216.186 - - [04/Mar/2026:05:30:28 -0700] "GET /sitemap.xml?fileloc=%2F%2Fbin%2Fgcov&path=%2F%2Fbin HTTP/2.0" 200 489045 "-" "Mozilla/5.0 AppleWebKit/537.36 (KHTML, like Gecko; compatible; ClaudeBot/1.0; +claudebot@anthropic.com)" 317 **0/317251**
216.73.216.186 - - [04/Mar/2026:05:30:28 -0700] "GET /sitemap.xml?fileloc=%2F%2Fetc%2Fld.so.conf&path=%2F%2Fetc HTTP/2.0" 200 2259 "-" "Mozilla/5.0 AppleWebKit/537.36 (KHTML, like Gecko; compatible; ClaudeBot/1.0; +claudebot@anthropic.com)" 58 **0/58547**
216.73.216.186 - - [04/Mar/2026:05:30:29 -0700] "GET /sitemap.xml?fileloc=%2F%2Fbin%2Frename&path=%2F%2Fbin HTTP/2.0" 200 7769 "-" "Mozilla/5.0 AppleWebKit/537.36 (KHTML, like Gecko; compatible; ClaudeBot/1.0; +claudebot@anthropic.com)" 72 **0/72738**
74.7.227.26 - - [04/Mar/2026:05:30:29 -0700] "GET /?path=//proc/3458776/cwd/proc/thread-self/root/opt/alt/tests/alt-php74-pecl-oci8_2.2.0-1.el8 HTTP/2.0" 200 2399 "https://icdp.co.in/?path=//proc/3458776/cwd/proc/thread-self/root/opt/alt/tests" "Mozilla/5.0 AppleWebKit/537.36 (KHTML, like Gecko; compatible; GPTBot/1.3; +https://openai.com/gptbot)" 66 **0/66128**
216.73.216.186 - - [04/Mar/2026:05:30:29 -0700] "GET /sitemap.xml?fileloc=%2F%2Flib64%2Flibkeyutils.so.1&path=%2F%2Flib64 HTTP/2.0" 200 8294 "-" "Mozilla/5.0 AppleWebKit/537.36 (KHTML, like Gecko; compatible; ClaudeBot/1.0; +claudebot@anthropic.com)" 67 **0/67302**
216.73.216.186 - - [04/Mar/2026:05:30:29 -0700] "GET /sitemap.xml?fileloc=%2F%2Flib64%2Flibglapi.so.0&path=%2F%2Flib64 HTTP/2.0" 200 36407 "-" "Mozilla/5.0 AppleWebKit/537.36 (KHTML, like Gecko; compatible; ClaudeBot/1.0; +claudebot@anthropic.com)" 79 **0/79230**
216.73.216.186 - - [04/Mar/2026:05:30:29 -0700] "GET /sitemap.xml?path=%2Fhome%2Fnyiet8349bzl%2Fpublic_html%2Ficdp.co.in%2Fwp-content%2Fplugins%2Fwpforms-lite HTTP/2.0" 200 2951 "-" "Mozilla/5.0 AppleWebKit/537.36 (KHTML, like Gecko; compatible; ClaudeBot/1.0; +claudebot@anthropic.com)" 62 **0/62936**
216.73.216.186 - - [04/Mar/2026:05:30:29 -0700] "GET /sitemap.xml?fileloc=%2F%2Fbin%2Fxmllint&path=%2F%2Fbin HTTP/2.0" 200 25552 "-" "Mozilla/5.0 AppleWebKit/537.36 (KHTML, like Gecko; compatible; ClaudeBot/1.0; +claudebot@anthropic.com)" 76 **0/76101**
216.73.216.186 - - [04/Mar/2026:05:30:29 -0700] "GET /sitemap.xml?fileloc=%2F%2Flib64%2FlibIexMath-2_2.so.12&path=%2F%2Flib64 HTTP/2.0" 200 7585 "-" "Mozilla/5.0 AppleWebKit/537.36 (KHTML, like Gecko; compatible; ClaudeBot/1.0; +claudebot@anthropic.com)" 62 **0/62947**
216.73.216.186 - - [04/Mar/2026:05:30:29 -0700] "GET /sitemap.xml?fileloc=%2F%2Flib64%2Flibauparse.so.0&path=%2F%2Flib64 HTTP/2.0" 200 57328 "-" "Mozilla/5.0 AppleWebKit/537.36 (KHTML, like Gecko; compatible; ClaudeBot/1.0; +claudebot@anthropic.com)" 97 **0/97843**
74.7.227.26 - - [04/Mar/2026:05:30:29 -0700] "GET /?path=//proc/3452243/cwd/proc/thread-self/root/opt/alt/tests/alt-php73-pecl-oci8_2.2.0-1.el8 HTTP/2.0" 200 2398 "https://icdp.co.in/?path=//proc/3452243/cwd/proc/thread-self/root/opt/alt/tests" "Mozilla/5.0 AppleWebKit/537.36 (KHTML, like Gecko; compatible; GPTBot/1.3; +https://openai.com/gptbot)" 55 **0/55962**
216.73.216.186 - - [04/Mar/2026:05:30:29 -0700] "GET /sitemap.xml?path=%2Fhome%2Fnyiet8349bzl%2Fpublic_html%2Ficdp.co.in%2Fwp-includes%2FSimplePie%2FDecode HTTP/2.0" 200 2602 "-" "Mozilla/5.0 AppleWebKit/537.36 (KHTML, like Gecko; compatible; ClaudeBot/1.0; +claudebot@anthropic.com)" 45 **0/45975**
216.73.216.186 - - [04/Mar/2026:05:30:29 -0700] "GET /sitemap.xml?path=%2F%2Flib64%2Fplymouth HTTP/2.0" 200 2687 "-" "Mozilla/5.0 AppleWebKit/537.36 (KHTML, like Gecko; compatible; ClaudeBot/1.0; +claudebot@anthropic.com)" 58 **0/58594**
216.73.216.186 - - [04/Mar/2026:05:30:29 -0700] "GET /sitemap.xml?fileloc=%2F%2Fetc%2Fskipsmtpcheckhosts&path=%2F%2Fetc HTTP/2.0" 200 2251 "-" "Mozilla/5.0 AppleWebKit/537.36 (KHTML, like Gecko; compatible; ClaudeBot/1.0; +claudebot@anthropic.com)" 53 **0/53501**
216.73.216.186 - - [04/Mar/2026:05:30:29 -0700] "GET /sitemap.xml?fileloc=%2F%2Flib64%2Flibxml2.so.2.9.7&path=%2F%2Flib64 HTTP/2.0" 200 570776 "-" "Mozilla/5.0 AppleWebKit/537.36 (KHTML, like Gecko; compatible; ClaudeBot/1.0; +claudebot@anthropic.com)" 353 **0/353238**
216.73.216.186 - - [04/Mar/2026:05:30:30 -0700] "GET /sitemap.xml?fileloc=%2F%2Flib64%2Flibssh.so.4.8.7&path=%2F%2Flib64 HTTP/2.0" 200 173567 "-" "Mozilla/5.0 AppleWebKit/537.36 (KHTML, like Gecko; compatible; ClaudeBot/1.0; +claudebot@anthropic.com)" 148 **0/148583**
216.73.216.186 - - [04/Mar/2026:05:30:30 -0700] "GET /sitemap.xml?fileloc=%2F%2Fbin%2Flessecho&path=%2F%2Fbin HTTP/2.0" 200 6531 "-" "Mozilla/5.0 AppleWebKit/537.36 (KHTML, like Gecko; compatible; ClaudeBot/1.0; +claudebot@anthropic.com)" 64 **0/64000**
74.7.227.26 - - [04/Mar/2026:05:30:30 -0700] "GET /?path=//proc/3538462/cwd/proc/thread-self/root/opt/alt/tests/alt-php71-pecl-oci8_2.2.0-2.el8 HTTP/2.0" 200 2398 "https://icdp.co.in/?path=//proc/3538462/cwd/proc/thread-self/root/opt/alt/tests" "Mozilla/5.0 AppleWebKit/537.36 (KHTML, like Gecko; compatible; GPTBot/1.3; +https://openai.com/gptbot)" 70 **0/70901**
216.73.216.186 - - [04/Mar/2026:05:30:30 -0700] "GET /sitemap.xml?fileloc=%2F%2Flib64%2Flibncurses++w.so.6&path=%2F%2Flib64 HTTP/2.0" 200 2254 "-" "Mozilla/5.0 AppleWebKit/537.36 (KHTML, like Gecko; compatible; ClaudeBot/1.0; +claudebot@anthropic.com)" 73 **0/73321**
216.73.216.186 - - [04/Mar/2026:05:30:30 -0700] "GET /sitemap.xml?path=%2Fhome%2Fnyiet8349bzl%2Ftmp%2Fanalog HTTP/2.0" 200 2310 "-" "Mozilla/5.0 AppleWebKit/537.36 (KHTML, like Gecko; compatible; ClaudeBot/1.0; +claudebot@anthropic.com)" 66 **0/66000**
216.73.216.186 - - [04/Mar/2026:05:30:30 -0700] "GET /sitemap.xml?fileloc=%2F%2Flib64%2Flibfftw3_threads.so.3&path=%2F%2Flib64 HTTP/2.0" 200 12135 "-" "Mozilla/5.0 AppleWebKit/537.36 (KHTML, like Gecko; compatible; ClaudeBot/1.0; +claudebot@anthropic.com)" 87 **0/87287**
216.73.216.186 - - [04/Mar/2026:05:30:30 -0700] "GET /sitemap.xml?fileloc=%2F%2Fbin%2Flibnetcfg&path=%2F%2Fbin HTTP/2.0" 200 7184 "-" "Mozilla/5.0 AppleWebKit/537.36 (KHTML, like Gecko; compatible; ClaudeBot/1.0; +claudebot@anthropic.com)" 69 **0/69116**
74.7.227.26 - - [04/Mar/2026:05:30:30 -0700] "GET /?path=//proc/3458776/cwd/proc/thread-self/root/opt/alt/tests/alt-php84-pecl-oci8_3.4.0-1.el8 HTTP/2.0" 200 2399 "https://icdp.co.in/?path=//proc/3458776/cwd/proc/thread-self/root/opt/alt/tests" "Mozilla/5.0 AppleWebKit/537.36 (KHTML, like Gecko; compatible; GPTBot/1.3; +https://openai.com/gptbot)" 73 **0/73028**
216.73.216.186 - - [04/Mar/2026:05:30:30 -0700] "GET /sitemap.xml?fileloc=%2F%2Fbin%2Fenc2xs&path=%2F%2Fbin HTTP/2.0" 200 17617 "-" "Mozilla/5.0 AppleWebKit/537.36 (KHTML, like Gecko; compatible; ClaudeBot/1.0; +claudebot@anthropic.com)" 89 **0/89446**
144.76.32.236 - - [04/Mar/2026:05:30:30 -0700] "GET /dark-carnivale-dice-bei-bf-games-slot-bericht-25-euro-bonus-no-deposit-casino-2025-freispiele-demo-jetzt-spielen/ HTTP/1.1" 200 5663 "-" "Mozilla/5.0 (compatible; SERankingBacklinksBot/1.0; +https://seranking.com/backlinks-crawler)" 83 **0/83944**
216.73.216.186 - - [04/Mar/2026:05:30:30 -0700] "GET /sitemap.xml?fileloc=%2F%2Flib64%2Flibgpg-error.so.0&path=%2F%2Flib64 HTTP/2.0" 200 54042 "-" "Mozilla/5.0 AppleWebKit/537.36 (KHTML, like Gecko; compatible; ClaudeBot/1.0; +claudebot@anthropic.com)" 109 **0/109632**
216.73.216.186 - - [04/Mar/2026:05:30:30 -0700] "GET /sitemap.xml?fileloc=%2F%2Fbin%2Fmariadb-check&path=%2F%2Fbin HTTP/2.0" 200 623952 "-" "Mozilla/5.0 AppleWebKit/537.36 (KHTML, like Gecko; compatible; ClaudeBot/1.0; +claudebot@anthropic.com)" 520 **0/520416**
216.73.216.186 - - [04/Mar/2026:05:30:30 -0700] "GET /sitemap.xml?fileloc=%2F%2Flib64%2FlibIlmThread-2_2.so.12&path=%2F%2Flib64 HTTP/2.0" 200 11615 "-" "Mozilla/5.0 AppleWebKit/537.36 (KHTML, like Gecko; compatible; ClaudeBot/1.0; +claudebot@anthropic.com)" 86 **0/86541**
216.73.216.186 - - [04/Mar/2026:05:30:30 -0700] "GET /sitemap.xml?fileloc=%2F%2Flib64%2Flibpathplan.so.4&path=%2F%2Flib64 HTTP/2.0" 200 17261 "-" "Mozilla/5.0 AppleWebKit/537.36 (KHTML, like Gecko; compatible; ClaudeBot/1.0; +claudebot@anthropic.com)" 77 **0/77641**
216.73.216.186 - - [04/Mar/2026:05:30:31 -0700] "GET /sitemap.xml?path=%2Fhome%2Fnyiet8349bzl%2Fpublic_html%2Fcdmssbsc.org%2Fcgi-bin HTTP/2.0" 200 2328 "-" "Mozilla/5.0 AppleWebKit/537.36 (KHTML, like Gecko; compatible; ClaudeBot/1.0; +claudebot@anthropic.com)" 66 **0/66019**
216.73.216.186 - - [04/Mar/2026:05:30:31 -0700] "GET /sitemap.xml?fileloc=%2F%2Flib64%2Flibsysfs.so.2&path=%2F%2Flib64 HTTP/2.0" 200 17319 "-" "Mozilla/5.0 AppleWebKit/537.36 (KHTML, like Gecko; compatible; ClaudeBot/1.0; +claudebot@anthropic.com)" 72 **0/72108**
216.73.216.186 - - [04/Mar/2026:05:30:31 -0700] "GET /sitemap.xml?path=%2Fhome%2Fnyiet8349bzl%2FBackup%2Fsbc_back HTTP/2.0" 200 3888 "-" "Mozilla/5.0 AppleWebKit/537.36 (KHTML, like Gecko; compatible; ClaudeBot/1.0; +claudebot@anthropic.com)" 74 **0/74709**
74.7.227.26 - - [04/Mar/2026:05:30:31 -0700] "GET /?path=//proc/3538462/cwd/proc/thread-self/root/opt/alt/tests/alt-php71-pecl-oci8_2.2.0-1.el8 HTTP/2.0" 200 2398 "https://icdp.co.in/?path=//proc/3538462/cwd/proc/thread-self/root/opt/alt/tests" "Mozilla/5.0 AppleWebKit/537.36 (KHTML, like Gecko; compatible; GPTBot/1.3; +https://openai.com/gptbot)" 73 **0/73515**
216.73.216.186 - - [04/Mar/2026:05:30:31 -0700] "GET /sitemap.xml?fileloc=%2F%2Flib64%2Flibdrm_amdgpu.so.1&path=%2F%2Flib64 HTTP/2.0" 200 18033 "-" "Mozilla/5.0 AppleWebKit/537.36 (KHTML, like Gecko; compatible; ClaudeBot/1.0; +claudebot@anthropic.com)" 66 **0/66042**
216.73.216.186 - - [04/Mar/2026:05:30:31 -0700] "GET /sitemap.xml?fileloc=%2F%2Flib64%2F.libcrypto.so.1.1.hmac&path=%2F%2Flib64 HTTP/2.0" 200 2303 "-" "Mozilla/5.0 AppleWebKit/537.36 (KHTML, like Gecko; compatible; ClaudeBot/1.0; +claudebot@anthropic.com)" 62 **0/62366**
216.73.216.186 - - [04/Mar/2026:05:30:31 -0700] "GET /sitemap.xml?fileloc=%2F%2Fbin%2Fmytop&path=%2F%2Fbin HTTP/2.0" 200 23257 "-" "Mozilla/5.0 AppleWebKit/537.36 (KHTML, like Gecko; compatible; ClaudeBot/1.0; +claudebot@anthropic.com)" 70 **0/70337**
74.7.227.26 - - [04/Mar/2026:05:30:31 -0700] "GET /?path=//proc/3538462/cwd/proc/thread-self/root/opt/alt/tests/alt-php80-pecl-oci8_3.0.1-1.el8 HTTP/2.0" 200 2397 "https://icdp.co.in/?path=//proc/3538462/cwd/proc/thread-self/root/opt/alt/tests" "Mozilla/5.0 AppleWebKit/537.36 (KHTML, like Gecko; compatible; GPTBot/1.3; +https://openai.com/gptbot)" 66 **0/66089**
216.73.216.186 - - [04/Mar/2026:05:30:31 -0700] "GET /sitemap.xml?fileloc=%2F%2Flib64%2FlibXrender.so.1&path=%2F%2Flib64 HTTP/2.0" 200 18012 "-" "Mozilla/5.0 AppleWebKit/537.36 (KHTML, like Gecko; compatible; ClaudeBot/1.0; +claudebot@anthropic.com)" 67 **0/67158**
216.73.216.186 - - [04/Mar/2026:05:30:31 -0700] "GET /sitemap.xml?fileloc=%2F%2Flib64%2Flibzstd.so&path=%2F%2Flib64 HTTP/2.0" 200 233774 "-" "Mozilla/5.0 AppleWebKit/537.36 (KHTML, like Gecko; compatible; ClaudeBot/1.0; +claudebot@anthropic.com)" 192 **0/192114**
216.73.216.186 - - [04/Mar/2026:05:30:31 -0700] "GET /sitemap.xml?fileloc=%2F%2Flib64%2Flibcrypt.so&path=%2F%2Flib64 HTTP/2.0" 200 37951 "-" "Mozilla/5.0 AppleWebKit/537.36 (KHTML, like Gecko; compatible; ClaudeBot/1.0; +claudebot@anthropic.com)" 95 **0/95888**
216.73.216.186 - - [04/Mar/2026:05:30:31 -0700] "GET /sitemap.xml?fileloc=%2F%2Flib64%2Flibpath_utils.so.1.0.1&path=%2F%2Flib64 HTTP/2.0" 200 8124 "-" "Mozilla/5.0 AppleWebKit/537.36 (KHTML, like Gecko; compatible; ClaudeBot/1.0; +claudebot@anthropic.com)" 75 **0/75933**
216.73.216.186 - - [04/Mar/2026:05:30:31 -0700] "GET /sitemap.xml?fileloc=%2F%2Fbin%2Fmariadb-find-rows&path=%2F%2Fbin HTTP/2.0" 200 3715 "-" "Mozilla/5.0 AppleWebKit/537.36 (KHTML, like Gecko; compatible; ClaudeBot/1.0; +claudebot@anthropic.com)" 59 **0/59597**
216.73.216.186 - - [04/Mar/2026:05:30:32 -0700] "GET /sitemap.xml?fileloc=%2F%2Flib64%2Flibmodulemd.so.2.13.0&path=%2F%2Flib64 HTTP/2.0" 200 188202 "-" "Mozilla/5.0 AppleWebKit/537.36 (KHTML, like Gecko; compatible; ClaudeBot/1.0; +claudebot@anthropic.com)" 179 **0/179396**
74.7.227.26 - - [04/Mar/2026:05:30:32 -0700] "GET /?path=//proc/3538462/cwd/proc/thread-self/root/opt/alt/tests/alt-php82-pecl-oci8_3.4.0-1.el8 HTTP/2.0" 200 2398 "https://icdp.co.in/?path=//proc/3538462/cwd/proc/thread-self/root/opt/alt/tests" "Mozilla/5.0 AppleWebKit/537.36 (KHTML, like Gecko; compatible; GPTBot/1.3; +https://openai.com/gptbot)" 56 **0/56772**
216.73.216.186 - - [04/Mar/2026:05:30:32 -0700] "GET /sitemap.xml?fileloc=%2F%2Fetc%2Fprofile&path=%2F%2Fetc HTTP/2.0" 200 3506 "-" "Mozilla/5.0 AppleWebKit/537.36 (KHTML, like Gecko; compatible; ClaudeBot/1.0; +claudebot@anthropic.com)" 60 **0/60618**
216.73.216.186 - - [04/Mar/2026:05:30:32 -0700] "GET /sitemap.xml?fileloc=%2F%2Flib64%2Flibpthread_nonshared.a&path=%2F%2Flib64 HTTP/2.0" 200 2264 "-" "Mozilla/5.0 AppleWebKit/537.36 (KHTML, like Gecko; compatible; ClaudeBot/1.0; +claudebot@anthropic.com)" 62 **0/62961**
216.73.216.186 - - [04/Mar/2026:05:30:32 -0700] "GET /sitemap.xml?fileloc=%2F%2Fsbin%2Fisc-hmac-fixup&path=%2F%2Fsbin HTTP/2.0" 200 6381 "-" "Mozilla/5.0 AppleWebKit/537.36 (KHTML, like Gecko; compatible; ClaudeBot/1.0; +claudebot@anthropic.com)" 57 **0/57874**
216.73.216.186 - - [04/Mar/2026:05:30:32 -0700] "GET /sitemap.xml?path=%2Fhome%2Fnyiet8349bzl%2Fpublic_html%2Fcdmssbsc.org%2Fapache_tls HTTP/2.0" 200 2589 "-" "Mozilla/5.0 AppleWebKit/537.36 (KHTML, like Gecko; compatible; ClaudeBot/1.0; +claudebot@anthropic.com)" 55 **0/55724**
216.73.216.186 - - [04/Mar/2026:05:30:32 -0700] "GET /sitemap.xml?fileloc=%2F%2Flib64%2Flibsgutils2.so.2&path=%2F%2Flib64 HTTP/2.0" 200 81974 "-" "Mozilla/5.0 AppleWebKit/537.36 (KHTML, like Gecko; compatible; ClaudeBot/1.0; +claudebot@anthropic.com)" 100 **0/100889**
216.73.216.186 - - [04/Mar/2026:05:30:32 -0700] "GET /sitemap.xml?fileloc=%2F%2Fbin%2Fps2ascii&path=%2F%2Fbin HTTP/2.0" 200 2590 "-" "Mozilla/5.0 AppleWebKit/537.36 (KHTML, like Gecko; compatible; ClaudeBot/1.0; +claudebot@anthropic.com)" 53 **0/53322**
216.73.216.186 - - [04/Mar/2026:05:30:32 -0700] "GET /sitemap.xml?fileloc=%2F%2Flib64%2Flibncurses++.so.6.1&path=%2F%2Flib64 HTTP/2.0" 200 2254 "-" "Mozilla/5.0 AppleWebKit/537.36 (KHTML, like Gecko; compatible; ClaudeBot/1.0; +claudebot@anthropic.com)" 62 **0/62752**
74.7.227.26 - - [04/Mar/2026:05:30:32 -0700] "GET /?path=//proc/3458776/cwd/proc/thread-self/root/opt/alt/tests/alt-php74-pecl-oci8_2.2.0-2.el8 HTTP/2.0" 200 2399 "https://icdp.co.in/?path=//proc/3458776/cwd/proc/thread-self/root/opt/alt/tests" "Mozilla/5.0 AppleWebKit/537.36 (KHTML, like Gecko; compatible; GPTBot/1.3; +https://openai.com/gptbot)" 65 **0/65231**
47.128.120.185 - - [04/Mar/2026:05:30:32 -0700] "GET /2026/02/page/338/?path=%2Fhome%2Fnyiet8349bzl%2Fpublic_html%2Fjournalofbusinessstudies.in%2Fmma%2Fpriv HTTP/2.0" 200 2350 "-" "Mozilla/5.0 (Linux; Android 5.0) AppleWebKit/537.36 (KHTML, like Gecko) Mobile Safari/537.36 (compatible; TikTokSpider; ttspider-feedback@tiktok.com)" 57 **0/57326**
216.73.216.186 - - [04/Mar/2026:05:30:32 -0700] "GET /sitemap.xml?fileloc=%2F%2Fsbin%2Fnamed-checkzone&path=%2F%2Fsbin HTTP/2.0" 200 13099 "-" "Mozilla/5.0 AppleWebKit/537.36 (KHTML, like Gecko; compatible; ClaudeBot/1.0; +claudebot@anthropic.com)" 64 **0/64697**
216.73.216.186 - - [04/Mar/2026:05:30:32 -0700] "GET /sitemap.xml?fileloc=%2F%2Flib64%2Flibasprintf.so&path=%2F%2Flib64 HTTP/2.0" 200 5895 "-" "Mozilla/5.0 AppleWebKit/537.36 (KHTML, like Gecko; compatible; ClaudeBot/1.0; +claudebot@anthropic.com)" 59 **0/59671**
216.73.216.186 - - [04/Mar/2026:05:30:33 -0700] "GET /sitemap.xml?fileloc=%2F%2Flib64%2Flibcupscgi.so.1&path=%2F%2Flib64 HTTP/2.0" 200 27814 "-" "Mozilla/5.0 AppleWebKit/537.36 (KHTML, like Gecko; compatible; ClaudeBot/1.0; +claudebot@anthropic.com)" 64 **0/64602**
216.73.216.186 - - [04/Mar/2026:05:30:33 -0700] "GET /sitemap.xml?fileloc=%2F%2Flib64%2FlibSegFault.so&path=%2F%2Flib64 HTTP/2.0" 200 7788 "-" "Mozilla/5.0 AppleWebKit/537.36 (KHTML, like Gecko; compatible; ClaudeBot/1.0; +claudebot@anthropic.com)" 56 **0/56415**
216.73.216.186 - - [04/Mar/2026:05:30:33 -0700] "GET /sitemap.xml?path=%2Fhome%2Fnyiet8349bzl%2Frestored_data%2Ftasks HTTP/2.0" 200 2315 "-" "Mozilla/5.0 AppleWebKit/537.36 (KHTML, like Gecko; compatible; ClaudeBot/1.0; +claudebot@anthropic.com)" 50 **0/50333**
216.73.216.186 - - [04/Mar/2026:05:30:33 -0700] "GET /sitemap.xml?fileloc=%2F%2Fbin%2Fmariadb-tzinfo-to-sql&path=%2F%2Fbin HTTP/2.0" 200 534782 "-" "Mozilla/5.0 AppleWebKit/537.36 (KHTML, like Gecko; compatible; ClaudeBot/1.0; +claudebot@anthropic.com)" 348 **0/348341**
216.73.216.186 - - [04/Mar/2026:05:30:33 -0700] "GET /sitemap.xml?fileloc=%2F%2Fsbin%2Fdnssec-checkds&path=%2F%2Fsbin HTTP/2.0" 200 2667 "-" "Mozilla/5.0 AppleWebKit/537.36 (KHTML, like Gecko; compatible; ClaudeBot/1.0; +claudebot@anthropic.com)" 48 **0/48218**
74.7.227.26 - - [04/Mar/2026:05:30:33 -0700] "GET /?path=//proc/3458776/cwd/proc/thread-self/root/opt/alt/tests/alt-php80-pecl-oci8_3.0.1-1.el8 HTTP/2.0" 200 2399 "https://icdp.co.in/?path=//proc/3458776/cwd/proc/thread-self/root/opt/alt/tests" "Mozilla/5.0 AppleWebKit/537.36 (KHTML, like Gecko; compatible; GPTBot/1.3; +https://openai.com/gptbot)" 51 **0/51600**
216.73.216.186 - - [04/Mar/2026:05:30:33 -0700] "GET /sitemap.xml?fileloc=%2F%2Flib64%2F.libssl.so.1.1.hmac&path=%2F%2Flib64 HTTP/2.0" 200 2302 "-" "Mozilla/5.0 AppleWebKit/537.36 (KHTML, like Gecko; compatible; ClaudeBot/1.0; +claudebot@anthropic.com)" 45 **0/45519**
216.73.216.186 - - [04/Mar/2026:05:30:33 -0700] "GET /sitemap.xml?fileloc=%2F%2Fsbin%2Fdnssec-keygen&path=%2F%2Fsbin HTTP/2.0" 200 26514 "-" "Mozilla/5.0 AppleWebKit/537.36 (KHTML, like Gecko; compatible; ClaudeBot/1.0; +claudebot@anthropic.com)" 69 **0/69452**
216.73.216.186 - - [04/Mar/2026:05:30:33 -0700] "GET /sitemap.xml?fileloc=%2F%2Flib64%2Flibbind9.so&path=%2F%2Flib64 HTTP/2.0" 200 28583 "-" "Mozilla/5.0 AppleWebKit/537.36 (KHTML, like Gecko; compatible; ClaudeBot/1.0; +claudebot@anthropic.com)" 64 **0/64325**
216.73.216.186 - - [04/Mar/2026:05:30:33 -0700] "GET /sitemap.xml?fileloc=%2F%2Flib64%2Flibcairo-script-interpreter.so.2.11512.0&path=%2F%2Flib64 HTTP/2.0" 200 49289 "-" "Mozilla/5.0 AppleWebKit/537.36 (KHTML, like Gecko; compatible; ClaudeBot/1.0; +claudebot@anthropic.com)" 81 **0/81854**
216.73.216.186 - - [04/Mar/2026:05:30:33 -0700] "GET /sitemap.xml?fileloc=%2F%2Fbin%2Fc89&path=%2F%2Fbin HTTP/2.0" 200 2403 "-" "Mozilla/5.0 AppleWebKit/537.36 (KHTML, like Gecko; compatible; ClaudeBot/1.0; +claudebot@anthropic.com)" 46 **0/46504**
114.119.138.59 - - [04/Mar/2026:05:30:33 -0700] "GET /world-wide-web-casino-in-brd-casino-jaxx-100-kostenlose-spins-erhalte-diesseitigen-eintragung-maklercourtage/ HTTP/1.1" 200 5663 "https://www.icdp.co.in/world-wide-web-casino-in-brd-casino-jaxx-100-kostenlose-spins-erhalte-diesseitigen-eintragung-maklercourtage/" "Mozilla/5.0 (Linux; Android 7.0;) AppleWebKit/537.36 (KHTML, like Gecko) Mobile Safari/537.36 (compatible; PetalBot;+https://webmaster.petalsearch.com/site/petalbot)" 42 **0/42576**
74.7.227.26 - - [04/Mar/2026:05:30:33 -0700] "GET /?path=//proc/3538462/cwd/proc/thread-self/root/opt/alt/tests/alt-php84-pecl-oci8_3.4.0-1.el8 HTTP/2.0" 200 2398 "https://icdp.co.in/?path=//proc/3538462/cwd/proc/thread-self/root/opt/alt/tests" "Mozilla/5.0 AppleWebKit/537.36 (KHTML, like Gecko; compatible; GPTBot/1.3; +https://openai.com/gptbot)" 49 **0/49970**
216.73.216.186 - - [04/Mar/2026:05:30:33 -0700] "GET /sitemap.xml?fileloc=%2F%2Fbin%2Fgm&path=%2F%2Fbin HTTP/2.0" 200 5085 "-" "Mozilla/5.0 AppleWebKit/537.36 (KHTML, like Gecko; compatible; ClaudeBot/1.0; +claudebot@anthropic.com)" 57 **0/57345**
216.73.216.186 - - [04/Mar/2026:05:30:34 -0700] "GET /sitemap.xml?fileloc=%2F%2Fbin%2Fh2xs&path=%2F%2Fbin HTTP/2.0" 200 23018 "-" "Mozilla/5.0 AppleWebKit/537.36 (KHTML, like Gecko; compatible; ClaudeBot/1.0; +claudebot@anthropic.com)" 55 **0/55824**
216.73.216.186 - - [04/Mar/2026:05:30:34 -0700] "GET /sitemap.xml?fileloc=%2F%2Flib64%2Fxml2Conf.sh&path=%2F%2Flib64 HTTP/2.0" 200 2390 "-" "Mozilla/5.0 AppleWebKit/537.36 (KHTML, like Gecko; compatible; ClaudeBot/1.0; +claudebot@anthropic.com)" 50 **0/50962**
216.73.216.186 - - [04/Mar/2026:05:30:34 -0700] "GET /sitemap.xml?fileloc=%2F%2Flib64%2Flibpthread.so.0&path=%2F%2Flib64 HTTP/2.0" 200 48889 "-" "Mozilla/5.0 AppleWebKit/537.36 (KHTML, like Gecko; compatible; ClaudeBot/1.0; +claudebot@anthropic.com)" 65 **0/65532**
216.73.216.186 - - [04/Mar/2026:05:30:34 -0700] "GET /sitemap.xml?fileloc=%2F%2Fbin%2Fzsoelim&path=%2F%2Fbin HTTP/2.0" 200 16295 "-" "Mozilla/5.0 AppleWebKit/537.36 (KHTML, like Gecko; compatible; ClaudeBot/1.0; +claudebot@anthropic.com)" 48 **0/48820**
216.73.216.186 - - [04/Mar/2026:05:30:34 -0700] "GET /sitemap.xml?fileloc=%2F%2Fbin%2Ffreetype-config&path=%2F%2Fbin HTTP/2.0" 200 3583 "-" "Mozilla/5.0 AppleWebKit/537.36 (KHTML, like Gecko; compatible; ClaudeBot/1.0; +claudebot@anthropic.com)" 43 **0/43956**
144.76.32.236 - - [04/Mar/2026:05:30:34 -0700] "GET /habt-ein-schonmal-angewandten-amtlichen-intelligenzquotient-untersuchung-gemacht-schule-buffeln-scharfsinnigkeit/ HTTP/1.1" 200 5663 "-" "Mozilla/5.0 (compatible; SERankingBacklinksBot/1.0; +https://seranking.com/backlinks-crawler)" 43 **0/43272**
74.7.227.26 - - [04/Mar/2026:05:30:34 -0700] "GET /?path=//proc/3452243/cwd/proc/thread-self/root/opt/alt/tests/alt-php74-pecl-oci8_2.2.0-1.el8 HTTP/2.0" 200 2398 "https://icdp.co.in/?path=//proc/3452243/cwd/proc/thread-self/root/opt/alt/tests" "Mozilla/5.0 AppleWebKit/537.36 (KHTML, like Gecko; compatible; GPTBot/1.3; +https://openai.com/gptbot)" 54 **0/54741**
216.73.216.186 - - [04/Mar/2026:05:30:34 -0700] "GET /sitemap.xml?fileloc=%2F%2Flib64%2Flibmemcachedprotocol.so.0.0.0&path=%2F%2Flib64 HTTP/2.0" 200 15134 "-" "Mozilla/5.0 AppleWebKit/537.36 (KHTML, like Gecko; compatible; ClaudeBot/1.0; +claudebot@anthropic.com)" 57 **0/57661**
216.73.216.186 - - [04/Mar/2026:05:30:34 -0700] "GET /sitemap.xml?fileloc=%2F%2Fetc%2Ftrusted-key.key&path=%2F%2Fetc HTTP/2.0" 200 2577 "-" "Mozilla/5.0 AppleWebKit/537.36 (KHTML, like Gecko; compatible; ClaudeBot/1.0; +claudebot@anthropic.com)" 55 **0/55987**
216.73.216.186 - - [04/Mar/2026:05:30:34 -0700] "GET /sitemap.xml?fileloc=%2F%2Fbin%2Fznew&path=%2F%2Fbin HTTP/2.0" 200 3989 "-" "Mozilla/5.0 AppleWebKit/537.36 (KHTML, like Gecko; compatible; ClaudeBot/1.0; +claudebot@anthropic.com)" 58 **0/58657**
216.73.216.186 - - [04/Mar/2026:05:30:34 -0700] "GET /sitemap.xml?path=%2Fhome%2Fnyiet8349bzl%2Fpublic_html%2Ficdp.co.in%2Fwp-includes%2Frest-api%2Ffields HTTP/2.0" 200 2753 "-" "Mozilla/5.0 AppleWebKit/537.36 (KHTML, like Gecko; compatible; ClaudeBot/1.0; +claudebot@anthropic.com)" 51 **0/51330**
216.73.216.186 - - [04/Mar/2026:05:30:34 -0700] "GET /sitemap.xml?fileloc=%2F%2Fbin%2Fcolcrt&path=%2F%2Fbin HTTP/2.0" 200 7402 "-" "Mozilla/5.0 AppleWebKit/537.36 (KHTML, like Gecko; compatible; ClaudeBot/1.0; +claudebot@anthropic.com)" 56 **0/56870**
74.7.227.26 - - [04/Mar/2026:05:30:34 -0700] "GET /?path=//proc/3458776/cwd/proc/thread-self/root/opt/alt/tests/alt-php72-pecl-oci8_2.2.0-2.el8 HTTP/2.0" 200 2399 "https://icdp.co.in/?path=//proc/3458776/cwd/proc/thread-self/root/opt/alt/tests" "Mozilla/5.0 AppleWebKit/537.36 (KHTML, like Gecko; compatible; GPTBot/1.3; +https://openai.com/gptbot)" 56 **0/56491**
216.73.216.186 - - [04/Mar/2026:05:30:34 -0700] "GET /sitemap.xml?fileloc=%2F%2Flib64%2Flibmcrypt.so.4&path=%2F%2Flib64 HTTP/2.0" 200 64972 "-" "Mozilla/5.0 AppleWebKit/537.36 (KHTML, like Gecko; compatible; ClaudeBot/1.0; +claudebot@anthropic.com)" 80 **0/80300**
216.73.216.186 - - [04/Mar/2026:05:30:35 -0700] "GET /sitemap.xml?fileloc=%2F%2Fetc%2Flocaltime&path=%2F%2Fetc HTTP/2.0" 200 2438 "-" "Mozilla/5.0 AppleWebKit/537.36 (KHTML, like Gecko; compatible; ClaudeBot/1.0; +claudebot@anthropic.com)" 54 **0/54002**
216.73.216.186 - - [04/Mar/2026:05:30:35 -0700] "GET /sitemap.xml?fileloc=%2F%2Fbin%2Fgeoiplookup&path=%2F%2Fbin HTTP/2.0" 200 7856 "-" "Mozilla/5.0 AppleWebKit/537.36 (KHTML, like Gecko; compatible; ClaudeBot/1.0; +claudebot@anthropic.com)" 54 **0/54132**
216.73.216.186 - - [04/Mar/2026:05:30:35 -0700] "GET /sitemap.xml?fileloc=%2F%2Flib64%2Flibauparse.so&path=%2F%2Flib64 HTTP/2.0" 200 57334 "-" "Mozilla/5.0 AppleWebKit/537.36 (KHTML, like Gecko; compatible; ClaudeBot/1.0; +claudebot@anthropic.com)" 82 **0/82072**
216.73.216.186 - - [04/Mar/2026:05:30:35 -0700] "GET /sitemap.xml?fileloc=%2F%2Fbin%2Fwhoami&path=%2F%2Fbin HTTP/2.0" 200 14555 "-" "Mozilla/5.0 AppleWebKit/537.36 (KHTML, like Gecko; compatible; ClaudeBot/1.0; +claudebot@anthropic.com)" 57 **0/57567**
74.7.227.26 - - [04/Mar/2026:05:30:35 -0700] "GET /?path=//proc/3538462/cwd/proc/thread-self/root/opt/alt/tests/alt-php73-pecl-oci8_2.2.0-1.el8 HTTP/2.0" 200 2398 "https://icdp.co.in/?path=//proc/3538462/cwd/proc/thread-self/root/opt/alt/tests" "Mozilla/5.0 AppleWebKit/537.36 (KHTML, like Gecko; compatible; GPTBot/1.3; +https://openai.com/gptbot)" 56 **0/56739**
216.73.216.186 - - [04/Mar/2026:05:30:35 -0700] "GET /sitemap.xml?fileloc=%2F%2Flib64%2Flibgpg-error.so&path=%2F%2Flib64 HTTP/2.0" 200 54050 "-" "Mozilla/5.0 AppleWebKit/537.36 (KHTML, like Gecko; compatible; ClaudeBot/1.0; +claudebot@anthropic.com)" 89 **0/89234**
216.73.216.186 - - [04/Mar/2026:05:30:35 -0700] "GET /sitemap.xml?fileloc=%2F%2Fbin%2Fmariadb-import&path=%2F%2Fbin HTTP/2.0" 200 622211 "-" "Mozilla/5.0 AppleWebKit/537.36 (KHTML, like Gecko; compatible; ClaudeBot/1.0; +claudebot@anthropic.com)" 379 **0/379673**
216.73.216.186 - - [04/Mar/2026:05:30:35 -0700] "GET /sitemap.xml?fileloc=%2F%2Fbin%2Fx86_64-redhat-linux-gcc&path=%2F%2Fbin HTTP/2.0" 200 438848 "-" "Mozilla/5.0 AppleWebKit/537.36 (KHTML, like Gecko; compatible; ClaudeBot/1.0; +claudebot@anthropic.com)" 238 **0/238311**
216.73.216.186 - - [04/Mar/2026:05:30:35 -0700] "GET /sitemap.xml?fileloc=%2F%2Fbin%2Fgrotty&path=%2F%2Fbin HTTP/2.0" 200 47244 "-" "Mozilla/5.0 AppleWebKit/537.36 (KHTML, like Gecko; compatible; ClaudeBot/1.0; +claudebot@anthropic.com)" 69 **0/69183**
216.73.216.186 - - [04/Mar/2026:05:30:35 -0700] "GET /sitemap.xml?fileloc=%2F%2Flib64%2Flibmemusage.so&path=%2F%2Flib64 HTTP/2.0" 200 8907 "-" "Mozilla/5.0 AppleWebKit/537.36 (KHTML, like Gecko; compatible; ClaudeBot/1.0; +claudebot@anthropic.com)" 64 **0/64637**
216.73.216.186 - - [04/Mar/2026:05:30:35 -0700] "GET /sitemap.xml?fileloc=%2F%2Flib64%2Flibxml2.so&path=%2F%2Flib64 HTTP/2.0" 200 570783 "-" "Mozilla/5.0 AppleWebKit/537.36 (KHTML, like Gecko; compatible; ClaudeBot/1.0; +claudebot@anthropic.com)" 306 **0/306383**
216.73.216.186 - - [04/Mar/2026:05:30:35 -0700] "GET /sitemap.xml?fileloc=%2F%2Fbin%2Fnohup&path=%2F%2Fbin HTTP/2.0" 200 16248 "-" "Mozilla/5.0 AppleWebKit/537.36 (KHTML, like Gecko; compatible; ClaudeBot/1.0; +claudebot@anthropic.com)" 67 **0/67219**
74.7.227.26 - - [04/Mar/2026:05:30:35 -0700] "GET /?path=//proc/3538462/cwd/proc/thread-self/root/opt/alt/tests/alt-php74-pecl-oci8_2.2.0-1.el8 HTTP/2.0" 200 2398 "https://icdp.co.in/?path=//proc/3538462/cwd/proc/thread-self/root/opt/alt/tests" "Mozilla/5.0 AppleWebKit/537.36 (KHTML, like Gecko; compatible; GPTBot/1.3; +https://openai.com/gptbot)" 50 **0/50126**
216.73.216.186 - - [04/Mar/2026:05:30:36 -0700] "GET /sitemap.xml?fileloc=%2F%2Fbin%2Fwho&path=%2F%2Fbin HTTP/2.0" 200 23376 "-" "Mozilla/5.0 AppleWebKit/537.36 (KHTML, like Gecko; compatible; ClaudeBot/1.0; +claudebot@anthropic.com)" 63 **0/63578**
216.73.216.186 - - [04/Mar/2026:05:30:36 -0700] "GET /sitemap.xml?fileloc=%2F%2Flib64%2Flibauthselect.so.3&path=%2F%2Flib64 HTTP/2.0" 200 35267 "-" "Mozilla/5.0 AppleWebKit/537.36 (KHTML, like Gecko; compatible; ClaudeBot/1.0; +claudebot@anthropic.com)" 66 **0/66004**
216.73.216.186 - - [04/Mar/2026:05:30:36 -0700] "GET /sitemap.xml?fileloc=%2F%2Fsbin%2Fcracklib-unpacker&path=%2F%2Fsbin HTTP/2.0" 200 5354 "-" "Mozilla/5.0 AppleWebKit/537.36 (KHTML, like Gecko; compatible; ClaudeBot/1.0; +claudebot@anthropic.com)" 49 **0/49616**
216.73.216.186 - - [04/Mar/2026:05:30:36 -0700] "GET /sitemap.xml?path=%2Fhome%2Fnyiet8349bzl%2Fpublic_html%2Ficdp.co.in%2Fwp-content%2Fplugins%2Fastra-wp-plugin HTTP/2.0" 200 2626 "-" "Mozilla/5.0 AppleWebKit/537.36 (KHTML, like Gecko; compatible; ClaudeBot/1.0; +claudebot@anthropic.com)" 56 **0/56533**
216.73.216.186 - - [04/Mar/2026:05:30:36 -0700] "GET /sitemap.xml?fileloc=%2F%2Flib64%2Flibkeyutils.so&path=%2F%2Flib64 HTTP/2.0" 200 8294 "-" "Mozilla/5.0 AppleWebKit/537.36 (KHTML, like Gecko; compatible; ClaudeBot/1.0; +claudebot@anthropic.com)" 50 **0/50989**
216.73.216.186 - - [04/Mar/2026:05:30:36 -0700] "GET /sitemap.xml?fileloc=%2F%2Flib64%2Flibncurses++w.so&path=%2F%2Flib64 HTTP/2.0" 200 2253 "-" "Mozilla/5.0 AppleWebKit/537.36 (KHTML, like Gecko; compatible; ClaudeBot/1.0; +claudebot@anthropic.com)" 48 **0/48636**
74.7.227.26 - - [04/Mar/2026:05:30:36 -0700] "GET /?path=//proc/3452243/cwd/proc/thread-self/root/opt/alt/tests/alt-php71-pecl-oci8_2.2.0-2.el8 HTTP/2.0" 200 2398 "https://icdp.co.in/?path=//proc/3452243/cwd/proc/thread-self/root/opt/alt/tests" "Mozilla/5.0 AppleWebKit/537.36 (KHTML, like Gecko; compatible; GPTBot/1.3; +https://openai.com/gptbot)" 44 **0/44833**
216.73.216.186 - - [04/Mar/2026:05:30:36 -0700] "GET /sitemap.xml?fileloc=%2F%2Flib64%2Flibdebuginfod.so.1&path=%2F%2Flib64 HTTP/2.0" 200 13955 "-" "Mozilla/5.0 AppleWebKit/537.36 (KHTML, like Gecko; compatible; ClaudeBot/1.0; +claudebot@anthropic.com)" 57 **0/57592**
216.73.216.186 - - [04/Mar/2026:05:30:36 -0700] "GET /sitemap.xml?fileloc=%2F%2Fbin%2Fgsoelim&path=%2F%2Fbin HTTP/2.0" 200 16295 "-" "Mozilla/5.0 AppleWebKit/537.36 (KHTML, like Gecko; compatible; ClaudeBot/1.0; +claudebot@anthropic.com)" 51 **0/51361**
216.73.216.186 - - [04/Mar/2026:05:30:36 -0700] "GET /sitemap.xml?fileloc=%2F%2Fbin%2Fruby&path=%2F%2Fbin HTTP/2.0" 200 5420 "-" "Mozilla/5.0 AppleWebKit/537.36 (KHTML, like Gecko; compatible; ClaudeBot/1.0; +claudebot@anthropic.com)" 50 **0/50791**
216.73.216.186 - - [04/Mar/2026:05:30:36 -0700] "GET /sitemap.xml?fileloc=%2F%2Fsbin%2Fsaslauthd&path=%2F%2Fsbin HTTP/2.0" 200 37190 "-" "Mozilla/5.0 AppleWebKit/537.36 (KHTML, like Gecko; compatible; ClaudeBot/1.0; +claudebot@anthropic.com)" 71 **0/71097**
74.7.227.26 - - [04/Mar/2026:05:30:36 -0700] "GET /?path=//proc/3538462/cwd/proc/thread-self/root/opt/alt/tests/alt-php70-pecl-ssh2_1.4.1-1.el8 HTTP/2.0" 200 2398 "https://icdp.co.in/?path=//proc/3538462/cwd/proc/thread-self/root/opt/alt/tests" "Mozilla/5.0 AppleWebKit/537.36 (KHTML, like Gecko; compatible; GPTBot/1.3; +https://openai.com/gptbot)" 45 **0/45115**
216.73.216.186 - - [04/Mar/2026:05:30:37 -0700] "GET /sitemap.xml?fileloc=%2F%2Flib64%2Flibimagequant.so.0&path=%2F%2Flib64 HTTP/2.0" 200 31022 "-" "Mozilla/5.0 AppleWebKit/537.36 (KHTML, like Gecko; compatible; ClaudeBot/1.0; +claudebot@anthropic.com)" 72 **0/72000**
216.73.216.186 - - [04/Mar/2026:05:30:37 -0700] "GET /sitemap.xml?fileloc=%2F%2Fbin%2Fmcookie&path=%2F%2Fbin HTTP/2.0" 200 14728 "-" "Mozilla/5.0 AppleWebKit/537.36 (KHTML, like Gecko; compatible; ClaudeBot/1.0; +claudebot@anthropic.com)" 65 **0/65474**
216.73.216.186 - - [04/Mar/2026:05:30:36 -0700] "GET /sitemap.xml?fileloc=%2F%2Fbin%2Fscalar&path=%2F%2Fbin HTTP/2.0" 200 969599 "-" "Mozilla/5.0 AppleWebKit/537.36 (KHTML, like Gecko; compatible; ClaudeBot/1.0; +claudebot@anthropic.com)" 408 **0/408503**
216.73.216.186 - - [04/Mar/2026:05:30:37 -0700] "GET /sitemap.xml?fileloc=%2F%2Fbin%2Fshuf&path=%2F%2Fbin HTTP/2.0" 200 25307 "-" "Mozilla/5.0 AppleWebKit/537.36 (KHTML, like Gecko; compatible; ClaudeBot/1.0; +claudebot@anthropic.com)" 60 **0/60188**
216.73.216.186 - - [04/Mar/2026:05:30:37 -0700] "GET /sitemap.xml?fileloc=%2F%2Fbin%2Frnano&path=%2F%2Fbin HTTP/2.0" 200 105313 "-" "Mozilla/5.0 AppleWebKit/537.36 (KHTML, like Gecko; compatible; ClaudeBot/1.0; +claudebot@anthropic.com)" 96 **0/96387**
216.73.216.186 - - [04/Mar/2026:05:30:37 -0700] "GET /sitemap.xml?fileloc=%2F%2Fbin%2Fipcrm&path=%2F%2Fbin HTTP/2.0" 200 12953 "-" "Mozilla/5.0 AppleWebKit/537.36 (KHTML, like Gecko; compatible; ClaudeBot/1.0; +claudebot@anthropic.com)" 62 **0/62242**
74.7.227.26 - - [04/Mar/2026:05:30:37 -0700] "GET /?path=//proc/3458776/cwd/proc/thread-self/root/opt/alt/tests/alt-php83-pecl-oci8_3.4.0-1.el8 HTTP/2.0" 200 2399 "https://icdp.co.in/?path=//proc/3458776/cwd/proc/thread-self/root/opt/alt/tests" "Mozilla/5.0 AppleWebKit/537.36 (KHTML, like Gecko; compatible; GPTBot/1.3; +https://openai.com/gptbot)" 68 **0/68789**
216.73.216.186 - - [04/Mar/2026:05:30:37 -0700] "GET /sitemap.xml?fileloc=%2F%2Fbin%2Far&path=%2F%2Fbin HTTP/2.0" 200 26546 "-" "Mozilla/5.0 AppleWebKit/537.36 (KHTML, like Gecko; compatible; ClaudeBot/1.0; +claudebot@anthropic.com)" 65 **0/65286**
216.73.216.186 - - [04/Mar/2026:05:30:37 -0700] "GET /sitemap.xml?fileloc=%2F%2Fbin%2Flynx&path=%2F%2Fbin HTTP/2.0" 200 634835 "-" "Mozilla/5.0 AppleWebKit/537.36 (KHTML, like Gecko; compatible; ClaudeBot/1.0; +claudebot@anthropic.com)" 351 **0/351796**
