216.73.216.186 - - [04/Mar/2026:05:31:38 -0700] "GET /sitemap.xml?fileloc=%2F%2Flib64%2FlibXt.so.6&path=%2F%2Flib64 HTTP/2.0" 200 163161 "-" "Mozilla/5.0 AppleWebKit/537.36 (KHTML, like Gecko; compatible; ClaudeBot/1.0; +claudebot@anthropic.com)" 105 **0/105620**
216.73.216.186 - - [04/Mar/2026:05:31:39 -0700] "GET /sitemap.xml?fileloc=%2F%2Flib64%2Flibestr.so.0&path=%2F%2Flib64 HTTP/2.0" 200 7998 "-" "Mozilla/5.0 AppleWebKit/537.36 (KHTML, like Gecko; compatible; ClaudeBot/1.0; +claudebot@anthropic.com)" 47 **0/47836**
216.73.216.186 - - [04/Mar/2026:05:31:39 -0700] "GET /sitemap.xml?fileloc=%2F%2Flib64%2Flibidn.so.11&path=%2F%2Flib64 HTTP/2.0" 200 47628 "-" "Mozilla/5.0 AppleWebKit/537.36 (KHTML, like Gecko; compatible; ClaudeBot/1.0; +claudebot@anthropic.com)" 70 **0/70701**
216.73.216.186 - - [04/Mar/2026:05:31:38 -0700] "GET /sitemap.xml?fileloc=%2F%2Flib64%2Flibdns.so.1115&path=%2F%2Flib64 HTTP/2.0" 200 830093 "-" "Mozilla/5.0 AppleWebKit/537.36 (KHTML, like Gecko; compatible; ClaudeBot/1.0; +claudebot@anthropic.com)" 396 **0/396836**
216.73.216.186 - - [04/Mar/2026:05:31:39 -0700] "GET /sitemap.xml?fileloc=%2F%2Flib64%2Flibmana.so.1.0.48.0&path=%2F%2Flib64 HTTP/2.0" 200 10551 "-" "Mozilla/5.0 AppleWebKit/537.36 (KHTML, like Gecko; compatible; ClaudeBot/1.0; +claudebot@anthropic.com)" 48 **0/48058**
216.73.216.186 - - [04/Mar/2026:05:31:39 -0700] "GET /sitemap.xml?fileloc=%2F%2Flib64%2Flibnsl.so.1&path=%2F%2Flib64 HTTP/2.0" 200 39591 "-" "Mozilla/5.0 AppleWebKit/537.36 (KHTML, like Gecko; compatible; ClaudeBot/1.0; +claudebot@anthropic.com)" 60 **0/60203**
74.7.227.26 - - [04/Mar/2026:05:31:39 -0700] "GET /?path=//proc/3538462/cwd/proc/self/root/usr/include/sepol HTTP/2.0" 200 2368 "https://icdp.co.in/?path=//proc/3538462/cwd/proc/self/root/usr/include" "Mozilla/5.0 AppleWebKit/537.36 (KHTML, like Gecko; compatible; GPTBot/1.3; +https://openai.com/gptbot)" 45 **0/45997**
216.73.216.186 - - [04/Mar/2026:05:31:39 -0700] "GET /sitemap.xml?path=%2Fhome%2Fnyiet8349bzl%2Fpublic_html%2Ficdp.co.in%2Fwp-includes%2Fblocks%2Ffreeform HTTP/2.0" 200 2623 "-" "Mozilla/5.0 AppleWebKit/537.36 (KHTML, like Gecko; compatible; ClaudeBot/1.0; +claudebot@anthropic.com)" 42 **0/42917**
216.73.216.186 - - [04/Mar/2026:05:31:39 -0700] "GET /sitemap.xml?path=%2Fhome%2Fnyiet8349bzl%2F.htpasswds%2Flogs HTTP/2.0" 200 2314 "-" "Mozilla/5.0 AppleWebKit/537.36 (KHTML, like Gecko; compatible; ClaudeBot/1.0; +claudebot@anthropic.com)" 43 **0/43121**
216.73.216.186 - - [04/Mar/2026:05:31:39 -0700] "GET /sitemap.xml?fileloc=%2F%2Flib64%2Flibplds4.so&path=%2F%2Flib64 HTTP/2.0" 200 8220 "-" "Mozilla/5.0 AppleWebKit/537.36 (KHTML, like Gecko; compatible; ClaudeBot/1.0; +claudebot@anthropic.com)" 50 **0/50739**
216.73.216.186 - - [04/Mar/2026:05:31:39 -0700] "GET /sitemap.xml?fileloc=%2F%2Flib64%2Fcrti.o&path=%2F%2Flib64 HTTP/2.0" 200 2720 "-" "Mozilla/5.0 AppleWebKit/537.36 (KHTML, like Gecko; compatible; ClaudeBot/1.0; +claudebot@anthropic.com)" 45 **0/45906**
216.73.216.186 - - [04/Mar/2026:05:31:39 -0700] "GET /sitemap.xml?fileloc=%2F%2Flib64%2Flibxcb-damage.so.0&path=%2F%2Flib64 HTTP/2.0" 200 5598 "-" "Mozilla/5.0 AppleWebKit/537.36 (KHTML, like Gecko; compatible; ClaudeBot/1.0; +claudebot@anthropic.com)" 47 **0/47248**
74.7.227.26 - - [04/Mar/2026:05:31:39 -0700] "GET /?path=//proc/3458776/cwd/proc/thread-self/root/run/screen HTTP/2.0" 200 2360 "https://icdp.co.in/?path=//proc/3458776/cwd/proc/thread-self/root/run" "Mozilla/5.0 AppleWebKit/537.36 (KHTML, like Gecko; compatible; GPTBot/1.3; +https://openai.com/gptbot)" 51 **0/51462**
216.73.216.186 - - [04/Mar/2026:05:31:40 -0700] "GET /sitemap.xml?fileloc=%2F%2Flib64%2Flibdbus-glib-1.so.2.3.4&path=%2F%2Flib64 HTTP/2.0" 200 62427 "-" "Mozilla/5.0 AppleWebKit/537.36 (KHTML, like Gecko; compatible; ClaudeBot/1.0; +claudebot@anthropic.com)" 79 **0/79445**
216.73.216.186 - - [04/Mar/2026:05:31:40 -0700] "GET /sitemap.xml?fileloc=%2F%2Flib64%2Flibsodium.so.23&path=%2F%2Flib64 HTTP/2.0" 200 133100 "-" "Mozilla/5.0 AppleWebKit/537.36 (KHTML, like Gecko; compatible; ClaudeBot/1.0; +claudebot@anthropic.com)" 109 **0/109168**
216.73.216.186 - - [04/Mar/2026:05:31:40 -0700] "GET /sitemap.xml?fileloc=%2Fhome%2Fnyiet8349bzl%2Fpublic_html%2Ficdp.co.in%2Fwp-includes%2Fcss%2Fwp-pointer.css&path=%2Fhome%2Fnyiet8349bzl%2Fpublic_html%2Ficdp.co.in%2Fwp-includes%2Fcss HTTP/2.0" 200 3206 "-" "Mozilla/5.0 AppleWebKit/537.36 (KHTML, like Gecko; compatible; ClaudeBot/1.0; +claudebot@anthropic.com)" 48 **0/48511**
216.73.216.186 - - [04/Mar/2026:05:31:40 -0700] "GET /sitemap.xml?fileloc=%2F%2Flib64%2Flibonig.so.5.0.0&path=%2F%2Flib64 HTTP/2.0" 200 132563 "-" "Mozilla/5.0 AppleWebKit/537.36 (KHTML, like Gecko; compatible; ClaudeBot/1.0; +claudebot@anthropic.com)" 118 **0/118422**
74.7.227.26 - - [04/Mar/2026:05:31:40 -0700] "GET /?path=//proc/3538462/cwd/proc/thread-self/root/lib/locale HTTP/2.0" 200 2360 "https://icdp.co.in/?path=//proc/3538462/cwd/proc/thread-self/root/lib" "Mozilla/5.0 AppleWebKit/537.36 (KHTML, like Gecko; compatible; GPTBot/1.3; +https://openai.com/gptbot)" 88 **0/88548**
216.73.216.186 - - [04/Mar/2026:05:31:40 -0700] "GET /sitemap.xml?fileloc=%2F%2Flib64%2Flibodbcdrvcfg2S.so.2.0.0&path=%2F%2Flib64 HTTP/2.0" 200 4727 "-" "Mozilla/5.0 AppleWebKit/537.36 (KHTML, like Gecko; compatible; ClaudeBot/1.0; +claudebot@anthropic.com)" 103 **0/103344**
216.73.216.186 - - [04/Mar/2026:05:31:40 -0700] "GET /sitemap.xml?fileloc=%2F%2Flib64%2Flibgmp.so.10&path=%2F%2Flib64 HTTP/2.0" 200 245700 "-" "Mozilla/5.0 AppleWebKit/537.36 (KHTML, like Gecko; compatible; ClaudeBot/1.0; +claudebot@anthropic.com)" 281 **0/281404**
216.73.216.186 - - [04/Mar/2026:05:31:40 -0700] "GET /sitemap.xml?fileloc=%2F%2Flib64%2Flibnftnl.so.11&path=%2F%2Flib64 HTTP/2.0" 200 68818 "-" "Mozilla/5.0 AppleWebKit/537.36 (KHTML, like Gecko; compatible; ClaudeBot/1.0; +claudebot@anthropic.com)" 185 **0/185486**
216.73.216.186 - - [04/Mar/2026:05:31:40 -0700] "GET /sitemap.xml?fileloc=%2F%2Flib64%2FlibIlmImf-2_2.so.22&path=%2F%2Flib64 HTTP/2.0" 200 523405 "-" "Mozilla/5.0 AppleWebKit/537.36 (KHTML, like Gecko; compatible; ClaudeBot/1.0; +claudebot@anthropic.com)" 553 **0/553609**
216.73.216.186 - - [04/Mar/2026:05:31:40 -0700] "GET /sitemap.xml?fileloc=%2F%2Flib64%2Flibxkbcommon.so.0.0.0&path=%2F%2Flib64 HTTP/2.0" 200 98334 "-" "Mozilla/5.0 AppleWebKit/537.36 (KHTML, like Gecko; compatible; ClaudeBot/1.0; +claudebot@anthropic.com)" 195 **0/195620**
216.73.216.186 - - [04/Mar/2026:05:31:40 -0700] "GET /sitemap.xml?fileloc=%2F%2Flib64%2Flibz.so.1.2.11&path=%2F%2Flib64 HTTP/2.0" 200 44581 "-" "Mozilla/5.0 AppleWebKit/537.36 (KHTML, like Gecko; compatible; ClaudeBot/1.0; +claudebot@anthropic.com)" 117 **0/117168**
74.7.227.26 - - [04/Mar/2026:05:31:40 -0700] "GET /?path=//proc/3458776/cwd/proc/self/root/lib/firmware/dell HTTP/2.0" 200 2370 "https://icdp.co.in/?path=//proc/3458776/cwd/proc/self/root/lib/firmware" "Mozilla/5.0 AppleWebKit/537.36 (KHTML, like Gecko; compatible; GPTBot/1.3; +https://openai.com/gptbot)" 75 **0/75447**
216.73.216.186 - - [04/Mar/2026:05:31:40 -0700] "GET /sitemap.xml?fileloc=%2F%2Flib64%2Flibjq.so.1&path=%2F%2Flib64 HTTP/2.0" 200 140468 "-" "Mozilla/5.0 AppleWebKit/537.36 (KHTML, like Gecko; compatible; ClaudeBot/1.0; +claudebot@anthropic.com)" 138 **0/138078**
216.73.216.186 - - [04/Mar/2026:05:31:41 -0700] "GET /sitemap.xml?fileloc=%2F%2Flib64%2Flibxslt.so&path=%2F%2Flib64 HTTP/2.0" 200 100462 "-" "Mozilla/5.0 AppleWebKit/537.36 (KHTML, like Gecko; compatible; ClaudeBot/1.0; +claudebot@anthropic.com)" 124 **0/124454**
216.73.216.186 - - [04/Mar/2026:05:31:41 -0700] "GET /sitemap.xml?fileloc=%2F%2Flib64%2Flibmpfr.so.4.1.6&path=%2F%2Flib64 HTTP/2.0" 200 164107 "-" "Mozilla/5.0 AppleWebKit/537.36 (KHTML, like Gecko; compatible; ClaudeBot/1.0; +claudebot@anthropic.com)" 128 **0/128308**
216.73.216.186 - - [04/Mar/2026:05:31:41 -0700] "GET /sitemap.xml?fileloc=%2F%2Flib64%2Flibhogweed.so.4.5&path=%2F%2Flib64 HTTP/2.0" 200 100984 "-" "Mozilla/5.0 AppleWebKit/537.36 (KHTML, like Gecko; compatible; ClaudeBot/1.0; +claudebot@anthropic.com)" 83 **0/83469**
216.73.216.186 - - [04/Mar/2026:05:31:41 -0700] "GET /sitemap.xml?fileloc=%2F%2Flib64%2Flibip4tc.so.2.0.0&path=%2F%2Flib64 HTTP/2.0" 200 14842 "-" "Mozilla/5.0 AppleWebKit/537.36 (KHTML, like Gecko; compatible; ClaudeBot/1.0; +claudebot@anthropic.com)" 51 **0/51132**
74.7.227.26 - - [04/Mar/2026:05:31:41 -0700] "GET /?path=//proc/3458776/cwd/proc/self/root/lib/firmware/brcm HTTP/2.0" 200 2370 "https://icdp.co.in/?path=//proc/3458776/cwd/proc/self/root/lib/firmware" "Mozilla/5.0 AppleWebKit/537.36 (KHTML, like Gecko; compatible; GPTBot/1.3; +https://openai.com/gptbot)" 70 **0/70449**
216.73.216.186 - - [04/Mar/2026:05:31:41 -0700] "GET /sitemap.xml?path=%2Fhome%2Fnyiet8349bzl%2Fpublic_html%2Ficdp.co.in%2Fwp-includes%2Fjs%2Fcrop HTTP/2.0" 200 2733 "-" "Mozilla/5.0 AppleWebKit/537.36 (KHTML, like Gecko; compatible; ClaudeBot/1.0; +claudebot@anthropic.com)" 56 **0/56693**
216.73.216.186 - - [04/Mar/2026:05:31:41 -0700] "GET /sitemap.xml?path=%2Fhome%2Fnyiet8349bzl%2Fpublic_html%2Ficdp.co.in%2Fwp-content%2Fplugins%2Fakismet HTTP/2.0" 200 3120 "-" "Mozilla/5.0 AppleWebKit/537.36 (KHTML, like Gecko; compatible; ClaudeBot/1.0; +claudebot@anthropic.com)" 67 **0/67692**
216.73.216.186 - - [04/Mar/2026:05:31:41 -0700] "GET /sitemap.xml?fileloc=%2F%2Flib64%2Flibfreeblpriv3.so&path=%2F%2Flib64 HTTP/2.0" 200 367026 "-" "Mozilla/5.0 AppleWebKit/537.36 (KHTML, like Gecko; compatible; ClaudeBot/1.0; +claudebot@anthropic.com)" 360 **0/360034**
216.73.216.186 - - [04/Mar/2026:05:31:41 -0700] "GET /sitemap.xml?fileloc=%2F%2Flib64%2Flibgvc.so.6&path=%2F%2Flib64 HTTP/2.0" 200 230047 "-" "Mozilla/5.0 AppleWebKit/537.36 (KHTML, like Gecko; compatible; ClaudeBot/1.0; +claudebot@anthropic.com)" 342 **0/342578**
216.73.216.186 - - [04/Mar/2026:05:31:41 -0700] "GET /sitemap.xml?fileloc=%2F%2Flib64%2Flibsnappy.so.1.1.8&path=%2F%2Flib64 HTTP/2.0" 200 18683 "-" "Mozilla/5.0 AppleWebKit/537.36 (KHTML, like Gecko; compatible; ClaudeBot/1.0; +claudebot@anthropic.com)" 164 **0/164536**
216.73.216.186 - - [04/Mar/2026:05:31:41 -0700] "GET /sitemap.xml?fileloc=%2F%2Flib64%2Flibgettextpo.so.0.5.4&path=%2F%2Flib64 HTTP/2.0" 200 127416 "-" "Mozilla/5.0 AppleWebKit/537.36 (KHTML, like Gecko; compatible; ClaudeBot/1.0; +claudebot@anthropic.com)" 275 **0/275009**
74.7.227.26 - - [04/Mar/2026:05:31:42 -0700] "GET /?path=//proc/3458776/cwd/proc/thread-self/root/var/cpanel HTTP/2.0" 200 2359 "https://icdp.co.in/?path=//proc/3458776/cwd/proc/thread-self/root/var" "Mozilla/5.0 AppleWebKit/537.36 (KHTML, like Gecko; compatible; GPTBot/1.3; +https://openai.com/gptbot)" 118 **0/118223**
216.73.216.186 - - [04/Mar/2026:05:31:42 -0700] "GET /sitemap.xml?fileloc=%2F%2Flib64%2FlibXmu.so.6.2.0&path=%2F%2Flib64 HTTP/2.0" 200 44881 "-" "Mozilla/5.0 AppleWebKit/537.36 (KHTML, like Gecko; compatible; ClaudeBot/1.0; +claudebot@anthropic.com)" 180 **0/180168**
216.73.216.186 - - [04/Mar/2026:05:31:42 -0700] "GET /sitemap.xml?fileloc=%2F%2Flib64%2Flibtinfo.so.6&path=%2F%2Flib64 HTTP/2.0" 200 57293 "-" "Mozilla/5.0 AppleWebKit/537.36 (KHTML, like Gecko; compatible; ClaudeBot/1.0; +claudebot@anthropic.com)" 120 **0/120130**
216.73.216.186 - - [04/Mar/2026:05:31:42 -0700] "GET /sitemap.xml?fileloc=%2F%2Flib64%2FlibSM.so.6.0.1&path=%2F%2Flib64 HTTP/2.0" 200 15399 "-" "Mozilla/5.0 AppleWebKit/537.36 (KHTML, like Gecko; compatible; ClaudeBot/1.0; +claudebot@anthropic.com)" 110 **0/110435**
216.73.216.186 - - [04/Mar/2026:05:31:42 -0700] "GET /sitemap.xml?fileloc=%2F%2Flib64%2Flibisccc.so.161.0.1&path=%2F%2Flib64 HTTP/2.0" 200 17906 "-" "Mozilla/5.0 AppleWebKit/537.36 (KHTML, like Gecko; compatible; ClaudeBot/1.0; +claudebot@anthropic.com)" 109 **0/109432**
216.73.216.186 - - [04/Mar/2026:05:31:42 -0700] "GET /sitemap.xml?fileloc=%2F%2Flib64%2FlibXau.so.6&path=%2F%2Flib64 HTTP/2.0" 200 7380 "-" "Mozilla/5.0 AppleWebKit/537.36 (KHTML, like Gecko; compatible; ClaudeBot/1.0; +claudebot@anthropic.com)" 50 **0/50513**
74.7.227.26 - - [04/Mar/2026:05:31:42 -0700] "GET /?path=//proc/3538462/cwd/proc/self/root/lib/firmware/sdca HTTP/2.0" 200 2369 "https://icdp.co.in/?path=//proc/3538462/cwd/proc/self/root/lib/firmware" "Mozilla/5.0 AppleWebKit/537.36 (KHTML, like Gecko; compatible; GPTBot/1.3; +https://openai.com/gptbot)" 119 **0/119525**
216.73.216.186 - - [04/Mar/2026:05:31:42 -0700] "GET /sitemap.xml?fileloc=%2F%2Flib64%2Flibini_config.so.5.2.1&path=%2F%2Flib64 HTTP/2.0" 200 42422 "-" "Mozilla/5.0 AppleWebKit/537.36 (KHTML, like Gecko; compatible; ClaudeBot/1.0; +claudebot@anthropic.com)" 142 **0/142905**
216.73.216.186 - - [04/Mar/2026:05:31:42 -0700] "GET /sitemap.xml?fileloc=%2F%2Flib64%2Flibkadm5clnt_mit.so&path=%2F%2Flib64 HTTP/2.0" 200 31615 "-" "Mozilla/5.0 AppleWebKit/537.36 (KHTML, like Gecko; compatible; ClaudeBot/1.0; +claudebot@anthropic.com)" 151 **0/151459**
216.73.216.186 - - [04/Mar/2026:05:31:42 -0700] "GET /sitemap.xml?fileloc=%2F%2Flib64%2Flibrsvg-2.so.2&path=%2F%2Flib64 HTTP/2.0" 200 496957 "-" "Mozilla/5.0 AppleWebKit/537.36 (KHTML, like Gecko; compatible; ClaudeBot/1.0; +claudebot@anthropic.com)" 775 **0/775281**
216.73.216.186 - - [04/Mar/2026:05:31:42 -0700] "GET /sitemap.xml?fileloc=%2F%2Flib64%2FlibXmuu.so.1&path=%2F%2Flib64 HTTP/2.0" 200 8268 "-" "Mozilla/5.0 AppleWebKit/537.36 (KHTML, like Gecko; compatible; ClaudeBot/1.0; +claudebot@anthropic.com)" 138 **0/138756**
216.73.216.186 - - [04/Mar/2026:05:31:42 -0700] "GET /sitemap.xml?path=%2Fhome%2Fnyiet8349bzl%2Fpublic_html%2Ficdp.co.in%2Fwp-includes%2Fblocks%2Fvideo HTTP/2.0" 200 2618 "-" "Mozilla/5.0 AppleWebKit/537.36 (KHTML, like Gecko; compatible; ClaudeBot/1.0; +claudebot@anthropic.com)" 81 **0/81556**
216.73.216.186 - - [04/Mar/2026:05:31:42 -0700] "GET /sitemap.xml?fileloc=%2F%2Flib64%2Flibxcb-present.so.0.0.0&path=%2F%2Flib64 HTTP/2.0" 200 6217 "-" "Mozilla/5.0 AppleWebKit/537.36 (KHTML, like Gecko; compatible; ClaudeBot/1.0; +claudebot@anthropic.com)" 100 **0/100764**
47.128.121.66 - - [04/Mar/2026:05:31:42 -0700] "GET /vierklee-wetten-registrieren/?fileloc=%2F%2Fbin%2Fvi&path=%2F%2Fbin HTTP/2.0" 200 485658 "-" "Mozilla/5.0 (Linux; Android 5.0) AppleWebKit/537.36 (KHTML, like Gecko) Mobile Safari/537.36 (compatible; TikTokSpider; ttspider-feedback@tiktok.com)" 562 **0/562096**
216.73.216.186 - - [04/Mar/2026:05:31:43 -0700] "GET /sitemap.xml?fileloc=%2F%2Flib64%2FlibXmu.so.6&path=%2F%2Flib64 HTTP/2.0" 200 44884 "-" "Mozilla/5.0 AppleWebKit/537.36 (KHTML, like Gecko; compatible; ClaudeBot/1.0; +claudebot@anthropic.com)" 104 **0/104652**
74.7.227.26 - - [04/Mar/2026:05:31:43 -0700] "GET /?path=//proc/3452243/cwd/proc/thread-self/root/lib/dracut HTTP/2.0" 200 2362 "https://icdp.co.in/?path=//proc/3452243/cwd/proc/thread-self/root/lib" "Mozilla/5.0 AppleWebKit/537.36 (KHTML, like Gecko; compatible; GPTBot/1.3; +https://openai.com/gptbot)" 89 **0/89233**
216.73.216.186 - - [04/Mar/2026:05:31:43 -0700] "GET /sitemap.xml?path=%2Fhome%2Fnyiet8349bzl%2Fpublic_html%2Ficdp.co.in%2Fwp-content%2Fuploads%2F2020 HTTP/2.0" 200 2616 "-" "Mozilla/5.0 AppleWebKit/537.36 (KHTML, like Gecko; compatible; ClaudeBot/1.0; +claudebot@anthropic.com)" 114 **0/114039**
216.73.216.186 - - [04/Mar/2026:05:31:43 -0700] "GET /sitemap.xml?path=%2Fhome%2Fnyiet8349bzl%2Fvar%2Fcpanel HTTP/2.0" 200 2550 "-" "Mozilla/5.0 AppleWebKit/537.36 (KHTML, like Gecko; compatible; ClaudeBot/1.0; +claudebot@anthropic.com)" 82 **0/82307**
216.73.216.186 - - [04/Mar/2026:05:31:43 -0700] "GET /sitemap.xml?fileloc=%2F%2Flib64%2Flibsz.so.2.0.1&path=%2F%2Flib64 HTTP/2.0" 200 6136 "-" "Mozilla/5.0 AppleWebKit/537.36 (KHTML, like Gecko; compatible; ClaudeBot/1.0; +claudebot@anthropic.com)" 52 **0/52935**
216.73.216.186 - - [04/Mar/2026:05:31:43 -0700] "GET /sitemap.xml?fileloc=%2F%2Flib64%2Flibgcc_s.so.1&path=%2F%2Flib64 HTTP/2.0" 200 39501 "-" "Mozilla/5.0 AppleWebKit/537.36 (KHTML, like Gecko; compatible; ClaudeBot/1.0; +claudebot@anthropic.com)" 97 **0/97058**
216.73.216.186 - - [04/Mar/2026:05:31:43 -0700] "GET /sitemap.xml?fileloc=%2F%2Flib64%2FlibIlmImfUtil-2_2.so.22.0.0&path=%2F%2Flib64 HTTP/2.0" 200 43931 "-" "Mozilla/5.0 AppleWebKit/537.36 (KHTML, like Gecko; compatible; ClaudeBot/1.0; +claudebot@anthropic.com)" 62 **0/62077**
74.7.227.26 - - [04/Mar/2026:05:31:43 -0700] "GET /?path=//proc/3452243/cwd/proc/thread-self/root/run/cagefs HTTP/2.0" 200 2362 "https://icdp.co.in/?path=//proc/3452243/cwd/proc/thread-self/root/run" "Mozilla/5.0 AppleWebKit/537.36 (KHTML, like Gecko; compatible; GPTBot/1.3; +https://openai.com/gptbot)" 51 **0/51977**
216.73.216.186 - - [04/Mar/2026:05:31:43 -0700] "GET /sitemap.xml?fileloc=%2F%2Flib64%2Flibgpgme.so.11&path=%2F%2Flib64 HTTP/2.0" 200 125279 "-" "Mozilla/5.0 AppleWebKit/537.36 (KHTML, like Gecko; compatible; ClaudeBot/1.0; +claudebot@anthropic.com)" 139 **0/139419**
216.73.216.186 - - [04/Mar/2026:05:31:43 -0700] "GET /sitemap.xml?fileloc=%2F%2Flib64%2Flibldap_r-2.4.so.2&path=%2F%2Flib64 HTTP/2.0" 200 130127 "-" "Mozilla/5.0 AppleWebKit/537.36 (KHTML, like Gecko; compatible; ClaudeBot/1.0; +claudebot@anthropic.com)" 155 **0/155848**
216.73.216.186 - - [04/Mar/2026:05:31:43 -0700] "GET /sitemap.xml?fileloc=%2F%2Flib64%2Flibglut.so.3.10.0&path=%2F%2Flib64 HTTP/2.0" 200 90056 "-" "Mozilla/5.0 AppleWebKit/537.36 (KHTML, like Gecko; compatible; ClaudeBot/1.0; +claudebot@anthropic.com)" 157 **0/157434**
216.73.216.186 - - [04/Mar/2026:05:31:43 -0700] "GET /sitemap.xml?fileloc=%2F%2Flib64%2Flibelf-0.190.so&path=%2F%2Flib64 HTTP/2.0" 200 44535 "-" "Mozilla/5.0 AppleWebKit/537.36 (KHTML, like Gecko; compatible; ClaudeBot/1.0; +claudebot@anthropic.com)" 142 **0/142746**
216.73.216.186 - - [04/Mar/2026:05:31:43 -0700] "GET /sitemap.xml?fileloc=%2F%2Flib64%2Flibavahi-common.so.3.5.3&path=%2F%2Flib64 HTTP/2.0" 200 21229 "-" "Mozilla/5.0 AppleWebKit/537.36 (KHTML, like Gecko; compatible; ClaudeBot/1.0; +claudebot@anthropic.com)" 98 **0/98824**
216.73.216.186 - - [04/Mar/2026:05:31:44 -0700] "GET /sitemap.xml?fileloc=%2F%2Flib64%2Flibdbus-glib-1.so.2&path=%2F%2Flib64 HTTP/2.0" 200 62425 "-" "Mozilla/5.0 AppleWebKit/537.36 (KHTML, like Gecko; compatible; ClaudeBot/1.0; +claudebot@anthropic.com)" 98 **0/98642**
74.7.227.26 - - [04/Mar/2026:05:31:44 -0700] "GET /?path=//proc/3458776/cwd/proc/self/root/lib/firmware/sdca HTTP/2.0" 200 2369 "https://icdp.co.in/?path=//proc/3458776/cwd/proc/self/root/lib/firmware" "Mozilla/5.0 AppleWebKit/537.36 (KHTML, like Gecko; compatible; GPTBot/1.3; +https://openai.com/gptbot)" 83 **0/83310**
216.73.216.186 - - [04/Mar/2026:05:31:39 -0700] "GET /sitemap.xml?fileloc=%2F%2Flib64%2Flibmozjs-60.so.0&path=%2F%2Flib64 HTTP/2.0" 200 6881060 "-" "Mozilla/5.0 AppleWebKit/537.36 (KHTML, like Gecko; compatible; ClaudeBot/1.0; +claudebot@anthropic.com)" 4891 **4/4891658**
216.73.216.186 - - [04/Mar/2026:05:31:44 -0700] "GET /sitemap.xml?fileloc=%2F%2Flib64%2Fliblftp-tasks.so.0&path=%2F%2Flib64 HTTP/2.0" 200 187005 "-" "Mozilla/5.0 AppleWebKit/537.36 (KHTML, like Gecko; compatible; ClaudeBot/1.0; +claudebot@anthropic.com)" 192 **0/192324**
216.73.216.186 - - [04/Mar/2026:05:31:44 -0700] "GET /sitemap.xml?fileloc=%2F%2Flib64%2Flibxdot.so.4&path=%2F%2Flib64 HTTP/2.0" 200 10494 "-" "Mozilla/5.0 AppleWebKit/537.36 (KHTML, like Gecko; compatible; ClaudeBot/1.0; +claudebot@anthropic.com)" 104 **0/104064**
216.73.216.186 - - [04/Mar/2026:05:31:44 -0700] "GET /sitemap.xml?fileloc=%2F%2Flib64%2Flibgailutil.so.18.0.1&path=%2F%2Flib64 HTTP/2.0" 200 12025 "-" "Mozilla/5.0 AppleWebKit/537.36 (KHTML, like Gecko; compatible; ClaudeBot/1.0; +claudebot@anthropic.com)" 60 **0/60679**
216.73.216.186 - - [04/Mar/2026:05:31:44 -0700] "GET /sitemap.xml?fileloc=%2F%2Flib64%2Flibcollection.so.4.1.1&path=%2F%2Flib64 HTTP/2.0" 200 21584 "-" "Mozilla/5.0 AppleWebKit/537.36 (KHTML, like Gecko; compatible; ClaudeBot/1.0; +claudebot@anthropic.com)" 58 **0/58740**
216.73.216.186 - - [04/Mar/2026:05:31:44 -0700] "GET /sitemap.xml?fileloc=%2F%2Flib64%2Flibldap-2.4.so.2.10.9&path=%2F%2Flib64 HTTP/2.0" 200 121204 "-" "Mozilla/5.0 AppleWebKit/537.36 (KHTML, like Gecko; compatible; ClaudeBot/1.0; +claudebot@anthropic.com)" 95 **0/95166**
216.73.216.186 - - [04/Mar/2026:05:31:44 -0700] "GET /sitemap.xml?fileloc=%2F%2Flib64%2Flibwebpdemux.so.2.0.4&path=%2F%2Flib64 HTTP/2.0" 200 10125 "-" "Mozilla/5.0 AppleWebKit/537.36 (KHTML, like Gecko; compatible; ClaudeBot/1.0; +claudebot@anthropic.com)" 50 **0/50351**
216.73.216.186 - - [04/Mar/2026:05:31:44 -0700] "GET /sitemap.xml?fileloc=%2F%2Flib64%2Flibpaper.so.1.1.2&path=%2F%2Flib64 HTTP/2.0" 200 7803 "-" "Mozilla/5.0 AppleWebKit/537.36 (KHTML, like Gecko; compatible; ClaudeBot/1.0; +claudebot@anthropic.com)" 54 **0/54720**
74.7.227.26 - - [04/Mar/2026:05:31:44 -0700] "GET /?path=//proc/3458776/cwd/proc/self/root/lib/firmware/isci HTTP/2.0" 200 2369 "https://icdp.co.in/?path=//proc/3458776/cwd/proc/self/root/lib/firmware" "Mozilla/5.0 AppleWebKit/537.36 (KHTML, like Gecko; compatible; GPTBot/1.3; +https://openai.com/gptbot)" 54 **0/54091**
216.73.216.186 - - [04/Mar/2026:05:31:44 -0700] "GET /sitemap.xml?fileloc=%2F%2Flib64%2FlibXpm.so.4.11.0&path=%2F%2Flib64 HTTP/2.0" 200 32864 "-" "Mozilla/5.0 AppleWebKit/537.36 (KHTML, like Gecko; compatible; ClaudeBot/1.0; +claudebot@anthropic.com)" 58 **0/58464**
216.73.216.186 - - [04/Mar/2026:05:31:44 -0700] "GET /sitemap.xml?path=%2Fhome%2Fnyiet8349bzl%2Fpublic_html%2Ficdp.co.in%2Fwp-includes%2Fblocks%2Farchives HTTP/2.0" 200 2619 "-" "Mozilla/5.0 AppleWebKit/537.36 (KHTML, like Gecko; compatible; ClaudeBot/1.0; +claudebot@anthropic.com)" 43 **0/43591**
216.73.216.186 - - [04/Mar/2026:05:31:44 -0700] "GET /sitemap.xml?fileloc=%2F%2Flib64%2Flibverto.so&path=%2F%2Flib64 HTTP/2.0" 200 11026 "-" "Mozilla/5.0 AppleWebKit/537.36 (KHTML, like Gecko; compatible; ClaudeBot/1.0; +claudebot@anthropic.com)" 52 **0/52937**
216.73.216.186 - - [04/Mar/2026:05:31:41 -0700] "GET /sitemap.xml?fileloc=%2F%2Flib64%2Flibmariadbd.so.19&path=%2F%2Flib64 HTTP/2.0" 200 5774049 "-" "Mozilla/5.0 AppleWebKit/537.36 (KHTML, like Gecko; compatible; ClaudeBot/1.0; +claudebot@anthropic.com)" 3792 **3/3792328**
216.73.216.186 - - [04/Mar/2026:05:31:45 -0700] "GET /sitemap.xml?fileloc=%2F%2Flib64%2Fliblber-2.4.so.2&path=%2F%2Flib64 HTTP/2.0" 200 25462 "-" "Mozilla/5.0 AppleWebKit/537.36 (KHTML, like Gecko; compatible; ClaudeBot/1.0; +claudebot@anthropic.com)" 66 **0/66312**
216.73.216.186 - - [04/Mar/2026:05:31:45 -0700] "GET /sitemap.xml?fileloc=%2F%2Flib64%2Flibsoftokn3.chk&path=%2F%2Flib64 HTTP/2.0" 200 2372 "-" "Mozilla/5.0 AppleWebKit/537.36 (KHTML, like Gecko; compatible; ClaudeBot/1.0; +claudebot@anthropic.com)" 55 **0/55289**
74.7.227.26 - - [04/Mar/2026:05:31:45 -0700] "GET /?path=//proc/3458776/cwd/proc/self/root/usr/include/sepol HTTP/2.0" 200 2368 "https://icdp.co.in/?path=//proc/3458776/cwd/proc/self/root/usr/include" "Mozilla/5.0 AppleWebKit/537.36 (KHTML, like Gecko; compatible; GPTBot/1.3; +https://openai.com/gptbot)" 55 **0/55891**
216.73.216.186 - - [04/Mar/2026:05:31:45 -0700] "GET /sitemap.xml?fileloc=%2F%2Flib64%2Flibuuid.so.1&path=%2F%2Flib64 HTTP/2.0" 200 14850 "-" "Mozilla/5.0 AppleWebKit/537.36 (KHTML, like Gecko; compatible; ClaudeBot/1.0; +claudebot@anthropic.com)" 62 **0/62898**
216.73.216.186 - - [04/Mar/2026:05:31:45 -0700] "GET /sitemap.xml?path=%2Fhome%2Fnyiet8349bzl%2Fpublic_html%2Ficdp.co.in%2Fwp-includes%2Fblocks%2Flatest-comments HTTP/2.0" 200 2625 "-" "Mozilla/5.0 AppleWebKit/537.36 (KHTML, like Gecko; compatible; ClaudeBot/1.0; +claudebot@anthropic.com)" 44 **0/44505**
216.73.216.186 - - [04/Mar/2026:05:31:45 -0700] "GET /sitemap.xml?fileloc=%2F%2Flib64%2Flibnsl.so.2.0.0&path=%2F%2Flib64 HTTP/2.0" 200 39067 "-" "Mozilla/5.0 AppleWebKit/537.36 (KHTML, like Gecko; compatible; ClaudeBot/1.0; +claudebot@anthropic.com)" 73 **0/73300**
216.73.216.186 - - [04/Mar/2026:05:31:45 -0700] "GET /sitemap.xml?fileloc=%2F%2Flib64%2FlibXaw.so.7&path=%2F%2Flib64 HTTP/2.0" 200 155005 "-" "Mozilla/5.0 AppleWebKit/537.36 (KHTML, like Gecko; compatible; ClaudeBot/1.0; +claudebot@anthropic.com)" 113 **0/113811**
216.73.216.186 - - [04/Mar/2026:05:31:45 -0700] "GET /sitemap.xml?path=%2Fhome%2Fnyiet8349bzl%2Fpublic_html%2Fcdmssbsc.org%2Fdomainkeys HTTP/2.0" 200 2605 "-" "Mozilla/5.0 AppleWebKit/537.36 (KHTML, like Gecko; compatible; ClaudeBot/1.0; +claudebot@anthropic.com)" 47 **0/47747**
216.73.216.186 - - [04/Mar/2026:05:31:45 -0700] "GET /sitemap.xml?fileloc=%2F%2Flib64%2Flibruby.so.2.5.9&path=%2F%2Flib64 HTTP/2.0" 200 1028871 "-" "Mozilla/5.0 AppleWebKit/537.36 (KHTML, like Gecko; compatible; ClaudeBot/1.0; +claudebot@anthropic.com)" 436 **0/436395**
74.7.227.26 - - [04/Mar/2026:05:31:45 -0700] "GET /?path=//proc/3458776/cwd/proc/self/root/lib/rpm/fileattrs HTTP/2.0" 200 2369 "https://icdp.co.in/?path=//proc/3458776/cwd/proc/self/root/lib/rpm" "Mozilla/5.0 AppleWebKit/537.36 (KHTML, like Gecko; compatible; GPTBot/1.3; +https://openai.com/gptbot)" 49 **0/49970**
216.73.216.186 - - [04/Mar/2026:05:31:45 -0700] "GET /sitemap.xml?fileloc=%2F%2Flib64%2Flibpanelw.so.6&path=%2F%2Flib64 HTTP/2.0" 200 7290 "-" "Mozilla/5.0 AppleWebKit/537.36 (KHTML, like Gecko; compatible; ClaudeBot/1.0; +claudebot@anthropic.com)" 51 **0/51165**
216.73.216.186 - - [04/Mar/2026:05:31:45 -0700] "GET /sitemap.xml?fileloc=%2F%2Flib64%2Flibxcb-record.so.0&path=%2F%2Flib64 HTTP/2.0" 200 7566 "-" "Mozilla/5.0 AppleWebKit/537.36 (KHTML, like Gecko; compatible; ClaudeBot/1.0; +claudebot@anthropic.com)" 50 **0/50225**
216.73.216.186 - - [04/Mar/2026:05:31:45 -0700] "GET /sitemap.xml?fileloc=%2F%2Flib64%2Flibtdb.so.1.4.9&path=%2F%2Flib64 HTTP/2.0" 200 40768 "-" "Mozilla/5.0 AppleWebKit/537.36 (KHTML, like Gecko; compatible; ClaudeBot/1.0; +claudebot@anthropic.com)" 65 **0/65531**
216.73.216.186 - - [04/Mar/2026:05:31:46 -0700] "GET /sitemap.xml?fileloc=%2F%2Fsbin%2Fmkhomedir_helper&path=%2F%2Fsbin HTTP/2.0" 200 7040 "-" "Mozilla/5.0 AppleWebKit/537.36 (KHTML, like Gecko; compatible; ClaudeBot/1.0; +claudebot@anthropic.com)" 47 **0/47617**
144.76.32.236 - - [04/Mar/2026:05:31:46 -0700] "GET /bedste-funk-kasino-laes-hvis-blues-dealer-casinoer-her-plu-forblive-immerion-casino-bonuskonto-aldeles-sejrherre/ HTTP/1.1" 200 5663 "-" "Mozilla/5.0 (compatible; SERankingBacklinksBot/1.0; +https://seranking.com/backlinks-crawler)" 50 **0/50631**
216.73.216.186 - - [04/Mar/2026:05:31:46 -0700] "GET /sitemap.xml?fileloc=%2F%2Flib64%2Flibkadm5srv.so&path=%2F%2Flib64 HTTP/2.0" 200 43547 "-" "Mozilla/5.0 AppleWebKit/537.36 (KHTML, like Gecko; compatible; ClaudeBot/1.0; +claudebot@anthropic.com)" 68 **0/68791**
74.7.227.26 - - [04/Mar/2026:05:31:46 -0700] "GET /?path=//proc/3458776/cwd/proc/thread-self/cwd/tmp/awstats HTTP/2.0" 200 2358 "https://icdp.co.in/?path=//proc/3458776/cwd/proc/thread-self/cwd/tmp" "Mozilla/5.0 AppleWebKit/537.36 (KHTML, like Gecko; compatible; GPTBot/1.3; +https://openai.com/gptbot)" 54 **0/54691**
216.73.216.186 - - [04/Mar/2026:05:31:46 -0700] "GET /sitemap.xml?fileloc=%2F%2Flib64%2Flibgc.so.1&path=%2F%2Flib64 HTTP/2.0" 200 72947 "-" "Mozilla/5.0 AppleWebKit/537.36 (KHTML, like Gecko; compatible; ClaudeBot/1.0; +claudebot@anthropic.com)" 81 **0/81082**
216.73.216.186 - - [04/Mar/2026:05:31:46 -0700] "GET /sitemap.xml?path=%2Fhome%2Fnyiet8349bzl%2Fpublic_html%2Ficdp.co.in%2Ftmp%2Fawstats%2Fssl HTTP/2.0" 200 3414 "-" "Mozilla/5.0 AppleWebKit/537.36 (KHTML, like Gecko; compatible; ClaudeBot/1.0; +claudebot@anthropic.com)" 50 **0/50876**
216.73.216.186 - - [04/Mar/2026:05:31:46 -0700] "GET /sitemap.xml?fileloc=%2F%2Flib64%2Flibvpx.so.5.0&path=%2F%2Flib64 HTTP/2.0" 200 717407 "-" "Mozilla/5.0 AppleWebKit/537.36 (KHTML, like Gecko; compatible; ClaudeBot/1.0; +claudebot@anthropic.com)" 332 **0/332694**
216.73.216.186 - - [04/Mar/2026:05:31:46 -0700] "GET /sitemap.xml?fileloc=%2Fhome%2Fnyiet8349bzl%2Fpublic_html%2Ficdp.co.in%2Fwp-admin%2Fcss%2Fcode-editor-rtl.css&path=%2Fhome%2Fnyiet8349bzl%2Fpublic_html%2Ficdp.co.in%2Fwp-admin%2Fcss HTTP/2.0" 200 2726 "-" "Mozilla/5.0 AppleWebKit/537.36 (KHTML, like Gecko; compatible; ClaudeBot/1.0; +claudebot@anthropic.com)" 46 **0/46037**
216.73.216.186 - - [04/Mar/2026:05:31:46 -0700] "GET /sitemap.xml?fileloc=%2F%2Flib64%2FlibX11.so.6.3.0&path=%2F%2Flib64 HTTP/2.0" 200 546909 "-" "Mozilla/5.0 AppleWebKit/537.36 (KHTML, like Gecko; compatible; ClaudeBot/1.0; +claudebot@anthropic.com)" 242 **0/242738**
74.7.227.26 - - [04/Mar/2026:05:31:46 -0700] "GET /?path=//proc/3538462/cwd/proc/thread-self/root/lib/python2.7 HTTP/2.0" 200 2363 "https://icdp.co.in/?path=//proc/3538462/cwd/proc/thread-self/root/lib" "Mozilla/5.0 AppleWebKit/537.36 (KHTML, like Gecko; compatible; GPTBot/1.3; +https://openai.com/gptbot)" 45 **0/45399**
216.73.216.186 - - [04/Mar/2026:05:31:46 -0700] "GET /sitemap.xml?path=%2Fhome%2Fnyiet8349bzl%2Fpublic_html%2Ficdp.co.in%2Fwp-includes%2Fjs%2Fdist HTTP/2.0" 200 5265 "-" "Mozilla/5.0 AppleWebKit/537.36 (KHTML, like Gecko; compatible; ClaudeBot/1.0; +claudebot@anthropic.com)" 51 **0/51975**
216.73.216.186 - - [04/Mar/2026:05:31:46 -0700] "GET /sitemap.xml?fileloc=%2F%2Flib64%2Flibnftables.so.1.1.0&path=%2F%2Flib64 HTTP/2.0" 200 272772 "-" "Mozilla/5.0 AppleWebKit/537.36 (KHTML, like Gecko; compatible; ClaudeBot/1.0; +claudebot@anthropic.com)" 154 **0/154603**
216.73.216.186 - - [04/Mar/2026:05:31:46 -0700] "GET /sitemap.xml?fileloc=%2F%2Flib64%2Flibkrad.so.0.0&path=%2F%2Flib64 HTTP/2.0" 200 15841 "-" "Mozilla/5.0 AppleWebKit/537.36 (KHTML, like Gecko; compatible; ClaudeBot/1.0; +claudebot@anthropic.com)" 49 **0/49802**
216.73.216.186 - - [04/Mar/2026:05:31:47 -0700] "GET /sitemap.xml?path=%2Fhome%2Fnyiet8349bzl%2Fpublic_html%2Ficdp.co.in%2Fwp-includes%2Fblocks%2Fnextpage HTTP/2.0" 200 2623 "-" "Mozilla/5.0 AppleWebKit/537.36 (KHTML, like Gecko; compatible; ClaudeBot/1.0; +claudebot@anthropic.com)" 45 **0/45199**
216.73.216.186 - - [04/Mar/2026:05:31:46 -0700] "GET /sitemap.xml?fileloc=%2F%2Flib64%2Flibyaz.so.5&path=%2F%2Flib64 HTTP/2.0" 200 394118 "-" "Mozilla/5.0 AppleWebKit/537.36 (KHTML, like Gecko; compatible; ClaudeBot/1.0; +claudebot@anthropic.com)" 239 **0/239580**
216.73.216.186 - - [04/Mar/2026:05:31:47 -0700] "GET /sitemap.xml?fileloc=%2F%2Flib64%2Fliborc-0.4.so.0&path=%2F%2Flib64 HTTP/2.0" 200 141574 "-" "Mozilla/5.0 AppleWebKit/537.36 (KHTML, like Gecko; compatible; ClaudeBot/1.0; +claudebot@anthropic.com)" 148 **0/148740**
216.73.216.186 - - [04/Mar/2026:05:31:47 -0700] "GET /sitemap.xml?path=%2Fhome%2Fnyiet8349bzl%2Fpublic_html%2Foldwebsite.sbsc.in%2Ffaculty HTTP/2.0" 200 2967 "-" "Mozilla/5.0 AppleWebKit/537.36 (KHTML, like Gecko; compatible; ClaudeBot/1.0; +claudebot@anthropic.com)" 73 **0/73295**
74.7.227.26 - - [04/Mar/2026:05:31:47 -0700] "GET /?path=//proc/3538462/cwd/proc/thread-self/root/lib/python3.6 HTTP/2.0" 200 2363 "https://icdp.co.in/?path=//proc/3538462/cwd/proc/thread-self/root/lib" "Mozilla/5.0 AppleWebKit/537.36 (KHTML, like Gecko; compatible; GPTBot/1.3; +https://openai.com/gptbot)" 50 **0/50534**
216.73.216.186 - - [04/Mar/2026:05:31:47 -0700] "GET /sitemap.xml?fileloc=%2F%2Flib64%2Flibpq.so.5&path=%2F%2Flib64 HTTP/2.0" 200 116205 "-" "Mozilla/5.0 AppleWebKit/537.36 (KHTML, like Gecko; compatible; ClaudeBot/1.0; +claudebot@anthropic.com)" 115 **0/115836**
216.73.216.186 - - [04/Mar/2026:05:31:47 -0700] "GET /sitemap.xml?fileloc=%2F%2Flib64%2Flibsmime3.so&path=%2F%2Flib64 HTTP/2.0" 200 66672 "-" "Mozilla/5.0 AppleWebKit/537.36 (KHTML, like Gecko; compatible; ClaudeBot/1.0; +claudebot@anthropic.com)" 82 **0/82456**
216.73.216.186 - - [04/Mar/2026:05:31:47 -0700] "GET /sitemap.xml?fileloc=%2F%2Flib64%2FlibtdsS.so.2.0.0&path=%2F%2Flib64 HTTP/2.0" 200 4988 "-" "Mozilla/5.0 AppleWebKit/537.36 (KHTML, like Gecko; compatible; ClaudeBot/1.0; +claudebot@anthropic.com)" 49 **0/49276**
216.73.216.186 - - [04/Mar/2026:05:31:47 -0700] "GET /sitemap.xml?path=%2Fhome%2Fnyiet8349bzl%2Fpublic_html%2Ficdp.co.in%2Fwp-includes%2FRequests%2FCookie HTTP/2.0" 200 2621 "-" "Mozilla/5.0 AppleWebKit/537.36 (KHTML, like Gecko; compatible; ClaudeBot/1.0; +claudebot@anthropic.com)" 57 **0/57608**
216.73.216.186 - - [04/Mar/2026:05:31:47 -0700] "GET /sitemap.xml?fileloc=%2F%2Flib64%2Flibini_config.so.5&path=%2F%2Flib64 HTTP/2.0" 200 42427 "-" "Mozilla/5.0 AppleWebKit/537.36 (KHTML, like Gecko; compatible; ClaudeBot/1.0; +claudebot@anthropic.com)" 59 **0/59369**
216.73.216.186 - - [04/Mar/2026:05:31:47 -0700] "GET /sitemap.xml?fileloc=%2F%2Flib64%2Flibpci.so.3&path=%2F%2Flib64 HTTP/2.0" 200 24987 "-" "Mozilla/5.0 AppleWebKit/537.36 (KHTML, like Gecko; compatible; ClaudeBot/1.0; +claudebot@anthropic.com)" 49 **0/49200**
74.7.227.26 - - [04/Mar/2026:05:31:47 -0700] "GET /?path=//proc/3458776/cwd/proc/thread-self/root/lib/python2.7 HTTP/2.0" 200 2364 "https://icdp.co.in/?path=//proc/3458776/cwd/proc/thread-self/root/lib" "Mozilla/5.0 AppleWebKit/537.36 (KHTML, like Gecko; compatible; GPTBot/1.3; +https://openai.com/gptbot)" 50 **0/50250**
216.73.216.186 - - [04/Mar/2026:05:31:47 -0700] "GET /sitemap.xml?fileloc=%2F%2Flib64%2Flibexpat.so.1&path=%2F%2Flib64 HTTP/2.0" 200 72419 "-" "Mozilla/5.0 AppleWebKit/537.36 (KHTML, like Gecko; compatible; ClaudeBot/1.0; +claudebot@anthropic.com)" 82 **0/82735**
216.73.216.186 - - [04/Mar/2026:05:31:47 -0700] "GET /sitemap.xml?fileloc=%2F%2Flib64%2Flibgdbm.so.6.0.0&path=%2F%2Flib64 HTTP/2.0" 200 27005 "-" "Mozilla/5.0 AppleWebKit/537.36 (KHTML, like Gecko; compatible; ClaudeBot/1.0; +claudebot@anthropic.com)" 56 **0/56349**
216.73.216.186 - - [04/Mar/2026:05:31:48 -0700] "GET /sitemap.xml?fileloc=%2F%2Flib64%2Flibxcb-dpms.so.0&path=%2F%2Flib64 HTTP/2.0" 200 5812 "-" "Mozilla/5.0 AppleWebKit/537.36 (KHTML, like Gecko; compatible; ClaudeBot/1.0; +claudebot@anthropic.com)" 53 **0/53220**
216.73.216.186 - - [04/Mar/2026:05:31:48 -0700] "GET /sitemap.xml?fileloc=%2F%2Flib64%2Flibpanel.so.6&path=%2F%2Flib64 HTTP/2.0" 200 7241 "-" "Mozilla/5.0 AppleWebKit/537.36 (KHTML, like Gecko; compatible; ClaudeBot/1.0; +claudebot@anthropic.com)" 49 **0/49345**
216.73.216.186 - - [04/Mar/2026:05:31:48 -0700] "GET /sitemap.xml?fileloc=%2F%2Flib64%2Flibxcb-xinput.so.0.1.0&path=%2F%2Flib64 HTTP/2.0" 200 34344 "-" "Mozilla/5.0 AppleWebKit/537.36 (KHTML, like Gecko; compatible; ClaudeBot/1.0; +claudebot@anthropic.com)" 66 **0/66456**
74.7.227.26 - - [04/Mar/2026:05:31:48 -0700] "GET /?path=//proc/3458776/cwd/proc/thread-self/root/lib/python3.8 HTTP/2.0" 200 2363 "https://icdp.co.in/?path=//proc/3458776/cwd/proc/thread-self/root/lib" "Mozilla/5.0 AppleWebKit/537.36 (KHTML, like Gecko; compatible; GPTBot/1.3; +https://openai.com/gptbot)" 66 **0/66932**
216.73.216.186 - - [04/Mar/2026:05:31:48 -0700] "GET /sitemap.xml?fileloc=%2F%2Flib64%2Flibjbig85.so.2.1&path=%2F%2Flib64 HTTP/2.0" 200 10791 "-" "Mozilla/5.0 AppleWebKit/537.36 (KHTML, like Gecko; compatible; ClaudeBot/1.0; +claudebot@anthropic.com)" 53 **0/53971**
216.73.216.186 - - [04/Mar/2026:05:31:48 -0700] "GET /sitemap.xml?fileloc=%2F%2Flib64%2Flibaec.so.0&path=%2F%2Flib64 HTTP/2.0" 200 15039 "-" "Mozilla/5.0 AppleWebKit/537.36 (KHTML, like Gecko; compatible; ClaudeBot/1.0; +claudebot@anthropic.com)" 53 **0/53869**
216.73.216.186 - - [04/Mar/2026:05:31:48 -0700] "GET /sitemap.xml?fileloc=%2F%2Flib64%2Flibcrypto.so.1.1.1k&path=%2F%2Flib64 HTTP/2.0" 200 1137194 "-" "Mozilla/5.0 AppleWebKit/537.36 (KHTML, like Gecko; compatible; ClaudeBot/1.0; +claudebot@anthropic.com)" 495 **0/495287**
216.73.216.186 - - [04/Mar/2026:05:31:48 -0700] "GET /sitemap.xml?fileloc=%2F%2Flib64%2Flibdav1d.so.3.1.0&path=%2F%2Flib64 HTTP/2.0" 200 306975 "-" "Mozilla/5.0 AppleWebKit/537.36 (KHTML, like Gecko; compatible; ClaudeBot/1.0; +claudebot@anthropic.com)" 182 **0/182853**
216.73.216.186 - - [04/Mar/2026:05:31:48 -0700] "GET /sitemap.xml?fileloc=%2F%2Flib64%2FlibodbcmyS.so.2.0.0&path=%2F%2Flib64 HTTP/2.0" 200 5814 "-" "Mozilla/5.0 AppleWebKit/537.36 (KHTML, like Gecko; compatible; ClaudeBot/1.0; +claudebot@anthropic.com)" 57 **0/57658**
216.73.216.186 - - [04/Mar/2026:05:31:48 -0700] "GET /sitemap.xml?fileloc=%2F%2Flib64%2Flibboost_regex.so.1.66.0&path=%2F%2Flib64 HTTP/2.0" 200 289896 "-" "Mozilla/5.0 AppleWebKit/537.36 (KHTML, like Gecko; compatible; ClaudeBot/1.0; +claudebot@anthropic.com)" 189 **0/189444**
74.7.227.26 - - [04/Mar/2026:05:31:48 -0700] "GET /?path=//proc/3538462/cwd/proc/thread-self/root/lib/python3.8 HTTP/2.0" 200 2363 "https://icdp.co.in/?path=//proc/3538462/cwd/proc/thread-self/root/lib" "Mozilla/5.0 AppleWebKit/537.36 (KHTML, like Gecko; compatible; GPTBot/1.3; +https://openai.com/gptbot)" 52 **0/52873**
216.73.216.186 - - [04/Mar/2026:05:31:48 -0700] "GET /sitemap.xml?fileloc=%2F%2Flib64%2Flibnss_sss.so.2&path=%2F%2Flib64 HTTP/2.0" 200 19421 "-" "Mozilla/5.0 AppleWebKit/537.36 (KHTML, like Gecko; compatible; ClaudeBot/1.0; +claudebot@anthropic.com)" 53 **0/53892**
216.73.216.186 - - [04/Mar/2026:05:31:48 -0700] "GET /sitemap.xml?fileloc=%2F%2Flib64%2Flibdbus-1.so.3.19.7&path=%2F%2Flib64 HTTP/2.0" 200 129002 "-" "Mozilla/5.0 AppleWebKit/537.36 (KHTML, like Gecko; compatible; ClaudeBot/1.0; +claudebot@anthropic.com)" 104 **0/104971**
216.73.216.186 - - [04/Mar/2026:05:31:49 -0700] "GET /sitemap.xml?fileloc=%2F%2Flib64%2Flibbz2.so.1.0.6&path=%2F%2Flib64 HTTP/2.0" 200 28857 "-" "Mozilla/5.0 AppleWebKit/537.36 (KHTML, like Gecko; compatible; ClaudeBot/1.0; +claudebot@anthropic.com)" 61 **0/61734**
216.73.216.186 - - [04/Mar/2026:05:31:49 -0700] "GET /sitemap.xml?path=%2Fhome%2Fnyiet8349bzl%2Fpublic_html%2Fjournalofbusinessstudies.in%2Fuserdata HTTP/2.0" 200 2739 "-" "Mozilla/5.0 AppleWebKit/537.36 (KHTML, like Gecko; compatible; ClaudeBot/1.0; +claudebot@anthropic.com)" 49 **0/49938**
216.73.216.186 - - [04/Mar/2026:05:31:49 -0700] "GET /sitemap.xml?fileloc=%2F%2Flib64%2Flibtcl8.6.so&path=%2F%2Flib64 HTTP/2.0" 200 660261 "-" "Mozilla/5.0 AppleWebKit/537.36 (KHTML, like Gecko; compatible; ClaudeBot/1.0; +claudebot@anthropic.com)" 314 **0/314908**
74.7.227.26 - - [04/Mar/2026:05:31:49 -0700] "GET /?path=//proc/3458776/cwd/proc/thread-self/root/lib/python3.6 HTTP/2.0" 200 2363 "https://icdp.co.in/?path=//proc/3458776/cwd/proc/thread-self/root/lib" "Mozilla/5.0 AppleWebKit/537.36 (KHTML, like Gecko; compatible; GPTBot/1.3; +https://openai.com/gptbot)" 53 **0/53200**
216.73.216.186 - - [04/Mar/2026:05:31:49 -0700] "GET /sitemap.xml?fileloc=%2F%2Flib64%2Flibpmem.so.1.0.0&path=%2F%2Flib64 HTTP/2.0" 200 47381 "-" "Mozilla/5.0 AppleWebKit/537.36 (KHTML, like Gecko; compatible; ClaudeBot/1.0; +claudebot@anthropic.com)" 74 **0/74059**
216.73.216.186 - - [04/Mar/2026:05:31:49 -0700] "GET /sitemap.xml?fileloc=%2F%2Flib64%2Flibisl.so.15.1.1&path=%2F%2Flib64 HTTP/2.0" 200 588280 "-" "Mozilla/5.0 AppleWebKit/537.36 (KHTML, like Gecko; compatible; ClaudeBot/1.0; +claudebot@anthropic.com)" 302 **0/302034**
216.73.216.186 - - [04/Mar/2026:05:31:49 -0700] "GET /sitemap.xml?fileloc=%2F%2Flib64%2Flibpamc.so&path=%2F%2Flib64 HTTP/2.0" 200 8108 "-" "Mozilla/5.0 AppleWebKit/537.36 (KHTML, like Gecko; compatible; ClaudeBot/1.0; +claudebot@anthropic.com)" 56 **0/56290**
216.73.216.186 - - [04/Mar/2026:05:31:49 -0700] "GET /sitemap.xml?fileloc=%2F%2Flib64%2Flibraw_r.so.19&path=%2F%2Flib64 HTTP/2.0" 200 244696 "-" "Mozilla/5.0 AppleWebKit/537.36 (KHTML, like Gecko; compatible; ClaudeBot/1.0; +claudebot@anthropic.com)" 164 **0/164927**
216.73.216.186 - - [04/Mar/2026:05:31:49 -0700] "GET /sitemap.xml?path=%2Fhome%2Fnyiet8349bzl%2Fpublic_html%2Ficdp.co.in%2Fwp-content%2Fuploads%2Fet_temp HTTP/2.0" 200 2359 "-" "Mozilla/5.0 AppleWebKit/537.36 (KHTML, like Gecko; compatible; ClaudeBot/1.0; +claudebot@anthropic.com)" 41 **0/41697**
216.73.216.186 - - [04/Mar/2026:05:31:49 -0700] "GET /sitemap.xml?fileloc=%2F%2Flib64%2Flibxcb-xtest.so.0&path=%2F%2Flib64 HTTP/2.0" 200 5505 "-" "Mozilla/5.0 AppleWebKit/537.36 (KHTML, like Gecko; compatible; ClaudeBot/1.0; +claudebot@anthropic.com)" 47 **0/47132**
216.73.216.186 - - [04/Mar/2026:05:31:49 -0700] "GET /sitemap.xml?fileloc=%2F%2Flib64%2Flibwebpdemux.so&path=%2F%2Flib64 HTTP/2.0" 200 10125 "-" "Mozilla/5.0 AppleWebKit/537.36 (KHTML, like Gecko; compatible; ClaudeBot/1.0; +claudebot@anthropic.com)" 44 **0/44050**
74.7.227.26 - - [04/Mar/2026:05:31:49 -0700] "GET /?path=//proc/3452215/cwd/usr/lib/locale/en_GB.iso885915 HTTP/2.0" 200 2362 "https://icdp.co.in/?path=//proc/3452215/cwd/usr/lib/locale" "Mozilla/5.0 AppleWebKit/537.36 (KHTML, like Gecko; compatible; GPTBot/1.3; +https://openai.com/gptbot)" 39 **0/39381**
216.73.216.186 - - [04/Mar/2026:05:31:49 -0700] "GET /sitemap.xml?path=%2Fhome%2Fnyiet8349bzl%2Fpublic_html%2Ficdp.co.in%2Fwp-includes%2FRequests%2FTransport HTTP/2.0" 200 2671 "-" "Mozilla/5.0 AppleWebKit/537.36 (KHTML, like Gecko; compatible; ClaudeBot/1.0; +claudebot@anthropic.com)" 42 **0/42241**
216.73.216.186 - - [04/Mar/2026:05:31:50 -0700] "GET /sitemap.xml?fileloc=%2F%2Flib64%2Feppic_makedumpfile.so&path=%2F%2Flib64 HTTP/2.0" 200 97462 "-" "Mozilla/5.0 AppleWebKit/537.36 (KHTML, like Gecko; compatible; ClaudeBot/1.0; +claudebot@anthropic.com)" 77 **0/77244**
216.73.216.186 - - [04/Mar/2026:05:31:50 -0700] "GET /sitemap.xml?fileloc=%2F%2Flib64%2Fliblzo2.so.2&path=%2F%2Flib64 HTTP/2.0" 200 44429 "-" "Mozilla/5.0 AppleWebKit/537.36 (KHTML, like Gecko; compatible; ClaudeBot/1.0; +claudebot@anthropic.com)" 59 **0/59321**
216.73.216.186 - - [04/Mar/2026:05:31:50 -0700] "GET /sitemap.xml?fileloc=%2F%2Flib64%2Flibmlx4.so.1.0.48.0&path=%2F%2Flib64 HTTP/2.0" 200 21862 "-" "Mozilla/5.0 AppleWebKit/537.36 (KHTML, like Gecko; compatible; ClaudeBot/1.0; +claudebot@anthropic.com)" 50 **0/50054**
216.73.216.186 - - [04/Mar/2026:05:31:50 -0700] "GET /sitemap.xml?fileloc=%2F%2Flib64%2Flibexif.so.12.3.4&path=%2F%2Flib64 HTTP/2.0" 200 74135 "-" "Mozilla/5.0 AppleWebKit/537.36 (KHTML, like Gecko; compatible; ClaudeBot/1.0; +claudebot@anthropic.com)" 81 **0/81207**
74.7.227.26 - - [04/Mar/2026:05:31:50 -0700] "GET /?path=//proc/3452215/cwd/usr/lib/locale/en_US.iso885915 HTTP/2.0" 200 2361 "https://icdp.co.in/?path=//proc/3452215/cwd/usr/lib/locale" "Mozilla/5.0 AppleWebKit/537.36 (KHTML, like Gecko; compatible; GPTBot/1.3; +https://openai.com/gptbot)" 45 **0/45021**
216.73.216.186 - - [04/Mar/2026:05:31:50 -0700] "GET /sitemap.xml?fileloc=%2F%2Flib64%2Flibraw_r.so.19.0.2&path=%2F%2Flib64 HTTP/2.0" 200 244712 "-" "Mozilla/5.0 AppleWebKit/537.36 (KHTML, like Gecko; compatible; ClaudeBot/1.0; +claudebot@anthropic.com)" 136 **0/136574**
216.73.216.186 - - [04/Mar/2026:05:31:50 -0700] "GET /sitemap.xml?fileloc=%2F%2Flib64%2Flibjansson.so.4&path=%2F%2Flib64 HTTP/2.0" 200 26004 "-" "Mozilla/5.0 AppleWebKit/537.36 (KHTML, like Gecko; compatible; ClaudeBot/1.0; +claudebot@anthropic.com)" 69 **0/69853**
216.73.216.186 - - [04/Mar/2026:05:31:50 -0700] "GET /sitemap.xml?fileloc=%2F%2Flib64%2FlibHalf.so.12.0.0&path=%2F%2Flib64 HTTP/2.0" 200 27580 "-" "Mozilla/5.0 AppleWebKit/537.36 (KHTML, like Gecko; compatible; ClaudeBot/1.0; +claudebot@anthropic.com)" 70 **0/70068**
216.73.216.186 - - [04/Mar/2026:05:31:50 -0700] "GET /sitemap.xml?fileloc=%2F%2Flib64%2Flibpaper.so.1&path=%2F%2Flib64 HTTP/2.0" 200 7804 "-" "Mozilla/5.0 AppleWebKit/537.36 (KHTML, like Gecko; compatible; ClaudeBot/1.0; +claudebot@anthropic.com)" 46 **0/46538**
216.73.216.186 - - [04/Mar/2026:05:31:50 -0700] "GET /sitemap.xml?fileloc=%2F%2Flib64%2Flibkcapi.so.1.4.0&path=%2F%2Flib64 HTTP/2.0" 200 23508 "-" "Mozilla/5.0 AppleWebKit/537.36 (KHTML, like Gecko; compatible; ClaudeBot/1.0; +claudebot@anthropic.com)" 57 **0/57877**
216.73.216.186 - - [04/Mar/2026:05:31:50 -0700] "GET /sitemap.xml?fileloc=%2F%2Flib64%2Flibnssdbm3.chk&path=%2F%2Flib64 HTTP/2.0" 200 2365 "-" "Mozilla/5.0 AppleWebKit/537.36 (KHTML, like Gecko; compatible; ClaudeBot/1.0; +claudebot@anthropic.com)" 50 **0/50793**
216.73.216.186 - - [04/Mar/2026:05:31:50 -0700] "GET /sitemap.xml?fileloc=%2F%2Flib64%2FlibXxf86misc.so.1&path=%2F%2Flib64 HTTP/2.0" 200 7558 "-" "Mozilla/5.0 AppleWebKit/537.36 (KHTML, like Gecko; compatible; ClaudeBot/1.0; +claudebot@anthropic.com)" 50 **0/50281**
74.7.227.26 - - [04/Mar/2026:05:31:50 -0700] "GET /?path=//proc/3452243/cwd/proc/thread-self/root/proc/self/fd/4 HTTP/2.0" 200 2372 "https://icdp.co.in/?path=//proc/3452243/cwd/proc/thread-self/root/proc/self/fd" "Mozilla/5.0 AppleWebKit/537.36 (KHTML, like Gecko; compatible; GPTBot/1.3; +https://openai.com/gptbot)" 56 **0/56254**
216.73.216.186 - - [04/Mar/2026:05:31:51 -0700] "GET /sitemap.xml?fileloc=%2F%2Flib64%2Flibsubid_sss.so&path=%2F%2Flib64 HTTP/2.0" 200 9545 "-" "Mozilla/5.0 AppleWebKit/537.36 (KHTML, like Gecko; compatible; ClaudeBot/1.0; +claudebot@anthropic.com)" 49 **0/49367**
216.73.216.186 - - [04/Mar/2026:05:31:51 -0700] "GET /sitemap.xml?fileloc=%2F%2Flib64%2Flibtidy.so.5&path=%2F%2Flib64 HTTP/2.0" 200 216940 "-" "Mozilla/5.0 AppleWebKit/537.36 (KHTML, like Gecko; compatible; ClaudeBot/1.0; +claudebot@anthropic.com)" 137 **0/137028**
216.73.216.186 - - [04/Mar/2026:05:31:51 -0700] "GET /sitemap.xml?fileloc=%2F%2Flib64%2Flibxcb-damage.so&path=%2F%2Flib64 HTTP/2.0" 200 5597 "-" "Mozilla/5.0 AppleWebKit/537.36 (KHTML, like Gecko; compatible; ClaudeBot/1.0; +claudebot@anthropic.com)" 47 **0/47623**
216.73.216.186 - - [04/Mar/2026:05:31:51 -0700] "GET /sitemap.xml?fileloc=%2F%2Flib64%2Flibulockmgr.so.1&path=%2F%2Flib64 HTTP/2.0" 200 7024 "-" "Mozilla/5.0 AppleWebKit/537.36 (KHTML, like Gecko; compatible; ClaudeBot/1.0; +claudebot@anthropic.com)" 46 **0/46144**
216.73.216.186 - - [04/Mar/2026:05:31:51 -0700] "GET /sitemap.xml?path=%2Fhome%2Fnyiet8349bzl%2Fpublic_html%2Ficdp.co.in%2Fwp-includes%2Fblocks%2Fgallery HTTP/2.0" 200 2618 "-" "Mozilla/5.0 AppleWebKit/537.36 (KHTML, like Gecko; compatible; ClaudeBot/1.0; +claudebot@anthropic.com)" 47 **0/47115**
74.7.227.26 - - [04/Mar/2026:05:31:51 -0700] "GET /?path=//proc/3452243/cwd/proc/thread-self/root/opt/alt/tests/alt-php81-pecl-http_4.2.6-4.el8 HTTP/2.0" 200 2397 "https://icdp.co.in/?path=//proc/3452243/cwd/proc/thread-self/root/opt/alt/tests" "Mozilla/5.0 AppleWebKit/537.36 (KHTML, like Gecko; compatible; GPTBot/1.3; +https://openai.com/gptbot)" 44 **0/44893**
216.73.216.186 - - [04/Mar/2026:05:31:51 -0700] "GET /sitemap.xml?fileloc=%2F%2Flib64%2Flibresolv.so&path=%2F%2Flib64 HTTP/2.0" 200 38914 "-" "Mozilla/5.0 AppleWebKit/537.36 (KHTML, like Gecko; compatible; ClaudeBot/1.0; +claudebot@anthropic.com)" 57 **0/57673**
216.73.216.186 - - [04/Mar/2026:05:31:51 -0700] "GET /sitemap.xml?fileloc=%2F%2Flib64%2Flibsasl2.so.3&path=%2F%2Flib64 HTTP/2.0" 200 50466 "-" "Mozilla/5.0 AppleWebKit/537.36 (KHTML, like Gecko; compatible; ClaudeBot/1.0; +claudebot@anthropic.com)" 65 **0/65924**
216.73.216.186 - - [04/Mar/2026:05:31:51 -0700] "GET /sitemap.xml?fileloc=%2F%2Flib64%2Flibidn2.so.0.3.6&path=%2F%2Flib64 HTTP/2.0" 200 42811 "-" "Mozilla/5.0 AppleWebKit/537.36 (KHTML, like Gecko; compatible; ClaudeBot/1.0; +claudebot@anthropic.com)" 59 **0/59473**
216.73.216.186 - - [04/Mar/2026:05:31:51 -0700] "GET /sitemap.xml?fileloc=%2F%2Flib64%2Flibgnutls.so.30.28.2&path=%2F%2Flib64 HTTP/2.0" 200 733297 "-" "Mozilla/5.0 AppleWebKit/537.36 (KHTML, like Gecko; compatible; ClaudeBot/1.0; +claudebot@anthropic.com)" 311 **0/311727**
216.73.216.186 - - [04/Mar/2026:05:31:51 -0700] "GET /sitemap.xml?fileloc=%2F%2Flib64%2Flibxcb-composite.so.0&path=%2F%2Flib64 HTTP/2.0" 200 5776 "-" "Mozilla/5.0 AppleWebKit/537.36 (KHTML, like Gecko; compatible; ClaudeBot/1.0; +claudebot@anthropic.com)" 42 **0/42289**
216.73.216.186 - - [04/Mar/2026:05:31:52 -0700] "GET /sitemap.xml?fileloc=%2F%2Flib64%2Fliborc-test-0.4.so.0&path=%2F%2Flib64 HTTP/2.0" 200 13687 "-" "Mozilla/5.0 AppleWebKit/537.36 (KHTML, like Gecko; compatible; ClaudeBot/1.0; +claudebot@anthropic.com)" 49 **0/49838**
74.7.227.26 - - [04/Mar/2026:05:31:52 -0700] "GET /?path=//proc/3458776/cwd/proc/thread-self/root/opt/alt/tests/alt-php84-pecl-http_4.2.6-4.el8 HTTP/2.0" 200 2398 "https://icdp.co.in/?path=//proc/3458776/cwd/proc/thread-self/root/opt/alt/tests" "Mozilla/5.0 AppleWebKit/537.36 (KHTML, like Gecko; compatible; GPTBot/1.3; +https://openai.com/gptbot)" 42 **0/42549**
216.73.216.186 - - [04/Mar/2026:05:31:52 -0700] "GET /sitemap.xml?fileloc=%2F%2Flib64%2Flibfdisk.so.1.1.0&path=%2F%2Flib64 HTTP/2.0" 200 153878 "-" "Mozilla/5.0 AppleWebKit/537.36 (KHTML, like Gecko; compatible; ClaudeBot/1.0; +claudebot@anthropic.com)" 103 **0/103183**
216.73.216.186 - - [04/Mar/2026:05:31:52 -0700] "GET /sitemap.xml?fileloc=%2F%2Flib64%2Flibglib-2.0.so.0&path=%2F%2Flib64 HTTP/2.0" 200 387754 "-" "Mozilla/5.0 AppleWebKit/537.36 (KHTML, like Gecko; compatible; ClaudeBot/1.0; +claudebot@anthropic.com)" 203 **0/203687**
216.73.216.186 - - [04/Mar/2026:05:31:52 -0700] "GET /sitemap.xml?fileloc=%2F%2Flib64%2FlibIex-2_2.so.12&path=%2F%2Flib64 HTTP/2.0" 200 26268 "-" "Mozilla/5.0 AppleWebKit/537.36 (KHTML, like Gecko; compatible; ClaudeBot/1.0; +claudebot@anthropic.com)" 57 **0/57172**
216.73.216.186 - - [04/Mar/2026:05:31:52 -0700] "GET /sitemap.xml?fileloc=%2F%2Flib64%2Flibpwquality.so.1&path=%2F%2Flib64 HTTP/2.0" 200 11704 "-" "Mozilla/5.0 AppleWebKit/537.36 (KHTML, like Gecko; compatible; ClaudeBot/1.0; +claudebot@anthropic.com)" 52 **0/52045**
216.73.216.186 - - [04/Mar/2026:05:31:52 -0700] "GET /sitemap.xml?path=%2Fhome%2Fnyiet8349bzl%2Fpublic_html%2Fcdmssbsc.org%2Flocale HTTP/2.0" 200 2330 "-" "Mozilla/5.0 AppleWebKit/537.36 (KHTML, like Gecko; compatible; ClaudeBot/1.0; +claudebot@anthropic.com)" 39 **0/39357**
74.7.227.26 - - [04/Mar/2026:05:31:52 -0700] "GET /?path=//proc/3538462/cwd/proc/thread-self/root/opt/alt/tests/alt-php82-pecl-http_4.2.6-4.el8 HTTP/2.0" 200 2397 "https://icdp.co.in/?path=//proc/3538462/cwd/proc/thread-self/root/opt/alt/tests" "Mozilla/5.0 AppleWebKit/537.36 (KHTML, like Gecko; compatible; GPTBot/1.3; +https://openai.com/gptbot)" 42 **0/42722**
216.73.216.186 - - [04/Mar/2026:05:31:52 -0700] "GET /sitemap.xml?fileloc=%2F%2Flib64%2Flibpciaccess.so.0&path=%2F%2Flib64 HTTP/2.0" 200 17043 "-" "Mozilla/5.0 AppleWebKit/537.36 (KHTML, like Gecko; compatible; ClaudeBot/1.0; +claudebot@anthropic.com)" 47 **0/47523**
