216.73.216.186 - - [04/Mar/2026:05:29:48 -0700] "GET /sitemap.xml?fileloc=%2F%2Fbin%2Fautoconf&path=%2F%2Fbin HTTP/2.0" 200 7732 "-" "Mozilla/5.0 AppleWebKit/537.36 (KHTML, like Gecko; compatible; ClaudeBot/1.0; +claudebot@anthropic.com)" 49 **0/49546**
74.7.227.26 - - [04/Mar/2026:05:29:48 -0700] "GET /?path=//proc/3452215/cwd/lib/firmware/acenic HTTP/2.0" 200 2351 "https://icdp.co.in/?path=//proc/3452215/cwd/lib/firmware" "Mozilla/5.0 AppleWebKit/537.36 (KHTML, like Gecko; compatible; GPTBot/1.3; +https://openai.com/gptbot)" 48 **0/48670**
216.73.216.186 - - [04/Mar/2026:05:29:48 -0700] "GET /sitemap.xml?fileloc=%2F%2Fbin%2Ftroff&path=%2F%2Fbin HTTP/2.0" 200 225336 "-" "Mozilla/5.0 AppleWebKit/537.36 (KHTML, like Gecko; compatible; ClaudeBot/1.0; +claudebot@anthropic.com)" 136 **0/136282**
216.73.216.186 - - [04/Mar/2026:05:29:48 -0700] "GET /sitemap.xml?fileloc=%2F%2Fbin%2Fidentify&path=%2F%2Fbin HTTP/2.0" 200 5549 "-" "Mozilla/5.0 AppleWebKit/537.36 (KHTML, like Gecko; compatible; ClaudeBot/1.0; +claudebot@anthropic.com)" 47 **0/47450**
216.73.216.186 - - [04/Mar/2026:05:29:48 -0700] "GET /sitemap.xml?fileloc=%2F%2Fbin%2Fcompare&path=%2F%2Fbin HTTP/2.0" 200 5598 "-" "Mozilla/5.0 AppleWebKit/537.36 (KHTML, like Gecko; compatible; ClaudeBot/1.0; +claudebot@anthropic.com)" 45 **0/45810**
216.73.216.186 - - [04/Mar/2026:05:29:48 -0700] "GET /sitemap.xml?fileloc=%2F%2Fbin%2Fcomposite&path=%2F%2Fbin HTTP/2.0" 200 5424 "-" "Mozilla/5.0 AppleWebKit/537.36 (KHTML, like Gecko; compatible; ClaudeBot/1.0; +claudebot@anthropic.com)" 47 **0/47113**
216.73.216.186 - - [04/Mar/2026:05:29:48 -0700] "GET /sitemap.xml?fileloc=%2F%2Fbin%2Ftty&path=%2F%2Fbin HTTP/2.0" 200 14540 "-" "Mozilla/5.0 AppleWebKit/537.36 (KHTML, like Gecko; compatible; ClaudeBot/1.0; +claudebot@anthropic.com)" 50 **0/50782**
216.73.216.186 - - [04/Mar/2026:05:29:48 -0700] "GET /sitemap.xml?fileloc=%2F%2Fproc%2Fzoneinfo&path=%2F%2Fproc HTTP/2.0" 200 2244 "-" "Mozilla/5.0 AppleWebKit/537.36 (KHTML, like Gecko; compatible; ClaudeBot/1.0; +claudebot@anthropic.com)" 42 **0/42025**
74.7.227.26 - - [04/Mar/2026:05:29:48 -0700] "GET /?path=//proc/3538462/cwd/usr/include/ncurses HTTP/2.0" 200 2346 "https://icdp.co.in/?path=//proc/3538462/cwd/usr/include" "Mozilla/5.0 AppleWebKit/537.36 (KHTML, like Gecko; compatible; GPTBot/1.3; +https://openai.com/gptbot)" 48 **0/48837**
216.73.216.186 - - [04/Mar/2026:05:29:49 -0700] "GET /sitemap.xml?fileloc=%2F%2Fbin%2Fpre-grohtml&path=%2F%2Fbin HTTP/2.0" 200 43328 "-" "Mozilla/5.0 AppleWebKit/537.36 (KHTML, like Gecko; compatible; ClaudeBot/1.0; +claudebot@anthropic.com)" 63 **0/63198**
216.73.216.186 - - [04/Mar/2026:05:29:49 -0700] "GET /sitemap.xml?fileloc=%2F%2Fbin%2Fgetopt&path=%2F%2Fbin HTTP/2.0" 200 8561 "-" "Mozilla/5.0 AppleWebKit/537.36 (KHTML, like Gecko; compatible; ClaudeBot/1.0; +claudebot@anthropic.com)" 50 **0/50940**
216.73.216.186 - - [04/Mar/2026:05:29:49 -0700] "GET /sitemap.xml?fileloc=%2F%2Fbin%2Funexpand&path=%2F%2Fbin HTTP/2.0" 200 18900 "-" "Mozilla/5.0 AppleWebKit/537.36 (KHTML, like Gecko; compatible; ClaudeBot/1.0; +claudebot@anthropic.com)" 56 **0/56293**
216.73.216.186 - - [04/Mar/2026:05:29:49 -0700] "GET /sitemap.xml?fileloc=%2F%2Fbin%2Fbunzip2&path=%2F%2Fbin HTTP/2.0" 200 15973 "-" "Mozilla/5.0 AppleWebKit/537.36 (KHTML, like Gecko; compatible; ClaudeBot/1.0; +claudebot@anthropic.com)" 65 **0/65935**
216.73.216.186 - - [04/Mar/2026:05:29:49 -0700] "GET /sitemap.xml?fileloc=%2F%2Fbin%2Ffgrep&path=%2F%2Fbin HTTP/2.0" 200 2266 "-" "Mozilla/5.0 AppleWebKit/537.36 (KHTML, like Gecko; compatible; ClaudeBot/1.0; +claudebot@anthropic.com)" 74 **0/74115**
216.73.216.186 - - [04/Mar/2026:05:29:49 -0700] "GET /sitemap.xml?fileloc=%2F%2Fetc%2Fld.so.cache&path=%2F%2Fetc HTTP/2.0" 200 9662 "-" "Mozilla/5.0 AppleWebKit/537.36 (KHTML, like Gecko; compatible; ClaudeBot/1.0; +claudebot@anthropic.com)" 82 **0/82614**
74.7.227.26 - - [04/Mar/2026:05:29:49 -0700] "GET /?path=//proc/3453136/cwd/usr/include/gssrpc HTTP/2.0" 200 2345 "https://icdp.co.in/?path=//proc/3453136/cwd/usr/include" "Mozilla/5.0 AppleWebKit/537.36 (KHTML, like Gecko; compatible; GPTBot/1.3; +https://openai.com/gptbot)" 119 **0/119255**
216.73.216.186 - - [04/Mar/2026:05:29:49 -0700] "GET /sitemap.xml?fileloc=%2F%2Fbin%2Fwhich&path=%2F%2Fbin HTTP/2.0" 200 12852 "-" "Mozilla/5.0 AppleWebKit/537.36 (KHTML, like Gecko; compatible; ClaudeBot/1.0; +claudebot@anthropic.com)" 96 **0/96968**
216.73.216.186 - - [04/Mar/2026:05:29:49 -0700] "GET /sitemap.xml?fileloc=%2F%2Fsbin%2Fsasldblistusers2&path=%2F%2Fsbin HTTP/2.0" 200 9551 "-" "Mozilla/5.0 AppleWebKit/537.36 (KHTML, like Gecko; compatible; ClaudeBot/1.0; +claudebot@anthropic.com)" 51 **0/51387**
216.73.216.186 - - [04/Mar/2026:05:29:49 -0700] "GET /sitemap.xml?fileloc=%2F%2Fbin%2Freadlink&path=%2F%2Fbin HTTP/2.0" 200 20543 "-" "Mozilla/5.0 AppleWebKit/537.36 (KHTML, like Gecko; compatible; ClaudeBot/1.0; +claudebot@anthropic.com)" 127 **0/127036**
216.73.216.186 - - [04/Mar/2026:05:29:49 -0700] "GET /sitemap.xml?fileloc=%2F%2Fbin%2Fopenssl&path=%2F%2Fbin HTTP/2.0" 200 242363 "-" "Mozilla/5.0 AppleWebKit/537.36 (KHTML, like Gecko; compatible; ClaudeBot/1.0; +claudebot@anthropic.com)" 232 **0/232517**
38.137.52.39 - - [04/Mar/2026:05:29:49 -0700] "GET /betnacional-app-download-926/?fileloc=%2F%2Fusr%2Flibexec%2Fgit-core%2Fgit-commit-graph&path=%2F%2Fusr%2Flibexec%2Fgit-core HTTP/2.0" 200 1603115 "https://www.google.com/" "Mozilla/5.0 (Windows NT 10.0; Win64; x64; rv:147.0) Gecko/20100101 Firefox/147.0" 846 **0/846978**
74.7.227.26 - - [04/Mar/2026:05:29:50 -0700] "GET /?path=//proc/3452243/cwd/lib/firmware/tehuti HTTP/2.0" 200 2350 "https://icdp.co.in/?path=//proc/3452243/cwd/lib/firmware" "Mozilla/5.0 AppleWebKit/537.36 (KHTML, like Gecko; compatible; GPTBot/1.3; +https://openai.com/gptbot)" 51 **0/51383**
216.73.216.186 - - [04/Mar/2026:05:29:49 -0700] "GET /sitemap.xml?fileloc=%2F%2Fbin%2Freset&path=%2F%2Fbin HTTP/2.0" 200 11627 "-" "Mozilla/5.0 AppleWebKit/537.36 (KHTML, like Gecko; compatible; ClaudeBot/1.0; +claudebot@anthropic.com)" 151 **0/151730**
77.83.69.48 - - [04/Mar/2026:05:29:49 -0700] "GET /betnacional-app-download-926/?fileloc=%2F%2Fusr%2Flibexec%2Fgit-core%2Fgit-commit-graph&path=%2F%2Fusr%2Flibexec%2Fgit-core HTTP/2.0" 200 1603115 "https://www.google.com/" "Mozilla/5.0 (Windows NT 10.0; Win64; x64; rv:147.0) Gecko/20100101 Firefox/147.0" 940 **0/940191**
216.73.216.186 - - [04/Mar/2026:05:29:50 -0700] "GET /sitemap.xml?fileloc=%2F%2Fbin%2Fpost-grohtml&path=%2F%2Fbin HTTP/2.0" 200 88124 "-" "Mozilla/5.0 AppleWebKit/537.36 (KHTML, like Gecko; compatible; ClaudeBot/1.0; +claudebot@anthropic.com)" 158 **0/158260**
216.73.216.186 - - [04/Mar/2026:05:29:50 -0700] "GET /sitemap.xml?fileloc=%2F%2Fbin%2Ffc-query&path=%2F%2Fbin HTTP/2.0" 200 6353 "-" "Mozilla/5.0 AppleWebKit/537.36 (KHTML, like Gecko; compatible; ClaudeBot/1.0; +claudebot@anthropic.com)" 74 **0/74909**
216.73.216.186 - - [04/Mar/2026:05:29:50 -0700] "GET /sitemap.xml?fileloc=%2F%2Fbin%2Freadelf&path=%2F%2Fbin HTTP/2.0" 200 221109 "-" "Mozilla/5.0 AppleWebKit/537.36 (KHTML, like Gecko; compatible; ClaudeBot/1.0; +claudebot@anthropic.com)" 136 **0/136078**
216.73.216.186 - - [04/Mar/2026:05:29:50 -0700] "GET /sitemap.xml?fileloc=%2F%2Fbin%2Fprezip&path=%2F%2Fbin HTTP/2.0" 200 4099 "-" "Mozilla/5.0 AppleWebKit/537.36 (KHTML, like Gecko; compatible; ClaudeBot/1.0; +claudebot@anthropic.com)" 45 **0/45745**
216.73.216.186 - - [04/Mar/2026:05:29:50 -0700] "GET /sitemap.xml?fileloc=%2F%2Fbin%2Fsplain&path=%2F%2Fbin HTTP/2.0" 200 9576 "-" "Mozilla/5.0 AppleWebKit/537.36 (KHTML, like Gecko; compatible; ClaudeBot/1.0; +claudebot@anthropic.com)" 45 **0/45341**
216.73.216.186 - - [04/Mar/2026:05:29:50 -0700] "GET /sitemap.xml?fileloc=%2F%2Fbin%2Fskill&path=%2F%2Fbin HTTP/2.0" 200 12007 "-" "Mozilla/5.0 AppleWebKit/537.36 (KHTML, like Gecko; compatible; ClaudeBot/1.0; +claudebot@anthropic.com)" 50 **0/50882**
74.7.227.26 - - [04/Mar/2026:05:29:50 -0700] "GET /?path=//proc/3539060/cwd/lib/tuned/balanced HTTP/2.0" 200 2347 "https://icdp.co.in/?path=//proc/3539060/cwd/lib/tuned" "Mozilla/5.0 AppleWebKit/537.36 (KHTML, like Gecko; compatible; GPTBot/1.3; +https://openai.com/gptbot)" 48 **0/48617**
216.73.216.186 - - [04/Mar/2026:05:29:49 -0700] "GET /sitemap.xml?fileloc=%2F%2Fbin%2Fwp&path=%2F%2Fbin HTTP/2.0" 200 1344440 "-" "Mozilla/5.0 AppleWebKit/537.36 (KHTML, like Gecko; compatible; ClaudeBot/1.0; +claudebot@anthropic.com)" 787 **0/787756**
216.73.216.186 - - [04/Mar/2026:05:29:50 -0700] "GET /sitemap.xml?fileloc=%2F%2Fbin%2Fzcmp&path=%2F%2Fbin HTTP/2.0" 200 3075 "-" "Mozilla/5.0 AppleWebKit/537.36 (KHTML, like Gecko; compatible; ClaudeBot/1.0; +claudebot@anthropic.com)" 42 **0/42600**
216.73.216.186 - - [04/Mar/2026:05:29:50 -0700] "GET /sitemap.xml?fileloc=%2F%2Fbin%2Fview&path=%2F%2Fbin HTTP/2.0" 200 485669 "-" "Mozilla/5.0 AppleWebKit/537.36 (KHTML, like Gecko; compatible; ClaudeBot/1.0; +claudebot@anthropic.com)" 209 **0/209796**
216.73.216.186 - - [04/Mar/2026:05:29:50 -0700] "GET /sitemap.xml?fileloc=%2F%2Fbin%2Fbase32&path=%2F%2Fbin HTTP/2.0" 200 18347 "-" "Mozilla/5.0 AppleWebKit/537.36 (KHTML, like Gecko; compatible; ClaudeBot/1.0; +claudebot@anthropic.com)" 46 **0/46460**
216.73.216.186 - - [04/Mar/2026:05:29:51 -0700] "GET /sitemap.xml?fileloc=%2F%2Ftmp%2F.ob_iconv_handle&path=%2F%2Ftmp HTTP/2.0" 200 2409 "-" "Mozilla/5.0 AppleWebKit/537.36 (KHTML, like Gecko; compatible; ClaudeBot/1.0; +claudebot@anthropic.com)" 51 **0/51161**
216.73.216.186 - - [04/Mar/2026:05:29:50 -0700] "GET /sitemap.xml?fileloc=%2F%2Fbin%2Frview&path=%2F%2Fbin HTTP/2.0" 200 485670 "-" "Mozilla/5.0 AppleWebKit/537.36 (KHTML, like Gecko; compatible; ClaudeBot/1.0; +claudebot@anthropic.com)" 252 **0/252575**
74.7.227.26 - - [04/Mar/2026:05:29:51 -0700] "GET /?path=//proc/3453014/cwd/usr/include/gssrpc HTTP/2.0" 200 2345 "https://icdp.co.in/?path=//proc/3453014/cwd/usr/include" "Mozilla/5.0 AppleWebKit/537.36 (KHTML, like Gecko; compatible; GPTBot/1.3; +https://openai.com/gptbot)" 46 **0/46311**
216.73.216.186 - - [04/Mar/2026:05:29:51 -0700] "GET /sitemap.xml?fileloc=%2F%2Fbin%2Fbase64&path=%2F%2Fbin HTTP/2.0" 200 18277 "-" "Mozilla/5.0 AppleWebKit/537.36 (KHTML, like Gecko; compatible; ClaudeBot/1.0; +claudebot@anthropic.com)" 49 **0/49424**
216.73.216.186 - - [04/Mar/2026:05:29:51 -0700] "GET /sitemap.xml?fileloc=%2F%2Fproc%2Floadavg&path=%2F%2Fproc HTTP/2.0" 200 2265 "-" "Mozilla/5.0 AppleWebKit/537.36 (KHTML, like Gecko; compatible; ClaudeBot/1.0; +claudebot@anthropic.com)" 41 **0/41115**
216.73.216.186 - - [04/Mar/2026:05:29:51 -0700] "GET /sitemap.xml?fileloc=%2F%2Fbin%2Funzipsfx&path=%2F%2Fbin HTTP/2.0" 200 44350 "-" "Mozilla/5.0 AppleWebKit/537.36 (KHTML, like Gecko; compatible; ClaudeBot/1.0; +claudebot@anthropic.com)" 54 **0/54307**
216.73.216.186 - - [04/Mar/2026:05:29:51 -0700] "GET /sitemap.xml?fileloc=%2F%2Fbin%2Fenv&path=%2F%2Fbin HTTP/2.0" 200 17628 "-" "Mozilla/5.0 AppleWebKit/537.36 (KHTML, like Gecko; compatible; ClaudeBot/1.0; +claudebot@anthropic.com)" 46 **0/46915**
216.73.216.186 - - [04/Mar/2026:05:29:51 -0700] "GET /sitemap.xml?fileloc=%2F%2Flib64%2Flibwebpdecoder.so&path=%2F%2Flib64 HTTP/2.0" 200 89308 "-" "Mozilla/5.0 AppleWebKit/537.36 (KHTML, like Gecko; compatible; ClaudeBot/1.0; +claudebot@anthropic.com)" 75 **0/75437**
216.73.216.186 - - [04/Mar/2026:05:29:51 -0700] "GET /sitemap.xml?path=%2F%2Flib64%2Fgdk-pixbuf-2.0 HTTP/2.0" 200 2552 "-" "Mozilla/5.0 AppleWebKit/537.36 (KHTML, like Gecko; compatible; ClaudeBot/1.0; +claudebot@anthropic.com)" 40 **0/40723**
74.7.227.26 - - [04/Mar/2026:05:29:51 -0700] "GET /?path=//proc/3453136/cwd/lib/firmware/isci HTTP/2.0" 200 2345 "https://icdp.co.in/?path=//proc/3453136/cwd/lib/firmware" "Mozilla/5.0 AppleWebKit/537.36 (KHTML, like Gecko; compatible; GPTBot/1.3; +https://openai.com/gptbot)" 46 **0/46294**
216.73.216.186 - - [04/Mar/2026:05:29:51 -0700] "GET /sitemap.xml?fileloc=%2F%2Fbin%2Fdig&path=%2F%2Fbin HTTP/2.0" 200 61025 "-" "Mozilla/5.0 AppleWebKit/537.36 (KHTML, like Gecko; compatible; ClaudeBot/1.0; +claudebot@anthropic.com)" 57 **0/57677**
216.73.216.186 - - [04/Mar/2026:05:29:51 -0700] "GET /sitemap.xml?fileloc=%2F%2Fproc%2Fsoftirqs&path=%2F%2Fproc HTTP/2.0" 200 2246 "-" "Mozilla/5.0 AppleWebKit/537.36 (KHTML, like Gecko; compatible; ClaudeBot/1.0; +claudebot@anthropic.com)" 44 **0/44263**
216.73.216.186 - - [04/Mar/2026:05:29:51 -0700] "GET /sitemap.xml?fileloc=%2F%2Fbin%2Finstall&path=%2F%2Fbin HTTP/2.0" 200 65568 "-" "Mozilla/5.0 AppleWebKit/537.36 (KHTML, like Gecko; compatible; ClaudeBot/1.0; +claudebot@anthropic.com)" 79 **0/79070**
216.73.216.186 - - [04/Mar/2026:05:29:51 -0700] "GET /sitemap.xml?fileloc=%2F%2Fbin%2Fless&path=%2F%2Fbin HTTP/2.0" 200 72628 "-" "Mozilla/5.0 AppleWebKit/537.36 (KHTML, like Gecko; compatible; ClaudeBot/1.0; +claudebot@anthropic.com)" 63 **0/63215**
216.73.216.186 - - [04/Mar/2026:05:29:52 -0700] "GET /sitemap.xml?fileloc=%2F%2Fbin%2Fhost&path=%2F%2Fbin HTTP/2.0" 200 52905 "-" "Mozilla/5.0 AppleWebKit/537.36 (KHTML, like Gecko; compatible; ClaudeBot/1.0; +claudebot@anthropic.com)" 57 **0/57970**
216.73.216.186 - - [04/Mar/2026:05:29:52 -0700] "GET /sitemap.xml?fileloc=%2F%2Fbin%2FGET&path=%2F%2Fbin HTTP/2.0" 200 7636 "-" "Mozilla/5.0 AppleWebKit/537.36 (KHTML, like Gecko; compatible; ClaudeBot/1.0; +claudebot@anthropic.com)" 44 **0/44037**
74.7.227.26 - - [04/Mar/2026:05:29:52 -0700] "GET /?path=//proc/3452243/cwd/lib/firmware/acenic HTTP/2.0" 200 2350 "https://icdp.co.in/?path=//proc/3452243/cwd/lib/firmware" "Mozilla/5.0 AppleWebKit/537.36 (KHTML, like Gecko; compatible; GPTBot/1.3; +https://openai.com/gptbot)" 45 **0/45998**
216.73.216.186 - - [04/Mar/2026:05:29:52 -0700] "GET /sitemap.xml?fileloc=%2F%2Fsbin%2Funix_update&path=%2F%2Fsbin HTTP/2.0" 200 2244 "-" "Mozilla/5.0 AppleWebKit/537.36 (KHTML, like Gecko; compatible; ClaudeBot/1.0; +claudebot@anthropic.com)" 42 **0/42634**
216.73.216.186 - - [04/Mar/2026:05:29:52 -0700] "GET /sitemap.xml?path=%2F%2Flib64%2Fi360_pam_imunify HTTP/2.0" 200 2727 "-" "Mozilla/5.0 AppleWebKit/537.36 (KHTML, like Gecko; compatible; ClaudeBot/1.0; +claudebot@anthropic.com)" 48 **0/48533**
216.73.216.186 - - [04/Mar/2026:05:29:52 -0700] "GET /sitemap.xml?fileloc=%2F%2Fbin%2Fmkdir&path=%2F%2Fbin HTTP/2.0" 200 36811 "-" "Mozilla/5.0 AppleWebKit/537.36 (KHTML, like Gecko; compatible; ClaudeBot/1.0; +claudebot@anthropic.com)" 66 **0/66253**
216.73.216.186 - - [04/Mar/2026:05:29:52 -0700] "GET /sitemap.xml?fileloc=%2F%2Fbin%2Fselectorctl&path=%2F%2Fbin HTTP/2.0" 200 4532 "-" "Mozilla/5.0 AppleWebKit/537.36 (KHTML, like Gecko; compatible; ClaudeBot/1.0; +claudebot@anthropic.com)" 41 **0/41774**
74.7.227.26 - - [04/Mar/2026:05:29:52 -0700] "GET /?path=//proc/3453014/cwd/usr/include/sepol HTTP/2.0" 200 2345 "https://icdp.co.in/?path=//proc/3453014/cwd/usr/include" "Mozilla/5.0 AppleWebKit/537.36 (KHTML, like Gecko; compatible; GPTBot/1.3; +https://openai.com/gptbot)" 46 **0/46099**
216.73.216.186 - - [04/Mar/2026:05:29:52 -0700] "GET /sitemap.xml?fileloc=%2F%2Fbin%2Fscreen&path=%2F%2Fbin HTTP/2.0" 200 213006 "-" "Mozilla/5.0 AppleWebKit/537.36 (KHTML, like Gecko; compatible; ClaudeBot/1.0; +claudebot@anthropic.com)" 131 **0/131741**
216.73.216.186 - - [04/Mar/2026:05:29:52 -0700] "GET /sitemap.xml?fileloc=%2F%2Fbin%2Fmysql_waitpid&path=%2F%2Fbin HTTP/2.0" 200 528707 "-" "Mozilla/5.0 AppleWebKit/537.36 (KHTML, like Gecko; compatible; ClaudeBot/1.0; +claudebot@anthropic.com)" 303 **0/303286**
216.73.216.186 - - [04/Mar/2026:05:29:52 -0700] "GET /sitemap.xml?path=%2F%2Fetc%2Fcrypto-policies HTTP/2.0" 200 2707 "-" "Mozilla/5.0 AppleWebKit/537.36 (KHTML, like Gecko; compatible; ClaudeBot/1.0; +claudebot@anthropic.com)" 48 **0/48291**
216.73.216.186 - - [04/Mar/2026:05:29:52 -0700] "GET /sitemap.xml?fileloc=%2F%2Fbin%2Fgawk&path=%2F%2Fbin HTTP/2.0" 200 287028 "-" "Mozilla/5.0 AppleWebKit/537.36 (KHTML, like Gecko; compatible; ClaudeBot/1.0; +claudebot@anthropic.com)" 176 **0/176609**
216.73.216.186 - - [04/Mar/2026:05:29:52 -0700] "GET /sitemap.xml?fileloc=%2F%2Fbin%2Flesskey&path=%2F%2Fbin HTTP/2.0" 200 9453 "-" "Mozilla/5.0 AppleWebKit/537.36 (KHTML, like Gecko; compatible; ClaudeBot/1.0; +claudebot@anthropic.com)" 51 **0/51731**
216.73.216.186 - - [04/Mar/2026:05:29:53 -0700] "GET /sitemap.xml?fileloc=%2F%2Fproc%2Fschedstat&path=%2F%2Fproc HTTP/2.0" 200 2248 "-" "Mozilla/5.0 AppleWebKit/537.36 (KHTML, like Gecko; compatible; ClaudeBot/1.0; +claudebot@anthropic.com)" 53 **0/53328**
74.7.227.26 - - [04/Mar/2026:05:29:53 -0700] "GET /?path=//proc/3453014/cwd/usr/include/netrose HTTP/2.0" 200 2344 "https://icdp.co.in/?path=//proc/3453014/cwd/usr/include" "Mozilla/5.0 AppleWebKit/537.36 (KHTML, like Gecko; compatible; GPTBot/1.3; +https://openai.com/gptbot)" 52 **0/52343**
216.73.216.186 - - [04/Mar/2026:05:29:53 -0700] "GET /sitemap.xml?fileloc=%2F%2Fbin%2Fpodselect&path=%2F%2Fbin HTTP/2.0" 200 3413 "-" "Mozilla/5.0 AppleWebKit/537.36 (KHTML, like Gecko; compatible; ClaudeBot/1.0; +claudebot@anthropic.com)" 72 **0/72865**
216.73.216.186 - - [04/Mar/2026:05:29:53 -0700] "GET /sitemap.xml?fileloc=%2F%2Fproc%2Fdevices&path=%2F%2Fproc HTTP/2.0" 200 2242 "-" "Mozilla/5.0 AppleWebKit/537.36 (KHTML, like Gecko; compatible; ClaudeBot/1.0; +claudebot@anthropic.com)" 52 **0/52811**
216.73.216.186 - - [04/Mar/2026:05:29:53 -0700] "GET /sitemap.xml?fileloc=%2F%2Fbin%2Ftouch&path=%2F%2Fbin HTTP/2.0" 200 39747 "-" "Mozilla/5.0 AppleWebKit/537.36 (KHTML, like Gecko; compatible; ClaudeBot/1.0; +claudebot@anthropic.com)" 60 **0/60524**
216.73.216.186 - - [04/Mar/2026:05:29:53 -0700] "GET /sitemap.xml?fileloc=%2F%2Fbin%2Fbison&path=%2F%2Fbin HTTP/2.0" 200 165288 "-" "Mozilla/5.0 AppleWebKit/537.36 (KHTML, like Gecko; compatible; ClaudeBot/1.0; +claudebot@anthropic.com)" 106 **0/106244**
216.73.216.186 - - [04/Mar/2026:05:29:53 -0700] "GET /sitemap.xml?fileloc=%2F%2Fbin%2Fmktemp&path=%2F%2Fbin HTTP/2.0" 200 19423 "-" "Mozilla/5.0 AppleWebKit/537.36 (KHTML, like Gecko; compatible; ClaudeBot/1.0; +claudebot@anthropic.com)" 53 **0/53053**
216.73.216.186 - - [04/Mar/2026:05:29:53 -0700] "GET /sitemap.xml?fileloc=%2F%2Fsbin%2Fcracklib-format&path=%2F%2Fsbin HTTP/2.0" 200 2411 "-" "Mozilla/5.0 AppleWebKit/537.36 (KHTML, like Gecko; compatible; ClaudeBot/1.0; +claudebot@anthropic.com)" 44 **0/44508**
216.73.216.186 - - [04/Mar/2026:05:29:53 -0700] "GET /sitemap.xml?fileloc=%2F%2Fbin%2Fconvert&path=%2F%2Fbin HTTP/2.0" 200 5406 "-" "Mozilla/5.0 AppleWebKit/537.36 (KHTML, like Gecko; compatible; ClaudeBot/1.0; +claudebot@anthropic.com)" 49 **0/49514**
74.7.227.26 - - [04/Mar/2026:05:29:53 -0700] "GET /?path=//proc/3452243/cwd/lib/firmware/moxa HTTP/2.0" 200 2346 "https://icdp.co.in/?path=//proc/3452243/cwd/lib/firmware" "Mozilla/5.0 AppleWebKit/537.36 (KHTML, like Gecko; compatible; GPTBot/1.3; +https://openai.com/gptbot)" 54 **0/54768**
216.73.216.186 - - [04/Mar/2026:05:29:53 -0700] "GET /sitemap.xml?fileloc=%2F%2Fbin%2Ffc-cache-64&path=%2F%2Fbin HTTP/2.0" 200 8156 "-" "Mozilla/5.0 AppleWebKit/537.36 (KHTML, like Gecko; compatible; ClaudeBot/1.0; +claudebot@anthropic.com)" 50 **0/50473**
216.73.216.186 - - [04/Mar/2026:05:29:53 -0700] "GET /sitemap.xml?fileloc=%2F%2Fbin%2Fdir&path=%2F%2Fbin HTTP/2.0" 200 57493 "-" "Mozilla/5.0 AppleWebKit/537.36 (KHTML, like Gecko; compatible; ClaudeBot/1.0; +claudebot@anthropic.com)" 62 **0/62137**
216.73.216.186 - - [04/Mar/2026:05:29:53 -0700] "GET /sitemap.xml?fileloc=%2F%2Flib64%2Flibtalloc.so.2&path=%2F%2Flib64 HTTP/2.0" 200 32550 "-" "Mozilla/5.0 AppleWebKit/537.36 (KHTML, like Gecko; compatible; ClaudeBot/1.0; +claudebot@anthropic.com)" 65 **0/65409**
216.73.216.186 - - [04/Mar/2026:05:29:54 -0700] "GET /sitemap.xml?fileloc=%2F%2Fbin%2Fping&path=%2F%2Fbin HTTP/2.0" 200 28845 "-" "Mozilla/5.0 AppleWebKit/537.36 (KHTML, like Gecko; compatible; ClaudeBot/1.0; +claudebot@anthropic.com)" 55 **0/55225**
216.73.216.186 - - [04/Mar/2026:05:29:54 -0700] "GET /sitemap.xml?fileloc=%2F%2Fbin%2Fcolumn&path=%2F%2Fbin HTTP/2.0" 200 20260 "-" "Mozilla/5.0 AppleWebKit/537.36 (KHTML, like Gecko; compatible; ClaudeBot/1.0; +claudebot@anthropic.com)" 55 **0/55962**
74.7.227.26 - - [04/Mar/2026:05:29:54 -0700] "GET /?path=//proc/3453014/cwd/lib/firmware/isci HTTP/2.0" 200 2346 "https://icdp.co.in/?path=//proc/3453014/cwd/lib/firmware" "Mozilla/5.0 AppleWebKit/537.36 (KHTML, like Gecko; compatible; GPTBot/1.3; +https://openai.com/gptbot)" 44 **0/44981**
216.73.216.186 - - [04/Mar/2026:05:29:54 -0700] "GET /sitemap.xml?fileloc=%2F%2Fbin%2Fchrt&path=%2F%2Fbin HTTP/2.0" 200 14966 "-" "Mozilla/5.0 AppleWebKit/537.36 (KHTML, like Gecko; compatible; ClaudeBot/1.0; +claudebot@anthropic.com)" 66 **0/66241**
216.73.216.186 - - [04/Mar/2026:05:29:54 -0700] "GET /sitemap.xml?fileloc=%2F%2Fbin%2Fx86_64-redhat-linux-c++&path=%2F%2Fbin HTTP/2.0" 200 2253 "-" "Mozilla/5.0 AppleWebKit/537.36 (KHTML, like Gecko; compatible; ClaudeBot/1.0; +claudebot@anthropic.com)" 52 **0/52445**
216.73.216.186 - - [04/Mar/2026:05:29:54 -0700] "GET /sitemap.xml?fileloc=%2F%2Fbin%2Fxmlcatalog&path=%2F%2Fbin HTTP/2.0" 200 9147 "-" "Mozilla/5.0 AppleWebKit/537.36 (KHTML, like Gecko; compatible; ClaudeBot/1.0; +claudebot@anthropic.com)" 46 **0/46645**
216.73.216.186 - - [04/Mar/2026:05:29:54 -0700] "GET /sitemap.xml?fileloc=%2F%2Fsbin%2Fchroot&path=%2F%2Fsbin HTTP/2.0" 200 17995 "-" "Mozilla/5.0 AppleWebKit/537.36 (KHTML, like Gecko; compatible; ClaudeBot/1.0; +claudebot@anthropic.com)" 44 **0/44451**
216.73.216.186 - - [04/Mar/2026:05:29:54 -0700] "GET /sitemap.xml?fileloc=%2F%2Fbin%2Ffunzip&path=%2F%2Fbin HTTP/2.0" 200 16470 "-" "Mozilla/5.0 AppleWebKit/537.36 (KHTML, like Gecko; compatible; ClaudeBot/1.0; +claudebot@anthropic.com)" 48 **0/48095**
216.73.216.186 - - [04/Mar/2026:05:29:54 -0700] "GET /sitemap.xml?fileloc=%2F%2Fproc%2Fdma&path=%2F%2Fproc HTTP/2.0" 200 2243 "-" "Mozilla/5.0 AppleWebKit/537.36 (KHTML, like Gecko; compatible; ClaudeBot/1.0; +claudebot@anthropic.com)" 40 **0/40264**
216.73.216.186 - - [04/Mar/2026:05:29:54 -0700] "GET /sitemap.xml?fileloc=%2F%2Flib64%2Flibref_array.so.1.2.1&path=%2F%2Flib64 HTTP/2.0" 200 6877 "-" "Mozilla/5.0 AppleWebKit/537.36 (KHTML, like Gecko; compatible; ClaudeBot/1.0; +claudebot@anthropic.com)" 47 **0/47192**
74.7.227.26 - - [04/Mar/2026:05:29:54 -0700] "GET /?path=//proc/3452243/cwd/lib/firmware/mrvl HTTP/2.0" 200 2346 "https://icdp.co.in/?path=//proc/3452243/cwd/lib/firmware" "Mozilla/5.0 AppleWebKit/537.36 (KHTML, like Gecko; compatible; GPTBot/1.3; +https://openai.com/gptbot)" 59 **0/59144**
216.73.216.186 - - [04/Mar/2026:05:29:54 -0700] "GET /sitemap.xml?path=%2F%2Flib%2Fpolkit-1 HTTP/2.0" 200 2610 "-" "Mozilla/5.0 AppleWebKit/537.36 (KHTML, like Gecko; compatible; ClaudeBot/1.0; +claudebot@anthropic.com)" 43 **0/43336**
216.73.216.186 - - [04/Mar/2026:05:29:55 -0700] "GET /sitemap.xml?fileloc=%2F%2Fbin%2Futmpdump&path=%2F%2Fbin HTTP/2.0" 200 11140 "-" "Mozilla/5.0 AppleWebKit/537.36 (KHTML, like Gecko; compatible; ClaudeBot/1.0; +claudebot@anthropic.com)" 49 **0/49348**
216.73.216.186 - - [04/Mar/2026:05:29:55 -0700] "GET /sitemap.xml?fileloc=%2F%2Fbin%2Fdate&path=%2F%2Fbin HTTP/2.0" 200 44192 "-" "Mozilla/5.0 AppleWebKit/537.36 (KHTML, like Gecko; compatible; ClaudeBot/1.0; +claudebot@anthropic.com)" 53 **0/53919**
216.73.216.186 - - [04/Mar/2026:05:29:55 -0700] "GET /sitemap.xml?fileloc=%2F%2Fbin%2Ffalse&path=%2F%2Fbin HTTP/2.0" 200 14159 "-" "Mozilla/5.0 AppleWebKit/537.36 (KHTML, like Gecko; compatible; ClaudeBot/1.0; +claudebot@anthropic.com)" 82 **0/82136**
74.7.227.26 - - [04/Mar/2026:05:29:55 -0700] "GET /?path=//proc/3453136/cwd/lib/firmware/atmel HTTP/2.0" 200 2346 "https://icdp.co.in/?path=//proc/3453136/cwd/lib/firmware" "Mozilla/5.0 AppleWebKit/537.36 (KHTML, like Gecko; compatible; GPTBot/1.3; +https://openai.com/gptbot)" 43 **0/43654**
185.191.171.14 - - [04/Mar/2026:05:29:55 -0700] "GET /blaze-cassino-online-645/ HTTP/1.1" 200 5663 "-" "Mozilla/5.0 (compatible; SemrushBot/7~bl; +http://www.semrush.com/bot.html)" 45 **0/45434**
216.73.216.186 - - [04/Mar/2026:05:29:55 -0700] "GET /sitemap.xml?fileloc=%2F%2Fbin%2Fpkgconf&path=%2F%2Fbin HTTP/2.0" 200 15539 "-" "Mozilla/5.0 AppleWebKit/537.36 (KHTML, like Gecko; compatible; ClaudeBot/1.0; +claudebot@anthropic.com)" 62 **0/62050**
216.73.216.186 - - [04/Mar/2026:05:29:55 -0700] "GET /sitemap.xml?fileloc=%2F%2Fbin%2Flibtoolize&path=%2F%2Fbin HTTP/2.0" 200 35004 "-" "Mozilla/5.0 AppleWebKit/537.36 (KHTML, like Gecko; compatible; ClaudeBot/1.0; +claudebot@anthropic.com)" 63 **0/63055**
216.73.216.186 - - [04/Mar/2026:05:29:55 -0700] "GET /sitemap.xml?fileloc=%2F%2Fbin%2Fcsplit&path=%2F%2Fbin HTTP/2.0" 200 22282 "-" "Mozilla/5.0 AppleWebKit/537.36 (KHTML, like Gecko; compatible; ClaudeBot/1.0; +claudebot@anthropic.com)" 89 **0/89133**
216.73.216.186 - - [04/Mar/2026:05:29:54 -0700] "GET /sitemap.xml?fileloc=%2F%2Fbin%2Fgit-receive-pack&path=%2F%2Fbin HTTP/2.0" 200 1603070 "-" "Mozilla/5.0 AppleWebKit/537.36 (KHTML, like Gecko; compatible; ClaudeBot/1.0; +claudebot@anthropic.com)" 664 **0/664425**
216.73.216.186 - - [04/Mar/2026:05:29:55 -0700] "GET /sitemap.xml?fileloc=%2F%2Ftmp%2F.ibase_pconnection&path=%2F%2Ftmp HTTP/2.0" 200 2921 "-" "Mozilla/5.0 AppleWebKit/537.36 (KHTML, like Gecko; compatible; ClaudeBot/1.0; +claudebot@anthropic.com)" 55 **0/55414**
216.73.216.186 - - [04/Mar/2026:05:29:55 -0700] "GET /sitemap.xml?path=%2F%2Flib64%2Fenchant HTTP/2.0" 200 2576 "-" "Mozilla/5.0 AppleWebKit/537.36 (KHTML, like Gecko; compatible; ClaudeBot/1.0; +claudebot@anthropic.com)" 41 **0/41503**
74.7.227.26 - - [04/Mar/2026:05:29:55 -0700] "GET /?path=//proc/3452243/cwd/usr/include/openssl HTTP/2.0" 200 2345 "https://icdp.co.in/?path=//proc/3452243/cwd/usr/include" "Mozilla/5.0 AppleWebKit/537.36 (KHTML, like Gecko; compatible; GPTBot/1.3; +https://openai.com/gptbot)" 57 **0/57294**
216.73.216.186 - - [04/Mar/2026:05:29:55 -0700] "GET /sitemap.xml?fileloc=%2F%2Fbin%2Ftest&path=%2F%2Fbin HTTP/2.0" 200 22343 "-" "Mozilla/5.0 AppleWebKit/537.36 (KHTML, like Gecko; compatible; ClaudeBot/1.0; +claudebot@anthropic.com)" 58 **0/58248**
216.73.216.186 - - [04/Mar/2026:05:29:55 -0700] "GET /sitemap.xml?path=%2F%2Flib64%2FImageMagick-6.9.13 HTTP/2.0" 200 2589 "-" "Mozilla/5.0 AppleWebKit/537.36 (KHTML, like Gecko; compatible; ClaudeBot/1.0; +claudebot@anthropic.com)" 46 **0/46354**
216.73.216.186 - - [04/Mar/2026:05:29:56 -0700] "GET /sitemap.xml?fileloc=%2F%2Fbin%2Fchmod&path=%2F%2Fbin HTTP/2.0" 200 28117 "-" "Mozilla/5.0 AppleWebKit/537.36 (KHTML, like Gecko; compatible; ClaudeBot/1.0; +claudebot@anthropic.com)" 63 **0/63946**
216.73.216.186 - - [04/Mar/2026:05:29:56 -0700] "GET /sitemap.xml?fileloc=%2F%2Fbin%2Fstream&path=%2F%2Fbin HTTP/2.0" 200 5406 "-" "Mozilla/5.0 AppleWebKit/537.36 (KHTML, like Gecko; compatible; ClaudeBot/1.0; +claudebot@anthropic.com)" 50 **0/50590**
216.73.216.186 - - [04/Mar/2026:05:29:56 -0700] "GET /sitemap.xml?fileloc=%2F%2Fbin%2Fpkill&path=%2F%2Fbin HTTP/2.0" 200 12207 "-" "Mozilla/5.0 AppleWebKit/537.36 (KHTML, like Gecko; compatible; ClaudeBot/1.0; +claudebot@anthropic.com)" 56 **0/56082**
216.73.216.186 - - [04/Mar/2026:05:29:55 -0700] "GET /sitemap.xml?fileloc=%2F%2Fbin%2Fgit-upload-archive&path=%2F%2Fbin HTTP/2.0" 200 1603098 "-" "Mozilla/5.0 AppleWebKit/537.36 (KHTML, like Gecko; compatible; ClaudeBot/1.0; +claudebot@anthropic.com)" 677 **0/677740**
216.73.216.186 - - [04/Mar/2026:05:29:56 -0700] "GET /sitemap.xml?fileloc=%2F%2Fbin%2Fnumfmt&path=%2F%2Fbin HTTP/2.0" 200 26722 "-" "Mozilla/5.0 AppleWebKit/537.36 (KHTML, like Gecko; compatible; ClaudeBot/1.0; +claudebot@anthropic.com)" 61 **0/61464**
74.7.227.26 - - [04/Mar/2026:05:29:56 -0700] "GET /?path=//proc/3453136/cwd/usr/include/openssl HTTP/2.0" 200 2344 "https://icdp.co.in/?path=//proc/3453136/cwd/usr/include" "Mozilla/5.0 AppleWebKit/537.36 (KHTML, like Gecko; compatible; GPTBot/1.3; +https://openai.com/gptbot)" 53 **0/53839**
216.73.216.186 - - [04/Mar/2026:05:29:56 -0700] "GET /sitemap.xml?fileloc=%2F%2Fproc%2Ffilesystems&path=%2F%2Fproc HTTP/2.0" 200 2406 "-" "Mozilla/5.0 AppleWebKit/537.36 (KHTML, like Gecko; compatible; ClaudeBot/1.0; +claudebot@anthropic.com)" 59 **0/59699**
216.73.216.186 - - [04/Mar/2026:05:29:56 -0700] "GET /sitemap.xml?fileloc=%2F%2Fbin%2Fxmlwf&path=%2F%2Fbin HTTP/2.0" 200 14400 "-" "Mozilla/5.0 AppleWebKit/537.36 (KHTML, like Gecko; compatible; ClaudeBot/1.0; +claudebot@anthropic.com)" 52 **0/52105**
216.73.216.186 - - [04/Mar/2026:05:29:56 -0700] "GET /sitemap.xml?fileloc=%2F%2Fproc%2Fswaps&path=%2F%2Fproc HTTP/2.0" 200 2242 "-" "Mozilla/5.0 AppleWebKit/537.36 (KHTML, like Gecko; compatible; ClaudeBot/1.0; +claudebot@anthropic.com)" 46 **0/46905**
216.73.216.186 - - [04/Mar/2026:05:29:56 -0700] "GET /sitemap.xml?fileloc=%2F%2Fetc%2Fbashrc&path=%2F%2Fetc HTTP/2.0" 200 3762 "-" "Mozilla/5.0 AppleWebKit/537.36 (KHTML, like Gecko; compatible; ClaudeBot/1.0; +claudebot@anthropic.com)" 51 **0/51463**
216.73.216.186 - - [04/Mar/2026:05:29:56 -0700] "GET /sitemap.xml?fileloc=%2F%2Fproc%2Fkeys&path=%2F%2Fproc HTTP/2.0" 200 2242 "-" "Mozilla/5.0 AppleWebKit/537.36 (KHTML, like Gecko; compatible; ClaudeBot/1.0; +claudebot@anthropic.com)" 51 **0/51890**
74.7.227.26 - - [04/Mar/2026:05:29:56 -0700] "GET /?path=//proc/3452215/cwd/lib/firmware/amdtee HTTP/2.0" 200 2350 "https://icdp.co.in/?path=//proc/3452215/cwd/lib/firmware" "Mozilla/5.0 AppleWebKit/537.36 (KHTML, like Gecko; compatible; GPTBot/1.3; +https://openai.com/gptbot)" 53 **0/53879**
216.73.216.186 - - [04/Mar/2026:05:29:56 -0700] "GET /sitemap.xml?fileloc=%2F%2Flib64%2Flibmcpp.so.0.3.0&path=%2F%2Flib64 HTTP/2.0" 200 64912 "-" "Mozilla/5.0 AppleWebKit/537.36 (KHTML, like Gecko; compatible; ClaudeBot/1.0; +claudebot@anthropic.com)" 75 **0/75172**
216.73.216.186 - - [04/Mar/2026:05:29:56 -0700] "GET /sitemap.xml?fileloc=%2F%2Fbin%2Ftmpwatch&path=%2F%2Fbin HTTP/2.0" 200 14041 "-" "Mozilla/5.0 AppleWebKit/537.36 (KHTML, like Gecko; compatible; ClaudeBot/1.0; +claudebot@anthropic.com)" 53 **0/53756**
216.73.216.186 - - [04/Mar/2026:05:29:57 -0700] "GET /sitemap.xml?fileloc=%2F%2Fbin%2Fflex&path=%2F%2Fbin HTTP/2.0" 200 125346 "-" "Mozilla/5.0 AppleWebKit/537.36 (KHTML, like Gecko; compatible; ClaudeBot/1.0; +claudebot@anthropic.com)" 131 **0/131975**
216.73.216.186 - - [04/Mar/2026:05:29:57 -0700] "GET /sitemap.xml?fileloc=%2F%2Fbin%2Fpathchk&path=%2F%2Fbin HTTP/2.0" 200 15341 "-" "Mozilla/5.0 AppleWebKit/537.36 (KHTML, like Gecko; compatible; ClaudeBot/1.0; +claudebot@anthropic.com)" 56 **0/56834**
47.128.121.145 - - [04/Mar/2026:05:29:57 -0700] "GET /missione-unpassabile-con-giri-gratis-offerte-e-promozioni-2/ HTTP/2.0" 200 4676 "-" "Mozilla/5.0 (Linux; Android 5.0) AppleWebKit/537.36 (KHTML, like Gecko) Mobile Safari/537.36 (compatible; TikTokSpider; ttspider-feedback@tiktok.com)" 51 **0/51945**
216.73.216.186 - - [04/Mar/2026:05:29:57 -0700] "GET /sitemap.xml?fileloc=%2F%2Fbin%2Fautoheader&path=%2F%2Fbin HTTP/2.0" 200 5715 "-" "Mozilla/5.0 AppleWebKit/537.36 (KHTML, like Gecko; compatible; ClaudeBot/1.0; +claudebot@anthropic.com)" 49 **0/49542**
216.73.216.186 - - [04/Mar/2026:05:29:57 -0700] "GET /sitemap.xml?fileloc=%2F%2Fbin%2Frealpath&path=%2F%2Fbin HTTP/2.0" 200 21557 "-" "Mozilla/5.0 AppleWebKit/537.36 (KHTML, like Gecko; compatible; ClaudeBot/1.0; +claudebot@anthropic.com)" 59 **0/59410**
74.7.227.26 - - [04/Mar/2026:05:29:57 -0700] "GET /?path=//proc/3539060/cwd/lib/firmware/isci HTTP/2.0" 200 2345 "https://icdp.co.in/?path=//proc/3539060/cwd/lib/firmware" "Mozilla/5.0 AppleWebKit/537.36 (KHTML, like Gecko; compatible; GPTBot/1.3; +https://openai.com/gptbot)" 43 **0/43557**
216.73.216.186 - - [04/Mar/2026:05:29:57 -0700] "GET /sitemap.xml?fileloc=%2F%2Fproc%2Fexecdomains&path=%2F%2Fproc HTTP/2.0" 200 2245 "-" "Mozilla/5.0 AppleWebKit/537.36 (KHTML, like Gecko; compatible; ClaudeBot/1.0; +claudebot@anthropic.com)" 54 **0/54028**
216.73.216.186 - - [04/Mar/2026:05:29:57 -0700] "GET /sitemap.xml?fileloc=%2F%2Fbin%2Fifnames&path=%2F%2Fbin HTTP/2.0" 200 4214 "-" "Mozilla/5.0 AppleWebKit/537.36 (KHTML, like Gecko; compatible; ClaudeBot/1.0; +claudebot@anthropic.com)" 47 **0/47209**
216.73.216.186 - - [04/Mar/2026:05:29:57 -0700] "GET /sitemap.xml?fileloc=%2F%2Fbin%2Fssh-keygen&path=%2F%2Fbin HTTP/2.0" 200 153018 "-" "Mozilla/5.0 AppleWebKit/537.36 (KHTML, like Gecko; compatible; ClaudeBot/1.0; +claudebot@anthropic.com)" 108 **0/108961**
216.73.216.186 - - [04/Mar/2026:05:29:57 -0700] "GET /sitemap.xml?fileloc=%2F%2Fbin%2Franlib&path=%2F%2Fbin HTTP/2.0" 200 26361 "-" "Mozilla/5.0 AppleWebKit/537.36 (KHTML, like Gecko; compatible; ClaudeBot/1.0; +claudebot@anthropic.com)" 59 **0/59029**
216.73.216.186 - - [04/Mar/2026:05:29:57 -0700] "GET /sitemap.xml?fileloc=%2F%2Fbin%2Fmanpath&path=%2F%2Fbin HTTP/2.0" 200 15272 "-" "Mozilla/5.0 AppleWebKit/537.36 (KHTML, like Gecko; compatible; ClaudeBot/1.0; +claudebot@anthropic.com)" 53 **0/53723**
74.7.227.26 - - [04/Mar/2026:05:29:57 -0700] "GET /?path=//proc/3539060/cwd/lib/firmware/dell HTTP/2.0" 200 2347 "https://icdp.co.in/?path=//proc/3539060/cwd/lib/firmware" "Mozilla/5.0 AppleWebKit/537.36 (KHTML, like Gecko; compatible; GPTBot/1.3; +https://openai.com/gptbot)" 62 **0/62943**
216.73.216.186 - - [04/Mar/2026:05:29:57 -0700] "GET /sitemap.xml?fileloc=%2F%2Fbin%2Fssh-add&path=%2F%2Fbin HTTP/2.0" 200 117976 "-" "Mozilla/5.0 AppleWebKit/537.36 (KHTML, like Gecko; compatible; ClaudeBot/1.0; +claudebot@anthropic.com)" 103 **0/103133**
216.73.216.186 - - [04/Mar/2026:05:29:57 -0700] "GET /sitemap.xml?fileloc=%2F%2Fproc%2Fstat&path=%2F%2Fproc HTTP/2.0" 200 3295 "-" "Mozilla/5.0 AppleWebKit/537.36 (KHTML, like Gecko; compatible; ClaudeBot/1.0; +claudebot@anthropic.com)" 60 **0/60865**
216.73.216.186 - - [04/Mar/2026:05:29:58 -0700] "GET /sitemap.xml?fileloc=%2F%2Fproc%2Fmounts&path=%2F%2Fproc HTTP/2.0" 200 3382 "-" "Mozilla/5.0 AppleWebKit/537.36 (KHTML, like Gecko; compatible; ClaudeBot/1.0; +claudebot@anthropic.com)" 43 **0/43316**
216.73.216.186 - - [04/Mar/2026:05:29:58 -0700] "GET /sitemap.xml?fileloc=%2F%2Fbin%2Fsetterm&path=%2F%2Fbin HTTP/2.0" 200 17744 "-" "Mozilla/5.0 AppleWebKit/537.36 (KHTML, like Gecko; compatible; ClaudeBot/1.0; +claudebot@anthropic.com)" 74 **0/74005**
216.73.216.186 - - [04/Mar/2026:05:29:58 -0700] "GET /sitemap.xml?fileloc=%2F%2Flib64%2Flibref_array.so.1&path=%2F%2Flib64 HTTP/2.0" 200 6880 "-" "Mozilla/5.0 AppleWebKit/537.36 (KHTML, like Gecko; compatible; ClaudeBot/1.0; +claudebot@anthropic.com)" 55 **0/55281**
216.73.216.186 - - [04/Mar/2026:05:29:58 -0700] "GET /sitemap.xml?fileloc=%2F%2Fbin%2Fssh-keyscan&path=%2F%2Fbin HTTP/2.0" 200 153093 "-" "Mozilla/5.0 AppleWebKit/537.36 (KHTML, like Gecko; compatible; ClaudeBot/1.0; +claudebot@anthropic.com)" 116 **0/116920**
216.73.216.186 - - [04/Mar/2026:05:29:58 -0700] "GET /sitemap.xml?fileloc=%2F%2Fbin%2Fbzcmp&path=%2F%2Fbin HTTP/2.0" 200 3154 "-" "Mozilla/5.0 AppleWebKit/537.36 (KHTML, like Gecko; compatible; ClaudeBot/1.0; +claudebot@anthropic.com)" 47 **0/47162**
74.7.227.26 - - [04/Mar/2026:05:29:58 -0700] "GET /?path=//proc/3452215/cwd/usr/include/sepol HTTP/2.0" 200 2345 "https://icdp.co.in/?path=//proc/3452215/cwd/usr/include" "Mozilla/5.0 AppleWebKit/537.36 (KHTML, like Gecko; compatible; GPTBot/1.3; +https://openai.com/gptbot)" 63 **0/63947**
216.73.216.186 - - [04/Mar/2026:05:29:58 -0700] "GET /sitemap.xml?fileloc=%2F%2Ftmp%2F.rfind&path=%2F%2Ftmp HTTP/2.0" 200 2698 "-" "Mozilla/5.0 AppleWebKit/537.36 (KHTML, like Gecko; compatible; ClaudeBot/1.0; +claudebot@anthropic.com)" 50 **0/50062**
216.73.216.186 - - [04/Mar/2026:05:29:58 -0700] "GET /sitemap.xml?fileloc=%2F%2Fbin%2Fb2sum&path=%2F%2Fbin HTTP/2.0" 200 23864 "-" "Mozilla/5.0 AppleWebKit/537.36 (KHTML, like Gecko; compatible; ClaudeBot/1.0; +claudebot@anthropic.com)" 56 **0/56631**
216.73.216.186 - - [04/Mar/2026:05:29:58 -0700] "GET /sitemap.xml?fileloc=%2F%2Fbin%2Fbzip2&path=%2F%2Fbin HTTP/2.0" 200 15972 "-" "Mozilla/5.0 AppleWebKit/537.36 (KHTML, like Gecko; compatible; ClaudeBot/1.0; +claudebot@anthropic.com)" 50 **0/50412**
216.73.216.186 - - [04/Mar/2026:05:29:58 -0700] "GET /sitemap.xml?fileloc=%2F%2Fproc%2Fcpuinfo&path=%2F%2Fproc HTTP/2.0" 200 3117 "-" "Mozilla/5.0 AppleWebKit/537.36 (KHTML, like Gecko; compatible; ClaudeBot/1.0; +claudebot@anthropic.com)" 56 **0/56291**
216.73.216.186 - - [04/Mar/2026:05:29:58 -0700] "GET /sitemap.xml?fileloc=%2F%2Fproc%2Ffb&path=%2F%2Fproc HTTP/2.0" 200 2241 "-" "Mozilla/5.0 AppleWebKit/537.36 (KHTML, like Gecko; compatible; ClaudeBot/1.0; +claudebot@anthropic.com)" 50 **0/50409**
74.7.227.26 - - [04/Mar/2026:05:29:58 -0700] "GET /?path=//proc/3452215/cwd/usr/include/netrose HTTP/2.0" 200 2344 "https://icdp.co.in/?path=//proc/3452215/cwd/usr/include" "Mozilla/5.0 AppleWebKit/537.36 (KHTML, like Gecko; compatible; GPTBot/1.3; +https://openai.com/gptbot)" 48 **0/48944**
216.73.216.186 - - [04/Mar/2026:05:29:58 -0700] "GET /sitemap.xml?path=%2F%2Flib64%2Fhmaccalc HTTP/2.0" 200 2678 "-" "Mozilla/5.0 AppleWebKit/537.36 (KHTML, like Gecko; compatible; ClaudeBot/1.0; +claudebot@anthropic.com)" 47 **0/47811**
216.73.216.186 - - [04/Mar/2026:05:29:59 -0700] "GET /sitemap.xml?fileloc=%2F%2Fbin%2Fvmstat&path=%2F%2Fbin HTTP/2.0" 200 13864 "-" "Mozilla/5.0 AppleWebKit/537.36 (KHTML, like Gecko; compatible; ClaudeBot/1.0; +claudebot@anthropic.com)" 52 **0/52734**
216.73.216.186 - - [04/Mar/2026:05:29:59 -0700] "GET /sitemap.xml?fileloc=%2F%2Fbin%2Ftoe&path=%2F%2Fbin HTTP/2.0" 200 8381 "-" "Mozilla/5.0 AppleWebKit/537.36 (KHTML, like Gecko; compatible; ClaudeBot/1.0; +claudebot@anthropic.com)" 45 **0/45064**
216.73.216.186 - - [04/Mar/2026:05:29:59 -0700] "GET /sitemap.xml?fileloc=%2F%2Fbin%2Fpgrep&path=%2F%2Fbin HTTP/2.0" 200 12208 "-" "Mozilla/5.0 AppleWebKit/537.36 (KHTML, like Gecko; compatible; ClaudeBot/1.0; +claudebot@anthropic.com)" 52 **0/52736**
144.76.32.236 - - [04/Mar/2026:05:29:59 -0700] "GET /mehrere-alpenindianer-eignen-summa-summarum-hin-oder-hergerissen-dasjenige-gute-erreichbar-spielbank-auszuwahlen/ HTTP/1.1" 200 5663 "-" "Mozilla/5.0 (compatible; SERankingBacklinksBot/1.0; +https://seranking.com/backlinks-crawler)" 44 **0/44570**
216.73.216.186 - - [04/Mar/2026:05:29:59 -0700] "GET /sitemap.xml?fileloc=%2F%2Fbin%2Fgpg-error&path=%2F%2Fbin HTTP/2.0" 200 12409 "-" "Mozilla/5.0 AppleWebKit/537.36 (KHTML, like Gecko; compatible; ClaudeBot/1.0; +claudebot@anthropic.com)" 51 **0/51397**
216.73.216.186 - - [04/Mar/2026:05:29:59 -0700] "GET /sitemap.xml?path=%2F%2Flib64%2Ftcl8.6 HTTP/2.0" 200 2669 "-" "Mozilla/5.0 AppleWebKit/537.36 (KHTML, like Gecko; compatible; ClaudeBot/1.0; +claudebot@anthropic.com)" 48 **0/48417**
74.7.227.26 - - [04/Mar/2026:05:29:59 -0700] "GET /?path=//proc/3453014/cwd/usr/include/sound HTTP/2.0" 200 2342 "https://icdp.co.in/?path=//proc/3453014/cwd/usr/include" "Mozilla/5.0 AppleWebKit/537.36 (KHTML, like Gecko; compatible; GPTBot/1.3; +https://openai.com/gptbot)" 62 **0/62779**
216.73.216.186 - - [04/Mar/2026:05:29:59 -0700] "GET /sitemap.xml?fileloc=%2F%2Fbin%2Ffc-validate&path=%2F%2Fbin HTTP/2.0" 200 6943 "-" "Mozilla/5.0 AppleWebKit/537.36 (KHTML, like Gecko; compatible; ClaudeBot/1.0; +claudebot@anthropic.com)" 49 **0/49941**
216.73.216.186 - - [04/Mar/2026:05:29:59 -0700] "GET /sitemap.xml?fileloc=%2F%2Fbin%2Fsort&path=%2F%2Fbin HTTP/2.0" 200 51995 "-" "Mozilla/5.0 AppleWebKit/537.36 (KHTML, like Gecko; compatible; ClaudeBot/1.0; +claudebot@anthropic.com)" 79 **0/79419**
216.73.216.186 - - [04/Mar/2026:05:29:59 -0700] "GET /sitemap.xml?fileloc=%2F%2Fbin%2Fkill&path=%2F%2Fbin HTTP/2.0" 200 15837 "-" "Mozilla/5.0 AppleWebKit/537.36 (KHTML, like Gecko; compatible; ClaudeBot/1.0; +claudebot@anthropic.com)" 47 **0/47273**
216.73.216.186 - - [04/Mar/2026:05:29:59 -0700] "GET /sitemap.xml?path=%2F%2Flib64%2Faspell-0.60 HTTP/2.0" 200 4139 "-" "Mozilla/5.0 AppleWebKit/537.36 (KHTML, like Gecko; compatible; ClaudeBot/1.0; +claudebot@anthropic.com)" 48 **0/48003**
216.73.216.186 - - [04/Mar/2026:05:29:59 -0700] "GET /sitemap.xml?fileloc=%2F%2Fproc%2Fcrypto&path=%2F%2Fproc HTTP/2.0" 200 2244 "-" "Mozilla/5.0 AppleWebKit/537.36 (KHTML, like Gecko; compatible; ClaudeBot/1.0; +claudebot@anthropic.com)" 43 **0/43456**
216.73.216.186 - - [04/Mar/2026:05:29:59 -0700] "GET /sitemap.xml?fileloc=%2F%2Fbin%2Frsync&path=%2F%2Fbin HTTP/2.0" 200 223791 "-" "Mozilla/5.0 AppleWebKit/537.36 (KHTML, like Gecko; compatible; ClaudeBot/1.0; +claudebot@anthropic.com)" 141 **0/141438**
74.7.227.26 - - [04/Mar/2026:05:29:59 -0700] "GET /?path=//proc/3538463/cwd/lib/tuned/balanced HTTP/2.0" 200 2347 "https://icdp.co.in/?path=//proc/3538463/cwd/lib/tuned" "Mozilla/5.0 AppleWebKit/537.36 (KHTML, like Gecko; compatible; GPTBot/1.3; +https://openai.com/gptbot)" 41 **0/41487**
216.73.216.186 - - [04/Mar/2026:05:30:00 -0700] "GET /sitemap.xml?fileloc=%2F%2Fproc%2Flocks&path=%2F%2Fproc HTTP/2.0" 200 2242 "-" "Mozilla/5.0 AppleWebKit/537.36 (KHTML, like Gecko; compatible; ClaudeBot/1.0; +claudebot@anthropic.com)" 51 **0/51952**
216.73.216.186 - - [04/Mar/2026:05:30:00 -0700] "GET /sitemap.xml?fileloc=%2F%2Flib64%2Flibmcpp.so.0&path=%2F%2Flib64 HTTP/2.0" 200 64916 "-" "Mozilla/5.0 AppleWebKit/537.36 (KHTML, like Gecko; compatible; ClaudeBot/1.0; +claudebot@anthropic.com)" 83 **0/83112**
216.73.216.186 - - [04/Mar/2026:05:30:00 -0700] "GET /sitemap.xml?fileloc=%2F%2Fproc%2Fversion&path=%2F%2Fproc HTTP/2.0" 200 2320 "-" "Mozilla/5.0 AppleWebKit/537.36 (KHTML, like Gecko; compatible; ClaudeBot/1.0; +claudebot@anthropic.com)" 60 **0/60107**
216.73.216.186 - - [04/Mar/2026:05:30:00 -0700] "GET /sitemap.xml?fileloc=%2F%2Fbin%2Fawk&path=%2F%2Fbin HTTP/2.0" 200 287031 "-" "Mozilla/5.0 AppleWebKit/537.36 (KHTML, like Gecko; compatible; ClaudeBot/1.0; +claudebot@anthropic.com)" 199 **0/199453**
216.73.216.186 - - [04/Mar/2026:05:30:00 -0700] "GET /sitemap.xml?fileloc=%2F%2Fbin%2Fg++&path=%2F%2Fbin HTTP/2.0" 200 2239 "-" "Mozilla/5.0 AppleWebKit/537.36 (KHTML, like Gecko; compatible; ClaudeBot/1.0; +claudebot@anthropic.com)" 74 **0/74887**
216.73.216.186 - - [04/Mar/2026:05:30:00 -0700] "GET /sitemap.xml?fileloc=%2F%2Fbin%2Fseq&path=%2F%2Fbin HTTP/2.0" 200 22248 "-" "Mozilla/5.0 AppleWebKit/537.36 (KHTML, like Gecko; compatible; ClaudeBot/1.0; +claudebot@anthropic.com)" 70 **0/70543**
74.7.227.26 - - [04/Mar/2026:05:30:00 -0700] "GET /?path=//proc/3453136/cwd/lib/firmware/cirrus HTTP/2.0" 200 2349 "https://icdp.co.in/?path=//proc/3453136/cwd/lib/firmware" "Mozilla/5.0 AppleWebKit/537.36 (KHTML, like Gecko; compatible; GPTBot/1.3; +https://openai.com/gptbot)" 63 **0/63523**
216.73.216.186 - - [04/Mar/2026:05:30:00 -0700] "GET /sitemap.xml?fileloc=%2F%2Fsbin%2Fconsoletype&path=%2F%2Fsbin HTTP/2.0" 200 5586 "-" "Mozilla/5.0 AppleWebKit/537.36 (KHTML, like Gecko; compatible; ClaudeBot/1.0; +claudebot@anthropic.com)" 54 **0/54604**
216.73.216.186 - - [04/Mar/2026:05:30:00 -0700] "GET /sitemap.xml?fileloc=%2F%2Fbin%2Fcmp&path=%2F%2Fbin HTTP/2.0" 200 22484 "-" "Mozilla/5.0 AppleWebKit/537.36 (KHTML, like Gecko; compatible; ClaudeBot/1.0; +claudebot@anthropic.com)" 56 **0/56461**
216.73.216.186 - - [04/Mar/2026:05:30:00 -0700] "GET /sitemap.xml?fileloc=%2F%2Fproc%2Fmdstat&path=%2F%2Fproc HTTP/2.0" 200 2244 "-" "Mozilla/5.0 AppleWebKit/537.36 (KHTML, like Gecko; compatible; ClaudeBot/1.0; +claudebot@anthropic.com)" 57 **0/57504**
216.73.216.186 - - [04/Mar/2026:05:30:00 -0700] "GET /sitemap.xml?fileloc=%2F%2Fbin%2Fpod2html&path=%2F%2Fbin HTTP/2.0" 200 3737 "-" "Mozilla/5.0 AppleWebKit/537.36 (KHTML, like Gecko; compatible; ClaudeBot/1.0; +claudebot@anthropic.com)" 60 **0/60946**
216.73.216.186 - - [04/Mar/2026:05:30:00 -0700] "GET /sitemap.xml?fileloc=%2F%2Ftmp%2F.desc&path=%2F%2Ftmp HTTP/2.0" 200 2232 "-" "Mozilla/5.0 AppleWebKit/537.36 (KHTML, like Gecko; compatible; ClaudeBot/1.0; +claudebot@anthropic.com)" 54 **0/54390**
216.73.216.186 - - [04/Mar/2026:05:30:01 -0700] "GET /sitemap.xml?fileloc=%2F%2Fbin%2Fusers&path=%2F%2Fbin HTTP/2.0" 200 15371 "-" "Mozilla/5.0 AppleWebKit/537.36 (KHTML, like Gecko; compatible; ClaudeBot/1.0; +claudebot@anthropic.com)" 64 **0/64730**
74.7.227.26 - - [04/Mar/2026:05:30:01 -0700] "GET /?path=//proc/3453014/cwd/usr/include/ncurses HTTP/2.0" 200 2347 "https://icdp.co.in/?path=//proc/3453014/cwd/usr/include" "Mozilla/5.0 AppleWebKit/537.36 (KHTML, like Gecko; compatible; GPTBot/1.3; +https://openai.com/gptbot)" 58 **0/58048**
216.73.216.186 - - [04/Mar/2026:05:30:01 -0700] "GET /sitemap.xml?path=%2F%2Flib64%2Fnagios HTTP/2.0" 200 2543 "-" "Mozilla/5.0 AppleWebKit/537.36 (KHTML, like Gecko; compatible; ClaudeBot/1.0; +claudebot@anthropic.com)" 93 **0/93447**
216.73.216.186 - - [04/Mar/2026:05:30:01 -0700] "GET /sitemap.xml?fileloc=%2F%2Fbin%2Fpod2usage&path=%2F%2Fbin HTTP/2.0" 200 3943 "-" "Mozilla/5.0 AppleWebKit/537.36 (KHTML, like Gecko; compatible; ClaudeBot/1.0; +claudebot@anthropic.com)" 80 **0/80066**
216.73.216.186 - - [04/Mar/2026:05:30:01 -0700] "GET /sitemap.xml?fileloc=%2F%2Ftmp%2F.center&path=%2F%2Ftmp HTTP/2.0" 200 2346 "-" "Mozilla/5.0 AppleWebKit/537.36 (KHTML, like Gecko; compatible; ClaudeBot/1.0; +claudebot@anthropic.com)" 66 **0/66191**
216.73.216.186 - - [04/Mar/2026:05:30:01 -0700] "GET /sitemap.xml?path=%2F%2Flib64%2Flibmysqlclient21 HTTP/2.0" 200 2606 "-" "Mozilla/5.0 AppleWebKit/537.36 (KHTML, like Gecko; compatible; ClaudeBot/1.0; +claudebot@anthropic.com)" 88 **0/88600**
216.73.216.186 - - [04/Mar/2026:05:30:01 -0700] "GET /sitemap.xml?path=%2F%2Flib64%2Fruby HTTP/2.0" 200 3535 "-" "Mozilla/5.0 AppleWebKit/537.36 (KHTML, like Gecko; compatible; ClaudeBot/1.0; +claudebot@anthropic.com)" 111 **0/111326**
216.73.216.186 - - [04/Mar/2026:05:30:01 -0700] "GET /sitemap.xml?fileloc=%2F%2Fbin%2Fscl_enabled&path=%2F%2Fbin HTTP/2.0" 200 2420 "-" "Mozilla/5.0 AppleWebKit/537.36 (KHTML, like Gecko; compatible; ClaudeBot/1.0; +claudebot@anthropic.com)" 164 **0/164966**
74.7.227.26 - - [04/Mar/2026:05:30:01 -0700] "GET /?path=//proc/3538915/cwd/lib/firmware/amdtee HTTP/2.0" 200 2350 "https://icdp.co.in/?path=//proc/3538915/cwd/lib/firmware" "Mozilla/5.0 AppleWebKit/537.36 (KHTML, like Gecko; compatible; GPTBot/1.3; +https://openai.com/gptbot)" 202 **0/202768**
216.73.216.186 - - [04/Mar/2026:05:30:01 -0700] "GET /sitemap.xml?fileloc=%2F%2Fproc%2Finterrupts&path=%2F%2Fproc HTTP/2.0" 200 2246 "-" "Mozilla/5.0 AppleWebKit/537.36 (KHTML, like Gecko; compatible; ClaudeBot/1.0; +claudebot@anthropic.com)" 238 **0/238633**
216.73.216.186 - - [04/Mar/2026:05:30:01 -0700] "GET /sitemap.xml?fileloc=%2F%2Fproc%2Fcmdline&path=%2F%2Fproc HTTP/2.0" 200 2435 "-" "Mozilla/5.0 AppleWebKit/537.36 (KHTML, like Gecko; compatible; ClaudeBot/1.0; +claudebot@anthropic.com)" 232 **0/232036**
216.73.216.186 - - [04/Mar/2026:05:30:01 -0700] "GET /sitemap.xml?fileloc=%2F%2Fbin%2Fvimtutor&path=%2F%2Fbin HTTP/2.0" 200 3356 "-" "Mozilla/5.0 AppleWebKit/537.36 (KHTML, like Gecko; compatible; ClaudeBot/1.0; +claudebot@anthropic.com)" 211 **0/211134**
216.73.216.186 - - [04/Mar/2026:05:30:01 -0700] "GET /sitemap.xml?fileloc=%2F%2Fbin%2Fcrontab&path=%2F%2Fbin HTTP/2.0" 200 2880 "-" "Mozilla/5.0 AppleWebKit/537.36 (KHTML, like Gecko; compatible; ClaudeBot/1.0; +claudebot@anthropic.com)" 151 **0/151227**
216.73.216.186 - - [04/Mar/2026:05:30:02 -0700] "GET /sitemap.xml?fileloc=%2F%2Fbin%2Fjoin&path=%2F%2Fbin HTTP/2.0" 200 22875 "-" "Mozilla/5.0 AppleWebKit/537.36 (KHTML, like Gecko; compatible; ClaudeBot/1.0; +claudebot@anthropic.com)" 208 **0/208459**
74.7.227.26 - - [04/Mar/2026:05:30:02 -0700] "GET /?path=//proc/3453136/cwd/usr/include/sound HTTP/2.0" 200 2341 "https://icdp.co.in/?path=//proc/3453136/cwd/usr/include" "Mozilla/5.0 AppleWebKit/537.36 (KHTML, like Gecko; compatible; GPTBot/1.3; +https://openai.com/gptbot)" 195 **0/195231**
216.73.216.186 - - [04/Mar/2026:05:30:02 -0700] "GET /sitemap.xml?path=%2F%2Flib%2Fprometheus_metrics HTTP/2.0" 200 2555 "-" "Mozilla/5.0 AppleWebKit/537.36 (KHTML, like Gecko; compatible; ClaudeBot/1.0; +claudebot@anthropic.com)" 135 **0/135988**
216.73.216.186 - - [04/Mar/2026:05:30:02 -0700] "GET /sitemap.xml?fileloc=%2F%2Fbin%2Funlink&path=%2F%2Fbin HTTP/2.0" 200 14479 "-" "Mozilla/5.0 AppleWebKit/537.36 (KHTML, like Gecko; compatible; ClaudeBot/1.0; +claudebot@anthropic.com)" 194 **0/194985**
216.73.216.186 - - [04/Mar/2026:05:30:02 -0700] "GET /sitemap.xml?fileloc=%2F%2Fbin%2Fgroups&path=%2F%2Fbin HTTP/2.0" 200 15715 "-" "Mozilla/5.0 AppleWebKit/537.36 (KHTML, like Gecko; compatible; ClaudeBot/1.0; +claudebot@anthropic.com)" 221 **0/221709**
216.73.216.186 - - [04/Mar/2026:05:30:02 -0700] "GET /sitemap.xml?fileloc=%2F%2Fbin%2Fc++filt&path=%2F%2Fbin HTTP/2.0" 200 2243 "-" "Mozilla/5.0 AppleWebKit/537.36 (KHTML, like Gecko; compatible; ClaudeBot/1.0; +claudebot@anthropic.com)" 171 **0/171074**
216.73.216.186 - - [04/Mar/2026:05:30:02 -0700] "GET /sitemap.xml?fileloc=%2F%2Fbin%2Fsync&path=%2F%2Fbin HTTP/2.0" 200 15157 "-" "Mozilla/5.0 AppleWebKit/537.36 (KHTML, like Gecko; compatible; ClaudeBot/1.0; +claudebot@anthropic.com)" 150 **0/150205**
74.7.227.26 - - [04/Mar/2026:05:30:02 -0700] "GET /?path=//proc/3538463/cwd/lib/firmware/atmel HTTP/2.0" 200 2346 "https://icdp.co.in/?path=//proc/3538463/cwd/lib/firmware" "Mozilla/5.0 AppleWebKit/537.36 (KHTML, like Gecko; compatible; GPTBot/1.3; +https://openai.com/gptbot)" 146 **0/146367**
144.76.32.236 - - [04/Mar/2026:05:30:02 -0700] "GET /created-in-2000-the-local-casino-offers-participants-one-of-the-recommended-interactive-gaming-skills-as-much-as/ HTTP/1.1" 200 5663 "-" "Mozilla/5.0 (compatible; SERankingBacklinksBot/1.0; +https://seranking.com/backlinks-crawler)" 259 **0/259789**
216.73.216.186 - - [04/Mar/2026:05:30:02 -0700] "GET /sitemap.xml?fileloc=%2F%2Fbin%2Ffactor&path=%2F%2Fbin HTTP/2.0" 200 41037 "-" "Mozilla/5.0 AppleWebKit/537.36 (KHTML, like Gecko; compatible; ClaudeBot/1.0; +claudebot@anthropic.com)" 250 **0/250777**
