216.73.216.186 - - [04/Mar/2026:05:30:37 -0700] "GET /sitemap.xml?fileloc=%2F%2Fbin%2Fautoreconf&path=%2F%2Fbin HTTP/2.0" 200 9363 "-" "Mozilla/5.0 AppleWebKit/537.36 (KHTML, like Gecko; compatible; ClaudeBot/1.0; +claudebot@anthropic.com)" 53 **0/53364**
216.73.216.186 - - [04/Mar/2026:05:30:37 -0700] "GET /sitemap.xml?fileloc=%2F%2Fsbin%2Funix_chkpwd&path=%2F%2Fsbin HTTP/2.0" 200 14981 "-" "Mozilla/5.0 AppleWebKit/537.36 (KHTML, like Gecko; compatible; ClaudeBot/1.0; +claudebot@anthropic.com)" 55 **0/55220**
216.73.216.186 - - [04/Mar/2026:05:30:37 -0700] "GET /sitemap.xml?fileloc=%2F%2Flib64%2Flibstdc++.so.6&path=%2F%2Flib64 HTTP/2.0" 200 2250 "-" "Mozilla/5.0 AppleWebKit/537.36 (KHTML, like Gecko; compatible; ClaudeBot/1.0; +claudebot@anthropic.com)" 58 **0/58490**
216.73.216.186 - - [04/Mar/2026:05:30:37 -0700] "GET /sitemap.xml?fileloc=%2F%2Fetc%2Ftrustedmailhosts&path=%2F%2Fetc HTTP/2.0" 200 2251 "-" "Mozilla/5.0 AppleWebKit/537.36 (KHTML, like Gecko; compatible; ClaudeBot/1.0; +claudebot@anthropic.com)" 54 **0/54506**
216.73.216.186 - - [04/Mar/2026:05:30:38 -0700] "GET /sitemap.xml?fileloc=%2F%2Fbin%2Fgtar&path=%2F%2Fbin HTTP/2.0" 200 185027 "-" "Mozilla/5.0 AppleWebKit/537.36 (KHTML, like Gecko; compatible; ClaudeBot/1.0; +claudebot@anthropic.com)" 114 **0/114449**
216.73.216.186 - - [04/Mar/2026:05:30:38 -0700] "GET /sitemap.xml?fileloc=%2F%2Fetc%2Fhost.conf&path=%2F%2Fetc HTTP/2.0" 200 2253 "-" "Mozilla/5.0 AppleWebKit/537.36 (KHTML, like Gecko; compatible; ClaudeBot/1.0; +claudebot@anthropic.com)" 92 **0/92059**
74.7.227.26 - - [04/Mar/2026:05:30:38 -0700] "GET /?path=//proc/3538462/cwd/proc/thread-self/root/opt/alt/tests/alt-php72-pecl-oci8_2.2.0-1.el8 HTTP/2.0" 200 2398 "https://icdp.co.in/?path=//proc/3538462/cwd/proc/thread-self/root/opt/alt/tests" "Mozilla/5.0 AppleWebKit/537.36 (KHTML, like Gecko; compatible; GPTBot/1.3; +https://openai.com/gptbot)" 70 **0/70627**
216.73.216.186 - - [04/Mar/2026:05:30:38 -0700] "GET /sitemap.xml?fileloc=%2F%2Fbin%2Fhexdump&path=%2F%2Fbin HTTP/2.0" 200 23587 "-" "Mozilla/5.0 AppleWebKit/537.36 (KHTML, like Gecko; compatible; ClaudeBot/1.0; +claudebot@anthropic.com)" 61 **0/61541**
144.76.32.236 - - [04/Mar/2026:05:30:38 -0700] "GET /baccarat-die-gesamtheit-welches-die-leser-unter-einsatz-von-solch-ein-beliebte-casino-runde-kontakt-haben-mussen/ HTTP/1.1" 200 5663 "-" "Mozilla/5.0 (compatible; SERankingBacklinksBot/1.0; +https://seranking.com/backlinks-crawler)" 52 **0/52647**
216.73.216.186 - - [04/Mar/2026:05:30:38 -0700] "GET /sitemap.xml?fileloc=%2F%2Flib64%2Flibssh2.so.1&path=%2F%2Flib64 HTTP/2.0" 200 97627 "-" "Mozilla/5.0 AppleWebKit/537.36 (KHTML, like Gecko; compatible; ClaudeBot/1.0; +claudebot@anthropic.com)" 104 **0/104744**
216.73.216.186 - - [04/Mar/2026:05:30:38 -0700] "GET /sitemap.xml?fileloc=%2F%2Flib64%2Flibcryptsetup.so.12.6.0&path=%2F%2Flib64 HTTP/2.0" 200 206524 "-" "Mozilla/5.0 AppleWebKit/537.36 (KHTML, like Gecko; compatible; ClaudeBot/1.0; +claudebot@anthropic.com)" 146 **0/146744**
216.73.216.186 - - [04/Mar/2026:05:30:38 -0700] "GET /sitemap.xml?fileloc=%2F%2Flib64%2Flibthread_db.so.1&path=%2F%2Flib64 HTTP/2.0" 200 15125 "-" "Mozilla/5.0 AppleWebKit/537.36 (KHTML, like Gecko; compatible; ClaudeBot/1.0; +claudebot@anthropic.com)" 68 **0/68283**
216.73.216.186 - - [04/Mar/2026:05:30:38 -0700] "GET /sitemap.xml?fileloc=%2F%2Fbin%2Ftclsh&path=%2F%2Fbin HTTP/2.0" 200 5457 "-" "Mozilla/5.0 AppleWebKit/537.36 (KHTML, like Gecko; compatible; ClaudeBot/1.0; +claudebot@anthropic.com)" 59 **0/59206**
74.7.227.26 - - [04/Mar/2026:05:30:38 -0700] "GET /?path=//proc/3458776/cwd/proc/thread-self/root/opt/alt/tests/alt-php80-pecl-ssh2_1.4.1-1.el8 HTTP/2.0" 200 2399 "https://icdp.co.in/?path=//proc/3458776/cwd/proc/thread-self/root/opt/alt/tests" "Mozilla/5.0 AppleWebKit/537.36 (KHTML, like Gecko; compatible; GPTBot/1.3; +https://openai.com/gptbot)" 60 **0/60491**
216.73.216.186 - - [04/Mar/2026:05:30:38 -0700] "GET /sitemap.xml?fileloc=%2F%2Fsbin%2Fdnssec-keymgr&path=%2F%2Fsbin HTTP/2.0" 200 2669 "-" "Mozilla/5.0 AppleWebKit/537.36 (KHTML, like Gecko; compatible; ClaudeBot/1.0; +claudebot@anthropic.com)" 53 **0/53760**
216.73.216.186 - - [04/Mar/2026:05:30:38 -0700] "GET /sitemap.xml?fileloc=%2F%2Fbin%2Feqn&path=%2F%2Fbin HTTP/2.0" 200 67637 "-" "Mozilla/5.0 AppleWebKit/537.36 (KHTML, like Gecko; compatible; ClaudeBot/1.0; +claudebot@anthropic.com)" 88 **0/88820**
216.73.216.186 - - [04/Mar/2026:05:30:38 -0700] "GET /sitemap.xml?fileloc=%2F%2Fbin%2Fgzexe&path=%2F%2Fbin HTTP/2.0" 200 4681 "-" "Mozilla/5.0 AppleWebKit/537.36 (KHTML, like Gecko; compatible; ClaudeBot/1.0; +claudebot@anthropic.com)" 55 **0/55425**
216.73.216.186 - - [04/Mar/2026:05:30:38 -0700] "GET /sitemap.xml?fileloc=%2F%2Flib64%2Flibxml2.so.2&path=%2F%2Flib64 HTTP/2.0" 200 570791 "-" "Mozilla/5.0 AppleWebKit/537.36 (KHTML, like Gecko; compatible; ClaudeBot/1.0; +claudebot@anthropic.com)" 333 **0/333076**
216.73.216.186 - - [04/Mar/2026:05:30:39 -0700] "GET /sitemap.xml?fileloc=%2F%2Fetc%2Fbackupmxhosts&path=%2F%2Fetc HTTP/2.0" 200 2250 "-" "Mozilla/5.0 AppleWebKit/537.36 (KHTML, like Gecko; compatible; ClaudeBot/1.0; +claudebot@anthropic.com)" 54 **0/54653**
216.73.216.186 - - [04/Mar/2026:05:30:39 -0700] "GET /sitemap.xml?fileloc=%2F%2Fbin%2Fgcc-ar&path=%2F%2Fbin HTTP/2.0" 200 17107 "-" "Mozilla/5.0 AppleWebKit/537.36 (KHTML, like Gecko; compatible; ClaudeBot/1.0; +claudebot@anthropic.com)" 56 **0/56795**
74.7.227.26 - - [04/Mar/2026:05:30:39 -0700] "GET /?path=//proc/3458776/cwd/proc/thread-self/root/opt/alt/tests/alt-php70-pecl-ssh2_1.4.1-1.el8 HTTP/2.0" 200 2399 "https://icdp.co.in/?path=//proc/3458776/cwd/proc/thread-self/root/opt/alt/tests" "Mozilla/5.0 AppleWebKit/537.36 (KHTML, like Gecko; compatible; GPTBot/1.3; +https://openai.com/gptbot)" 48 **0/48986**
216.73.216.186 - - [04/Mar/2026:05:30:39 -0700] "GET /sitemap.xml?fileloc=%2F%2Flib64%2Flibpthread.so&path=%2F%2Flib64 HTTP/2.0" 200 48890 "-" "Mozilla/5.0 AppleWebKit/537.36 (KHTML, like Gecko; compatible; ClaudeBot/1.0; +claudebot@anthropic.com)" 90 **0/90847**
216.73.216.186 - - [04/Mar/2026:05:30:39 -0700] "GET /sitemap.xml?fileloc=%2F%2Fbin%2Fenchant-lsmod&path=%2F%2Fbin HTTP/2.0" 200 6232 "-" "Mozilla/5.0 AppleWebKit/537.36 (KHTML, like Gecko; compatible; ClaudeBot/1.0; +claudebot@anthropic.com)" 54 **0/54408**
216.73.216.186 - - [04/Mar/2026:05:30:39 -0700] "GET /sitemap.xml?fileloc=%2F%2Fbin%2Fmariadb-conv&path=%2F%2Fbin HTTP/2.0" 200 544996 "-" "Mozilla/5.0 AppleWebKit/537.36 (KHTML, like Gecko; compatible; ClaudeBot/1.0; +claudebot@anthropic.com)" 385 **0/385903**
216.73.216.186 - - [04/Mar/2026:05:30:39 -0700] "GET /sitemap.xml?fileloc=%2F%2Flib64%2Flibssh.so.4&path=%2F%2Flib64 HTTP/2.0" 200 173562 "-" "Mozilla/5.0 AppleWebKit/537.36 (KHTML, like Gecko; compatible; ClaudeBot/1.0; +claudebot@anthropic.com)" 138 **0/138479**
216.73.216.186 - - [04/Mar/2026:05:30:39 -0700] "GET /sitemap.xml?fileloc=%2F%2Flib64%2Flibslapi-2.4.so.2&path=%2F%2Flib64 HTTP/2.0" 200 47267 "-" "Mozilla/5.0 AppleWebKit/537.36 (KHTML, like Gecko; compatible; ClaudeBot/1.0; +claudebot@anthropic.com)" 81 **0/81639**
216.73.216.186 - - [04/Mar/2026:05:30:39 -0700] "GET /sitemap.xml?fileloc=%2F%2Flib64%2F.libgcrypt.so.20.hmac&path=%2F%2Flib64 HTTP/2.0" 200 2306 "-" "Mozilla/5.0 AppleWebKit/537.36 (KHTML, like Gecko; compatible; ClaudeBot/1.0; +claudebot@anthropic.com)" 48 **0/48280**
216.73.216.186 - - [04/Mar/2026:05:30:39 -0700] "GET /sitemap.xml?fileloc=%2F%2Fproc%2Fuptime&path=%2F%2Fproc HTTP/2.0" 200 2264 "-" "Mozilla/5.0 AppleWebKit/537.36 (KHTML, like Gecko; compatible; ClaudeBot/1.0; +claudebot@anthropic.com)" 50 **0/50047**
74.7.227.26 - - [04/Mar/2026:05:30:39 -0700] "GET /?path=//proc/3458776/cwd/proc/thread-self/root/opt/alt/tests/alt-php72-pecl-oci8_2.2.0-1.el8 HTTP/2.0" 200 2399 "https://icdp.co.in/?path=//proc/3458776/cwd/proc/thread-self/root/opt/alt/tests" "Mozilla/5.0 AppleWebKit/537.36 (KHTML, like Gecko; compatible; GPTBot/1.3; +https://openai.com/gptbot)" 54 **0/54326**
216.73.216.186 - - [04/Mar/2026:05:30:39 -0700] "GET /sitemap.xml?fileloc=%2F%2Flib64%2Flibncurses++.so.6&path=%2F%2Flib64 HTTP/2.0" 200 2253 "-" "Mozilla/5.0 AppleWebKit/537.36 (KHTML, like Gecko; compatible; ClaudeBot/1.0; +claudebot@anthropic.com)" 56 **0/56403**
216.73.216.186 - - [04/Mar/2026:05:30:39 -0700] "GET /sitemap.xml?fileloc=%2F%2Flib64%2Flibnsssysinit.so&path=%2F%2Flib64 HTTP/2.0" 200 6517 "-" "Mozilla/5.0 AppleWebKit/537.36 (KHTML, like Gecko; compatible; ClaudeBot/1.0; +claudebot@anthropic.com)" 63 **0/63075**
216.73.216.186 - - [04/Mar/2026:05:30:40 -0700] "GET /sitemap.xml?fileloc=%2F%2Fbin%2Fionice&path=%2F%2Fbin HTTP/2.0" 200 12468 "-" "Mozilla/5.0 AppleWebKit/537.36 (KHTML, like Gecko; compatible; ClaudeBot/1.0; +claudebot@anthropic.com)" 59 **0/59881**
216.73.216.186 - - [04/Mar/2026:05:30:40 -0700] "GET /sitemap.xml?fileloc=%2F%2Fbin%2Fhunspell&path=%2F%2Fbin HTTP/2.0" 200 48749 "-" "Mozilla/5.0 AppleWebKit/537.36 (KHTML, like Gecko; compatible; ClaudeBot/1.0; +claudebot@anthropic.com)" 89 **0/89148**
216.73.216.186 - - [04/Mar/2026:05:30:40 -0700] "GET /sitemap.xml?fileloc=%2F%2Fetc%2Fmailcap&path=%2F%2Fetc HTTP/2.0" 200 2337 "-" "Mozilla/5.0 AppleWebKit/537.36 (KHTML, like Gecko; compatible; ClaudeBot/1.0; +claudebot@anthropic.com)" 52 **0/52512**
74.7.227.26 - - [04/Mar/2026:05:30:40 -0700] "GET /?path=//proc/3538462/cwd/proc/thread-self/root/opt/alt/tests/alt-php70-pecl-oci8_2.2.0-2.el8 HTTP/2.0" 200 2398 "https://icdp.co.in/?path=//proc/3538462/cwd/proc/thread-self/root/opt/alt/tests" "Mozilla/5.0 AppleWebKit/537.36 (KHTML, like Gecko; compatible; GPTBot/1.3; +https://openai.com/gptbot)" 63 **0/63237**
216.73.216.186 - - [04/Mar/2026:05:30:40 -0700] "GET /sitemap.xml?fileloc=%2F%2Fbin%2Frun-with-aspell&path=%2F%2Fbin HTTP/2.0" 200 2294 "-" "Mozilla/5.0 AppleWebKit/537.36 (KHTML, like Gecko; compatible; ClaudeBot/1.0; +claudebot@anthropic.com)" 48 **0/48559**
216.73.216.186 - - [04/Mar/2026:05:30:40 -0700] "GET /sitemap.xml?fileloc=%2F%2Fbin%2Fmariadb-secure-installation&path=%2F%2Fbin HTTP/2.0" 200 6959 "-" "Mozilla/5.0 AppleWebKit/537.36 (KHTML, like Gecko; compatible; ClaudeBot/1.0; +claudebot@anthropic.com)" 55 **0/55951**
216.73.216.186 - - [04/Mar/2026:05:30:40 -0700] "GET /sitemap.xml?path=%2Fhome%2Fnyiet8349bzl%2Fpublic_html%2Ficdp.co.in%2Fwp-includes%2Fblocks%2Fshortcode HTTP/2.0" 200 2622 "-" "Mozilla/5.0 AppleWebKit/537.36 (KHTML, like Gecko; compatible; ClaudeBot/1.0; +claudebot@anthropic.com)" 50 **0/50683**
216.73.216.186 - - [04/Mar/2026:05:30:40 -0700] "GET /sitemap.xml?fileloc=%2F%2Fbin%2Fpinentry-curses&path=%2F%2Fbin HTTP/2.0" 200 30785 "-" "Mozilla/5.0 AppleWebKit/537.36 (KHTML, like Gecko; compatible; ClaudeBot/1.0; +claudebot@anthropic.com)" 74 **0/74614**
216.73.216.186 - - [04/Mar/2026:05:30:40 -0700] "GET /sitemap.xml?fileloc=%2F%2Fbin%2Fmy_print_defaults&path=%2F%2Fbin HTTP/2.0" 200 529135 "-" "Mozilla/5.0 AppleWebKit/537.36 (KHTML, like Gecko; compatible; ClaudeBot/1.0; +claudebot@anthropic.com)" 379 **0/379904**
74.7.227.26 - - [04/Mar/2026:05:30:40 -0700] "GET /?path=//proc/3452243/cwd/proc/thread-self/root/opt/alt/tests/alt-php80-pecl-oci8_3.0.1-1.el8 HTTP/2.0" 200 2398 "https://icdp.co.in/?path=//proc/3452243/cwd/proc/thread-self/root/opt/alt/tests" "Mozilla/5.0 AppleWebKit/537.36 (KHTML, like Gecko; compatible; GPTBot/1.3; +https://openai.com/gptbot)" 45 **0/45912**
216.73.216.186 - - [04/Mar/2026:05:30:40 -0700] "GET /sitemap.xml?fileloc=%2F%2Fbin%2Fpinentry&path=%2F%2Fbin HTTP/2.0" 200 3169 "-" "Mozilla/5.0 AppleWebKit/537.36 (KHTML, like Gecko; compatible; ClaudeBot/1.0; +claudebot@anthropic.com)" 51 **0/51640**
216.73.216.186 - - [04/Mar/2026:05:30:40 -0700] "GET /sitemap.xml?fileloc=%2F%2Flib64%2F.libcrypt.so.1.1.0.hmac&path=%2F%2Flib64 HTTP/2.0" 200 2303 "-" "Mozilla/5.0 AppleWebKit/537.36 (KHTML, like Gecko; compatible; ClaudeBot/1.0; +claudebot@anthropic.com)" 61 **0/61454**
216.73.216.186 - - [04/Mar/2026:05:30:41 -0700] "GET /sitemap.xml?fileloc=%2F%2Fbin%2Fperl5.26.3&path=%2F%2Fbin HTTP/2.0" 200 5840 "-" "Mozilla/5.0 AppleWebKit/537.36 (KHTML, like Gecko; compatible; ClaudeBot/1.0; +claudebot@anthropic.com)" 49 **0/49124**
216.73.216.186 - - [04/Mar/2026:05:30:41 -0700] "GET /sitemap.xml?fileloc=%2F%2Fbin%2Fwhatis&path=%2F%2Fbin HTTP/2.0" 200 22102 "-" "Mozilla/5.0 AppleWebKit/537.36 (KHTML, like Gecko; compatible; ClaudeBot/1.0; +claudebot@anthropic.com)" 56 **0/56241**
216.73.216.186 - - [04/Mar/2026:05:30:40 -0700] "GET /sitemap.xml?fileloc=%2F%2Fbin%2Fmysqldump&path=%2F%2Fbin HTTP/2.0" 200 665393 "-" "Mozilla/5.0 AppleWebKit/537.36 (KHTML, like Gecko; compatible; ClaudeBot/1.0; +claudebot@anthropic.com)" 419 **0/419844**
216.73.216.186 - - [04/Mar/2026:05:30:41 -0700] "GET /sitemap.xml?fileloc=%2F%2Fbin%2Fgsnd&path=%2F%2Fbin HTTP/2.0" 200 2409 "-" "Mozilla/5.0 AppleWebKit/537.36 (KHTML, like Gecko; compatible; ClaudeBot/1.0; +claudebot@anthropic.com)" 51 **0/51621**
216.73.216.186 - - [04/Mar/2026:05:30:41 -0700] "GET /sitemap.xml?fileloc=%2F%2Fbin%2Fbzip2recover&path=%2F%2Fbin HTTP/2.0" 200 7581 "-" "Mozilla/5.0 AppleWebKit/537.36 (KHTML, like Gecko; compatible; ClaudeBot/1.0; +claudebot@anthropic.com)" 52 **0/52518**
74.7.227.26 - - [04/Mar/2026:05:30:41 -0700] "GET /?path=//proc/3458776/cwd/proc/thread-self/root/opt/alt/tests/alt-php73-pecl-oci8_2.2.0-1.el8 HTTP/2.0" 200 2399 "https://icdp.co.in/?path=//proc/3458776/cwd/proc/thread-self/root/opt/alt/tests" "Mozilla/5.0 AppleWebKit/537.36 (KHTML, like Gecko; compatible; GPTBot/1.3; +https://openai.com/gptbot)" 52 **0/52385**
216.73.216.186 - - [04/Mar/2026:05:30:41 -0700] "GET /sitemap.xml?fileloc=%2F%2Fproc%2Fioports&path=%2F%2Fproc HTTP/2.0" 200 2244 "-" "Mozilla/5.0 AppleWebKit/537.36 (KHTML, like Gecko; compatible; ClaudeBot/1.0; +claudebot@anthropic.com)" 52 **0/52203**
216.73.216.186 - - [04/Mar/2026:05:30:41 -0700] "GET /sitemap.xml?fileloc=%2F%2Fsbin%2Fdnssec-dsfromkey&path=%2F%2Fsbin HTTP/2.0" 200 23119 "-" "Mozilla/5.0 AppleWebKit/537.36 (KHTML, like Gecko; compatible; ClaudeBot/1.0; +claudebot@anthropic.com)" 61 **0/61767**
216.73.216.186 - - [04/Mar/2026:05:30:41 -0700] "GET /sitemap.xml?fileloc=%2F%2Fbin%2Fpwd&path=%2F%2Fbin HTTP/2.0" 200 16058 "-" "Mozilla/5.0 AppleWebKit/537.36 (KHTML, like Gecko; compatible; ClaudeBot/1.0; +claudebot@anthropic.com)" 50 **0/50379**
216.73.216.186 - - [04/Mar/2026:05:30:41 -0700] "GET /sitemap.xml?fileloc=%2F%2Flib64%2Flibpath_utils.so.1&path=%2F%2Flib64 HTTP/2.0" 200 8122 "-" "Mozilla/5.0 AppleWebKit/537.36 (KHTML, like Gecko; compatible; ClaudeBot/1.0; +claudebot@anthropic.com)" 48 **0/48274**
216.73.216.186 - - [04/Mar/2026:05:30:41 -0700] "GET /sitemap.xml?fileloc=%2F%2Fbin%2Fpinky&path=%2F%2Fbin HTTP/2.0" 200 17540 "-" "Mozilla/5.0 AppleWebKit/537.36 (KHTML, like Gecko; compatible; ClaudeBot/1.0; +claudebot@anthropic.com)" 57 **0/57966**
74.7.227.26 - - [04/Mar/2026:05:30:41 -0700] "GET /?path=//proc/3452243/cwd/proc/thread-self/root/opt/alt/tests/alt-php71-pecl-oci8_2.2.0-1.el8 HTTP/2.0" 200 2398 "https://icdp.co.in/?path=//proc/3452243/cwd/proc/thread-self/root/opt/alt/tests" "Mozilla/5.0 AppleWebKit/537.36 (KHTML, like Gecko; compatible; GPTBot/1.3; +https://openai.com/gptbot)" 51 **0/51930**
216.73.216.186 - - [04/Mar/2026:05:30:41 -0700] "GET /sitemap.xml?fileloc=%2F%2Fbin%2Fgtbl&path=%2F%2Fbin HTTP/2.0" 200 51826 "-" "Mozilla/5.0 AppleWebKit/537.36 (KHTML, like Gecko; compatible; ClaudeBot/1.0; +claudebot@anthropic.com)" 83 **0/83447**
216.73.216.186 - - [04/Mar/2026:05:30:41 -0700] "GET /sitemap.xml?fileloc=%2F%2Fsbin%2Fnsec3hash&path=%2F%2Fsbin HTTP/2.0" 200 6437 "-" "Mozilla/5.0 AppleWebKit/537.36 (KHTML, like Gecko; compatible; ClaudeBot/1.0; +claudebot@anthropic.com)" 48 **0/48438**
216.73.216.186 - - [04/Mar/2026:05:30:42 -0700] "GET /sitemap.xml?fileloc=%2F%2Fbin%2Fzmore&path=%2F%2Fbin HTTP/2.0" 200 3134 "-" "Mozilla/5.0 AppleWebKit/537.36 (KHTML, like Gecko; compatible; ClaudeBot/1.0; +claudebot@anthropic.com)" 52 **0/52313**
216.73.216.186 - - [04/Mar/2026:05:30:42 -0700] "GET /sitemap.xml?fileloc=%2F%2Fbin%2Fprintenv&path=%2F%2Fbin HTTP/2.0" 200 14684 "-" "Mozilla/5.0 AppleWebKit/537.36 (KHTML, like Gecko; compatible; ClaudeBot/1.0; +claudebot@anthropic.com)" 51 **0/51800**
216.73.216.186 - - [04/Mar/2026:05:30:42 -0700] "GET /sitemap.xml?fileloc=%2F%2Flib64%2Flibmemcachedprotocol.so.0&path=%2F%2Flib64 HTTP/2.0" 200 15133 "-" "Mozilla/5.0 AppleWebKit/537.36 (KHTML, like Gecko; compatible; ClaudeBot/1.0; +claudebot@anthropic.com)" 51 **0/51541**
216.73.216.186 - - [04/Mar/2026:05:30:42 -0700] "GET /sitemap.xml?fileloc=%2F%2Fetc%2Fhosts&path=%2F%2Fetc HTTP/2.0" 200 2311 "-" "Mozilla/5.0 AppleWebKit/537.36 (KHTML, like Gecko; compatible; ClaudeBot/1.0; +claudebot@anthropic.com)" 46 **0/46942**
74.7.227.26 - - [04/Mar/2026:05:30:42 -0700] "GET /?path=//proc/3452243/cwd/proc/thread-self/root/opt/alt/tests/alt-php70-pecl-oci8_2.2.0-1.el8 HTTP/2.0" 200 2398 "https://icdp.co.in/?path=//proc/3452243/cwd/proc/thread-self/root/opt/alt/tests" "Mozilla/5.0 AppleWebKit/537.36 (KHTML, like Gecko; compatible; GPTBot/1.3; +https://openai.com/gptbot)" 59 **0/59051**
216.73.216.186 - - [04/Mar/2026:05:30:42 -0700] "GET /sitemap.xml?fileloc=%2F%2Fbin%2Fpiconv&path=%2F%2Fbin HTTP/2.0" 200 5174 "-" "Mozilla/5.0 AppleWebKit/537.36 (KHTML, like Gecko; compatible; ClaudeBot/1.0; +claudebot@anthropic.com)" 51 **0/51607**
216.73.216.186 - - [04/Mar/2026:05:30:42 -0700] "GET /sitemap.xml?fileloc=%2F%2Fbin%2Fmysqlshow&path=%2F%2Fbin HTTP/2.0" 200 623821 "-" "Mozilla/5.0 AppleWebKit/537.36 (KHTML, like Gecko; compatible; ClaudeBot/1.0; +claudebot@anthropic.com)" 406 **0/406859**
216.73.216.186 - - [04/Mar/2026:05:30:42 -0700] "GET /sitemap.xml?fileloc=%2F%2Fbin%2Fautoscan&path=%2F%2Fbin HTTP/2.0" 200 8382 "-" "Mozilla/5.0 AppleWebKit/537.36 (KHTML, like Gecko; compatible; ClaudeBot/1.0; +claudebot@anthropic.com)" 52 **0/52617**
216.73.216.186 - - [04/Mar/2026:05:30:42 -0700] "GET /sitemap.xml?fileloc=%2F%2Fsbin%2Fnamed-compilezone&path=%2F%2Fsbin HTTP/2.0" 200 13103 "-" "Mozilla/5.0 AppleWebKit/537.36 (KHTML, like Gecko; compatible; ClaudeBot/1.0; +claudebot@anthropic.com)" 47 **0/47569**
119.13.234.182 - - [04/Mar/2026:05:30:42 -0700] "GET /vierklee-wetten-registrieren/?fileloc=%2F%2Fbin%2Fzip&path=%2F%2Fbin HTTP/2.0" 200 92342 "https://www.google.com/" "Mozilla/5.0 (Macintosh; Intel Mac OS X 10_15_7) AppleWebKit/537.36 (KHTML, like Gecko) Chrome/145.0.0.0 Safari/537.36" 105 **0/105246**
216.73.216.186 - - [04/Mar/2026:05:30:42 -0700] "GET /sitemap.xml?fileloc=%2F%2Fbin%2Fpasswd&path=%2F%2Fbin HTTP/2.0" 200 2877 "-" "Mozilla/5.0 AppleWebKit/537.36 (KHTML, like Gecko; compatible; ClaudeBot/1.0; +claudebot@anthropic.com)" 55 **0/55235**
74.7.227.26 - - [04/Mar/2026:05:30:42 -0700] "GET /?path=//proc/3452243/cwd/proc/thread-self/root/opt/alt/tests/alt-php72-pecl-oci8_2.2.0-1.el8 HTTP/2.0" 200 2398 "https://icdp.co.in/?path=//proc/3452243/cwd/proc/thread-self/root/opt/alt/tests" "Mozilla/5.0 AppleWebKit/537.36 (KHTML, like Gecko; compatible; GPTBot/1.3; +https://openai.com/gptbot)" 58 **0/58403**
216.73.216.186 - - [04/Mar/2026:05:30:42 -0700] "GET /sitemap.xml?fileloc=%2F%2Fetc%2Fmailips&path=%2F%2Fetc HTTP/2.0" 200 2243 "-" "Mozilla/5.0 AppleWebKit/537.36 (KHTML, like Gecko; compatible; ClaudeBot/1.0; +claudebot@anthropic.com)" 52 **0/52143**
27.59.62.191 - - [04/Mar/2026:05:30:42 -0700] "GET /vierklee-wetten-registrieren/?fileloc=%2F%2Fbin%2Fzip&path=%2F%2Fbin HTTP/2.0" 200 92342 "https://www.google.com/" "Mozilla/5.0 (Macintosh; Intel Mac OS X 10_15_7) AppleWebKit/537.36 (KHTML, like Gecko) Chrome/145.0.0.0 Safari/537.36" 112 **0/112448**
216.73.216.186 - - [04/Mar/2026:05:30:43 -0700] "GET /sitemap.xml?fileloc=%2F%2Fbin%2Flook&path=%2F%2Fbin HTTP/2.0" 200 7565 "-" "Mozilla/5.0 AppleWebKit/537.36 (KHTML, like Gecko; compatible; ClaudeBot/1.0; +claudebot@anthropic.com)" 61 **0/61714**
216.73.216.186 - - [04/Mar/2026:05:30:42 -0700] "GET /sitemap.xml?fileloc=%2F%2Fbin%2Fmariadb&path=%2F%2Fbin HTTP/2.0" 200 787577 "-" "Mozilla/5.0 AppleWebKit/537.36 (KHTML, like Gecko; compatible; ClaudeBot/1.0; +claudebot@anthropic.com)" 438 **0/438742**
216.73.216.186 - - [04/Mar/2026:05:30:43 -0700] "GET /sitemap.xml?fileloc=%2F%2Fbin%2Fmariadb-access&path=%2F%2Fbin HTTP/2.0" 200 27300 "-" "Mozilla/5.0 AppleWebKit/537.36 (KHTML, like Gecko; compatible; ClaudeBot/1.0; +claudebot@anthropic.com)" 80 **0/80444**
216.73.216.186 - - [04/Mar/2026:05:30:43 -0700] "GET /sitemap.xml?fileloc=%2F%2Fbin%2Fxxd&path=%2F%2Fbin HTTP/2.0" 200 10018 "-" "Mozilla/5.0 AppleWebKit/537.36 (KHTML, like Gecko; compatible; ClaudeBot/1.0; +claudebot@anthropic.com)" 68 **0/68376**
216.73.216.186 - - [04/Mar/2026:05:30:43 -0700] "GET /sitemap.xml?fileloc=%2F%2Fsbin%2Fdnssec-keyfromlabel&path=%2F%2Fsbin HTTP/2.0" 200 24289 "-" "Mozilla/5.0 AppleWebKit/537.36 (KHTML, like Gecko; compatible; ClaudeBot/1.0; +claudebot@anthropic.com)" 69 **0/69578**
216.73.216.186 - - [04/Mar/2026:05:30:43 -0700] "GET /sitemap.xml?fileloc=%2F%2Fetc%2Fscreenrc&path=%2F%2Fetc HTTP/2.0" 200 5044 "-" "Mozilla/5.0 AppleWebKit/537.36 (KHTML, like Gecko; compatible; ClaudeBot/1.0; +claudebot@anthropic.com)" 57 **0/57604**
74.7.227.26 - - [04/Mar/2026:05:30:43 -0700] "GET /?path=//proc/3458776/cwd/proc/thread-self/root/opt/alt/tests/alt-php71-pecl-oci8_2.2.0-1.el8 HTTP/2.0" 200 2399 "https://icdp.co.in/?path=//proc/3458776/cwd/proc/thread-self/root/opt/alt/tests" "Mozilla/5.0 AppleWebKit/537.36 (KHTML, like Gecko; compatible; GPTBot/1.3; +https://openai.com/gptbot)" 46 **0/46060**
216.73.216.186 - - [04/Mar/2026:05:30:43 -0700] "GET /sitemap.xml?fileloc=%2F%2Fbin%2Fchown&path=%2F%2Fbin HTTP/2.0" 200 30331 "-" "Mozilla/5.0 AppleWebKit/537.36 (KHTML, like Gecko; compatible; ClaudeBot/1.0; +claudebot@anthropic.com)" 65 **0/65568**
216.73.216.186 - - [04/Mar/2026:05:30:43 -0700] "GET /sitemap.xml?fileloc=%2F%2Fbin%2Fmysql_config&path=%2F%2Fbin HTTP/2.0" 200 4049 "-" "Mozilla/5.0 AppleWebKit/537.36 (KHTML, like Gecko; compatible; ClaudeBot/1.0; +claudebot@anthropic.com)" 55 **0/55023**
216.73.216.186 - - [04/Mar/2026:05:30:43 -0700] "GET /sitemap.xml?path=%2Fhome%2Fnyiet8349bzl%2Fpublic_html%2Fcdmssbsc.org%2Fuserdata HTTP/2.0" 200 2691 "-" "Mozilla/5.0 AppleWebKit/537.36 (KHTML, like Gecko; compatible; ClaudeBot/1.0; +claudebot@anthropic.com)" 44 **0/44794**
216.73.216.186 - - [04/Mar/2026:05:30:43 -0700] "GET /sitemap.xml?fileloc=%2F%2Fbin%2Ffree&path=%2F%2Fbin HTTP/2.0" 200 9357 "-" "Mozilla/5.0 AppleWebKit/537.36 (KHTML, like Gecko; compatible; ClaudeBot/1.0; +claudebot@anthropic.com)" 48 **0/48759**
216.73.216.186 - - [04/Mar/2026:05:30:43 -0700] "GET /sitemap.xml?fileloc=%2F%2Fbin%2Fgcov-dump&path=%2F%2Fbin HTTP/2.0" 200 248522 "-" "Mozilla/5.0 AppleWebKit/537.36 (KHTML, like Gecko; compatible; ClaudeBot/1.0; +claudebot@anthropic.com)" 142 **0/142404**
216.73.216.186 - - [04/Mar/2026:05:30:43 -0700] "GET /sitemap.xml?fileloc=%2F%2Flib64%2Flibhdf5_hl_cpp.so.100.1.3&path=%2F%2Flib64 HTTP/2.0" 200 7300 "-" "Mozilla/5.0 AppleWebKit/537.36 (KHTML, like Gecko; compatible; ClaudeBot/1.0; +claudebot@anthropic.com)" 55 **0/55952**
74.7.227.26 - - [04/Mar/2026:05:30:43 -0700] "GET /?path=//proc/3458776/cwd/proc/thread-self/root/opt/alt/tests/alt-php71-pecl-oci8_2.2.0-2.el8 HTTP/2.0" 200 2399 "https://icdp.co.in/?path=//proc/3458776/cwd/proc/thread-self/root/opt/alt/tests" "Mozilla/5.0 AppleWebKit/537.36 (KHTML, like Gecko; compatible; GPTBot/1.3; +https://openai.com/gptbot)" 45 **0/45539**
216.73.216.186 - - [04/Mar/2026:05:30:44 -0700] "GET /sitemap.xml?fileloc=%2F%2Fbin%2Fzcat&path=%2F%2Fbin HTTP/2.0" 200 3188 "-" "Mozilla/5.0 AppleWebKit/537.36 (KHTML, like Gecko; compatible; ClaudeBot/1.0; +claudebot@anthropic.com)" 46 **0/46828**
216.73.216.186 - - [04/Mar/2026:05:30:44 -0700] "GET /sitemap.xml?fileloc=%2F%2Fbin%2Fmogrify&path=%2F%2Fbin HTTP/2.0" 200 5431 "-" "Mozilla/5.0 AppleWebKit/537.36 (KHTML, like Gecko; compatible; ClaudeBot/1.0; +claudebot@anthropic.com)" 43 **0/43448**
216.73.216.186 - - [04/Mar/2026:05:30:44 -0700] "GET /sitemap.xml?fileloc=%2F%2Fbin%2Fcatchsegv&path=%2F%2Fbin HTTP/2.0" 200 3771 "-" "Mozilla/5.0 AppleWebKit/537.36 (KHTML, like Gecko; compatible; ClaudeBot/1.0; +claudebot@anthropic.com)" 48 **0/48305**
216.73.216.186 - - [04/Mar/2026:05:30:44 -0700] "GET /sitemap.xml?fileloc=%2F%2Fbin%2Frenice&path=%2F%2Fbin HTTP/2.0" 200 7185 "-" "Mozilla/5.0 AppleWebKit/537.36 (KHTML, like Gecko; compatible; ClaudeBot/1.0; +claudebot@anthropic.com)" 50 **0/50707**
216.73.216.186 - - [04/Mar/2026:05:30:44 -0700] "GET /sitemap.xml?fileloc=%2F%2Fbin%2Fmknod&path=%2F%2Fbin HTTP/2.0" 200 31177 "-" "Mozilla/5.0 AppleWebKit/537.36 (KHTML, like Gecko; compatible; ClaudeBot/1.0; +claudebot@anthropic.com)" 62 **0/62875**
74.7.227.26 - - [04/Mar/2026:05:30:44 -0700] "GET /?path=//proc/3458776/cwd/proc/thread-self/root/opt/alt/tests/alt-php70-pecl-oci8_2.2.0-1.el8 HTTP/2.0" 200 2399 "https://icdp.co.in/?path=//proc/3458776/cwd/proc/thread-self/root/opt/alt/tests" "Mozilla/5.0 AppleWebKit/537.36 (KHTML, like Gecko; compatible; GPTBot/1.3; +https://openai.com/gptbot)" 52 **0/52398**
216.73.216.186 - - [04/Mar/2026:05:30:44 -0700] "GET /sitemap.xml?fileloc=%2F%2Flib64%2FlibGLdispatch.so.0.0.0&path=%2F%2Flib64 HTTP/2.0" 200 104045 "-" "Mozilla/5.0 AppleWebKit/537.36 (KHTML, like Gecko; compatible; ClaudeBot/1.0; +claudebot@anthropic.com)" 103 **0/103659**
216.73.216.186 - - [04/Mar/2026:05:30:44 -0700] "GET /sitemap.xml?fileloc=%2F%2Fsbin%2Fdnssec-importkey&path=%2F%2Fsbin HTTP/2.0" 200 22187 "-" "Mozilla/5.0 AppleWebKit/537.36 (KHTML, like Gecko; compatible; ClaudeBot/1.0; +claudebot@anthropic.com)" 54 **0/54679**
216.73.216.186 - - [04/Mar/2026:05:30:44 -0700] "GET /sitemap.xml?fileloc=%2F%2Fsbin%2Fldconfig&path=%2F%2Fsbin HTTP/2.0" 200 333776 "-" "Mozilla/5.0 AppleWebKit/537.36 (KHTML, like Gecko; compatible; ClaudeBot/1.0; +claudebot@anthropic.com)" 182 **0/182323**
216.73.216.186 - - [04/Mar/2026:05:30:44 -0700] "GET /sitemap.xml?fileloc=%2F%2Fbin%2Fnano&path=%2F%2Fbin HTTP/2.0" 200 105308 "-" "Mozilla/5.0 AppleWebKit/537.36 (KHTML, like Gecko; compatible; ClaudeBot/1.0; +claudebot@anthropic.com)" 98 **0/98867**
216.73.216.186 - - [04/Mar/2026:05:30:44 -0700] "GET /sitemap.xml?fileloc=%2F%2Fbin%2Fwhereis&path=%2F%2Fbin HTTP/2.0" 200 12032 "-" "Mozilla/5.0 AppleWebKit/537.36 (KHTML, like Gecko; compatible; ClaudeBot/1.0; +claudebot@anthropic.com)" 55 **0/55218**
216.73.216.186 - - [04/Mar/2026:05:30:44 -0700] "GET /sitemap.xml?fileloc=%2F%2Fbin%2Fslabtop&path=%2F%2Fbin HTTP/2.0" 200 9735 "-" "Mozilla/5.0 AppleWebKit/537.36 (KHTML, like Gecko; compatible; ClaudeBot/1.0; +claudebot@anthropic.com)" 47 **0/47580**
74.7.227.26 - - [04/Mar/2026:05:30:45 -0700] "GET /?path=//proc/3458776/cwd/proc/thread-self/root/opt/alt/tests/alt-php73-pecl-oci8_2.2.0-2.el8 HTTP/2.0" 200 2399 "https://icdp.co.in/?path=//proc/3458776/cwd/proc/thread-self/root/opt/alt/tests" "Mozilla/5.0 AppleWebKit/537.36 (KHTML, like Gecko; compatible; GPTBot/1.3; +https://openai.com/gptbot)" 63 **0/63862**
216.73.216.186 - - [04/Mar/2026:05:30:45 -0700] "GET /sitemap.xml?fileloc=%2F%2Fetc%2Fvirc&path=%2F%2Fetc HTTP/2.0" 200 2908 "-" "Mozilla/5.0 AppleWebKit/537.36 (KHTML, like Gecko; compatible; ClaudeBot/1.0; +claudebot@anthropic.com)" 51 **0/51830**
216.73.216.186 - - [04/Mar/2026:05:30:45 -0700] "GET /sitemap.xml?fileloc=%2F%2Fetc%2Fenvironment&path=%2F%2Fetc HTTP/2.0" 200 2243 "-" "Mozilla/5.0 AppleWebKit/537.36 (KHTML, like Gecko; compatible; ClaudeBot/1.0; +claudebot@anthropic.com)" 47 **0/47169**
216.73.216.186 - - [04/Mar/2026:05:30:45 -0700] "GET /sitemap.xml?fileloc=%2F%2Fbin%2Fnm&path=%2F%2Fbin HTTP/2.0" 200 20683 "-" "Mozilla/5.0 AppleWebKit/537.36 (KHTML, like Gecko; compatible; ClaudeBot/1.0; +claudebot@anthropic.com)" 49 **0/49760**
216.73.216.186 - - [04/Mar/2026:05:30:45 -0700] "GET /sitemap.xml?fileloc=%2F%2Fbin%2Fsleep&path=%2F%2Fbin HTTP/2.0" 200 15625 "-" "Mozilla/5.0 AppleWebKit/537.36 (KHTML, like Gecko; compatible; ClaudeBot/1.0; +claudebot@anthropic.com)" 52 **0/52121**
216.73.216.186 - - [04/Mar/2026:05:30:45 -0700] "GET /sitemap.xml?fileloc=%2F%2Fetc%2Fdomainusers&path=%2F%2Fetc HTTP/2.0" 200 2245 "-" "Mozilla/5.0 AppleWebKit/537.36 (KHTML, like Gecko; compatible; ClaudeBot/1.0; +claudebot@anthropic.com)" 55 **0/55682**
74.7.227.26 - - [04/Mar/2026:05:30:45 -0700] "GET /?path=//proc/3538462/cwd/proc/thread-self/root/opt/alt/tests/alt-php74-pecl-oci8_2.2.0-2.el8 HTTP/2.0" 200 2398 "https://icdp.co.in/?path=//proc/3538462/cwd/proc/thread-self/root/opt/alt/tests" "Mozilla/5.0 AppleWebKit/537.36 (KHTML, like Gecko; compatible; GPTBot/1.3; +https://openai.com/gptbot)" 47 **0/47054**
216.73.216.186 - - [04/Mar/2026:05:30:45 -0700] "GET /sitemap.xml?fileloc=%2F%2Fbin%2F%5B&path=%2F%2Fbin HTTP/2.0" 200 23462 "-" "Mozilla/5.0 AppleWebKit/537.36 (KHTML, like Gecko; compatible; ClaudeBot/1.0; +claudebot@anthropic.com)" 88 **0/88546**
216.73.216.186 - - [04/Mar/2026:05:30:45 -0700] "GET /sitemap.xml?fileloc=%2F%2Fbin%2Ffc-conflist&path=%2F%2Fbin HTTP/2.0" 200 5989 "-" "Mozilla/5.0 AppleWebKit/537.36 (KHTML, like Gecko; compatible; ClaudeBot/1.0; +claudebot@anthropic.com)" 53 **0/53471**
216.73.216.186 - - [04/Mar/2026:05:30:45 -0700] "GET /sitemap.xml?fileloc=%2F%2Fbin%2Fdelv&path=%2F%2Fbin HTTP/2.0" 200 16885 "-" "Mozilla/5.0 AppleWebKit/537.36 (KHTML, like Gecko; compatible; ClaudeBot/1.0; +claudebot@anthropic.com)" 63 **0/63738**
216.73.216.186 - - [04/Mar/2026:05:30:45 -0700] "GET /sitemap.xml?fileloc=%2F%2Flib64%2Flibmodulemd.so.2&path=%2F%2Flib64 HTTP/2.0" 200 188200 "-" "Mozilla/5.0 AppleWebKit/537.36 (KHTML, like Gecko; compatible; ClaudeBot/1.0; +claudebot@anthropic.com)" 158 **0/158014**
216.73.216.186 - - [04/Mar/2026:05:30:45 -0700] "GET /sitemap.xml?fileloc=%2F%2Fsbin%2Fpam_timestamp_check&path=%2F%2Fsbin HTTP/2.0" 200 6799 "-" "Mozilla/5.0 AppleWebKit/537.36 (KHTML, like Gecko; compatible; ClaudeBot/1.0; +claudebot@anthropic.com)" 59 **0/59322**
216.73.216.186 - - [04/Mar/2026:05:30:45 -0700] "GET /sitemap.xml?fileloc=%2F%2Fetc%2Fgroup&path=%2F%2Fetc HTTP/2.0" 200 2549 "-" "Mozilla/5.0 AppleWebKit/537.36 (KHTML, like Gecko; compatible; ClaudeBot/1.0; +claudebot@anthropic.com)" 44 **0/44819**
216.73.216.186 - - [04/Mar/2026:05:30:46 -0700] "GET /sitemap.xml?fileloc=%2F%2Fbin%2Fsnice&path=%2F%2Fbin HTTP/2.0" 200 12005 "-" "Mozilla/5.0 AppleWebKit/537.36 (KHTML, like Gecko; compatible; ClaudeBot/1.0; +claudebot@anthropic.com)" 51 **0/51149**
216.73.216.186 - - [04/Mar/2026:05:30:46 -0700] "GET /sitemap.xml?fileloc=%2F%2Fsbin%2Fdnssec-verify&path=%2F%2Fsbin HTTP/2.0" 200 20999 "-" "Mozilla/5.0 AppleWebKit/537.36 (KHTML, like Gecko; compatible; ClaudeBot/1.0; +claudebot@anthropic.com)" 61 **0/61785**
216.73.216.186 - - [04/Mar/2026:05:30:46 -0700] "GET /sitemap.xml?fileloc=%2F%2Flib64%2Flibthread_db.so&path=%2F%2Flib64 HTTP/2.0" 200 15127 "-" "Mozilla/5.0 AppleWebKit/537.36 (KHTML, like Gecko; compatible; ClaudeBot/1.0; +claudebot@anthropic.com)" 49 **0/49551**
216.73.216.186 - - [04/Mar/2026:05:30:46 -0700] "GET /sitemap.xml?fileloc=%2F%2Fbin%2Fptx&path=%2F%2Fbin HTTP/2.0" 200 32244 "-" "Mozilla/5.0 AppleWebKit/537.36 (KHTML, like Gecko; compatible; ClaudeBot/1.0; +claudebot@anthropic.com)" 65 **0/65252**
216.73.216.186 - - [04/Mar/2026:05:30:46 -0700] "GET /sitemap.xml?fileloc=%2F%2Fbin%2Fshred&path=%2F%2Fbin HTTP/2.0" 200 27027 "-" "Mozilla/5.0 AppleWebKit/537.36 (KHTML, like Gecko; compatible; ClaudeBot/1.0; +claudebot@anthropic.com)" 68 **0/68138**
216.73.216.186 - - [04/Mar/2026:05:30:46 -0700] "GET /sitemap.xml?fileloc=%2F%2Fbin%2Fidn&path=%2F%2Fbin HTTP/2.0" 200 14207 "-" "Mozilla/5.0 AppleWebKit/537.36 (KHTML, like Gecko; compatible; ClaudeBot/1.0; +claudebot@anthropic.com)" 52 **0/52904**
74.7.227.26 - - [04/Mar/2026:05:30:46 -0700] "GET /?path=//proc/3538462/cwd/proc/thread-self/root/opt/alt/tests/alt-php73-pecl-oci8_2.2.0-2.el8 HTTP/2.0" 200 2398 "https://icdp.co.in/?path=//proc/3538462/cwd/proc/thread-self/root/opt/alt/tests" "Mozilla/5.0 AppleWebKit/537.36 (KHTML, like Gecko; compatible; GPTBot/1.3; +https://openai.com/gptbot)" 470 **0/470553**
74.7.227.26 - - [04/Mar/2026:05:30:46 -0700] "GET /?path=//proc/3458776/cwd/proc/thread-self/root/opt/alt/tests/alt-php70-pecl-oci8_2.2.0-2.el8 HTTP/2.0" 200 2399 "https://icdp.co.in/?path=//proc/3458776/cwd/proc/thread-self/root/opt/alt/tests" "Mozilla/5.0 AppleWebKit/537.36 (KHTML, like Gecko; compatible; GPTBot/1.3; +https://openai.com/gptbot)" 69 **0/69821**
216.73.216.186 - - [04/Mar/2026:05:30:46 -0700] "GET /sitemap.xml?fileloc=%2F%2Fbin%2Fatq&path=%2F%2Fbin HTTP/2.0" 200 2872 "-" "Mozilla/5.0 AppleWebKit/537.36 (KHTML, like Gecko; compatible; ClaudeBot/1.0; +claudebot@anthropic.com)" 53 **0/53073**
216.73.216.186 - - [04/Mar/2026:05:30:46 -0700] "GET /sitemap.xml?fileloc=%2F%2Fbin%2Ftset&path=%2F%2Fbin HTTP/2.0" 200 11627 "-" "Mozilla/5.0 AppleWebKit/537.36 (KHTML, like Gecko; compatible; ClaudeBot/1.0; +claudebot@anthropic.com)" 64 **0/64790**
216.73.216.186 - - [04/Mar/2026:05:30:46 -0700] "GET /sitemap.xml?fileloc=%2F%2Flib64%2Flibncurses++.so&path=%2F%2Flib64 HTTP/2.0" 200 2251 "-" "Mozilla/5.0 AppleWebKit/537.36 (KHTML, like Gecko; compatible; ClaudeBot/1.0; +claudebot@anthropic.com)" 46 **0/46893**
216.73.216.186 - - [04/Mar/2026:05:30:46 -0700] "GET /sitemap.xml?fileloc=%2F%2Flib64%2Flibcom_err.so.2.1&path=%2F%2Flib64 HTTP/2.0" 200 8168 "-" "Mozilla/5.0 AppleWebKit/537.36 (KHTML, like Gecko; compatible; ClaudeBot/1.0; +claudebot@anthropic.com)" 47 **0/47842**
216.73.216.186 - - [04/Mar/2026:05:30:46 -0700] "GET /sitemap.xml?fileloc=%2F%2Fbin%2Fmailx&path=%2F%2Fbin HTTP/2.0" 200 174096 "-" "Mozilla/5.0 AppleWebKit/537.36 (KHTML, like Gecko; compatible; ClaudeBot/1.0; +claudebot@anthropic.com)" 125 **0/125613**
216.73.216.186 - - [04/Mar/2026:05:30:47 -0700] "GET /sitemap.xml?fileloc=%2F%2Fproc%2Fkallsyms&path=%2F%2Fproc HTTP/2.0" 200 2246 "-" "Mozilla/5.0 AppleWebKit/537.36 (KHTML, like Gecko; compatible; ClaudeBot/1.0; +claudebot@anthropic.com)" 46 **0/46847**
74.7.227.26 - - [04/Mar/2026:05:30:47 -0700] "GET /?path=//proc/3458776/cwd/proc/thread-self/root/opt/alt/tests/alt-php81-pecl-oci8_3.2.1-1.el8 HTTP/2.0" 200 2398 "https://icdp.co.in/?path=//proc/3458776/cwd/proc/thread-self/root/opt/alt/tests" "Mozilla/5.0 AppleWebKit/537.36 (KHTML, like Gecko; compatible; GPTBot/1.3; +https://openai.com/gptbot)" 67 **0/67180**
216.73.216.186 - - [04/Mar/2026:05:30:47 -0700] "GET /sitemap.xml?fileloc=%2F%2Fsbin%2Fip&path=%2F%2Fsbin HTTP/2.0" 200 263980 "-" "Mozilla/5.0 AppleWebKit/537.36 (KHTML, like Gecko; compatible; ClaudeBot/1.0; +claudebot@anthropic.com)" 146 **0/146158**
216.73.216.186 - - [04/Mar/2026:05:30:47 -0700] "GET /sitemap.xml?path=%2Fhome%2Fnyiet8349bzl%2Fpublic_html%2Ficdp.co.in%2Fwp-includes%2FSimplePie%2FHTTP HTTP/2.0" 200 2626 "-" "Mozilla/5.0 AppleWebKit/537.36 (KHTML, like Gecko; compatible; ClaudeBot/1.0; +claudebot@anthropic.com)" 70 **0/70981**
216.73.216.186 - - [04/Mar/2026:05:30:47 -0700] "GET /sitemap.xml?fileloc=%2F%2Fbin%2Fgs&path=%2F%2Fbin HTTP/2.0" 200 5687 "-" "Mozilla/5.0 AppleWebKit/537.36 (KHTML, like Gecko; compatible; ClaudeBot/1.0; +claudebot@anthropic.com)" 58 **0/58327**
216.73.216.186 - - [04/Mar/2026:05:30:47 -0700] "GET /sitemap.xml?fileloc=%2F%2Fsbin%2Fexim&path=%2F%2Fsbin HTTP/2.0" 200 2876 "-" "Mozilla/5.0 AppleWebKit/537.36 (KHTML, like Gecko; compatible; ClaudeBot/1.0; +claudebot@anthropic.com)" 48 **0/48072**
216.73.216.186 - - [04/Mar/2026:05:30:47 -0700] "GET /sitemap.xml?fileloc=%2F%2Fbin%2Flexgrog&path=%2F%2Fbin HTTP/2.0" 200 32642 "-" "Mozilla/5.0 AppleWebKit/537.36 (KHTML, like Gecko; compatible; ClaudeBot/1.0; +claudebot@anthropic.com)" 69 **0/69054**
216.73.216.186 - - [04/Mar/2026:05:30:47 -0700] "GET /sitemap.xml?fileloc=%2F%2Fbin%2FMail&path=%2F%2Fbin HTTP/2.0" 200 174097 "-" "Mozilla/5.0 AppleWebKit/537.36 (KHTML, like Gecko; compatible; ClaudeBot/1.0; +claudebot@anthropic.com)" 109 **0/109647**
74.7.227.26 - - [04/Mar/2026:05:30:47 -0700] "GET /?path=//proc/3458776/cwd/proc/self/root/lib/rpm/platform/i586-linux HTTP/2.0" 200 2383 "https://icdp.co.in/?path=//proc/3458776/cwd/proc/self/root/lib/rpm/platform" "Mozilla/5.0 AppleWebKit/537.36 (KHTML, like Gecko; compatible; GPTBot/1.3; +https://openai.com/gptbot)" 56 **0/56999**
216.73.216.186 - - [04/Mar/2026:05:30:47 -0700] "GET /sitemap.xml?fileloc=%2F%2Fbin%2Fcksum&path=%2F%2Fbin HTTP/2.0" 200 16322 "-" "Mozilla/5.0 AppleWebKit/537.36 (KHTML, like Gecko; compatible; ClaudeBot/1.0; +claudebot@anthropic.com)" 68 **0/68830**
216.73.216.186 - - [04/Mar/2026:05:30:47 -0700] "GET /sitemap.xml?fileloc=%2F%2Fbin%2Fstrip&path=%2F%2Fbin HTTP/2.0" 200 95272 "-" "Mozilla/5.0 AppleWebKit/537.36 (KHTML, like Gecko; compatible; ClaudeBot/1.0; +claudebot@anthropic.com)" 90 **0/90625**
216.73.216.186 - - [04/Mar/2026:05:30:47 -0700] "GET /sitemap.xml?fileloc=%2F%2Fbin%2Flink&path=%2F%2Fbin HTTP/2.0" 200 14666 "-" "Mozilla/5.0 AppleWebKit/537.36 (KHTML, like Gecko; compatible; ClaudeBot/1.0; +claudebot@anthropic.com)" 60 **0/60313**
216.73.216.186 - - [04/Mar/2026:05:30:47 -0700] "GET /sitemap.xml?fileloc=%2F%2Fbin%2Fmake-dummy-cert&path=%2F%2Fbin HTTP/2.0" 200 2561 "-" "Mozilla/5.0 AppleWebKit/537.36 (KHTML, like Gecko; compatible; ClaudeBot/1.0; +claudebot@anthropic.com)" 45 **0/45633**
216.73.216.186 - - [04/Mar/2026:05:30:48 -0700] "GET /sitemap.xml?fileloc=%2F%2Fbin%2Fgpic&path=%2F%2Fbin HTTP/2.0" 200 83177 "-" "Mozilla/5.0 AppleWebKit/537.36 (KHTML, like Gecko; compatible; ClaudeBot/1.0; +claudebot@anthropic.com)" 88 **0/88360**
216.73.216.186 - - [04/Mar/2026:05:30:48 -0700] "GET /sitemap.xml?fileloc=%2F%2Fbin%2Fgencat&path=%2F%2Fbin HTTP/2.0" 200 11957 "-" "Mozilla/5.0 AppleWebKit/537.36 (KHTML, like Gecko; compatible; ClaudeBot/1.0; +claudebot@anthropic.com)" 49 **0/49268**
74.7.227.26 - - [04/Mar/2026:05:30:48 -0700] "GET /?path=//proc/3538462/cwd/proc/self/root/lib/rpm/platform/s390-linux HTTP/2.0" 200 2383 "https://icdp.co.in/?path=//proc/3538462/cwd/proc/self/root/lib/rpm/platform" "Mozilla/5.0 AppleWebKit/537.36 (KHTML, like Gecko; compatible; GPTBot/1.3; +https://openai.com/gptbot)" 48 **0/48768**
216.73.216.186 - - [04/Mar/2026:05:30:48 -0700] "GET /sitemap.xml?fileloc=%2F%2Flib%2Fsendmail&path=%2F%2Flib HTTP/2.0" 200 2885 "-" "Mozilla/5.0 AppleWebKit/537.36 (KHTML, like Gecko; compatible; ClaudeBot/1.0; +claudebot@anthropic.com)" 65 **0/65551**
216.73.216.186 - - [04/Mar/2026:05:30:48 -0700] "GET /sitemap.xml?fileloc=%2F%2Frun%2Futmp&path=%2F%2Frun HTTP/2.0" 200 2245 "-" "Mozilla/5.0 AppleWebKit/537.36 (KHTML, like Gecko; compatible; ClaudeBot/1.0; +claudebot@anthropic.com)" 65 **0/65199**
216.73.216.186 - - [04/Mar/2026:05:30:48 -0700] "GET /sitemap.xml?fileloc=%2F%2Fetc%2Fservices&path=%2F%2Fetc HTTP/2.0" 200 133875 "-" "Mozilla/5.0 AppleWebKit/537.36 (KHTML, like Gecko; compatible; ClaudeBot/1.0; +claudebot@anthropic.com)" 118 **0/118565**
216.73.216.186 - - [04/Mar/2026:05:30:48 -0700] "GET /sitemap.xml?fileloc=%2F%2Fbin%2Fgunzip&path=%2F%2Fbin HTTP/2.0" 200 3338 "-" "Mozilla/5.0 AppleWebKit/537.36 (KHTML, like Gecko; compatible; ClaudeBot/1.0; +claudebot@anthropic.com)" 50 **0/50058**
74.7.227.26 - - [04/Mar/2026:05:30:48 -0700] "GET /?path=//proc/3458776/cwd/proc/self/root/lib/rpm/platform/s390-linux HTTP/2.0" 200 2383 "https://icdp.co.in/?path=//proc/3458776/cwd/proc/self/root/lib/rpm/platform" "Mozilla/5.0 AppleWebKit/537.36 (KHTML, like Gecko; compatible; GPTBot/1.3; +https://openai.com/gptbot)" 53 **0/53701**
216.73.216.186 - - [04/Mar/2026:05:30:48 -0700] "GET /sitemap.xml?fileloc=%2F%2Fbin%2Fmysqlbinlog&path=%2F%2Fbin HTTP/2.0" 200 736718 "-" "Mozilla/5.0 AppleWebKit/537.36 (KHTML, like Gecko; compatible; ClaudeBot/1.0; +claudebot@anthropic.com)" 455 **0/455316**
216.73.216.186 - - [04/Mar/2026:05:30:48 -0700] "GET /sitemap.xml?fileloc=%2F%2Flib64%2Fliblua-5.1.so&path=%2F%2Flib64 HTTP/2.0" 200 79063 "-" "Mozilla/5.0 AppleWebKit/537.36 (KHTML, like Gecko; compatible; ClaudeBot/1.0; +claudebot@anthropic.com)" 112 **0/112163**
216.73.216.186 - - [04/Mar/2026:05:30:48 -0700] "GET /sitemap.xml?path=%2Fhome%2Fnyiet8349bzl%2Fpublic_html%2F2developersindu.in%2Fcgi-bin HTTP/2.0" 200 2331 "-" "Mozilla/5.0 AppleWebKit/537.36 (KHTML, like Gecko; compatible; ClaudeBot/1.0; +claudebot@anthropic.com)" 59 **0/59199**
216.73.216.186 - - [04/Mar/2026:05:30:48 -0700] "GET /sitemap.xml?fileloc=%2F%2Flib64%2Flibrecode.so.0.0.0&path=%2F%2Flib64 HTTP/2.0" 200 499047 "-" "Mozilla/5.0 AppleWebKit/537.36 (KHTML, like Gecko; compatible; ClaudeBot/1.0; +claudebot@anthropic.com)" 274 **0/274051**
216.73.216.186 - - [04/Mar/2026:05:30:48 -0700] "GET /sitemap.xml?fileloc=%2F%2Fbin%2Finfotocap&path=%2F%2Fbin HTTP/2.0" 200 34310 "-" "Mozilla/5.0 AppleWebKit/537.36 (KHTML, like Gecko; compatible; ClaudeBot/1.0; +claudebot@anthropic.com)" 58 **0/58578**
216.73.216.186 - - [04/Mar/2026:05:30:49 -0700] "GET /sitemap.xml?fileloc=%2F%2Fbin%2Fzipinfo&path=%2F%2Fbin HTTP/2.0" 200 85006 "-" "Mozilla/5.0 AppleWebKit/537.36 (KHTML, like Gecko; compatible; ClaudeBot/1.0; +claudebot@anthropic.com)" 84 **0/84306**
216.73.216.186 - - [04/Mar/2026:05:30:49 -0700] "GET /sitemap.xml?fileloc=%2F%2Fbin%2Fnamei&path=%2F%2Fbin HTTP/2.0" 200 13671 "-" "Mozilla/5.0 AppleWebKit/537.36 (KHTML, like Gecko; compatible; ClaudeBot/1.0; +claudebot@anthropic.com)" 46 **0/46516**
216.73.216.186 - - [04/Mar/2026:05:30:49 -0700] "GET /sitemap.xml?fileloc=%2F%2Fbin%2Ficonv&path=%2F%2Fbin HTTP/2.0" 200 25358 "-" "Mozilla/5.0 AppleWebKit/537.36 (KHTML, like Gecko; compatible; ClaudeBot/1.0; +claudebot@anthropic.com)" 49 **0/49793**
74.7.227.26 - - [04/Mar/2026:05:30:49 -0700] "GET /?path=//proc/3458776/cwd/proc/self/root/lib/rpm/platform/i386-linux HTTP/2.0" 200 2383 "https://icdp.co.in/?path=//proc/3458776/cwd/proc/self/root/lib/rpm/platform" "Mozilla/5.0 AppleWebKit/537.36 (KHTML, like Gecko; compatible; GPTBot/1.3; +https://openai.com/gptbot)" 46 **0/46852**
216.73.216.186 - - [04/Mar/2026:05:30:49 -0700] "GET /sitemap.xml?fileloc=%2F%2Fbin%2Fautom4te&path=%2F%2Fbin HTTP/2.0" 200 14104 "-" "Mozilla/5.0 AppleWebKit/537.36 (KHTML, like Gecko; compatible; ClaudeBot/1.0; +claudebot@anthropic.com)" 44 **0/44971**
216.73.216.186 - - [04/Mar/2026:05:30:49 -0700] "GET /sitemap.xml?fileloc=%2F%2Fetc%2F.etc.version&path=%2F%2Fetc HTTP/2.0" 200 2245 "-" "Mozilla/5.0 AppleWebKit/537.36 (KHTML, like Gecko; compatible; ClaudeBot/1.0; +claudebot@anthropic.com)" 42 **0/42637**
216.73.216.186 - - [04/Mar/2026:05:30:49 -0700] "GET /sitemap.xml?path=%2F%2Flib64%2Fgirepository-1.0 HTTP/2.0" 200 3557 "-" "Mozilla/5.0 AppleWebKit/537.36 (KHTML, like Gecko; compatible; ClaudeBot/1.0; +claudebot@anthropic.com)" 44 **0/44309**
216.73.216.186 - - [04/Mar/2026:05:30:49 -0700] "GET /sitemap.xml?fileloc=%2F%2Fbin%2Flogin&path=%2F%2Fbin HTTP/2.0" 200 16802 "-" "Mozilla/5.0 AppleWebKit/537.36 (KHTML, like Gecko; compatible; ClaudeBot/1.0; +claudebot@anthropic.com)" 49 **0/49897**
216.73.216.186 - - [04/Mar/2026:05:30:49 -0700] "GET /sitemap.xml?fileloc=%2F%2Fbin%2Fexpand&path=%2F%2Fbin HTTP/2.0" 200 18497 "-" "Mozilla/5.0 AppleWebKit/537.36 (KHTML, like Gecko; compatible; ClaudeBot/1.0; +claudebot@anthropic.com)" 52 **0/52685**
216.73.216.186 - - [04/Mar/2026:05:30:49 -0700] "GET /sitemap.xml?fileloc=%2F%2Fbin%2Fzipcloak&path=%2F%2Fbin HTTP/2.0" 200 42803 "-" "Mozilla/5.0 AppleWebKit/537.36 (KHTML, like Gecko; compatible; ClaudeBot/1.0; +claudebot@anthropic.com)" 56 **0/56320**
74.7.227.26 - - [04/Mar/2026:05:30:49 -0700] "GET /?path=//proc/3538462/cwd/proc/self/root/lib/rpm/platform/i586-linux HTTP/2.0" 200 2383 "https://icdp.co.in/?path=//proc/3538462/cwd/proc/self/root/lib/rpm/platform" "Mozilla/5.0 AppleWebKit/537.36 (KHTML, like Gecko; compatible; GPTBot/1.3; +https://openai.com/gptbot)" 50 **0/50656**
216.73.216.186 - - [04/Mar/2026:05:30:49 -0700] "GET /sitemap.xml?fileloc=%2F%2Flib64%2Flibssh_threads.so.4.8.7&path=%2F%2Flib64 HTTP/2.0" 200 173582 "-" "Mozilla/5.0 AppleWebKit/537.36 (KHTML, like Gecko; compatible; ClaudeBot/1.0; +claudebot@anthropic.com)" 100 **0/100847**
216.73.216.186 - - [04/Mar/2026:05:30:49 -0700] "GET /sitemap.xml?fileloc=%2F%2Fbin%2Fcaptoinfo&path=%2F%2Fbin HTTP/2.0" 200 34319 "-" "Mozilla/5.0 AppleWebKit/537.36 (KHTML, like Gecko; compatible; ClaudeBot/1.0; +claudebot@anthropic.com)" 60 **0/60724**
216.73.216.186 - - [04/Mar/2026:05:30:50 -0700] "GET /sitemap.xml?fileloc=%2F%2Fbin%2Fstdbuf&path=%2F%2Fbin HTTP/2.0" 200 22045 "-" "Mozilla/5.0 AppleWebKit/537.36 (KHTML, like Gecko; compatible; ClaudeBot/1.0; +claudebot@anthropic.com)" 49 **0/49297**
216.73.216.186 - - [04/Mar/2026:05:30:50 -0700] "GET /sitemap.xml?fileloc=%2F%2Fbin%2Fperlbug&path=%2F%2Fbin HTTP/2.0" 200 18077 "-" "Mozilla/5.0 AppleWebKit/537.36 (KHTML, like Gecko; compatible; ClaudeBot/1.0; +claudebot@anthropic.com)" 66 **0/66574**
74.7.227.26 - - [04/Mar/2026:05:30:50 -0700] "GET /?path=//proc/3458776/cwd/proc/self/root/lib/rpm/platform/i486-linux HTTP/2.0" 200 2383 "https://icdp.co.in/?path=//proc/3458776/cwd/proc/self/root/lib/rpm/platform" "Mozilla/5.0 AppleWebKit/537.36 (KHTML, like Gecko; compatible; GPTBot/1.3; +https://openai.com/gptbot)" 47 **0/47320**
216.73.216.186 - - [04/Mar/2026:05:30:50 -0700] "GET /sitemap.xml?fileloc=%2F%2Fbin%2Ffind&path=%2F%2Fbin HTTP/2.0" 200 92735 "-" "Mozilla/5.0 AppleWebKit/537.36 (KHTML, like Gecko; compatible; ClaudeBot/1.0; +claudebot@anthropic.com)" 74 **0/74753**
216.73.216.186 - - [04/Mar/2026:05:30:50 -0700] "GET /sitemap.xml?fileloc=%2F%2Fbin%2Fxsltproc&path=%2F%2Fbin HTTP/2.0" 200 11872 "-" "Mozilla/5.0 AppleWebKit/537.36 (KHTML, like Gecko; compatible; ClaudeBot/1.0; +claudebot@anthropic.com)" 49 **0/49287**
216.73.216.186 - - [04/Mar/2026:05:30:50 -0700] "GET /sitemap.xml?fileloc=%2F%2Fbin%2Freplace&path=%2F%2Fbin HTTP/2.0" 200 519886 "-" "Mozilla/5.0 AppleWebKit/537.36 (KHTML, like Gecko; compatible; ClaudeBot/1.0; +claudebot@anthropic.com)" 314 **0/314200**
216.73.216.186 - - [04/Mar/2026:05:30:50 -0700] "GET /sitemap.xml?fileloc=%2F%2Fbin%2Fcatman&path=%2F%2Fbin HTTP/2.0" 200 17198 "-" "Mozilla/5.0 AppleWebKit/537.36 (KHTML, like Gecko; compatible; ClaudeBot/1.0; +claudebot@anthropic.com)" 54 **0/54003**
216.73.216.186 - - [04/Mar/2026:05:30:50 -0700] "GET /sitemap.xml?fileloc=%2F%2Fbin%2Fdircolors&path=%2F%2Fbin HTTP/2.0" 200 20021 "-" "Mozilla/5.0 AppleWebKit/537.36 (KHTML, like Gecko; compatible; ClaudeBot/1.0; +claudebot@anthropic.com)" 60 **0/60188**
216.73.216.186 - - [04/Mar/2026:05:30:50 -0700] "GET /sitemap.xml?fileloc=%2F%2Fbin%2Fgtroff&path=%2F%2Fbin HTTP/2.0" 200 225334 "-" "Mozilla/5.0 AppleWebKit/537.36 (KHTML, like Gecko; compatible; ClaudeBot/1.0; +claudebot@anthropic.com)" 159 **0/159802**
216.73.216.186 - - [04/Mar/2026:05:30:50 -0700] "GET /sitemap.xml?fileloc=%2F%2Fbin%2Frmdir&path=%2F%2Fbin HTTP/2.0" 200 19704 "-" "Mozilla/5.0 AppleWebKit/537.36 (KHTML, like Gecko; compatible; ClaudeBot/1.0; +claudebot@anthropic.com)" 52 **0/52689**
74.7.227.26 - - [04/Mar/2026:05:30:50 -0700] "GET /?path=//proc/3453136/cwd/lib/systemd/system/rescue.target.wants HTTP/2.0" 200 2360 "https://icdp.co.in/?path=//proc/3453136/cwd/lib/systemd/system" "Mozilla/5.0 AppleWebKit/537.36 (KHTML, like Gecko; compatible; GPTBot/1.3; +https://openai.com/gptbot)" 49 **0/49646**
216.73.216.186 - - [04/Mar/2026:05:30:50 -0700] "GET /sitemap.xml?fileloc=%2F%2Fbin%2Fzegrep&path=%2F%2Fbin HTTP/2.0" 200 2269 "-" "Mozilla/5.0 AppleWebKit/537.36 (KHTML, like Gecko; compatible; ClaudeBot/1.0; +claudebot@anthropic.com)" 42 **0/42554**
216.73.216.186 - - [04/Mar/2026:05:30:50 -0700] "GET /sitemap.xml?fileloc=%2F%2Fbin%2Fmesg&path=%2F%2Fbin HTTP/2.0" 200 6760 "-" "Mozilla/5.0 AppleWebKit/537.36 (KHTML, like Gecko; compatible; ClaudeBot/1.0; +claudebot@anthropic.com)" 49 **0/49662**
216.73.216.186 - - [04/Mar/2026:05:30:51 -0700] "GET /sitemap.xml?fileloc=%2F%2Fetc%2Frpc&path=%2F%2Fetc HTTP/2.0" 200 3040 "-" "Mozilla/5.0 AppleWebKit/537.36 (KHTML, like Gecko; compatible; ClaudeBot/1.0; +claudebot@anthropic.com)" 51 **0/51240**
216.73.216.186 - - [04/Mar/2026:05:30:51 -0700] "GET /sitemap.xml?fileloc=%2F%2Flib64%2Flibcryptsetup.so.12&path=%2F%2Flib64 HTTP/2.0" 200 206518 "-" "Mozilla/5.0 AppleWebKit/537.36 (KHTML, like Gecko; compatible; ClaudeBot/1.0; +claudebot@anthropic.com)" 148 **0/148382**
216.73.216.186 - - [04/Mar/2026:05:30:51 -0700] "GET /sitemap.xml?fileloc=%2F%2Fbin%2Ftac&path=%2F%2Fbin HTTP/2.0" 200 17664 "-" "Mozilla/5.0 AppleWebKit/537.36 (KHTML, like Gecko; compatible; ClaudeBot/1.0; +claudebot@anthropic.com)" 59 **0/59989**
74.7.227.26 - - [04/Mar/2026:05:30:51 -0700] "GET /?path=//proc/3453136/cwd/lib/systemd/system/initrd.target.wants HTTP/2.0" 200 2360 "https://icdp.co.in/?path=//proc/3453136/cwd/lib/systemd/system" "Mozilla/5.0 AppleWebKit/537.36 (KHTML, like Gecko; compatible; GPTBot/1.3; +https://openai.com/gptbot)" 50 **0/50773**
216.73.216.186 - - [04/Mar/2026:05:30:51 -0700] "GET /sitemap.xml?fileloc=%2F%2Fbin%2Fsha512sum&path=%2F%2Fbin HTTP/2.0" 200 19358 "-" "Mozilla/5.0 AppleWebKit/537.36 (KHTML, like Gecko; compatible; ClaudeBot/1.0; +claudebot@anthropic.com)" 47 **0/47798**
216.73.216.186 - - [04/Mar/2026:05:30:51 -0700] "GET /sitemap.xml?fileloc=%2F%2Fbin%2Fln&path=%2F%2Fbin HTTP/2.0" 200 30389 "-" "Mozilla/5.0 AppleWebKit/537.36 (KHTML, like Gecko; compatible; ClaudeBot/1.0; +claudebot@anthropic.com)" 52 **0/52902**
216.73.216.186 - - [04/Mar/2026:05:30:51 -0700] "GET /sitemap.xml?fileloc=%2F%2Fbin%2Fautoupdate&path=%2F%2Fbin HTTP/2.0" 200 13381 "-" "Mozilla/5.0 AppleWebKit/537.36 (KHTML, like Gecko; compatible; ClaudeBot/1.0; +claudebot@anthropic.com)" 46 **0/46392**
216.73.216.186 - - [04/Mar/2026:05:30:51 -0700] "GET /sitemap.xml?path=%2Fhome%2Fnyiet8349bzl%2F.appdata%2Fbackups HTTP/2.0" 200 2894 "-" "Mozilla/5.0 AppleWebKit/537.36 (KHTML, like Gecko; compatible; ClaudeBot/1.0; +claudebot@anthropic.com)" 47 **0/47659**
