216.73.216.186 - - [04/Mar/2026:05:35:13 -0700] "GET /bookmakers-mostbet-bonus-di-iscrizione-aams?fileloc=%2Fhome%2Fnyiet8349bzl%2Fpublic_html%2Fcdmssbsc.org%2Fevents.php&path=%2Fhome%2Fnyiet8349bzl%2Fpublic_html%2Fcdmssbsc.org HTTP/2.0" 403 4676 "-" "Mozilla/5.0 AppleWebKit/537.36 (KHTML, like Gecko; compatible; ClaudeBot/1.0; +claudebot@anthropic.com)" 56 **0/56508**
216.73.216.186 - - [04/Mar/2026:05:35:14 -0700] "GET /ukash-playing-web-oshi-bet-sites-2025-better-ukash-california-web-based-casinos?fileloc=%2Fhome%2Fnyiet8349bzl%2Fpublic_html%2Ficdp.co.in%2Fwp-blog-header.php&path=%2Fhome%2Fnyiet8349bzl%2Fpublic_html%2Ficdp.co.in HTTP/2.0" 403 4676 "-" "Mozilla/5.0 AppleWebKit/537.36 (KHTML, like Gecko; compatible; ClaudeBot/1.0; +claudebot@anthropic.com)" 49 **0/49863**
74.7.227.26 - - [04/Mar/2026:05:35:14 -0700] "GET /?path=//proc/3458776/cwd/lib/.build-id/55 HTTP/2.0" 200 2343 "https://icdp.co.in/?path=//proc/3458776/cwd/lib/.build-id" "Mozilla/5.0 AppleWebKit/537.36 (KHTML, like Gecko; compatible; GPTBot/1.3; +https://openai.com/gptbot)" 50 **0/50053**
216.73.216.186 - - [04/Mar/2026:05:35:14 -0700] "GET /bookmakers-mostbet-bonus-di-iscrizione-aams?fileloc=%2Fhome%2Fnyiet8349bzl%2Fpublic_html%2Ficdp.co.in%2Fwp-admin%2Fsite-health.php&path=%2Fhome%2Fnyiet8349bzl%2Fpublic_html%2Ficdp.co.in%2Fwp-admin HTTP/2.0" 403 4676 "-" "Mozilla/5.0 AppleWebKit/537.36 (KHTML, like Gecko; compatible; ClaudeBot/1.0; +claudebot@anthropic.com)" 58 **0/58269**
216.73.216.186 - - [04/Mar/2026:05:35:14 -0700] "GET /sizzling-hot-deluxe-erreichbar-fur-nusse-auffuhren/feed?path=%2Fhome%2Fnyiet8349bzl%2Fpublic_html%2Fsbscalumni.org HTTP/2.0" 403 4676 "-" "Mozilla/5.0 AppleWebKit/537.36 (KHTML, like Gecko; compatible; ClaudeBot/1.0; +claudebot@anthropic.com)" 64 **0/64159**
216.73.216.186 - - [04/Mar/2026:05:35:14 -0700] "GET /kupit-diplom-rggu-na-blanke-kachestvenno-i?fileloc=%2Fhome%2Fnyiet8349bzl%2Fpublic_html%2Ficdp.co.in%2Fwp-settings.php&path=%2Fhome%2Fnyiet8349bzl%2Fpublic_html%2Ficdp.co.in HTTP/2.0" 403 4676 "-" "Mozilla/5.0 AppleWebKit/537.36 (KHTML, like Gecko; compatible; ClaudeBot/1.0; +claudebot@anthropic.com)" 48 **0/48998**
216.73.216.186 - - [04/Mar/2026:05:35:14 -0700] "GET /casinozer-exergue-centrafrique-gratification-100-jusqua-depot-de-casino-maestro-500?path=%2Fhome%2Fnyiet8349bzl%2Fpublic_html%2Ficdp.co.in%2Fwp-includes%2FPHPMailer HTTP/2.0" 403 4676 "-" "Mozilla/5.0 AppleWebKit/537.36 (KHTML, like Gecko; compatible; ClaudeBot/1.0; +claudebot@anthropic.com)" 58 **0/58321**
216.73.216.186 - - [04/Mar/2026:05:35:14 -0700] "GET /plus-grands-casinos-blackjack-quelque-wizard-of-oz-machine-a-sous-peu-2025-letranger-jeux-absolves-cambrousse/feed?path=%2Fhome%2Fnyiet8349bzl%2Fpublic_html%2Ficdp.co.in%2Ftmp%2Fanalog HTTP/2.0" 403 4676 "-" "Mozilla/5.0 AppleWebKit/537.36 (KHTML, like Gecko; compatible; ClaudeBot/1.0; +claudebot@anthropic.com)" 48 **0/48916**
216.73.216.186 - - [04/Mar/2026:05:35:14 -0700] "GET /sitemap.xml?fileloc=%2Fhome%2Fnyiet8349bzl%2Fpublic_html%2Ficbm2026.sbsc.in%2Ferror_log&path=%2Fhome%2Fnyiet8349bzl%2Fpublic_html%2Ficbm2026.sbsc.in HTTP/2.0" 200 3128 "-" "Mozilla/5.0 AppleWebKit/537.36 (KHTML, like Gecko; compatible; ClaudeBot/1.0; +claudebot@anthropic.com)" 63 **0/63168**
74.7.227.26 - - [04/Mar/2026:05:35:14 -0700] "GET /?path=//proc/3485806/cwd/lib/.build-id/08 HTTP/2.0" 200 2343 "https://icdp.co.in/?path=//proc/3485806/cwd/lib/.build-id" "Mozilla/5.0 AppleWebKit/537.36 (KHTML, like Gecko; compatible; GPTBot/1.3; +https://openai.com/gptbot)" 51 **0/51882**
216.73.216.186 - - [04/Mar/2026:05:35:14 -0700] "GET /casinozer-exergue-centrafrique-gratification-100-jusqua-depot-de-casino-maestro-500?fileloc=%2Fhome%2Fnyiet8349bzl%2Fpublic_html%2Ficdp.co.in%2Fwp-includes%2Ffeed-atom-comments.php&path=%2Fhome%2Fnyiet8349bzl%2Fpublic_html%2Ficdp.co.in%2Fwp-includes HTTP/2.0" 403 4676 "-" "Mozilla/5.0 AppleWebKit/537.36 (KHTML, like Gecko; compatible; ClaudeBot/1.0; +claudebot@anthropic.com)" 53 **0/53939**
216.73.216.186 - - [04/Mar/2026:05:35:14 -0700] "GET /kupit-diplom-rggu-na-blanke-kachestvenno-i?fileloc=%2Fhome%2Fnyiet8349bzl%2Fpublic_html%2Ficdp.co.in%2Fwp-load.php&path=%2Fhome%2Fnyiet8349bzl%2Fpublic_html%2Ficdp.co.in HTTP/2.0" 403 4676 "-" "Mozilla/5.0 AppleWebKit/537.36 (KHTML, like Gecko; compatible; ClaudeBot/1.0; +claudebot@anthropic.com)" 47 **0/47076**
216.73.216.186 - - [04/Mar/2026:05:35:14 -0700] "GET /bookmakers-mostbet-bonus-di-iscrizione-aams?fileloc=%2Fhome%2Fnyiet8349bzl%2Fpublic_html%2Ficdp.co.in%2Fwp-admin%2Fsite-health-info.php&path=%2Fhome%2Fnyiet8349bzl%2Fpublic_html%2Ficdp.co.in%2Fwp-admin HTTP/2.0" 403 4676 "-" "Mozilla/5.0 AppleWebKit/537.36 (KHTML, like Gecko; compatible; ClaudeBot/1.0; +claudebot@anthropic.com)" 53 **0/53355**
216.73.216.186 - - [04/Mar/2026:05:35:14 -0700] "GET /this-enables-people-having-fun-and-exciting-sense-incase-and-you-will-irrespective-of-where-you-desire?fileloc=%2F%2Fbin%2Funlink&path=%2F%2Fbin HTTP/2.0" 403 4676 "-" "Mozilla/5.0 AppleWebKit/537.36 (KHTML, like Gecko; compatible; ClaudeBot/1.0; +claudebot@anthropic.com)" 42 **0/42463**
17.22.245.58 - - [04/Mar/2026:05:35:15 -0700] "GET /handy-casino-pramie-abzuglich-einzahlung-2026-traktandum-mobile-casinos/ HTTP/1.1" 200 5663 "-" "Mozilla/5.0 (Macintosh; Intel Mac OS X 10_15_7) AppleWebKit/605.1.15 (KHTML, like Gecko) Version/17.4 Safari/605.1.15 (Applebot/0.1; +http://www.apple.com/go/applebot)" 40 **0/40637**
216.73.216.186 - - [04/Mar/2026:05:35:15 -0700] "GET /vicibet-gry-na-automatach-sztucznej-inteligencji?fileloc=%2Fhome%2Fnyiet8349bzl%2Fpublic_html%2Ficdp.co.in%2FSearch-Replace-DB-master%2Fsrdb.class.php&path=%2Fhome%2Fnyiet8349bzl%2Fpublic_html%2Ficdp.co.in%2FSearch-Replace-DB-master HTTP/2.0" 403 4676 "-" "Mozilla/5.0 AppleWebKit/537.36 (KHTML, like Gecko; compatible; ClaudeBot/1.0; +claudebot@anthropic.com)" 50 **0/50087**
74.7.227.26 - - [04/Mar/2026:05:35:15 -0700] "GET /?path=//proc/3452243/cwd/lib/.build-id/50 HTTP/2.0" 200 2343 "https://icdp.co.in/?path=//proc/3452243/cwd/lib/.build-id" "Mozilla/5.0 AppleWebKit/537.36 (KHTML, like Gecko; compatible; GPTBot/1.3; +https://openai.com/gptbot)" 41 **0/41538**
216.73.216.186 - - [04/Mar/2026:05:35:15 -0700] "GET /messe-mir-inside-die-5-einzahlungs-casinos-online-augen-germanisch-englische-sprache-ubersetzung-pons?fileloc=%2Fhome%2Fnyiet8349bzl%2Fpublic_html%2Ficdp.co.in%2Fwp-includes%2Fclass-wp-customize-panel.php&path=%2Fhome%2Fnyiet8349bzl%2Fpublic_html%2Ficdp.co.in%2Fwp-includes HTTP/2.0" 403 4676 "-" "Mozilla/5.0 AppleWebKit/537.36 (KHTML, like Gecko; compatible; ClaudeBot/1.0; +claudebot@anthropic.com)" 60 **0/60093**
216.73.216.186 - - [04/Mar/2026:05:35:15 -0700] "GET /beste-fruits-and-jokers-100-lines-slot-free-spins-verbunden-casinos-inside-brd-top-10-casinos-2026?fileloc=%2F%2Flib64%2Fpython2.7%2Fxmllib.pyo&path=%2F%2Flib64%2Fpython2.7 HTTP/2.0" 403 4676 "-" "Mozilla/5.0 AppleWebKit/537.36 (KHTML, like Gecko; compatible; ClaudeBot/1.0; +claudebot@anthropic.com)" 44 **0/44196**
216.73.216.186 - - [04/Mar/2026:05:35:15 -0700] "GET /ultimata-hugo-casino-bonus-sidor-inte-me-sparr-spelpaus-2025?fileloc=%2Fhome%2Fnyiet8349bzl%2Fpublic_html%2Ficdp.co.in%2Fwp-includes%2Fclass-walker-comment.php&path=%2Fhome%2Fnyiet8349bzl%2Fpublic_html%2Ficdp.co.in%2Fwp-includes HTTP/2.0" 403 4676 "-" "Mozilla/5.0 AppleWebKit/537.36 (KHTML, like Gecko; compatible; ClaudeBot/1.0; +claudebot@anthropic.com)" 44 **0/44028**
216.73.216.186 - - [04/Mar/2026:05:35:15 -0700] "GET /quick-payout-casinos-in-casino-promotions-deposit-5-get-20-australia-2025-immediate-withdrawals/feed?path=%2F%2Flib%2Ftmpfiles.d HTTP/2.0" 403 4676 "-" "Mozilla/5.0 AppleWebKit/537.36 (KHTML, like Gecko; compatible; ClaudeBot/1.0; +claudebot@anthropic.com)" 46 **0/46452**
216.73.216.186 - - [04/Mar/2026:05:35:15 -0700] "GET /bookmakers-mostbet-bonus-di-iscrizione-aams?fileloc=%2Fhome%2Fnyiet8349bzl%2Fpublic_html%2Ficdp.co.in%2Fwp-admin%2Fjs%2Fmedia.min.js&path=%2Fhome%2Fnyiet8349bzl%2Fpublic_html%2Ficdp.co.in%2Fwp-admin%2Fjs HTTP/2.0" 403 4676 "-" "Mozilla/5.0 AppleWebKit/537.36 (KHTML, like Gecko; compatible; ClaudeBot/1.0; +claudebot@anthropic.com)" 41 **0/41510**
216.73.216.186 - - [04/Mar/2026:05:35:15 -0700] "GET /this-enables-people-having-fun-and-exciting-sense-incase-and-you-will-irrespective-of-where-you-desire?fileloc=%2F%2Fproc%2Fnet%2Froute&path=%2F%2Fproc%2Fnet HTTP/2.0" 403 4676 "-" "Mozilla/5.0 AppleWebKit/537.36 (KHTML, like Gecko; compatible; ClaudeBot/1.0; +claudebot@anthropic.com)" 42 **0/42961**
74.7.227.26 - - [04/Mar/2026:05:35:15 -0700] "GET /?path=//proc/3452243/cwd/lib/.build-id/88 HTTP/2.0" 200 2343 "https://icdp.co.in/?path=//proc/3452243/cwd/lib/.build-id" "Mozilla/5.0 AppleWebKit/537.36 (KHTML, like Gecko; compatible; GPTBot/1.3; +https://openai.com/gptbot)" 41 **0/41178**
216.73.216.186 - - [04/Mar/2026:05:35:15 -0700] "GET /15-euro-provision-casino-dunder-100-e-freispiele-blos-einzahlung-in-erreichbar-casinos/feed?fileloc=%2Fhome%2Fnyiet8349bzl%2Fpublic_html%2Ficdp.co.in%2Fwp-includes%2Fclass-wp-customize-panel.php&path=%2Fhome%2Fnyiet8349bzl%2Fpublic_html%2Ficdp.co.in%2Fwp-includes HTTP/2.0" 403 4676 "-" "Mozilla/5.0 AppleWebKit/537.36 (KHTML, like Gecko; compatible; ClaudeBot/1.0; +claudebot@anthropic.com)" 47 **0/47043**
216.73.216.186 - - [04/Mar/2026:05:35:15 -0700] "GET /15-euro-provision-casino-dunder-100-e-freispiele-blos-einzahlung-in-erreichbar-casinos/feed?fileloc=%2Fhome%2Fnyiet8349bzl%2Fpublic_html%2Ficdp.co.in%2Fwp-includes%2Fclass-wp-object-cache.php&path=%2Fhome%2Fnyiet8349bzl%2Fpublic_html%2Ficdp.co.in%2Fwp-includes HTTP/2.0" 403 4676 "-" "Mozilla/5.0 AppleWebKit/537.36 (KHTML, like Gecko; compatible; ClaudeBot/1.0; +claudebot@anthropic.com)" 40 **0/40136**
216.73.216.186 - - [04/Mar/2026:05:35:15 -0700] "GET /sizzling-hot-deluxe-erreichbar-fur-nusse-auffuhren/feed?path=%2Fhome%2Fnyiet8349bzl%2Fpublic_html%2Ficdp.co.in%2FSearch-Replace-DB-master HTTP/2.0" 403 4676 "-" "Mozilla/5.0 AppleWebKit/537.36 (KHTML, like Gecko; compatible; ClaudeBot/1.0; +claudebot@anthropic.com)" 47 **0/47636**
216.73.216.186 - - [04/Mar/2026:05:35:15 -0700] "GET /casinozer-exergue-centrafrique-gratification-100-jusqua-depot-de-casino-maestro-500?fileloc=%2Fhome%2Fnyiet8349bzl%2Fpublic_html%2Ficdp.co.in%2Fwp-includes%2Fclass-wp-simplepie-file.php&path=%2Fhome%2Fnyiet8349bzl%2Fpublic_html%2Ficdp.co.in%2Fwp-includes HTTP/2.0" 403 4676 "-" "Mozilla/5.0 AppleWebKit/537.36 (KHTML, like Gecko; compatible; ClaudeBot/1.0; +claudebot@anthropic.com)" 47 **0/47520**
216.73.216.186 - - [04/Mar/2026:05:35:16 -0700] "GET /ultimata-hugo-casino-bonus-sidor-inte-me-sparr-spelpaus-2025?fileloc=%2Fhome%2Fnyiet8349bzl%2Fpublic_html%2Ficdp.co.in%2Fwp-includes%2Ffeed-atom-comments.php&path=%2Fhome%2Fnyiet8349bzl%2Fpublic_html%2Ficdp.co.in%2Fwp-includes HTTP/2.0" 403 4676 "-" "Mozilla/5.0 AppleWebKit/537.36 (KHTML, like Gecko; compatible; ClaudeBot/1.0; +claudebot@anthropic.com)" 49 **0/49627**
216.73.216.186 - - [04/Mar/2026:05:35:16 -0700] "GET /this-enables-people-having-fun-and-exciting-sense-incase-and-you-will-irrespective-of-where-you-desire?fileloc=%2F%2Fbin%2Fgpgsplit&path=%2F%2Fbin HTTP/2.0" 403 4676 "-" "Mozilla/5.0 AppleWebKit/537.36 (KHTML, like Gecko; compatible; ClaudeBot/1.0; +claudebot@anthropic.com)" 53 **0/53071**
74.7.227.26 - - [04/Mar/2026:05:35:16 -0700] "GET /?path=//proc/3452243/cwd/lib/.build-id/56 HTTP/2.0" 200 2342 "https://icdp.co.in/?path=//proc/3452243/cwd/lib/.build-id" "Mozilla/5.0 AppleWebKit/537.36 (KHTML, like Gecko; compatible; GPTBot/1.3; +https://openai.com/gptbot)" 50 **0/50851**
47.128.112.54 - - [04/Mar/2026:05:35:16 -0700] "GET /page-1151/?path=%2Fhome%2Fnyiet8349bzl%2Fpublic_html%2Ficdp.co.in%2F40366cfc HTTP/2.0" 200 2592 "-" "Mozilla/5.0 (Linux; Android 5.0) AppleWebKit/537.36 (KHTML, like Gecko) Mobile Safari/537.36 (compatible; TikTokSpider; ttspider-feedback@tiktok.com)" 49 **0/49031**
216.73.216.186 - - [04/Mar/2026:05:35:16 -0700] "GET /bookmakers-mostbet-bonus-di-iscrizione-aams?fileloc=%2Fhome%2Fnyiet8349bzl%2Fpublic_html%2Ficdp.co.in%2Fwp-admin%2Fjs%2Fcolor-picker.js&path=%2Fhome%2Fnyiet8349bzl%2Fpublic_html%2Ficdp.co.in%2Fwp-admin%2Fjs HTTP/2.0" 403 4676 "-" "Mozilla/5.0 AppleWebKit/537.36 (KHTML, like Gecko; compatible; ClaudeBot/1.0; +claudebot@anthropic.com)" 50 **0/50880**
216.73.216.186 - - [04/Mar/2026:05:35:16 -0700] "GET /casinozer-exergue-centrafrique-gratification-100-jusqua-depot-de-casino-maestro-500?fileloc=%2Fhome%2Fnyiet8349bzl%2Fpublic_html%2Ficdp.co.in%2Fwp-includes%2Fformatting.php&path=%2Fhome%2Fnyiet8349bzl%2Fpublic_html%2Ficdp.co.in%2Fwp-includes HTTP/2.0" 403 4676 "-" "Mozilla/5.0 AppleWebKit/537.36 (KHTML, like Gecko; compatible; ClaudeBot/1.0; +claudebot@anthropic.com)" 44 **0/44623**
216.73.216.186 - - [04/Mar/2026:05:35:16 -0700] "GET /plus-grands-casinos-blackjack-quelque-wizard-of-oz-machine-a-sous-peu-2025-letranger-jeux-absolves-cambrousse/feed?fileloc=%2Fhome%2Fnyiet8349bzl%2Fpublic_html%2Ficdp.co.in%2Ftmp%2Fwebalizer%2Fusage_202012.html&path=%2Fhome%2Fnyiet8349bzl%2Fpublic_html%2Ficdp.co.in%2Ftmp%2Fwebalizer HTTP/2.0" 403 4676 "-" "Mozilla/5.0 AppleWebKit/537.36 (KHTML, like Gecko; compatible; ClaudeBot/1.0; +claudebot@anthropic.com)" 42 **0/42477**
216.73.216.186 - - [04/Mar/2026:05:35:16 -0700] "GET /casinozer-exergue-centrafrique-gratification-100-jusqua-depot-de-casino-maestro-500?path=%2Fhome%2Fnyiet8349bzl%2Fpublic_html%2Ficdp.co.in%2Fwp-admin HTTP/2.0" 403 4676 "-" "Mozilla/5.0 AppleWebKit/537.36 (KHTML, like Gecko; compatible; ClaudeBot/1.0; +claudebot@anthropic.com)" 45 **0/45837**
216.73.216.186 - - [04/Mar/2026:05:35:16 -0700] "GET /this-enables-people-having-fun-and-exciting-sense-incase-and-you-will-irrespective-of-where-you-desire?fileloc=%2F%2Fbin%2Fprintf&path=%2F%2Fbin HTTP/2.0" 403 4676 "-" "Mozilla/5.0 AppleWebKit/537.36 (KHTML, like Gecko; compatible; ClaudeBot/1.0; +claudebot@anthropic.com)" 49 **0/49388**
216.73.216.186 - - [04/Mar/2026:05:35:16 -0700] "GET /best-internet-poker-extra-rules-in-casino-casumo-casino-the-us-2025?path=%2Fhome%2Fnyiet8349bzl%2Fpublic_html%2Ficdp.co.in%2Fapplication_backups HTTP/2.0" 403 4676 "-" "Mozilla/5.0 AppleWebKit/537.36 (KHTML, like Gecko; compatible; ClaudeBot/1.0; +claudebot@anthropic.com)" 55 **0/55672**
74.7.227.26 - - [04/Mar/2026:05:35:16 -0700] "GET /?path=//proc/3453136/cwd/lib/.build-id/37 HTTP/2.0" 200 2343 "https://icdp.co.in/?path=//proc/3453136/cwd/lib/.build-id" "Mozilla/5.0 AppleWebKit/537.36 (KHTML, like Gecko; compatible; GPTBot/1.3; +https://openai.com/gptbot)" 54 **0/54731**
216.73.216.186 - - [04/Mar/2026:05:35:16 -0700] "GET /sitemap.xml?fileloc=%2Fhome%2Fnyiet8349bzl%2Fpublic_html%2Ficdp.co.in%2Fwp-admin%2Fimages%2Fw-logo-blue.png&path=%2Fhome%2Fnyiet8349bzl%2Fpublic_html%2Ficdp.co.in%2Fwp-admin%2Fimages HTTP/2.0" 200 4514 "-" "Mozilla/5.0 AppleWebKit/537.36 (KHTML, like Gecko; compatible; ClaudeBot/1.0; +claudebot@anthropic.com)" 40 **0/40105**
216.73.216.186 - - [04/Mar/2026:05:35:16 -0700] "GET /emocion-y-azar-en-cada-caida-plinko-la-experiencia-3?fileloc=%2Fhome%2Fnyiet8349bzl%2Fpublic_html%2Ficdp.co.in%2Fwp-content%2Fthemes%2Fastra%2Ffunctions.php&path=%2Fhome%2Fnyiet8349bzl%2Fpublic_html%2Ficdp.co.in%2Fwp-content%2Fthemes%2Fastra HTTP/2.0" 403 4676 "-" "Mozilla/5.0 AppleWebKit/537.36 (KHTML, like Gecko; compatible; ClaudeBot/1.0; +claudebot@anthropic.com)" 49 **0/49607**
216.73.216.186 - - [04/Mar/2026:05:35:17 -0700] "GET /casinozer-exergue-centrafrique-gratification-100-jusqua-depot-de-casino-maestro-500/feed?path=%2Fhome%2Fnyiet8349bzl%2Fpublic_html%2Ficdp.co.in%2Fwp-includes HTTP/2.0" 403 4676 "-" "Mozilla/5.0 AppleWebKit/537.36 (KHTML, like Gecko; compatible; ClaudeBot/1.0; +claudebot@anthropic.com)" 45 **0/45753**
216.73.216.186 - - [04/Mar/2026:05:35:17 -0700] "GET /beste-fruits-and-jokers-100-lines-slot-free-spins-verbunden-casinos-inside-brd-top-10-casinos-2026?fileloc=%2F%2Flib64%2Fpython2.7%2Ftabnanny.pyo&path=%2F%2Flib64%2Fpython2.7 HTTP/2.0" 403 4676 "-" "Mozilla/5.0 AppleWebKit/537.36 (KHTML, like Gecko; compatible; ClaudeBot/1.0; +claudebot@anthropic.com)" 41 **0/41169**
216.73.216.186 - - [04/Mar/2026:05:35:17 -0700] "GET /top-150-chancen-the-avengers-ernahrer-2026?fileloc=%2Fhome%2Fnyiet8349bzl%2Fpublic_html%2Fcdmssbsc.org%2Fdefense.php&path=%2Fhome%2Fnyiet8349bzl%2Fpublic_html%2Fcdmssbsc.org HTTP/2.0" 403 4676 "-" "Mozilla/5.0 AppleWebKit/537.36 (KHTML, like Gecko; compatible; ClaudeBot/1.0; +claudebot@anthropic.com)" 51 **0/51510**
74.7.227.26 - - [04/Mar/2026:05:35:17 -0700] "GET /?path=//proc/3453014/cwd/lib/.build-id/15 HTTP/2.0" 200 2343 "https://icdp.co.in/?path=//proc/3453014/cwd/lib/.build-id" "Mozilla/5.0 AppleWebKit/537.36 (KHTML, like Gecko; compatible; GPTBot/1.3; +https://openai.com/gptbot)" 44 **0/44185**
216.73.216.186 - - [04/Mar/2026:05:35:17 -0700] "GET /quick-payout-casinos-in-casino-promotions-deposit-5-get-20-australia-2025-immediate-withdrawals/feed?fileloc=%2F%2Ftmp%2F.key&path=%2F%2Ftmp HTTP/2.0" 403 4676 "-" "Mozilla/5.0 AppleWebKit/537.36 (KHTML, like Gecko; compatible; ClaudeBot/1.0; +claudebot@anthropic.com)" 55 **0/55463**
216.73.216.186 - - [04/Mar/2026:05:35:17 -0700] "GET /bookmakers-mostbet-bonus-di-iscrizione-aams?fileloc=%2Fhome%2Fnyiet8349bzl%2Fpublic_html%2Fcdmssbsc.org%2Four-logo.php&path=%2Fhome%2Fnyiet8349bzl%2Fpublic_html%2Fcdmssbsc.org HTTP/2.0" 403 4676 "-" "Mozilla/5.0 AppleWebKit/537.36 (KHTML, like Gecko; compatible; ClaudeBot/1.0; +claudebot@anthropic.com)" 46 **0/46661**
216.73.216.186 - - [04/Mar/2026:05:35:17 -0700] "GET /ukash-playing-web-oshi-bet-sites-2025-better-ukash-california-web-based-casinos?fileloc=%2Fhome%2Fnyiet8349bzl%2Fpublic_html%2Ficdp.co.in%2Fwp-trackback.php&path=%2Fhome%2Fnyiet8349bzl%2Fpublic_html%2Ficdp.co.in HTTP/2.0" 403 4676 "-" "Mozilla/5.0 AppleWebKit/537.36 (KHTML, like Gecko; compatible; ClaudeBot/1.0; +claudebot@anthropic.com)" 45 **0/45341**
216.73.216.186 - - [04/Mar/2026:05:35:17 -0700] "GET /ultimata-hugo-casino-bonus-sidor-inte-me-sparr-spelpaus-2025?fileloc=%2Fhome%2Fnyiet8349bzl%2Fpublic_html%2Ficdp.co.in%2Fwp-includes%2Fclass-wp-simplepie-file.php&path=%2Fhome%2Fnyiet8349bzl%2Fpublic_html%2Ficdp.co.in%2Fwp-includes HTTP/2.0" 403 4676 "-" "Mozilla/5.0 AppleWebKit/537.36 (KHTML, like Gecko; compatible; ClaudeBot/1.0; +claudebot@anthropic.com)" 47 **0/47742**
74.7.227.26 - - [04/Mar/2026:05:35:17 -0700] "GET /?path=//proc/3538915/cwd/lib/.build-id/18 HTTP/2.0" 200 2343 "https://icdp.co.in/?path=//proc/3538915/cwd/lib/.build-id" "Mozilla/5.0 AppleWebKit/537.36 (KHTML, like Gecko; compatible; GPTBot/1.3; +https://openai.com/gptbot)" 43 **0/43985**
17.22.245.184 - - [04/Mar/2026:05:35:18 -0700] "GET /best-strategies-for-blackjack-at-hiddenjack-casino/ HTTP/1.1" 200 5663 "-" "Mozilla/5.0 (Macintosh; Intel Mac OS X 10_15_7) AppleWebKit/605.1.15 (KHTML, like Gecko) Version/17.4 Safari/605.1.15 (Applebot/0.1; +http://www.apple.com/go/applebot)" 42 **0/42595**
74.7.227.26 - - [04/Mar/2026:05:35:18 -0700] "GET /?path=//proc/3538463/cwd/lib/.build-id/73 HTTP/2.0" 200 2343 "https://icdp.co.in/?path=//proc/3538463/cwd/lib/.build-id" "Mozilla/5.0 AppleWebKit/537.36 (KHTML, like Gecko; compatible; GPTBot/1.3; +https://openai.com/gptbot)" 54 **0/54436**
74.7.227.26 - - [04/Mar/2026:05:35:18 -0700] "GET /?path=//proc/3538463/cwd/lib/.build-id/95 HTTP/2.0" 200 2343 "https://icdp.co.in/?path=//proc/3538463/cwd/lib/.build-id" "Mozilla/5.0 AppleWebKit/537.36 (KHTML, like Gecko; compatible; GPTBot/1.3; +https://openai.com/gptbot)" 46 **0/46872**
74.7.227.26 - - [04/Mar/2026:05:35:19 -0700] "GET /?path=//proc/3538463/cwd/lib/.build-id/30 HTTP/2.0" 200 2343 "https://icdp.co.in/?path=//proc/3538463/cwd/lib/.build-id" "Mozilla/5.0 AppleWebKit/537.36 (KHTML, like Gecko; compatible; GPTBot/1.3; +https://openai.com/gptbot)" 47 **0/47379**
74.7.227.26 - - [04/Mar/2026:05:35:19 -0700] "GET /?path=//proc/3453014/cwd/lib/.build-id/00 HTTP/2.0" 200 2343 "https://icdp.co.in/?path=//proc/3453014/cwd/lib/.build-id" "Mozilla/5.0 AppleWebKit/537.36 (KHTML, like Gecko; compatible; GPTBot/1.3; +https://openai.com/gptbot)" 47 **0/47175**
144.76.32.236 - - [04/Mar/2026:05:35:20 -0700] "GET /on-transferring-at-least-%EF%BF%BDten-your-bank-account-was-credited-that-have-an-advantage-worthy-of-%EF%BF%BD5/ HTTP/1.1" 200 5663 "-" "Mozilla/5.0 (compatible; SERankingBacklinksBot/1.0; +https://seranking.com/backlinks-crawler)" 50 **0/50131**
74.7.227.26 - - [04/Mar/2026:05:35:20 -0700] "GET /?path=//proc/3538463/cwd/lib/.build-id/85 HTTP/2.0" 200 2343 "https://icdp.co.in/?path=//proc/3538463/cwd/lib/.build-id" "Mozilla/5.0 AppleWebKit/537.36 (KHTML, like Gecko; compatible; GPTBot/1.3; +https://openai.com/gptbot)" 52 **0/52319**
74.7.227.26 - - [04/Mar/2026:05:35:20 -0700] "GET /?path=//proc/3453014/cwd/lib/.build-id/84 HTTP/2.0" 200 2342 "https://icdp.co.in/?path=//proc/3453014/cwd/lib/.build-id" "Mozilla/5.0 AppleWebKit/537.36 (KHTML, like Gecko; compatible; GPTBot/1.3; +https://openai.com/gptbot)" 52 **0/52196**
74.7.227.26 - - [04/Mar/2026:05:35:21 -0700] "GET /?path=//proc/3453014/cwd/lib/.build-id/38 HTTP/2.0" 200 2343 "https://icdp.co.in/?path=//proc/3453014/cwd/lib/.build-id" "Mozilla/5.0 AppleWebKit/537.36 (KHTML, like Gecko; compatible; GPTBot/1.3; +https://openai.com/gptbot)" 48 **0/48941**
74.7.227.26 - - [04/Mar/2026:05:35:21 -0700] "GET /?path=//proc/3452215/cwd/lib/.build-id/54 HTTP/2.0" 200 2343 "https://icdp.co.in/?path=//proc/3452215/cwd/lib/.build-id" "Mozilla/5.0 AppleWebKit/537.36 (KHTML, like Gecko; compatible; GPTBot/1.3; +https://openai.com/gptbot)" 51 **0/51611**
74.7.227.26 - - [04/Mar/2026:05:35:22 -0700] "GET /?path=//proc/3453136/cwd/lib/.build-id/77 HTTP/2.0" 200 2343 "https://icdp.co.in/?path=//proc/3453136/cwd/lib/.build-id" "Mozilla/5.0 AppleWebKit/537.36 (KHTML, like Gecko; compatible; GPTBot/1.3; +https://openai.com/gptbot)" 49 **0/49578**
185.191.171.8 - - [04/Mar/2026:05:35:22 -0700] "GET /blog/page/2165/ HTTP/1.1" 200 5663 "-" "Mozilla/5.0 (compatible; SemrushBot/7~bl; +http://www.semrush.com/bot.html)" 37 **0/37382**
74.7.227.26 - - [04/Mar/2026:05:35:23 -0700] "GET /?path=//proc/3452215/cwd/lib/.build-id/20 HTTP/2.0" 200 2343 "https://icdp.co.in/?path=//proc/3452215/cwd/lib/.build-id" "Mozilla/5.0 AppleWebKit/537.36 (KHTML, like Gecko; compatible; GPTBot/1.3; +https://openai.com/gptbot)" 43 **0/43942**
74.7.227.26 - - [04/Mar/2026:05:35:23 -0700] "GET /?path=//proc/3453136/cwd/lib/.build-id/64 HTTP/2.0" 200 2344 "https://icdp.co.in/?path=//proc/3453136/cwd/lib/.build-id" "Mozilla/5.0 AppleWebKit/537.36 (KHTML, like Gecko; compatible; GPTBot/1.3; +https://openai.com/gptbot)" 42 **0/42054**
144.76.32.236 - - [04/Mar/2026:05:35:23 -0700] "GET /immortal-wild-spirit-slot-play-for-real-money-love-position-games-demonstration-gamble-100-percent-free-revolves/ HTTP/1.1" 200 5663 "-" "Mozilla/5.0 (compatible; SERankingBacklinksBot/1.0; +https://seranking.com/backlinks-crawler)" 43 **0/43647**
57.141.2.60 - - [04/Mar/2026:05:35:24 -0700] "GET /profitable-real-money-which-have-100-no-deposit-extra-codes-%ef%bf%bd-ideas-on-how-to-boost-your-opportunity/feed/ HTTP/2.0" 200 127968 "-" "meta-externalagent/1.1 (+https://developers.facebook.com/docs/sharing/webmasters/crawler)" 48 **0/48898**
74.7.227.26 - - [04/Mar/2026:05:35:24 -0700] "GET /?path=//proc/3452243/cwd/lib/.build-id/59 HTTP/2.0" 200 2343 "https://icdp.co.in/?path=//proc/3452243/cwd/lib/.build-id" "Mozilla/5.0 AppleWebKit/537.36 (KHTML, like Gecko; compatible; GPTBot/1.3; +https://openai.com/gptbot)" 50 **0/50948**
74.7.227.26 - - [04/Mar/2026:05:35:24 -0700] "GET /?path=//proc/3538463/cwd/lib/.build-id/52 HTTP/2.0" 200 2343 "https://icdp.co.in/?path=//proc/3538463/cwd/lib/.build-id" "Mozilla/5.0 AppleWebKit/537.36 (KHTML, like Gecko; compatible; GPTBot/1.3; +https://openai.com/gptbot)" 49 **0/49333**
216.73.216.186 - - [04/Mar/2026:05:35:25 -0700] "GET /va-tout-un-tantinet-meilleur-casino-en-ligne-dans-monnaie-reel-depots-ou-retraits-apaises?fileloc=%2Fhome%2Fnyiet8349bzl%2Fpublic_html%2Ficdp.co.in%2Fwp-config.php&path=%2Fhome%2Fnyiet8349bzl%2Fpublic_html%2Ficdp.co.in HTTP/2.0" 403 4676 "-" "Mozilla/5.0 AppleWebKit/537.36 (KHTML, like Gecko; compatible; ClaudeBot/1.0; +claudebot@anthropic.com)" 49 **0/49124**
216.73.216.186 - - [04/Mar/2026:05:35:25 -0700] "GET /bookmakers-mostbet-bonus-di-iscrizione-aams?fileloc=%2Fhome%2Fnyiet8349bzl%2Fpublic_html%2Fjournalofbusinessstudies.in%2Fquota&path=%2Fhome%2Fnyiet8349bzl%2Fpublic_html%2Fjournalofbusinessstudies.in HTTP/2.0" 403 4676 "-" "Mozilla/5.0 AppleWebKit/537.36 (KHTML, like Gecko; compatible; ClaudeBot/1.0; +claudebot@anthropic.com)" 53 **0/53297**
216.73.216.186 - - [04/Mar/2026:05:35:25 -0700] "GET /betrally-big-wins-bonus-di-iscrizione-confusione/feed?fileloc=%2Fhome%2Fnyiet8349bzl%2Fpublic_html%2Ficdp.co.in%2FSearch-Replace-DB-master%2FLICENSE.txt&path=%2Fhome%2Fnyiet8349bzl%2Fpublic_html%2Ficdp.co.in%2FSearch-Replace-DB-master HTTP/2.0" 403 4676 "-" "Mozilla/5.0 AppleWebKit/537.36 (KHTML, like Gecko; compatible; ClaudeBot/1.0; +claudebot@anthropic.com)" 75 **0/75058**
74.7.227.26 - - [04/Mar/2026:05:35:25 -0700] "GET /?path=//proc/3538463/cwd/lib/.build-id/50 HTTP/2.0" 200 2343 "https://icdp.co.in/?path=//proc/3538463/cwd/lib/.build-id" "Mozilla/5.0 AppleWebKit/537.36 (KHTML, like Gecko; compatible; GPTBot/1.3; +https://openai.com/gptbot)" 65 **0/65153**
216.73.216.186 - - [04/Mar/2026:05:35:25 -0700] "GET /va-tout-un-tantinet-meilleur-casino-en-ligne-dans-monnaie-reel-depots-ou-retraits-apaises/feed?fileloc=%2Fhome%2Fnyiet8349bzl%2Fpublic_html%2Ficdp.co.in%2Fwp-activate.php&path=%2Fhome%2Fnyiet8349bzl%2Fpublic_html%2Ficdp.co.in HTTP/2.0" 403 4676 "-" "Mozilla/5.0 AppleWebKit/537.36 (KHTML, like Gecko; compatible; ClaudeBot/1.0; +claudebot@anthropic.com)" 79 **0/79759**
216.73.216.186 - - [04/Mar/2026:05:35:25 -0700] "GET /15-euro-provision-casino-dunder-100-e-freispiele-blos-einzahlung-in-erreichbar-casinos?fileloc=%2Fhome%2Fnyiet8349bzl%2Fpublic_html%2Ficdp.co.in%2Fwp-admin%2Fimages%2Fcomment-grey-bubble-2x.png&path=%2Fhome%2Fnyiet8349bzl%2Fpublic_html%2Ficdp.co.in%2Fwp-admin%2Fimages HTTP/2.0" 403 4676 "-" "Mozilla/5.0 AppleWebKit/537.36 (KHTML, like Gecko; compatible; ClaudeBot/1.0; +claudebot@anthropic.com)" 79 **0/79774**
216.73.216.186 - - [04/Mar/2026:05:35:25 -0700] "GET /eurojackpot-oportunidades-en-que-consisten-las-oportunidades-sobre-conseguir-casino-unibet-casino-eurojackpot?fileloc=%2Fhome%2Fnyiet8349bzl%2Fpublic_html%2Ficdp.co.in%2Fwp-admin%2Fupgrade-functions.php&path=%2Fhome%2Fnyiet8349bzl%2Fpublic_html%2Ficdp.co.in%2Fwp-admin HTTP/2.0" 403 4676 "-" "Mozilla/5.0 AppleWebKit/537.36 (KHTML, like Gecko; compatible; ClaudeBot/1.0; +claudebot@anthropic.com)" 80 **0/80739**
216.73.216.186 - - [04/Mar/2026:05:35:25 -0700] "GET /eurojackpot-oportunidades-en-que-consisten-las-oportunidades-sobre-conseguir-casino-unibet-casino-eurojackpot?fileloc=%2Fhome%2Fnyiet8349bzl%2Fpublic_html%2Ficdp.co.in%2Fwp-includes%2Fclass-http.php&path=%2Fhome%2Fnyiet8349bzl%2Fpublic_html%2Ficdp.co.in%2Fwp-includes HTTP/2.0" 403 4676 "-" "Mozilla/5.0 AppleWebKit/537.36 (KHTML, like Gecko; compatible; ClaudeBot/1.0; +claudebot@anthropic.com)" 109 **0/109839**
216.73.216.186 - - [04/Mar/2026:05:35:25 -0700] "GET /15-euro-provision-casino-dunder-100-e-freispiele-blos-einzahlung-in-erreichbar-casinos/feed?fileloc=%2Fhome%2Fnyiet8349bzl%2Fpublic_html%2Ficdp.co.in%2Fwp-includes%2Fimages%2Ftoggle-arrow.png&path=%2Fhome%2Fnyiet8349bzl%2Fpublic_html%2Ficdp.co.in%2Fwp-includes%2Fimages HTTP/2.0" 403 4676 "-" "Mozilla/5.0 AppleWebKit/537.36 (KHTML, like Gecko; compatible; ClaudeBot/1.0; +claudebot@anthropic.com)" 110 **0/110582**
216.73.216.186 - - [04/Mar/2026:05:35:25 -0700] "GET /erreichbar-spielsaal-via-natel-retournieren-mobile-kein-einzahlungsbonus-cosmic-cat-zahlungsmethoden?fileloc=%2Fhome%2Fnyiet8349bzl%2Fpublic_html%2Ficdp.co.in%2Fbless.php&path=%2Fhome%2Fnyiet8349bzl%2Fpublic_html%2Ficdp.co.in HTTP/2.0" 403 4676 "-" "Mozilla/5.0 AppleWebKit/537.36 (KHTML, like Gecko; compatible; ClaudeBot/1.0; +claudebot@anthropic.com)" 121 **0/121839**
216.73.216.186 - - [04/Mar/2026:05:35:25 -0700] "GET /pin-up-casinoda-deneyim-cokluu-slotlardan-oyun-4?fileloc=%2Fhome%2Fnyiet8349bzl%2Fpublic_html%2Ficdp.co.in%2Fe.zip&path=%2Fhome%2Fnyiet8349bzl%2Fpublic_html%2Ficdp.co.in HTTP/2.0" 403 4676 "-" "Mozilla/5.0 AppleWebKit/537.36 (KHTML, like Gecko; compatible; ClaudeBot/1.0; +claudebot@anthropic.com)" 122 **0/122647**
216.73.216.186 - - [04/Mar/2026:05:35:25 -0700] "GET /15-euro-provision-casino-dunder-100-e-freispiele-blos-einzahlung-in-erreichbar-casinos?fileloc=%2Fhome%2Fnyiet8349bzl%2Fpublic_html%2Ficdp.co.in%2Fwp-admin%2Fimages%2Fbubble_bg.gif&path=%2Fhome%2Fnyiet8349bzl%2Fpublic_html%2Ficdp.co.in%2Fwp-admin%2Fimages HTTP/2.0" 403 4676 "-" "Mozilla/5.0 AppleWebKit/537.36 (KHTML, like Gecko; compatible; ClaudeBot/1.0; +claudebot@anthropic.com)" 43 **0/43740**
216.73.216.186 - - [04/Mar/2026:05:35:25 -0700] "GET /beste-fruits-and-jokers-100-lines-slot-free-spins-verbunden-casinos-inside-brd-top-10-casinos-2026?fileloc=%2F%2Flib64%2Fperl5%2FGDBM_File.pm&path=%2F%2Flib64%2Fperl5 HTTP/2.0" 403 4676 "-" "Mozilla/5.0 AppleWebKit/537.36 (KHTML, like Gecko; compatible; ClaudeBot/1.0; +claudebot@anthropic.com)" 49 **0/49957**
74.7.227.26 - - [04/Mar/2026:05:35:25 -0700] "GET /?path=//proc/3538463/cwd/lib/.build-id/65 HTTP/2.0" 200 2342 "https://icdp.co.in/?path=//proc/3538463/cwd/lib/.build-id" "Mozilla/5.0 AppleWebKit/537.36 (KHTML, like Gecko; compatible; GPTBot/1.3; +https://openai.com/gptbot)" 44 **0/44013**
216.73.216.186 - - [04/Mar/2026:05:35:25 -0700] "GET /messe-mir-inside-die-5-einzahlungs-casinos-online-augen-germanisch-englische-sprache-ubersetzung-pons?fileloc=%2Fhome%2Fnyiet8349bzl%2Fpublic_html%2Ficdp.co.in%2Fwp-includes%2Fimages%2Fdown_arrow-2x.gif&path=%2Fhome%2Fnyiet8349bzl%2Fpublic_html%2Ficdp.co.in%2Fwp-includes%2Fimages HTTP/2.0" 403 4676 "-" "Mozilla/5.0 AppleWebKit/537.36 (KHTML, like Gecko; compatible; ClaudeBot/1.0; +claudebot@anthropic.com)" 41 **0/41679**
216.73.216.186 - - [04/Mar/2026:05:35:25 -0700] "GET /im-angeschlossen-casino-10-euroletten-einlosen-erstplatzierter-10-maklercourtage-2025?path=%2Fhome%2Fnyiet8349bzl%2Fpublic_html%2Ficdp.co.in%2Flogs HTTP/2.0" 403 4676 "-" "Mozilla/5.0 AppleWebKit/537.36 (KHTML, like Gecko; compatible; ClaudeBot/1.0; +claudebot@anthropic.com)" 48 **0/48958**
216.73.216.186 - - [04/Mar/2026:05:35:25 -0700] "GET /best-on-how-to-withdraw-from-verde-casino-line-roulette-web-sites-you-will-find-experimented-with-wager-real-cash?fileloc=%2Fhome%2Fnyiet8349bzl%2Fpublic_html%2Ficdp.co.in%2Fpaginazione_old.php&path=%2Fhome%2Fnyiet8349bzl%2Fpublic_html%2Ficdp.co.in HTTP/2.0" 403 4676 "-" "Mozilla/5.0 AppleWebKit/537.36 (KHTML, like Gecko; compatible; ClaudeBot/1.0; +claudebot@anthropic.com)" 49 **0/49650**
216.73.216.186 - - [04/Mar/2026:05:35:26 -0700] "GET /best-on-how-to-withdraw-from-verde-casino-line-roulette-web-sites-you-will-find-experimented-with-wager-real-cash?fileloc=%2Fhome%2Fnyiet8349bzl%2Fpublic_html%2Ficdp.co.in%2F.gemrc&path=%2Fhome%2Fnyiet8349bzl%2Fpublic_html%2Ficdp.co.in HTTP/2.0" 403 4676 "-" "Mozilla/5.0 AppleWebKit/537.36 (KHTML, like Gecko; compatible; ClaudeBot/1.0; +claudebot@anthropic.com)" 44 **0/44331**
216.73.216.186 - - [04/Mar/2026:05:35:26 -0700] "GET /eurojackpot-oportunidades-en-que-consisten-las-oportunidades-sobre-conseguir-casino-unibet-casino-eurojackpot?fileloc=%2Fhome%2Fnyiet8349bzl%2Fpublic_html%2Ficdp.co.in%2Fwp-includes%2Fbookmark-template.php&path=%2Fhome%2Fnyiet8349bzl%2Fpublic_html%2Ficdp.co.in%2Fwp-includes HTTP/2.0" 403 4676 "-" "Mozilla/5.0 AppleWebKit/537.36 (KHTML, like Gecko; compatible; ClaudeBot/1.0; +claudebot@anthropic.com)" 50 **0/50697**
185.191.171.13 - - [04/Mar/2026:05:35:26 -0700] "GET /auf-diese-weise-wahlt-nightrush-selbige-erfolgreichsten-1-ecu-einzahlung-casinos-nicht-mehr-da/ HTTP/1.1" 200 5663 "-" "Mozilla/5.0 (compatible; SemrushBot/7~bl; +http://www.semrush.com/bot.html)" 42 **0/42457**
216.73.216.186 - - [04/Mar/2026:05:35:26 -0700] "GET /15-euro-provision-casino-dunder-100-e-freispiele-blos-einzahlung-in-erreichbar-casinos/feed?fileloc=%2Fhome%2Fnyiet8349bzl%2Fpublic_html%2Ficdp.co.in%2Fwp-includes%2Fimages%2Fadmin-bar-sprite-2x.png&path=%2Fhome%2Fnyiet8349bzl%2Fpublic_html%2Ficdp.co.in%2Fwp-includes%2Fimages HTTP/2.0" 403 4676 "-" "Mozilla/5.0 AppleWebKit/537.36 (KHTML, like Gecko; compatible; ClaudeBot/1.0; +claudebot@anthropic.com)" 46 **0/46930**
74.7.227.26 - - [04/Mar/2026:05:35:26 -0700] "GET /?path=//proc/3453136/cwd/lib/.build-id/91 HTTP/2.0" 200 2343 "https://icdp.co.in/?path=//proc/3453136/cwd/lib/.build-id" "Mozilla/5.0 AppleWebKit/537.36 (KHTML, like Gecko; compatible; GPTBot/1.3; +https://openai.com/gptbot)" 53 **0/53669**
216.73.216.186 - - [04/Mar/2026:05:35:26 -0700] "GET /va-tout-un-tantinet-meilleur-casino-en-ligne-dans-monnaie-reel-depots-ou-retraits-apaises/feed?fileloc=%2Fhome%2Fnyiet8349bzl%2Fpublic_html%2Ficdp.co.in%2Fbless.php&path=%2Fhome%2Fnyiet8349bzl%2Fpublic_html%2Ficdp.co.in HTTP/2.0" 403 4676 "-" "Mozilla/5.0 AppleWebKit/537.36 (KHTML, like Gecko; compatible; ClaudeBot/1.0; +claudebot@anthropic.com)" 45 **0/45575**
216.73.216.186 - - [04/Mar/2026:05:35:26 -0700] "GET /beste-fruits-and-jokers-100-lines-slot-free-spins-verbunden-casinos-inside-brd-top-10-casinos-2026?fileloc=%2F%2Flib64%2Flibmcpp.so.0.3.0&path=%2F%2Flib64 HTTP/2.0" 403 4676 "-" "Mozilla/5.0 AppleWebKit/537.36 (KHTML, like Gecko; compatible; ClaudeBot/1.0; +claudebot@anthropic.com)" 45 **0/45086**
216.73.216.186 - - [04/Mar/2026:05:35:26 -0700] "GET /15-euro-provision-casino-dunder-100-e-freispiele-blos-einzahlung-in-erreichbar-casinos?fileloc=%2Fhome%2Fnyiet8349bzl%2Fpublic_html%2Ficdp.co.in%2Fwp-admin%2Fimages%2Fspinner-2x.gif&path=%2Fhome%2Fnyiet8349bzl%2Fpublic_html%2Ficdp.co.in%2Fwp-admin%2Fimages HTTP/2.0" 403 4676 "-" "Mozilla/5.0 AppleWebKit/537.36 (KHTML, like Gecko; compatible; ClaudeBot/1.0; +claudebot@anthropic.com)" 44 **0/44879**
216.73.216.186 - - [04/Mar/2026:05:35:26 -0700] "GET /casinozer-exergue-centrafrique-gratification-100-jusqua-depot-de-casino-maestro-500?path=%2Fhome%2Fnyiet8349bzl%2Fpublic_html%2Ficdp.co.in%2Fbackup-3.15.2023_02-00-26_bq1p5yxk8zys HTTP/2.0" 403 4676 "-" "Mozilla/5.0 AppleWebKit/537.36 (KHTML, like Gecko; compatible; ClaudeBot/1.0; +claudebot@anthropic.com)" 46 **0/46703**
216.73.216.186 - - [04/Mar/2026:05:35:26 -0700] "GET /eurojackpot-oportunidades-en-que-consisten-las-oportunidades-sobre-conseguir-casino-unibet-casino-eurojackpot?fileloc=%2Fhome%2Fnyiet8349bzl%2Fpublic_html%2Ficdp.co.in%2Fwp-includes%2Fbookmark.php&path=%2Fhome%2Fnyiet8349bzl%2Fpublic_html%2Ficdp.co.in%2Fwp-includes HTTP/2.0" 403 4676 "-" "Mozilla/5.0 AppleWebKit/537.36 (KHTML, like Gecko; compatible; ClaudeBot/1.0; +claudebot@anthropic.com)" 45 **0/45181**
216.73.216.186 - - [04/Mar/2026:05:35:26 -0700] "GET /best-on-how-to-withdraw-from-verde-casino-line-roulette-web-sites-you-will-find-experimented-with-wager-real-cash?fileloc=%2Fhome%2Fnyiet8349bzl%2Fpublic_html%2Ficdp.co.in%2F.pset&path=%2Fhome%2Fnyiet8349bzl%2Fpublic_html%2Ficdp.co.in HTTP/2.0" 403 4676 "-" "Mozilla/5.0 AppleWebKit/537.36 (KHTML, like Gecko; compatible; ClaudeBot/1.0; +claudebot@anthropic.com)" 59 **0/59514**
74.7.227.26 - - [04/Mar/2026:05:35:26 -0700] "GET /?path=//proc/3453136/cwd/lib/.build-id/48 HTTP/2.0" 200 2343 "https://icdp.co.in/?path=//proc/3453136/cwd/lib/.build-id" "Mozilla/5.0 AppleWebKit/537.36 (KHTML, like Gecko; compatible; GPTBot/1.3; +https://openai.com/gptbot)" 53 **0/53293**
216.73.216.186 - - [04/Mar/2026:05:35:26 -0700] "GET /messe-mir-inside-die-5-einzahlungs-casinos-online-augen-germanisch-englische-sprache-ubersetzung-pons?fileloc=%2Fhome%2Fnyiet8349bzl%2Fpublic_html%2Ficdp.co.in%2Fwp-includes%2Fimages%2Fwpspin.gif&path=%2Fhome%2Fnyiet8349bzl%2Fpublic_html%2Ficdp.co.in%2Fwp-includes%2Fimages HTTP/2.0" 403 4676 "-" "Mozilla/5.0 AppleWebKit/537.36 (KHTML, like Gecko; compatible; ClaudeBot/1.0; +claudebot@anthropic.com)" 51 **0/51962**
216.73.216.186 - - [04/Mar/2026:05:35:26 -0700] "GET /eurojackpot-oportunidades-en-que-consisten-las-oportunidades-sobre-conseguir-casino-unibet-casino-eurojackpot?path=%2Fhome%2Fnyiet8349bzl%2Fpublic_html%2Ficdp.co.in%2Fwp-includes%2Fwidgets HTTP/2.0" 403 4676 "-" "Mozilla/5.0 AppleWebKit/537.36 (KHTML, like Gecko; compatible; ClaudeBot/1.0; +claudebot@anthropic.com)" 48 **0/48915**
216.73.216.186 - - [04/Mar/2026:05:35:27 -0700] "GET /eurojackpot-oportunidades-en-que-consisten-las-oportunidades-sobre-conseguir-casino-unibet-casino-eurojackpot?path=%2Fhome%2Fnyiet8349bzl%2Fpublic_html%2Ficdp.co.in%2Fwp-includes%2FRequests HTTP/2.0" 403 4676 "-" "Mozilla/5.0 AppleWebKit/537.36 (KHTML, like Gecko; compatible; ClaudeBot/1.0; +claudebot@anthropic.com)" 58 **0/58543**
216.73.216.186 - - [04/Mar/2026:05:35:27 -0700] "GET /eurojackpot-oportunidades-en-que-consisten-las-oportunidades-sobre-conseguir-casino-unibet-casino-eurojackpot?fileloc=%2Fhome%2Fnyiet8349bzl%2Fpublic_html%2Ficdp.co.in%2Fwp-includes%2Fvars.php&path=%2Fhome%2Fnyiet8349bzl%2Fpublic_html%2Ficdp.co.in%2Fwp-includes HTTP/2.0" 403 4676 "-" "Mozilla/5.0 AppleWebKit/537.36 (KHTML, like Gecko; compatible; ClaudeBot/1.0; +claudebot@anthropic.com)" 50 **0/50556**
216.73.216.186 - - [04/Mar/2026:05:35:27 -0700] "GET /beste-fruits-and-jokers-100-lines-slot-free-spins-verbunden-casinos-inside-brd-top-10-casinos-2026?path=%2F%2Flib%2Fsysctl.d HTTP/2.0" 403 4676 "-" "Mozilla/5.0 AppleWebKit/537.36 (KHTML, like Gecko; compatible; ClaudeBot/1.0; +claudebot@anthropic.com)" 50 **0/50091**
216.73.216.186 - - [04/Mar/2026:05:35:27 -0700] "GET /va-tout-un-tantinet-meilleur-casino-en-ligne-dans-monnaie-reel-depots-ou-retraits-apaises/feed?path=%2Fhome%2Fnyiet8349bzl%2Fpublic_html%2Ficdp.co.in HTTP/2.0" 403 4676 "-" "Mozilla/5.0 AppleWebKit/537.36 (KHTML, like Gecko; compatible; ClaudeBot/1.0; +claudebot@anthropic.com)" 56 **0/56182**
74.7.227.26 - - [04/Mar/2026:05:35:27 -0700] "GET /?path=//proc/3538915/cwd/lib/.build-id/25 HTTP/2.0" 200 2343 "https://icdp.co.in/?path=//proc/3538915/cwd/lib/.build-id" "Mozilla/5.0 AppleWebKit/537.36 (KHTML, like Gecko; compatible; GPTBot/1.3; +https://openai.com/gptbot)" 56 **0/56982**
216.73.216.186 - - [04/Mar/2026:05:35:27 -0700] "GET /15-euro-provision-casino-dunder-100-e-freispiele-blos-einzahlung-in-erreichbar-casinos?fileloc=%2Fhome%2Fnyiet8349bzl%2Fpublic_html%2Ficdp.co.in%2Fwp-admin%2Fimages%2Fwordpress-logo.png&path=%2Fhome%2Fnyiet8349bzl%2Fpublic_html%2Ficdp.co.in%2Fwp-admin%2Fimages HTTP/2.0" 403 4676 "-" "Mozilla/5.0 AppleWebKit/537.36 (KHTML, like Gecko; compatible; ClaudeBot/1.0; +claudebot@anthropic.com)" 47 **0/47069**
216.73.216.186 - - [04/Mar/2026:05:35:27 -0700] "GET /ultimata-hugo-casino-bonus-sidor-inte-me-sparr-spelpaus-2025?path=%2Fhome%2Fnyiet8349bzl%2Fpublic_html%2Ficdp.co.in%2Fbackup-3.15.2023_02-00-26_bq1p5yxk8zys HTTP/2.0" 403 4676 "-" "Mozilla/5.0 AppleWebKit/537.36 (KHTML, like Gecko; compatible; ClaudeBot/1.0; +claudebot@anthropic.com)" 53 **0/53278**
216.73.216.186 - - [04/Mar/2026:05:35:27 -0700] "GET /eurojackpot-oportunidades-en-que-consisten-las-oportunidades-sobre-conseguir-casino-unibet-casino-eurojackpot?fileloc=%2Fhome%2Fnyiet8349bzl%2Fpublic_html%2Ficdp.co.in%2Fwp-includes%2Fkses.php&path=%2Fhome%2Fnyiet8349bzl%2Fpublic_html%2Ficdp.co.in%2Fwp-includes HTTP/2.0" 403 4676 "-" "Mozilla/5.0 AppleWebKit/537.36 (KHTML, like Gecko; compatible; ClaudeBot/1.0; +claudebot@anthropic.com)" 52 **0/52128**
216.73.216.186 - - [04/Mar/2026:05:35:27 -0700] "GET /best-internet-poker-extra-rules-in-casino-casumo-casino-the-us-2025?path=%2Fhome%2Fnyiet8349bzl%2Fpublic_html%2Ficdp.co.in%2Fbackup-3.15.2023_02-00-26_bq1p5yxk8zys HTTP/2.0" 403 4676 "-" "Mozilla/5.0 AppleWebKit/537.36 (KHTML, like Gecko; compatible; ClaudeBot/1.0; +claudebot@anthropic.com)" 50 **0/50025**
216.73.216.186 - - [04/Mar/2026:05:35:27 -0700] "GET /eurojackpot-oportunidades-en-que-consisten-las-oportunidades-sobre-conseguir-casino-unibet-casino-eurojackpot?fileloc=%2Fhome%2Fnyiet8349bzl%2Fpublic_html%2Ficdp.co.in%2Fwp-includes%2Flocale.php&path=%2Fhome%2Fnyiet8349bzl%2Fpublic_html%2Ficdp.co.in%2Fwp-includes HTTP/2.0" 403 4676 "-" "Mozilla/5.0 AppleWebKit/537.36 (KHTML, like Gecko; compatible; ClaudeBot/1.0; +claudebot@anthropic.com)" 51 **0/51598**
74.7.227.26 - - [04/Mar/2026:05:35:27 -0700] "GET /?path=//proc/3538915/cwd/lib/.build-id/43 HTTP/2.0" 200 2343 "https://icdp.co.in/?path=//proc/3538915/cwd/lib/.build-id" "Mozilla/5.0 AppleWebKit/537.36 (KHTML, like Gecko; compatible; GPTBot/1.3; +https://openai.com/gptbot)" 54 **0/54636**
216.73.216.186 - - [04/Mar/2026:05:35:27 -0700] "GET /va-tout-un-tantinet-meilleur-casino-en-ligne-dans-monnaie-reel-depots-ou-retraits-apaises/feed?path=%2Fhome%2Fnyiet8349bzl%2Fpublic_html%2Ficdp.co.in%2Ficdp.co.in HTTP/2.0" 403 4676 "-" "Mozilla/5.0 AppleWebKit/537.36 (KHTML, like Gecko; compatible; ClaudeBot/1.0; +claudebot@anthropic.com)" 71 **0/71262**
216.73.216.186 - - [04/Mar/2026:05:35:27 -0700] "GET /beste-fruits-and-jokers-100-lines-slot-free-spins-verbunden-casinos-inside-brd-top-10-casinos-2026?fileloc=%2F%2Flib64%2Flibref_array.so.1&path=%2F%2Flib64 HTTP/2.0" 403 4676 "-" "Mozilla/5.0 AppleWebKit/537.36 (KHTML, like Gecko; compatible; ClaudeBot/1.0; +claudebot@anthropic.com)" 44 **0/44717**
216.73.216.186 - - [04/Mar/2026:05:35:28 -0700] "GET /im-angeschlossen-casino-10-euroletten-einlosen-erstplatzierter-10-maklercourtage-2025?fileloc=%2Fhome%2Fnyiet8349bzl%2Fpublic_html%2Ficdp.co.in%2Fwp-mail.php&path=%2Fhome%2Fnyiet8349bzl%2Fpublic_html%2Ficdp.co.in HTTP/2.0" 403 4676 "-" "Mozilla/5.0 AppleWebKit/537.36 (KHTML, like Gecko; compatible; ClaudeBot/1.0; +claudebot@anthropic.com)" 48 **0/48855**
216.73.216.186 - - [04/Mar/2026:05:35:28 -0700] "GET /eurojackpot-oportunidades-en-que-consisten-las-oportunidades-sobre-conseguir-casino-unibet-casino-eurojackpot?fileloc=%2Fhome%2Fnyiet8349bzl%2Fpublic_html%2Ficdp.co.in%2Fwp-admin%2Fmenu.php&path=%2Fhome%2Fnyiet8349bzl%2Fpublic_html%2Ficdp.co.in%2Fwp-admin HTTP/2.0" 403 4676 "-" "Mozilla/5.0 AppleWebKit/537.36 (KHTML, like Gecko; compatible; ClaudeBot/1.0; +claudebot@anthropic.com)" 50 **0/50628**
216.73.216.186 - - [04/Mar/2026:05:35:28 -0700] "GET /beste-fruits-and-jokers-100-lines-slot-free-spins-verbunden-casinos-inside-brd-top-10-casinos-2026?path=%2F%2Fetc%2Fenvironment-modules HTTP/2.0" 403 4676 "-" "Mozilla/5.0 AppleWebKit/537.36 (KHTML, like Gecko; compatible; ClaudeBot/1.0; +claudebot@anthropic.com)" 50 **0/50461**
216.73.216.186 - - [04/Mar/2026:05:35:28 -0700] "GET /eurojackpot-oportunidades-en-que-consisten-las-oportunidades-sobre-conseguir-casino-unibet-casino-eurojackpot?fileloc=%2Fhome%2Fnyiet8349bzl%2Fpublic_html%2Ficdp.co.in%2Fwp-admin%2Fms-edit.php&path=%2Fhome%2Fnyiet8349bzl%2Fpublic_html%2Ficdp.co.in%2Fwp-admin HTTP/2.0" 403 4676 "-" "Mozilla/5.0 AppleWebKit/537.36 (KHTML, like Gecko; compatible; ClaudeBot/1.0; +claudebot@anthropic.com)" 48 **0/48061**
74.7.227.26 - - [04/Mar/2026:05:35:28 -0700] "GET /?path=//proc/3538463/cwd/lib/.build-id/60 HTTP/2.0" 200 2343 "https://icdp.co.in/?path=//proc/3538463/cwd/lib/.build-id" "Mozilla/5.0 AppleWebKit/537.36 (KHTML, like Gecko; compatible; GPTBot/1.3; +https://openai.com/gptbot)" 56 **0/56461**
216.73.216.186 - - [04/Mar/2026:05:35:28 -0700] "GET /best-on-how-to-withdraw-from-verde-casino-line-roulette-web-sites-you-will-find-experimented-with-wager-real-cash?fileloc=%2Fhome%2Fnyiet8349bzl%2Fpublic_html%2Ficdp.co.in%2Fsss&path=%2Fhome%2Fnyiet8349bzl%2Fpublic_html%2Ficdp.co.in HTTP/2.0" 403 4676 "-" "Mozilla/5.0 AppleWebKit/537.36 (KHTML, like Gecko; compatible; ClaudeBot/1.0; +claudebot@anthropic.com)" 59 **0/59853**
216.73.216.186 - - [04/Mar/2026:05:35:28 -0700] "GET /casinozer-exergue-centrafrique-gratification-100-jusqua-depot-de-casino-maestro-500/feed?fileloc=%2Fhome%2Fnyiet8349bzl%2Fpublic_html%2Ficdp.co.in%2F.lastlogin&path=%2Fhome%2Fnyiet8349bzl%2Fpublic_html%2Ficdp.co.in HTTP/2.0" 403 4676 "-" "Mozilla/5.0 AppleWebKit/537.36 (KHTML, like Gecko; compatible; ClaudeBot/1.0; +claudebot@anthropic.com)" 49 **0/49654**
216.73.216.186 - - [04/Mar/2026:05:35:28 -0700] "GET /15-euro-provision-casino-dunder-100-e-freispiele-blos-einzahlung-in-erreichbar-casinos?fileloc=%2Fhome%2Fnyiet8349bzl%2Fpublic_html%2Ficdp.co.in%2Fwp-admin%2Fimages%2Falign-left.png&path=%2Fhome%2Fnyiet8349bzl%2Fpublic_html%2Ficdp.co.in%2Fwp-admin%2Fimages HTTP/2.0" 403 4676 "-" "Mozilla/5.0 AppleWebKit/537.36 (KHTML, like Gecko; compatible; ClaudeBot/1.0; +claudebot@anthropic.com)" 55 **0/55570**
216.73.216.186 - - [04/Mar/2026:05:35:28 -0700] "GET /messe-mir-inside-die-5-einzahlungs-casinos-online-augen-germanisch-englische-sprache-ubersetzung-pons?fileloc=%2Fhome%2Fnyiet8349bzl%2Fpublic_html%2Ficdp.co.in%2Fwp-includes%2Fimages%2Ftoggle-arrow.png&path=%2Fhome%2Fnyiet8349bzl%2Fpublic_html%2Ficdp.co.in%2Fwp-includes%2Fimages HTTP/2.0" 403 4676 "-" "Mozilla/5.0 AppleWebKit/537.36 (KHTML, like Gecko; compatible; ClaudeBot/1.0; +claudebot@anthropic.com)" 45 **0/45325**
216.73.216.186 - - [04/Mar/2026:05:35:28 -0700] "GET /15-euro-provision-casino-dunder-100-e-freispiele-blos-einzahlung-in-erreichbar-casinos?fileloc=%2Fhome%2Fnyiet8349bzl%2Fpublic_html%2Ficdp.co.in%2Fwp-admin%2Fimages%2Fmenu-vs.png&path=%2Fhome%2Fnyiet8349bzl%2Fpublic_html%2Ficdp.co.in%2Fwp-admin%2Fimages HTTP/2.0" 403 4676 "-" "Mozilla/5.0 AppleWebKit/537.36 (KHTML, like Gecko; compatible; ClaudeBot/1.0; +claudebot@anthropic.com)" 52 **0/52670**
216.73.216.186 - - [04/Mar/2026:05:35:28 -0700] "GET /sizzling-hot-deluxe-erreichbar-fur-nusse-auffuhren/feed?fileloc=%2Fhome%2Fnyiet8349bzl%2Fpublic_html%2Fducoa.org%2Flicense.txt&path=%2Fhome%2Fnyiet8349bzl%2Fpublic_html%2Fducoa.org HTTP/2.0" 403 4676 "-" "Mozilla/5.0 AppleWebKit/537.36 (KHTML, like Gecko; compatible; ClaudeBot/1.0; +claudebot@anthropic.com)" 42 **0/42535**
74.7.227.26 - - [04/Mar/2026:05:35:28 -0700] "GET /?path=//proc/3458776/cwd/lib/.build-id/73 HTTP/2.0" 200 2343 "https://icdp.co.in/?path=//proc/3458776/cwd/lib/.build-id" "Mozilla/5.0 AppleWebKit/537.36 (KHTML, like Gecko; compatible; GPTBot/1.3; +https://openai.com/gptbot)" 56 **0/56143**
216.73.216.186 - - [04/Mar/2026:05:35:28 -0700] "GET /erreichbar-spielsaal-via-natel-retournieren-mobile-kein-einzahlungsbonus-cosmic-cat-zahlungsmethoden?path=%2Fhome%2Fnyiet8349bzl%2Fpublic_html%2Ficdp.co.in%2Flogs HTTP/2.0" 403 4676 "-" "Mozilla/5.0 AppleWebKit/537.36 (KHTML, like Gecko; compatible; ClaudeBot/1.0; +claudebot@anthropic.com)" 49 **0/49297**
216.73.216.186 - - [04/Mar/2026:05:35:29 -0700] "GET /casinozer-exergue-centrafrique-gratification-100-jusqua-depot-de-casino-maestro-500?fileloc=%2Fhome%2Fnyiet8349bzl%2Fpublic_html%2Ficdp.co.in%2F.zshrc&path=%2Fhome%2Fnyiet8349bzl%2Fpublic_html%2Ficdp.co.in HTTP/2.0" 403 4676 "-" "Mozilla/5.0 AppleWebKit/537.36 (KHTML, like Gecko; compatible; ClaudeBot/1.0; +claudebot@anthropic.com)" 46 **0/46320**
216.73.216.186 - - [04/Mar/2026:05:35:29 -0700] "GET /15-euro-provision-casino-dunder-100-e-freispiele-blos-einzahlung-in-erreichbar-casinos?fileloc=%2Fhome%2Fnyiet8349bzl%2Fpublic_html%2Ficdp.co.in%2Fwp-admin%2Fimages%2Fcomment-grey-bubble.png&path=%2Fhome%2Fnyiet8349bzl%2Fpublic_html%2Ficdp.co.in%2Fwp-admin%2Fimages HTTP/2.0" 403 4676 "-" "Mozilla/5.0 AppleWebKit/537.36 (KHTML, like Gecko; compatible; ClaudeBot/1.0; +claudebot@anthropic.com)" 46 **0/46962**
216.73.216.186 - - [04/Mar/2026:05:35:29 -0700] "GET /va-tout-un-tantinet-meilleur-casino-en-ligne-dans-monnaie-reel-depots-ou-retraits-apaises?fileloc=%2Fhome%2Fnyiet8349bzl%2Fpublic_html%2Ficdp.co.in%2FphdFeeEN.php&path=%2Fhome%2Fnyiet8349bzl%2Fpublic_html%2Ficdp.co.in HTTP/2.0" 403 4676 "-" "Mozilla/5.0 AppleWebKit/537.36 (KHTML, like Gecko; compatible; ClaudeBot/1.0; +claudebot@anthropic.com)" 41 **0/41972**
216.73.216.186 - - [04/Mar/2026:05:35:29 -0700] "GET /eurojackpot-oportunidades-en-que-consisten-las-oportunidades-sobre-conseguir-casino-unibet-casino-eurojackpot?fileloc=%2Fhome%2Fnyiet8349bzl%2Fpublic_html%2Ficdp.co.in%2Fwp-admin%2Fcomment.php&path=%2Fhome%2Fnyiet8349bzl%2Fpublic_html%2Ficdp.co.in%2Fwp-admin HTTP/2.0" 403 4676 "-" "Mozilla/5.0 AppleWebKit/537.36 (KHTML, like Gecko; compatible; ClaudeBot/1.0; +claudebot@anthropic.com)" 47 **0/47717**
216.73.216.186 - - [04/Mar/2026:05:35:29 -0700] "GET /pin-up-casinoda-deneyim-cokluu-slotlardan-oyun-4?fileloc=%2Fhome%2Fnyiet8349bzl%2Fpublic_html%2Ficdp.co.in%2Fpaginazione_old.php&path=%2Fhome%2Fnyiet8349bzl%2Fpublic_html%2Ficdp.co.in HTTP/2.0" 403 4676 "-" "Mozilla/5.0 AppleWebKit/537.36 (KHTML, like Gecko; compatible; ClaudeBot/1.0; +claudebot@anthropic.com)" 46 **0/46646**
74.7.227.26 - - [04/Mar/2026:05:35:29 -0700] "GET /?path=//proc/3452243/cwd/lib/.build-id/48 HTTP/2.0" 200 2343 "https://icdp.co.in/?path=//proc/3452243/cwd/lib/.build-id" "Mozilla/5.0 AppleWebKit/537.36 (KHTML, like Gecko; compatible; GPTBot/1.3; +https://openai.com/gptbot)" 53 **0/53935**
216.73.216.186 - - [04/Mar/2026:05:35:29 -0700] "GET /va-tout-un-tantinet-meilleur-casino-en-ligne-dans-monnaie-reel-depots-ou-retraits-apaises?fileloc=%2Fhome%2Fnyiet8349bzl%2Fpublic_html%2Ficdp.co.in%2FRelay.php&path=%2Fhome%2Fnyiet8349bzl%2Fpublic_html%2Ficdp.co.in HTTP/2.0" 403 4676 "-" "Mozilla/5.0 AppleWebKit/537.36 (KHTML, like Gecko; compatible; ClaudeBot/1.0; +claudebot@anthropic.com)" 49 **0/49086**
216.73.216.186 - - [04/Mar/2026:05:35:29 -0700] "GET /im-angeschlossen-casino-10-euroletten-einlosen-erstplatzierter-10-maklercourtage-2025?fileloc=%2Fhome%2Fnyiet8349bzl%2Fpublic_html%2Ficdp.co.in%2Fmaster.php&path=%2Fhome%2Fnyiet8349bzl%2Fpublic_html%2Ficdp.co.in HTTP/2.0" 403 4676 "-" "Mozilla/5.0 AppleWebKit/537.36 (KHTML, like Gecko; compatible; ClaudeBot/1.0; +claudebot@anthropic.com)" 56 **0/56472**
