216.73.216.186 - - [04/Mar/2026:05:32:07 -0700] "GET /sitemap.xml?fileloc=%2Fhome%2Fnyiet8349bzl%2Fpublic_html%2Ficdp.co.in%2Fwp-includes%2Fclass-wp-simplepie-sanitize-kses.php&path=%2Fhome%2Fnyiet8349bzl%2Fpublic_html%2Ficdp.co.in%2Fwp-includes HTTP/2.0" 200 3092 "-" "Mozilla/5.0 AppleWebKit/537.36 (KHTML, like Gecko; compatible; ClaudeBot/1.0; +claudebot@anthropic.com)" 42 **0/42863**
216.73.216.186 - - [04/Mar/2026:05:32:07 -0700] "GET /sitemap.xml?fileloc=%2Fhome%2Fnyiet8349bzl%2Fpublic_html%2Ficdp.co.in%2Fwp-admin%2Fincludes%2Fupgrade.php&path=%2Fhome%2Fnyiet8349bzl%2Fpublic_html%2Ficdp.co.in%2Fwp-admin%2Fincludes HTTP/2.0" 200 27795 "-" "Mozilla/5.0 AppleWebKit/537.36 (KHTML, like Gecko; compatible; ClaudeBot/1.0; +claudebot@anthropic.com)" 54 **0/54633**
216.73.216.186 - - [04/Mar/2026:05:32:07 -0700] "GET /sitemap.xml?fileloc=%2Fhome%2Fnyiet8349bzl%2Fpublic_html%2Ficdp.co.in%2Fwp-admin%2Fabout.php&path=%2Fhome%2Fnyiet8349bzl%2Fpublic_html%2Ficdp.co.in%2Fwp-admin HTTP/2.0" 200 6708 "-" "Mozilla/5.0 AppleWebKit/537.36 (KHTML, like Gecko; compatible; ClaudeBot/1.0; +claudebot@anthropic.com)" 55 **0/55731**
74.7.227.26 - - [04/Mar/2026:05:32:07 -0700] "GET /?fileloc=//proc/irq/8/node&path=//proc/irq/8 HTTP/2.0" 200 2264 "https://icdp.co.in/?path=//proc/irq/8" "Mozilla/5.0 AppleWebKit/537.36 (KHTML, like Gecko; compatible; GPTBot/1.3; +https://openai.com/gptbot)" 40 **0/40411**
216.73.216.186 - - [04/Mar/2026:05:32:06 -0700] "GET /sitemap.xml?fileloc=%2F%2Flib64%2Flibgtk-x11-2.0.so.0.2400.32&path=%2F%2Flib64 HTTP/2.0" 200 1710707 "-" "Mozilla/5.0 AppleWebKit/537.36 (KHTML, like Gecko; compatible; ClaudeBot/1.0; +claudebot@anthropic.com)" 652 **0/652584**
216.73.216.186 - - [04/Mar/2026:05:32:07 -0700] "GET /sitemap.xml?fileloc=%2Fhome%2Fnyiet8349bzl%2Fpublic_html%2Ficdp.co.in%2Fwp-includes%2FID3%2Fgetid3.php&path=%2Fhome%2Fnyiet8349bzl%2Fpublic_html%2Ficdp.co.in%2Fwp-includes%2FID3 HTTP/2.0" 200 21052 "-" "Mozilla/5.0 AppleWebKit/537.36 (KHTML, like Gecko; compatible; ClaudeBot/1.0; +claudebot@anthropic.com)" 59 **0/59520**
216.73.216.186 - - [04/Mar/2026:05:32:07 -0700] "GET /best-sportsbooks-providing-step-1-minimum-lightning-link-app-free-coins-bets?path=%2F HTTP/2.0" 200 2905 "-" "Mozilla/5.0 AppleWebKit/537.36 (KHTML, like Gecko; compatible; ClaudeBot/1.0; +claudebot@anthropic.com)" 48 **0/48296**
216.73.216.186 - - [04/Mar/2026:05:32:07 -0700] "GET /sitemap.xml?fileloc=%2Fhome%2Fnyiet8349bzl%2Fpublic_html%2Ficdp.co.in%2Fwp-admin%2Fincludes%2Fclass-bulk-plugin-upgrader-skin.php&path=%2Fhome%2Fnyiet8349bzl%2Fpublic_html%2Ficdp.co.in%2Fwp-admin%2Fincludes HTTP/2.0" 200 3088 "-" "Mozilla/5.0 AppleWebKit/537.36 (KHTML, like Gecko; compatible; ClaudeBot/1.0; +claudebot@anthropic.com)" 46 **0/46310**
216.73.216.186 - - [04/Mar/2026:05:32:07 -0700] "GET /sitemap.xml?path=%2Fhome%2Fnyiet8349bzl%2Fpublic_html%2Fsbscg20conference.in%2F.well-known HTTP/2.0" 200 2583 "-" "Mozilla/5.0 AppleWebKit/537.36 (KHTML, like Gecko; compatible; ClaudeBot/1.0; +claudebot@anthropic.com)" 38 **0/38250**
216.73.216.186 - - [04/Mar/2026:05:32:07 -0700] "GET /sitemap.xml?fileloc=%2Fhome%2Fnyiet8349bzl%2Fpublic_html%2Ficdp.co.in%2Fwp-includes%2FID3%2Fmodule.audio-video.riff.php&path=%2Fhome%2Fnyiet8349bzl%2Fpublic_html%2Ficdp.co.in%2Fwp-includes%2FID3 HTTP/2.0" 200 30355 "-" "Mozilla/5.0 AppleWebKit/537.36 (KHTML, like Gecko; compatible; ClaudeBot/1.0; +claudebot@anthropic.com)" 58 **0/58693**
74.7.227.26 - - [04/Mar/2026:05:32:07 -0700] "GET /?fileloc=//proc/irq/4/node&path=//proc/irq/4 HTTP/2.0" 200 2264 "https://icdp.co.in/?path=//proc/irq/4" "Mozilla/5.0 AppleWebKit/537.36 (KHTML, like Gecko; compatible; GPTBot/1.3; +https://openai.com/gptbot)" 46 **0/46507**
216.73.216.186 - - [04/Mar/2026:05:32:07 -0700] "GET /sitemap.xml?fileloc=%2Fhome%2Fnyiet8349bzl%2Fpublic_html%2Ficdp.co.in%2Ftmp%2Fwebalizer%2Fusage_202008.html&path=%2Fhome%2Fnyiet8349bzl%2Fpublic_html%2Ficdp.co.in%2Ftmp%2Fwebalizer HTTP/2.0" 200 8708 "-" "Mozilla/5.0 AppleWebKit/537.36 (KHTML, like Gecko; compatible; ClaudeBot/1.0; +claudebot@anthropic.com)" 46 **0/46696**
216.73.216.186 - - [04/Mar/2026:05:32:07 -0700] "GET /sitemap.xml?fileloc=%2Fhome%2Fnyiet8349bzl%2Fpublic_html%2Ficdp.co.in%2Ftmp%2Fwebalizer%2Fusage_202202.html&path=%2Fhome%2Fnyiet8349bzl%2Fpublic_html%2Ficdp.co.in%2Ftmp%2Fwebalizer HTTP/2.0" 200 11022 "-" "Mozilla/5.0 AppleWebKit/537.36 (KHTML, like Gecko; compatible; ClaudeBot/1.0; +claudebot@anthropic.com)" 44 **0/44310**
216.73.216.186 - - [04/Mar/2026:05:32:08 -0700] "GET /sitemap.xml?fileloc=%2Fhome%2Fnyiet8349bzl%2Fpublic_html%2Ficdp.co.in%2Fwp-admin%2Fincludes%2Fclass-wp-privacy-policy-content.php&path=%2Fhome%2Fnyiet8349bzl%2Fpublic_html%2Ficdp.co.in%2Fwp-admin%2Fincludes HTTP/2.0" 200 10192 "-" "Mozilla/5.0 AppleWebKit/537.36 (KHTML, like Gecko; compatible; ClaudeBot/1.0; +claudebot@anthropic.com)" 45 **0/45049**
216.73.216.186 - - [04/Mar/2026:05:32:08 -0700] "GET /sitemap.xml?path=%2Fhome%2Fnyiet8349bzl%2Fpublic_html%2Fjournalofbusinessstudies.in%2Fmysql-timestamps HTTP/2.0" 200 2598 "-" "Mozilla/5.0 AppleWebKit/537.36 (KHTML, like Gecko; compatible; ClaudeBot/1.0; +claudebot@anthropic.com)" 39 **0/39929**
216.73.216.186 - - [04/Mar/2026:05:32:08 -0700] "GET /sitemap.xml?fileloc=%2Fhome%2Fnyiet8349bzl%2Fpublic_html%2Ficdp.co.in%2Fwp-includes%2Fblocks%2Flatest-comments.php&path=%2Fhome%2Fnyiet8349bzl%2Fpublic_html%2Ficdp.co.in%2Fwp-includes%2Fblocks HTTP/2.0" 200 4026 "-" "Mozilla/5.0 AppleWebKit/537.36 (KHTML, like Gecko; compatible; ClaudeBot/1.0; +claudebot@anthropic.com)" 44 **0/44292**
216.73.216.186 - - [04/Mar/2026:05:32:08 -0700] "GET /sitemap.xml?fileloc=%2Fhome%2Fnyiet8349bzl%2Fpublic_html%2Ficdp.co.in%2Fwp-admin%2Fnetwork%2Fsite-new.php&path=%2Fhome%2Fnyiet8349bzl%2Fpublic_html%2Ficdp.co.in%2Fwp-admin%2Fnetwork HTTP/2.0" 200 5528 "-" "Mozilla/5.0 AppleWebKit/537.36 (KHTML, like Gecko; compatible; ClaudeBot/1.0; +claudebot@anthropic.com)" 53 **0/53034**
216.73.216.186 - - [04/Mar/2026:05:32:08 -0700] "GET /sitemap.xml?fileloc=%2Fhome%2Fnyiet8349bzl%2Fpublic_html%2Ficdp.co.in%2Fwp-includes%2Fclass-wp-tax-query.php&path=%2Fhome%2Fnyiet8349bzl%2Fpublic_html%2Ficdp.co.in%2Fwp-includes HTTP/2.0" 200 7431 "-" "Mozilla/5.0 AppleWebKit/537.36 (KHTML, like Gecko; compatible; ClaudeBot/1.0; +claudebot@anthropic.com)" 39 **0/39465**
74.7.227.26 - - [04/Mar/2026:05:32:08 -0700] "GET /?fileloc=//proc/irq/3/node&path=//proc/irq/3 HTTP/2.0" 200 2264 "https://icdp.co.in/?path=//proc/irq/3" "Mozilla/5.0 AppleWebKit/537.36 (KHTML, like Gecko; compatible; GPTBot/1.3; +https://openai.com/gptbot)" 41 **0/41939**
216.73.216.186 - - [04/Mar/2026:05:32:08 -0700] "GET /sitemap.xml?fileloc=%2Fhome%2Fnyiet8349bzl%2Fpublic_html%2Ficdp.co.in%2Fwp-admin%2Fupgrade-functions.php&path=%2Fhome%2Fnyiet8349bzl%2Fpublic_html%2Ficdp.co.in%2Fwp-admin HTTP/2.0" 200 2462 "-" "Mozilla/5.0 AppleWebKit/537.36 (KHTML, like Gecko; compatible; ClaudeBot/1.0; +claudebot@anthropic.com)" 46 **0/46070**
216.73.216.186 - - [04/Mar/2026:05:32:08 -0700] "GET /sitemap.xml?fileloc=%2Fhome%2Fnyiet8349bzl%2Fpublic_html%2Fducoa.org%2Fwp-settings.php&path=%2Fhome%2Fnyiet8349bzl%2Fpublic_html%2Fducoa.org HTTP/2.0" 200 8349 "-" "Mozilla/5.0 AppleWebKit/537.36 (KHTML, like Gecko; compatible; ClaudeBot/1.0; +claudebot@anthropic.com)" 44 **0/44241**
216.73.216.186 - - [04/Mar/2026:05:32:08 -0700] "GET /sitemap.xml?fileloc=%2Fhome%2Fnyiet8349bzl%2Fpublic_html%2Fcdmssbsc.org%2Ffaculty-working-group.php&path=%2Fhome%2Fnyiet8349bzl%2Fpublic_html%2Fcdmssbsc.org HTTP/2.0" 200 3636 "-" "Mozilla/5.0 AppleWebKit/537.36 (KHTML, like Gecko; compatible; ClaudeBot/1.0; +claudebot@anthropic.com)" 46 **0/46374**
216.73.216.186 - - [04/Mar/2026:05:32:08 -0700] "GET /sitemap.xml?fileloc=%2Fhome%2Fnyiet8349bzl%2Fpublic_html%2Ficdp.co.in%2Fwp-includes%2Fblocks%2Fsearch.php&path=%2Fhome%2Fnyiet8349bzl%2Fpublic_html%2Ficdp.co.in%2Fwp-includes%2Fblocks HTTP/2.0" 200 3753 "-" "Mozilla/5.0 AppleWebKit/537.36 (KHTML, like Gecko; compatible; ClaudeBot/1.0; +claudebot@anthropic.com)" 42 **0/42680**
216.73.216.186 - - [04/Mar/2026:05:32:08 -0700] "GET /sitemap.xml?fileloc=%2Fhome%2Fnyiet8349bzl%2Fpublic_html%2Ficdp.co.in%2Fwp-includes%2Fjs%2Fcustomize-base.js&path=%2Fhome%2Fnyiet8349bzl%2Fpublic_html%2Ficdp.co.in%2Fwp-includes%2Fjs HTTP/2.0" 200 9305 "-" "Mozilla/5.0 AppleWebKit/537.36 (KHTML, like Gecko; compatible; ClaudeBot/1.0; +claudebot@anthropic.com)" 48 **0/48671**
216.73.216.186 - - [04/Mar/2026:05:32:08 -0700] "GET /sitemap.xml?fileloc=%2Fhome%2Fnyiet8349bzl%2Fpublic_html%2Ficdp.co.in%2Fwp-includes%2Fclass-wp-widget-factory.php&path=%2Fhome%2Fnyiet8349bzl%2Fpublic_html%2Ficdp.co.in%2Fwp-includes HTTP/2.0" 200 3068 "-" "Mozilla/5.0 AppleWebKit/537.36 (KHTML, like Gecko; compatible; ClaudeBot/1.0; +claudebot@anthropic.com)" 41 **0/41182**
74.7.227.26 - - [04/Mar/2026:05:32:08 -0700] "GET /?fileloc=//proc/irq/9/node&path=//proc/irq/9 HTTP/2.0" 200 2264 "https://icdp.co.in/?path=//proc/irq/9" "Mozilla/5.0 AppleWebKit/537.36 (KHTML, like Gecko; compatible; GPTBot/1.3; +https://openai.com/gptbot)" 47 **0/47193**
216.73.216.186 - - [04/Mar/2026:05:32:09 -0700] "GET /sitemap.xml?fileloc=%2Fhome%2Fnyiet8349bzl%2Fpublic_html%2Ficdp.co.in%2Fwp-includes%2Fjs%2Fwp-embed-template.js&path=%2Fhome%2Fnyiet8349bzl%2Fpublic_html%2Ficdp.co.in%2Fwp-includes%2Fjs HTTP/2.0" 200 3908 "-" "Mozilla/5.0 AppleWebKit/537.36 (KHTML, like Gecko; compatible; ClaudeBot/1.0; +claudebot@anthropic.com)" 50 **0/50895**
216.73.216.186 - - [04/Mar/2026:05:32:09 -0700] "GET /sitemap.xml?fileloc=%2Fhome%2Fnyiet8349bzl%2Fpublic_html%2Ficdp.co.in%2Fwp-admin%2Fcss%2Frevisions-rtl.min.css&path=%2Fhome%2Fnyiet8349bzl%2Fpublic_html%2Ficdp.co.in%2Fwp-admin%2Fcss HTTP/2.0" 200 4348 "-" "Mozilla/5.0 AppleWebKit/537.36 (KHTML, like Gecko; compatible; ClaudeBot/1.0; +claudebot@anthropic.com)" 51 **0/51083**
216.73.216.186 - - [04/Mar/2026:05:32:09 -0700] "GET /sitemap.xml?fileloc=%2Fhome%2Fnyiet8349bzl%2Fpublic_html%2Ficdp.co.in%2Ftmp%2Fwebalizer%2Fusage_202006.html&path=%2Fhome%2Fnyiet8349bzl%2Fpublic_html%2Ficdp.co.in%2Ftmp%2Fwebalizer HTTP/2.0" 200 8701 "-" "Mozilla/5.0 AppleWebKit/537.36 (KHTML, like Gecko; compatible; ClaudeBot/1.0; +claudebot@anthropic.com)" 44 **0/44116**
216.73.216.186 - - [04/Mar/2026:05:32:09 -0700] "GET /sitemap.xml?fileloc=%2Fhome%2Fnyiet8349bzl%2Fpublic_html%2Ficdp.co.in%2Ftmp%2Fwebalizer%2Fusage_202103.html&path=%2Fhome%2Fnyiet8349bzl%2Fpublic_html%2Ficdp.co.in%2Ftmp%2Fwebalizer HTTP/2.0" 200 9585 "-" "Mozilla/5.0 AppleWebKit/537.36 (KHTML, like Gecko; compatible; ClaudeBot/1.0; +claudebot@anthropic.com)" 48 **0/48459**
216.73.216.186 - - [04/Mar/2026:05:32:09 -0700] "GET /sitemap.xml?fileloc=%2Fhome%2Fnyiet8349bzl%2Fpublic_html%2Ficdp.co.in%2Ftmp%2Fwebalizer%2Fusage_202009.html&path=%2Fhome%2Fnyiet8349bzl%2Fpublic_html%2Ficdp.co.in%2Ftmp%2Fwebalizer HTTP/2.0" 200 8711 "-" "Mozilla/5.0 AppleWebKit/537.36 (KHTML, like Gecko; compatible; ClaudeBot/1.0; +claudebot@anthropic.com)" 46 **0/46991**
216.73.216.186 - - [04/Mar/2026:05:32:09 -0700] "GET /sitemap.xml?fileloc=%2Fhome%2Fnyiet8349bzl%2Fpublic_html%2Ficdp.co.in%2Fwp-includes%2Fjs%2Fcustomize-models.js&path=%2Fhome%2Fnyiet8349bzl%2Fpublic_html%2Ficdp.co.in%2Fwp-includes%2Fjs HTTP/2.0" 200 4151 "-" "Mozilla/5.0 AppleWebKit/537.36 (KHTML, like Gecko; compatible; ClaudeBot/1.0; +claudebot@anthropic.com)" 38 **0/38064**
74.7.227.26 - - [04/Mar/2026:05:32:09 -0700] "GET /?path=//proc/irq/9/acpi HTTP/2.0" 200 2318 "https://icdp.co.in/?path=//proc/irq/9" "Mozilla/5.0 AppleWebKit/537.36 (KHTML, like Gecko; compatible; GPTBot/1.3; +https://openai.com/gptbot)" 42 **0/42550**
216.73.216.186 - - [04/Mar/2026:05:32:09 -0700] "GET /sitemap.xml?fileloc=%2Fhome%2Fnyiet8349bzl%2Fpublic_html%2Ficdp.co.in%2Fwp-includes%2Fregistration.php&path=%2Fhome%2Fnyiet8349bzl%2Fpublic_html%2Ficdp.co.in%2Fwp-includes HTTP/2.0" 200 2415 "-" "Mozilla/5.0 AppleWebKit/537.36 (KHTML, like Gecko; compatible; ClaudeBot/1.0; +claudebot@anthropic.com)" 40 **0/40551**
216.73.216.186 - - [04/Mar/2026:05:32:09 -0700] "GET /sitemap.xml?fileloc=%2Fhome%2Fnyiet8349bzl%2Fpublic_html%2Ficdp.co.in%2Fwp-admin%2Fnetwork%2Ffreedoms.php&path=%2Fhome%2Fnyiet8349bzl%2Fpublic_html%2Ficdp.co.in%2Fwp-admin%2Fnetwork HTTP/2.0" 200 2436 "-" "Mozilla/5.0 AppleWebKit/537.36 (KHTML, like Gecko; compatible; ClaudeBot/1.0; +claudebot@anthropic.com)" 37 **0/37095**
216.73.216.186 - - [04/Mar/2026:05:32:09 -0700] "GET /sitemap.xml?fileloc=%2Fhome%2Fnyiet8349bzl%2Fpublic_html%2Ficdp.co.in%2Ftmp%2Fwebalizer%2Fusage_201908.html&path=%2Fhome%2Fnyiet8349bzl%2Fpublic_html%2Ficdp.co.in%2Ftmp%2Fwebalizer HTTP/2.0" 200 8483 "-" "Mozilla/5.0 AppleWebKit/537.36 (KHTML, like Gecko; compatible; ClaudeBot/1.0; +claudebot@anthropic.com)" 45 **0/45398**
216.73.216.186 - - [04/Mar/2026:05:32:09 -0700] "GET /sitemap.xml?fileloc=%2Fhome%2Fnyiet8349bzl%2Fpublic_html%2Ficdp.co.in%2Fwp-admin%2Fmoderation.php&path=%2Fhome%2Fnyiet8349bzl%2Fpublic_html%2Ficdp.co.in%2Fwp-admin HTTP/2.0" 200 2442 "-" "Mozilla/5.0 AppleWebKit/537.36 (KHTML, like Gecko; compatible; ClaudeBot/1.0; +claudebot@anthropic.com)" 40 **0/40037**
216.73.216.186 - - [04/Mar/2026:05:32:09 -0700] "GET /sitemap.xml?fileloc=%2Fhome%2Fnyiet8349bzl%2Fpublic_html%2Ficdp.co.in%2Fwp-admin%2Fuser%2Fcredits.php&path=%2Fhome%2Fnyiet8349bzl%2Fpublic_html%2Ficdp.co.in%2Fwp-admin%2Fuser HTTP/2.0" 200 2438 "-" "Mozilla/5.0 AppleWebKit/537.36 (KHTML, like Gecko; compatible; ClaudeBot/1.0; +claudebot@anthropic.com)" 41 **0/41473**
74.7.227.26 - - [04/Mar/2026:05:32:09 -0700] "GET /?path=//proc/irq/8/rtc0 HTTP/2.0" 200 2318 "https://icdp.co.in/?path=//proc/irq/8" "Mozilla/5.0 AppleWebKit/537.36 (KHTML, like Gecko; compatible; GPTBot/1.3; +https://openai.com/gptbot)" 45 **0/45247**
216.73.216.186 - - [04/Mar/2026:05:32:10 -0700] "GET /sitemap.xml?fileloc=%2Fhome%2Fnyiet8349bzl%2Fpublic_html%2Ficdp.co.in%2Fwp-admin%2Fms-options.php&path=%2Fhome%2Fnyiet8349bzl%2Fpublic_html%2Ficdp.co.in%2Fwp-admin HTTP/2.0" 200 2418 "-" "Mozilla/5.0 AppleWebKit/537.36 (KHTML, like Gecko; compatible; ClaudeBot/1.0; +claudebot@anthropic.com)" 43 **0/43730**
216.73.216.186 - - [04/Mar/2026:05:32:10 -0700] "GET /sitemap.xml?fileloc=%2Fhome%2Fnyiet8349bzl%2Fpublic_html%2Ficdp.co.in%2Fwp-includes%2Fbookmark.php&path=%2Fhome%2Fnyiet8349bzl%2Fpublic_html%2Ficdp.co.in%2Fwp-includes HTTP/2.0" 200 6467 "-" "Mozilla/5.0 AppleWebKit/537.36 (KHTML, like Gecko; compatible; ClaudeBot/1.0; +claudebot@anthropic.com)" 49 **0/49155**
216.73.216.186 - - [04/Mar/2026:05:32:10 -0700] "GET /sitemap.xml?fileloc=%2Fhome%2Fnyiet8349bzl%2Fpublic_html%2Ficdp.co.in%2Ftmp%2Fwebalizer%2Fusage_202010.html&path=%2Fhome%2Fnyiet8349bzl%2Fpublic_html%2Ficdp.co.in%2Ftmp%2Fwebalizer HTTP/2.0" 200 9076 "-" "Mozilla/5.0 AppleWebKit/537.36 (KHTML, like Gecko; compatible; ClaudeBot/1.0; +claudebot@anthropic.com)" 51 **0/51786**
216.73.216.186 - - [04/Mar/2026:05:32:10 -0700] "GET /sitemap.xml?fileloc=%2Fhome%2Fnyiet8349bzl%2Fpublic_html%2Ficdp.co.in%2Fwp-admin%2Fprofile.php&path=%2Fhome%2Fnyiet8349bzl%2Fpublic_html%2Ficdp.co.in%2Fwp-admin HTTP/2.0" 200 2458 "-" "Mozilla/5.0 AppleWebKit/537.36 (KHTML, like Gecko; compatible; ClaudeBot/1.0; +claudebot@anthropic.com)" 46 **0/46033**
216.73.216.186 - - [04/Mar/2026:05:32:10 -0700] "GET /sitemap.xml?fileloc=%2Fhome%2Fnyiet8349bzl%2Fpublic_html%2Ficdp.co.in%2Fwp-includes%2Fms-site.php&path=%2Fhome%2Fnyiet8349bzl%2Fpublic_html%2Ficdp.co.in%2Fwp-includes HTTP/2.0" 200 12284 "-" "Mozilla/5.0 AppleWebKit/537.36 (KHTML, like Gecko; compatible; ClaudeBot/1.0; +claudebot@anthropic.com)" 53 **0/53708**
216.73.216.186 - - [04/Mar/2026:05:32:10 -0700] "GET /sitemap.xml?fileloc=%2Fhome%2Fnyiet8349bzl%2Fpublic_html%2Ficdp.co.in%2Fwp-admin%2Fadmin-ajax.php&path=%2Fhome%2Fnyiet8349bzl%2Fpublic_html%2Ficdp.co.in%2Fwp-admin HTTP/2.0" 200 3998 "-" "Mozilla/5.0 AppleWebKit/537.36 (KHTML, like Gecko; compatible; ClaudeBot/1.0; +claudebot@anthropic.com)" 41 **0/41682**
74.7.227.26 - - [04/Mar/2026:05:32:10 -0700] "GET /?fileloc=//proc/irq/8/effective_affinity&path=//proc/irq/8 HTTP/2.0" 200 2269 "https://icdp.co.in/?path=//proc/irq/8" "Mozilla/5.0 AppleWebKit/537.36 (KHTML, like Gecko; compatible; GPTBot/1.3; +https://openai.com/gptbot)" 48 **0/48350**
216.73.216.186 - - [04/Mar/2026:05:32:10 -0700] "GET /sitemap.xml?fileloc=%2Fhome%2Fnyiet8349bzl%2Fpublic_html%2Ficdp.co.in%2Fwp-admin%2Frevision.php&path=%2Fhome%2Fnyiet8349bzl%2Fpublic_html%2Ficdp.co.in%2Fwp-admin HTTP/2.0" 200 4194 "-" "Mozilla/5.0 AppleWebKit/537.36 (KHTML, like Gecko; compatible; ClaudeBot/1.0; +claudebot@anthropic.com)" 44 **0/44083**
216.73.216.186 - - [04/Mar/2026:05:32:10 -0700] "GET /sitemap.xml?fileloc=%2Fhome%2Fnyiet8349bzl%2Fpublic_html%2Ficdp.co.in%2Fwp-includes%2Fjs%2Fcustomize-loader.min.js&path=%2Fhome%2Fnyiet8349bzl%2Fpublic_html%2Ficdp.co.in%2Fwp-includes%2Fjs HTTP/2.0" 200 3627 "-" "Mozilla/5.0 AppleWebKit/537.36 (KHTML, like Gecko; compatible; ClaudeBot/1.0; +claudebot@anthropic.com)" 49 **0/49980**
216.73.216.186 - - [04/Mar/2026:05:32:10 -0700] "GET /sitemap.xml?fileloc=%2Fhome%2Fnyiet8349bzl%2Fpublic_html%2Ficdp.co.in%2Fwp-admin%2Fuser%2Ferror_log&path=%2Fhome%2Fnyiet8349bzl%2Fpublic_html%2Ficdp.co.in%2Fwp-admin%2Fuser HTTP/2.0" 200 2417 "-" "Mozilla/5.0 AppleWebKit/537.36 (KHTML, like Gecko; compatible; ClaudeBot/1.0; +claudebot@anthropic.com)" 49 **0/49230**
216.73.216.186 - - [04/Mar/2026:05:32:10 -0700] "GET /sitemap.xml?fileloc=%2Fhome%2Fnyiet8349bzl%2Fpublic_html%2Ficdp.co.in%2Ftmp%2Fwebalizer%2Fusage_202005.html&path=%2Fhome%2Fnyiet8349bzl%2Fpublic_html%2Ficdp.co.in%2Ftmp%2Fwebalizer HTTP/2.0" 200 9092 "-" "Mozilla/5.0 AppleWebKit/537.36 (KHTML, like Gecko; compatible; ClaudeBot/1.0; +claudebot@anthropic.com)" 42 **0/42319**
216.73.216.186 - - [04/Mar/2026:05:32:10 -0700] "GET /sitemap.xml?fileloc=%2Fhome%2Fnyiet8349bzl%2Fpublic_html%2Ficdp.co.in%2Ftmp%2Fwebalizer%2Fusage_201909.html&path=%2Fhome%2Fnyiet8349bzl%2Fpublic_html%2Ficdp.co.in%2Ftmp%2Fwebalizer HTTP/2.0" 200 9234 "-" "Mozilla/5.0 AppleWebKit/537.36 (KHTML, like Gecko; compatible; ClaudeBot/1.0; +claudebot@anthropic.com)" 41 **0/41680**
74.7.227.26 - - [04/Mar/2026:05:32:11 -0700] "GET /?fileloc=//proc/irq/6/effective_affinity&path=//proc/irq/6 HTTP/2.0" 200 2270 "https://icdp.co.in/?path=//proc/irq/6" "Mozilla/5.0 AppleWebKit/537.36 (KHTML, like Gecko; compatible; GPTBot/1.3; +https://openai.com/gptbot)" 43 **0/43150**
43.173.180.80 - - [04/Mar/2026:05:32:11 -0700] "GET /1win-azerbaycan-giri-v-qeydiyyat3122/ HTTP/1.1" 200 5663 "-" "Mozilla/5.0 (Windows NT 10.0; Win64; x64) AppleWebKit/537.36 (KHTML, like Gecko) Chrome/116.0.0.0 Safari/537.36" 40 **0/40061**
216.73.216.186 - - [04/Mar/2026:05:32:11 -0700] "GET /sitemap.xml?fileloc=%2Fhome%2Fnyiet8349bzl%2Fpublic_html%2Ficdp.co.in%2Fwp-includes%2Fcategory-template.php&path=%2Fhome%2Fnyiet8349bzl%2Fpublic_html%2Ficdp.co.in%2Fwp-includes HTTP/2.0" 200 15065 "-" "Mozilla/5.0 AppleWebKit/537.36 (KHTML, like Gecko; compatible; ClaudeBot/1.0; +claudebot@anthropic.com)" 39 **0/39954**
216.73.216.186 - - [04/Mar/2026:05:32:11 -0700] "GET /sitemap.xml?fileloc=%2Fhome%2Fnyiet8349bzl%2Fpublic_html%2Ficdp.co.in%2Fwp-admin%2Fpost.php&path=%2Fhome%2Fnyiet8349bzl%2Fpublic_html%2Ficdp.co.in%2Fwp-admin HTTP/2.0" 200 5212 "-" "Mozilla/5.0 AppleWebKit/537.36 (KHTML, like Gecko; compatible; ClaudeBot/1.0; +claudebot@anthropic.com)" 45 **0/45841**
216.73.216.186 - - [04/Mar/2026:05:32:11 -0700] "GET /sitemap.xml?fileloc=%2Fhome%2Fnyiet8349bzl%2Fpublic_html%2Fcdmssbsc.org%2Fbandwidth_db_data.json&path=%2Fhome%2Fnyiet8349bzl%2Fpublic_html%2Fcdmssbsc.org HTTP/2.0" 200 351257 "-" "Mozilla/5.0 AppleWebKit/537.36 (KHTML, like Gecko; compatible; ClaudeBot/1.0; +claudebot@anthropic.com)" 296 **0/296845**
216.73.216.186 - - [04/Mar/2026:05:32:11 -0700] "GET /sitemap.xml?fileloc=%2Fhome%2Fnyiet8349bzl%2Fpublic_html%2Ficdp.co.in%2Fwp-includes%2Fpost-thumbnail-template.php&path=%2Fhome%2Fnyiet8349bzl%2Fpublic_html%2Ficdp.co.in%2Fwp-includes HTTP/2.0" 200 4259 "-" "Mozilla/5.0 AppleWebKit/537.36 (KHTML, like Gecko; compatible; ClaudeBot/1.0; +claudebot@anthropic.com)" 41 **0/41015**
185.191.171.8 - - [04/Mar/2026:05:32:11 -0700] "GET /spinners-paradise-unlock-123-no-put-one-hundred-free-spins-from-internet-casino-emperors-backyard-gonzocasino/ HTTP/1.1" 200 5663 "-" "Mozilla/5.0 (compatible; SemrushBot/7~bl; +http://www.semrush.com/bot.html)" 42 **0/42371**
216.73.216.186 - - [04/Mar/2026:05:32:11 -0700] "GET /sitemap.xml?fileloc=%2Fhome%2Fnyiet8349bzl%2Fpublic_html%2Ficdp.co.in%2Fwp-includes%2Foption.php&path=%2Fhome%2Fnyiet8349bzl%2Fpublic_html%2Ficdp.co.in%2Fwp-includes HTTP/2.0" 200 14815 "-" "Mozilla/5.0 AppleWebKit/537.36 (KHTML, like Gecko; compatible; ClaudeBot/1.0; +claudebot@anthropic.com)" 46 **0/46038**
216.73.216.186 - - [04/Mar/2026:05:32:11 -0700] "GET /sitemap.xml?fileloc=%2Fhome%2Fnyiet8349bzl%2Fpublic_html%2Fducoa.org%2Fwp-config-sample.php&path=%2Fhome%2Fnyiet8349bzl%2Fpublic_html%2Fducoa.org HTTP/2.0" 200 3505 "-" "Mozilla/5.0 AppleWebKit/537.36 (KHTML, like Gecko; compatible; ClaudeBot/1.0; +claudebot@anthropic.com)" 44 **0/44055**
74.7.227.26 - - [04/Mar/2026:05:32:11 -0700] "GET /?fileloc=//proc/irq/5/effective_affinity&path=//proc/irq/5 HTTP/2.0" 200 2269 "https://icdp.co.in/?path=//proc/irq/5" "Mozilla/5.0 AppleWebKit/537.36 (KHTML, like Gecko; compatible; GPTBot/1.3; +https://openai.com/gptbot)" 46 **0/46665**
216.73.216.186 - - [04/Mar/2026:05:32:11 -0700] "GET /sitemap.xml?path=%2Fhome%2Fnyiet8349bzl%2Fiecbm.sbsc.in%2Ffonts HTTP/2.0" 200 3213 "-" "Mozilla/5.0 AppleWebKit/537.36 (KHTML, like Gecko; compatible; ClaudeBot/1.0; +claudebot@anthropic.com)" 43 **0/43789**
216.73.216.186 - - [04/Mar/2026:05:32:11 -0700] "GET /sitemap.xml?fileloc=%2Fhome%2Fnyiet8349bzl%2Fpublic_html%2Ficdp.co.in%2Fwp-includes%2Fblocks%2Farchives.php&path=%2Fhome%2Fnyiet8349bzl%2Fpublic_html%2Ficdp.co.in%2Fwp-includes%2Fblocks HTTP/2.0" 200 3269 "-" "Mozilla/5.0 AppleWebKit/537.36 (KHTML, like Gecko; compatible; ClaudeBot/1.0; +claudebot@anthropic.com)" 40 **0/40728**
216.73.216.186 - - [04/Mar/2026:05:32:11 -0700] "GET /sitemap.xml?fileloc=%2Fhome%2Fnyiet8349bzl%2Fpublic_html%2Ficdp.co.in%2Fwp-admin%2Fload-styles.php&path=%2Fhome%2Fnyiet8349bzl%2Fpublic_html%2Ficdp.co.in%2Fwp-admin HTTP/2.0" 200 3259 "-" "Mozilla/5.0 AppleWebKit/537.36 (KHTML, like Gecko; compatible; ClaudeBot/1.0; +claudebot@anthropic.com)" 41 **0/41117**
216.73.216.186 - - [04/Mar/2026:05:32:11 -0700] "GET /sitemap.xml?fileloc=%2Fhome%2Fnyiet8349bzl%2Fpublic_html%2Ficdp.co.in%2Ftmp%2Fwebalizer%2Fusage_202001.html&path=%2Fhome%2Fnyiet8349bzl%2Fpublic_html%2Ficdp.co.in%2Ftmp%2Fwebalizer HTTP/2.0" 200 8629 "-" "Mozilla/5.0 AppleWebKit/537.36 (KHTML, like Gecko; compatible; ClaudeBot/1.0; +claudebot@anthropic.com)" 49 **0/49972**
216.73.216.186 - - [04/Mar/2026:05:32:11 -0700] "GET /sitemap.xml?fileloc=%2Fhome%2Fnyiet8349bzl%2Fpublic_html%2Ficdp.co.in%2Fwp-admin%2Fms-delete-site.php&path=%2Fhome%2Fnyiet8349bzl%2Fpublic_html%2Ficdp.co.in%2Fwp-admin HTTP/2.0" 200 4042 "-" "Mozilla/5.0 AppleWebKit/537.36 (KHTML, like Gecko; compatible; ClaudeBot/1.0; +claudebot@anthropic.com)" 42 **0/42168**
74.7.227.26 - - [04/Mar/2026:05:32:12 -0700] "GET /?fileloc=//proc/irq/9/effective_affinity&path=//proc/irq/9 HTTP/2.0" 200 2269 "https://icdp.co.in/?path=//proc/irq/9" "Mozilla/5.0 AppleWebKit/537.36 (KHTML, like Gecko; compatible; GPTBot/1.3; +https://openai.com/gptbot)" 47 **0/47544**
216.73.216.186 - - [04/Mar/2026:05:32:12 -0700] "GET /sitemap.xml?path=%2Fhome%2Fnyiet8349bzl%2Fpublic_html%2Fjournalofbusinessstudies.in%2F.well-known HTTP/2.0" 200 2619 "-" "Mozilla/5.0 AppleWebKit/537.36 (KHTML, like Gecko; compatible; ClaudeBot/1.0; +claudebot@anthropic.com)" 42 **0/42743**
216.73.216.186 - - [04/Mar/2026:05:32:12 -0700] "GET /sitemap.xml?fileloc=%2Fhome%2Fnyiet8349bzl%2Fpublic_html%2Ficdp.co.in%2Fwp-includes%2Fjs%2Fwp-embed.js&path=%2Fhome%2Fnyiet8349bzl%2Fpublic_html%2Ficdp.co.in%2Fwp-includes%2Fjs HTTP/2.0" 200 3423 "-" "Mozilla/5.0 AppleWebKit/537.36 (KHTML, like Gecko; compatible; ClaudeBot/1.0; +claudebot@anthropic.com)" 48 **0/48302**
216.73.216.186 - - [04/Mar/2026:05:32:12 -0700] "GET /sitemap.xml?fileloc=%2Fhome%2Fnyiet8349bzl%2Fpublic_html%2Ficdp.co.in%2Fwp-includes%2Fclass-wp-taxonomy.php&path=%2Fhome%2Fnyiet8349bzl%2Fpublic_html%2Ficdp.co.in%2Fwp-includes HTTP/2.0" 200 5445 "-" "Mozilla/5.0 AppleWebKit/537.36 (KHTML, like Gecko; compatible; ClaudeBot/1.0; +claudebot@anthropic.com)" 45 **0/45564**
216.73.216.186 - - [04/Mar/2026:05:32:12 -0700] "GET /sitemap.xml?fileloc=%2Fhome%2Fnyiet8349bzl%2Fpublic_html%2Ficdp.co.in%2Fwp-includes%2FPHPMailer%2FException.php&path=%2Fhome%2Fnyiet8349bzl%2Fpublic_html%2Ficdp.co.in%2Fwp-includes%2FPHPMailer HTTP/2.0" 200 2911 "-" "Mozilla/5.0 AppleWebKit/537.36 (KHTML, like Gecko; compatible; ClaudeBot/1.0; +claudebot@anthropic.com)" 49 **0/49077**
216.73.216.186 - - [04/Mar/2026:05:32:12 -0700] "GET /sitemap.xml?fileloc=%2Fhome%2Fnyiet8349bzl%2Fpublic_html%2Ficdp.co.in%2Fwp-admin%2Foptions.php&path=%2Fhome%2Fnyiet8349bzl%2Fpublic_html%2Ficdp.co.in%2Fwp-admin HTTP/2.0" 200 6414 "-" "Mozilla/5.0 AppleWebKit/537.36 (KHTML, like Gecko; compatible; ClaudeBot/1.0; +claudebot@anthropic.com)" 45 **0/45699**
216.73.216.186 - - [04/Mar/2026:05:32:12 -0700] "GET /sitemap.xml?fileloc=%2Fhome%2Fnyiet8349bzl%2Fpublic_html%2Ficdp.co.in%2Ftmp%2Fwebalizer%2Fusage_202007.html&path=%2Fhome%2Fnyiet8349bzl%2Fpublic_html%2Ficdp.co.in%2Ftmp%2Fwebalizer HTTP/2.0" 200 8776 "-" "Mozilla/5.0 AppleWebKit/537.36 (KHTML, like Gecko; compatible; ClaudeBot/1.0; +claudebot@anthropic.com)" 50 **0/50418**
216.73.216.186 - - [04/Mar/2026:05:32:12 -0700] "GET /ukash-playing-web-oshi-bet-sites-2025-better-ukash-california-web-based-casinos?path=%2F HTTP/2.0" 200 2905 "-" "Mozilla/5.0 AppleWebKit/537.36 (KHTML, like Gecko; compatible; ClaudeBot/1.0; +claudebot@anthropic.com)" 49 **0/49527**
74.7.227.26 - - [04/Mar/2026:05:32:12 -0700] "GET /?fileloc=//proc/irq/1/effective_affinity&path=//proc/irq/1 HTTP/2.0" 200 2269 "https://icdp.co.in/?path=//proc/irq/1" "Mozilla/5.0 AppleWebKit/537.36 (KHTML, like Gecko; compatible; GPTBot/1.3; +https://openai.com/gptbot)" 43 **0/43727**
216.73.216.186 - - [04/Mar/2026:05:32:12 -0700] "GET /sitemap.xml?fileloc=%2Fhome%2Fnyiet8349bzl%2Fpublic_html%2Ficdp.co.in%2Fwp-includes%2Frewrite.php&path=%2Fhome%2Fnyiet8349bzl%2Fpublic_html%2Ficdp.co.in%2Fwp-includes HTTP/2.0" 200 8032 "-" "Mozilla/5.0 AppleWebKit/537.36 (KHTML, like Gecko; compatible; ClaudeBot/1.0; +claudebot@anthropic.com)" 44 **0/44092**
216.73.216.186 - - [04/Mar/2026:05:32:12 -0700] "GET /sitemap.xml?fileloc=%2Fhome%2Fnyiet8349bzl%2Fpublic_html%2Fducoa.org%2Fwp-load.php&path=%2Fhome%2Fnyiet8349bzl%2Fpublic_html%2Fducoa.org HTTP/2.0" 200 3865 "-" "Mozilla/5.0 AppleWebKit/537.36 (KHTML, like Gecko; compatible; ClaudeBot/1.0; +claudebot@anthropic.com)" 43 **0/43812**
216.73.216.186 - - [04/Mar/2026:05:32:12 -0700] "GET /sitemap.xml?fileloc=%2Fhome%2Fnyiet8349bzl%2Fpublic_html%2Ficdp.co.in%2Fwp-includes%2Fjs%2Fcomment-reply.js&path=%2Fhome%2Fnyiet8349bzl%2Fpublic_html%2Ficdp.co.in%2Fwp-includes%2Fjs HTTP/2.0" 200 5831 "-" "Mozilla/5.0 AppleWebKit/537.36 (KHTML, like Gecko; compatible; ClaudeBot/1.0; +claudebot@anthropic.com)" 49 **0/49513**
216.73.216.186 - - [04/Mar/2026:05:32:13 -0700] "GET /sitemap.xml?fileloc=%2Fhome%2Fnyiet8349bzl%2Fpublic_html%2Ficdp.co.in%2Fwp-admin%2Fcss%2Fcolor-picker.min.css&path=%2Fhome%2Fnyiet8349bzl%2Fpublic_html%2Ficdp.co.in%2Fwp-admin%2Fcss HTTP/2.0" 200 2996 "-" "Mozilla/5.0 AppleWebKit/537.36 (KHTML, like Gecko; compatible; ClaudeBot/1.0; +claudebot@anthropic.com)" 40 **0/40906**
216.73.216.186 - - [04/Mar/2026:05:32:12 -0700] "GET /sitemap.xml?fileloc=%2F%2Flib64%2Flibgdk-x11-2.0.so.0.2400.32&path=%2F%2Flib64 HTTP/2.0" 200 297536 "-" "Mozilla/5.0 AppleWebKit/537.36 (KHTML, like Gecko; compatible; ClaudeBot/1.0; +claudebot@anthropic.com)" 145 **0/145188**
216.73.216.186 - - [04/Mar/2026:05:32:13 -0700] "GET /sitemap.xml?fileloc=%2Fhome%2Fnyiet8349bzl%2Fpublic_html%2Ficdp.co.in%2Fwp-includes%2Fjs%2Fwp-custom-header.js&path=%2Fhome%2Fnyiet8349bzl%2Fpublic_html%2Ficdp.co.in%2Fwp-includes%2Fjs HTTP/2.0" 200 5098 "-" "Mozilla/5.0 AppleWebKit/537.36 (KHTML, like Gecko; compatible; ClaudeBot/1.0; +claudebot@anthropic.com)" 49 **0/49794**
74.7.227.26 - - [04/Mar/2026:05:32:13 -0700] "GET /?fileloc=//proc/irq/3/effective_affinity&path=//proc/irq/3 HTTP/2.0" 200 2270 "https://icdp.co.in/?path=//proc/irq/3" "Mozilla/5.0 AppleWebKit/537.36 (KHTML, like Gecko; compatible; GPTBot/1.3; +https://openai.com/gptbot)" 42 **0/42847**
216.73.216.186 - - [04/Mar/2026:05:32:13 -0700] "GET /sitemap.xml?fileloc=%2Fhome%2Fnyiet8349bzl%2Fpublic_html%2Ficdp.co.in%2Fwp-admin%2Fincludes%2Fbookmark.php&path=%2Fhome%2Fnyiet8349bzl%2Fpublic_html%2Ficdp.co.in%2Fwp-admin%2Fincludes HTTP/2.0" 200 5185 "-" "Mozilla/5.0 AppleWebKit/537.36 (KHTML, like Gecko; compatible; ClaudeBot/1.0; +claudebot@anthropic.com)" 52 **0/52122**
216.73.216.186 - - [04/Mar/2026:05:32:13 -0700] "GET /sitemap.xml?fileloc=%2Fhome%2Fnyiet8349bzl%2Fpublic_html%2Ficdp.co.in%2Fwp-includes%2FID3%2Fmodule.audio-video.flv.php&path=%2Fhome%2Fnyiet8349bzl%2Fpublic_html%2Ficdp.co.in%2Fwp-includes%2FID3 HTTP/2.0" 200 8162 "-" "Mozilla/5.0 AppleWebKit/537.36 (KHTML, like Gecko; compatible; ClaudeBot/1.0; +claudebot@anthropic.com)" 46 **0/46211**
216.73.216.186 - - [04/Mar/2026:05:32:13 -0700] "GET /sitemap.xml?fileloc=%2Fhome%2Fnyiet8349bzl%2Fpublic_html%2Ficdp.co.in%2Fwp-includes%2Fhttp.php&path=%2Fhome%2Fnyiet8349bzl%2Fpublic_html%2Ficdp.co.in%2Fwp-includes HTTP/2.0" 200 7167 "-" "Mozilla/5.0 AppleWebKit/537.36 (KHTML, like Gecko; compatible; ClaudeBot/1.0; +claudebot@anthropic.com)" 52 **0/52018**
216.73.216.186 - - [04/Mar/2026:05:32:13 -0700] "GET /sitemap.xml?fileloc=%2Fhome%2Fnyiet8349bzl%2Fpublic_html%2Ficdp.co.in%2Fwp-includes%2Fclass-wp-ajax-response.php&path=%2Fhome%2Fnyiet8349bzl%2Fpublic_html%2Ficdp.co.in%2Fwp-includes HTTP/2.0" 200 4039 "-" "Mozilla/5.0 AppleWebKit/537.36 (KHTML, like Gecko; compatible; ClaudeBot/1.0; +claudebot@anthropic.com)" 46 **0/46170**
216.73.216.186 - - [04/Mar/2026:05:32:13 -0700] "GET /sitemap.xml?fileloc=%2Fhome%2Fnyiet8349bzl%2Fpublic_html%2Ficdp.co.in%2Fwp-admin%2Fincludes%2Fclass-wp-site-icon.php&path=%2Fhome%2Fnyiet8349bzl%2Fpublic_html%2Ficdp.co.in%2Fwp-admin%2Fincludes HTTP/2.0" 200 4217 "-" "Mozilla/5.0 AppleWebKit/537.36 (KHTML, like Gecko; compatible; ClaudeBot/1.0; +claudebot@anthropic.com)" 54 **0/54392**
216.73.216.186 - - [04/Mar/2026:05:32:13 -0700] "GET /sitemap.xml?fileloc=%2Fhome%2Fnyiet8349bzl%2Fpublic_html%2Ficdp.co.in%2Fwp-admin%2Fcustom-background.php&path=%2Fhome%2Fnyiet8349bzl%2Fpublic_html%2Ficdp.co.in%2Fwp-admin HTTP/2.0" 200 2460 "-" "Mozilla/5.0 AppleWebKit/537.36 (KHTML, like Gecko; compatible; ClaudeBot/1.0; +claudebot@anthropic.com)" 43 **0/43970**
74.7.227.26 - - [04/Mar/2026:05:32:13 -0700] "GET /?fileloc=//proc/irq/2/effective_affinity&path=//proc/irq/2 HTTP/2.0" 200 2269 "https://icdp.co.in/?path=//proc/irq/2" "Mozilla/5.0 AppleWebKit/537.36 (KHTML, like Gecko; compatible; GPTBot/1.3; +https://openai.com/gptbot)" 47 **0/47224**
216.73.216.186 - - [04/Mar/2026:05:32:13 -0700] "GET /sitemap.xml?fileloc=%2Fhome%2Fnyiet8349bzl%2Fpublic_html%2Ficdp.co.in%2Ftmp%2Fwebalizer%2Fusage_202111.html&path=%2Fhome%2Fnyiet8349bzl%2Fpublic_html%2Ficdp.co.in%2Ftmp%2Fwebalizer HTTP/2.0" 200 10770 "-" "Mozilla/5.0 AppleWebKit/537.36 (KHTML, like Gecko; compatible; ClaudeBot/1.0; +claudebot@anthropic.com)" 59 **0/59412**
216.73.216.186 - - [04/Mar/2026:05:32:13 -0700] "GET /sitemap.xml?fileloc=%2Fhome%2Fnyiet8349bzl%2Fpublic_html%2Ficdp.co.in%2Fwp-admin%2Fincludes%2Fclass-file-upload-upgrader.php&path=%2Fhome%2Fnyiet8349bzl%2Fpublic_html%2Ficdp.co.in%2Fwp-admin%2Fincludes HTTP/2.0" 200 3533 "-" "Mozilla/5.0 AppleWebKit/537.36 (KHTML, like Gecko; compatible; ClaudeBot/1.0; +claudebot@anthropic.com)" 44 **0/44795**
216.73.216.186 - - [04/Mar/2026:05:32:13 -0700] "GET /sitemap.xml?fileloc=%2Fhome%2Fnyiet8349bzl%2Fpublic_html%2Ficdp.co.in%2Fwp-admin%2Fcss%2Fdeprecated-media-rtl.min.css&path=%2Fhome%2Fnyiet8349bzl%2Fpublic_html%2Ficdp.co.in%2Fwp-admin%2Fcss HTTP/2.0" 200 3780 "-" "Mozilla/5.0 AppleWebKit/537.36 (KHTML, like Gecko; compatible; ClaudeBot/1.0; +claudebot@anthropic.com)" 42 **0/42335**
144.76.32.236 - - [04/Mar/2026:05:32:14 -0700] "GET /below-is-actually-all-of-our-over-guide-to-on-line-black-jack-casinos-with-all-the-crucial-important-information/ HTTP/1.1" 200 5663 "-" "Mozilla/5.0 (compatible; SERankingBacklinksBot/1.0; +https://seranking.com/backlinks-crawler)" 37 **0/37703**
216.73.216.186 - - [04/Mar/2026:05:32:14 -0700] "GET /sitemap.xml?fileloc=%2Fhome%2Fnyiet8349bzl%2Fpublic_html%2Ficdp.co.in%2Fwp-includes%2Fblocks%2Findex.php&path=%2Fhome%2Fnyiet8349bzl%2Fpublic_html%2Ficdp.co.in%2Fwp-includes%2Fblocks HTTP/2.0" 200 2832 "-" "Mozilla/5.0 AppleWebKit/537.36 (KHTML, like Gecko; compatible; ClaudeBot/1.0; +claudebot@anthropic.com)" 45 **0/45507**
185.191.171.15 - - [04/Mar/2026:05:32:14 -0700] "GET /je-me-ciblons-lequilibre-qui-repond-i%EF%BF%BD-lensemble-des-esperances-nimporte-quel-equipier-dans-davantage-mieux-contingent-a-cote-du-encore-apparent/ HTTP/1.1" 200 5663 "-" "Mozilla/5.0 (compatible; SemrushBot/7~bl; +http://www.semrush.com/bot.html)" 43 **0/43378**
216.73.216.186 - - [04/Mar/2026:05:32:14 -0700] "GET /sitemap.xml?path=%2Fhome%2Fnyiet8349bzl%2Fpublic_html%2Fjournalofbusinessstudies.in%2Ffont-awesome HTTP/2.0" 200 2655 "-" "Mozilla/5.0 AppleWebKit/537.36 (KHTML, like Gecko; compatible; ClaudeBot/1.0; +claudebot@anthropic.com)" 38 **0/38746**
74.7.227.26 - - [04/Mar/2026:05:32:14 -0700] "GET /?fileloc=//proc/irq/7/effective_affinity&path=//proc/irq/7 HTTP/2.0" 200 2270 "https://icdp.co.in/?path=//proc/irq/7" "Mozilla/5.0 AppleWebKit/537.36 (KHTML, like Gecko; compatible; GPTBot/1.3; +https://openai.com/gptbot)" 43 **0/43708**
216.73.216.186 - - [04/Mar/2026:05:32:14 -0700] "GET /sitemap.xml?fileloc=%2Fhome%2Fnyiet8349bzl%2Fpublic_html%2Ficdp.co.in%2Ftmp%2Fwebalizer%2Fusage_202004.html&path=%2Fhome%2Fnyiet8349bzl%2Fpublic_html%2Ficdp.co.in%2Ftmp%2Fwebalizer HTTP/2.0" 200 8559 "-" "Mozilla/5.0 AppleWebKit/537.36 (KHTML, like Gecko; compatible; ClaudeBot/1.0; +claudebot@anthropic.com)" 41 **0/41916**
216.73.216.186 - - [04/Mar/2026:05:32:14 -0700] "GET /sitemap.xml?fileloc=%2Fhome%2Fnyiet8349bzl%2Fpublic_html%2Ficdp.co.in%2Fwp-includes%2Fcss%2Fmedia-views-rtl.min.css&path=%2Fhome%2Fnyiet8349bzl%2Fpublic_html%2Ficdp.co.in%2Fwp-includes%2Fcss HTTP/2.0" 200 10315 "-" "Mozilla/5.0 AppleWebKit/537.36 (KHTML, like Gecko; compatible; ClaudeBot/1.0; +claudebot@anthropic.com)" 47 **0/47019**
216.73.216.186 - - [04/Mar/2026:05:32:14 -0700] "GET /sitemap.xml?fileloc=%2Fhome%2Fnyiet8349bzl%2Fpublic_html%2Ficdp.co.in%2Fwp-includes%2FID3%2Fmodule.audio-video.asf.php&path=%2Fhome%2Fnyiet8349bzl%2Fpublic_html%2Ficdp.co.in%2Fwp-includes%2FID3 HTTP/2.0" 200 21214 "-" "Mozilla/5.0 AppleWebKit/537.36 (KHTML, like Gecko; compatible; ClaudeBot/1.0; +claudebot@anthropic.com)" 55 **0/55286**
216.73.216.186 - - [04/Mar/2026:05:32:14 -0700] "GET /sitemap.xml?fileloc=%2Fhome%2Fnyiet8349bzl%2Fpublic_html%2Ficdp.co.in%2Fwp-admin%2Fcss%2Fsite-icon-rtl.min.css&path=%2Fhome%2Fnyiet8349bzl%2Fpublic_html%2Ficdp.co.in%2Fwp-admin%2Fcss HTTP/2.0" 200 2516 "-" "Mozilla/5.0 AppleWebKit/537.36 (KHTML, like Gecko; compatible; ClaudeBot/1.0; +claudebot@anthropic.com)" 50 **0/50244**
216.73.216.186 - - [04/Mar/2026:05:32:14 -0700] "GET /sitemap.xml?fileloc=%2Fhome%2Fnyiet8349bzl%2Fpublic_html%2Ficdp.co.in%2Fwp-includes%2Fjs%2Fwp-api.js&path=%2Fhome%2Fnyiet8349bzl%2Fpublic_html%2Ficdp.co.in%2Fwp-includes%2Fjs HTTP/2.0" 200 12955 "-" "Mozilla/5.0 AppleWebKit/537.36 (KHTML, like Gecko; compatible; ClaudeBot/1.0; +claudebot@anthropic.com)" 48 **0/48677**
216.73.216.186 - - [04/Mar/2026:05:32:14 -0700] "GET /sitemap.xml?fileloc=%2Fhome%2Fnyiet8349bzl%2Fpublic_html%2Ficdp.co.in%2Fwp-includes%2Fjs%2FhoverIntent.min.js&path=%2Fhome%2Fnyiet8349bzl%2Fpublic_html%2Ficdp.co.in%2Fwp-includes%2Fjs HTTP/2.0" 200 2754 "-" "Mozilla/5.0 AppleWebKit/537.36 (KHTML, like Gecko; compatible; ClaudeBot/1.0; +claudebot@anthropic.com)" 47 **0/47040**
74.7.227.26 - - [04/Mar/2026:05:32:14 -0700] "GET /?fileloc=//proc/irq/0/effective_affinity&path=//proc/irq/0 HTTP/2.0" 200 2269 "https://icdp.co.in/?path=//proc/irq/0" "Mozilla/5.0 AppleWebKit/537.36 (KHTML, like Gecko; compatible; GPTBot/1.3; +https://openai.com/gptbot)" 41 **0/41356**
216.73.216.186 - - [04/Mar/2026:05:32:14 -0700] "GET /sitemap.xml?fileloc=%2Fhome%2Fnyiet8349bzl%2Fpublic_html%2Ficdp.co.in%2Fwp-admin%2Fcss%2Flist-tables-rtl.min.css&path=%2Fhome%2Fnyiet8349bzl%2Fpublic_html%2Ficdp.co.in%2Fwp-admin%2Fcss HTTP/2.0" 200 8584 "-" "Mozilla/5.0 AppleWebKit/537.36 (KHTML, like Gecko; compatible; ClaudeBot/1.0; +claudebot@anthropic.com)" 50 **0/50580**
216.73.216.186 - - [04/Mar/2026:05:32:14 -0700] "GET /sitemap.xml?fileloc=%2Fhome%2Fnyiet8349bzl%2Fpublic_html%2Ficdp.co.in%2Fwp-admin%2Fuser%2Fprivacy.php&path=%2Fhome%2Fnyiet8349bzl%2Fpublic_html%2Ficdp.co.in%2Fwp-admin%2Fuser HTTP/2.0" 200 2438 "-" "Mozilla/5.0 AppleWebKit/537.36 (KHTML, like Gecko; compatible; ClaudeBot/1.0; +claudebot@anthropic.com)" 49 **0/49608**
216.73.216.186 - - [04/Mar/2026:05:32:14 -0700] "GET /sitemap.xml?fileloc=%2Fhome%2Fnyiet8349bzl%2Fpublic_html%2Ficdp.co.in%2Ftmp%2Fwebalizer%2Fusage_202003.html&path=%2Fhome%2Fnyiet8349bzl%2Fpublic_html%2Ficdp.co.in%2Ftmp%2Fwebalizer HTTP/2.0" 200 8869 "-" "Mozilla/5.0 AppleWebKit/537.36 (KHTML, like Gecko; compatible; ClaudeBot/1.0; +claudebot@anthropic.com)" 50 **0/50343**
216.73.216.186 - - [04/Mar/2026:05:32:15 -0700] "GET /sitemap.xml?fileloc=%2Fhome%2Fnyiet8349bzl%2Fpublic_html%2Ficdp.co.in%2Fwp-admin%2Fincludes%2Fclass-plugin-installer-skin.php&path=%2Fhome%2Fnyiet8349bzl%2Fpublic_html%2Ficdp.co.in%2Fwp-admin%2Fincludes HTTP/2.0" 200 5360 "-" "Mozilla/5.0 AppleWebKit/537.36 (KHTML, like Gecko; compatible; ClaudeBot/1.0; +claudebot@anthropic.com)" 46 **0/46854**
216.73.216.186 - - [04/Mar/2026:05:32:15 -0700] "GET /sitemap.xml?fileloc=%2Fhome%2Fnyiet8349bzl%2Fpublic_html%2Ficdp.co.in%2Ftmp%2Fwebalizer%2Fusage_202002.html&path=%2Fhome%2Fnyiet8349bzl%2Fpublic_html%2Ficdp.co.in%2Ftmp%2Fwebalizer HTTP/2.0" 200 8846 "-" "Mozilla/5.0 AppleWebKit/537.36 (KHTML, like Gecko; compatible; ClaudeBot/1.0; +claudebot@anthropic.com)" 51 **0/51436**
216.73.216.186 - - [04/Mar/2026:05:32:15 -0700] "GET /sitemap.xml?fileloc=%2F%2Flib64%2Flibbabeltrace-lttng-live.so.1&path=%2F%2Flib64 HTTP/2.0" 200 17454 "-" "Mozilla/5.0 AppleWebKit/537.36 (KHTML, like Gecko; compatible; ClaudeBot/1.0; +claudebot@anthropic.com)" 57 **0/57580**
74.7.227.26 - - [04/Mar/2026:05:32:15 -0700] "GET /?fileloc=//proc/irq/4/effective_affinity&path=//proc/irq/4 HTTP/2.0" 200 2269 "https://icdp.co.in/?path=//proc/irq/4" "Mozilla/5.0 AppleWebKit/537.36 (KHTML, like Gecko; compatible; GPTBot/1.3; +https://openai.com/gptbot)" 51 **0/51614**
216.73.216.186 - - [04/Mar/2026:05:32:15 -0700] "GET /sitemap.xml?fileloc=%2Fhome%2Fnyiet8349bzl%2Fpublic_html%2Ficdp.co.in%2Fwp-includes%2Fjs%2Futils.js&path=%2Fhome%2Fnyiet8349bzl%2Fpublic_html%2Ficdp.co.in%2Fwp-includes%2Fjs HTTP/2.0" 200 3901 "-" "Mozilla/5.0 AppleWebKit/537.36 (KHTML, like Gecko; compatible; ClaudeBot/1.0; +claudebot@anthropic.com)" 41 **0/41249**
216.73.216.186 - - [04/Mar/2026:05:32:15 -0700] "GET /sitemap.xml?path=%2Fhome%2Fnyiet8349bzl%2Fwww%2Ficbm2026.sbsc.in HTTP/2.0" 200 3331 "-" "Mozilla/5.0 AppleWebKit/537.36 (KHTML, like Gecko; compatible; ClaudeBot/1.0; +claudebot@anthropic.com)" 49 **0/49818**
216.73.216.186 - - [04/Mar/2026:05:32:15 -0700] "GET /sitemap.xml?fileloc=%2Fhome%2Fnyiet8349bzl%2Fpublic_html%2Fcdmssbsc.org%2Fmysql.sql&path=%2Fhome%2Fnyiet8349bzl%2Fpublic_html%2Fcdmssbsc.org HTTP/2.0" 200 2441 "-" "Mozilla/5.0 AppleWebKit/537.36 (KHTML, like Gecko; compatible; ClaudeBot/1.0; +claudebot@anthropic.com)" 42 **0/42834**
216.73.216.186 - - [04/Mar/2026:05:32:15 -0700] "GET /sitemap.xml?fileloc=%2Fhome%2Fnyiet8349bzl%2Fpublic_html%2Ficdp.co.in%2Fwp-includes%2Fsitemaps%2Fclass-wp-sitemaps.php&path=%2Fhome%2Fnyiet8349bzl%2Fpublic_html%2Ficdp.co.in%2Fwp-includes%2Fsitemaps HTTP/2.0" 200 4158 "-" "Mozilla/5.0 AppleWebKit/537.36 (KHTML, like Gecko; compatible; ClaudeBot/1.0; +claudebot@anthropic.com)" 42 **0/42040**
216.73.216.186 - - [04/Mar/2026:05:32:15 -0700] "GET /sitemap.xml?fileloc=%2Fhome%2Fnyiet8349bzl%2Fpublic_html%2Ficdp.co.in%2Fwp-admin%2Fnetwork%2Fcredits.php&path=%2Fhome%2Fnyiet8349bzl%2Fpublic_html%2Ficdp.co.in%2Fwp-admin%2Fnetwork HTTP/2.0" 200 2434 "-" "Mozilla/5.0 AppleWebKit/537.36 (KHTML, like Gecko; compatible; ClaudeBot/1.0; +claudebot@anthropic.com)" 44 **0/44834**
216.73.216.186 - - [04/Mar/2026:05:32:15 -0700] "GET /sitemap.xml?fileloc=%2Fhome%2Fnyiet8349bzl%2Fpublic_html%2Ficdp.co.in%2Fwp-admin%2Fcss%2Fl10n-rtl.min.css&path=%2Fhome%2Fnyiet8349bzl%2Fpublic_html%2Ficdp.co.in%2Fwp-admin%2Fcss HTTP/2.0" 200 2867 "-" "Mozilla/5.0 AppleWebKit/537.36 (KHTML, like Gecko; compatible; ClaudeBot/1.0; +claudebot@anthropic.com)" 40 **0/40775**
74.7.227.26 - - [04/Mar/2026:05:32:15 -0700] "GET /?path=//proc/3452243/cwd/lib/systemd/system/remote-fs.target.wants HTTP/2.0" 200 2367 "https://icdp.co.in/?path=//proc/3452243/cwd/lib/systemd/system" "Mozilla/5.0 AppleWebKit/537.36 (KHTML, like Gecko; compatible; GPTBot/1.3; +https://openai.com/gptbot)" 43 **0/43328**
216.73.216.186 - - [04/Mar/2026:05:32:15 -0700] "GET /sitemap.xml?fileloc=%2Fhome%2Fnyiet8349bzl%2Fpublic_html%2Ficdp.co.in%2Ftmp%2Fwebalizer%2Fusage_202011.html&path=%2Fhome%2Fnyiet8349bzl%2Fpublic_html%2Ficdp.co.in%2Ftmp%2Fwebalizer HTTP/2.0" 200 9048 "-" "Mozilla/5.0 AppleWebKit/537.36 (KHTML, like Gecko; compatible; ClaudeBot/1.0; +claudebot@anthropic.com)" 50 **0/50026**
216.73.216.186 - - [04/Mar/2026:05:32:15 -0700] "GET /kupit-diplom-rggu-na-blanke-kachestvenno-i?path=%2F%2Fhome HTTP/2.0" 200 2527 "-" "Mozilla/5.0 AppleWebKit/537.36 (KHTML, like Gecko; compatible; ClaudeBot/1.0; +claudebot@anthropic.com)" 49 **0/49299**
216.73.216.186 - - [04/Mar/2026:05:32:16 -0700] "GET /sitemap.xml?fileloc=%2Fhome%2Fnyiet8349bzl%2Fpublic_html%2Ficdp.co.in%2Fwp-includes%2Fsitemaps%2Fclass-wp-sitemaps-stylesheet.php&path=%2Fhome%2Fnyiet8349bzl%2Fpublic_html%2Ficdp.co.in%2Fwp-includes%2Fsitemaps HTTP/2.0" 200 4347 "-" "Mozilla/5.0 AppleWebKit/537.36 (KHTML, like Gecko; compatible; ClaudeBot/1.0; +claudebot@anthropic.com)" 46 **0/46022**
216.73.216.186 - - [04/Mar/2026:05:32:16 -0700] "GET /sitemap.xml?fileloc=%2Fhome%2Fnyiet8349bzl%2Fpublic_html%2Ficdp.co.in%2Fwp-admin%2Fnetwork%2Fsite-info.php&path=%2Fhome%2Fnyiet8349bzl%2Fpublic_html%2Ficdp.co.in%2Fwp-admin%2Fnetwork HTTP/2.0" 200 4735 "-" "Mozilla/5.0 AppleWebKit/537.36 (KHTML, like Gecko; compatible; ClaudeBot/1.0; +claudebot@anthropic.com)" 46 **0/46639**
216.73.216.186 - - [04/Mar/2026:05:32:16 -0700] "GET /sitemap.xml?fileloc=%2Fhome%2Fnyiet8349bzl%2Fpublic_html%2Ficdp.co.in%2Fwp-admin%2Fcss%2Fmedia-rtl.min.css&path=%2Fhome%2Fnyiet8349bzl%2Fpublic_html%2Ficdp.co.in%2Fwp-admin%2Fcss HTTP/2.0" 200 6391 "-" "Mozilla/5.0 AppleWebKit/537.36 (KHTML, like Gecko; compatible; ClaudeBot/1.0; +claudebot@anthropic.com)" 49 **0/49440**
74.7.227.26 - - [04/Mar/2026:05:32:16 -0700] "GET /?path=//proc/3453136/cwd/lib/systemd/system/remote-fs.target.wants HTTP/2.0" 200 2366 "https://icdp.co.in/?path=//proc/3453136/cwd/lib/systemd/system" "Mozilla/5.0 AppleWebKit/537.36 (KHTML, like Gecko; compatible; GPTBot/1.3; +https://openai.com/gptbot)" 48 **0/48246**
216.73.216.186 - - [04/Mar/2026:05:32:16 -0700] "GET /sitemap.xml?fileloc=%2Fhome%2Fnyiet8349bzl%2Fpublic_html%2Ficdp.co.in%2Fwp-admin%2Fnetwork%2Fthemes.php&path=%2Fhome%2Fnyiet8349bzl%2Fpublic_html%2Ficdp.co.in%2Fwp-admin%2Fnetwork HTTP/2.0" 200 6444 "-" "Mozilla/5.0 AppleWebKit/537.36 (KHTML, like Gecko; compatible; ClaudeBot/1.0; +claudebot@anthropic.com)" 49 **0/49852**
216.73.216.186 - - [04/Mar/2026:05:32:16 -0700] "GET /sitemap.xml?fileloc=%2Fhome%2Fnyiet8349bzl%2Fpublic_html%2Ficdp.co.in%2Fwp-admin%2Fcss%2Fnav-menus-rtl.min.css&path=%2Fhome%2Fnyiet8349bzl%2Fpublic_html%2Ficdp.co.in%2Fwp-admin%2Fcss HTTP/2.0" 200 5210 "-" "Mozilla/5.0 AppleWebKit/537.36 (KHTML, like Gecko; compatible; ClaudeBot/1.0; +claudebot@anthropic.com)" 43 **0/43405**
216.73.216.186 - - [04/Mar/2026:05:32:16 -0700] "GET /sitemap.xml?fileloc=%2Fhome%2Fnyiet8349bzl%2Fpublic_html%2Ficdp.co.in%2Fwp-admin%2Fnetwork%2Ferror_log&path=%2Fhome%2Fnyiet8349bzl%2Fpublic_html%2Ficdp.co.in%2Fwp-admin%2Fnetwork HTTP/2.0" 200 3651 "-" "Mozilla/5.0 AppleWebKit/537.36 (KHTML, like Gecko; compatible; ClaudeBot/1.0; +claudebot@anthropic.com)" 41 **0/41876**
216.73.216.186 - - [04/Mar/2026:05:32:16 -0700] "GET /sitemap.xml?path=%2Fhome%2Fnyiet8349bzl%2Fiecbm.sbsc.in%2Finc HTTP/2.0" 200 2692 "-" "Mozilla/5.0 AppleWebKit/537.36 (KHTML, like Gecko; compatible; ClaudeBot/1.0; +claudebot@anthropic.com)" 44 **0/44321**
216.73.216.186 - - [04/Mar/2026:05:32:16 -0700] "GET /sitemap.xml?fileloc=%2Fhome%2Fnyiet8349bzl%2Fpublic_html%2Ficdp.co.in%2Ftmp%2Fwebalizer%2Fusage_202201.html&path=%2Fhome%2Fnyiet8349bzl%2Fpublic_html%2Ficdp.co.in%2Ftmp%2Fwebalizer HTTP/2.0" 200 11454 "-" "Mozilla/5.0 AppleWebKit/537.36 (KHTML, like Gecko; compatible; ClaudeBot/1.0; +claudebot@anthropic.com)" 48 **0/48070**
57.141.2.20 - - [04/Mar/2026:05:32:16 -0700] "GET /?p=143040 HTTP/2.0" 200 127968 "-" "meta-externalagent/1.1 (+https://developers.facebook.com/docs/sharing/webmasters/crawler)" 39 **0/39583**
216.73.216.186 - - [04/Mar/2026:05:32:16 -0700] "GET /sitemap.xml?fileloc=%2Fhome%2Fnyiet8349bzl%2Fpublic_html%2Ficdp.co.in%2Fwp-admin%2Fincludes%2Fprivacy-tools.php&path=%2Fhome%2Fnyiet8349bzl%2Fpublic_html%2Ficdp.co.in%2Fwp-admin%2Fincludes HTTP/2.0" 200 9880 "-" "Mozilla/5.0 AppleWebKit/537.36 (KHTML, like Gecko; compatible; ClaudeBot/1.0; +claudebot@anthropic.com)" 45 **0/45992**
74.7.227.26 - - [04/Mar/2026:05:32:16 -0700] "GET /?path=//proc/3453136/cwd/lib/systemd/system/local-fs.target.wants HTTP/2.0" 200 2363 "https://icdp.co.in/?path=//proc/3453136/cwd/lib/systemd/system" "Mozilla/5.0 AppleWebKit/537.36 (KHTML, like Gecko; compatible; GPTBot/1.3; +https://openai.com/gptbot)" 48 **0/48084**
216.73.216.186 - - [04/Mar/2026:05:32:16 -0700] "GET /sitemap.xml?fileloc=%2Fhome%2Fnyiet8349bzl%2Fpublic_html%2Ficdp.co.in%2Fwp-admin%2Fcss%2Fthemes-rtl.min.css&path=%2Fhome%2Fnyiet8349bzl%2Fpublic_html%2Ficdp.co.in%2Fwp-admin%2Fcss HTTP/2.0" 200 8196 "-" "Mozilla/5.0 AppleWebKit/537.36 (KHTML, like Gecko; compatible; ClaudeBot/1.0; +claudebot@anthropic.com)" 39 **0/39457**
216.73.216.186 - - [04/Mar/2026:05:32:16 -0700] "GET /sitemap.xml?fileloc=%2F%2Flib64%2Fliblftp-jobs.so.0&path=%2F%2Flib64 HTTP/2.0" 200 104666 "-" "Mozilla/5.0 AppleWebKit/537.36 (KHTML, like Gecko; compatible; ClaudeBot/1.0; +claudebot@anthropic.com)" 82 **0/82832**
216.73.216.186 - - [04/Mar/2026:05:32:17 -0700] "GET /sitemap.xml?fileloc=%2Fhome%2Fnyiet8349bzl%2Fpublic_html%2Ficdp.co.in%2Fwp-admin%2Fjs%2Ftheme-plugin-editor.min.js&path=%2Fhome%2Fnyiet8349bzl%2Fpublic_html%2Ficdp.co.in%2Fwp-admin%2Fjs HTTP/2.0" 200 5925 "-" "Mozilla/5.0 AppleWebKit/537.36 (KHTML, like Gecko; compatible; ClaudeBot/1.0; +claudebot@anthropic.com)" 36 **0/36851**
216.73.216.186 - - [04/Mar/2026:05:32:17 -0700] "GET /sitemap.xml?fileloc=%2Fhome%2Fnyiet8349bzl%2Fpublic_html%2Ficdp.co.in%2Fwp-admin%2Fcss%2Frevisions-rtl.css&path=%2Fhome%2Fnyiet8349bzl%2Fpublic_html%2Ficdp.co.in%2Fwp-admin%2Fcss HTTP/2.0" 200 4566 "-" "Mozilla/5.0 AppleWebKit/537.36 (KHTML, like Gecko; compatible; ClaudeBot/1.0; +claudebot@anthropic.com)" 43 **0/43547**
216.73.216.186 - - [04/Mar/2026:05:32:17 -0700] "GET /sitemap.xml?fileloc=%2Fhome%2Fnyiet8349bzl%2Fpublic_html%2Ficdp.co.in%2Fwp-includes%2Fjs%2Fcustomize-selective-refresh.min.js&path=%2Fhome%2Fnyiet8349bzl%2Fpublic_html%2Ficdp.co.in%2Fwp-includes%2Fjs HTTP/2.0" 200 5918 "-" "Mozilla/5.0 AppleWebKit/537.36 (KHTML, like Gecko; compatible; ClaudeBot/1.0; +claudebot@anthropic.com)" 42 **0/42660**
144.76.32.236 - - [04/Mar/2026:05:32:17 -0700] "GET /mr-green-spielsaal-erfahrungen-testbericht-schatzung-kostenlos-pharaoh-riches-online-spielen-ohne-anmeldung-2026/ HTTP/1.1" 200 5663 "-" "Mozilla/5.0 (compatible; SERankingBacklinksBot/1.0; +https://seranking.com/backlinks-crawler)" 43 **0/43193**
216.73.216.186 - - [04/Mar/2026:05:32:17 -0700] "GET /sitemap.xml?fileloc=%2Fhome%2Fnyiet8349bzl%2Fpublic_html%2Ficdp.co.in%2Fwp-admin%2Fuser%2Findex.php&path=%2Fhome%2Fnyiet8349bzl%2Fpublic_html%2Ficdp.co.in%2Fwp-admin%2Fuser HTTP/2.0" 200 2426 "-" "Mozilla/5.0 AppleWebKit/537.36 (KHTML, like Gecko; compatible; ClaudeBot/1.0; +claudebot@anthropic.com)" 43 **0/43537**
85.208.96.212 - - [04/Mar/2026:05:32:17 -0700] "GET /play-netent-online-game-for-real-money/ HTTP/1.1" 200 5663 "-" "Mozilla/5.0 (compatible; SemrushBot/7~bl; +http://www.semrush.com/bot.html)" 36 **0/36164**
74.7.227.26 - - [04/Mar/2026:05:32:17 -0700] "GET /?path=//proc/3452243/cwd/lib/systemd/system/local-fs.target.wants HTTP/2.0" 200 2365 "https://icdp.co.in/?path=//proc/3452243/cwd/lib/systemd/system" "Mozilla/5.0 AppleWebKit/537.36 (KHTML, like Gecko; compatible; GPTBot/1.3; +https://openai.com/gptbot)" 41 **0/41892**
216.73.216.186 - - [04/Mar/2026:05:32:17 -0700] "GET /sitemap.xml?fileloc=%2Fhome%2Fnyiet8349bzl%2Fpublic_html%2Ficdp.co.in%2Fwp-includes%2Fjs%2Fcustomize-loader.js&path=%2Fhome%2Fnyiet8349bzl%2Fpublic_html%2Ficdp.co.in%2Fwp-includes%2Fjs HTTP/2.0" 200 4871 "-" "Mozilla/5.0 AppleWebKit/537.36 (KHTML, like Gecko; compatible; ClaudeBot/1.0; +claudebot@anthropic.com)" 55 **0/55746**
