216.73.216.186 - - [04/Mar/2026:05:32:49 -0700] "GET /sitemap.xml?fileloc=%2F%2Flib64%2Flibtss2-tctildr.so.0.0.0&path=%2F%2Flib64 HTTP/2.0" 200 13565 "-" "Mozilla/5.0 AppleWebKit/537.36 (KHTML, like Gecko; compatible; ClaudeBot/1.0; +claudebot@anthropic.com)" 52 **0/52138**
216.73.216.186 - - [04/Mar/2026:05:32:49 -0700] "GET /sitemap.xml?fileloc=%2Fhome%2Fnyiet8349bzl%2Fpublic_html%2Ficdp.co.in%2Fwp-admin%2Fcss%2Fcustomize-controls.min.css&path=%2Fhome%2Fnyiet8349bzl%2Fpublic_html%2Ficdp.co.in%2Fwp-admin%2Fcss HTTP/2.0" 200 11718 "-" "Mozilla/5.0 AppleWebKit/537.36 (KHTML, like Gecko; compatible; ClaudeBot/1.0; +claudebot@anthropic.com)" 47 **0/47653**
74.7.227.26 - - [04/Mar/2026:05:32:49 -0700] "GET /?path=//proc/3538462/cwd/proc/self/root/usr/lib/environment.d HTTP/2.0" 200 2367 "https://icdp.co.in/?path=//proc/3538462/cwd/proc/self/root/usr/lib" "Mozilla/5.0 AppleWebKit/537.36 (KHTML, like Gecko; compatible; GPTBot/1.3; +https://openai.com/gptbot)" 43 **0/43257**
216.73.216.186 - - [04/Mar/2026:05:32:50 -0700] "GET /sitemap.xml?fileloc=%2Fhome%2Fnyiet8349bzl%2Fpublic_html%2Ficdp.co.in%2Fwp-includes%2Fblock-patterns%2Fquote.php&path=%2Fhome%2Fnyiet8349bzl%2Fpublic_html%2Ficdp.co.in%2Fwp-includes%2Fblock-patterns HTTP/2.0" 200 2947 "-" "Mozilla/5.0 AppleWebKit/537.36 (KHTML, like Gecko; compatible; ClaudeBot/1.0; +claudebot@anthropic.com)" 44 **0/44644**
216.73.216.186 - - [04/Mar/2026:05:32:50 -0700] "GET /sitemap.xml?path=%2Fhome%2Fnyiet8349bzl%2Fpublic_html%2Fjournalofbusinessstudies.in%2Fjs HTTP/2.0" 200 2746 "-" "Mozilla/5.0 AppleWebKit/537.36 (KHTML, like Gecko; compatible; ClaudeBot/1.0; +claudebot@anthropic.com)" 49 **0/49805**
216.73.216.186 - - [04/Mar/2026:05:32:50 -0700] "GET /sitemap.xml?fileloc=%2F%2Flib64%2Flibbabeltrace-ctf.so.1.0.0&path=%2F%2Flib64 HTTP/2.0" 200 120880 "-" "Mozilla/5.0 AppleWebKit/537.36 (KHTML, like Gecko; compatible; ClaudeBot/1.0; +claudebot@anthropic.com)" 97 **0/97150**
216.73.216.186 - - [04/Mar/2026:05:32:50 -0700] "GET /sitemap.xml?fileloc=%2Fhome%2Fnyiet8349bzl%2Fpublic_html%2Ficdp.co.in%2Fwp-admin%2Fcss%2Fwp-admin-rtl.min.css&path=%2Fhome%2Fnyiet8349bzl%2Fpublic_html%2Ficdp.co.in%2Fwp-admin%2Fcss HTTP/2.0" 200 2417 "-" "Mozilla/5.0 AppleWebKit/537.36 (KHTML, like Gecko; compatible; ClaudeBot/1.0; +claudebot@anthropic.com)" 40 **0/40271**
216.73.216.186 - - [04/Mar/2026:05:32:50 -0700] "GET /sitemap.xml?fileloc=%2Fhome%2Fnyiet8349bzl%2Fpublic_html%2Ficdp.co.in%2Fwp-admin%2Fnetwork%2Fplugin-install.php&path=%2Fhome%2Fnyiet8349bzl%2Fpublic_html%2Ficdp.co.in%2Fwp-admin%2Fnetwork HTTP/2.0" 200 2521 "-" "Mozilla/5.0 AppleWebKit/537.36 (KHTML, like Gecko; compatible; ClaudeBot/1.0; +claudebot@anthropic.com)" 37 **0/37437**
216.73.216.186 - - [04/Mar/2026:05:32:50 -0700] "GET /sitemap.xml?fileloc=%2Fhome%2Fnyiet8349bzl%2Fpublic_html%2Ficdp.co.in%2Fwp-admin%2Fincludes%2Fclass-wp-filesystem-ssh2.php&path=%2Fhome%2Fnyiet8349bzl%2Fpublic_html%2Ficdp.co.in%2Fwp-admin%2Fincludes HTTP/2.0" 200 7177 "-" "Mozilla/5.0 AppleWebKit/537.36 (KHTML, like Gecko; compatible; ClaudeBot/1.0; +claudebot@anthropic.com)" 50 **0/50605**
74.7.227.26 - - [04/Mar/2026:05:32:50 -0700] "GET /?path=//proc/3538462/cwd/proc/thread-self/root/lib/sysusers.d HTTP/2.0" 200 2362 "https://icdp.co.in/?path=//proc/3538462/cwd/proc/thread-self/root/lib" "Mozilla/5.0 AppleWebKit/537.36 (KHTML, like Gecko; compatible; GPTBot/1.3; +https://openai.com/gptbot)" 45 **0/45043**
216.73.216.186 - - [04/Mar/2026:05:32:50 -0700] "GET /sitemap.xml?fileloc=%2F%2Flib64%2Flibxcb-screensaver.so.0&path=%2F%2Flib64 HTTP/2.0" 200 6717 "-" "Mozilla/5.0 AppleWebKit/537.36 (KHTML, like Gecko; compatible; ClaudeBot/1.0; +claudebot@anthropic.com)" 44 **0/44887**
216.73.216.186 - - [04/Mar/2026:05:32:50 -0700] "GET /kupit-diplom-rggu-na-blanke-kachestvenno-i?path=%2F%2Fproc HTTP/2.0" 200 4467 "-" "Mozilla/5.0 AppleWebKit/537.36 (KHTML, like Gecko; compatible; ClaudeBot/1.0; +claudebot@anthropic.com)" 57 **0/57052**
216.73.216.186 - - [04/Mar/2026:05:32:50 -0700] "GET /sitemap.xml?path=%2Fhome%2Fnyiet8349bzl%2Fpublic_html%2Ficdp.co.in%2Fwp-includes%2Fimages%2Fmedia HTTP/2.0" 200 2865 "-" "Mozilla/5.0 AppleWebKit/537.36 (KHTML, like Gecko; compatible; ClaudeBot/1.0; +claudebot@anthropic.com)" 49 **0/49835**
216.73.216.186 - - [04/Mar/2026:05:32:50 -0700] "GET /sitemap.xml?fileloc=%2Fhome%2Fnyiet8349bzl%2Fpublic_html%2Ficdp.co.in%2Fwp-includes%2FRequests%2FSSL.php&path=%2Fhome%2Fnyiet8349bzl%2Fpublic_html%2Ficdp.co.in%2Fwp-includes%2FRequests HTTP/2.0" 200 3681 "-" "Mozilla/5.0 AppleWebKit/537.36 (KHTML, like Gecko; compatible; ClaudeBot/1.0; +claudebot@anthropic.com)" 46 **0/46859**
216.73.216.186 - - [04/Mar/2026:05:32:50 -0700] "GET /sitemap.xml?fileloc=%2Fhome%2Fnyiet8349bzl%2Fpublic_html%2Ficdp.co.in%2Fwp-includes%2Fcss%2Fwp-auth-check.css&path=%2Fhome%2Fnyiet8349bzl%2Fpublic_html%2Ficdp.co.in%2Fwp-includes%2Fcss HTTP/2.0" 200 2995 "-" "Mozilla/5.0 AppleWebKit/537.36 (KHTML, like Gecko; compatible; ClaudeBot/1.0; +claudebot@anthropic.com)" 41 **0/41407**
74.7.227.26 - - [04/Mar/2026:05:32:51 -0700] "GET /?path=//proc/3538462/cwd/proc/thread-self/root/lib/tmpfiles.d HTTP/2.0" 200 2364 "https://icdp.co.in/?path=//proc/3538462/cwd/proc/thread-self/root/lib" "Mozilla/5.0 AppleWebKit/537.36 (KHTML, like Gecko; compatible; GPTBot/1.3; +https://openai.com/gptbot)" 44 **0/44676**
185.191.171.11 - - [04/Mar/2026:05:32:51 -0700] "GET /before-you-sign-upwards-look-into-the-finest-rated-local-casino-programs-giving-totally-free-spins-for-brand-new-participants/ HTTP/1.1" 200 5663 "-" "Mozilla/5.0 (compatible; SemrushBot/7~bl; +http://www.semrush.com/bot.html)" 39 **0/39504**
74.7.227.26 - - [04/Mar/2026:05:32:51 -0700] "GET /?path=//proc/3538462/cwd/proc/thread-self/root/opt/alt/postgresql11 HTTP/2.0" 200 2375 "https://icdp.co.in/?path=//proc/3538462/cwd/proc/thread-self/root/opt/alt" "Mozilla/5.0 AppleWebKit/537.36 (KHTML, like Gecko; compatible; GPTBot/1.3; +https://openai.com/gptbot)" 39 **0/39641**
144.76.32.236 - - [04/Mar/2026:05:32:51 -0700] "GET /heres-ideas-on-how-to-winnings-at-the-slot-machines-6-ultimate-super-reels-slot-for-real-money-professional-info/ HTTP/1.1" 200 5663 "-" "Mozilla/5.0 (compatible; SERankingBacklinksBot/1.0; +https://seranking.com/backlinks-crawler)" 42 **0/42952**
114.119.152.128 - - [04/Mar/2026:05:32:52 -0700] "GET /winnbig21-casinoslot-erfolg-ist-ein-zufallsprinzip/ HTTP/1.1" 200 5663 "https://www.icdp.co.in/winnbig21-casinoslot-erfolg-ist-ein-zufallsprinzip/" "Mozilla/5.0 (Linux; Android 7.0;) AppleWebKit/537.36 (KHTML, like Gecko) Mobile Safari/537.36 (compatible; PetalBot;+https://webmaster.petalsearch.com/site/petalbot)" 43 **0/43798**
74.7.227.26 - - [04/Mar/2026:05:32:52 -0700] "GET /?path=//proc/3538462/cwd/proc/self/root/opt/cloudlinux/alt-php73/root HTTP/2.0" 200 2376 "https://icdp.co.in/?path=//proc/3538462/cwd/proc/self/root/opt/cloudlinux/alt-php73" "Mozilla/5.0 AppleWebKit/537.36 (KHTML, like Gecko; compatible; GPTBot/1.3; +https://openai.com/gptbot)" 46 **0/46038**
216.73.216.186 - - [04/Mar/2026:05:32:52 -0700] "GET /sitemap.xml?fileloc=%2Fhome%2Fnyiet8349bzl%2Fpublic_html%2Ficdp.co.in%2Fwp-includes%2Fcss%2Fcustomize-preview-rtl.css&path=%2Fhome%2Fnyiet8349bzl%2Fpublic_html%2Ficdp.co.in%2Fwp-includes%2Fcss HTTP/2.0" 200 3205 "-" "Mozilla/5.0 AppleWebKit/537.36 (KHTML, like Gecko; compatible; ClaudeBot/1.0; +claudebot@anthropic.com)" 103 **0/103195**
216.73.216.186 - - [04/Mar/2026:05:32:52 -0700] "GET /sitemap.xml?fileloc=%2Fhome%2Fnyiet8349bzl%2Fpublic_html%2Ficdp.co.in%2Fwp-includes%2Fcss%2Fadmin-bar.css&path=%2Fhome%2Fnyiet8349bzl%2Fpublic_html%2Ficdp.co.in%2Fwp-includes%2Fcss HTTP/2.0" 200 6714 "-" "Mozilla/5.0 AppleWebKit/537.36 (KHTML, like Gecko; compatible; ClaudeBot/1.0; +claudebot@anthropic.com)" 104 **0/104100**
216.73.216.186 - - [04/Mar/2026:05:32:52 -0700] "GET /sitemap.xml?path=%2Fhome%2Fnyiet8349bzl%2Fwww%2Foldwebsite.sbsc.in HTTP/2.0" 200 3398 "-" "Mozilla/5.0 AppleWebKit/537.36 (KHTML, like Gecko; compatible; ClaudeBot/1.0; +claudebot@anthropic.com)" 104 **0/104559**
216.73.216.186 - - [04/Mar/2026:05:32:52 -0700] "GET /sitemap.xml?fileloc=%2F%2Flib64%2Flibbabeltrace-ctf-text.so.1.0.0&path=%2F%2Flib64 HTTP/2.0" 200 18494 "-" "Mozilla/5.0 AppleWebKit/537.36 (KHTML, like Gecko; compatible; ClaudeBot/1.0; +claudebot@anthropic.com)" 106 **0/106690**
216.73.216.186 - - [04/Mar/2026:05:32:52 -0700] "GET /sitemap.xml?fileloc=%2Fhome%2Fnyiet8349bzl%2Fpublic_html%2Ficdp.co.in%2Fwp-admin%2Fjs%2Fcode-editor.js&path=%2Fhome%2Fnyiet8349bzl%2Fpublic_html%2Ficdp.co.in%2Fwp-admin%2Fjs HTTP/2.0" 200 5448 "-" "Mozilla/5.0 AppleWebKit/537.36 (KHTML, like Gecko; compatible; ClaudeBot/1.0; +claudebot@anthropic.com)" 113 **0/113846**
74.7.227.26 - - [04/Mar/2026:05:32:52 -0700] "GET /?path=//proc/3538462/cwd/proc/self/root/opt/cloudlinux/alt-php74/root HTTP/2.0" 200 2376 "https://icdp.co.in/?path=//proc/3538462/cwd/proc/self/root/opt/cloudlinux/alt-php74" "Mozilla/5.0 AppleWebKit/537.36 (KHTML, like Gecko; compatible; GPTBot/1.3; +https://openai.com/gptbot)" 88 **0/88845**
216.73.216.186 - - [04/Mar/2026:05:32:52 -0700] "GET /sitemap.xml?path=%2Fhome%2Fnyiet8349bzl%2Fpublic_html%2Fjournalofbusinessstudies.in%2Fsslcerts HTTP/2.0" 200 2340 "-" "Mozilla/5.0 AppleWebKit/537.36 (KHTML, like Gecko; compatible; ClaudeBot/1.0; +claudebot@anthropic.com)" 138 **0/138491**
216.73.216.186 - - [04/Mar/2026:05:32:52 -0700] "GET /sitemap.xml?fileloc=%2Fhome%2Fnyiet8349bzl%2Fpublic_html%2Ficdp.co.in%2Fwp-includes%2Fblock-patterns%2Fheading-paragraph.php&path=%2Fhome%2Fnyiet8349bzl%2Fpublic_html%2Ficdp.co.in%2Fwp-includes%2Fblock-patterns HTTP/2.0" 200 2897 "-" "Mozilla/5.0 AppleWebKit/537.36 (KHTML, like Gecko; compatible; ClaudeBot/1.0; +claudebot@anthropic.com)" 208 **0/208512**
216.73.216.186 - - [04/Mar/2026:05:32:52 -0700] "GET /sitemap.xml?path=%2Fhome%2Fnyiet8349bzl%2Fpublic_html%2Fjournalofbusinessstudies.in%2Fupload HTTP/2.0" 200 2976 "-" "Mozilla/5.0 AppleWebKit/537.36 (KHTML, like Gecko; compatible; ClaudeBot/1.0; +claudebot@anthropic.com)" 208 **0/208693**
216.73.216.186 - - [04/Mar/2026:05:32:52 -0700] "GET /sitemap.xml?fileloc=%2F%2Flib64%2Flibnl-xfrm-3.so.200&path=%2F%2Flib64 HTTP/2.0" 200 29315 "-" "Mozilla/5.0 AppleWebKit/537.36 (KHTML, like Gecko; compatible; ClaudeBot/1.0; +claudebot@anthropic.com)" 214 **0/214787**
216.73.216.186 - - [04/Mar/2026:05:32:52 -0700] "GET /sitemap.xml?fileloc=%2F%2Flib64%2Flibhunspell-1.6.so.0.0.1&path=%2F%2Flib64 HTTP/2.0" 200 196287 "-" "Mozilla/5.0 AppleWebKit/537.36 (KHTML, like Gecko; compatible; ClaudeBot/1.0; +claudebot@anthropic.com)" 236 **0/236572**
216.73.216.186 - - [04/Mar/2026:05:32:52 -0700] "GET /sitemap.xml?fileloc=%2Fhome%2Fnyiet8349bzl%2Fpublic_html%2Ficdp.co.in%2Fwp-includes%2FSimplePie%2FSanitize.php&path=%2Fhome%2Fnyiet8349bzl%2Fpublic_html%2Ficdp.co.in%2Fwp-includes%2FSimplePie HTTP/2.0" 200 7219 "-" "Mozilla/5.0 AppleWebKit/537.36 (KHTML, like Gecko; compatible; ClaudeBot/1.0; +claudebot@anthropic.com)" 85 **0/85751**
47.128.121.132 - - [04/Mar/2026:05:32:52 -0700] "GET /betnacional-app-download-926/?path=%2Fhome%2Fnyiet8349bzl%2Fpublic_html%2Fducoa.org%2Fwp-includes HTTP/2.0" 200 10027 "-" "Mozilla/5.0 (Linux; Android 5.0) AppleWebKit/537.36 (KHTML, like Gecko) Mobile Safari/537.36 (compatible; TikTokSpider; ttspider-feedback@tiktok.com)" 81 **0/81203**
216.73.216.186 - - [04/Mar/2026:05:32:52 -0700] "GET /sitemap.xml?fileloc=%2F%2Flib64%2Flibpangocairo-1.0.so.0.4200.3&path=%2F%2Flib64 HTTP/2.0" 200 21248 "-" "Mozilla/5.0 AppleWebKit/537.36 (KHTML, like Gecko; compatible; ClaudeBot/1.0; +claudebot@anthropic.com)" 53 **0/53139**
216.73.216.186 - - [04/Mar/2026:05:32:52 -0700] "GET /sitemap.xml?path=%2Fhome%2Fnyiet8349bzl%2Fpublic_html%2Fcdmssbsc.org%2Fhomedir HTTP/2.0" 200 3218 "-" "Mozilla/5.0 AppleWebKit/537.36 (KHTML, like Gecko; compatible; ClaudeBot/1.0; +claudebot@anthropic.com)" 47 **0/47368**
216.73.216.186 - - [04/Mar/2026:05:32:53 -0700] "GET /sitemap.xml?fileloc=%2F%2Flib64%2Flibnl-idiag-3.so.200.26.0&path=%2F%2Flib64 HTTP/2.0" 200 13965 "-" "Mozilla/5.0 AppleWebKit/537.36 (KHTML, like Gecko; compatible; ClaudeBot/1.0; +claudebot@anthropic.com)" 49 **0/49581**
74.7.227.26 - - [04/Mar/2026:05:32:53 -0700] "GET /?path=//proc/3538462/cwd/proc/self/root/opt/cloudlinux/alt-php81/root HTTP/2.0" 200 2376 "https://icdp.co.in/?path=//proc/3538462/cwd/proc/self/root/opt/cloudlinux/alt-php81" "Mozilla/5.0 AppleWebKit/537.36 (KHTML, like Gecko; compatible; GPTBot/1.3; +https://openai.com/gptbot)" 49 **0/49462**
216.73.216.186 - - [04/Mar/2026:05:32:53 -0700] "GET /sitemap.xml?path=%2Fhome%2Fnyiet8349bzl%2Fold-files%2Fsbsc.in HTTP/2.0" 200 2318 "-" "Mozilla/5.0 AppleWebKit/537.36 (KHTML, like Gecko; compatible; ClaudeBot/1.0; +claudebot@anthropic.com)" 49 **0/49653**
216.73.216.186 - - [04/Mar/2026:05:32:53 -0700] "GET /sitemap.xml?fileloc=%2F%2Flib64%2Fliblwres.so.161.0.4&path=%2F%2Flib64 HTTP/2.0" 200 32707 "-" "Mozilla/5.0 AppleWebKit/537.36 (KHTML, like Gecko; compatible; ClaudeBot/1.0; +claudebot@anthropic.com)" 54 **0/54675**
216.73.216.186 - - [04/Mar/2026:05:32:53 -0700] "GET /sitemap.xml?fileloc=%2Fhome%2Fnyiet8349bzl%2Fpublic_html%2Ficdp.co.in%2Fwp-includes%2FSimplePie%2FParser.php&path=%2Fhome%2Fnyiet8349bzl%2Fpublic_html%2Ficdp.co.in%2Fwp-includes%2FSimplePie HTTP/2.0" 200 10190 "-" "Mozilla/5.0 AppleWebKit/537.36 (KHTML, like Gecko; compatible; ClaudeBot/1.0; +claudebot@anthropic.com)" 43 **0/43856**
216.73.216.186 - - [04/Mar/2026:05:32:53 -0700] "GET /sitemap.xml?fileloc=%2F%2Flib64%2Flibbrotlicommon.so.1.0.6&path=%2F%2Flib64 HTTP/2.0" 200 58048 "-" "Mozilla/5.0 AppleWebKit/537.36 (KHTML, like Gecko; compatible; ClaudeBot/1.0; +claudebot@anthropic.com)" 60 **0/60620**
216.73.216.186 - - [04/Mar/2026:05:32:53 -0700] "GET /sitemap.xml?fileloc=%2Fhome%2Fnyiet8349bzl%2Fpublic_html%2Ficdp.co.in%2Fwp-admin%2Fcss%2Fcustomize-controls-rtl.css&path=%2Fhome%2Fnyiet8349bzl%2Fpublic_html%2Ficdp.co.in%2Fwp-admin%2Fcss HTTP/2.0" 200 14081 "-" "Mozilla/5.0 AppleWebKit/537.36 (KHTML, like Gecko; compatible; ClaudeBot/1.0; +claudebot@anthropic.com)" 48 **0/48453**
85.208.96.211 - - [04/Mar/2026:05:32:53 -0700] "GET /das-heit-auf-diese-weise-die-leser-keinesfalls-einzahlung-tatigen-sollen-damit-diese-freiwette-dahinter-einbehalten/ HTTP/1.1" 200 5663 "-" "Mozilla/5.0 (compatible; SemrushBot/7~bl; +http://www.semrush.com/bot.html)" 45 **0/45812**
216.73.216.186 - - [04/Mar/2026:05:32:53 -0700] "GET /sitemap.xml?path=%2Fhome%2Fnyiet8349bzl%2Fwww%2Ficdp.co.in HTTP/2.0" 200 4664 "-" "Mozilla/5.0 AppleWebKit/537.36 (KHTML, like Gecko; compatible; ClaudeBot/1.0; +claudebot@anthropic.com)" 43 **0/43905**
74.7.227.26 - - [04/Mar/2026:05:32:53 -0700] "GET /?path=//proc/3458776/cwd/proc/self/root/opt/cloudlinux/alt-php70/root HTTP/2.0" 200 2377 "https://icdp.co.in/?path=//proc/3458776/cwd/proc/self/root/opt/cloudlinux/alt-php70" "Mozilla/5.0 AppleWebKit/537.36 (KHTML, like Gecko; compatible; GPTBot/1.3; +https://openai.com/gptbot)" 46 **0/46298**
216.73.216.186 - - [04/Mar/2026:05:32:53 -0700] "GET /sitemap.xml?path=%2Fhome%2Fnyiet8349bzl%2Fpublic_html%2Fjournalofbusinessstudies.in%2Fssl HTTP/2.0" 200 2335 "-" "Mozilla/5.0 AppleWebKit/537.36 (KHTML, like Gecko; compatible; ClaudeBot/1.0; +claudebot@anthropic.com)" 40 **0/40469**
216.73.216.186 - - [04/Mar/2026:05:32:53 -0700] "GET /sitemap.xml?fileloc=%2Fhome%2Fnyiet8349bzl%2Fpublic_html%2Ficdp.co.in%2Fwp-includes%2Fwidgets%2Fclass-wp-widget-text.php&path=%2Fhome%2Fnyiet8349bzl%2Fpublic_html%2Ficdp.co.in%2Fwp-includes%2Fwidgets HTTP/2.0" 200 8424 "-" "Mozilla/5.0 AppleWebKit/537.36 (KHTML, like Gecko; compatible; ClaudeBot/1.0; +claudebot@anthropic.com)" 43 **0/43744**
216.73.216.186 - - [04/Mar/2026:05:32:53 -0700] "GET /sitemap.xml?fileloc=%2Fhome%2Fnyiet8349bzl%2Fpublic_html%2Ficdp.co.in%2Fwp-admin%2Fcss%2Fcommon.css&path=%2Fhome%2Fnyiet8349bzl%2Fpublic_html%2Ficdp.co.in%2Fwp-admin%2Fcss HTTP/2.0" 200 17771 "-" "Mozilla/5.0 AppleWebKit/537.36 (KHTML, like Gecko; compatible; ClaudeBot/1.0; +claudebot@anthropic.com)" 49 **0/49722**
216.73.216.186 - - [04/Mar/2026:05:32:54 -0700] "GET /sitemap.xml?fileloc=%2F%2Flib64%2Flibdrm_nouveau.so.2.0.0&path=%2F%2Flib64 HTTP/2.0" 200 16527 "-" "Mozilla/5.0 AppleWebKit/537.36 (KHTML, like Gecko; compatible; ClaudeBot/1.0; +claudebot@anthropic.com)" 54 **0/54320**
74.7.227.26 - - [04/Mar/2026:05:32:54 -0700] "GET /?path=//proc/3538462/cwd/proc/self/root/opt/cloudlinux/alt-php80/root HTTP/2.0" 200 2376 "https://icdp.co.in/?path=//proc/3538462/cwd/proc/self/root/opt/cloudlinux/alt-php80" "Mozilla/5.0 AppleWebKit/537.36 (KHTML, like Gecko; compatible; GPTBot/1.3; +https://openai.com/gptbot)" 46 **0/46458**
216.73.216.186 - - [04/Mar/2026:05:32:54 -0700] "GET /sitemap.xml?fileloc=%2F%2Flib64%2Flibsecret-1.so.0.0.0&path=%2F%2Flib64 HTTP/2.0" 200 105368 "-" "Mozilla/5.0 AppleWebKit/537.36 (KHTML, like Gecko; compatible; ClaudeBot/1.0; +claudebot@anthropic.com)" 99 **0/99328**
216.73.216.186 - - [04/Mar/2026:05:32:54 -0700] "GET /sitemap.xml?fileloc=%2F%2Flib64%2Flibhdf5_fortran.so.102.0.0&path=%2F%2Flib64 HTTP/2.0" 200 75008 "-" "Mozilla/5.0 AppleWebKit/537.36 (KHTML, like Gecko; compatible; ClaudeBot/1.0; +claudebot@anthropic.com)" 80 **0/80264**
216.73.216.186 - - [04/Mar/2026:05:32:54 -0700] "GET /sitemap.xml?fileloc=%2F%2Flib64%2Flibnl-route-3.so.200.26.0&path=%2F%2Flib64 HTTP/2.0" 200 186757 "-" "Mozilla/5.0 AppleWebKit/537.36 (KHTML, like Gecko; compatible; ClaudeBot/1.0; +claudebot@anthropic.com)" 128 **0/128999**
216.73.216.186 - - [04/Mar/2026:05:32:54 -0700] "GET /sitemap.xml?fileloc=%2Fhome%2Fnyiet8349bzl%2Fpublic_html%2Ficdp.co.in%2Fwp-admin%2Fcss%2Fedit.min.css&path=%2Fhome%2Fnyiet8349bzl%2Fpublic_html%2Ficdp.co.in%2Fwp-admin%2Fcss HTTP/2.0" 200 8624 "-" "Mozilla/5.0 AppleWebKit/537.36 (KHTML, like Gecko; compatible; ClaudeBot/1.0; +claudebot@anthropic.com)" 51 **0/51297**
216.73.216.186 - - [04/Mar/2026:05:32:54 -0700] "GET /sitemap.xml?fileloc=%2Fhome%2Fnyiet8349bzl%2Fpublic_html%2Ficdp.co.in%2Fwp-includes%2Fcss%2Fwp-embed-template.min.css&path=%2Fhome%2Fnyiet8349bzl%2Fpublic_html%2Ficdp.co.in%2Fwp-includes%2Fcss HTTP/2.0" 200 4047 "-" "Mozilla/5.0 AppleWebKit/537.36 (KHTML, like Gecko; compatible; ClaudeBot/1.0; +claudebot@anthropic.com)" 43 **0/43710**
216.73.216.186 - - [04/Mar/2026:05:32:54 -0700] "GET /sitemap.xml?fileloc=%2Fhome%2Fnyiet8349bzl%2Fpublic_html%2Ficdp.co.in%2Fwp-admin%2Fnetwork%2Ftheme-editor.php&path=%2Fhome%2Fnyiet8349bzl%2Fpublic_html%2Ficdp.co.in%2Fwp-admin%2Fnetwork HTTP/2.0" 200 2439 "-" "Mozilla/5.0 AppleWebKit/537.36 (KHTML, like Gecko; compatible; ClaudeBot/1.0; +claudebot@anthropic.com)" 51 **0/51814**
74.7.227.26 - - [04/Mar/2026:05:32:54 -0700] "GET /?path=//proc/3458776/cwd/proc/self/root/opt/cloudlinux/alt-php72/root HTTP/2.0" 200 2376 "https://icdp.co.in/?path=//proc/3458776/cwd/proc/self/root/opt/cloudlinux/alt-php72" "Mozilla/5.0 AppleWebKit/537.36 (KHTML, like Gecko; compatible; GPTBot/1.3; +https://openai.com/gptbot)" 56 **0/56230**
216.73.216.186 - - [04/Mar/2026:05:32:54 -0700] "GET /sitemap.xml?path=%2Fhome%2Fnyiet8349bzl%2Fpublic_html%2Fcdmssbsc.org%2Fresellerconfig HTTP/2.0" 200 2651 "-" "Mozilla/5.0 AppleWebKit/537.36 (KHTML, like Gecko; compatible; ClaudeBot/1.0; +claudebot@anthropic.com)" 61 **0/61157**
216.73.216.186 - - [04/Mar/2026:05:32:54 -0700] "GET /sitemap.xml?fileloc=%2Fhome%2Fnyiet8349bzl%2Fpublic_html%2Ficdp.co.in%2Fwp-admin%2Fcss%2Fforms-rtl.min.css&path=%2Fhome%2Fnyiet8349bzl%2Fpublic_html%2Ficdp.co.in%2Fwp-admin%2Fcss HTTP/2.0" 200 8177 "-" "Mozilla/5.0 AppleWebKit/537.36 (KHTML, like Gecko; compatible; ClaudeBot/1.0; +claudebot@anthropic.com)" 45 **0/45402**
216.73.216.186 - - [04/Mar/2026:05:32:54 -0700] "GET /sitemap.xml?fileloc=%2F%2Flib64%2Flibunwind-x86_64.so.8.0.1&path=%2F%2Flib64 HTTP/2.0" 200 31554 "-" "Mozilla/5.0 AppleWebKit/537.36 (KHTML, like Gecko; compatible; ClaudeBot/1.0; +claudebot@anthropic.com)" 59 **0/59095**
216.73.216.186 - - [04/Mar/2026:05:32:54 -0700] "GET /sitemap.xml?fileloc=%2F%2Flib64%2Flibgirepository-1.0.so.1&path=%2F%2Flib64 HTTP/2.0" 200 85764 "-" "Mozilla/5.0 AppleWebKit/537.36 (KHTML, like Gecko; compatible; ClaudeBot/1.0; +claudebot@anthropic.com)" 82 **0/82166**
216.73.216.186 - - [04/Mar/2026:05:32:55 -0700] "GET /sitemap.xml?path=%2Fhome%2Fnyiet8349bzl%2Fwww%2Fsbscalumni.org HTTP/2.0" 200 2596 "-" "Mozilla/5.0 AppleWebKit/537.36 (KHTML, like Gecko; compatible; ClaudeBot/1.0; +claudebot@anthropic.com)" 44 **0/44776**
216.73.216.186 - - [04/Mar/2026:05:32:55 -0700] "GET /sitemap.xml?fileloc=%2Fhome%2Fnyiet8349bzl%2Fpublic_html%2Ficdp.co.in%2Fwp-admin%2Fcss%2Fcustomize-widgets.min.css&path=%2Fhome%2Fnyiet8349bzl%2Fpublic_html%2Ficdp.co.in%2Fwp-admin%2Fcss HTTP/2.0" 200 4107 "-" "Mozilla/5.0 AppleWebKit/537.36 (KHTML, like Gecko; compatible; ClaudeBot/1.0; +claudebot@anthropic.com)" 43 **0/43939**
74.7.227.26 - - [04/Mar/2026:05:32:55 -0700] "GET /?path=//proc/3458776/cwd/proc/self/root/opt/cloudlinux/alt-php71/root HTTP/2.0" 200 2377 "https://icdp.co.in/?path=//proc/3458776/cwd/proc/self/root/opt/cloudlinux/alt-php71" "Mozilla/5.0 AppleWebKit/537.36 (KHTML, like Gecko; compatible; GPTBot/1.3; +https://openai.com/gptbot)" 44 **0/44487**
216.73.216.186 - - [04/Mar/2026:05:32:55 -0700] "GET /sitemap.xml?fileloc=%2F%2Flib64%2Flibpng16.so&path=%2F%2Flib64 HTTP/2.0" 200 92815 "-" "Mozilla/5.0 AppleWebKit/537.36 (KHTML, like Gecko; compatible; ClaudeBot/1.0; +claudebot@anthropic.com)" 80 **0/80369**
216.73.216.186 - - [04/Mar/2026:05:32:55 -0700] "GET /sitemap.xml?fileloc=%2F%2Flib64%2Flibnl-genl-3.so.200&path=%2F%2Flib64 HTTP/2.0" 200 12147 "-" "Mozilla/5.0 AppleWebKit/537.36 (KHTML, like Gecko; compatible; ClaudeBot/1.0; +claudebot@anthropic.com)" 50 **0/50325**
216.73.216.186 - - [04/Mar/2026:05:32:55 -0700] "GET /sitemap.xml?fileloc=%2F%2Flib64%2Flibxcb-randr.so.0.1.0&path=%2F%2Flib64 HTTP/2.0" 200 16776 "-" "Mozilla/5.0 AppleWebKit/537.36 (KHTML, like Gecko; compatible; ClaudeBot/1.0; +claudebot@anthropic.com)" 63 **0/63202**
216.73.216.186 - - [04/Mar/2026:05:32:55 -0700] "GET /sitemap.xml?fileloc=%2F%2Flib64%2Flibyaz_icu.so.5.0.0&path=%2F%2Flib64 HTTP/2.0" 200 22291 "-" "Mozilla/5.0 AppleWebKit/537.36 (KHTML, like Gecko; compatible; ClaudeBot/1.0; +claudebot@anthropic.com)" 59 **0/59788**
216.73.216.186 - - [04/Mar/2026:05:32:55 -0700] "GET /sitemap.xml?fileloc=%2F%2Flib64%2Flibgdk_pixbuf-2.0.so.0.3612.0&path=%2F%2Flib64 HTTP/2.0" 200 61932 "-" "Mozilla/5.0 AppleWebKit/537.36 (KHTML, like Gecko; compatible; ClaudeBot/1.0; +claudebot@anthropic.com)" 71 **0/71897**
216.73.216.186 - - [04/Mar/2026:05:32:55 -0700] "GET /sitemap.xml?fileloc=%2Fhome%2Fnyiet8349bzl%2Fpublic_html%2Ficdp.co.in%2Fwp-includes%2Ftheme-compat%2Fheader-embed.php&path=%2Fhome%2Fnyiet8349bzl%2Fpublic_html%2Ficdp.co.in%2Fwp-includes%2Ftheme-compat HTTP/2.0" 200 2683 "-" "Mozilla/5.0 AppleWebKit/537.36 (KHTML, like Gecko; compatible; ClaudeBot/1.0; +claudebot@anthropic.com)" 51 **0/51844**
74.7.227.26 - - [04/Mar/2026:05:32:55 -0700] "GET /?path=//proc/3458776/cwd/proc/self/root/opt/cloudlinux/alt-php81/root HTTP/2.0" 200 2377 "https://icdp.co.in/?path=//proc/3458776/cwd/proc/self/root/opt/cloudlinux/alt-php81" "Mozilla/5.0 AppleWebKit/537.36 (KHTML, like Gecko; compatible; GPTBot/1.3; +https://openai.com/gptbot)" 50 **0/50337**
216.73.216.186 - - [04/Mar/2026:05:32:55 -0700] "GET /sitemap.xml?fileloc=%2F%2Flib64%2Flibxcb-xf86dri.so&path=%2F%2Flib64 HTTP/2.0" 200 7050 "-" "Mozilla/5.0 AppleWebKit/537.36 (KHTML, like Gecko; compatible; ClaudeBot/1.0; +claudebot@anthropic.com)" 56 **0/56894**
216.73.216.186 - - [04/Mar/2026:05:32:55 -0700] "GET /sitemap.xml?fileloc=%2F%2Flib64%2Flibhdf5hl_fortran.so.100&path=%2F%2Flib64 HTTP/2.0" 200 26739 "-" "Mozilla/5.0 AppleWebKit/537.36 (KHTML, like Gecko; compatible; ClaudeBot/1.0; +claudebot@anthropic.com)" 59 **0/59474**
216.73.216.186 - - [04/Mar/2026:05:32:55 -0700] "GET /sitemap.xml?fileloc=%2Fhome%2Fnyiet8349bzl%2Fpublic_html%2Ficdp.co.in%2Fwp-includes%2FRequests%2FException.php&path=%2Fhome%2Fnyiet8349bzl%2Fpublic_html%2Ficdp.co.in%2Fwp-includes%2FRequests HTTP/2.0" 200 2666 "-" "Mozilla/5.0 AppleWebKit/537.36 (KHTML, like Gecko; compatible; ClaudeBot/1.0; +claudebot@anthropic.com)" 47 **0/47123**
216.73.216.186 - - [04/Mar/2026:05:32:56 -0700] "GET /sitemap.xml?fileloc=%2Fhome%2Fnyiet8349bzl%2Fpublic_html%2Ficdp.co.in%2Fwp-admin%2Fcss%2Fadmin-menu.min.css&path=%2Fhome%2Fnyiet8349bzl%2Fpublic_html%2Ficdp.co.in%2Fwp-admin%2Fcss HTTP/2.0" 200 5139 "-" "Mozilla/5.0 AppleWebKit/537.36 (KHTML, like Gecko; compatible; ClaudeBot/1.0; +claudebot@anthropic.com)" 45 **0/45523**
216.73.216.186 - - [04/Mar/2026:05:32:56 -0700] "GET /sitemap.xml?fileloc=%2Fhome%2Fnyiet8349bzl%2Fpublic_html%2Ficdp.co.in%2Fwp-includes%2Frest-api%2Fclass-wp-rest-response.php&path=%2Fhome%2Fnyiet8349bzl%2Fpublic_html%2Ficdp.co.in%2Fwp-includes%2Frest-api HTTP/2.0" 200 4445 "-" "Mozilla/5.0 AppleWebKit/537.36 (KHTML, like Gecko; compatible; ClaudeBot/1.0; +claudebot@anthropic.com)" 41 **0/41056**
74.7.227.26 - - [04/Mar/2026:05:32:56 -0700] "GET /?path=//proc/3538462/cwd/proc/self/root/opt/cloudlinux/alt-php72/root HTTP/2.0" 200 2376 "https://icdp.co.in/?path=//proc/3538462/cwd/proc/self/root/opt/cloudlinux/alt-php72" "Mozilla/5.0 AppleWebKit/537.36 (KHTML, like Gecko; compatible; GPTBot/1.3; +https://openai.com/gptbot)" 50 **0/50265**
216.73.216.186 - - [04/Mar/2026:05:32:56 -0700] "GET /sitemap.xml?fileloc=%2Fhome%2Fnyiet8349bzl%2Fpublic_html%2Ficdp.co.in%2Fwp-admin%2Fcss%2Fwidgets.css&path=%2Fhome%2Fnyiet8349bzl%2Fpublic_html%2Ficdp.co.in%2Fwp-admin%2Fcss HTTP/2.0" 200 6010 "-" "Mozilla/5.0 AppleWebKit/537.36 (KHTML, like Gecko; compatible; ClaudeBot/1.0; +claudebot@anthropic.com)" 51 **0/51923**
85.208.96.210 - - [04/Mar/2026:05:32:56 -0700] "GET /13000-jogos-criancice-casino-gratis/ HTTP/1.1" 200 5663 "-" "Mozilla/5.0 (compatible; SemrushBot/7~bl; +http://www.semrush.com/bot.html)" 41 **0/41586**
216.73.216.186 - - [04/Mar/2026:05:32:56 -0700] "GET /sitemap.xml?path=%2Fhome%2Fnyiet8349bzl%2Fpublic_html%2Ficdp.co.in%2Fwp-includes%2Fblocks%2Fsocial-links HTTP/2.0" 200 2622 "-" "Mozilla/5.0 AppleWebKit/537.36 (KHTML, like Gecko; compatible; ClaudeBot/1.0; +claudebot@anthropic.com)" 44 **0/44460**
216.73.216.186 - - [04/Mar/2026:05:32:56 -0700] "GET /sitemap.xml?fileloc=%2Fhome%2Fnyiet8349bzl%2Fpublic_html%2Ficdp.co.in%2Fwp-admin%2Fcss%2Fedit-rtl.css&path=%2Fhome%2Fnyiet8349bzl%2Fpublic_html%2Ficdp.co.in%2Fwp-admin%2Fcss HTTP/2.0" 200 9962 "-" "Mozilla/5.0 AppleWebKit/537.36 (KHTML, like Gecko; compatible; ClaudeBot/1.0; +claudebot@anthropic.com)" 47 **0/47567**
216.73.216.186 - - [04/Mar/2026:05:32:56 -0700] "GET /sitemap.xml?fileloc=%2F%2Flib64%2Flibpcreposix.so.0.0.6&path=%2F%2Flib64 HTTP/2.0" 200 6166 "-" "Mozilla/5.0 AppleWebKit/537.36 (KHTML, like Gecko; compatible; ClaudeBot/1.0; +claudebot@anthropic.com)" 45 **0/45355**
216.73.216.186 - - [04/Mar/2026:05:32:56 -0700] "GET /sitemap.xml?fileloc=%2Fhome%2Fnyiet8349bzl%2Fpublic_html%2Ficdp.co.in%2Fwp-includes%2FText%2FDiff.php&path=%2Fhome%2Fnyiet8349bzl%2Fpublic_html%2Ficdp.co.in%2Fwp-includes%2FText HTTP/2.0" 200 5277 "-" "Mozilla/5.0 AppleWebKit/537.36 (KHTML, like Gecko; compatible; ClaudeBot/1.0; +claudebot@anthropic.com)" 58 **0/58639**
74.7.227.26 - - [04/Mar/2026:05:32:56 -0700] "GET /?path=//proc/3458776/cwd/proc/self/root/opt/cloudlinux/alt-php82/root HTTP/2.0" 200 2376 "https://icdp.co.in/?path=//proc/3458776/cwd/proc/self/root/opt/cloudlinux/alt-php82" "Mozilla/5.0 AppleWebKit/537.36 (KHTML, like Gecko; compatible; GPTBot/1.3; +https://openai.com/gptbot)" 48 **0/48612**
216.73.216.186 - - [04/Mar/2026:05:32:56 -0700] "GET /sitemap.xml?fileloc=%2Fhome%2Fnyiet8349bzl%2Fpublic_html%2Ficdp.co.in%2Fwp-includes%2Fblock-patterns%2Ftwo-buttons.php&path=%2Fhome%2Fnyiet8349bzl%2Fpublic_html%2Ficdp.co.in%2Fwp-includes%2Fblock-patterns HTTP/2.0" 200 2730 "-" "Mozilla/5.0 AppleWebKit/537.36 (KHTML, like Gecko; compatible; ClaudeBot/1.0; +claudebot@anthropic.com)" 43 **0/43957**
216.73.216.186 - - [04/Mar/2026:05:32:56 -0700] "GET /sitemap.xml?fileloc=%2F%2Flib64%2FlibMagickWand-6.Q16.so.7&path=%2F%2Flib64 HTTP/2.0" 200 322682 "-" "Mozilla/5.0 AppleWebKit/537.36 (KHTML, like Gecko; compatible; ClaudeBot/1.0; +claudebot@anthropic.com)" 190 **0/190377**
216.73.216.186 - - [04/Mar/2026:05:32:56 -0700] "GET /sitemap.xml?fileloc=%2Fhome%2Fnyiet8349bzl%2Fpublic_html%2Ficdp.co.in%2Fwp-includes%2Fwidgets%2Fclass-wp-widget-recent-comments.php&path=%2Fhome%2Fnyiet8349bzl%2Fpublic_html%2Ficdp.co.in%2Fwp-includes%2Fwidgets HTTP/2.0" 200 4656 "-" "Mozilla/5.0 AppleWebKit/537.36 (KHTML, like Gecko; compatible; ClaudeBot/1.0; +claudebot@anthropic.com)" 44 **0/44745**
216.73.216.186 - - [04/Mar/2026:05:32:56 -0700] "GET /sitemap.xml?fileloc=%2Fhome%2Fnyiet8349bzl%2Fpublic_html%2Ficdp.co.in%2Fwp-admin%2Fcss%2Fcustomize-widgets-rtl.css&path=%2Fhome%2Fnyiet8349bzl%2Fpublic_html%2Ficdp.co.in%2Fwp-admin%2Fcss HTTP/2.0" 200 4803 "-" "Mozilla/5.0 AppleWebKit/537.36 (KHTML, like Gecko; compatible; ClaudeBot/1.0; +claudebot@anthropic.com)" 46 **0/46110**
216.73.216.186 - - [04/Mar/2026:05:32:57 -0700] "GET /sitemap.xml?path=%2Fhome%2Fnyiet8349bzl%2Fpublic_html%2Ficdp.co.in%2Fwp-content%2Fthemes%2Fgo HTTP/2.0" 200 3324 "-" "Mozilla/5.0 AppleWebKit/537.36 (KHTML, like Gecko; compatible; ClaudeBot/1.0; +claudebot@anthropic.com)" 38 **0/38364**
216.73.216.186 - - [04/Mar/2026:05:32:57 -0700] "GET /sitemap.xml?fileloc=%2Fhome%2Fnyiet8349bzl%2Fpublic_html%2Ficdp.co.in%2Fwp-includes%2Fblock-patterns%2Ftext-three-columns-buttons.php&path=%2Fhome%2Fnyiet8349bzl%2Fpublic_html%2Ficdp.co.in%2Fwp-includes%2Fblock-patterns HTTP/2.0" 200 2930 "-" "Mozilla/5.0 AppleWebKit/537.36 (KHTML, like Gecko; compatible; ClaudeBot/1.0; +claudebot@anthropic.com)" 44 **0/44639**
216.73.216.186 - - [04/Mar/2026:05:32:57 -0700] "GET /sitemap.xml?fileloc=%2Fhome%2Fnyiet8349bzl%2Fpublic_html%2Ficdp.co.in%2Fwp-admin%2Fcss%2Fwp-admin.min.css&path=%2Fhome%2Fnyiet8349bzl%2Fpublic_html%2Ficdp.co.in%2Fwp-admin%2Fcss HTTP/2.0" 200 2416 "-" "Mozilla/5.0 AppleWebKit/537.36 (KHTML, like Gecko; compatible; ClaudeBot/1.0; +claudebot@anthropic.com)" 48 **0/48657**
74.7.227.26 - - [04/Mar/2026:05:32:57 -0700] "GET /?path=//proc/3458776/cwd/proc/self/root/opt/cloudlinux/alt-php80/root HTTP/2.0" 200 2377 "https://icdp.co.in/?path=//proc/3458776/cwd/proc/self/root/opt/cloudlinux/alt-php80" "Mozilla/5.0 AppleWebKit/537.36 (KHTML, like Gecko; compatible; GPTBot/1.3; +https://openai.com/gptbot)" 54 **0/54812**
216.73.216.186 - - [04/Mar/2026:05:32:57 -0700] "GET /sitemap.xml?fileloc=%2F%2Flib64%2Flibnewt.so.0.52.20&path=%2F%2Flib64 HTTP/2.0" 200 38335 "-" "Mozilla/5.0 AppleWebKit/537.36 (KHTML, like Gecko; compatible; ClaudeBot/1.0; +claudebot@anthropic.com)" 69 **0/69929**
216.73.216.186 - - [04/Mar/2026:05:32:57 -0700] "GET /sitemap.xml?fileloc=%2Fhome%2Fnyiet8349bzl%2Fpublic_html%2Ficdp.co.in%2Fwp-admin%2Fcss%2Fadmin-menu-rtl.css&path=%2Fhome%2Fnyiet8349bzl%2Fpublic_html%2Ficdp.co.in%2Fwp-admin%2Fcss HTTP/2.0" 200 5979 "-" "Mozilla/5.0 AppleWebKit/537.36 (KHTML, like Gecko; compatible; ClaudeBot/1.0; +claudebot@anthropic.com)" 47 **0/47628**
216.73.216.186 - - [04/Mar/2026:05:32:57 -0700] "GET /sitemap.xml?fileloc=%2Fhome%2Fnyiet8349bzl%2Fpublic_html%2Ficdp.co.in%2Fwp-admin%2Fnetwork%2Fplugins.php&path=%2Fhome%2Fnyiet8349bzl%2Fpublic_html%2Ficdp.co.in%2Fwp-admin%2Fnetwork HTTP/2.0" 200 2433 "-" "Mozilla/5.0 AppleWebKit/537.36 (KHTML, like Gecko; compatible; ClaudeBot/1.0; +claudebot@anthropic.com)" 40 **0/40787**
216.73.216.186 - - [04/Mar/2026:05:32:57 -0700] "GET /sitemap.xml?path=%2Fhome%2Fnyiet8349bzl%2Fpublic_html%2Fjournalofbusinessstudies.in%2Fips HTTP/2.0" 200 2596 "-" "Mozilla/5.0 AppleWebKit/537.36 (KHTML, like Gecko; compatible; ClaudeBot/1.0; +claudebot@anthropic.com)" 44 **0/44706**
216.73.216.186 - - [04/Mar/2026:05:32:57 -0700] "GET /kupit-diplom-rggu-na-blanke-kachestvenno-i?path=%2F%2Fusr HTTP/2.0" 200 2759 "-" "Mozilla/5.0 AppleWebKit/537.36 (KHTML, like Gecko; compatible; ClaudeBot/1.0; +claudebot@anthropic.com)" 56 **0/56150**
74.7.227.26 - - [04/Mar/2026:05:32:57 -0700] "GET /?path=//proc/3458776/cwd/usr/lib/dracut/modules.d/04watchdog-modules HTTP/2.0" 200 2373 "https://icdp.co.in/?path=//proc/3458776/cwd/usr/lib/dracut/modules.d" "Mozilla/5.0 AppleWebKit/537.36 (KHTML, like Gecko; compatible; GPTBot/1.3; +https://openai.com/gptbot)" 72 **0/72255**
216.73.216.186 - - [04/Mar/2026:05:32:57 -0700] "GET /sitemap.xml?fileloc=%2F%2Flib64%2Flibxcb-screensaver.so&path=%2F%2Flib64 HTTP/2.0" 200 6717 "-" "Mozilla/5.0 AppleWebKit/537.36 (KHTML, like Gecko; compatible; ClaudeBot/1.0; +claudebot@anthropic.com)" 54 **0/54786**
216.73.216.186 - - [04/Mar/2026:05:32:57 -0700] "GET /sitemap.xml?fileloc=%2Fhome%2Fnyiet8349bzl%2Fpublic_html%2Ficdp.co.in%2Fwp-includes%2Fcss%2Fcustomize-preview.css&path=%2Fhome%2Fnyiet8349bzl%2Fpublic_html%2Ficdp.co.in%2Fwp-includes%2Fcss HTTP/2.0" 200 3185 "-" "Mozilla/5.0 AppleWebKit/537.36 (KHTML, like Gecko; compatible; ClaudeBot/1.0; +claudebot@anthropic.com)" 50 **0/50437**
216.73.216.186 - - [04/Mar/2026:05:32:57 -0700] "GET /sitemap.xml?fileloc=%2F%2Flib64%2Flibmetalink.so.3.1.0&path=%2F%2Flib64 HTTP/2.0" 200 20534 "-" "Mozilla/5.0 AppleWebKit/537.36 (KHTML, like Gecko; compatible; ClaudeBot/1.0; +claudebot@anthropic.com)" 58 **0/58114**
216.73.216.186 - - [04/Mar/2026:05:32:58 -0700] "GET /sitemap.xml?path=%2Fhome%2Fnyiet8349bzl%2Fpublic_html%2Ficdp.co.in%2Fwp-content%2Fplugins%2Flimit-login-attempts-reloaded HTTP/2.0" 200 2853 "-" "Mozilla/5.0 AppleWebKit/537.36 (KHTML, like Gecko; compatible; ClaudeBot/1.0; +claudebot@anthropic.com)" 55 **0/55906**
216.73.216.186 - - [04/Mar/2026:05:32:58 -0700] "GET /sitemap.xml?fileloc=%2F%2Flib64%2Flibhwy_contrib.so.1.0.2&path=%2F%2Flib64 HTTP/2.0" 200 358795 "-" "Mozilla/5.0 AppleWebKit/537.36 (KHTML, like Gecko; compatible; ClaudeBot/1.0; +claudebot@anthropic.com)" 265 **0/265768**
74.7.227.26 - - [04/Mar/2026:05:32:58 -0700] "GET /?path=//proc/3538462/cwd/usr/lib/dracut/modules.d/04watchdog-modules HTTP/2.0" 200 2372 "https://icdp.co.in/?path=//proc/3538462/cwd/usr/lib/dracut/modules.d" "Mozilla/5.0 AppleWebKit/537.36 (KHTML, like Gecko; compatible; GPTBot/1.3; +https://openai.com/gptbot)" 59 **0/59320**
216.73.216.186 - - [04/Mar/2026:05:32:58 -0700] "GET /sitemap.xml?fileloc=%2F%2Flib64%2Flibpcre2-16.so.0.7.1&path=%2F%2Flib64 HTTP/2.0" 200 168196 "-" "Mozilla/5.0 AppleWebKit/537.36 (KHTML, like Gecko; compatible; ClaudeBot/1.0; +claudebot@anthropic.com)" 154 **0/154057**
216.73.216.186 - - [04/Mar/2026:05:32:58 -0700] "GET /sitemap.xml?fileloc=%2F%2Flib64%2Flibxcb-xkb.so.1&path=%2F%2Flib64 HTTP/2.0" 200 30053 "-" "Mozilla/5.0 AppleWebKit/537.36 (KHTML, like Gecko; compatible; ClaudeBot/1.0; +claudebot@anthropic.com)" 75 **0/75651**
216.73.216.186 - - [04/Mar/2026:05:32:58 -0700] "GET /sitemap.xml?fileloc=%2F%2Flib64%2Flibhwy_contrib.so.1&path=%2F%2Flib64 HTTP/2.0" 200 358963 "-" "Mozilla/5.0 AppleWebKit/537.36 (KHTML, like Gecko; compatible; ClaudeBot/1.0; +claudebot@anthropic.com)" 249 **0/249739**
216.73.216.186 - - [04/Mar/2026:05:32:58 -0700] "GET /sitemap.xml?path=%2Fhome%2Fnyiet8349bzl%2Fwww%2Ftrialsbscalumni.org HTTP/2.0" 200 2651 "-" "Mozilla/5.0 AppleWebKit/537.36 (KHTML, like Gecko; compatible; ClaudeBot/1.0; +claudebot@anthropic.com)" 52 **0/52428**
216.73.216.186 - - [04/Mar/2026:05:32:58 -0700] "GET /sitemap.xml?path=%2Fhome%2Fnyiet8349bzl%2Fpublic_html%2Fjournalofbusinessstudies.in%2Fbandwidth HTTP/2.0" 200 2338 "-" "Mozilla/5.0 AppleWebKit/537.36 (KHTML, like Gecko; compatible; ClaudeBot/1.0; +claudebot@anthropic.com)" 51 **0/51472**
144.76.32.236 - - [04/Mar/2026:05:32:58 -0700] "GET /nadprogram-bez-depozytu-2025-aktualne-bonusy-automat-internetowy-halloween-zbytnio-rejestracje-wyjawszy-depozytu/ HTTP/1.1" 200 5663 "-" "Mozilla/5.0 (compatible; SERankingBacklinksBot/1.0; +https://seranking.com/backlinks-crawler)" 54 **0/54877**
216.73.216.186 - - [04/Mar/2026:05:32:58 -0700] "GET /sitemap.xml?fileloc=%2F%2Flib64%2Flibgif.so.7.0.0&path=%2F%2Flib64 HTTP/2.0" 200 18435 "-" "Mozilla/5.0 AppleWebKit/537.36 (KHTML, like Gecko; compatible; ClaudeBot/1.0; +claudebot@anthropic.com)" 60 **0/60473**
216.73.216.186 - - [04/Mar/2026:05:32:58 -0700] "GET /sitemap.xml?fileloc=%2Fhome%2Fnyiet8349bzl%2Fpublic_html%2Ficdp.co.in%2Fwp-includes%2Fblock-patterns%2Fthree-buttons.php&path=%2Fhome%2Fnyiet8349bzl%2Fpublic_html%2Ficdp.co.in%2Fwp-includes%2Fblock-patterns HTTP/2.0" 200 2760 "-" "Mozilla/5.0 AppleWebKit/537.36 (KHTML, like Gecko; compatible; ClaudeBot/1.0; +claudebot@anthropic.com)" 53 **0/53938**
74.7.227.26 - - [04/Mar/2026:05:32:58 -0700] "GET /?path=//proc/3458776/cwd/proc/thread-self/root/opt/alt/python311 HTTP/2.0" 200 2371 "https://icdp.co.in/?path=//proc/3458776/cwd/proc/thread-self/root/opt/alt" "Mozilla/5.0 AppleWebKit/537.36 (KHTML, like Gecko; compatible; GPTBot/1.3; +https://openai.com/gptbot)" 55 **0/55769**
216.73.216.186 - - [04/Mar/2026:05:32:58 -0700] "GET /sitemap.xml?fileloc=%2Fhome%2Fnyiet8349bzl%2Fpublic_html%2Ficdp.co.in%2Fwp-admin%2Fcss%2Fcustomize-controls.css&path=%2Fhome%2Fnyiet8349bzl%2Fpublic_html%2Ficdp.co.in%2Fwp-admin%2Fcss HTTP/2.0" 200 14048 "-" "Mozilla/5.0 AppleWebKit/537.36 (KHTML, like Gecko; compatible; ClaudeBot/1.0; +claudebot@anthropic.com)" 59 **0/59007**
216.73.216.186 - - [04/Mar/2026:05:32:58 -0700] "GET /sitemap.xml?fileloc=%2F%2Flib64%2Flibbabeltrace-dummy.so.1&path=%2F%2Flib64 HTTP/2.0" 200 5152 "-" "Mozilla/5.0 AppleWebKit/537.36 (KHTML, like Gecko; compatible; ClaudeBot/1.0; +claudebot@anthropic.com)" 54 **0/54214**
216.73.216.186 - - [04/Mar/2026:05:32:59 -0700] "GET /sitemap.xml?fileloc=%2F%2Flib64%2Flibxcb-shm.so.0.0.0&path=%2F%2Flib64 HTTP/2.0" 200 6327 "-" "Mozilla/5.0 AppleWebKit/537.36 (KHTML, like Gecko; compatible; ClaudeBot/1.0; +claudebot@anthropic.com)" 58 **0/58105**
216.73.216.186 - - [04/Mar/2026:05:32:59 -0700] "GET /sitemap.xml?path=%2Fhome%2Fnyiet8349bzl%2Fpublic_html%2Fjournalofbusinessstudies.in%2Fupl HTTP/2.0" 200 2633 "-" "Mozilla/5.0 AppleWebKit/537.36 (KHTML, like Gecko; compatible; ClaudeBot/1.0; +claudebot@anthropic.com)" 47 **0/47614**
216.73.216.186 - - [04/Mar/2026:05:32:59 -0700] "GET /sitemap.xml?path=%2Fhome%2Fnyiet8349bzl%2Fiecbm.sbsc.in%2Fbsadmin HTTP/2.0" 200 3051 "-" "Mozilla/5.0 AppleWebKit/537.36 (KHTML, like Gecko; compatible; ClaudeBot/1.0; +claudebot@anthropic.com)" 47 **0/47036**
74.7.227.26 - - [04/Mar/2026:05:32:59 -0700] "GET /?path=//proc/3452243/cwd/proc/thread-self/root/opt/alt/python310 HTTP/2.0" 200 2371 "https://icdp.co.in/?path=//proc/3452243/cwd/proc/thread-self/root/opt/alt" "Mozilla/5.0 AppleWebKit/537.36 (KHTML, like Gecko; compatible; GPTBot/1.3; +https://openai.com/gptbot)" 45 **0/45611**
216.73.216.186 - - [04/Mar/2026:05:32:59 -0700] "GET /sitemap.xml?fileloc=%2F%2Flib64%2FlibXinerama.so.1.0.0&path=%2F%2Flib64 HTTP/2.0" 200 6306 "-" "Mozilla/5.0 AppleWebKit/537.36 (KHTML, like Gecko; compatible; ClaudeBot/1.0; +claudebot@anthropic.com)" 49 **0/49535**
175.101.104.182 - - [04/Mar/2026:05:32:59 -0700] "GET /sveriges-basta-casinosidor-2026/ HTTP/2.0" 200 4676 "https://www.google.com/" "Mozilla/5.0 (Windows NT 10.0; Win64; x64) AppleWebKit/537.36 (KHTML, like Gecko) Chrome/145.0.0.0 Safari/537.36" 48 **0/48829**
216.73.216.186 - - [04/Mar/2026:05:32:59 -0700] "GET /sitemap.xml?fileloc=%2F%2Flib64%2Flibpcre2-posix.so.2.0.1&path=%2F%2Flib64 HTTP/2.0" 200 6135 "-" "Mozilla/5.0 AppleWebKit/537.36 (KHTML, like Gecko; compatible; ClaudeBot/1.0; +claudebot@anthropic.com)" 51 **0/51490**
85.208.96.210 - - [04/Mar/2026:05:32:59 -0700] "GET /ermoglicht-dasjenige-inter-city-express-spielcasino-angewandten-intercity-express-kasino-maklercourtage-programmcode/ HTTP/1.1" 200 5663 "-" "Mozilla/5.0 (compatible; SemrushBot/7~bl; +http://www.semrush.com/bot.html)" 67 **0/67309**
216.73.216.186 - - [04/Mar/2026:05:32:59 -0700] "GET /sitemap.xml?path=%2Fhome%2Fnyiet8349bzl%2Fpublic_html%2Ficdp.co.in%2Fmail%2F.Drafts%2Fcur HTTP/2.0" 200 2355 "-" "Mozilla/5.0 AppleWebKit/537.36 (KHTML, like Gecko; compatible; ClaudeBot/1.0; +claudebot@anthropic.com)" 66 **0/66752**
216.73.216.186 - - [04/Mar/2026:05:32:59 -0700] "GET /sitemap.xml?fileloc=%2F%2Flib64%2Flibglib-2.0.so.0.5600.4&path=%2F%2Flib64 HTTP/2.0" 200 387722 "-" "Mozilla/5.0 AppleWebKit/537.36 (KHTML, like Gecko; compatible; ClaudeBot/1.0; +claudebot@anthropic.com)" 217 **0/217220**
216.73.216.186 - - [04/Mar/2026:05:32:59 -0700] "GET /sitemap.xml?fileloc=%2Fhome%2Fnyiet8349bzl%2Fpublic_html%2Ficdp.co.in%2Fwp-admin%2Fcss%2Fwp-admin-rtl.css&path=%2Fhome%2Fnyiet8349bzl%2Fpublic_html%2Ficdp.co.in%2Fwp-admin%2Fcss HTTP/2.0" 200 2413 "-" "Mozilla/5.0 AppleWebKit/537.36 (KHTML, like Gecko; compatible; ClaudeBot/1.0; +claudebot@anthropic.com)" 48 **0/48670**
74.7.227.26 - - [04/Mar/2026:05:32:59 -0700] "GET /?path=//proc/3452243/cwd/proc/thread-self/root/opt/alt/python311 HTTP/2.0" 200 2371 "https://icdp.co.in/?path=//proc/3452243/cwd/proc/thread-self/root/opt/alt" "Mozilla/5.0 AppleWebKit/537.36 (KHTML, like Gecko; compatible; GPTBot/1.3; +https://openai.com/gptbot)" 62 **0/62845**
216.73.216.186 - - [04/Mar/2026:05:32:59 -0700] "GET /sitemap.xml?path=%2Fhome%2Fnyiet8349bzl%2Fpublic_html%2Ficdp.co.in%2Fwp-includes%2Fimages%2Fwlw HTTP/2.0" 200 2693 "-" "Mozilla/5.0 AppleWebKit/537.36 (KHTML, like Gecko; compatible; ClaudeBot/1.0; +claudebot@anthropic.com)" 52 **0/52271**
216.73.216.186 - - [04/Mar/2026:05:32:59 -0700] "GET /sitemap.xml?fileloc=%2F%2Flib64%2Flibbfd-2.30-128.el8_10.so&path=%2F%2Flib64 HTTP/2.0" 200 462845 "-" "Mozilla/5.0 AppleWebKit/537.36 (KHTML, like Gecko; compatible; ClaudeBot/1.0; +claudebot@anthropic.com)" 225 **0/225542**
216.73.216.186 - - [04/Mar/2026:05:32:59 -0700] "GET /sitemap.xml?fileloc=%2F%2Flib64%2Flibxcb-xv.so.0.0.0&path=%2F%2Flib64 HTTP/2.0" 200 9963 "-" "Mozilla/5.0 AppleWebKit/537.36 (KHTML, like Gecko; compatible; ClaudeBot/1.0; +claudebot@anthropic.com)" 46 **0/46951**
216.73.216.186 - - [04/Mar/2026:05:33:00 -0700] "GET /sitemap.xml?fileloc=%2F%2Flib64%2FlibX11-xcb.so.1.0.0&path=%2F%2Flib64 HTTP/2.0" 200 4698 "-" "Mozilla/5.0 AppleWebKit/537.36 (KHTML, like Gecko; compatible; ClaudeBot/1.0; +claudebot@anthropic.com)" 48 **0/48479**
216.73.216.186 - - [04/Mar/2026:05:33:00 -0700] "GET /sitemap.xml?fileloc=%2Fhome%2Fnyiet8349bzl%2Fpublic_html%2Ficdp.co.in%2Fwp-includes%2Fcss%2Feditor.min.css&path=%2Fhome%2Fnyiet8349bzl%2Fpublic_html%2Ficdp.co.in%2Fwp-includes%2Fcss HTTP/2.0" 200 7938 "-" "Mozilla/5.0 AppleWebKit/537.36 (KHTML, like Gecko; compatible; ClaudeBot/1.0; +claudebot@anthropic.com)" 66 **0/66378**
216.73.216.186 - - [04/Mar/2026:05:33:00 -0700] "GET /sitemap.xml?fileloc=%2Fhome%2Fnyiet8349bzl%2Fpublic_html%2Ficdp.co.in%2Fwp-includes%2Fblocks%2Fshortcode.php&path=%2Fhome%2Fnyiet8349bzl%2Fpublic_html%2Ficdp.co.in%2Fwp-includes%2Fblocks HTTP/2.0" 200 2574 "-" "Mozilla/5.0 AppleWebKit/537.36 (KHTML, like Gecko; compatible; ClaudeBot/1.0; +claudebot@anthropic.com)" 61 **0/61341**
216.73.216.186 - - [04/Mar/2026:05:33:00 -0700] "GET /sitemap.xml?path=%2Fhome%2Fnyiet8349bzl%2Fpublic_html%2Ficdp.co.in%2Fwp-includes%2Fimages%2Fcrystal HTTP/2.0" 200 2908 "-" "Mozilla/5.0 AppleWebKit/537.36 (KHTML, like Gecko; compatible; ClaudeBot/1.0; +claudebot@anthropic.com)" 67 **0/67146**
74.7.227.26 - - [04/Mar/2026:05:33:00 -0700] "GET /?path=//proc/3452243/cwd/proc/thread-self/root/opt/alt/libssh211 HTTP/2.0" 200 2371 "https://icdp.co.in/?path=//proc/3452243/cwd/proc/thread-self/root/opt/alt" "Mozilla/5.0 AppleWebKit/537.36 (KHTML, like Gecko; compatible; GPTBot/1.3; +https://openai.com/gptbot)" 85 **0/85088**
216.73.216.186 - - [04/Mar/2026:05:33:00 -0700] "GET /sitemap.xml?fileloc=%2F%2Flib64%2Flibnl-nf-3.so.200.26.0&path=%2F%2Flib64 HTTP/2.0" 200 33477 "-" "Mozilla/5.0 AppleWebKit/537.36 (KHTML, like Gecko; compatible; ClaudeBot/1.0; +claudebot@anthropic.com)" 74 **0/74767**
216.73.216.186 - - [04/Mar/2026:05:33:00 -0700] "GET /sitemap.xml?fileloc=%2F%2Flib64%2Flibtss2-tcti-device.so.0.0.0&path=%2F%2Flib64 HTTP/2.0" 200 11440 "-" "Mozilla/5.0 AppleWebKit/537.36 (KHTML, like Gecko; compatible; ClaudeBot/1.0; +claudebot@anthropic.com)" 58 **0/58116**
216.73.216.186 - - [04/Mar/2026:05:33:00 -0700] "GET /sitemap.xml?fileloc=%2Fhome%2Fnyiet8349bzl%2Fpublic_html%2Ficdp.co.in%2Fwp-includes%2Fblock-patterns%2Flarge-header.php&path=%2Fhome%2Fnyiet8349bzl%2Fpublic_html%2Ficdp.co.in%2Fwp-includes%2Fblock-patterns HTTP/2.0" 200 2938 "-" "Mozilla/5.0 AppleWebKit/537.36 (KHTML, like Gecko; compatible; ClaudeBot/1.0; +claudebot@anthropic.com)" 57 **0/57223**
216.73.216.186 - - [04/Mar/2026:05:33:00 -0700] "GET /sitemap.xml?fileloc=%2Fhome%2Fnyiet8349bzl%2Fpublic_html%2Ficdp.co.in%2Fwp-includes%2Fwidgets%2Fclass-wp-widget-rss.php&path=%2Fhome%2Fnyiet8349bzl%2Fpublic_html%2Ficdp.co.in%2Fwp-includes%2Fwidgets HTTP/2.0" 200 3891 "-" "Mozilla/5.0 AppleWebKit/537.36 (KHTML, like Gecko; compatible; ClaudeBot/1.0; +claudebot@anthropic.com)" 51 **0/51933**
216.73.216.186 - - [04/Mar/2026:05:33:00 -0700] "GET /sitemap.xml?fileloc=%2Fhome%2Fnyiet8349bzl%2Fpublic_html%2Ficdp.co.in%2Fwp-admin%2Fcss%2Fforms.min.css&path=%2Fhome%2Fnyiet8349bzl%2Fpublic_html%2Ficdp.co.in%2Fwp-admin%2Fcss HTTP/2.0" 200 8165 "-" "Mozilla/5.0 AppleWebKit/537.36 (KHTML, like Gecko; compatible; ClaudeBot/1.0; +claudebot@anthropic.com)" 57 **0/57965**
74.7.227.26 - - [04/Mar/2026:05:33:00 -0700] "GET /?path=//proc/3538462/cwd/proc/thread-self/root/opt/alt/python311 HTTP/2.0" 200 2371 "https://icdp.co.in/?path=//proc/3538462/cwd/proc/thread-self/root/opt/alt" "Mozilla/5.0 AppleWebKit/537.36 (KHTML, like Gecko; compatible; GPTBot/1.3; +https://openai.com/gptbot)" 54 **0/54518**
216.73.216.186 - - [04/Mar/2026:05:33:00 -0700] "GET /sitemap.xml?fileloc=%2F%2Flib64%2Flibpcre2-32.so.0.7.1&path=%2F%2Flib64 HTTP/2.0" 200 160559 "-" "Mozilla/5.0 AppleWebKit/537.36 (KHTML, like Gecko; compatible; ClaudeBot/1.0; +claudebot@anthropic.com)" 129 **0/129411**
216.73.216.186 - - [04/Mar/2026:05:33:00 -0700] "GET /sitemap.xml?path=%2Fhome%2Fnyiet8349bzl%2Fpublic_html%2Fcdmssbsc.org%2Fresellerpackages HTTP/2.0" 200 2337 "-" "Mozilla/5.0 AppleWebKit/537.36 (KHTML, like Gecko; compatible; ClaudeBot/1.0; +claudebot@anthropic.com)" 55 **0/55713**
216.73.216.186 - - [04/Mar/2026:05:33:01 -0700] "GET /sitemap.xml?fileloc=%2Fhome%2Fnyiet8349bzl%2Fpublic_html%2Ficdp.co.in%2Fwp-includes%2FSimplePie%2FParser-exception.php&path=%2Fhome%2Fnyiet8349bzl%2Fpublic_html%2Ficdp.co.in%2Fwp-includes%2FSimplePie HTTP/2.0" 200 2305 "-" "Mozilla/5.0 AppleWebKit/537.36 (KHTML, like Gecko; compatible; ClaudeBot/1.0; +claudebot@anthropic.com)" 53 **0/53538**
216.73.216.186 - - [04/Mar/2026:05:33:01 -0700] "GET /sitemap.xml?fileloc=%2F%2Flib64%2Flibhiredis.so.0.13&path=%2F%2Flib64 HTTP/2.0" 200 24532 "-" "Mozilla/5.0 AppleWebKit/537.36 (KHTML, like Gecko; compatible; ClaudeBot/1.0; +claudebot@anthropic.com)" 65 **0/65703**
216.73.216.186 - - [04/Mar/2026:05:33:01 -0700] "GET /sitemap.xml?fileloc=%2F%2Flib64%2Flibpoppler-glib.so.8&path=%2F%2Flib64 HTTP/2.0" 200 127450 "-" "Mozilla/5.0 AppleWebKit/537.36 (KHTML, like Gecko; compatible; ClaudeBot/1.0; +claudebot@anthropic.com)" 117 **0/117627**
216.73.216.186 - - [04/Mar/2026:05:33:01 -0700] "GET /sitemap.xml?path=%2Fhome%2Fnyiet8349bzl%2Fpublic_html%2Fjournalofbusinessstudies.in%2Fbandwidth_db HTTP/2.0" 200 2343 "-" "Mozilla/5.0 AppleWebKit/537.36 (KHTML, like Gecko; compatible; ClaudeBot/1.0; +claudebot@anthropic.com)" 87 **0/87068**
74.7.227.26 - - [04/Mar/2026:05:33:01 -0700] "GET /?path=//proc/3453136/cwd/lib/modules/4.18.0-513.5.1.lve.el8.x86_64 HTTP/2.0" 200 2348 "https://icdp.co.in/?path=//proc/3453136/cwd/lib/modules" "Mozilla/5.0 AppleWebKit/537.36 (KHTML, like Gecko; compatible; GPTBot/1.3; +https://openai.com/gptbot)" 113 **0/113976**
216.73.216.186 - - [04/Mar/2026:05:33:01 -0700] "GET /sitemap.xml?fileloc=%2F%2Flib64%2Flibpangoxft-1.0.so.0&path=%2F%2Flib64 HTTP/2.0" 200 15480 "-" "Mozilla/5.0 AppleWebKit/537.36 (KHTML, like Gecko; compatible; ClaudeBot/1.0; +claudebot@anthropic.com)" 109 **0/109150**
216.73.216.186 - - [04/Mar/2026:05:33:01 -0700] "GET /sitemap.xml?fileloc=%2F%2Flib64%2Flibguilereadline-v-18.so&path=%2F%2Flib64 HTTP/2.0" 200 21105 "-" "Mozilla/5.0 AppleWebKit/537.36 (KHTML, like Gecko; compatible; ClaudeBot/1.0; +claudebot@anthropic.com)" 100 **0/100065**
216.73.216.186 - - [04/Mar/2026:05:33:01 -0700] "GET /sitemap.xml?fileloc=%2F%2Flib64%2Fliblab_gamut.so.1.0.0&path=%2F%2Flib64 HTTP/2.0" 200 311238 "-" "Mozilla/5.0 AppleWebKit/537.36 (KHTML, like Gecko; compatible; ClaudeBot/1.0; +claudebot@anthropic.com)" 440 **0/440249**
216.73.216.186 - - [04/Mar/2026:05:33:01 -0700] "GET /sitemap.xml?path=%2Fhome%2Fnyiet8349bzl%2Fpublic_html%2Fducoa.org%2F.well-known HTTP/2.0" 200 2580 "-" "Mozilla/5.0 AppleWebKit/537.36 (KHTML, like Gecko; compatible; ClaudeBot/1.0; +claudebot@anthropic.com)" 105 **0/105602**
216.73.216.186 - - [04/Mar/2026:05:33:01 -0700] "GET /sitemap.xml?fileloc=%2F%2Flib64%2Flibbrotlienc.so.1&path=%2F%2Flib64 HTTP/2.0" 200 204951 "-" "Mozilla/5.0 AppleWebKit/537.36 (KHTML, like Gecko; compatible; ClaudeBot/1.0; +claudebot@anthropic.com)" 222 **0/222771**
216.73.216.186 - - [04/Mar/2026:05:33:01 -0700] "GET /sitemap.xml?fileloc=%2Fhome%2Fnyiet8349bzl%2Fpublic_html%2Ficdp.co.in%2Fwp-includes%2Frandom_compat%2Ferror_polyfill.php&path=%2Fhome%2Fnyiet8349bzl%2Fpublic_html%2Ficdp.co.in%2Fwp-includes%2Frandom_compat HTTP/2.0" 200 3172 "-" "Mozilla/5.0 AppleWebKit/537.36 (KHTML, like Gecko; compatible; ClaudeBot/1.0; +claudebot@anthropic.com)" 78 **0/78947**
74.7.227.26 - - [04/Mar/2026:05:33:01 -0700] "GET /?path=//proc/3453136/cwd/lib/modules/4.18.0-553.58.1.lve.el8.x86_64 HTTP/2.0" 200 2344 "https://icdp.co.in/?path=//proc/3453136/cwd/lib/modules" "Mozilla/5.0 AppleWebKit/537.36 (KHTML, like Gecko; compatible; GPTBot/1.3; +https://openai.com/gptbot)" 63 **0/63074**
