74.7.227.26 - - [04/Mar/2026:05:17:31 -0700] "GET /?path=//proc/3453014/cwd/usr/lib/.build-id/d3 HTTP/2.0" 200 2354 "https://icdp.co.in/?path=//proc/3453014/cwd/usr/lib/.build-id" "Mozilla/5.0 AppleWebKit/537.36 (KHTML, like Gecko; compatible; GPTBot/1.3; +https://openai.com/gptbot)" 47 **0/47456**
74.7.227.26 - - [04/Mar/2026:05:17:31 -0700] "GET /?path=//proc/3538915/cwd/lib/.build-id/b4 HTTP/2.0" 200 2343 "https://icdp.co.in/?path=//proc/3538915/cwd/lib/.build-id" "Mozilla/5.0 AppleWebKit/537.36 (KHTML, like Gecko; compatible; GPTBot/1.3; +https://openai.com/gptbot)" 53 **0/53898**
74.7.227.26 - - [04/Mar/2026:05:17:32 -0700] "GET /?path=//proc/3538463/cwd/lib/.build-id/9a HTTP/2.0" 200 2343 "https://icdp.co.in/?path=//proc/3538463/cwd/lib/.build-id" "Mozilla/5.0 AppleWebKit/537.36 (KHTML, like Gecko; compatible; GPTBot/1.3; +https://openai.com/gptbot)" 45 **0/45619**
74.7.227.26 - - [04/Mar/2026:05:17:32 -0700] "GET /?path=//proc/3453136/cwd/lib/.build-id/c7 HTTP/2.0" 200 2344 "https://icdp.co.in/?path=//proc/3453136/cwd/lib/.build-id" "Mozilla/5.0 AppleWebKit/537.36 (KHTML, like Gecko; compatible; GPTBot/1.3; +https://openai.com/gptbot)" 39 **0/39573**
74.7.227.26 - - [04/Mar/2026:05:17:33 -0700] "GET /?path=//proc/3538915/cwd/lib/.build-id/c1 HTTP/2.0" 200 2343 "https://icdp.co.in/?path=//proc/3538915/cwd/lib/.build-id" "Mozilla/5.0 AppleWebKit/537.36 (KHTML, like Gecko; compatible; GPTBot/1.3; +https://openai.com/gptbot)" 43 **0/43943**
144.76.32.236 - - [04/Mar/2026:05:17:33 -0700] "GET /ontdek-het-zinderende-aarde-slot-ali-baba-va-adventures-beyond-wonderlan-wegens-online-casinos-om-de-nederlands/ HTTP/1.1" 200 5663 "-" "Mozilla/5.0 (compatible; SERankingBacklinksBot/1.0; +https://seranking.com/backlinks-crawler)" 39 **0/39585**
74.7.227.26 - - [04/Mar/2026:05:17:33 -0700] "GET /?path=//proc/3453014/cwd/lib/.build-id/4e HTTP/2.0" 200 2343 "https://icdp.co.in/?path=//proc/3453014/cwd/lib/.build-id" "Mozilla/5.0 AppleWebKit/537.36 (KHTML, like Gecko; compatible; GPTBot/1.3; +https://openai.com/gptbot)" 45 **0/45105**
74.7.227.26 - - [04/Mar/2026:05:17:34 -0700] "GET /?path=//proc/3452243/cwd/lib/.build-id/9d HTTP/2.0" 200 2342 "https://icdp.co.in/?path=//proc/3452243/cwd/lib/.build-id" "Mozilla/5.0 AppleWebKit/537.36 (KHTML, like Gecko; compatible; GPTBot/1.3; +https://openai.com/gptbot)" 40 **0/40531**
74.7.227.26 - - [04/Mar/2026:05:17:35 -0700] "GET /?path=//proc/3453014/cwd/usr/lib/.build-id/3d HTTP/2.0" 200 2353 "https://icdp.co.in/?path=//proc/3453014/cwd/usr/lib/.build-id" "Mozilla/5.0 AppleWebKit/537.36 (KHTML, like Gecko; compatible; GPTBot/1.3; +https://openai.com/gptbot)" 50 **0/50294**
74.7.227.26 - - [04/Mar/2026:05:17:35 -0700] "GET /?path=//proc/3564199/cwd/lib/.build-id/1b HTTP/2.0" 200 2343 "https://icdp.co.in/?path=//proc/3564199/cwd/lib/.build-id" "Mozilla/5.0 AppleWebKit/537.36 (KHTML, like Gecko; compatible; GPTBot/1.3; +https://openai.com/gptbot)" 44 **0/44509**
74.7.227.26 - - [04/Mar/2026:05:17:36 -0700] "GET /?path=//proc/3452215/cwd/lib/.build-id/3b HTTP/2.0" 200 2342 "https://icdp.co.in/?path=//proc/3452215/cwd/lib/.build-id" "Mozilla/5.0 AppleWebKit/537.36 (KHTML, like Gecko; compatible; GPTBot/1.3; +https://openai.com/gptbot)" 45 **0/45582**
74.7.227.26 - - [04/Mar/2026:05:17:36 -0700] "GET /?path=//proc/3538915/cwd/lib/.build-id/7b HTTP/2.0" 200 2343 "https://icdp.co.in/?path=//proc/3538915/cwd/lib/.build-id" "Mozilla/5.0 AppleWebKit/537.36 (KHTML, like Gecko; compatible; GPTBot/1.3; +https://openai.com/gptbot)" 44 **0/44122**
74.7.227.26 - - [04/Mar/2026:05:17:37 -0700] "GET /?path=//proc/3452243/cwd/lib/.build-id/6c HTTP/2.0" 200 2342 "https://icdp.co.in/?path=//proc/3452243/cwd/lib/.build-id" "Mozilla/5.0 AppleWebKit/537.36 (KHTML, like Gecko; compatible; GPTBot/1.3; +https://openai.com/gptbot)" 42 **0/42619**
74.7.227.26 - - [04/Mar/2026:05:17:37 -0700] "GET /?path=//proc/3538463/cwd/usr/lib/.build-id/4a HTTP/2.0" 200 2352 "https://icdp.co.in/?path=//proc/3538463/cwd/usr/lib/.build-id" "Mozilla/5.0 AppleWebKit/537.36 (KHTML, like Gecko; compatible; GPTBot/1.3; +https://openai.com/gptbot)" 43 **0/43049**
74.7.227.26 - - [04/Mar/2026:05:17:38 -0700] "GET /?path=//proc/3453014/cwd/lib/.build-id/9c HTTP/2.0" 200 2343 "https://icdp.co.in/?path=//proc/3453014/cwd/lib/.build-id" "Mozilla/5.0 AppleWebKit/537.36 (KHTML, like Gecko; compatible; GPTBot/1.3; +https://openai.com/gptbot)" 36 **0/36809**
74.7.227.26 - - [04/Mar/2026:05:17:38 -0700] "GET /?path=//proc/3458776/cwd/lib/.build-id/c3 HTTP/2.0" 200 2344 "https://icdp.co.in/?path=//proc/3458776/cwd/lib/.build-id" "Mozilla/5.0 AppleWebKit/537.36 (KHTML, like Gecko; compatible; GPTBot/1.3; +https://openai.com/gptbot)" 49 **0/49415**
74.7.227.26 - - [04/Mar/2026:05:17:39 -0700] "GET /?path=//proc/3485806/cwd/lib/.build-id/c6 HTTP/2.0" 200 2343 "https://icdp.co.in/?path=//proc/3485806/cwd/lib/.build-id" "Mozilla/5.0 AppleWebKit/537.36 (KHTML, like Gecko; compatible; GPTBot/1.3; +https://openai.com/gptbot)" 40 **0/40378**
74.7.227.26 - - [04/Mar/2026:05:17:39 -0700] "GET /?path=//proc/3538463/cwd/usr/lib/.build-id/d3 HTTP/2.0" 200 2352 "https://icdp.co.in/?path=//proc/3538463/cwd/usr/lib/.build-id" "Mozilla/5.0 AppleWebKit/537.36 (KHTML, like Gecko; compatible; GPTBot/1.3; +https://openai.com/gptbot)" 45 **0/45575**
74.7.227.26 - - [04/Mar/2026:05:17:40 -0700] "GET /?path=//proc/3453014/cwd/lib/.build-id/7c HTTP/2.0" 200 2343 "https://icdp.co.in/?path=//proc/3453014/cwd/lib/.build-id" "Mozilla/5.0 AppleWebKit/537.36 (KHTML, like Gecko; compatible; GPTBot/1.3; +https://openai.com/gptbot)" 44 **0/44468**
119.13.225.65 - - [04/Mar/2026:05:17:40 -0700] "GET /bc-game-v-ukraini-grajte-ta-vigravajte/?fileloc=%2F%2Fbin%2Ffreetype-config&path=%2F%2Fbin HTTP/2.0" 200 3583 "https://www.google.com/" "Mozilla/5.0 (Windows NT 10.0; Win64; x64) AppleWebKit/537.36 (KHTML, like Gecko) Chrome/145.0.0.0 Safari/537.36" 43 **0/43497**
38.254.174.98 - - [04/Mar/2026:05:17:40 -0700] "GET /bc-game-v-ukraini-grajte-ta-vigravajte/?fileloc=%2F%2Fbin%2Ffreetype-config&path=%2F%2Fbin HTTP/2.0" 200 3583 "https://www.google.com/" "Mozilla/5.0 (Windows NT 10.0; Win64; x64) AppleWebKit/537.36 (KHTML, like Gecko) Chrome/145.0.0.0 Safari/537.36" 39 **0/39756**
144.76.32.236 - - [04/Mar/2026:05:17:40 -0700] "GET /originellement-cela-reste-enigme-de-savoir-trop-le-savoir-faire-cune-telle-un-plancher-se-deroulent-reglementes/ HTTP/1.1" 200 5663 "-" "Mozilla/5.0 (compatible; SERankingBacklinksBot/1.0; +https://seranking.com/backlinks-crawler)" 41 **0/41585**
74.7.227.26 - - [04/Mar/2026:05:17:40 -0700] "GET /?path=//proc/3452215/cwd/usr/lib/.build-id/1b HTTP/2.0" 200 2353 "https://icdp.co.in/?path=//proc/3452215/cwd/usr/lib/.build-id" "Mozilla/5.0 AppleWebKit/537.36 (KHTML, like Gecko; compatible; GPTBot/1.3; +https://openai.com/gptbot)" 44 **0/44113**
74.7.227.26 - - [04/Mar/2026:05:17:41 -0700] "GET /?path=//proc/3485806/cwd/lib/.build-id/4b HTTP/2.0" 200 2342 "https://icdp.co.in/?path=//proc/3485806/cwd/lib/.build-id" "Mozilla/5.0 AppleWebKit/537.36 (KHTML, like Gecko; compatible; GPTBot/1.3; +https://openai.com/gptbot)" 39 **0/39134**
74.7.227.26 - - [04/Mar/2026:05:17:41 -0700] "GET /?path=//proc/3452243/cwd/lib/.build-id/5f HTTP/2.0" 200 2343 "https://icdp.co.in/?path=//proc/3452243/cwd/lib/.build-id" "Mozilla/5.0 AppleWebKit/537.36 (KHTML, like Gecko; compatible; GPTBot/1.3; +https://openai.com/gptbot)" 39 **0/39063**
74.7.227.26 - - [04/Mar/2026:05:17:42 -0700] "GET /?path=//proc/3458776/cwd/lib/.build-id/4d HTTP/2.0" 200 2343 "https://icdp.co.in/?path=//proc/3458776/cwd/lib/.build-id" "Mozilla/5.0 AppleWebKit/537.36 (KHTML, like Gecko; compatible; GPTBot/1.3; +https://openai.com/gptbot)" 39 **0/39156**
74.7.227.26 - - [04/Mar/2026:05:17:42 -0700] "GET /?path=//proc/3452215/cwd/usr/lib/.build-id/d5 HTTP/2.0" 200 2352 "https://icdp.co.in/?path=//proc/3452215/cwd/usr/lib/.build-id" "Mozilla/5.0 AppleWebKit/537.36 (KHTML, like Gecko; compatible; GPTBot/1.3; +https://openai.com/gptbot)" 39 **0/39505**
74.7.227.26 - - [04/Mar/2026:05:17:43 -0700] "GET /?path=//proc/3539060/cwd/lib/.build-id/4c HTTP/2.0" 200 2343 "https://icdp.co.in/?path=//proc/3539060/cwd/lib/.build-id" "Mozilla/5.0 AppleWebKit/537.36 (KHTML, like Gecko; compatible; GPTBot/1.3; +https://openai.com/gptbot)" 48 **0/48822**
144.76.32.236 - - [04/Mar/2026:05:17:43 -0700] "GET /beste-online-casino-paslat-net-2024-norge-dans-for-nye-med-topprangerte-booi-registreringsbonus-norske-casinoer/ HTTP/1.1" 200 5663 "-" "Mozilla/5.0 (compatible; SERankingBacklinksBot/1.0; +https://seranking.com/backlinks-crawler)" 52 **0/52627**
74.7.227.26 - - [04/Mar/2026:05:17:43 -0700] "GET /?path=//proc/3538915/cwd/usr/lib/.build-id/5d HTTP/2.0" 200 2352 "https://icdp.co.in/?path=//proc/3538915/cwd/usr/lib/.build-id" "Mozilla/5.0 AppleWebKit/537.36 (KHTML, like Gecko; compatible; GPTBot/1.3; +https://openai.com/gptbot)" 43 **0/43364**
74.7.227.26 - - [04/Mar/2026:05:17:44 -0700] "GET /?path=//proc/3452243/cwd/lib/.build-id/7b HTTP/2.0" 200 2343 "https://icdp.co.in/?path=//proc/3452243/cwd/lib/.build-id" "Mozilla/5.0 AppleWebKit/537.36 (KHTML, like Gecko; compatible; GPTBot/1.3; +https://openai.com/gptbot)" 45 **0/45381**
74.7.227.26 - - [04/Mar/2026:05:17:45 -0700] "GET /?path=//proc/3453136/cwd/lib/.build-id/6e HTTP/2.0" 200 2342 "https://icdp.co.in/?path=//proc/3453136/cwd/lib/.build-id" "Mozilla/5.0 AppleWebKit/537.36 (KHTML, like Gecko; compatible; GPTBot/1.3; +https://openai.com/gptbot)" 44 **0/44218**
74.7.227.26 - - [04/Mar/2026:05:17:45 -0700] "GET /?path=//proc/3453136/cwd/lib/.build-id/0c HTTP/2.0" 200 2343 "https://icdp.co.in/?path=//proc/3453136/cwd/lib/.build-id" "Mozilla/5.0 AppleWebKit/537.36 (KHTML, like Gecko; compatible; GPTBot/1.3; +https://openai.com/gptbot)" 42 **0/42577**
74.7.227.26 - - [04/Mar/2026:05:17:46 -0700] "GET /?path=//proc/3538915/cwd/usr/lib/.build-id/3b HTTP/2.0" 200 2352 "https://icdp.co.in/?path=//proc/3538915/cwd/usr/lib/.build-id" "Mozilla/5.0 AppleWebKit/537.36 (KHTML, like Gecko; compatible; GPTBot/1.3; +https://openai.com/gptbot)" 48 **0/48212**
74.7.227.26 - - [04/Mar/2026:05:17:46 -0700] "GET /?path=//proc/3539060/cwd/usr/lib/.build-id/5b HTTP/2.0" 200 2353 "https://icdp.co.in/?path=//proc/3539060/cwd/usr/lib/.build-id" "Mozilla/5.0 AppleWebKit/537.36 (KHTML, like Gecko; compatible; GPTBot/1.3; +https://openai.com/gptbot)" 47 **0/47411**
74.7.227.26 - - [04/Mar/2026:05:17:47 -0700] "GET /?path=//proc/3453136/cwd/lib/.build-id/2d HTTP/2.0" 200 2342 "https://icdp.co.in/?path=//proc/3453136/cwd/lib/.build-id" "Mozilla/5.0 AppleWebKit/537.36 (KHTML, like Gecko; compatible; GPTBot/1.3; +https://openai.com/gptbot)" 47 **0/47817**
74.7.227.26 - - [04/Mar/2026:05:17:47 -0700] "GET /?path=//proc/3539060/cwd/lib/.build-id/f0 HTTP/2.0" 200 2343 "https://icdp.co.in/?path=//proc/3539060/cwd/lib/.build-id" "Mozilla/5.0 AppleWebKit/537.36 (KHTML, like Gecko; compatible; GPTBot/1.3; +https://openai.com/gptbot)" 44 **0/44372**
74.7.227.26 - - [04/Mar/2026:05:17:48 -0700] "GET /?path=//proc/3485806/cwd/lib/.build-id/c4 HTTP/2.0" 200 2343 "https://icdp.co.in/?path=//proc/3485806/cwd/lib/.build-id" "Mozilla/5.0 AppleWebKit/537.36 (KHTML, like Gecko; compatible; GPTBot/1.3; +https://openai.com/gptbot)" 43 **0/43209**
74.7.227.26 - - [04/Mar/2026:05:17:48 -0700] "GET /?path=//proc/3539060/cwd/lib/.build-id/d4 HTTP/2.0" 200 2343 "https://icdp.co.in/?path=//proc/3539060/cwd/lib/.build-id" "Mozilla/5.0 AppleWebKit/537.36 (KHTML, like Gecko; compatible; GPTBot/1.3; +https://openai.com/gptbot)" 64 **0/64299**
74.7.227.26 - - [04/Mar/2026:05:17:49 -0700] "GET /?path=//proc/3458776/cwd/lib/.build-id/7d HTTP/2.0" 200 2342 "https://icdp.co.in/?path=//proc/3458776/cwd/lib/.build-id" "Mozilla/5.0 AppleWebKit/537.36 (KHTML, like Gecko; compatible; GPTBot/1.3; +https://openai.com/gptbot)" 38 **0/38062**
74.7.227.26 - - [04/Mar/2026:05:17:49 -0700] "GET /?path=//proc/3452243/cwd/lib/.build-id/a9 HTTP/2.0" 200 2343 "https://icdp.co.in/?path=//proc/3452243/cwd/lib/.build-id" "Mozilla/5.0 AppleWebKit/537.36 (KHTML, like Gecko; compatible; GPTBot/1.3; +https://openai.com/gptbot)" 38 **0/38548**
74.7.227.26 - - [04/Mar/2026:05:17:50 -0700] "GET /?path=//proc/3452215/cwd/lib/.build-id/b3 HTTP/2.0" 200 2343 "https://icdp.co.in/?path=//proc/3452215/cwd/lib/.build-id" "Mozilla/5.0 AppleWebKit/537.36 (KHTML, like Gecko; compatible; GPTBot/1.3; +https://openai.com/gptbot)" 52 **0/52137**
74.7.227.26 - - [04/Mar/2026:05:17:50 -0700] "GET /?path=//proc/3452243/cwd/lib/.build-id/c1 HTTP/2.0" 200 2343 "https://icdp.co.in/?path=//proc/3452243/cwd/lib/.build-id" "Mozilla/5.0 AppleWebKit/537.36 (KHTML, like Gecko; compatible; GPTBot/1.3; +https://openai.com/gptbot)" 36 **0/36191**
74.7.227.26 - - [04/Mar/2026:05:17:51 -0700] "GET /?path=//proc/3538463/cwd/lib/.build-id/5f HTTP/2.0" 200 2343 "https://icdp.co.in/?path=//proc/3538463/cwd/lib/.build-id" "Mozilla/5.0 AppleWebKit/537.36 (KHTML, like Gecko; compatible; GPTBot/1.3; +https://openai.com/gptbot)" 43 **0/43700**
74.7.227.26 - - [04/Mar/2026:05:17:51 -0700] "GET /?path=//proc/3539060/cwd/lib/.build-id/2b HTTP/2.0" 200 2343 "https://icdp.co.in/?path=//proc/3539060/cwd/lib/.build-id" "Mozilla/5.0 AppleWebKit/537.36 (KHTML, like Gecko; compatible; GPTBot/1.3; +https://openai.com/gptbot)" 40 **0/40517**
74.7.227.26 - - [04/Mar/2026:05:17:52 -0700] "GET /?path=//proc/3539060/cwd/lib/.build-id/2d HTTP/2.0" 200 2342 "https://icdp.co.in/?path=//proc/3539060/cwd/lib/.build-id" "Mozilla/5.0 AppleWebKit/537.36 (KHTML, like Gecko; compatible; GPTBot/1.3; +https://openai.com/gptbot)" 44 **0/44741**
74.7.227.26 - - [04/Mar/2026:05:17:53 -0700] "GET /?path=//proc/3539060/cwd/usr/lib/.build-id/c6 HTTP/2.0" 200 2354 "https://icdp.co.in/?path=//proc/3539060/cwd/usr/lib/.build-id" "Mozilla/5.0 AppleWebKit/537.36 (KHTML, like Gecko; compatible; GPTBot/1.3; +https://openai.com/gptbot)" 43 **0/43774**
74.7.227.26 - - [04/Mar/2026:05:17:53 -0700] "GET /?path=//proc/3538463/cwd/usr/lib/.build-id/6d HTTP/2.0" 200 2352 "https://icdp.co.in/?path=//proc/3538463/cwd/usr/lib/.build-id" "Mozilla/5.0 AppleWebKit/537.36 (KHTML, like Gecko; compatible; GPTBot/1.3; +https://openai.com/gptbot)" 41 **0/41698**
74.7.227.26 - - [04/Mar/2026:05:17:54 -0700] "GET /?path=//proc/3453014/cwd/lib/.build-id/f4 HTTP/2.0" 200 2343 "https://icdp.co.in/?path=//proc/3453014/cwd/lib/.build-id" "Mozilla/5.0 AppleWebKit/537.36 (KHTML, like Gecko; compatible; GPTBot/1.3; +https://openai.com/gptbot)" 45 **0/45169**
144.76.32.236 - - [04/Mar/2026:05:17:54 -0700] "GET /orlando-florida-is-known-for-their-theme-parks-sunny-environment-and-you-will-family-members-amicable-web-sites/ HTTP/1.1" 200 5663 "-" "Mozilla/5.0 (compatible; SERankingBacklinksBot/1.0; +https://seranking.com/backlinks-crawler)" 39 **0/39213**
74.7.227.26 - - [04/Mar/2026:05:17:54 -0700] "GET /?path=//proc/3453014/cwd/lib/.build-id/d2 HTTP/2.0" 200 2343 "https://icdp.co.in/?path=//proc/3453014/cwd/lib/.build-id" "Mozilla/5.0 AppleWebKit/537.36 (KHTML, like Gecko; compatible; GPTBot/1.3; +https://openai.com/gptbot)" 41 **0/41682**
17.22.237.103 - - [04/Mar/2026:05:17:54 -0700] "GET /eight-finest-slot-machines-to-try-out-during-the-movie-industry-casino/ HTTP/1.1" 200 5663 "-" "Mozilla/5.0 (Macintosh; Intel Mac OS X 10_15_7) AppleWebKit/605.1.15 (KHTML, like Gecko) Version/17.4 Safari/605.1.15 (Applebot/0.1; +http://www.apple.com/go/applebot)" 42 **0/42992**
74.7.227.26 - - [04/Mar/2026:05:17:55 -0700] "GET /?path=//proc/3538915/cwd/usr/lib/.build-id/c9 HTTP/2.0" 200 2353 "https://icdp.co.in/?path=//proc/3538915/cwd/usr/lib/.build-id" "Mozilla/5.0 AppleWebKit/537.36 (KHTML, like Gecko; compatible; GPTBot/1.3; +https://openai.com/gptbot)" 43 **0/43646**
74.7.227.26 - - [04/Mar/2026:05:17:55 -0700] "GET /?path=//proc/3452243/cwd/lib/.build-id/e2 HTTP/2.0" 200 2343 "https://icdp.co.in/?path=//proc/3452243/cwd/lib/.build-id" "Mozilla/5.0 AppleWebKit/537.36 (KHTML, like Gecko; compatible; GPTBot/1.3; +https://openai.com/gptbot)" 40 **0/40132**
74.7.227.26 - - [04/Mar/2026:05:17:56 -0700] "GET /?path=//proc/3453014/cwd/usr/lib/.build-id/3a HTTP/2.0" 200 2354 "https://icdp.co.in/?path=//proc/3453014/cwd/usr/lib/.build-id" "Mozilla/5.0 AppleWebKit/537.36 (KHTML, like Gecko; compatible; GPTBot/1.3; +https://openai.com/gptbot)" 47 **0/47230**
74.7.227.26 - - [04/Mar/2026:05:17:56 -0700] "GET /?path=//proc/3538463/cwd/lib/.build-id/a0 HTTP/2.0" 200 2343 "https://icdp.co.in/?path=//proc/3538463/cwd/lib/.build-id" "Mozilla/5.0 AppleWebKit/537.36 (KHTML, like Gecko; compatible; GPTBot/1.3; +https://openai.com/gptbot)" 38 **0/38208**
74.7.227.26 - - [04/Mar/2026:05:17:57 -0700] "GET /?path=//proc/3538915/cwd/lib/.build-id/8c HTTP/2.0" 200 2343 "https://icdp.co.in/?path=//proc/3538915/cwd/lib/.build-id" "Mozilla/5.0 AppleWebKit/537.36 (KHTML, like Gecko; compatible; GPTBot/1.3; +https://openai.com/gptbot)" 39 **0/39967**
74.7.227.26 - - [04/Mar/2026:05:17:57 -0700] "GET /?path=//proc/3452215/cwd/lib/.build-id/5a HTTP/2.0" 200 2343 "https://icdp.co.in/?path=//proc/3452215/cwd/lib/.build-id" "Mozilla/5.0 AppleWebKit/537.36 (KHTML, like Gecko; compatible; GPTBot/1.3; +https://openai.com/gptbot)" 38 **0/38992**
74.7.227.26 - - [04/Mar/2026:05:17:58 -0700] "GET /?path=//proc/3452243/cwd/lib/.build-id/b1 HTTP/2.0" 200 2343 "https://icdp.co.in/?path=//proc/3452243/cwd/lib/.build-id" "Mozilla/5.0 AppleWebKit/537.36 (KHTML, like Gecko; compatible; GPTBot/1.3; +https://openai.com/gptbot)" 42 **0/42787**
74.7.227.26 - - [04/Mar/2026:05:17:58 -0700] "GET /?path=//proc/3539060/cwd/lib/.build-id/b1 HTTP/2.0" 200 2343 "https://icdp.co.in/?path=//proc/3539060/cwd/lib/.build-id" "Mozilla/5.0 AppleWebKit/537.36 (KHTML, like Gecko; compatible; GPTBot/1.3; +https://openai.com/gptbot)" 42 **0/42022**
74.7.227.26 - - [04/Mar/2026:05:17:59 -0700] "GET /?path=//proc/3539060/cwd/lib/.build-id/d8 HTTP/2.0" 200 2343 "https://icdp.co.in/?path=//proc/3539060/cwd/lib/.build-id" "Mozilla/5.0 AppleWebKit/537.36 (KHTML, like Gecko; compatible; GPTBot/1.3; +https://openai.com/gptbot)" 51 **0/51500**
74.7.227.26 - - [04/Mar/2026:05:17:59 -0700] "GET /?path=//proc/3564199/cwd/lib/.build-id/4c HTTP/2.0" 200 2343 "https://icdp.co.in/?path=//proc/3564199/cwd/lib/.build-id" "Mozilla/5.0 AppleWebKit/537.36 (KHTML, like Gecko; compatible; GPTBot/1.3; +https://openai.com/gptbot)" 53 **0/53671**
74.7.227.26 - - [04/Mar/2026:05:18:00 -0700] "GET /?path=//proc/3452215/cwd/usr/lib/.build-id/3c HTTP/2.0" 200 2352 "https://icdp.co.in/?path=//proc/3452215/cwd/usr/lib/.build-id" "Mozilla/5.0 AppleWebKit/537.36 (KHTML, like Gecko; compatible; GPTBot/1.3; +https://openai.com/gptbot)" 56 **0/56625**
74.7.227.26 - - [04/Mar/2026:05:18:00 -0700] "GET /?path=//proc/3452215/cwd/usr/lib/.build-id/5b HTTP/2.0" 200 2353 "https://icdp.co.in/?path=//proc/3452215/cwd/usr/lib/.build-id" "Mozilla/5.0 AppleWebKit/537.36 (KHTML, like Gecko; compatible; GPTBot/1.3; +https://openai.com/gptbot)" 50 **0/50671**
144.76.32.236 - - [04/Mar/2026:05:18:00 -0700] "GET /betfair-local-casino-no-deposit-free-revolves-january-star-trek-casino-2026-claim-one-hundred-totally-free-spins/ HTTP/1.1" 200 5663 "-" "Mozilla/5.0 (compatible; SERankingBacklinksBot/1.0; +https://seranking.com/backlinks-crawler)" 46 **0/46126**
74.7.227.26 - - [04/Mar/2026:05:18:01 -0700] "GET /?path=//proc/3485806/cwd/lib/.build-id/b5 HTTP/2.0" 200 2343 "https://icdp.co.in/?path=//proc/3485806/cwd/lib/.build-id" "Mozilla/5.0 AppleWebKit/537.36 (KHTML, like Gecko; compatible; GPTBot/1.3; +https://openai.com/gptbot)" 49 **0/49539**
74.7.227.26 - - [04/Mar/2026:05:18:01 -0700] "GET /?path=//proc/3538915/cwd/lib/.build-id/c2 HTTP/2.0" 200 2343 "https://icdp.co.in/?path=//proc/3538915/cwd/lib/.build-id" "Mozilla/5.0 AppleWebKit/537.36 (KHTML, like Gecko; compatible; GPTBot/1.3; +https://openai.com/gptbot)" 62 **0/62860**
74.7.227.26 - - [04/Mar/2026:05:18:02 -0700] "GET /?path=//proc/3452243/cwd/lib/.build-id/0d HTTP/2.0" 200 2342 "https://icdp.co.in/?path=//proc/3452243/cwd/lib/.build-id" "Mozilla/5.0 AppleWebKit/537.36 (KHTML, like Gecko; compatible; GPTBot/1.3; +https://openai.com/gptbot)" 75 **0/75821**
74.7.227.26 - - [04/Mar/2026:05:18:02 -0700] "GET /?path=//proc/3453014/cwd/lib/.build-id/5c HTTP/2.0" 200 2343 "https://icdp.co.in/?path=//proc/3453014/cwd/lib/.build-id" "Mozilla/5.0 AppleWebKit/537.36 (KHTML, like Gecko; compatible; GPTBot/1.3; +https://openai.com/gptbot)" 54 **0/54704**
74.7.227.26 - - [04/Mar/2026:05:18:03 -0700] "GET /?path=//proc/3564199/cwd/lib/.build-id/c5 HTTP/2.0" 200 2344 "https://icdp.co.in/?path=//proc/3564199/cwd/lib/.build-id" "Mozilla/5.0 AppleWebKit/537.36 (KHTML, like Gecko; compatible; GPTBot/1.3; +https://openai.com/gptbot)" 53 **0/53087**
74.7.227.26 - - [04/Mar/2026:05:18:03 -0700] "GET /?path=//proc/3452215/cwd/lib/.build-id/8c HTTP/2.0" 200 2343 "https://icdp.co.in/?path=//proc/3452215/cwd/lib/.build-id" "Mozilla/5.0 AppleWebKit/537.36 (KHTML, like Gecko; compatible; GPTBot/1.3; +https://openai.com/gptbot)" 41 **0/41477**
74.7.227.26 - - [04/Mar/2026:05:18:04 -0700] "GET /?path=//proc/3453014/cwd/lib/.build-id/3f HTTP/2.0" 200 2343 "https://icdp.co.in/?path=//proc/3453014/cwd/lib/.build-id" "Mozilla/5.0 AppleWebKit/537.36 (KHTML, like Gecko; compatible; GPTBot/1.3; +https://openai.com/gptbot)" 51 **0/51424**
74.7.227.26 - - [04/Mar/2026:05:18:05 -0700] "GET /?path=//proc/3538915/cwd/lib/.build-id/c4 HTTP/2.0" 200 2343 "https://icdp.co.in/?path=//proc/3538915/cwd/lib/.build-id" "Mozilla/5.0 AppleWebKit/537.36 (KHTML, like Gecko; compatible; GPTBot/1.3; +https://openai.com/gptbot)" 52 **0/52787**
74.7.227.26 - - [04/Mar/2026:05:18:05 -0700] "GET /?path=//proc/3538463/cwd/lib/.build-id/d2 HTTP/2.0" 200 2343 "https://icdp.co.in/?path=//proc/3538463/cwd/lib/.build-id" "Mozilla/5.0 AppleWebKit/537.36 (KHTML, like Gecko; compatible; GPTBot/1.3; +https://openai.com/gptbot)" 40 **0/40255**
47.128.120.175 - - [04/Mar/2026:05:18:05 -0700] "GET /vierklee-wetten-registrieren/?fileloc=%2F%2Fbin%2Fmariadb-access&path=%2F%2Fbin HTTP/2.0" 200 27300 "-" "Mozilla/5.0 (Linux; Android 5.0) AppleWebKit/537.36 (KHTML, like Gecko) Mobile Safari/537.36 (compatible; TikTokSpider; ttspider-feedback@tiktok.com)" 51 **0/51914**
74.7.227.26 - - [04/Mar/2026:05:18:06 -0700] "GET /?path=//proc/3458776/cwd/lib/.build-id/4b HTTP/2.0" 200 2343 "https://icdp.co.in/?path=//proc/3458776/cwd/lib/.build-id" "Mozilla/5.0 AppleWebKit/537.36 (KHTML, like Gecko; compatible; GPTBot/1.3; +https://openai.com/gptbot)" 42 **0/42557**
74.7.227.26 - - [04/Mar/2026:05:18:06 -0700] "GET /?path=//proc/3453014/cwd/lib/.build-id/0c HTTP/2.0" 200 2342 "https://icdp.co.in/?path=//proc/3453014/cwd/lib/.build-id" "Mozilla/5.0 AppleWebKit/537.36 (KHTML, like Gecko; compatible; GPTBot/1.3; +https://openai.com/gptbot)" 39 **0/39295**
74.7.227.26 - - [04/Mar/2026:05:18:07 -0700] "GET /?path=//proc/3453014/cwd/lib/.build-id/a1 HTTP/2.0" 200 2343 "https://icdp.co.in/?path=//proc/3453014/cwd/lib/.build-id" "Mozilla/5.0 AppleWebKit/537.36 (KHTML, like Gecko; compatible; GPTBot/1.3; +https://openai.com/gptbot)" 47 **0/47516**
74.7.227.26 - - [04/Mar/2026:05:18:07 -0700] "GET /?path=//proc/3453014/cwd/lib/.build-id/b7 HTTP/2.0" 200 2343 "https://icdp.co.in/?path=//proc/3453014/cwd/lib/.build-id" "Mozilla/5.0 AppleWebKit/537.36 (KHTML, like Gecko; compatible; GPTBot/1.3; +https://openai.com/gptbot)" 43 **0/43530**
74.7.227.26 - - [04/Mar/2026:05:18:08 -0700] "GET /?path=//proc/3564199/cwd/lib/.build-id/b4 HTTP/2.0" 200 2343 "https://icdp.co.in/?path=//proc/3564199/cwd/lib/.build-id" "Mozilla/5.0 AppleWebKit/537.36 (KHTML, like Gecko; compatible; GPTBot/1.3; +https://openai.com/gptbot)" 41 **0/41055**
77.83.68.109 - - [04/Mar/2026:05:18:07 -0700] "GET /betnacional-app-download-926/?fileloc=%2F%2Fusr%2Flibexec%2Fgit-core%2Fgit-pack-objects&path=%2F%2Fusr%2Flibexec%2Fgit-core HTTP/2.0" 200 1603098 "https://www.google.com/" "Mozilla/5.0 (Windows NT 10.0; Win64; x64) AppleWebKit/537.36 (KHTML, like Gecko) Chrome/145.0.0.0 Safari/537.36" 654 **0/654720**
74.7.227.26 - - [04/Mar/2026:05:18:08 -0700] "GET /?path=//proc/3453014/cwd/lib/.build-id/d0 HTTP/2.0" 200 2343 "https://icdp.co.in/?path=//proc/3453014/cwd/lib/.build-id" "Mozilla/5.0 AppleWebKit/537.36 (KHTML, like Gecko; compatible; GPTBot/1.3; +https://openai.com/gptbot)" 40 **0/40747**
74.7.227.26 - - [04/Mar/2026:05:18:09 -0700] "GET /?path=//proc/3538463/cwd/lib/.build-id/7d HTTP/2.0" 200 2343 "https://icdp.co.in/?path=//proc/3538463/cwd/lib/.build-id" "Mozilla/5.0 AppleWebKit/537.36 (KHTML, like Gecko; compatible; GPTBot/1.3; +https://openai.com/gptbot)" 42 **0/42311**
74.7.227.26 - - [04/Mar/2026:05:18:09 -0700] "GET /?path=//proc/3539060/cwd/lib/.build-id/0a HTTP/2.0" 200 2343 "https://icdp.co.in/?path=//proc/3539060/cwd/lib/.build-id" "Mozilla/5.0 AppleWebKit/537.36 (KHTML, like Gecko; compatible; GPTBot/1.3; +https://openai.com/gptbot)" 40 **0/40120**
74.7.227.26 - - [04/Mar/2026:05:18:10 -0700] "GET /?path=//proc/3539060/cwd/usr/lib/.build-id/9b HTTP/2.0" 200 2354 "https://icdp.co.in/?path=//proc/3539060/cwd/usr/lib/.build-id" "Mozilla/5.0 AppleWebKit/537.36 (KHTML, like Gecko; compatible; GPTBot/1.3; +https://openai.com/gptbot)" 51 **0/51125**
74.7.227.26 - - [04/Mar/2026:05:18:10 -0700] "GET /?path=//proc/3452215/cwd/lib/.build-id/5e HTTP/2.0" 200 2343 "https://icdp.co.in/?path=//proc/3452215/cwd/lib/.build-id" "Mozilla/5.0 AppleWebKit/537.36 (KHTML, like Gecko; compatible; GPTBot/1.3; +https://openai.com/gptbot)" 43 **0/43623**
74.7.227.26 - - [04/Mar/2026:05:18:11 -0700] "GET /?path=//proc/3538462/cwd/lib/.build-id/6b HTTP/2.0" 200 2342 "https://icdp.co.in/?path=//proc/3538462/cwd/lib/.build-id" "Mozilla/5.0 AppleWebKit/537.36 (KHTML, like Gecko; compatible; GPTBot/1.3; +https://openai.com/gptbot)" 46 **0/46528**
57.141.2.34 - - [04/Mar/2026:05:18:11 -0700] "GET /boomerang-gambling-enterprise-no-deposit-extra-deadworld-online-slot-requirements-free-forest-soul-phone-call-of-the-nuts-jackpot-position-spins-2026-australian-continent-keller-williams/feed/ HTTP/2.0" 200 127968 "-" "meta-externalagent/1.1 (+https://developers.facebook.com/docs/sharing/webmasters/crawler)" 42 **0/42476**
74.7.227.26 - - [04/Mar/2026:05:18:11 -0700] "GET /?path=//proc/3453014/cwd/lib/.build-id/d5 HTTP/2.0" 200 2343 "https://icdp.co.in/?path=//proc/3453014/cwd/lib/.build-id" "Mozilla/5.0 AppleWebKit/537.36 (KHTML, like Gecko; compatible; GPTBot/1.3; +https://openai.com/gptbot)" 53 **0/53234**
74.7.227.26 - - [04/Mar/2026:05:18:12 -0700] "GET /?path=//proc/3458776/cwd/lib/.build-id/3b HTTP/2.0" 200 2343 "https://icdp.co.in/?path=//proc/3458776/cwd/lib/.build-id" "Mozilla/5.0 AppleWebKit/537.36 (KHTML, like Gecko; compatible; GPTBot/1.3; +https://openai.com/gptbot)" 52 **0/52214**
74.7.227.26 - - [04/Mar/2026:05:18:12 -0700] "GET /?path=//proc/3453014/cwd/lib/.build-id/d6 HTTP/2.0" 200 2343 "https://icdp.co.in/?path=//proc/3453014/cwd/lib/.build-id" "Mozilla/5.0 AppleWebKit/537.36 (KHTML, like Gecko; compatible; GPTBot/1.3; +https://openai.com/gptbot)" 50 **0/50512**
74.7.227.26 - - [04/Mar/2026:05:18:13 -0700] "GET /?path=//proc/3453014/cwd/usr/lib/.build-id/d5 HTTP/2.0" 200 2353 "https://icdp.co.in/?path=//proc/3453014/cwd/usr/lib/.build-id" "Mozilla/5.0 AppleWebKit/537.36 (KHTML, like Gecko; compatible; GPTBot/1.3; +https://openai.com/gptbot)" 47 **0/47115**
74.7.227.26 - - [04/Mar/2026:05:18:13 -0700] "GET /?path=//proc/3453136/cwd/lib/.build-id/d7 HTTP/2.0" 200 2343 "https://icdp.co.in/?path=//proc/3453136/cwd/lib/.build-id" "Mozilla/5.0 AppleWebKit/537.36 (KHTML, like Gecko; compatible; GPTBot/1.3; +https://openai.com/gptbot)" 45 **0/45297**
74.7.227.26 - - [04/Mar/2026:05:18:14 -0700] "GET /?path=//proc/3452215/cwd/lib/.build-id/f5 HTTP/2.0" 200 2343 "https://icdp.co.in/?path=//proc/3452215/cwd/lib/.build-id" "Mozilla/5.0 AppleWebKit/537.36 (KHTML, like Gecko; compatible; GPTBot/1.3; +https://openai.com/gptbot)" 40 **0/40268**
144.76.32.236 - - [04/Mar/2026:05:18:14 -0700] "GET /participar-ruby-fortune-reglas-sobre-retiro-de-rebaja-del-casino-majestic-forest-sin-cargo-salme-sewing-patterns/ HTTP/1.1" 200 5663 "-" "Mozilla/5.0 (compatible; SERankingBacklinksBot/1.0; +https://seranking.com/backlinks-crawler)" 72 **0/72782**
74.7.227.26 - - [04/Mar/2026:05:18:15 -0700] "GET /?path=//proc/3538462/cwd/lib/.build-id/3a HTTP/2.0" 200 2343 "https://icdp.co.in/?path=//proc/3538462/cwd/lib/.build-id" "Mozilla/5.0 AppleWebKit/537.36 (KHTML, like Gecko; compatible; GPTBot/1.3; +https://openai.com/gptbot)" 40 **0/40144**
74.7.227.26 - - [04/Mar/2026:05:18:15 -0700] "GET /?path=//proc/3458776/cwd/lib/.build-id/4c HTTP/2.0" 200 2343 "https://icdp.co.in/?path=//proc/3458776/cwd/lib/.build-id" "Mozilla/5.0 AppleWebKit/537.36 (KHTML, like Gecko; compatible; GPTBot/1.3; +https://openai.com/gptbot)" 42 **0/42516**
74.7.227.26 - - [04/Mar/2026:05:18:16 -0700] "GET /?path=//proc/3538915/cwd/lib/.build-id/c7 HTTP/2.0" 200 2344 "https://icdp.co.in/?path=//proc/3538915/cwd/lib/.build-id" "Mozilla/5.0 AppleWebKit/537.36 (KHTML, like Gecko; compatible; GPTBot/1.3; +https://openai.com/gptbot)" 43 **0/43903**
74.7.227.26 - - [04/Mar/2026:05:18:16 -0700] "GET /?path=//proc/3539060/cwd/lib/.build-id/5c HTTP/2.0" 200 2343 "https://icdp.co.in/?path=//proc/3539060/cwd/lib/.build-id" "Mozilla/5.0 AppleWebKit/537.36 (KHTML, like Gecko; compatible; GPTBot/1.3; +https://openai.com/gptbot)" 45 **0/45678**
74.7.227.26 - - [04/Mar/2026:05:18:17 -0700] "GET /?path=//proc/3538463/cwd/lib/.build-id/a1 HTTP/2.0" 200 2343 "https://icdp.co.in/?path=//proc/3538463/cwd/lib/.build-id" "Mozilla/5.0 AppleWebKit/537.36 (KHTML, like Gecko; compatible; GPTBot/1.3; +https://openai.com/gptbot)" 47 **0/47046**
74.7.227.26 - - [04/Mar/2026:05:18:17 -0700] "GET /?path=//proc/3539060/cwd/usr/lib/.build-id/3b HTTP/2.0" 200 2353 "https://icdp.co.in/?path=//proc/3539060/cwd/usr/lib/.build-id" "Mozilla/5.0 AppleWebKit/537.36 (KHTML, like Gecko; compatible; GPTBot/1.3; +https://openai.com/gptbot)" 49 **0/49324**
74.7.227.26 - - [04/Mar/2026:05:18:18 -0700] "GET /?path=//proc/3538463/cwd/lib/.build-id/2c HTTP/2.0" 200 2343 "https://icdp.co.in/?path=//proc/3538463/cwd/lib/.build-id" "Mozilla/5.0 AppleWebKit/537.36 (KHTML, like Gecko; compatible; GPTBot/1.3; +https://openai.com/gptbot)" 47 **0/47576**
74.7.227.26 - - [04/Mar/2026:05:18:18 -0700] "GET /?path=//proc/3538463/cwd/lib/.build-id/a5 HTTP/2.0" 200 2343 "https://icdp.co.in/?path=//proc/3538463/cwd/lib/.build-id" "Mozilla/5.0 AppleWebKit/537.36 (KHTML, like Gecko; compatible; GPTBot/1.3; +https://openai.com/gptbot)" 44 **0/44594**
74.7.227.26 - - [04/Mar/2026:05:18:19 -0700] "GET /?path=//proc/3538463/cwd/lib/.build-id/b1 HTTP/2.0" 200 2343 "https://icdp.co.in/?path=//proc/3538463/cwd/lib/.build-id" "Mozilla/5.0 AppleWebKit/537.36 (KHTML, like Gecko; compatible; GPTBot/1.3; +https://openai.com/gptbot)" 39 **0/39884**
74.7.227.26 - - [04/Mar/2026:05:18:19 -0700] "GET /?path=//proc/3485806/cwd/lib/.build-id/d4 HTTP/2.0" 200 2343 "https://icdp.co.in/?path=//proc/3485806/cwd/lib/.build-id" "Mozilla/5.0 AppleWebKit/537.36 (KHTML, like Gecko; compatible; GPTBot/1.3; +https://openai.com/gptbot)" 48 **0/48531**
74.7.227.26 - - [04/Mar/2026:05:18:20 -0700] "GET /?path=//proc/3452243/cwd/lib/.build-id/c8 HTTP/2.0" 200 2343 "https://icdp.co.in/?path=//proc/3452243/cwd/lib/.build-id" "Mozilla/5.0 AppleWebKit/537.36 (KHTML, like Gecko; compatible; GPTBot/1.3; +https://openai.com/gptbot)" 40 **0/40811**
74.7.227.26 - - [04/Mar/2026:05:18:20 -0700] "GET /?path=//proc/3538463/cwd/lib/.build-id/2b HTTP/2.0" 200 2342 "https://icdp.co.in/?path=//proc/3538463/cwd/lib/.build-id" "Mozilla/5.0 AppleWebKit/537.36 (KHTML, like Gecko; compatible; GPTBot/1.3; +https://openai.com/gptbot)" 40 **0/40651**
74.7.227.26 - - [04/Mar/2026:05:18:21 -0700] "GET /?path=//proc/3452215/cwd/lib/.build-id/d9 HTTP/2.0" 200 2343 "https://icdp.co.in/?path=//proc/3452215/cwd/lib/.build-id" "Mozilla/5.0 AppleWebKit/537.36 (KHTML, like Gecko; compatible; GPTBot/1.3; +https://openai.com/gptbot)" 48 **0/48111**
144.76.32.236 - - [04/Mar/2026:05:18:21 -0700] "GET /en-extase-devant-tournette-de-blackjack-pour-mecanisme-sur-dessous-avec-video-officielle-tentative-et-avec-craps/ HTTP/1.1" 200 5663 "-" "Mozilla/5.0 (compatible; SERankingBacklinksBot/1.0; +https://seranking.com/backlinks-crawler)" 54 **0/54500**
74.7.227.26 - - [04/Mar/2026:05:18:21 -0700] "GET /?path=//proc/3452215/cwd/lib/.build-id/4d HTTP/2.0" 200 2342 "https://icdp.co.in/?path=//proc/3452215/cwd/lib/.build-id" "Mozilla/5.0 AppleWebKit/537.36 (KHTML, like Gecko; compatible; GPTBot/1.3; +https://openai.com/gptbot)" 49 **0/49429**
74.7.227.26 - - [04/Mar/2026:05:18:22 -0700] "GET /?path=//proc/3452215/cwd/lib/.build-id/c4 HTTP/2.0" 200 2343 "https://icdp.co.in/?path=//proc/3452215/cwd/lib/.build-id" "Mozilla/5.0 AppleWebKit/537.36 (KHTML, like Gecko; compatible; GPTBot/1.3; +https://openai.com/gptbot)" 45 **0/45785**
74.7.227.26 - - [04/Mar/2026:05:18:22 -0700] "GET /?path=//proc/3538462/cwd/lib/.build-id/a3 HTTP/2.0" 200 2343 "https://icdp.co.in/?path=//proc/3538462/cwd/lib/.build-id" "Mozilla/5.0 AppleWebKit/537.36 (KHTML, like Gecko; compatible; GPTBot/1.3; +https://openai.com/gptbot)" 44 **0/44463**
74.7.227.26 - - [04/Mar/2026:05:18:23 -0700] "GET /?path=//proc/3539060/cwd/lib/.build-id/b6 HTTP/2.0" 200 2343 "https://icdp.co.in/?path=//proc/3539060/cwd/lib/.build-id" "Mozilla/5.0 AppleWebKit/537.36 (KHTML, like Gecko; compatible; GPTBot/1.3; +https://openai.com/gptbot)" 40 **0/40293**
74.7.227.26 - - [04/Mar/2026:05:18:23 -0700] "GET /?path=//proc/3452243/cwd/lib/.build-id/a1 HTTP/2.0" 200 2343 "https://icdp.co.in/?path=//proc/3452243/cwd/lib/.build-id" "Mozilla/5.0 AppleWebKit/537.36 (KHTML, like Gecko; compatible; GPTBot/1.3; +https://openai.com/gptbot)" 44 **0/44598**
74.7.227.26 - - [04/Mar/2026:05:18:24 -0700] "GET /?path=//proc/3564199/cwd/lib/.build-id/d3 HTTP/2.0" 200 2343 "https://icdp.co.in/?path=//proc/3564199/cwd/lib/.build-id" "Mozilla/5.0 AppleWebKit/537.36 (KHTML, like Gecko; compatible; GPTBot/1.3; +https://openai.com/gptbot)" 38 **0/38031**
144.76.32.236 - - [04/Mar/2026:05:18:24 -0700] "GET /10-ecu-einzahlen-und-genies-touch-kasino-durchlauf-uber-bonus-vorsprechen-cong-ty-co-phan-cong-nghe-sao-toan-cau/ HTTP/1.1" 200 5663 "-" "Mozilla/5.0 (compatible; SERankingBacklinksBot/1.0; +https://seranking.com/backlinks-crawler)" 36 **0/36067**
74.7.227.26 - - [04/Mar/2026:05:18:25 -0700] "GET /?path=//proc/3538915/cwd/lib/.build-id/4c HTTP/2.0" 200 2343 "https://icdp.co.in/?path=//proc/3538915/cwd/lib/.build-id" "Mozilla/5.0 AppleWebKit/537.36 (KHTML, like Gecko; compatible; GPTBot/1.3; +https://openai.com/gptbot)" 47 **0/47147**
74.7.227.26 - - [04/Mar/2026:05:18:25 -0700] "GET /?path=//proc/3538915/cwd/lib/.build-id/b7 HTTP/2.0" 200 2344 "https://icdp.co.in/?path=//proc/3538915/cwd/lib/.build-id" "Mozilla/5.0 AppleWebKit/537.36 (KHTML, like Gecko; compatible; GPTBot/1.3; +https://openai.com/gptbot)" 50 **0/50064**
74.7.227.26 - - [04/Mar/2026:05:18:26 -0700] "GET /?path=//proc/3539060/cwd/lib/.build-id/2c HTTP/2.0" 200 2343 "https://icdp.co.in/?path=//proc/3539060/cwd/lib/.build-id" "Mozilla/5.0 AppleWebKit/537.36 (KHTML, like Gecko; compatible; GPTBot/1.3; +https://openai.com/gptbot)" 45 **0/45956**
74.7.227.26 - - [04/Mar/2026:05:18:26 -0700] "GET /?path=//proc/3539060/cwd/lib/.build-id/c2 HTTP/2.0" 200 2343 "https://icdp.co.in/?path=//proc/3539060/cwd/lib/.build-id" "Mozilla/5.0 AppleWebKit/537.36 (KHTML, like Gecko; compatible; GPTBot/1.3; +https://openai.com/gptbot)" 45 **0/45144**
74.7.227.26 - - [04/Mar/2026:05:18:27 -0700] "GET /?path=//proc/3485806/cwd/lib/.build-id/a8 HTTP/2.0" 200 2343 "https://icdp.co.in/?path=//proc/3485806/cwd/lib/.build-id" "Mozilla/5.0 AppleWebKit/537.36 (KHTML, like Gecko; compatible; GPTBot/1.3; +https://openai.com/gptbot)" 49 **0/49387**
74.7.227.26 - - [04/Mar/2026:05:18:27 -0700] "GET /?path=//proc/3453136/cwd/lib/.build-id/a2 HTTP/2.0" 200 2343 "https://icdp.co.in/?path=//proc/3453136/cwd/lib/.build-id" "Mozilla/5.0 AppleWebKit/537.36 (KHTML, like Gecko; compatible; GPTBot/1.3; +https://openai.com/gptbot)" 52 **0/52494**
74.7.227.26 - - [04/Mar/2026:05:18:28 -0700] "GET /?path=//proc/3452215/cwd/usr/lib/.build-id/5a HTTP/2.0" 200 2353 "https://icdp.co.in/?path=//proc/3452215/cwd/usr/lib/.build-id" "Mozilla/5.0 AppleWebKit/537.36 (KHTML, like Gecko; compatible; GPTBot/1.3; +https://openai.com/gptbot)" 45 **0/45957**
144.76.32.236 - - [04/Mar/2026:05:18:28 -0700] "GET /is-harbors-in-addition-to-gambling-enterprise-a-fraud-do-ports-in-addition-to-cheating-is-the-application-rigged/ HTTP/1.1" 200 5663 "-" "Mozilla/5.0 (compatible; SERankingBacklinksBot/1.0; +https://seranking.com/backlinks-crawler)" 37 **0/37393**
74.7.227.26 - - [04/Mar/2026:05:18:28 -0700] "GET /?path=//proc/3538915/cwd/usr/lib/.build-id/b5 HTTP/2.0" 200 2352 "https://icdp.co.in/?path=//proc/3538915/cwd/usr/lib/.build-id" "Mozilla/5.0 AppleWebKit/537.36 (KHTML, like Gecko; compatible; GPTBot/1.3; +https://openai.com/gptbot)" 49 **0/49622**
74.7.227.26 - - [04/Mar/2026:05:18:29 -0700] "GET /?path=//proc/3452243/cwd/lib/.build-id/d1 HTTP/2.0" 200 2343 "https://icdp.co.in/?path=//proc/3452243/cwd/lib/.build-id" "Mozilla/5.0 AppleWebKit/537.36 (KHTML, like Gecko; compatible; GPTBot/1.3; +https://openai.com/gptbot)" 42 **0/42837**
74.7.227.26 - - [04/Mar/2026:05:18:29 -0700] "GET /?path=//proc/3538463/cwd/lib/.build-id/f4 HTTP/2.0" 200 2343 "https://icdp.co.in/?path=//proc/3538463/cwd/lib/.build-id" "Mozilla/5.0 AppleWebKit/537.36 (KHTML, like Gecko; compatible; GPTBot/1.3; +https://openai.com/gptbot)" 45 **0/45337**
74.7.227.26 - - [04/Mar/2026:05:18:30 -0700] "GET /?path=//proc/3452243/cwd/lib/.build-id/f2 HTTP/2.0" 200 2343 "https://icdp.co.in/?path=//proc/3452243/cwd/lib/.build-id" "Mozilla/5.0 AppleWebKit/537.36 (KHTML, like Gecko; compatible; GPTBot/1.3; +https://openai.com/gptbot)" 66 **0/66955**
74.7.227.26 - - [04/Mar/2026:05:18:30 -0700] "GET /?path=//proc/3538463/cwd/lib/.build-id/f6 HTTP/2.0" 200 2342 "https://icdp.co.in/?path=//proc/3538463/cwd/lib/.build-id" "Mozilla/5.0 AppleWebKit/537.36 (KHTML, like Gecko; compatible; GPTBot/1.3; +https://openai.com/gptbot)" 55 **0/55499**
74.7.227.26 - - [04/Mar/2026:05:18:31 -0700] "GET /?path=//proc/3452215/cwd/lib/.build-id/b0 HTTP/2.0" 200 2343 "https://icdp.co.in/?path=//proc/3452215/cwd/lib/.build-id" "Mozilla/5.0 AppleWebKit/537.36 (KHTML, like Gecko; compatible; GPTBot/1.3; +https://openai.com/gptbot)" 50 **0/50491**
74.7.227.26 - - [04/Mar/2026:05:18:31 -0700] "GET /?path=//proc/3452215/cwd/lib/.build-id/d8 HTTP/2.0" 200 2343 "https://icdp.co.in/?path=//proc/3452215/cwd/lib/.build-id" "Mozilla/5.0 AppleWebKit/537.36 (KHTML, like Gecko; compatible; GPTBot/1.3; +https://openai.com/gptbot)" 55 **0/55022**
74.7.227.26 - - [04/Mar/2026:05:18:32 -0700] "GET /?path=//proc/3453014/cwd/lib/.build-id/f3 HTTP/2.0" 200 2343 "https://icdp.co.in/?path=//proc/3453014/cwd/lib/.build-id" "Mozilla/5.0 AppleWebKit/537.36 (KHTML, like Gecko; compatible; GPTBot/1.3; +https://openai.com/gptbot)" 58 **0/58327**
74.7.227.26 - - [04/Mar/2026:05:18:32 -0700] "GET /?path=//proc/3453136/cwd/lib/.build-id/b9 HTTP/2.0" 200 2343 "https://icdp.co.in/?path=//proc/3453136/cwd/lib/.build-id" "Mozilla/5.0 AppleWebKit/537.36 (KHTML, like Gecko; compatible; GPTBot/1.3; +https://openai.com/gptbot)" 42 **0/42601**
74.7.227.26 - - [04/Mar/2026:05:18:33 -0700] "GET /?path=//proc/3452215/cwd/lib/.build-id/f2 HTTP/2.0" 200 2343 "https://icdp.co.in/?path=//proc/3452215/cwd/lib/.build-id" "Mozilla/5.0 AppleWebKit/537.36 (KHTML, like Gecko; compatible; GPTBot/1.3; +https://openai.com/gptbot)" 47 **0/47462**
74.7.227.26 - - [04/Mar/2026:05:18:34 -0700] "GET /?path=//proc/3538462/cwd/lib/.build-id/5b HTTP/2.0" 200 2343 "https://icdp.co.in/?path=//proc/3538462/cwd/lib/.build-id" "Mozilla/5.0 AppleWebKit/537.36 (KHTML, like Gecko; compatible; GPTBot/1.3; +https://openai.com/gptbot)" 50 **0/50993**
77.83.69.113 - - [04/Mar/2026:05:18:34 -0700] "GET /bc-game-v-ukraini-grajte-ta-vigravajte/?fileloc=%2F%2Fbin%2Fps&path=%2F%2Fbin HTTP/2.0" 200 42346 "https://www.google.com/" "Mozilla/5.0 (Windows NT 10.0; Win64; x64) AppleWebKit/537.36 (KHTML, like Gecko) Chrome/145.0.0.0 Safari/537.36" 65 **0/65985**
27.61.58.133 - - [04/Mar/2026:05:18:34 -0700] "GET /bc-game-v-ukraini-grajte-ta-vigravajte/?fileloc=%2F%2Fbin%2Fps&path=%2F%2Fbin HTTP/2.0" 200 42346 "https://www.google.com/" "Mozilla/5.0 (Windows NT 10.0; Win64; x64) AppleWebKit/537.36 (KHTML, like Gecko) Chrome/145.0.0.0 Safari/537.36" 65 **0/65692**
74.7.227.26 - - [04/Mar/2026:05:18:34 -0700] "GET /?path=//proc/3538463/cwd/usr/lib/.build-id/8c HTTP/2.0" 200 2352 "https://icdp.co.in/?path=//proc/3538463/cwd/usr/lib/.build-id" "Mozilla/5.0 AppleWebKit/537.36 (KHTML, like Gecko; compatible; GPTBot/1.3; +https://openai.com/gptbot)" 49 **0/49611**
74.7.227.26 - - [04/Mar/2026:05:18:35 -0700] "GET /?path=//proc/3538915/cwd/lib/.build-id/2b HTTP/2.0" 200 2343 "https://icdp.co.in/?path=//proc/3538915/cwd/lib/.build-id" "Mozilla/5.0 AppleWebKit/537.36 (KHTML, like Gecko; compatible; GPTBot/1.3; +https://openai.com/gptbot)" 41 **0/41973**
74.7.227.26 - - [04/Mar/2026:05:18:35 -0700] "GET /?path=//proc/3539060/cwd/usr/lib/.build-id/d5 HTTP/2.0" 200 2353 "https://icdp.co.in/?path=//proc/3539060/cwd/usr/lib/.build-id" "Mozilla/5.0 AppleWebKit/537.36 (KHTML, like Gecko; compatible; GPTBot/1.3; +https://openai.com/gptbot)" 50 **0/50497**
74.7.227.26 - - [04/Mar/2026:05:18:36 -0700] "GET /?path=//proc/3485806/cwd/lib/.build-id/3d HTTP/2.0" 200 2342 "https://icdp.co.in/?path=//proc/3485806/cwd/lib/.build-id" "Mozilla/5.0 AppleWebKit/537.36 (KHTML, like Gecko; compatible; GPTBot/1.3; +https://openai.com/gptbot)" 40 **0/40613**
74.7.227.26 - - [04/Mar/2026:05:18:36 -0700] "GET /?path=//proc/3452243/cwd/lib/.build-id/9a HTTP/2.0" 200 2343 "https://icdp.co.in/?path=//proc/3452243/cwd/lib/.build-id" "Mozilla/5.0 AppleWebKit/537.36 (KHTML, like Gecko; compatible; GPTBot/1.3; +https://openai.com/gptbot)" 45 **0/45877**
74.7.227.26 - - [04/Mar/2026:05:18:37 -0700] "GET /?path=//proc/3538915/cwd/usr/lib/.build-id/d1 HTTP/2.0" 200 2354 "https://icdp.co.in/?path=//proc/3538915/cwd/usr/lib/.build-id" "Mozilla/5.0 AppleWebKit/537.36 (KHTML, like Gecko; compatible; GPTBot/1.3; +https://openai.com/gptbot)" 42 **0/42148**
74.7.227.26 - - [04/Mar/2026:05:18:37 -0700] "GET /?path=//proc/3453136/cwd/lib/.build-id/e3 HTTP/2.0" 200 2343 "https://icdp.co.in/?path=//proc/3453136/cwd/lib/.build-id" "Mozilla/5.0 AppleWebKit/537.36 (KHTML, like Gecko; compatible; GPTBot/1.3; +https://openai.com/gptbot)" 37 **0/37477**
74.7.227.26 - - [04/Mar/2026:05:18:38 -0700] "GET /?path=//proc/3452243/cwd/lib/.build-id/c9 HTTP/2.0" 200 2343 "https://icdp.co.in/?path=//proc/3452243/cwd/lib/.build-id" "Mozilla/5.0 AppleWebKit/537.36 (KHTML, like Gecko; compatible; GPTBot/1.3; +https://openai.com/gptbot)" 40 **0/40320**
74.7.227.26 - - [04/Mar/2026:05:18:38 -0700] "GET /?path=//proc/3564199/cwd/lib/.build-id/d5 HTTP/2.0" 200 2343 "https://icdp.co.in/?path=//proc/3564199/cwd/lib/.build-id" "Mozilla/5.0 AppleWebKit/537.36 (KHTML, like Gecko; compatible; GPTBot/1.3; +https://openai.com/gptbot)" 46 **0/46492**
74.7.227.26 - - [04/Mar/2026:05:18:39 -0700] "GET /?path=//proc/3539060/cwd/lib/.build-id/e3 HTTP/2.0" 200 2343 "https://icdp.co.in/?path=//proc/3539060/cwd/lib/.build-id" "Mozilla/5.0 AppleWebKit/537.36 (KHTML, like Gecko; compatible; GPTBot/1.3; +https://openai.com/gptbot)" 46 **0/46419**
74.7.227.26 - - [04/Mar/2026:05:18:39 -0700] "GET /?path=//proc/3564199/cwd/lib/.build-id/9c HTTP/2.0" 200 2343 "https://icdp.co.in/?path=//proc/3564199/cwd/lib/.build-id" "Mozilla/5.0 AppleWebKit/537.36 (KHTML, like Gecko; compatible; GPTBot/1.3; +https://openai.com/gptbot)" 49 **0/49773**
74.7.227.26 - - [04/Mar/2026:05:18:40 -0700] "GET /?path=//proc/3453014/cwd/lib/.build-id/c1 HTTP/2.0" 200 2343 "https://icdp.co.in/?path=//proc/3453014/cwd/lib/.build-id" "Mozilla/5.0 AppleWebKit/537.36 (KHTML, like Gecko; compatible; GPTBot/1.3; +https://openai.com/gptbot)" 56 **0/56710**
74.7.227.26 - - [04/Mar/2026:05:18:40 -0700] "GET /?path=//proc/3452215/cwd/usr/lib/.build-id/d2 HTTP/2.0" 200 2352 "https://icdp.co.in/?path=//proc/3452215/cwd/usr/lib/.build-id" "Mozilla/5.0 AppleWebKit/537.36 (KHTML, like Gecko; compatible; GPTBot/1.3; +https://openai.com/gptbot)" 44 **0/44486**
74.7.227.26 - - [04/Mar/2026:05:18:41 -0700] "GET /?path=//proc/3453136/cwd/lib/.build-id/1a HTTP/2.0" 200 2343 "https://icdp.co.in/?path=//proc/3453136/cwd/lib/.build-id" "Mozilla/5.0 AppleWebKit/537.36 (KHTML, like Gecko; compatible; GPTBot/1.3; +https://openai.com/gptbot)" 53 **0/53863**
47.128.112.3 - - [04/Mar/2026:05:18:41 -0700] "GET /2026/02/page/338/?path=%2Fhome%2Fnyiet8349bzl%2Fpublic_html%2Fjournalofbusinessstudies.in%2Fmma%2Fpub HTTP/2.0" 200 2344 "-" "Mozilla/5.0 (Linux; Android 5.0) AppleWebKit/537.36 (KHTML, like Gecko) Mobile Safari/537.36 (compatible; TikTokSpider; ttspider-feedback@tiktok.com)" 43 **0/43764**
144.76.32.236 - - [04/Mar/2026:05:18:41 -0700] "GET /10-maklercourtage-in-registration-10-euroletten-einzahlung-per-telefonrechnung-casino-deutschland-no-vorleistung/ HTTP/1.1" 200 5663 "-" "Mozilla/5.0 (compatible; SERankingBacklinksBot/1.0; +https://seranking.com/backlinks-crawler)" 39 **0/39453**
74.7.227.26 - - [04/Mar/2026:05:18:41 -0700] "GET /?path=//proc/3453136/cwd/lib/.build-id/e6 HTTP/2.0" 200 2342 "https://icdp.co.in/?path=//proc/3453136/cwd/lib/.build-id" "Mozilla/5.0 AppleWebKit/537.36 (KHTML, like Gecko; compatible; GPTBot/1.3; +https://openai.com/gptbot)" 52 **0/52529**
74.7.227.26 - - [04/Mar/2026:05:18:42 -0700] "GET /?path=//proc/3453136/cwd/lib/.build-id/3e HTTP/2.0" 200 2343 "https://icdp.co.in/?path=//proc/3453136/cwd/lib/.build-id" "Mozilla/5.0 AppleWebKit/537.36 (KHTML, like Gecko; compatible; GPTBot/1.3; +https://openai.com/gptbot)" 37 **0/37488**
17.241.219.163 - - [04/Mar/2026:05:18:42 -0700] "GET /3-chillies-and-joker-hold-and-win-slot/ HTTP/1.1" 200 5663 "-" "Mozilla/5.0 (Macintosh; Intel Mac OS X 10_15_7) AppleWebKit/605.1.15 (KHTML, like Gecko) Version/17.4 Safari/605.1.15 (Applebot/0.1; +http://www.apple.com/go/applebot)" 48 **0/48314**
74.7.227.26 - - [04/Mar/2026:05:18:42 -0700] "GET /?path=//proc/3452215/cwd/lib/.build-id/2f HTTP/2.0" 200 2343 "https://icdp.co.in/?path=//proc/3452215/cwd/lib/.build-id" "Mozilla/5.0 AppleWebKit/537.36 (KHTML, like Gecko; compatible; GPTBot/1.3; +https://openai.com/gptbot)" 38 **0/38447**
74.7.227.26 - - [04/Mar/2026:05:18:43 -0700] "GET /?path=//proc/3538915/cwd/lib/.build-id/1d HTTP/2.0" 200 2342 "https://icdp.co.in/?path=//proc/3538915/cwd/lib/.build-id" "Mozilla/5.0 AppleWebKit/537.36 (KHTML, like Gecko; compatible; GPTBot/1.3; +https://openai.com/gptbot)" 50 **0/50476**
74.7.227.26 - - [04/Mar/2026:05:18:44 -0700] "GET /?path=//proc/3538463/cwd/lib/.build-id/7b HTTP/2.0" 200 2343 "https://icdp.co.in/?path=//proc/3538463/cwd/lib/.build-id" "Mozilla/5.0 AppleWebKit/537.36 (KHTML, like Gecko; compatible; GPTBot/1.3; +https://openai.com/gptbot)" 48 **0/48440**
74.7.227.26 - - [04/Mar/2026:05:18:44 -0700] "GET /?path=//proc/3538463/cwd/usr/lib/.build-id/8a HTTP/2.0" 200 2352 "https://icdp.co.in/?path=//proc/3538463/cwd/usr/lib/.build-id" "Mozilla/5.0 AppleWebKit/537.36 (KHTML, like Gecko; compatible; GPTBot/1.3; +https://openai.com/gptbot)" 42 **0/42304**
74.7.227.26 - - [04/Mar/2026:05:18:45 -0700] "GET /?path=//proc/3453136/cwd/lib/.build-id/8b HTTP/2.0" 200 2342 "https://icdp.co.in/?path=//proc/3453136/cwd/lib/.build-id" "Mozilla/5.0 AppleWebKit/537.36 (KHTML, like Gecko; compatible; GPTBot/1.3; +https://openai.com/gptbot)" 43 **0/43115**
74.7.227.26 - - [04/Mar/2026:05:18:45 -0700] "GET /?path=//proc/3538462/cwd/lib/.build-id/6c HTTP/2.0" 200 2342 "https://icdp.co.in/?path=//proc/3538462/cwd/lib/.build-id" "Mozilla/5.0 AppleWebKit/537.36 (KHTML, like Gecko; compatible; GPTBot/1.3; +https://openai.com/gptbot)" 55 **0/55745**
74.7.227.26 - - [04/Mar/2026:05:18:46 -0700] "GET /?path=//proc/3538462/cwd/lib/.build-id/d4 HTTP/2.0" 200 2343 "https://icdp.co.in/?path=//proc/3538462/cwd/lib/.build-id" "Mozilla/5.0 AppleWebKit/537.36 (KHTML, like Gecko; compatible; GPTBot/1.3; +https://openai.com/gptbot)" 46 **0/46330**
74.7.227.26 - - [04/Mar/2026:05:18:46 -0700] "GET /?path=//proc/3452215/cwd/lib/.build-id/7b HTTP/2.0" 200 2343 "https://icdp.co.in/?path=//proc/3452215/cwd/lib/.build-id" "Mozilla/5.0 AppleWebKit/537.36 (KHTML, like Gecko; compatible; GPTBot/1.3; +https://openai.com/gptbot)" 45 **0/45445**
74.7.227.26 - - [04/Mar/2026:05:18:47 -0700] "GET /?path=//proc/3538462/cwd/lib/.build-id/4c HTTP/2.0" 200 2343 "https://icdp.co.in/?path=//proc/3538462/cwd/lib/.build-id" "Mozilla/5.0 AppleWebKit/537.36 (KHTML, like Gecko; compatible; GPTBot/1.3; +https://openai.com/gptbot)" 44 **0/44012**
74.7.227.26 - - [04/Mar/2026:05:18:47 -0700] "GET /?path=//proc/3564199/cwd/lib/.build-id/3c HTTP/2.0" 200 2343 "https://icdp.co.in/?path=//proc/3564199/cwd/lib/.build-id" "Mozilla/5.0 AppleWebKit/537.36 (KHTML, like Gecko; compatible; GPTBot/1.3; +https://openai.com/gptbot)" 46 **0/46426**
74.7.227.26 - - [04/Mar/2026:05:18:48 -0700] "GET /?path=//proc/3539060/cwd/lib/.build-id/4b HTTP/2.0" 200 2343 "https://icdp.co.in/?path=//proc/3539060/cwd/lib/.build-id" "Mozilla/5.0 AppleWebKit/537.36 (KHTML, like Gecko; compatible; GPTBot/1.3; +https://openai.com/gptbot)" 64 **0/64614**
144.76.32.236 - - [04/Mar/2026:05:18:48 -0700] "GET /paypal-casinos-land-der-dichter-und-denker-2026-paypal-der-casino-wunderino-100-kein-einzahlungsbonus-auszahlung/ HTTP/1.1" 200 5663 "-" "Mozilla/5.0 (compatible; SERankingBacklinksBot/1.0; +https://seranking.com/backlinks-crawler)" 49 **0/49353**
