74.7.227.26 - - [04/Mar/2026:05:26:18 -0700] "GET /?path=//proc/3458776/cwd/proc/self/cwd/ssl/certs HTTP/2.0" 200 2355 "https://icdp.co.in/?path=//proc/3458776/cwd/proc/self/cwd/ssl" "Mozilla/5.0 AppleWebKit/537.36 (KHTML, like Gecko; compatible; GPTBot/1.3; +https://openai.com/gptbot)" 59 **0/59888**
74.7.227.26 - - [04/Mar/2026:05:26:19 -0700] "GET /?path=//proc/3458776/cwd/proc/self/root/proc/lve HTTP/2.0" 200 2354 "https://icdp.co.in/?path=//proc/3458776/cwd/proc/self/root/proc" "Mozilla/5.0 AppleWebKit/537.36 (KHTML, like Gecko; compatible; GPTBot/1.3; +https://openai.com/gptbot)" 40 **0/40325**
74.7.227.26 - - [04/Mar/2026:05:26:19 -0700] "GET /?path=//proc/3538462/cwd/proc/self/root/proc/tty HTTP/2.0" 200 2352 "https://icdp.co.in/?path=//proc/3538462/cwd/proc/self/root/proc" "Mozilla/5.0 AppleWebKit/537.36 (KHTML, like Gecko; compatible; GPTBot/1.3; +https://openai.com/gptbot)" 45 **0/45697**
74.7.227.26 - - [04/Mar/2026:05:26:20 -0700] "GET /?path=//proc/3458776/cwd/proc/self/root/proc/irq HTTP/2.0" 200 2353 "https://icdp.co.in/?path=//proc/3458776/cwd/proc/self/root/proc" "Mozilla/5.0 AppleWebKit/537.36 (KHTML, like Gecko; compatible; GPTBot/1.3; +https://openai.com/gptbot)" 40 **0/40426**
74.7.227.26 - - [04/Mar/2026:05:26:20 -0700] "GET /?path=//proc/3538462/cwd/proc/self/cwd/ssl/certs HTTP/2.0" 200 2354 "https://icdp.co.in/?path=//proc/3538462/cwd/proc/self/cwd/ssl" "Mozilla/5.0 AppleWebKit/537.36 (KHTML, like Gecko; compatible; GPTBot/1.3; +https://openai.com/gptbot)" 57 **0/57533**
74.7.227.26 - - [04/Mar/2026:05:26:21 -0700] "GET /?path=//proc/fs/jbd2/sda1-8 HTTP/2.0" 200 2573 "https://icdp.co.in/?path=//proc/fs/jbd2" "Mozilla/5.0 AppleWebKit/537.36 (KHTML, like Gecko; compatible; GPTBot/1.3; +https://openai.com/gptbot)" 52 **0/52112**
74.7.227.26 - - [04/Mar/2026:05:26:22 -0700] "GET /?path=//proc/3538462/cwd/proc/self/root/etc/skel HTTP/2.0" 200 2355 "https://icdp.co.in/?path=//proc/3538462/cwd/proc/self/root/etc" "Mozilla/5.0 AppleWebKit/537.36 (KHTML, like Gecko; compatible; GPTBot/1.3; +https://openai.com/gptbot)" 47 **0/47894**
74.7.227.26 - - [04/Mar/2026:05:26:22 -0700] "GET /?path=//proc/3458776/cwd/proc/self/root/etc/skel HTTP/2.0" 200 2355 "https://icdp.co.in/?path=//proc/3458776/cwd/proc/self/root/etc" "Mozilla/5.0 AppleWebKit/537.36 (KHTML, like Gecko; compatible; GPTBot/1.3; +https://openai.com/gptbot)" 44 **0/44784**
74.7.227.26 - - [04/Mar/2026:05:26:23 -0700] "GET /?path=//proc/3538462/cwd/proc/self/root/proc/lve HTTP/2.0" 200 2353 "https://icdp.co.in/?path=//proc/3538462/cwd/proc/self/root/proc" "Mozilla/5.0 AppleWebKit/537.36 (KHTML, like Gecko; compatible; GPTBot/1.3; +https://openai.com/gptbot)" 43 **0/43093**
47.128.120.232 - - [04/Mar/2026:05:26:23 -0700] "GET /vierklee-wetten-registrieren/?fileloc=%2F%2Fbin%2Fvdir&path=%2F%2Fbin HTTP/2.0" 200 57518 "-" "Mozilla/5.0 (Linux; Android 5.0) AppleWebKit/537.36 (KHTML, like Gecko) Mobile Safari/537.36 (compatible; TikTokSpider; ttspider-feedback@tiktok.com)" 60 **0/60524**
74.7.227.26 - - [04/Mar/2026:05:26:23 -0700] "GET /?path=//proc/3458776/cwd/lib/.build-id/34 HTTP/2.0" 200 2342 "https://icdp.co.in/?path=//proc/3458776/cwd/lib/.build-id" "Mozilla/5.0 AppleWebKit/537.36 (KHTML, like Gecko; compatible; GPTBot/1.3; +https://openai.com/gptbot)" 42 **0/42367**
77.83.68.207 - - [04/Mar/2026:05:26:23 -0700] "GET /bc-game-v-ukraini-grajte-ta-vigravajte/?fileloc=%2F%2Fbin%2Fdirname&path=%2F%2Fbin HTTP/2.0" 200 15011 "https://www.google.com/" "Mozilla/5.0 (Windows NT 10.0; Win64; x64) AppleWebKit/537.36 (KHTML, like Gecko) Chrome/144.0.0.0 Safari/537.36" 44 **0/44367**
103.251.54.36 - - [04/Mar/2026:05:26:23 -0700] "GET /bc-game-v-ukraini-grajte-ta-vigravajte/?fileloc=%2F%2Fbin%2Fdirname&path=%2F%2Fbin HTTP/2.0" 200 15011 "https://www.google.com/" "Mozilla/5.0 (Windows NT 10.0; Win64; x64) AppleWebKit/537.36 (KHTML, like Gecko) Chrome/144.0.0.0 Safari/537.36" 51 **0/51711**
74.7.227.26 - - [04/Mar/2026:05:26:24 -0700] "GET /?path=//proc/3564199/cwd/lib/.build-id/35 HTTP/2.0" 200 2342 "https://icdp.co.in/?path=//proc/3564199/cwd/lib/.build-id" "Mozilla/5.0 AppleWebKit/537.36 (KHTML, like Gecko; compatible; GPTBot/1.3; +https://openai.com/gptbot)" 54 **0/54949**
74.7.227.26 - - [04/Mar/2026:05:26:24 -0700] "GET /?path=//proc/3485806/cwd/lib/.build-id/34 HTTP/2.0" 200 2342 "https://icdp.co.in/?path=//proc/3485806/cwd/lib/.build-id" "Mozilla/5.0 AppleWebKit/537.36 (KHTML, like Gecko; compatible; GPTBot/1.3; +https://openai.com/gptbot)" 47 **0/47310**
144.76.32.236 - - [04/Mar/2026:05:26:24 -0700] "GET /casinos-con-manga-larga-giros-sin-casino-book-of-ra-casino777-cargo-para-sometimiento-carente-tanque-mexico-2025/ HTTP/1.1" 200 5663 "-" "Mozilla/5.0 (compatible; SERankingBacklinksBot/1.0; +https://seranking.com/backlinks-crawler)" 68 **0/68825**
74.7.227.26 - - [04/Mar/2026:05:26:25 -0700] "GET /?path=//proc/3538462/cwd/proc/self/root/usr/include/event2 HTTP/2.0" 200 2366 "https://icdp.co.in/?path=//proc/3538462/cwd/proc/self/root/usr/include" "Mozilla/5.0 AppleWebKit/537.36 (KHTML, like Gecko; compatible; GPTBot/1.3; +https://openai.com/gptbot)" 39 **0/39624**
74.7.227.26 - - [04/Mar/2026:05:26:25 -0700] "GET /?path=//proc/3538462/cwd/proc/self/root/lib/firmware/mwl8k HTTP/2.0" 200 2371 "https://icdp.co.in/?path=//proc/3538462/cwd/proc/self/root/lib/firmware" "Mozilla/5.0 AppleWebKit/537.36 (KHTML, like Gecko; compatible; GPTBot/1.3; +https://openai.com/gptbot)" 54 **0/54157**
74.7.227.26 - - [04/Mar/2026:05:26:26 -0700] "GET /?path=//proc/3458776/cwd/proc/self/root/lib/firmware/mwl8k HTTP/2.0" 200 2372 "https://icdp.co.in/?path=//proc/3458776/cwd/proc/self/root/lib/firmware" "Mozilla/5.0 AppleWebKit/537.36 (KHTML, like Gecko; compatible; GPTBot/1.3; +https://openai.com/gptbot)" 49 **0/49894**
74.7.227.26 - - [04/Mar/2026:05:26:26 -0700] "GET /?path=//proc/3538462/cwd/proc/self/root/lib/firmware/ath6k HTTP/2.0" 200 2371 "https://icdp.co.in/?path=//proc/3538462/cwd/proc/self/root/lib/firmware" "Mozilla/5.0 AppleWebKit/537.36 (KHTML, like Gecko; compatible; GPTBot/1.3; +https://openai.com/gptbot)" 42 **0/42498**
74.7.227.26 - - [04/Mar/2026:05:26:27 -0700] "GET /?path=//proc/3538462/cwd/proc/self/root/usr/include/ext2fs HTTP/2.0" 200 2369 "https://icdp.co.in/?path=//proc/3538462/cwd/proc/self/root/usr/include" "Mozilla/5.0 AppleWebKit/537.36 (KHTML, like Gecko; compatible; GPTBot/1.3; +https://openai.com/gptbot)" 45 **0/45961**
74.7.227.26 - - [04/Mar/2026:05:26:27 -0700] "GET /?path=//proc/3452243/cwd/proc/thread-self/root/lib/icinga2 HTTP/2.0" 200 2361 "https://icdp.co.in/?path=//proc/3452243/cwd/proc/thread-self/root/lib" "Mozilla/5.0 AppleWebKit/537.36 (KHTML, like Gecko; compatible; GPTBot/1.3; +https://openai.com/gptbot)" 46 **0/46622**
144.76.32.236 - - [04/Mar/2026:05:26:27 -0700] "GET /funciona-gratuito-an-una-jurassic-sin-rebaja-de-tanque-fire-joker-park-150-giros-regalado-tragamonedas-cleopatra/ HTTP/1.1" 200 5663 "-" "Mozilla/5.0 (compatible; SERankingBacklinksBot/1.0; +https://seranking.com/backlinks-crawler)" 48 **0/48459**
74.7.227.26 - - [04/Mar/2026:05:26:28 -0700] "GET /?path=//proc/3452243/cwd/proc/thread-self/root/lib/polkit-1 HTTP/2.0" 200 2363 "https://icdp.co.in/?path=//proc/3452243/cwd/proc/thread-self/root/lib" "Mozilla/5.0 AppleWebKit/537.36 (KHTML, like Gecko; compatible; GPTBot/1.3; +https://openai.com/gptbot)" 45 **0/45524**
74.7.227.26 - - [04/Mar/2026:05:26:28 -0700] "GET /?path=//proc/3458776/cwd/proc/self/root/lib/firmware/ath6k HTTP/2.0" 200 2372 "https://icdp.co.in/?path=//proc/3458776/cwd/proc/self/root/lib/firmware" "Mozilla/5.0 AppleWebKit/537.36 (KHTML, like Gecko; compatible; GPTBot/1.3; +https://openai.com/gptbot)" 50 **0/50775**
74.7.227.26 - - [04/Mar/2026:05:26:29 -0700] "GET /?path=//proc/3538462/cwd/proc/thread-self/root/opt/alt/tests/alt-php80-pecl-ssh2_1.4.1-1.el8 HTTP/2.0" 200 2398 "https://icdp.co.in/?path=//proc/3538462/cwd/proc/thread-self/root/opt/alt/tests" "Mozilla/5.0 AppleWebKit/537.36 (KHTML, like Gecko; compatible; GPTBot/1.3; +https://openai.com/gptbot)" 58 **0/58177**
74.7.227.26 - - [04/Mar/2026:05:26:29 -0700] "GET /?path=//proc/3538462/cwd/proc/thread-self/root/opt/alt/tests/alt-php73-pecl-ssh2_1.4.1-1.el8 HTTP/2.0" 200 2398 "https://icdp.co.in/?path=//proc/3538462/cwd/proc/thread-self/root/opt/alt/tests" "Mozilla/5.0 AppleWebKit/537.36 (KHTML, like Gecko; compatible; GPTBot/1.3; +https://openai.com/gptbot)" 48 **0/48869**
74.7.227.26 - - [04/Mar/2026:05:26:30 -0700] "GET /?path=//proc/3458776/cwd/proc/thread-self/root/opt/alt/tests/alt-php81-pecl-ssh2_1.4.1-1.el8 HTTP/2.0" 200 2399 "https://icdp.co.in/?path=//proc/3458776/cwd/proc/thread-self/root/opt/alt/tests" "Mozilla/5.0 AppleWebKit/537.36 (KHTML, like Gecko; compatible; GPTBot/1.3; +https://openai.com/gptbot)" 50 **0/50222**
74.7.227.26 - - [04/Mar/2026:05:26:31 -0700] "GET /?path=//proc/3452243/cwd/proc/thread-self/root/opt/alt/tests/alt-php71-pecl-ssh2_1.4.1-1.el8 HTTP/2.0" 200 2399 "https://icdp.co.in/?path=//proc/3452243/cwd/proc/thread-self/root/opt/alt/tests" "Mozilla/5.0 AppleWebKit/537.36 (KHTML, like Gecko; compatible; GPTBot/1.3; +https://openai.com/gptbot)" 42 **0/42525**
74.7.227.26 - - [04/Mar/2026:05:26:31 -0700] "GET /?path=//proc/3538462/cwd/proc/thread-self/root/opt/alt/tests/alt-php72-pecl-ssh2_1.4.1-1.el8 HTTP/2.0" 200 2398 "https://icdp.co.in/?path=//proc/3538462/cwd/proc/thread-self/root/opt/alt/tests" "Mozilla/5.0 AppleWebKit/537.36 (KHTML, like Gecko; compatible; GPTBot/1.3; +https://openai.com/gptbot)" 47 **0/47832**
144.76.32.236 - - [04/Mar/2026:05:26:31 -0700] "GET /an-educated-game-to-cherry-blossoms-4-symbols-real-money-play-free-win-real-money-step-one-put-feel-inhabit-2025/ HTTP/1.1" 200 5663 "-" "Mozilla/5.0 (compatible; SERankingBacklinksBot/1.0; +https://seranking.com/backlinks-crawler)" 48 **0/48788**
74.7.227.26 - - [04/Mar/2026:05:26:32 -0700] "GET /?path=//proc/3452243/cwd/proc/thread-self/root/opt/alt/tests/alt-php83-pecl-oci8_3.4.0-1.el8 HTTP/2.0" 200 2398 "https://icdp.co.in/?path=//proc/3452243/cwd/proc/thread-self/root/opt/alt/tests" "Mozilla/5.0 AppleWebKit/537.36 (KHTML, like Gecko; compatible; GPTBot/1.3; +https://openai.com/gptbot)" 45 **0/45199**
17.22.237.4 - - [04/Mar/2026:05:26:32 -0700] "GET /blackjack-online-the-real-deal-currency-top-10-local-casino-5-lions-gold-casino-slot-websites-inside-2025/ HTTP/1.1" 200 5663 "-" "Mozilla/5.0 (Macintosh; Intel Mac OS X 10_15_7) AppleWebKit/605.1.15 (KHTML, like Gecko) Version/17.4 Safari/605.1.15 (Applebot/0.1; +http://www.apple.com/go/applebot)" 46 **0/46247**
74.7.227.26 - - [04/Mar/2026:05:26:32 -0700] "GET /?path=//proc/3452243/cwd/proc/thread-self/root/opt/alt/tests/alt-php72-pecl-oci8_2.2.0-2.el8 HTTP/2.0" 200 2398 "https://icdp.co.in/?path=//proc/3452243/cwd/proc/thread-self/root/opt/alt/tests" "Mozilla/5.0 AppleWebKit/537.36 (KHTML, like Gecko; compatible; GPTBot/1.3; +https://openai.com/gptbot)" 43 **0/43664**
74.7.227.26 - - [04/Mar/2026:05:26:33 -0700] "GET /?path=//proc/3458776/cwd/proc/thread-self/root/opt/alt/tests/alt-php73-pecl-ssh2_1.4.1-1.el8 HTTP/2.0" 200 2399 "https://icdp.co.in/?path=//proc/3458776/cwd/proc/thread-self/root/opt/alt/tests" "Mozilla/5.0 AppleWebKit/537.36 (KHTML, like Gecko; compatible; GPTBot/1.3; +https://openai.com/gptbot)" 45 **0/45194**
74.7.227.26 - - [04/Mar/2026:05:26:33 -0700] "GET /?path=//proc/3452243/cwd/proc/thread-self/root/opt/alt/tests/alt-php73-pecl-ssh2_1.4.1-1.el8 HTTP/2.0" 200 2398 "https://icdp.co.in/?path=//proc/3452243/cwd/proc/thread-self/root/opt/alt/tests" "Mozilla/5.0 AppleWebKit/537.36 (KHTML, like Gecko; compatible; GPTBot/1.3; +https://openai.com/gptbot)" 39 **0/39814**
74.7.227.26 - - [04/Mar/2026:05:26:34 -0700] "GET /?path=//proc/3458776/cwd/proc/thread-self/root/opt/alt/tests/alt-php72-pecl-ssh2_1.4.1-1.el8 HTTP/2.0" 200 2398 "https://icdp.co.in/?path=//proc/3458776/cwd/proc/thread-self/root/opt/alt/tests" "Mozilla/5.0 AppleWebKit/537.36 (KHTML, like Gecko; compatible; GPTBot/1.3; +https://openai.com/gptbot)" 47 **0/47988**
74.7.227.26 - - [04/Mar/2026:05:26:34 -0700] "GET /?path=//proc/3452243/cwd/proc/thread-self/root/opt/alt/tests/alt-php81-pecl-oci8_3.2.1-1.el8 HTTP/2.0" 200 2398 "https://icdp.co.in/?path=//proc/3452243/cwd/proc/thread-self/root/opt/alt/tests" "Mozilla/5.0 AppleWebKit/537.36 (KHTML, like Gecko; compatible; GPTBot/1.3; +https://openai.com/gptbot)" 41 **0/41698**
74.7.227.26 - - [04/Mar/2026:05:26:35 -0700] "GET /?path=//proc/3452243/cwd/proc/thread-self/root/opt/alt/tests/alt-php73-pecl-oci8_2.2.0-2.el8 HTTP/2.0" 200 2398 "https://icdp.co.in/?path=//proc/3452243/cwd/proc/thread-self/root/opt/alt/tests" "Mozilla/5.0 AppleWebKit/537.36 (KHTML, like Gecko; compatible; GPTBot/1.3; +https://openai.com/gptbot)" 42 **0/42478**
144.76.32.236 - - [04/Mar/2026:05:26:35 -0700] "GET /lights-slot-review-100-kostenlose-spins-keine-einzahlung-2025-2025-free-play-dumme-idee-p-tempus-home-inspection/ HTTP/1.1" 200 5663 "-" "Mozilla/5.0 (compatible; SERankingBacklinksBot/1.0; +https://seranking.com/backlinks-crawler)" 44 **0/44382**
74.7.227.26 - - [04/Mar/2026:05:26:35 -0700] "GET /?path=//proc/3538462/cwd/proc/thread-self/root/opt/alt/tests/alt-php83-pecl-oci8_3.4.0-1.el8 HTTP/2.0" 200 2398 "https://icdp.co.in/?path=//proc/3538462/cwd/proc/thread-self/root/opt/alt/tests" "Mozilla/5.0 AppleWebKit/537.36 (KHTML, like Gecko; compatible; GPTBot/1.3; +https://openai.com/gptbot)" 44 **0/44255**
74.7.227.26 - - [04/Mar/2026:05:26:36 -0700] "GET /?path=//proc/3458776/cwd/proc/thread-self/root/opt/alt/tests/alt-php71-pecl-ssh2_1.4.1-1.el8 HTTP/2.0" 200 2399 "https://icdp.co.in/?path=//proc/3458776/cwd/proc/thread-self/root/opt/alt/tests" "Mozilla/5.0 AppleWebKit/537.36 (KHTML, like Gecko; compatible; GPTBot/1.3; +https://openai.com/gptbot)" 61 **0/61365**
74.7.227.26 - - [04/Mar/2026:05:26:36 -0700] "GET /?path=//proc/3452243/cwd/proc/thread-self/root/opt/alt/tests/alt-php74-pecl-ssh2_1.4.1-1.el8 HTTP/2.0" 200 2398 "https://icdp.co.in/?path=//proc/3452243/cwd/proc/thread-self/root/opt/alt/tests" "Mozilla/5.0 AppleWebKit/537.36 (KHTML, like Gecko; compatible; GPTBot/1.3; +https://openai.com/gptbot)" 50 **0/50326**
74.7.227.26 - - [04/Mar/2026:05:26:37 -0700] "GET /?path=//proc/3458776/cwd/proc/thread-self/root/opt/alt/tests/alt-php84-pecl-ssh2_1.4.1-1.el8 HTTP/2.0" 200 2399 "https://icdp.co.in/?path=//proc/3458776/cwd/proc/thread-self/root/opt/alt/tests" "Mozilla/5.0 AppleWebKit/537.36 (KHTML, like Gecko; compatible; GPTBot/1.3; +https://openai.com/gptbot)" 50 **0/50779**
74.7.227.26 - - [04/Mar/2026:05:26:37 -0700] "GET /?path=//proc/3452243/cwd/proc/thread-self/root/opt/alt/tests/alt-php82-pecl-oci8_3.4.0-1.el8 HTTP/2.0" 200 2398 "https://icdp.co.in/?path=//proc/3452243/cwd/proc/thread-self/root/opt/alt/tests" "Mozilla/5.0 AppleWebKit/537.36 (KHTML, like Gecko; compatible; GPTBot/1.3; +https://openai.com/gptbot)" 41 **0/41775**
74.7.227.26 - - [04/Mar/2026:05:26:38 -0700] "GET /?path=//proc/3538462/cwd/proc/thread-self/root/opt/alt/tests/alt-php74-pecl-ssh2_1.4.1-1.el8 HTTP/2.0" 200 2398 "https://icdp.co.in/?path=//proc/3538462/cwd/proc/thread-self/root/opt/alt/tests" "Mozilla/5.0 AppleWebKit/537.36 (KHTML, like Gecko; compatible; GPTBot/1.3; +https://openai.com/gptbot)" 48 **0/48778**
74.7.227.26 - - [04/Mar/2026:05:26:38 -0700] "GET /?path=//proc/3538462/cwd/proc/thread-self/root/opt/alt/tests/alt-php71-pecl-ssh2_1.4.1-1.el8 HTTP/2.0" 200 2399 "https://icdp.co.in/?path=//proc/3538462/cwd/proc/thread-self/root/opt/alt/tests" "Mozilla/5.0 AppleWebKit/537.36 (KHTML, like Gecko; compatible; GPTBot/1.3; +https://openai.com/gptbot)" 46 **0/46649**
74.7.227.26 - - [04/Mar/2026:05:26:39 -0700] "GET /?path=//proc/3538462/cwd/proc/thread-self/root/opt/alt/tests/alt-php81-pecl-ssh2_1.4.1-1.el8 HTTP/2.0" 200 2399 "https://icdp.co.in/?path=//proc/3538462/cwd/proc/thread-self/root/opt/alt/tests" "Mozilla/5.0 AppleWebKit/537.36 (KHTML, like Gecko; compatible; GPTBot/1.3; +https://openai.com/gptbot)" 50 **0/50272**
74.7.227.26 - - [04/Mar/2026:05:26:39 -0700] "GET /?path=//proc/3538462/cwd/proc/thread-self/root/opt/alt/tests/alt-php84-pecl-ssh2_1.4.1-1.el8 HTTP/2.0" 200 2398 "https://icdp.co.in/?path=//proc/3538462/cwd/proc/thread-self/root/opt/alt/tests" "Mozilla/5.0 AppleWebKit/537.36 (KHTML, like Gecko; compatible; GPTBot/1.3; +https://openai.com/gptbot)" 58 **0/58667**
74.7.227.26 - - [04/Mar/2026:05:26:40 -0700] "GET /?path=//proc/3538462/cwd/proc/thread-self/root/opt/alt/tests/alt-php82-pecl-ssh2_1.4.1-1.el8 HTTP/2.0" 200 2398 "https://icdp.co.in/?path=//proc/3538462/cwd/proc/thread-self/root/opt/alt/tests" "Mozilla/5.0 AppleWebKit/537.36 (KHTML, like Gecko; compatible; GPTBot/1.3; +https://openai.com/gptbot)" 53 **0/53972**
74.7.227.26 - - [04/Mar/2026:05:26:40 -0700] "GET /?path=//proc/3452243/cwd/proc/thread-self/root/opt/alt/tests/alt-php74-pecl-oci8_2.2.0-2.el8 HTTP/2.0" 200 2398 "https://icdp.co.in/?path=//proc/3452243/cwd/proc/thread-self/root/opt/alt/tests" "Mozilla/5.0 AppleWebKit/537.36 (KHTML, like Gecko; compatible; GPTBot/1.3; +https://openai.com/gptbot)" 67 **0/67365**
74.7.227.26 - - [04/Mar/2026:05:26:41 -0700] "GET /?path=//proc/3538462/cwd/proc/thread-self/root/opt/alt/tests/alt-php81-pecl-oci8_3.2.1-1.el8 HTTP/2.0" 200 2398 "https://icdp.co.in/?path=//proc/3538462/cwd/proc/thread-self/root/opt/alt/tests" "Mozilla/5.0 AppleWebKit/537.36 (KHTML, like Gecko; compatible; GPTBot/1.3; +https://openai.com/gptbot)" 54 **0/54803**
74.7.227.26 - - [04/Mar/2026:05:26:41 -0700] "GET /?path=//proc/3538462/cwd/proc/thread-self/root/opt/alt/tests/alt-php83-pecl-ssh2_1.4.1-1.el8 HTTP/2.0" 200 2398 "https://icdp.co.in/?path=//proc/3538462/cwd/proc/thread-self/root/opt/alt/tests" "Mozilla/5.0 AppleWebKit/537.36 (KHTML, like Gecko; compatible; GPTBot/1.3; +https://openai.com/gptbot)" 47 **0/47435**
74.7.227.26 - - [04/Mar/2026:05:26:42 -0700] "GET /?path=//proc/3538462/cwd/proc/thread-self/root/opt/alt/tests/alt-php72-pecl-oci8_2.2.0-2.el8 HTTP/2.0" 200 2398 "https://icdp.co.in/?path=//proc/3538462/cwd/proc/thread-self/root/opt/alt/tests" "Mozilla/5.0 AppleWebKit/537.36 (KHTML, like Gecko; compatible; GPTBot/1.3; +https://openai.com/gptbot)" 43 **0/43804**
74.7.227.26 - - [04/Mar/2026:05:26:42 -0700] "GET /?path=//proc/3452243/cwd/proc/thread-self/root/opt/alt/tests/alt-php80-pecl-ssh2_1.4.1-1.el8 HTTP/2.0" 200 2398 "https://icdp.co.in/?path=//proc/3452243/cwd/proc/thread-self/root/opt/alt/tests" "Mozilla/5.0 AppleWebKit/537.36 (KHTML, like Gecko; compatible; GPTBot/1.3; +https://openai.com/gptbot)" 54 **0/54213**
74.7.227.26 - - [04/Mar/2026:05:26:43 -0700] "GET /?path=//proc/3458776/cwd/proc/thread-self/root/opt/alt/tests/alt-php74-pecl-ssh2_1.4.1-1.el8 HTTP/2.0" 200 2399 "https://icdp.co.in/?path=//proc/3458776/cwd/proc/thread-self/root/opt/alt/tests" "Mozilla/5.0 AppleWebKit/537.36 (KHTML, like Gecko; compatible; GPTBot/1.3; +https://openai.com/gptbot)" 51 **0/51222**
74.7.227.26 - - [04/Mar/2026:05:26:43 -0700] "GET /?path=//proc/3452243/cwd/proc/thread-self/root/opt/alt/tests/alt-php84-pecl-oci8_3.4.0-1.el8 HTTP/2.0" 200 2398 "https://icdp.co.in/?path=//proc/3452243/cwd/proc/thread-self/root/opt/alt/tests" "Mozilla/5.0 AppleWebKit/537.36 (KHTML, like Gecko; compatible; GPTBot/1.3; +https://openai.com/gptbot)" 54 **0/54370**
74.7.227.26 - - [04/Mar/2026:05:26:44 -0700] "GET /?path=//proc/3452243/cwd/proc/thread-self/root/opt/alt/tests/alt-php70-pecl-oci8_2.2.0-2.el8 HTTP/2.0" 200 2398 "https://icdp.co.in/?path=//proc/3452243/cwd/proc/thread-self/root/opt/alt/tests" "Mozilla/5.0 AppleWebKit/537.36 (KHTML, like Gecko; compatible; GPTBot/1.3; +https://openai.com/gptbot)" 43 **0/43333**
74.7.227.26 - - [04/Mar/2026:05:26:44 -0700] "GET /?path=//proc/3452243/cwd/proc/thread-self/root/opt/alt/tests/alt-php70-pecl-ssh2_1.4.1-1.el8 HTTP/2.0" 200 2398 "https://icdp.co.in/?path=//proc/3452243/cwd/proc/thread-self/root/opt/alt/tests" "Mozilla/5.0 AppleWebKit/537.36 (KHTML, like Gecko; compatible; GPTBot/1.3; +https://openai.com/gptbot)" 42 **0/42433**
74.7.227.26 - - [04/Mar/2026:05:26:45 -0700] "GET /?path=//proc/3452243/cwd/proc/thread-self/root/opt/alt/tests/alt-php72-pecl-ssh2_1.4.1-1.el8 HTTP/2.0" 200 2398 "https://icdp.co.in/?path=//proc/3452243/cwd/proc/thread-self/root/opt/alt/tests" "Mozilla/5.0 AppleWebKit/537.36 (KHTML, like Gecko; compatible; GPTBot/1.3; +https://openai.com/gptbot)" 48 **0/48314**
74.7.227.26 - - [04/Mar/2026:05:26:46 -0700] "GET /?path=//proc/3458776/cwd/proc/thread-self/root/opt/alt/tests/alt-php82-pecl-ssh2_1.4.1-1.el8 HTTP/2.0" 200 2398 "https://icdp.co.in/?path=//proc/3458776/cwd/proc/thread-self/root/opt/alt/tests" "Mozilla/5.0 AppleWebKit/537.36 (KHTML, like Gecko; compatible; GPTBot/1.3; +https://openai.com/gptbot)" 46 **0/46907**
74.7.227.26 - - [04/Mar/2026:05:26:46 -0700] "GET /?path=//proc/3458776/cwd/proc/self/root/lib/firmware/amdnpu/17f0_10 HTTP/2.0" 200 2386 "https://icdp.co.in/?path=//proc/3458776/cwd/proc/self/root/lib/firmware/amdnpu" "Mozilla/5.0 AppleWebKit/537.36 (KHTML, like Gecko; compatible; GPTBot/1.3; +https://openai.com/gptbot)" 45 **0/45074**
74.7.227.26 - - [04/Mar/2026:05:26:47 -0700] "GET /?path=//proc/3538462/cwd/proc/self/root/lib/firmware/amdnpu/17f0_10 HTTP/2.0" 200 2385 "https://icdp.co.in/?path=//proc/3538462/cwd/proc/self/root/lib/firmware/amdnpu" "Mozilla/5.0 AppleWebKit/537.36 (KHTML, like Gecko; compatible; GPTBot/1.3; +https://openai.com/gptbot)" 54 **0/54054**
74.7.227.26 - - [04/Mar/2026:05:26:47 -0700] "GET /?path=//proc/3538462/cwd/proc/self/root/lib/firmware/amdnpu/17f0_11 HTTP/2.0" 200 2385 "https://icdp.co.in/?path=//proc/3538462/cwd/proc/self/root/lib/firmware/amdnpu" "Mozilla/5.0 AppleWebKit/537.36 (KHTML, like Gecko; compatible; GPTBot/1.3; +https://openai.com/gptbot)" 40 **0/40570**
119.13.238.254 - - [04/Mar/2026:05:26:47 -0700] "GET /vierklee-wetten-registrieren/?fileloc=%2F%2Fbin%2Fscreen&path=%2F%2Fbin HTTP/2.0" 200 213006 "-" "Mozilla/5.0 (Macintosh; Intel Mac OS X 10_15_7) AppleWebKit/537.36 (KHTML, like Gecko) Chrome/145.0.0.0 Safari/537.36" 164 **0/164885**
74.7.227.26 - - [04/Mar/2026:05:26:48 -0700] "GET /?path=//proc/3452243/cwd/proc/irq/9 HTTP/2.0" 200 2335 "https://icdp.co.in/?path=//proc/3452243/cwd/proc/irq" "Mozilla/5.0 AppleWebKit/537.36 (KHTML, like Gecko; compatible; GPTBot/1.3; +https://openai.com/gptbot)" 47 **0/47482**
144.76.32.236 - - [04/Mar/2026:05:26:48 -0700] "GET /lll-tragamonedas-gratuito-sin-registrarse-bonos-de-casino-megawin-juegos-sobre-maquinas-tragamonedas-en-internet/ HTTP/1.1" 200 5663 "-" "Mozilla/5.0 (compatible; SERankingBacklinksBot/1.0; +https://seranking.com/backlinks-crawler)" 47 **0/47672**
74.7.227.26 - - [04/Mar/2026:05:26:48 -0700] "GET /?path=//proc/3458776/cwd/proc/irq/0 HTTP/2.0" 200 2336 "https://icdp.co.in/?path=//proc/3458776/cwd/proc/irq" "Mozilla/5.0 AppleWebKit/537.36 (KHTML, like Gecko; compatible; GPTBot/1.3; +https://openai.com/gptbot)" 52 **0/52775**
74.7.227.26 - - [04/Mar/2026:05:26:49 -0700] "GET /?path=//proc/3458776/cwd/proc/irq/8 HTTP/2.0" 200 2336 "https://icdp.co.in/?path=//proc/3458776/cwd/proc/irq" "Mozilla/5.0 AppleWebKit/537.36 (KHTML, like Gecko; compatible; GPTBot/1.3; +https://openai.com/gptbot)" 44 **0/44263**
74.7.227.26 - - [04/Mar/2026:05:26:49 -0700] "GET /?path=//proc/3538462/cwd/proc/irq/0 HTTP/2.0" 200 2335 "https://icdp.co.in/?path=//proc/3538462/cwd/proc/irq" "Mozilla/5.0 AppleWebKit/537.36 (KHTML, like Gecko; compatible; GPTBot/1.3; +https://openai.com/gptbot)" 45 **0/45357**
74.7.227.26 - - [04/Mar/2026:05:26:50 -0700] "GET /?path=//proc/3458776/cwd/proc/irq/4 HTTP/2.0" 200 2336 "https://icdp.co.in/?path=//proc/3458776/cwd/proc/irq" "Mozilla/5.0 AppleWebKit/537.36 (KHTML, like Gecko; compatible; GPTBot/1.3; +https://openai.com/gptbot)" 48 **0/48137**
74.7.227.26 - - [04/Mar/2026:05:26:50 -0700] "GET /?path=//proc/3458776/cwd/proc/irq/9 HTTP/2.0" 200 2336 "https://icdp.co.in/?path=//proc/3458776/cwd/proc/irq" "Mozilla/5.0 AppleWebKit/537.36 (KHTML, like Gecko; compatible; GPTBot/1.3; +https://openai.com/gptbot)" 49 **0/49506**
74.7.227.26 - - [04/Mar/2026:05:26:51 -0700] "GET /?path=//proc/3458776/cwd/proc/irq/5 HTTP/2.0" 200 2335 "https://icdp.co.in/?path=//proc/3458776/cwd/proc/irq" "Mozilla/5.0 AppleWebKit/537.36 (KHTML, like Gecko; compatible; GPTBot/1.3; +https://openai.com/gptbot)" 53 **0/53062**
74.7.227.26 - - [04/Mar/2026:05:26:51 -0700] "GET /?path=//proc/3538462/cwd/proc/irq/1 HTTP/2.0" 200 2335 "https://icdp.co.in/?path=//proc/3538462/cwd/proc/irq" "Mozilla/5.0 AppleWebKit/537.36 (KHTML, like Gecko; compatible; GPTBot/1.3; +https://openai.com/gptbot)" 50 **0/50712**
144.76.32.236 - - [04/Mar/2026:05:26:52 -0700] "GET /casinos-en-internet-con-dinero-real-en-ee-uu-top-11-de-abertura-troll-hunters-brecha-de-reduccion-toki-time-2025/ HTTP/1.1" 200 5663 "-" "Mozilla/5.0 (compatible; SERankingBacklinksBot/1.0; +https://seranking.com/backlinks-crawler)" 48 **0/48394**
74.7.227.26 - - [04/Mar/2026:05:26:52 -0700] "GET /?path=//proc/3538462/cwd/proc/irq/5 HTTP/2.0" 200 2334 "https://icdp.co.in/?path=//proc/3538462/cwd/proc/irq" "Mozilla/5.0 AppleWebKit/537.36 (KHTML, like Gecko; compatible; GPTBot/1.3; +https://openai.com/gptbot)" 52 **0/52827**
74.7.227.26 - - [04/Mar/2026:05:26:53 -0700] "GET /?path=//proc/3458776/cwd/proc/irq/1 HTTP/2.0" 200 2336 "https://icdp.co.in/?path=//proc/3458776/cwd/proc/irq" "Mozilla/5.0 AppleWebKit/537.36 (KHTML, like Gecko; compatible; GPTBot/1.3; +https://openai.com/gptbot)" 53 **0/53369**
74.7.227.26 - - [04/Mar/2026:05:26:53 -0700] "GET /?path=//proc/3538462/cwd/proc/irq/2 HTTP/2.0" 200 2335 "https://icdp.co.in/?path=//proc/3538462/cwd/proc/irq" "Mozilla/5.0 AppleWebKit/537.36 (KHTML, like Gecko; compatible; GPTBot/1.3; +https://openai.com/gptbot)" 38 **0/38945**
74.7.227.26 - - [04/Mar/2026:05:26:54 -0700] "GET /?path=//proc/3538462/cwd/proc/irq/7 HTTP/2.0" 200 2336 "https://icdp.co.in/?path=//proc/3538462/cwd/proc/irq" "Mozilla/5.0 AppleWebKit/537.36 (KHTML, like Gecko; compatible; GPTBot/1.3; +https://openai.com/gptbot)" 43 **0/43640**
74.7.227.26 - - [04/Mar/2026:05:26:54 -0700] "GET /?path=//proc/3538462/cwd/proc/irq/8 HTTP/2.0" 200 2335 "https://icdp.co.in/?path=//proc/3538462/cwd/proc/irq" "Mozilla/5.0 AppleWebKit/537.36 (KHTML, like Gecko; compatible; GPTBot/1.3; +https://openai.com/gptbot)" 42 **0/42471**
74.7.227.26 - - [04/Mar/2026:05:26:55 -0700] "GET /?path=//proc/3538462/cwd/proc/irq/6 HTTP/2.0" 200 2335 "https://icdp.co.in/?path=//proc/3538462/cwd/proc/irq" "Mozilla/5.0 AppleWebKit/537.36 (KHTML, like Gecko; compatible; GPTBot/1.3; +https://openai.com/gptbot)" 43 **0/43542**
74.7.227.26 - - [04/Mar/2026:05:26:55 -0700] "GET /?path=//proc/3458776/cwd/proc/irq/7 HTTP/2.0" 200 2336 "https://icdp.co.in/?path=//proc/3458776/cwd/proc/irq" "Mozilla/5.0 AppleWebKit/537.36 (KHTML, like Gecko; compatible; GPTBot/1.3; +https://openai.com/gptbot)" 48 **0/48284**
144.76.32.236 - - [04/Mar/2026:05:26:55 -0700] "GET /gebuhrenfrei-zum-besten-geben-casino-sunmaker-25-freie-spins-spielmit-verbunden-seit-unter-einsatz-von-20-jahren/ HTTP/1.1" 200 5663 "-" "Mozilla/5.0 (compatible; SERankingBacklinksBot/1.0; +https://seranking.com/backlinks-crawler)" 48 **0/48589**
74.7.227.26 - - [04/Mar/2026:05:26:56 -0700] "GET /?path=//proc/3538462/cwd/proc/irq/4 HTTP/2.0" 200 2335 "https://icdp.co.in/?path=//proc/3538462/cwd/proc/irq" "Mozilla/5.0 AppleWebKit/537.36 (KHTML, like Gecko; compatible; GPTBot/1.3; +https://openai.com/gptbot)" 53 **0/53959**
74.7.227.26 - - [04/Mar/2026:05:26:56 -0700] "GET /?path=//proc/3458776/cwd/proc/irq/2 HTTP/2.0" 200 2336 "https://icdp.co.in/?path=//proc/3458776/cwd/proc/irq" "Mozilla/5.0 AppleWebKit/537.36 (KHTML, like Gecko; compatible; GPTBot/1.3; +https://openai.com/gptbot)" 54 **0/54190**
74.7.227.26 - - [04/Mar/2026:05:26:57 -0700] "GET /?path=//proc/3458776/cwd/proc/irq/3 HTTP/2.0" 200 2336 "https://icdp.co.in/?path=//proc/3458776/cwd/proc/irq" "Mozilla/5.0 AppleWebKit/537.36 (KHTML, like Gecko; compatible; GPTBot/1.3; +https://openai.com/gptbot)" 45 **0/45827**
74.7.227.26 - - [04/Mar/2026:05:26:57 -0700] "GET /?path=//proc/3452243/cwd/proc/irq/1 HTTP/2.0" 200 2335 "https://icdp.co.in/?path=//proc/3452243/cwd/proc/irq" "Mozilla/5.0 AppleWebKit/537.36 (KHTML, like Gecko; compatible; GPTBot/1.3; +https://openai.com/gptbot)" 55 **0/55207**
74.7.227.26 - - [04/Mar/2026:05:26:58 -0700] "GET /?path=//proc/3452243/cwd/proc/irq/8 HTTP/2.0" 200 2335 "https://icdp.co.in/?path=//proc/3452243/cwd/proc/irq" "Mozilla/5.0 AppleWebKit/537.36 (KHTML, like Gecko; compatible; GPTBot/1.3; +https://openai.com/gptbot)" 52 **0/52628**
47.128.115.71 - - [04/Mar/2026:05:26:58 -0700] "GET /vierklee-wetten-registrieren/?fileloc=%2F%2Fbin%2Fpodchecker&path=%2F%2Fbin HTTP/2.0" 200 3861 "-" "Mozilla/5.0 (Linux; Android 5.0) AppleWebKit/537.36 (KHTML, like Gecko) Mobile Safari/537.36 (compatible; TikTokSpider; ttspider-feedback@tiktok.com)" 46 **0/46980**
74.7.227.26 - - [04/Mar/2026:05:26:58 -0700] "GET /?path=//proc/3538462/cwd/proc/irq/3 HTTP/2.0" 200 2335 "https://icdp.co.in/?path=//proc/3538462/cwd/proc/irq" "Mozilla/5.0 AppleWebKit/537.36 (KHTML, like Gecko; compatible; GPTBot/1.3; +https://openai.com/gptbot)" 46 **0/46167**
57.141.2.53 - - [04/Mar/2026:05:26:58 -0700] "GET /genau-so-wie-spielt-person-am-ehesten-unter-einsatz-von-dem-100000%ef%bf%bd-bonus-frei-einzahlung/feed/ HTTP/2.0" 200 127968 "-" "meta-externalagent/1.1 (+https://developers.facebook.com/docs/sharing/webmasters/crawler)" 62 **0/62460**
74.7.227.26 - - [04/Mar/2026:05:26:59 -0700] "GET /?path=//proc/3452243/cwd/proc/irq/7 HTTP/2.0" 200 2336 "https://icdp.co.in/?path=//proc/3452243/cwd/proc/irq" "Mozilla/5.0 AppleWebKit/537.36 (KHTML, like Gecko; compatible; GPTBot/1.3; +https://openai.com/gptbot)" 47 **0/47898**
74.7.227.26 - - [04/Mar/2026:05:26:59 -0700] "GET /?path=//proc/3452243/cwd/proc/irq/6 HTTP/2.0" 200 2335 "https://icdp.co.in/?path=//proc/3452243/cwd/proc/irq" "Mozilla/5.0 AppleWebKit/537.36 (KHTML, like Gecko; compatible; GPTBot/1.3; +https://openai.com/gptbot)" 51 **0/51983**
74.7.227.26 - - [04/Mar/2026:05:27:00 -0700] "GET /?path=//proc/3458776/cwd/proc/irq/6 HTTP/2.0" 200 2335 "https://icdp.co.in/?path=//proc/3458776/cwd/proc/irq" "Mozilla/5.0 AppleWebKit/537.36 (KHTML, like Gecko; compatible; GPTBot/1.3; +https://openai.com/gptbot)" 55 **0/55308**
74.7.227.26 - - [04/Mar/2026:05:27:00 -0700] "GET /?path=//proc/3452243/cwd/proc/irq/0 HTTP/2.0" 200 2335 "https://icdp.co.in/?path=//proc/3452243/cwd/proc/irq" "Mozilla/5.0 AppleWebKit/537.36 (KHTML, like Gecko; compatible; GPTBot/1.3; +https://openai.com/gptbot)" 44 **0/44290**
74.7.227.26 - - [04/Mar/2026:05:27:01 -0700] "GET /?path=//proc/3538462/cwd/proc/irq/9 HTTP/2.0" 200 2335 "https://icdp.co.in/?path=//proc/3538462/cwd/proc/irq" "Mozilla/5.0 AppleWebKit/537.36 (KHTML, like Gecko; compatible; GPTBot/1.3; +https://openai.com/gptbot)" 63 **0/63296**
74.7.227.26 - - [04/Mar/2026:05:27:01 -0700] "GET /?path=//proc/3452215/cwd/usr/include/netinet HTTP/2.0" 200 2345 "https://icdp.co.in/?path=//proc/3452215/cwd/usr/include" "Mozilla/5.0 AppleWebKit/537.36 (KHTML, like Gecko; compatible; GPTBot/1.3; +https://openai.com/gptbot)" 65 **0/65146**
74.7.227.26 - - [04/Mar/2026:05:27:02 -0700] "GET /?path=//proc/3453014/cwd/usr/include/netinet HTTP/2.0" 200 2344 "https://icdp.co.in/?path=//proc/3453014/cwd/usr/include" "Mozilla/5.0 AppleWebKit/537.36 (KHTML, like Gecko; compatible; GPTBot/1.3; +https://openai.com/gptbot)" 78 **0/78264**
74.7.227.26 - - [04/Mar/2026:05:27:03 -0700] "GET /?path=//proc/3453136/cwd/usr/include/netinet HTTP/2.0" 200 2344 "https://icdp.co.in/?path=//proc/3453136/cwd/usr/include" "Mozilla/5.0 AppleWebKit/537.36 (KHTML, like Gecko; compatible; GPTBot/1.3; +https://openai.com/gptbot)" 58 **0/58054**
57.141.2.57 - - [04/Mar/2026:05:27:03 -0700] "GET /none-team-should-have-authority-and-make-any-obligations-towards-others-partys-behalf/ HTTP/2.0" 200 127968 "-" "meta-externalagent/1.1 (+https://developers.facebook.com/docs/sharing/webmasters/crawler)" 52 **0/52384**
74.7.227.26 - - [04/Mar/2026:05:27:03 -0700] "GET /?path=//proc/3458776/cwd/proc/self/root/lib/rpm/platform/i686-linux HTTP/2.0" 200 2383 "https://icdp.co.in/?path=//proc/3458776/cwd/proc/self/root/lib/rpm/platform" "Mozilla/5.0 AppleWebKit/537.36 (KHTML, like Gecko; compatible; GPTBot/1.3; +https://openai.com/gptbot)" 56 **0/56630**
74.7.227.26 - - [04/Mar/2026:05:27:04 -0700] "GET /?path=//proc/3538462/cwd/proc/self/root/lib/rpm/platform/i386-linux HTTP/2.0" 200 2382 "https://icdp.co.in/?path=//proc/3538462/cwd/proc/self/root/lib/rpm/platform" "Mozilla/5.0 AppleWebKit/537.36 (KHTML, like Gecko; compatible; GPTBot/1.3; +https://openai.com/gptbot)" 50 **0/50645**
74.7.227.26 - - [04/Mar/2026:05:27:04 -0700] "GET /?path=//proc/3538462/cwd/proc/self/root/lib/rpm/platform/i686-linux HTTP/2.0" 200 2382 "https://icdp.co.in/?path=//proc/3538462/cwd/proc/self/root/lib/rpm/platform" "Mozilla/5.0 AppleWebKit/537.36 (KHTML, like Gecko; compatible; GPTBot/1.3; +https://openai.com/gptbot)" 44 **0/44168**
74.7.227.26 - - [04/Mar/2026:05:27:05 -0700] "GET /?path=//proc/irq/22/uhci_hcd:usb1 HTTP/2.0" 200 2330 "https://icdp.co.in/?path=//proc/irq/22" "Mozilla/5.0 AppleWebKit/537.36 (KHTML, like Gecko; compatible; GPTBot/1.3; +https://openai.com/gptbot)" 53 **0/53057**
74.7.227.26 - - [04/Mar/2026:05:27:05 -0700] "GET /?fileloc=//proc/3452243/cwd/proc/thread-self/root/proc/sys/net/ipv4/tcp_available_congestion_control&path=//proc/3452243/cwd/proc/thread-self/root/proc/sys/net/ipv4 HTTP/2.0" 200 2343 "https://icdp.co.in/?path=//proc/3452243/cwd/proc/thread-self/root/proc/sys/net/ipv4" "Mozilla/5.0 AppleWebKit/537.36 (KHTML, like Gecko; compatible; GPTBot/1.3; +https://openai.com/gptbot)" 47 **0/47000**
74.7.227.26 - - [04/Mar/2026:05:27:06 -0700] "GET /?fileloc=//proc/3452243/cwd/proc/thread-self/root/proc/sys/net/ipv6/flowlabel_consistency&path=//proc/3452243/cwd/proc/thread-self/root/proc/sys/net/ipv6 HTTP/2.0" 200 2338 "https://icdp.co.in/?path=//proc/3452243/cwd/proc/thread-self/root/proc/sys/net/ipv6" "Mozilla/5.0 AppleWebKit/537.36 (KHTML, like Gecko; compatible; GPTBot/1.3; +https://openai.com/gptbot)" 47 **0/47984**
74.7.227.26 - - [04/Mar/2026:05:27:06 -0700] "GET /?fileloc=//proc/3452215/cwd/bin/mariadb-show&path=//proc/3452215/cwd/bin HTTP/2.0" 200 2280 "https://icdp.co.in/?path=//proc/3452215/cwd/bin" "Mozilla/5.0 AppleWebKit/537.36 (KHTML, like Gecko; compatible; GPTBot/1.3; +https://openai.com/gptbot)" 53 **0/53952**
74.7.227.26 - - [04/Mar/2026:05:27:07 -0700] "GET /?fileloc=//proc/3539060/cwd/bin/mariadb-show&path=//proc/3539060/cwd/bin HTTP/2.0" 200 2280 "https://icdp.co.in/?path=//proc/3539060/cwd/bin" "Mozilla/5.0 AppleWebKit/537.36 (KHTML, like Gecko; compatible; GPTBot/1.3; +https://openai.com/gptbot)" 48 **0/48458**
74.7.227.26 - - [04/Mar/2026:05:27:07 -0700] "GET /?fileloc=//proc/3538462/cwd/bin/mariadb-show&path=//proc/3538462/cwd/bin HTTP/2.0" 200 2280 "https://icdp.co.in/?path=//proc/3538462/cwd/bin" "Mozilla/5.0 AppleWebKit/537.36 (KHTML, like Gecko; compatible; GPTBot/1.3; +https://openai.com/gptbot)" 47 **0/47369**
74.7.227.26 - - [04/Mar/2026:05:27:08 -0700] "GET /?fileloc=//proc/3485806/cwd/bin/mariadb-show&path=//proc/3485806/cwd/bin HTTP/2.0" 200 2280 "https://icdp.co.in/?path=//proc/3485806/cwd/bin" "Mozilla/5.0 AppleWebKit/537.36 (KHTML, like Gecko; compatible; GPTBot/1.3; +https://openai.com/gptbot)" 42 **0/42943**
43.225.188.247 - - [04/Mar/2026:05:27:08 -0700] "GET /vierklee-wetten-registrieren/?path=%2Fhome%2Fnyiet8349bzl%2F.cagefs HTTP/2.0" 200 2591 "https://www.google.com/" "Mozilla/5.0 (Windows NT 10.0; Win64; x64) AppleWebKit/537.36 (KHTML, like Gecko) Chrome/144.0.0.0 Safari/537.36" 41 **0/41474**
74.7.227.26 - - [04/Mar/2026:05:27:08 -0700] "GET /?fileloc=//proc/3458776/cwd/bin/mariadb-show&path=//proc/3458776/cwd/bin HTTP/2.0" 200 2280 "https://icdp.co.in/?path=//proc/3458776/cwd/bin" "Mozilla/5.0 AppleWebKit/537.36 (KHTML, like Gecko; compatible; GPTBot/1.3; +https://openai.com/gptbot)" 42 **0/42132**
144.76.32.236 - - [04/Mar/2026:05:27:09 -0700] "GET /genau-so-wie-man-allemal-as-part-of-verbunden-casinos-as-part-of-brd-spielen-vermag-ein-funktionsweise-pro-gamer/ HTTP/1.1" 200 5663 "-" "Mozilla/5.0 (compatible; SERankingBacklinksBot/1.0; +https://seranking.com/backlinks-crawler)" 40 **0/40924**
74.7.227.26 - - [04/Mar/2026:05:27:09 -0700] "GET /?fileloc=//proc/3538915/cwd/bin/mariadb-show&path=//proc/3538915/cwd/bin HTTP/2.0" 200 2280 "https://icdp.co.in/?path=//proc/3538915/cwd/bin" "Mozilla/5.0 AppleWebKit/537.36 (KHTML, like Gecko; compatible; GPTBot/1.3; +https://openai.com/gptbot)" 54 **0/54947**
74.7.227.26 - - [04/Mar/2026:05:27:09 -0700] "GET /?fileloc=//proc/3453014/cwd/bin/mariadb-show&path=//proc/3453014/cwd/bin HTTP/2.0" 200 2280 "https://icdp.co.in/?path=//proc/3453014/cwd/bin" "Mozilla/5.0 AppleWebKit/537.36 (KHTML, like Gecko; compatible; GPTBot/1.3; +https://openai.com/gptbot)" 48 **0/48579**
45.134.79.93 - - [04/Mar/2026:05:27:10 -0700] "GET /?c=%27nvOpzp;%20AND%201=1%20OR%20(%3C%27%22%3EiKO)),&channel=%27nvOpzp;%20AND%201=1%20OR%20(%3C%27%22%3EiKO)),&from=%27nvOpzp;%20AND%201=1%20OR%20(%3C%27%22%3EiKO)), HTTP/1.1" 200 4676 "-" "-" 53 **0/53207**
74.7.227.26 - - [04/Mar/2026:05:27:10 -0700] "GET /?fileloc=//proc/3537850/cwd/bin/mariadb-show&path=//proc/3537850/cwd/bin HTTP/2.0" 200 2280 "https://icdp.co.in/?path=//proc/3537850/cwd/bin" "Mozilla/5.0 AppleWebKit/537.36 (KHTML, like Gecko; compatible; GPTBot/1.3; +https://openai.com/gptbot)" 54 **0/54330**
74.7.227.26 - - [04/Mar/2026:05:27:11 -0700] "GET /?path=//proc/3539060/cwd/usr/lib/.build-id/56 HTTP/2.0" 200 2353 "https://icdp.co.in/?path=//proc/3539060/cwd/usr/lib/.build-id" "Mozilla/5.0 AppleWebKit/537.36 (KHTML, like Gecko; compatible; GPTBot/1.3; +https://openai.com/gptbot)" 47 **0/47743**
74.7.227.26 - - [04/Mar/2026:05:27:11 -0700] "GET /?path=//proc/3538915/cwd/usr/lib/.build-id/81 HTTP/2.0" 200 2354 "https://icdp.co.in/?path=//proc/3538915/cwd/usr/lib/.build-id" "Mozilla/5.0 AppleWebKit/537.36 (KHTML, like Gecko; compatible; GPTBot/1.3; +https://openai.com/gptbot)" 45 **0/45668**
74.7.227.26 - - [04/Mar/2026:05:27:11 -0700] "GET /?path=//proc/3453014/cwd/usr/lib/.build-id/01 HTTP/2.0" 200 2354 "https://icdp.co.in/?path=//proc/3453014/cwd/usr/lib/.build-id" "Mozilla/5.0 AppleWebKit/537.36 (KHTML, like Gecko; compatible; GPTBot/1.3; +https://openai.com/gptbot)" 45 **0/45426**
144.76.32.236 - - [04/Mar/2026:05:27:12 -0700] "GET /an-online-roulette-video-game-allows-you-to-take-advantage-of-the-game-play-instead-of-risking-any-a-real-income/ HTTP/1.1" 200 5663 "-" "Mozilla/5.0 (compatible; SERankingBacklinksBot/1.0; +https://seranking.com/backlinks-crawler)" 49 **0/49777**
74.7.227.26 - - [04/Mar/2026:05:27:12 -0700] "GET /?path=//proc/3452215/cwd/usr/lib/.build-id/43 HTTP/2.0" 200 2352 "https://icdp.co.in/?path=//proc/3452215/cwd/usr/lib/.build-id" "Mozilla/5.0 AppleWebKit/537.36 (KHTML, like Gecko; compatible; GPTBot/1.3; +https://openai.com/gptbot)" 46 **0/46649**
74.7.227.26 - - [04/Mar/2026:05:27:13 -0700] "GET /?path=//proc/3538915/cwd/usr/lib/.build-id/19 HTTP/2.0" 200 2354 "https://icdp.co.in/?path=//proc/3538915/cwd/usr/lib/.build-id" "Mozilla/5.0 AppleWebKit/537.36 (KHTML, like Gecko; compatible; GPTBot/1.3; +https://openai.com/gptbot)" 40 **0/40600**
74.7.227.26 - - [04/Mar/2026:05:27:13 -0700] "GET /?path=//proc/3539060/cwd/usr/lib/.build-id/96 HTTP/2.0" 200 2354 "https://icdp.co.in/?path=//proc/3539060/cwd/usr/lib/.build-id" "Mozilla/5.0 AppleWebKit/537.36 (KHTML, like Gecko; compatible; GPTBot/1.3; +https://openai.com/gptbot)" 48 **0/48969**
74.7.227.26 - - [04/Mar/2026:05:27:14 -0700] "GET /?path=//proc/3539060/cwd/usr/lib/.build-id/65 HTTP/2.0" 200 2353 "https://icdp.co.in/?path=//proc/3539060/cwd/usr/lib/.build-id" "Mozilla/5.0 AppleWebKit/537.36 (KHTML, like Gecko; compatible; GPTBot/1.3; +https://openai.com/gptbot)" 58 **0/58377**
74.7.227.26 - - [04/Mar/2026:05:27:14 -0700] "GET /?path=//proc/3538463/cwd/usr/lib/.build-id/37 HTTP/2.0" 200 2353 "https://icdp.co.in/?path=//proc/3538463/cwd/usr/lib/.build-id" "Mozilla/5.0 AppleWebKit/537.36 (KHTML, like Gecko; compatible; GPTBot/1.3; +https://openai.com/gptbot)" 47 **0/47435**
74.7.227.26 - - [04/Mar/2026:05:27:15 -0700] "GET /?path=//proc/3538463/cwd/usr/lib/.build-id/03 HTTP/2.0" 200 2353 "https://icdp.co.in/?path=//proc/3538463/cwd/usr/lib/.build-id" "Mozilla/5.0 AppleWebKit/537.36 (KHTML, like Gecko; compatible; GPTBot/1.3; +https://openai.com/gptbot)" 42 **0/42287**
74.7.227.26 - - [04/Mar/2026:05:27:15 -0700] "GET /?path=//proc/3453014/cwd/usr/lib/.build-id/51 HTTP/2.0" 200 2353 "https://icdp.co.in/?path=//proc/3453014/cwd/usr/lib/.build-id" "Mozilla/5.0 AppleWebKit/537.36 (KHTML, like Gecko; compatible; GPTBot/1.3; +https://openai.com/gptbot)" 50 **0/50394**
74.7.227.26 - - [04/Mar/2026:05:27:16 -0700] "GET /?path=//proc/3453014/cwd/usr/lib/.build-id/15 HTTP/2.0" 200 2353 "https://icdp.co.in/?path=//proc/3453014/cwd/usr/lib/.build-id" "Mozilla/5.0 AppleWebKit/537.36 (KHTML, like Gecko; compatible; GPTBot/1.3; +https://openai.com/gptbot)" 42 **0/42078**
74.7.227.26 - - [04/Mar/2026:05:27:16 -0700] "GET /?path=//proc/3538915/cwd/usr/lib/.build-id/89 HTTP/2.0" 200 2353 "https://icdp.co.in/?path=//proc/3538915/cwd/usr/lib/.build-id" "Mozilla/5.0 AppleWebKit/537.36 (KHTML, like Gecko; compatible; GPTBot/1.3; +https://openai.com/gptbot)" 45 **0/45744**
74.7.227.26 - - [04/Mar/2026:05:27:17 -0700] "GET /?path=//proc/3564199/cwd/usr/lib/.build-id/99 HTTP/2.0" 200 2350 "https://icdp.co.in/?path=//proc/3564199/cwd/usr/lib/.build-id" "Mozilla/5.0 AppleWebKit/537.36 (KHTML, like Gecko; compatible; GPTBot/1.3; +https://openai.com/gptbot)" 42 **0/42524**
74.7.227.26 - - [04/Mar/2026:05:27:17 -0700] "GET /?path=//proc/3453014/cwd/usr/lib/.build-id/10 HTTP/2.0" 200 2354 "https://icdp.co.in/?path=//proc/3453014/cwd/usr/lib/.build-id" "Mozilla/5.0 AppleWebKit/537.36 (KHTML, like Gecko; compatible; GPTBot/1.3; +https://openai.com/gptbot)" 40 **0/40757**
74.7.227.26 - - [04/Mar/2026:05:27:18 -0700] "GET /?path=//proc/3538463/cwd/usr/lib/.build-id/93 HTTP/2.0" 200 2352 "https://icdp.co.in/?path=//proc/3538463/cwd/usr/lib/.build-id" "Mozilla/5.0 AppleWebKit/537.36 (KHTML, like Gecko; compatible; GPTBot/1.3; +https://openai.com/gptbot)" 50 **0/50064**
74.7.227.26 - - [04/Mar/2026:05:27:18 -0700] "GET /?path=//proc/3453014/cwd/usr/lib/.build-id/05 HTTP/2.0" 200 2353 "https://icdp.co.in/?path=//proc/3453014/cwd/usr/lib/.build-id" "Mozilla/5.0 AppleWebKit/537.36 (KHTML, like Gecko; compatible; GPTBot/1.3; +https://openai.com/gptbot)" 48 **0/48589**
74.7.227.26 - - [04/Mar/2026:05:27:19 -0700] "GET /?path=//proc/3452215/cwd/usr/lib/.build-id/13 HTTP/2.0" 200 2352 "https://icdp.co.in/?path=//proc/3452215/cwd/usr/lib/.build-id" "Mozilla/5.0 AppleWebKit/537.36 (KHTML, like Gecko; compatible; GPTBot/1.3; +https://openai.com/gptbot)" 62 **0/62304**
144.76.32.236 - - [04/Mar/2026:05:27:19 -0700] "GET /casinos-on-the-chicago-nights-online-slot-internet-offering-50-free-spins-no-deposit-to-your-guide-from-deceased/ HTTP/1.1" 200 5663 "-" "Mozilla/5.0 (compatible; SERankingBacklinksBot/1.0; +https://seranking.com/backlinks-crawler)" 41 **0/41870**
74.7.227.26 - - [04/Mar/2026:05:27:19 -0700] "GET /?path=//proc/3538463/cwd/usr/lib/.build-id/73 HTTP/2.0" 200 2352 "https://icdp.co.in/?path=//proc/3538463/cwd/usr/lib/.build-id" "Mozilla/5.0 AppleWebKit/537.36 (KHTML, like Gecko; compatible; GPTBot/1.3; +https://openai.com/gptbot)" 46 **0/46381**
74.7.227.26 - - [04/Mar/2026:05:27:20 -0700] "GET /?path=//proc/3452215/cwd/usr/lib/.build-id/31 HTTP/2.0" 200 2352 "https://icdp.co.in/?path=//proc/3452215/cwd/usr/lib/.build-id" "Mozilla/5.0 AppleWebKit/537.36 (KHTML, like Gecko; compatible; GPTBot/1.3; +https://openai.com/gptbot)" 39 **0/39190**
74.7.227.26 - - [04/Mar/2026:05:27:20 -0700] "GET /?path=//proc/3538463/cwd/usr/lib/.build-id/23 HTTP/2.0" 200 2352 "https://icdp.co.in/?path=//proc/3538463/cwd/usr/lib/.build-id" "Mozilla/5.0 AppleWebKit/537.36 (KHTML, like Gecko; compatible; GPTBot/1.3; +https://openai.com/gptbot)" 43 **0/43705**
74.7.227.26 - - [04/Mar/2026:05:27:21 -0700] "GET /?path=//proc/3539060/cwd/usr/lib/.build-id/59 HTTP/2.0" 200 2353 "https://icdp.co.in/?path=//proc/3539060/cwd/usr/lib/.build-id" "Mozilla/5.0 AppleWebKit/537.36 (KHTML, like Gecko; compatible; GPTBot/1.3; +https://openai.com/gptbot)" 49 **0/49308**
74.7.227.26 - - [04/Mar/2026:05:27:21 -0700] "GET /?path=//proc/3538915/cwd/usr/lib/.build-id/98 HTTP/2.0" 200 2353 "https://icdp.co.in/?path=//proc/3538915/cwd/usr/lib/.build-id" "Mozilla/5.0 AppleWebKit/537.36 (KHTML, like Gecko; compatible; GPTBot/1.3; +https://openai.com/gptbot)" 46 **0/46526**
74.7.227.26 - - [04/Mar/2026:05:27:22 -0700] "GET /?path=//proc/3452215/cwd/usr/lib/.build-id/41 HTTP/2.0" 200 2353 "https://icdp.co.in/?path=//proc/3452215/cwd/usr/lib/.build-id" "Mozilla/5.0 AppleWebKit/537.36 (KHTML, like Gecko; compatible; GPTBot/1.3; +https://openai.com/gptbot)" 42 **0/42818**
74.7.227.26 - - [04/Mar/2026:05:27:22 -0700] "GET /?path=//proc/3452215/cwd/usr/lib/.build-id/14 HTTP/2.0" 200 2353 "https://icdp.co.in/?path=//proc/3452215/cwd/usr/lib/.build-id" "Mozilla/5.0 AppleWebKit/537.36 (KHTML, like Gecko; compatible; GPTBot/1.3; +https://openai.com/gptbot)" 46 **0/46861**
74.7.227.26 - - [04/Mar/2026:05:27:23 -0700] "GET /?path=//proc/3539060/cwd/usr/lib/.build-id/95 HTTP/2.0" 200 2353 "https://icdp.co.in/?path=//proc/3539060/cwd/usr/lib/.build-id" "Mozilla/5.0 AppleWebKit/537.36 (KHTML, like Gecko; compatible; GPTBot/1.3; +https://openai.com/gptbot)" 44 **0/44699**
74.7.227.26 - - [04/Mar/2026:05:27:23 -0700] "GET /?path=//proc/3538915/cwd/usr/lib/.build-id/18 HTTP/2.0" 200 2354 "https://icdp.co.in/?path=//proc/3538915/cwd/usr/lib/.build-id" "Mozilla/5.0 AppleWebKit/537.36 (KHTML, like Gecko; compatible; GPTBot/1.3; +https://openai.com/gptbot)" 41 **0/41912**
74.7.227.26 - - [04/Mar/2026:05:27:24 -0700] "GET /?path=//proc/3538915/cwd/usr/lib/.build-id/91 HTTP/2.0" 200 2354 "https://icdp.co.in/?path=//proc/3538915/cwd/usr/lib/.build-id" "Mozilla/5.0 AppleWebKit/537.36 (KHTML, like Gecko; compatible; GPTBot/1.3; +https://openai.com/gptbot)" 45 **0/45804**
74.7.227.26 - - [04/Mar/2026:05:27:25 -0700] "GET /?path=//proc/3538463/cwd/usr/lib/.build-id/13 HTTP/2.0" 200 2352 "https://icdp.co.in/?path=//proc/3538463/cwd/usr/lib/.build-id" "Mozilla/5.0 AppleWebKit/537.36 (KHTML, like Gecko; compatible; GPTBot/1.3; +https://openai.com/gptbot)" 45 **0/45262**
74.7.227.26 - - [04/Mar/2026:05:27:25 -0700] "GET /?path=//proc/3458776/cwd/usr/lib/.build-id/77 HTTP/2.0" 200 2354 "https://icdp.co.in/?path=//proc/3458776/cwd/usr/lib/.build-id" "Mozilla/5.0 AppleWebKit/537.36 (KHTML, like Gecko; compatible; GPTBot/1.3; +https://openai.com/gptbot)" 41 **0/41652**
74.7.227.26 - - [04/Mar/2026:05:27:26 -0700] "GET /?path=//proc/3453014/cwd/usr/lib/.build-id/50 HTTP/2.0" 200 2353 "https://icdp.co.in/?path=//proc/3453014/cwd/usr/lib/.build-id" "Mozilla/5.0 AppleWebKit/537.36 (KHTML, like Gecko; compatible; GPTBot/1.3; +https://openai.com/gptbot)" 49 **0/49294**
144.76.32.236 - - [04/Mar/2026:05:27:26 -0700] "GET /and-even-though-the-option-of-game-and-incentives-is-very-important-the-fresh-percentage-methods-given-try-vital/ HTTP/1.1" 200 5663 "-" "Mozilla/5.0 (compatible; SERankingBacklinksBot/1.0; +https://seranking.com/backlinks-crawler)" 43 **0/43507**
74.7.227.26 - - [04/Mar/2026:05:27:26 -0700] "GET /?path=//proc/3538463/cwd/usr/lib/.build-id/39 HTTP/2.0" 200 2353 "https://icdp.co.in/?path=//proc/3538463/cwd/usr/lib/.build-id" "Mozilla/5.0 AppleWebKit/537.36 (KHTML, like Gecko; compatible; GPTBot/1.3; +https://openai.com/gptbot)" 52 **0/52729**
74.7.227.26 - - [04/Mar/2026:05:27:27 -0700] "GET /?path=//proc/3538463/cwd/usr/lib/.build-id/32 HTTP/2.0" 200 2352 "https://icdp.co.in/?path=//proc/3538463/cwd/usr/lib/.build-id" "Mozilla/5.0 AppleWebKit/537.36 (KHTML, like Gecko; compatible; GPTBot/1.3; +https://openai.com/gptbot)" 53 **0/53685**
74.7.227.26 - - [04/Mar/2026:05:27:27 -0700] "GET /?path=//proc/3538463/cwd/usr/lib/.build-id/30 HTTP/2.0" 200 2354 "https://icdp.co.in/?path=//proc/3538463/cwd/usr/lib/.build-id" "Mozilla/5.0 AppleWebKit/537.36 (KHTML, like Gecko; compatible; GPTBot/1.3; +https://openai.com/gptbot)" 39 **0/39364**
74.7.227.26 - - [04/Mar/2026:05:27:28 -0700] "GET /?path=//proc/3538462/cwd/usr/lib/.build-id/33 HTTP/2.0" 200 2352 "https://icdp.co.in/?path=//proc/3538462/cwd/usr/lib/.build-id" "Mozilla/5.0 AppleWebKit/537.36 (KHTML, like Gecko; compatible; GPTBot/1.3; +https://openai.com/gptbot)" 45 **0/45686**
74.7.227.26 - - [04/Mar/2026:05:27:28 -0700] "GET /?path=//proc/3538463/cwd/usr/lib/.build-id/31 HTTP/2.0" 200 2352 "https://icdp.co.in/?path=//proc/3538463/cwd/usr/lib/.build-id" "Mozilla/5.0 AppleWebKit/537.36 (KHTML, like Gecko; compatible; GPTBot/1.3; +https://openai.com/gptbot)" 41 **0/41822**
74.7.227.26 - - [04/Mar/2026:05:27:29 -0700] "GET /?path=//proc/3539060/cwd/usr/lib/.build-id/69 HTTP/2.0" 200 2354 "https://icdp.co.in/?path=//proc/3539060/cwd/usr/lib/.build-id" "Mozilla/5.0 AppleWebKit/537.36 (KHTML, like Gecko; compatible; GPTBot/1.3; +https://openai.com/gptbot)" 46 **0/46219**
144.76.32.236 - - [04/Mar/2026:05:27:29 -0700] "GET /lobstermania-garden-of-riches-twin-spin-spielsaal-kostenlose-spins-150-keine-kostenlosen-einzahlungspins-carnote/ HTTP/1.1" 200 5663 "-" "Mozilla/5.0 (compatible; SERankingBacklinksBot/1.0; +https://seranking.com/backlinks-crawler)" 46 **0/46461**
74.7.227.26 - - [04/Mar/2026:05:27:29 -0700] "GET /?fileloc=//proc/3538915/cwd/lib/.build-id/da/f048026456fe0de4d2d6b924688cc1d5ba89fe&path=//proc/3538915/cwd/lib/.build-id/da HTTP/2.0" 200 2319 "https://icdp.co.in/?path=//proc/3538915/cwd/lib/.build-id/da" "Mozilla/5.0 AppleWebKit/537.36 (KHTML, like Gecko; compatible; GPTBot/1.3; +https://openai.com/gptbot)" 36 **0/36395**
