74.7.227.26 - - [04/Mar/2026:05:25:06 -0700] "GET /?path=//proc/3539060/cwd/usr/lib/.build-id/03 HTTP/2.0" 200 2354 "https://icdp.co.in/?path=//proc/3539060/cwd/usr/lib/.build-id" "Mozilla/5.0 AppleWebKit/537.36 (KHTML, like Gecko; compatible; GPTBot/1.3; +https://openai.com/gptbot)" 66 **0/66442**
74.7.227.26 - - [04/Mar/2026:05:25:07 -0700] "GET /?path=//proc/3453014/cwd/usr/lib/.build-id/44 HTTP/2.0" 200 2353 "https://icdp.co.in/?path=//proc/3453014/cwd/usr/lib/.build-id" "Mozilla/5.0 AppleWebKit/537.36 (KHTML, like Gecko; compatible; GPTBot/1.3; +https://openai.com/gptbot)" 49 **0/49150**
74.7.227.26 - - [04/Mar/2026:05:25:07 -0700] "GET /?path=//proc/3538915/cwd/usr/lib/.build-id/58 HTTP/2.0" 200 2353 "https://icdp.co.in/?path=//proc/3538915/cwd/usr/lib/.build-id" "Mozilla/5.0 AppleWebKit/537.36 (KHTML, like Gecko; compatible; GPTBot/1.3; +https://openai.com/gptbot)" 50 **0/50622**
74.7.227.26 - - [04/Mar/2026:05:25:08 -0700] "GET /?path=//proc/3539060/cwd/usr/lib/.build-id/55 HTTP/2.0" 200 2353 "https://icdp.co.in/?path=//proc/3539060/cwd/usr/lib/.build-id" "Mozilla/5.0 AppleWebKit/537.36 (KHTML, like Gecko; compatible; GPTBot/1.3; +https://openai.com/gptbot)" 51 **0/51475**
74.7.227.26 - - [04/Mar/2026:05:25:08 -0700] "GET /?path=//proc/3453014/cwd/usr/lib/.build-id/45 HTTP/2.0" 200 2354 "https://icdp.co.in/?path=//proc/3453014/cwd/usr/lib/.build-id" "Mozilla/5.0 AppleWebKit/537.36 (KHTML, like Gecko; compatible; GPTBot/1.3; +https://openai.com/gptbot)" 56 **0/56745**
74.7.227.26 - - [04/Mar/2026:05:25:09 -0700] "GET /?path=//proc/3452215/cwd/usr/lib/.build-id/35 HTTP/2.0" 200 2351 "https://icdp.co.in/?path=//proc/3452215/cwd/usr/lib/.build-id" "Mozilla/5.0 AppleWebKit/537.36 (KHTML, like Gecko; compatible; GPTBot/1.3; +https://openai.com/gptbot)" 55 **0/55252**
74.7.227.26 - - [04/Mar/2026:05:25:09 -0700] "GET /?path=//proc/3538915/cwd/usr/lib/.build-id/95 HTTP/2.0" 200 2352 "https://icdp.co.in/?path=//proc/3538915/cwd/usr/lib/.build-id" "Mozilla/5.0 AppleWebKit/537.36 (KHTML, like Gecko; compatible; GPTBot/1.3; +https://openai.com/gptbot)" 62 **0/62580**
74.7.227.26 - - [04/Mar/2026:05:25:10 -0700] "GET /?path=//proc/3538463/cwd/usr/lib/.build-id/88 HTTP/2.0" 200 2352 "https://icdp.co.in/?path=//proc/3538463/cwd/usr/lib/.build-id" "Mozilla/5.0 AppleWebKit/537.36 (KHTML, like Gecko; compatible; GPTBot/1.3; +https://openai.com/gptbot)" 57 **0/57070**
47.128.119.178 - - [04/Mar/2026:05:25:12 -0700] "GET /bc-game-v-ukraini-grajte-ta-vigravajte/?fileloc=%2F%2Fbin%2Fcatchsegv&path=%2F%2Fbin HTTP/2.0" 200 3771 "-" "Mozilla/5.0 (Linux; Android 5.0) AppleWebKit/537.36 (KHTML, like Gecko) Mobile Safari/537.36 (compatible; TikTokSpider; ttspider-feedback@tiktok.com)" 559 **0/559200**
74.7.227.26 - - [04/Mar/2026:05:25:13 -0700] "GET /?path=//proc/3453014/cwd/usr/lib/.build-id/31 HTTP/2.0" 200 2354 "https://icdp.co.in/?path=//proc/3453014/cwd/usr/lib/.build-id" "Mozilla/5.0 AppleWebKit/537.36 (KHTML, like Gecko; compatible; GPTBot/1.3; +https://openai.com/gptbot)" 193 **0/193292**
144.76.32.236 - - [04/Mar/2026:05:25:13 -0700] "GET /le-varianti-disponibili-sono-tante-anche-possono-tentennare-verso-gameplay-codificazione-anche-tasso-di-pericolo/ HTTP/1.1" 200 5663 "-" "Mozilla/5.0 (compatible; SERankingBacklinksBot/1.0; +https://seranking.com/backlinks-crawler)" 108 **0/108095**
74.7.227.26 - - [04/Mar/2026:05:25:13 -0700] "GET /?path=//proc/3538463/cwd/usr/lib/.build-id/86 HTTP/2.0" 200 2352 "https://icdp.co.in/?path=//proc/3538463/cwd/usr/lib/.build-id" "Mozilla/5.0 AppleWebKit/537.36 (KHTML, like Gecko; compatible; GPTBot/1.3; +https://openai.com/gptbot)" 52 **0/52929**
74.7.227.26 - - [04/Mar/2026:05:25:14 -0700] "GET /?path=//proc/3538463/cwd/usr/lib/.build-id/84 HTTP/2.0" 200 2352 "https://icdp.co.in/?path=//proc/3538463/cwd/usr/lib/.build-id" "Mozilla/5.0 AppleWebKit/537.36 (KHTML, like Gecko; compatible; GPTBot/1.3; +https://openai.com/gptbot)" 58 **0/58257**
114.119.138.59 - - [04/Mar/2026:05:25:14 -0700] "GET /wie-adult-male-zigeunern-as-part-of-einem-bestehenden-bankverbindung-anmeldet/ HTTP/1.1" 200 5663 "https://www.icdp.co.in/wie-adult-male-zigeunern-as-part-of-einem-bestehenden-bankverbindung-anmeldet/" "Mozilla/5.0 (Linux; Android 7.0;) AppleWebKit/537.36 (KHTML, like Gecko) Mobile Safari/537.36 (compatible; PetalBot;+https://webmaster.petalsearch.com/site/petalbot)" 72 **0/72342**
74.7.227.26 - - [04/Mar/2026:05:25:14 -0700] "GET /?path=//proc/3452215/cwd/usr/lib/.build-id/42 HTTP/2.0" 200 2352 "https://icdp.co.in/?path=//proc/3452215/cwd/usr/lib/.build-id" "Mozilla/5.0 AppleWebKit/537.36 (KHTML, like Gecko; compatible; GPTBot/1.3; +https://openai.com/gptbot)" 71 **0/71211**
74.7.227.26 - - [04/Mar/2026:05:25:15 -0700] "GET /?path=//proc/3538463/cwd/usr/lib/.build-id/83 HTTP/2.0" 200 2352 "https://icdp.co.in/?path=//proc/3538463/cwd/usr/lib/.build-id" "Mozilla/5.0 AppleWebKit/537.36 (KHTML, like Gecko; compatible; GPTBot/1.3; +https://openai.com/gptbot)" 58 **0/58009**
74.7.227.26 - - [04/Mar/2026:05:25:15 -0700] "GET /?path=//proc/3453014/cwd/usr/lib/.build-id/41 HTTP/2.0" 200 2354 "https://icdp.co.in/?path=//proc/3453014/cwd/usr/lib/.build-id" "Mozilla/5.0 AppleWebKit/537.36 (KHTML, like Gecko; compatible; GPTBot/1.3; +https://openai.com/gptbot)" 67 **0/67570**
74.7.227.26 - - [04/Mar/2026:05:25:16 -0700] "GET /?path=//proc/3453014/cwd/usr/lib/.build-id/30 HTTP/2.0" 200 2354 "https://icdp.co.in/?path=//proc/3453014/cwd/usr/lib/.build-id" "Mozilla/5.0 AppleWebKit/537.36 (KHTML, like Gecko; compatible; GPTBot/1.3; +https://openai.com/gptbot)" 61 **0/61745**
74.7.227.26 - - [04/Mar/2026:05:25:17 -0700] "GET /?path=//proc/3452215/cwd/usr/lib/.build-id/24 HTTP/2.0" 200 2352 "https://icdp.co.in/?path=//proc/3452215/cwd/usr/lib/.build-id" "Mozilla/5.0 AppleWebKit/537.36 (KHTML, like Gecko; compatible; GPTBot/1.3; +https://openai.com/gptbot)" 62 **0/62491**
74.7.227.26 - - [04/Mar/2026:05:25:17 -0700] "GET /?path=//proc/3452215/cwd/usr/lib/.build-id/11 HTTP/2.0" 200 2353 "https://icdp.co.in/?path=//proc/3452215/cwd/usr/lib/.build-id" "Mozilla/5.0 AppleWebKit/537.36 (KHTML, like Gecko; compatible; GPTBot/1.3; +https://openai.com/gptbot)" 56 **0/56569**
74.7.227.26 - - [04/Mar/2026:05:25:18 -0700] "GET /?path=//proc/3539060/cwd/usr/lib/.build-id/06 HTTP/2.0" 200 2354 "https://icdp.co.in/?path=//proc/3539060/cwd/usr/lib/.build-id" "Mozilla/5.0 AppleWebKit/537.36 (KHTML, like Gecko; compatible; GPTBot/1.3; +https://openai.com/gptbot)" 61 **0/61630**
74.7.227.26 - - [04/Mar/2026:05:25:18 -0700] "GET /?path=//proc/3539060/cwd/usr/lib/.build-id/09 HTTP/2.0" 200 2354 "https://icdp.co.in/?path=//proc/3539060/cwd/usr/lib/.build-id" "Mozilla/5.0 AppleWebKit/537.36 (KHTML, like Gecko; compatible; GPTBot/1.3; +https://openai.com/gptbot)" 61 **0/61455**
74.7.227.26 - - [04/Mar/2026:05:25:19 -0700] "GET /?path=//proc/3538463/cwd/usr/lib/.build-id/45 HTTP/2.0" 200 2353 "https://icdp.co.in/?path=//proc/3538463/cwd/usr/lib/.build-id" "Mozilla/5.0 AppleWebKit/537.36 (KHTML, like Gecko; compatible; GPTBot/1.3; +https://openai.com/gptbot)" 54 **0/54346**
74.7.227.26 - - [04/Mar/2026:05:25:19 -0700] "GET /?path=//proc/3539060/cwd/usr/lib/.build-id/30 HTTP/2.0" 200 2352 "https://icdp.co.in/?path=//proc/3539060/cwd/usr/lib/.build-id" "Mozilla/5.0 AppleWebKit/537.36 (KHTML, like Gecko; compatible; GPTBot/1.3; +https://openai.com/gptbot)" 57 **0/57418**
74.7.227.26 - - [04/Mar/2026:05:25:20 -0700] "GET /?path=//proc/3453014/cwd/usr/lib/.build-id/13 HTTP/2.0" 200 2354 "https://icdp.co.in/?path=//proc/3453014/cwd/usr/lib/.build-id" "Mozilla/5.0 AppleWebKit/537.36 (KHTML, like Gecko; compatible; GPTBot/1.3; +https://openai.com/gptbot)" 49 **0/49357**
74.7.227.26 - - [04/Mar/2026:05:25:20 -0700] "GET /?path=//proc/3538915/cwd/usr/lib/.build-id/33 HTTP/2.0" 200 2352 "https://icdp.co.in/?path=//proc/3538915/cwd/usr/lib/.build-id" "Mozilla/5.0 AppleWebKit/537.36 (KHTML, like Gecko; compatible; GPTBot/1.3; +https://openai.com/gptbot)" 56 **0/56484**
74.7.227.26 - - [04/Mar/2026:05:25:21 -0700] "GET /?path=//proc/3453014/cwd/usr/lib/.build-id/33 HTTP/2.0" 200 2354 "https://icdp.co.in/?path=//proc/3453014/cwd/usr/lib/.build-id" "Mozilla/5.0 AppleWebKit/537.36 (KHTML, like Gecko; compatible; GPTBot/1.3; +https://openai.com/gptbot)" 53 **0/53046**
74.7.227.26 - - [04/Mar/2026:05:25:22 -0700] "GET /?path=//proc/3538463/cwd/usr/lib/.build-id/55 HTTP/2.0" 200 2353 "https://icdp.co.in/?path=//proc/3538463/cwd/usr/lib/.build-id" "Mozilla/5.0 AppleWebKit/537.36 (KHTML, like Gecko; compatible; GPTBot/1.3; +https://openai.com/gptbot)" 58 **0/58529**
74.7.227.26 - - [04/Mar/2026:05:25:22 -0700] "GET /?path=//proc/3538463/cwd/usr/lib/.build-id/66 HTTP/2.0" 200 2352 "https://icdp.co.in/?path=//proc/3538463/cwd/usr/lib/.build-id" "Mozilla/5.0 AppleWebKit/537.36 (KHTML, like Gecko; compatible; GPTBot/1.3; +https://openai.com/gptbot)" 51 **0/51028**
74.7.227.26 - - [04/Mar/2026:05:25:23 -0700] "GET /?path=//proc/3453014/cwd/usr/lib/.build-id/40 HTTP/2.0" 200 2354 "https://icdp.co.in/?path=//proc/3453014/cwd/usr/lib/.build-id" "Mozilla/5.0 AppleWebKit/537.36 (KHTML, like Gecko; compatible; GPTBot/1.3; +https://openai.com/gptbot)" 57 **0/57553**
74.7.227.26 - - [04/Mar/2026:05:25:23 -0700] "GET /?path=//proc/3538463/cwd/usr/lib/.build-id/58 HTTP/2.0" 200 2353 "https://icdp.co.in/?path=//proc/3538463/cwd/usr/lib/.build-id" "Mozilla/5.0 AppleWebKit/537.36 (KHTML, like Gecko; compatible; GPTBot/1.3; +https://openai.com/gptbot)" 57 **0/57668**
74.7.227.26 - - [04/Mar/2026:05:25:24 -0700] "GET /?path=//proc/3538462/map_files HTTP/2.0" 200 2318 "https://icdp.co.in/?path=//proc/3538462" "Mozilla/5.0 AppleWebKit/537.36 (KHTML, like Gecko; compatible; GPTBot/1.3; +https://openai.com/gptbot)" 59 **0/59887**
74.7.227.26 - - [04/Mar/2026:05:25:24 -0700] "GET /?path=//proc/3570342/map_files HTTP/2.0" 200 2319 "https://icdp.co.in/?path=//proc/3570342" "Mozilla/5.0 AppleWebKit/537.36 (KHTML, like Gecko; compatible; GPTBot/1.3; +https://openai.com/gptbot)" 48 **0/48590**
74.7.227.26 - - [04/Mar/2026:05:25:25 -0700] "GET /?path=//proc/3536270/map_files HTTP/2.0" 200 2319 "https://icdp.co.in/?path=//proc/3536270" "Mozilla/5.0 AppleWebKit/537.36 (KHTML, like Gecko; compatible; GPTBot/1.3; +https://openai.com/gptbot)" 49 **0/49890**
74.7.227.26 - - [04/Mar/2026:05:25:25 -0700] "GET /?path=//proc/3564196/map_files HTTP/2.0" 200 2318 "https://icdp.co.in/?path=//proc/3564196" "Mozilla/5.0 AppleWebKit/537.36 (KHTML, like Gecko; compatible; GPTBot/1.3; +https://openai.com/gptbot)" 46 **0/46175**
74.7.227.26 - - [04/Mar/2026:05:25:26 -0700] "GET /?path=//proc/3562044/map_files HTTP/2.0" 200 2318 "https://icdp.co.in/?path=//proc/3562044" "Mozilla/5.0 AppleWebKit/537.36 (KHTML, like Gecko; compatible; GPTBot/1.3; +https://openai.com/gptbot)" 45 **0/45235**
74.7.227.26 - - [04/Mar/2026:05:25:26 -0700] "GET /?path=//proc/3558704/map_files HTTP/2.0" 200 2319 "https://icdp.co.in/?path=//proc/3558704" "Mozilla/5.0 AppleWebKit/537.36 (KHTML, like Gecko; compatible; GPTBot/1.3; +https://openai.com/gptbot)" 55 **0/55719**
74.7.227.26 - - [04/Mar/2026:05:25:27 -0700] "GET /?path=//proc/3562045/map_files HTTP/2.0" 200 2318 "https://icdp.co.in/?path=//proc/3562045" "Mozilla/5.0 AppleWebKit/537.36 (KHTML, like Gecko; compatible; GPTBot/1.3; +https://openai.com/gptbot)" 45 **0/45896**
74.7.227.26 - - [04/Mar/2026:05:25:27 -0700] "GET /?path=//proc/3571245/map_files HTTP/2.0" 200 2319 "https://icdp.co.in/?path=//proc/3571245" "Mozilla/5.0 AppleWebKit/537.36 (KHTML, like Gecko; compatible; GPTBot/1.3; +https://openai.com/gptbot)" 50 **0/50043**
74.7.227.26 - - [04/Mar/2026:05:25:28 -0700] "GET /?path=//proc/3458776/map_files HTTP/2.0" 200 2319 "https://icdp.co.in/?path=//proc/3458776" "Mozilla/5.0 AppleWebKit/537.36 (KHTML, like Gecko; compatible; GPTBot/1.3; +https://openai.com/gptbot)" 48 **0/48472**
74.7.227.26 - - [04/Mar/2026:05:25:28 -0700] "GET /?path=//proc/3564199/map_files HTTP/2.0" 200 2319 "https://icdp.co.in/?path=//proc/3564199" "Mozilla/5.0 AppleWebKit/537.36 (KHTML, like Gecko; compatible; GPTBot/1.3; +https://openai.com/gptbot)" 48 **0/48574**
74.7.227.26 - - [04/Mar/2026:05:25:29 -0700] "GET /?path=//proc/3560193/map_files HTTP/2.0" 200 2318 "https://icdp.co.in/?path=//proc/3560193" "Mozilla/5.0 AppleWebKit/537.36 (KHTML, like Gecko; compatible; GPTBot/1.3; +https://openai.com/gptbot)" 81 **0/81182**
74.7.227.26 - - [04/Mar/2026:05:25:29 -0700] "GET /?path=//proc/3485806/map_files HTTP/2.0" 200 2318 "https://icdp.co.in/?path=//proc/3485806" "Mozilla/5.0 AppleWebKit/537.36 (KHTML, like Gecko; compatible; GPTBot/1.3; +https://openai.com/gptbot)" 54 **0/54271**
144.76.32.236 - - [04/Mar/2026:05:25:30 -0700] "GET /casino-groste-no-einzahlung-25-euro-bonus-maklercourtage-abzuglich-einzahlung-2025-beste-no-abschlagzahlung-boni/ HTTP/1.1" 200 5663 "-" "Mozilla/5.0 (compatible; SERankingBacklinksBot/1.0; +https://seranking.com/backlinks-crawler)" 62 **0/62649**
74.7.227.26 - - [04/Mar/2026:05:25:30 -0700] "GET /?path=//proc/3539061/map_files HTTP/2.0" 200 2318 "https://icdp.co.in/?path=//proc/3539061" "Mozilla/5.0 AppleWebKit/537.36 (KHTML, like Gecko; compatible; GPTBot/1.3; +https://openai.com/gptbot)" 70 **0/70067**
74.7.227.26 - - [04/Mar/2026:05:25:30 -0700] "GET /?path=//proc/3538462/cwd/proc/self/root/lib/rpm/platform/x86_64-linux HTTP/2.0" 200 2382 "https://icdp.co.in/?path=//proc/3538462/cwd/proc/self/root/lib/rpm/platform" "Mozilla/5.0 AppleWebKit/537.36 (KHTML, like Gecko; compatible; GPTBot/1.3; +https://openai.com/gptbot)" 54 **0/54825**
74.7.227.26 - - [04/Mar/2026:05:25:31 -0700] "GET /?path=//proc/3458776/cwd/proc/self/root/lib/rpm/platform/x86_64-linux HTTP/2.0" 200 2382 "https://icdp.co.in/?path=//proc/3458776/cwd/proc/self/root/lib/rpm/platform" "Mozilla/5.0 AppleWebKit/537.36 (KHTML, like Gecko; compatible; GPTBot/1.3; +https://openai.com/gptbot)" 45 **0/45978**
74.7.227.26 - - [04/Mar/2026:05:25:32 -0700] "GET /?path=//proc/3538462/cwd/proc/self/root/usr/lib/locale/C.utf8 HTTP/2.0" 200 2380 "https://icdp.co.in/?path=//proc/3538462/cwd/proc/self/root/usr/lib/locale" "Mozilla/5.0 AppleWebKit/537.36 (KHTML, like Gecko; compatible; GPTBot/1.3; +https://openai.com/gptbot)" 53 **0/53487**
74.7.227.26 - - [04/Mar/2026:05:25:32 -0700] "GET /?path=//proc/3458776/cwd/proc/self/root/usr/lib/locale/C.utf8 HTTP/2.0" 200 2380 "https://icdp.co.in/?path=//proc/3458776/cwd/proc/self/root/usr/lib/locale" "Mozilla/5.0 AppleWebKit/537.36 (KHTML, like Gecko; compatible; GPTBot/1.3; +https://openai.com/gptbot)" 55 **0/55770**
74.7.227.26 - - [04/Mar/2026:05:25:33 -0700] "GET /?fileloc=//proc/3452243/cwd/proc/thread-self/root/proc/sys/net/ipv4/tcp_allowed_congestion_control&path=//proc/3452243/cwd/proc/thread-self/root/proc/sys/net/ipv4 HTTP/2.0" 200 2344 "https://icdp.co.in/?path=//proc/3452243/cwd/proc/thread-self/root/proc/sys/net/ipv4" "Mozilla/5.0 AppleWebKit/537.36 (KHTML, like Gecko; compatible; GPTBot/1.3; +https://openai.com/gptbot)" 48 **0/48960**
74.7.227.26 - - [04/Mar/2026:05:25:33 -0700] "GET /?path=//proc/3538462/cwd/usr/include/netinet HTTP/2.0" 200 2344 "https://icdp.co.in/?path=//proc/3538462/cwd/usr/include" "Mozilla/5.0 AppleWebKit/537.36 (KHTML, like Gecko; compatible; GPTBot/1.3; +https://openai.com/gptbot)" 53 **0/53558**
144.76.32.236 - - [04/Mar/2026:05:25:33 -0700] "GET /fluffy-favourites-remastered-full-moon-fortunes-slot-free-spins-comment-totally-free-gamble-inside-the-demo-mode/ HTTP/1.1" 200 5663 "-" "Mozilla/5.0 (compatible; SERankingBacklinksBot/1.0; +https://seranking.com/backlinks-crawler)" 48 **0/48423**
74.7.227.26 - - [04/Mar/2026:05:25:34 -0700] "GET /?path=//proc/3458776/cwd/usr/include/netinet HTTP/2.0" 200 2344 "https://icdp.co.in/?path=//proc/3458776/cwd/usr/include" "Mozilla/5.0 AppleWebKit/537.36 (KHTML, like Gecko; compatible; GPTBot/1.3; +https://openai.com/gptbot)" 56 **0/56952**
74.7.227.26 - - [04/Mar/2026:05:25:34 -0700] "GET /?fileloc=//proc/3452243/cwd/bin/bashbug-64&path=//proc/3452243/cwd/bin HTTP/2.0" 200 2279 "https://icdp.co.in/?path=//proc/3452243/cwd/bin" "Mozilla/5.0 AppleWebKit/537.36 (KHTML, like Gecko; compatible; GPTBot/1.3; +https://openai.com/gptbot)" 56 **0/56070**
74.7.227.26 - - [04/Mar/2026:05:25:35 -0700] "GET /?path=//proc/3458776/cwd/proc/thread-self/root/opt/alt/tests/alt-php80-pecl-lzf_1.7.0-1.el8 HTTP/2.0" 200 2399 "https://icdp.co.in/?path=//proc/3458776/cwd/proc/thread-self/root/opt/alt/tests" "Mozilla/5.0 AppleWebKit/537.36 (KHTML, like Gecko; compatible; GPTBot/1.3; +https://openai.com/gptbot)" 48 **0/48496**
74.7.227.26 - - [04/Mar/2026:05:25:35 -0700] "GET /?path=//proc/3538462/cwd/proc/thread-self/root/opt/alt/tests/alt-php72-pecl-lzf_1.7.0-1.el8 HTTP/2.0" 200 2398 "https://icdp.co.in/?path=//proc/3538462/cwd/proc/thread-self/root/opt/alt/tests" "Mozilla/5.0 AppleWebKit/537.36 (KHTML, like Gecko; compatible; GPTBot/1.3; +https://openai.com/gptbot)" 43 **0/43559**
74.7.227.26 - - [04/Mar/2026:05:25:36 -0700] "GET /?path=//proc/3538462/cwd/proc/thread-self/root/opt/alt/tests/alt-php74-pecl-lzf_1.7.0-1.el8 HTTP/2.0" 200 2399 "https://icdp.co.in/?path=//proc/3538462/cwd/proc/thread-self/root/opt/alt/tests" "Mozilla/5.0 AppleWebKit/537.36 (KHTML, like Gecko; compatible; GPTBot/1.3; +https://openai.com/gptbot)" 43 **0/43828**
74.7.227.26 - - [04/Mar/2026:05:25:36 -0700] "GET /?path=//proc/3538462/cwd/proc/thread-self/root/opt/alt/tests/alt-php74-pecl-yaz_1.2.4-1.el8 HTTP/2.0" 200 2397 "https://icdp.co.in/?path=//proc/3538462/cwd/proc/thread-self/root/opt/alt/tests" "Mozilla/5.0 AppleWebKit/537.36 (KHTML, like Gecko; compatible; GPTBot/1.3; +https://openai.com/gptbot)" 67 **0/67878**
74.7.227.26 - - [04/Mar/2026:05:25:37 -0700] "GET /?path=//proc/3538462/cwd/proc/thread-self/root/opt/alt/tests/alt-php71-pecl-yaz_1.2.4-1.el8 HTTP/2.0" 200 2397 "https://icdp.co.in/?path=//proc/3538462/cwd/proc/thread-self/root/opt/alt/tests" "Mozilla/5.0 AppleWebKit/537.36 (KHTML, like Gecko; compatible; GPTBot/1.3; +https://openai.com/gptbot)" 53 **0/53249**
85.208.96.196 - - [04/Mar/2026:05:25:37 -0700] "GET /netent-silver-oak-mobile-casino-app-casino-games/ HTTP/1.1" 200 5663 "-" "Mozilla/5.0 (compatible; SemrushBot/7~bl; +http://www.semrush.com/bot.html)" 44 **0/44431**
74.7.227.26 - - [04/Mar/2026:05:25:37 -0700] "GET /?path=//proc/3538462/cwd/proc/thread-self/root/opt/alt/tests/alt-php84-pecl-yaz_1.2.4-1.el8 HTTP/2.0" 200 2397 "https://icdp.co.in/?path=//proc/3538462/cwd/proc/thread-self/root/opt/alt/tests" "Mozilla/5.0 AppleWebKit/537.36 (KHTML, like Gecko; compatible; GPTBot/1.3; +https://openai.com/gptbot)" 50 **0/50728**
74.7.227.26 - - [04/Mar/2026:05:25:38 -0700] "GET /?path=//proc/3458776/cwd/proc/thread-self/root/opt/alt/tests/alt-php72-pecl-yaml_2.2.3-1.el8 HTTP/2.0" 200 2399 "https://icdp.co.in/?path=//proc/3458776/cwd/proc/thread-self/root/opt/alt/tests" "Mozilla/5.0 AppleWebKit/537.36 (KHTML, like Gecko; compatible; GPTBot/1.3; +https://openai.com/gptbot)" 56 **0/56202**
74.7.227.26 - - [04/Mar/2026:05:25:38 -0700] "GET /?path=//proc/3452243/cwd/proc/thread-self/root/opt/alt/tests/alt-php71-pecl-yaf_3.3.6-1.el8 HTTP/2.0" 200 2397 "https://icdp.co.in/?path=//proc/3452243/cwd/proc/thread-self/root/opt/alt/tests" "Mozilla/5.0 AppleWebKit/537.36 (KHTML, like Gecko; compatible; GPTBot/1.3; +https://openai.com/gptbot)" 55 **0/55720**
74.7.227.26 - - [04/Mar/2026:05:25:39 -0700] "GET /?path=//proc/3538462/cwd/proc/thread-self/root/opt/alt/tests/alt-php84-pecl-lzf_1.7.0-1.el8 HTTP/2.0" 200 2398 "https://icdp.co.in/?path=//proc/3538462/cwd/proc/thread-self/root/opt/alt/tests" "Mozilla/5.0 AppleWebKit/537.36 (KHTML, like Gecko; compatible; GPTBot/1.3; +https://openai.com/gptbot)" 45 **0/45098**
74.7.227.26 - - [04/Mar/2026:05:25:39 -0700] "GET /?path=//proc/3458776/cwd/proc/thread-self/root/opt/alt/tests/alt-php73-pecl-yaz_1.2.4-1.el8 HTTP/2.0" 200 2398 "https://icdp.co.in/?path=//proc/3458776/cwd/proc/thread-self/root/opt/alt/tests" "Mozilla/5.0 AppleWebKit/537.36 (KHTML, like Gecko; compatible; GPTBot/1.3; +https://openai.com/gptbot)" 49 **0/49394**
74.7.227.26 - - [04/Mar/2026:05:25:40 -0700] "GET /?path=//proc/3538462/cwd/proc/thread-self/root/opt/alt/tests/alt-php83-pecl-yaz_1.2.4-1.el8 HTTP/2.0" 200 2397 "https://icdp.co.in/?path=//proc/3538462/cwd/proc/thread-self/root/opt/alt/tests" "Mozilla/5.0 AppleWebKit/537.36 (KHTML, like Gecko; compatible; GPTBot/1.3; +https://openai.com/gptbot)" 57 **0/57411**
144.76.32.236 - - [04/Mar/2026:05:25:40 -0700] "GET /les-commentaires-de-lutilisateur-lambda-sont-entierement-aises-sauf-que-accelerent-les-atouts-parmi-salle-de-jeu/ HTTP/1.1" 200 5663 "-" "Mozilla/5.0 (compatible; SERankingBacklinksBot/1.0; +https://seranking.com/backlinks-crawler)" 43 **0/43583**
74.7.227.26 - - [04/Mar/2026:05:25:40 -0700] "GET /?path=//proc/3538462/cwd/proc/thread-self/root/opt/alt/tests/alt-php82-pecl-lzf_1.7.0-1.el8 HTTP/2.0" 200 2398 "https://icdp.co.in/?path=//proc/3538462/cwd/proc/thread-self/root/opt/alt/tests" "Mozilla/5.0 AppleWebKit/537.36 (KHTML, like Gecko; compatible; GPTBot/1.3; +https://openai.com/gptbot)" 49 **0/49669**
74.7.227.26 - - [04/Mar/2026:05:25:41 -0700] "GET /?path=//proc/3458776/cwd/proc/thread-self/root/opt/alt/tests/alt-php80-pecl-yaz_1.2.4-1.el8 HTTP/2.0" 200 2398 "https://icdp.co.in/?path=//proc/3458776/cwd/proc/thread-self/root/opt/alt/tests" "Mozilla/5.0 AppleWebKit/537.36 (KHTML, like Gecko; compatible; GPTBot/1.3; +https://openai.com/gptbot)" 50 **0/50749**
185.191.171.14 - - [04/Mar/2026:05:25:41 -0700] "GET /author/admin/page/3461/ HTTP/1.1" 200 5663 "-" "Mozilla/5.0 (compatible; SemrushBot/7~bl; +http://www.semrush.com/bot.html)" 37 **0/37582**
74.7.227.26 - - [04/Mar/2026:05:25:41 -0700] "GET /?path=//proc/3458776/cwd/proc/thread-self/root/opt/alt/tests/alt-php72-pecl-yaz_1.2.4-1.el8 HTTP/2.0" 200 2398 "https://icdp.co.in/?path=//proc/3458776/cwd/proc/thread-self/root/opt/alt/tests" "Mozilla/5.0 AppleWebKit/537.36 (KHTML, like Gecko; compatible; GPTBot/1.3; +https://openai.com/gptbot)" 45 **0/45680**
74.7.227.26 - - [04/Mar/2026:05:25:42 -0700] "GET /?path=//proc/3458776/cwd/proc/thread-self/root/opt/alt/tests/alt-php54-pecl-lzf_1.6.8-1.el8 HTTP/2.0" 200 2399 "https://icdp.co.in/?path=//proc/3458776/cwd/proc/thread-self/root/opt/alt/tests" "Mozilla/5.0 AppleWebKit/537.36 (KHTML, like Gecko; compatible; GPTBot/1.3; +https://openai.com/gptbot)" 51 **0/51169**
74.7.227.26 - - [04/Mar/2026:05:25:43 -0700] "GET /?path=//proc/3538462/cwd/proc/thread-self/root/opt/alt/tests/alt-php73-pecl-lzf_1.7.0-1.el8 HTTP/2.0" 200 2398 "https://icdp.co.in/?path=//proc/3538462/cwd/proc/thread-self/root/opt/alt/tests" "Mozilla/5.0 AppleWebKit/537.36 (KHTML, like Gecko; compatible; GPTBot/1.3; +https://openai.com/gptbot)" 51 **0/51890**
74.7.227.26 - - [04/Mar/2026:05:25:43 -0700] "GET /?path=//proc/3452243/cwd/proc/thread-self/root/opt/alt/tests/alt-php82-pecl-lzf_1.7.0-1.el8 HTTP/2.0" 200 2398 "https://icdp.co.in/?path=//proc/3452243/cwd/proc/thread-self/root/opt/alt/tests" "Mozilla/5.0 AppleWebKit/537.36 (KHTML, like Gecko; compatible; GPTBot/1.3; +https://openai.com/gptbot)" 49 **0/49851**
74.7.227.26 - - [04/Mar/2026:05:25:44 -0700] "GET /?path=//proc/3458776/cwd/proc/thread-self/root/opt/alt/tests/alt-php81-pecl-lzf_1.7.0-1.el8 HTTP/2.0" 200 2399 "https://icdp.co.in/?path=//proc/3458776/cwd/proc/thread-self/root/opt/alt/tests" "Mozilla/5.0 AppleWebKit/537.36 (KHTML, like Gecko; compatible; GPTBot/1.3; +https://openai.com/gptbot)" 48 **0/48060**
185.191.171.14 - - [04/Mar/2026:05:25:44 -0700] "GET /stay-erreichbar-casinos-angebot-folgende-breite-auswahl-geiler-spiele-sowohl/ HTTP/1.1" 200 5663 "-" "Mozilla/5.0 (compatible; SemrushBot/7~bl; +http://www.semrush.com/bot.html)" 49 **0/49564**
74.7.227.26 - - [04/Mar/2026:05:25:44 -0700] "GET /?path=//proc/3458776/cwd/proc/thread-self/root/opt/alt/tests/alt-php54-pecl-yaz_1.2.4-1.el8 HTTP/2.0" 200 2398 "https://icdp.co.in/?path=//proc/3458776/cwd/proc/thread-self/root/opt/alt/tests" "Mozilla/5.0 AppleWebKit/537.36 (KHTML, like Gecko; compatible; GPTBot/1.3; +https://openai.com/gptbot)" 44 **0/44899**
74.7.227.26 - - [04/Mar/2026:05:25:45 -0700] "GET /?path=//proc/3452243/cwd/proc/thread-self/root/opt/alt/tests/alt-php70-pecl-yaf_3.3.6-1.el8 HTTP/2.0" 200 2397 "https://icdp.co.in/?path=//proc/3452243/cwd/proc/thread-self/root/opt/alt/tests" "Mozilla/5.0 AppleWebKit/537.36 (KHTML, like Gecko; compatible; GPTBot/1.3; +https://openai.com/gptbot)" 59 **0/59683**
74.7.227.26 - - [04/Mar/2026:05:25:45 -0700] "GET /?path=//proc/3458776/cwd/proc/thread-self/root/opt/alt/tests/alt-php83-pecl-lzf_1.7.0-1.el8 HTTP/2.0" 200 2399 "https://icdp.co.in/?path=//proc/3458776/cwd/proc/thread-self/root/opt/alt/tests" "Mozilla/5.0 AppleWebKit/537.36 (KHTML, like Gecko; compatible; GPTBot/1.3; +https://openai.com/gptbot)" 47 **0/47576**
74.7.227.26 - - [04/Mar/2026:05:25:46 -0700] "GET /?path=//proc/3538462/cwd/proc/thread-self/root/opt/alt/tests/alt-php70-pecl-yaml_2.0.3-1.el8 HTTP/2.0" 200 2398 "https://icdp.co.in/?path=//proc/3538462/cwd/proc/thread-self/root/opt/alt/tests" "Mozilla/5.0 AppleWebKit/537.36 (KHTML, like Gecko; compatible; GPTBot/1.3; +https://openai.com/gptbot)" 50 **0/50418**
74.7.227.26 - - [04/Mar/2026:05:25:46 -0700] "GET /?path=//proc/3452243/cwd/proc/thread-self/root/opt/alt/tests/alt-php54-pecl-lzf_1.6.8-1.el8 HTTP/2.0" 200 2398 "https://icdp.co.in/?path=//proc/3452243/cwd/proc/thread-self/root/opt/alt/tests" "Mozilla/5.0 AppleWebKit/537.36 (KHTML, like Gecko; compatible; GPTBot/1.3; +https://openai.com/gptbot)" 44 **0/44212**
74.7.227.26 - - [04/Mar/2026:05:25:47 -0700] "GET /?path=//proc/3538462/cwd/proc/thread-self/root/opt/alt/tests/alt-php72-pecl-yaz_1.2.4-1.el8 HTTP/2.0" 200 2397 "https://icdp.co.in/?path=//proc/3538462/cwd/proc/thread-self/root/opt/alt/tests" "Mozilla/5.0 AppleWebKit/537.36 (KHTML, like Gecko; compatible; GPTBot/1.3; +https://openai.com/gptbot)" 46 **0/46933**
144.76.32.236 - - [04/Mar/2026:05:25:47 -0700] "GET /for-someone-which-cannot-know-what-an-effective-bitcoin-address-try-this-can-be-more-difficult-than-it-may-sound/ HTTP/1.1" 200 5663 "-" "Mozilla/5.0 (compatible; SERankingBacklinksBot/1.0; +https://seranking.com/backlinks-crawler)" 66 **0/66653**
74.7.227.26 - - [04/Mar/2026:05:25:47 -0700] "GET /?path=//proc/3452243/cwd/proc/thread-self/root/opt/alt/tests/alt-php74-pecl-lzf_1.7.0-1.el8 HTTP/2.0" 200 2398 "https://icdp.co.in/?path=//proc/3452243/cwd/proc/thread-self/root/opt/alt/tests" "Mozilla/5.0 AppleWebKit/537.36 (KHTML, like Gecko; compatible; GPTBot/1.3; +https://openai.com/gptbot)" 48 **0/48950**
74.7.227.26 - - [04/Mar/2026:05:25:48 -0700] "GET /?path=//proc/3458776/cwd/proc/thread-self/root/opt/alt/tests/alt-php74-pecl-lzf_1.7.0-1.el8 HTTP/2.0" 200 2399 "https://icdp.co.in/?path=//proc/3458776/cwd/proc/thread-self/root/opt/alt/tests" "Mozilla/5.0 AppleWebKit/537.36 (KHTML, like Gecko; compatible; GPTBot/1.3; +https://openai.com/gptbot)" 43 **0/43436**
47.128.112.225 - - [04/Mar/2026:05:25:47 -0700] "GET /bc-game-v-ukraini-grajte-ta-vigravajte/?fileloc=%2F%2Fbin%2Fmysqladmin&path=%2F%2Fbin HTTP/2.0" 200 630445 "-" "Mozilla/5.0 (Linux; Android 5.0) AppleWebKit/537.36 (KHTML, like Gecko) Mobile Safari/537.36 (compatible; TikTokSpider; ttspider-feedback@tiktok.com)" 535 **0/535022**
74.7.227.26 - - [04/Mar/2026:05:25:48 -0700] "GET /?path=//proc/3452243/cwd/proc/thread-self/root/opt/alt/tests/alt-php70-pecl-lzf_1.6.8-1.el8 HTTP/2.0" 200 2398 "https://icdp.co.in/?path=//proc/3452243/cwd/proc/thread-self/root/opt/alt/tests" "Mozilla/5.0 AppleWebKit/537.36 (KHTML, like Gecko; compatible; GPTBot/1.3; +https://openai.com/gptbot)" 44 **0/44637**
74.7.227.26 - - [04/Mar/2026:05:25:49 -0700] "GET /?path=//proc/3538462/cwd/proc/thread-self/root/opt/alt/tests/alt-php56-pecl-lzf_1.6.8-1.el8 HTTP/2.0" 200 2398 "https://icdp.co.in/?path=//proc/3538462/cwd/proc/thread-self/root/opt/alt/tests" "Mozilla/5.0 AppleWebKit/537.36 (KHTML, like Gecko; compatible; GPTBot/1.3; +https://openai.com/gptbot)" 60 **0/60434**
74.7.227.26 - - [04/Mar/2026:05:25:49 -0700] "GET /?path=//proc/3458776/cwd/proc/thread-self/root/opt/alt/tests/alt-php74-pecl-yaz_1.2.4-1.el8 HTTP/2.0" 200 2398 "https://icdp.co.in/?path=//proc/3458776/cwd/proc/thread-self/root/opt/alt/tests" "Mozilla/5.0 AppleWebKit/537.36 (KHTML, like Gecko; compatible; GPTBot/1.3; +https://openai.com/gptbot)" 56 **0/56093**
74.7.227.26 - - [04/Mar/2026:05:25:50 -0700] "GET /?path=//proc/3458776/cwd/proc/thread-self/root/opt/alt/tests/alt-php56-pecl-yaz_1.2.4-1.el8 HTTP/2.0" 200 2398 "https://icdp.co.in/?path=//proc/3458776/cwd/proc/thread-self/root/opt/alt/tests" "Mozilla/5.0 AppleWebKit/537.36 (KHTML, like Gecko; compatible; GPTBot/1.3; +https://openai.com/gptbot)" 50 **0/50146**
45.118.167.205 - - [04/Mar/2026:05:25:50 -0700] "GET /betnacional-app-download-926/?path=%2Fhome%2Fnyiet8349bzl%2Fpublic_html%2Fducoa.org%2Fwp-includes HTTP/2.0" 200 10027 "https://www.google.com/" "Mozilla/5.0 (Windows NT 10.0; Win64; x64) AppleWebKit/537.36 (KHTML, like Gecko) Chrome/145.0.0.0 Safari/537.36" 68 **0/68825**
77.83.68.34 - - [04/Mar/2026:05:25:50 -0700] "GET /betnacional-app-download-926/?path=%2Fhome%2Fnyiet8349bzl%2Fpublic_html%2Fducoa.org%2Fwp-includes HTTP/2.0" 200 10027 "https://www.google.com/" "Mozilla/5.0 (Windows NT 10.0; Win64; x64) AppleWebKit/537.36 (KHTML, like Gecko) Chrome/145.0.0.0 Safari/537.36" 65 **0/65243**
74.7.227.26 - - [04/Mar/2026:05:25:50 -0700] "GET /?path=//proc/3452243/cwd/proc/thread-self/root/opt/alt/tests/alt-php73-pecl-yaf_3.3.6-1.el8 HTTP/2.0" 200 2397 "https://icdp.co.in/?path=//proc/3452243/cwd/proc/thread-self/root/opt/alt/tests" "Mozilla/5.0 AppleWebKit/537.36 (KHTML, like Gecko; compatible; GPTBot/1.3; +https://openai.com/gptbot)" 45 **0/45843**
144.76.32.236 - - [04/Mar/2026:05:25:50 -0700] "GET /alive-roulette-promo-codes-for-primebetz-gambling-enterprises-best-real-time-specialist-roulette-on-the-web-2025/ HTTP/1.1" 200 5663 "-" "Mozilla/5.0 (compatible; SERankingBacklinksBot/1.0; +https://seranking.com/backlinks-crawler)" 64 **0/64627**
74.7.227.26 - - [04/Mar/2026:05:25:51 -0700] "GET /?path=//proc/3452243/cwd/proc/thread-self/root/opt/alt/tests/alt-php72-pecl-lzf_1.7.0-1.el8 HTTP/2.0" 200 2398 "https://icdp.co.in/?path=//proc/3452243/cwd/proc/thread-self/root/opt/alt/tests" "Mozilla/5.0 AppleWebKit/537.36 (KHTML, like Gecko; compatible; GPTBot/1.3; +https://openai.com/gptbot)" 43 **0/43980**
74.7.227.26 - - [04/Mar/2026:05:25:51 -0700] "GET /?path=//proc/3538462/cwd/proc/thread-self/root/opt/alt/tests/alt-php82-pecl-yaz_1.2.4-1.el8 HTTP/2.0" 200 2397 "https://icdp.co.in/?path=//proc/3538462/cwd/proc/thread-self/root/opt/alt/tests" "Mozilla/5.0 AppleWebKit/537.36 (KHTML, like Gecko; compatible; GPTBot/1.3; +https://openai.com/gptbot)" 45 **0/45299**
74.7.227.26 - - [04/Mar/2026:05:25:52 -0700] "GET /?path=//proc/3452243/cwd/proc/thread-self/root/opt/alt/tests/alt-php74-pecl-yaz_1.2.4-1.el8 HTTP/2.0" 200 2397 "https://icdp.co.in/?path=//proc/3452243/cwd/proc/thread-self/root/opt/alt/tests" "Mozilla/5.0 AppleWebKit/537.36 (KHTML, like Gecko; compatible; GPTBot/1.3; +https://openai.com/gptbot)" 43 **0/43963**
74.7.227.26 - - [04/Mar/2026:05:25:53 -0700] "GET /?path=//proc/3538462/cwd/proc/thread-self/root/opt/alt/tests/alt-php56-pecl-yaz_1.2.4-1.el8 HTTP/2.0" 200 2397 "https://icdp.co.in/?path=//proc/3538462/cwd/proc/thread-self/root/opt/alt/tests" "Mozilla/5.0 AppleWebKit/537.36 (KHTML, like Gecko; compatible; GPTBot/1.3; +https://openai.com/gptbot)" 38 **0/38015**
74.7.227.26 - - [04/Mar/2026:05:25:53 -0700] "GET /?path=//proc/3538462/cwd/proc/thread-self/root/opt/alt/tests/alt-php80-pecl-yaz_1.2.4-1.el8 HTTP/2.0" 200 2397 "https://icdp.co.in/?path=//proc/3538462/cwd/proc/thread-self/root/opt/alt/tests" "Mozilla/5.0 AppleWebKit/537.36 (KHTML, like Gecko; compatible; GPTBot/1.3; +https://openai.com/gptbot)" 52 **0/52758**
74.7.227.26 - - [04/Mar/2026:05:25:54 -0700] "GET /?path=//proc/3458776/cwd/proc/thread-self/root/opt/alt/tests/alt-php83-pecl-yaml_2.2.3-1.el8 HTTP/2.0" 200 2398 "https://icdp.co.in/?path=//proc/3458776/cwd/proc/thread-self/root/opt/alt/tests" "Mozilla/5.0 AppleWebKit/537.36 (KHTML, like Gecko; compatible; GPTBot/1.3; +https://openai.com/gptbot)" 73 **0/73868**
144.76.32.236 - - [04/Mar/2026:05:25:54 -0700] "GET /les-toutes-dernieres-nouvelles-mondes-de-jeux-et-avec-prime-tous-les-recentes-applications-de-jeu-deverrouillees/ HTTP/1.1" 200 5663 "-" "Mozilla/5.0 (compatible; SERankingBacklinksBot/1.0; +https://seranking.com/backlinks-crawler)" 41 **0/41322**
74.7.227.26 - - [04/Mar/2026:05:25:54 -0700] "GET /?path=//proc/3458776/cwd/proc/thread-self/root/opt/alt/tests/alt-php70-pecl-lzf_1.6.8-1.el8 HTTP/2.0" 200 2399 "https://icdp.co.in/?path=//proc/3458776/cwd/proc/thread-self/root/opt/alt/tests" "Mozilla/5.0 AppleWebKit/537.36 (KHTML, like Gecko; compatible; GPTBot/1.3; +https://openai.com/gptbot)" 41 **0/41169**
74.7.227.26 - - [04/Mar/2026:05:25:55 -0700] "GET /?path=//proc/3452243/cwd/proc/thread-self/root/opt/alt/tests/alt-php83-pecl-lzf_1.7.0-1.el8 HTTP/2.0" 200 2398 "https://icdp.co.in/?path=//proc/3452243/cwd/proc/thread-self/root/opt/alt/tests" "Mozilla/5.0 AppleWebKit/537.36 (KHTML, like Gecko; compatible; GPTBot/1.3; +https://openai.com/gptbot)" 49 **0/49187**
74.7.227.26 - - [04/Mar/2026:05:25:55 -0700] "GET /?path=//proc/3452243/cwd/proc/thread-self/root/opt/alt/tests/alt-php72-pecl-yaz_1.2.4-1.el8 HTTP/2.0" 200 2397 "https://icdp.co.in/?path=//proc/3452243/cwd/proc/thread-self/root/opt/alt/tests" "Mozilla/5.0 AppleWebKit/537.36 (KHTML, like Gecko; compatible; GPTBot/1.3; +https://openai.com/gptbot)" 49 **0/49251**
74.7.227.26 - - [04/Mar/2026:05:25:56 -0700] "GET /?path=//proc/3452243/cwd/proc/thread-self/root/opt/alt/tests/alt-php70-pecl-yaz_1.2.4-1.el8 HTTP/2.0" 200 2397 "https://icdp.co.in/?path=//proc/3452243/cwd/proc/thread-self/root/opt/alt/tests" "Mozilla/5.0 AppleWebKit/537.36 (KHTML, like Gecko; compatible; GPTBot/1.3; +https://openai.com/gptbot)" 49 **0/49121**
114.119.153.172 - - [04/Mar/2026:05:25:56 -0700] "GET /whether-youre-on-the-wagering-gambling-games-if-you-dont-web-based-poker-there-is-certainly-good-promo-available/ HTTP/1.1" 200 5663 "https://www.icdp.co.in/was-machen-die-besten-sportwetten-ohne-oase-in-deutschland-aus/" "Mozilla/5.0 (Linux; Android 7.0;) AppleWebKit/537.36 (KHTML, like Gecko) Mobile Safari/537.36 (compatible; PetalBot;+https://webmaster.petalsearch.com/site/petalbot)" 55 **0/55525**
74.7.227.26 - - [04/Mar/2026:05:25:56 -0700] "GET /?path=//proc/3458776/cwd/proc/thread-self/root/opt/alt/tests/alt-php84-pecl-lzf_1.7.0-1.el8 HTTP/2.0" 200 2399 "https://icdp.co.in/?path=//proc/3458776/cwd/proc/thread-self/root/opt/alt/tests" "Mozilla/5.0 AppleWebKit/537.36 (KHTML, like Gecko; compatible; GPTBot/1.3; +https://openai.com/gptbot)" 51 **0/51910**
74.7.227.26 - - [04/Mar/2026:05:25:57 -0700] "GET /?path=//proc/3458776/cwd/proc/thread-self/root/opt/alt/tests/alt-php56-pecl-yaf_2.3.5-1.el8 HTTP/2.0" 200 2398 "https://icdp.co.in/?path=//proc/3458776/cwd/proc/thread-self/root/opt/alt/tests" "Mozilla/5.0 AppleWebKit/537.36 (KHTML, like Gecko; compatible; GPTBot/1.3; +https://openai.com/gptbot)" 46 **0/46020**
144.76.32.236 - - [04/Mar/2026:05:25:57 -0700] "GET /casino-sanremo-online-roulette-live-slot-machine-poker-bingo-anche-alquanto-bonus-di-iscrizione-winnita-aggiunto/ HTTP/1.1" 200 5663 "-" "Mozilla/5.0 (compatible; SERankingBacklinksBot/1.0; +https://seranking.com/backlinks-crawler)" 43 **0/43811**
74.7.227.26 - - [04/Mar/2026:05:25:57 -0700] "GET /?path=//proc/3538462/cwd/proc/thread-self/root/opt/alt/tests/alt-php73-pecl-yaf_3.3.6-1.el8 HTTP/2.0" 200 2397 "https://icdp.co.in/?path=//proc/3538462/cwd/proc/thread-self/root/opt/alt/tests" "Mozilla/5.0 AppleWebKit/537.36 (KHTML, like Gecko; compatible; GPTBot/1.3; +https://openai.com/gptbot)" 50 **0/50200**
74.7.227.26 - - [04/Mar/2026:05:25:58 -0700] "GET /?path=//proc/3452243/cwd/proc/thread-self/root/opt/alt/tests/alt-php74-pecl-yaf_3.3.6-1.el8 HTTP/2.0" 200 2397 "https://icdp.co.in/?path=//proc/3452243/cwd/proc/thread-self/root/opt/alt/tests" "Mozilla/5.0 AppleWebKit/537.36 (KHTML, like Gecko; compatible; GPTBot/1.3; +https://openai.com/gptbot)" 42 **0/42175**
74.7.227.26 - - [04/Mar/2026:05:25:58 -0700] "GET /?path=//proc/3538462/cwd/proc/thread-self/root/opt/alt/tests/alt-php70-pecl-lzf_1.6.8-1.el8 HTTP/2.0" 200 2398 "https://icdp.co.in/?path=//proc/3538462/cwd/proc/thread-self/root/opt/alt/tests" "Mozilla/5.0 AppleWebKit/537.36 (KHTML, like Gecko; compatible; GPTBot/1.3; +https://openai.com/gptbot)" 42 **0/42431**
74.7.227.26 - - [04/Mar/2026:05:25:59 -0700] "GET /?path=//proc/3458776/cwd/proc/thread-self/root/opt/alt/tests/alt-php82-pecl-lzf_1.7.0-1.el8 HTTP/2.0" 200 2399 "https://icdp.co.in/?path=//proc/3458776/cwd/proc/thread-self/root/opt/alt/tests" "Mozilla/5.0 AppleWebKit/537.36 (KHTML, like Gecko; compatible; GPTBot/1.3; +https://openai.com/gptbot)" 48 **0/48509**
74.7.227.26 - - [04/Mar/2026:05:25:59 -0700] "GET /?path=//proc/3458776/cwd/proc/thread-self/root/opt/alt/tests/alt-php82-pecl-yaz_1.2.4-1.el8 HTTP/2.0" 200 2398 "https://icdp.co.in/?path=//proc/3458776/cwd/proc/thread-self/root/opt/alt/tests" "Mozilla/5.0 AppleWebKit/537.36 (KHTML, like Gecko; compatible; GPTBot/1.3; +https://openai.com/gptbot)" 48 **0/48389**
74.7.227.26 - - [04/Mar/2026:05:26:00 -0700] "GET /?path=//proc/3458776/cwd/proc/thread-self/root/opt/alt/tests/alt-php83-pecl-yaz_1.2.4-1.el8 HTTP/2.0" 200 2398 "https://icdp.co.in/?path=//proc/3458776/cwd/proc/thread-self/root/opt/alt/tests" "Mozilla/5.0 AppleWebKit/537.36 (KHTML, like Gecko; compatible; GPTBot/1.3; +https://openai.com/gptbot)" 65 **0/65585**
74.7.227.26 - - [04/Mar/2026:05:26:00 -0700] "GET /?path=//proc/3458776/cwd/proc/thread-self/root/opt/alt/tests/alt-php81-pecl-yaz_1.2.4-1.el8 HTTP/2.0" 200 2398 "https://icdp.co.in/?path=//proc/3458776/cwd/proc/thread-self/root/opt/alt/tests" "Mozilla/5.0 AppleWebKit/537.36 (KHTML, like Gecko; compatible; GPTBot/1.3; +https://openai.com/gptbot)" 42 **0/42436**
74.7.227.26 - - [04/Mar/2026:05:26:01 -0700] "GET /?path=//proc/3538462/cwd/proc/thread-self/root/opt/alt/tests/alt-php81-pecl-yaz_1.2.4-1.el8 HTTP/2.0" 200 2397 "https://icdp.co.in/?path=//proc/3538462/cwd/proc/thread-self/root/opt/alt/tests" "Mozilla/5.0 AppleWebKit/537.36 (KHTML, like Gecko; compatible; GPTBot/1.3; +https://openai.com/gptbot)" 66 **0/66034**
57.141.2.32 - - [04/Mar/2026:05:26:01 -0700] "GET /wp-json/wp/v2/posts/141436 HTTP/2.0" 200 127968 "-" "meta-externalagent/1.1 (+https://developers.facebook.com/docs/sharing/webmasters/crawler)" 62 **0/62402**
74.7.227.26 - - [04/Mar/2026:05:26:01 -0700] "GET /?path=//proc/3452243/cwd/proc/thread-self/root/opt/alt/tests/alt-php80-pecl-yaz_1.2.4-1.el8 HTTP/2.0" 200 2397 "https://icdp.co.in/?path=//proc/3452243/cwd/proc/thread-self/root/opt/alt/tests" "Mozilla/5.0 AppleWebKit/537.36 (KHTML, like Gecko; compatible; GPTBot/1.3; +https://openai.com/gptbot)" 64 **0/64991**
74.7.227.26 - - [04/Mar/2026:05:26:02 -0700] "GET /?path=//proc/3538462/cwd/proc/thread-self/root/opt/alt/tests/alt-php54-pecl-lzf_1.6.8-1.el8 HTTP/2.0" 200 2398 "https://icdp.co.in/?path=//proc/3538462/cwd/proc/thread-self/root/opt/alt/tests" "Mozilla/5.0 AppleWebKit/537.36 (KHTML, like Gecko; compatible; GPTBot/1.3; +https://openai.com/gptbot)" 80 **0/80401**
74.7.227.26 - - [04/Mar/2026:05:26:03 -0700] "GET /?path=//proc/3452243/cwd/proc/thread-self/root/opt/alt/tests/alt-php56-pecl-yaz_1.2.4-1.el8 HTTP/2.0" 200 2397 "https://icdp.co.in/?path=//proc/3452243/cwd/proc/thread-self/root/opt/alt/tests" "Mozilla/5.0 AppleWebKit/537.36 (KHTML, like Gecko; compatible; GPTBot/1.3; +https://openai.com/gptbot)" 52 **0/52220**
74.7.227.26 - - [04/Mar/2026:05:26:03 -0700] "GET /?path=//proc/3458776/cwd/proc/thread-self/root/opt/alt/tests/alt-php72-pecl-lzf_1.7.0-1.el8 HTTP/2.0" 200 2398 "https://icdp.co.in/?path=//proc/3458776/cwd/proc/thread-self/root/opt/alt/tests" "Mozilla/5.0 AppleWebKit/537.36 (KHTML, like Gecko; compatible; GPTBot/1.3; +https://openai.com/gptbot)" 53 **0/53201**
74.7.227.26 - - [04/Mar/2026:05:26:04 -0700] "GET /?path=//proc/3538462/cwd/proc/thread-self/root/opt/alt/tests/alt-php70-pecl-yaz_1.2.4-1.el8 HTTP/2.0" 200 2397 "https://icdp.co.in/?path=//proc/3538462/cwd/proc/thread-self/root/opt/alt/tests" "Mozilla/5.0 AppleWebKit/537.36 (KHTML, like Gecko; compatible; GPTBot/1.3; +https://openai.com/gptbot)" 58 **0/58127**
144.76.32.236 - - [04/Mar/2026:05:26:04 -0700] "GET /allege-100-percent-free-twist-now-offers-20-50-grown-goldbet-affiliate-app-download-revolves-the-real-deal-money/ HTTP/1.1" 200 5663 "-" "Mozilla/5.0 (compatible; SERankingBacklinksBot/1.0; +https://seranking.com/backlinks-crawler)" 48 **0/48686**
74.7.227.26 - - [04/Mar/2026:05:26:04 -0700] "GET /?path=//proc/3452243/cwd/proc/thread-self/root/opt/alt/tests/alt-php71-pecl-yaz_1.2.4-1.el8 HTTP/2.0" 200 2397 "https://icdp.co.in/?path=//proc/3452243/cwd/proc/thread-self/root/opt/alt/tests" "Mozilla/5.0 AppleWebKit/537.36 (KHTML, like Gecko; compatible; GPTBot/1.3; +https://openai.com/gptbot)" 73 **0/73324**
74.7.227.26 - - [04/Mar/2026:05:26:05 -0700] "GET /?path=//proc/3458776/cwd/proc/thread-self/root/opt/alt/tests/alt-php70-pecl-yaz_1.2.4-1.el8 HTTP/2.0" 200 2398 "https://icdp.co.in/?path=//proc/3458776/cwd/proc/thread-self/root/opt/alt/tests" "Mozilla/5.0 AppleWebKit/537.36 (KHTML, like Gecko; compatible; GPTBot/1.3; +https://openai.com/gptbot)" 46 **0/46334**
74.7.227.26 - - [04/Mar/2026:05:26:05 -0700] "GET /?path=//proc/3452243/cwd/proc/thread-self/root/opt/alt/tests/alt-php56-pecl-lzf_1.6.8-1.el8 HTTP/2.0" 200 2398 "https://icdp.co.in/?path=//proc/3452243/cwd/proc/thread-self/root/opt/alt/tests" "Mozilla/5.0 AppleWebKit/537.36 (KHTML, like Gecko; compatible; GPTBot/1.3; +https://openai.com/gptbot)" 49 **0/49993**
74.7.227.26 - - [04/Mar/2026:05:26:06 -0700] "GET /?path=//proc/3452243/cwd/proc/thread-self/root/opt/alt/tests/alt-php84-pecl-lzf_1.7.0-1.el8 HTTP/2.0" 200 2398 "https://icdp.co.in/?path=//proc/3452243/cwd/proc/thread-self/root/opt/alt/tests" "Mozilla/5.0 AppleWebKit/537.36 (KHTML, like Gecko; compatible; GPTBot/1.3; +https://openai.com/gptbot)" 48 **0/48260**
74.7.227.26 - - [04/Mar/2026:05:26:06 -0700] "GET /?path=//proc/3538462/cwd/proc/thread-self/root/opt/alt/tests/alt-php70-pecl-yaf_3.3.6-1.el8 HTTP/2.0" 200 2397 "https://icdp.co.in/?path=//proc/3538462/cwd/proc/thread-self/root/opt/alt/tests" "Mozilla/5.0 AppleWebKit/537.36 (KHTML, like Gecko; compatible; GPTBot/1.3; +https://openai.com/gptbot)" 63 **0/63749**
74.7.227.26 - - [04/Mar/2026:05:26:07 -0700] "GET /?path=//proc/3538462/cwd/proc/thread-self/root/opt/alt/tests/alt-php54-pecl-yaz_1.2.4-1.el8 HTTP/2.0" 200 2397 "https://icdp.co.in/?path=//proc/3538462/cwd/proc/thread-self/root/opt/alt/tests" "Mozilla/5.0 AppleWebKit/537.36 (KHTML, like Gecko; compatible; GPTBot/1.3; +https://openai.com/gptbot)" 47 **0/47831**
74.7.227.26 - - [04/Mar/2026:05:26:07 -0700] "GET /?path=//proc/3452243/cwd/proc/thread-self/root/opt/alt/tests/alt-php73-pecl-lzf_1.7.0-1.el8 HTTP/2.0" 200 2398 "https://icdp.co.in/?path=//proc/3452243/cwd/proc/thread-self/root/opt/alt/tests" "Mozilla/5.0 AppleWebKit/537.36 (KHTML, like Gecko; compatible; GPTBot/1.3; +https://openai.com/gptbot)" 51 **0/51597**
74.7.227.26 - - [04/Mar/2026:05:26:08 -0700] "GET /?path=//proc/3452243/cwd/proc/thread-self/root/opt/alt/tests/alt-php80-pecl-lzf_1.7.0-1.el8 HTTP/2.0" 200 2398 "https://icdp.co.in/?path=//proc/3452243/cwd/proc/thread-self/root/opt/alt/tests" "Mozilla/5.0 AppleWebKit/537.36 (KHTML, like Gecko; compatible; GPTBot/1.3; +https://openai.com/gptbot)" 53 **0/53587**
74.7.227.26 - - [04/Mar/2026:05:26:08 -0700] "GET /?path=//proc/3538462/cwd/proc/thread-self/root/opt/alt/tests/alt-php71-pecl-lzf_1.6.8-1.el8 HTTP/2.0" 200 2398 "https://icdp.co.in/?path=//proc/3538462/cwd/proc/thread-self/root/opt/alt/tests" "Mozilla/5.0 AppleWebKit/537.36 (KHTML, like Gecko; compatible; GPTBot/1.3; +https://openai.com/gptbot)" 50 **0/50090**
74.7.227.26 - - [04/Mar/2026:05:26:09 -0700] "GET /?path=//proc/3458776/cwd/proc/thread-self/root/opt/alt/tests/alt-php84-pecl-yaz_1.2.4-1.el8 HTTP/2.0" 200 2398 "https://icdp.co.in/?path=//proc/3458776/cwd/proc/thread-self/root/opt/alt/tests" "Mozilla/5.0 AppleWebKit/537.36 (KHTML, like Gecko; compatible; GPTBot/1.3; +https://openai.com/gptbot)" 51 **0/51646**
74.7.227.26 - - [04/Mar/2026:05:26:09 -0700] "GET /?path=//proc/3452243/cwd/proc/thread-self/root/opt/alt/tests/alt-php73-pecl-yaz_1.2.4-1.el8 HTTP/2.0" 200 2397 "https://icdp.co.in/?path=//proc/3452243/cwd/proc/thread-self/root/opt/alt/tests" "Mozilla/5.0 AppleWebKit/537.36 (KHTML, like Gecko; compatible; GPTBot/1.3; +https://openai.com/gptbot)" 53 **0/53154**
74.7.227.26 - - [04/Mar/2026:05:26:10 -0700] "GET /?path=//proc/3452243/cwd/proc/thread-self/root/opt/alt/tests/alt-php81-pecl-lzf_1.7.0-1.el8 HTTP/2.0" 200 2398 "https://icdp.co.in/?path=//proc/3452243/cwd/proc/thread-self/root/opt/alt/tests" "Mozilla/5.0 AppleWebKit/537.36 (KHTML, like Gecko; compatible; GPTBot/1.3; +https://openai.com/gptbot)" 68 **0/68739**
74.7.227.26 - - [04/Mar/2026:05:26:10 -0700] "GET /?path=//proc/3538462/cwd/proc/thread-self/root/opt/alt/tests/alt-php81-pecl-lzf_1.7.0-1.el8 HTTP/2.0" 200 2398 "https://icdp.co.in/?path=//proc/3538462/cwd/proc/thread-self/root/opt/alt/tests" "Mozilla/5.0 AppleWebKit/537.36 (KHTML, like Gecko; compatible; GPTBot/1.3; +https://openai.com/gptbot)" 53 **0/53093**
74.7.227.26 - - [04/Mar/2026:05:26:11 -0700] "GET /?path=//proc/3538462/cwd/proc/thread-self/root/opt/alt/tests/alt-php83-pecl-lzf_1.7.0-1.el8 HTTP/2.0" 200 2398 "https://icdp.co.in/?path=//proc/3538462/cwd/proc/thread-self/root/opt/alt/tests" "Mozilla/5.0 AppleWebKit/537.36 (KHTML, like Gecko; compatible; GPTBot/1.3; +https://openai.com/gptbot)" 51 **0/51035**
74.7.227.26 - - [04/Mar/2026:05:26:11 -0700] "GET /?path=//proc/3458776/cwd/proc/thread-self/root/opt/alt/tests/alt-php73-pecl-lzf_1.7.0-1.el8 HTTP/2.0" 200 2399 "https://icdp.co.in/?path=//proc/3458776/cwd/proc/thread-self/root/opt/alt/tests" "Mozilla/5.0 AppleWebKit/537.36 (KHTML, like Gecko; compatible; GPTBot/1.3; +https://openai.com/gptbot)" 46 **0/46529**
74.7.227.26 - - [04/Mar/2026:05:26:12 -0700] "GET /?path=//proc/3538462/cwd/proc/thread-self/root/opt/alt/tests/alt-php73-pecl-yaz_1.2.4-1.el8 HTTP/2.0" 200 2397 "https://icdp.co.in/?path=//proc/3538462/cwd/proc/thread-self/root/opt/alt/tests" "Mozilla/5.0 AppleWebKit/537.36 (KHTML, like Gecko; compatible; GPTBot/1.3; +https://openai.com/gptbot)" 42 **0/42930**
74.7.227.26 - - [04/Mar/2026:05:26:12 -0700] "GET /?path=//proc/3538462/cwd/proc/thread-self/root/opt/alt/tests/alt-php80-pecl-lzf_1.7.0-1.el8 HTTP/2.0" 200 2398 "https://icdp.co.in/?path=//proc/3538462/cwd/proc/thread-self/root/opt/alt/tests" "Mozilla/5.0 AppleWebKit/537.36 (KHTML, like Gecko; compatible; GPTBot/1.3; +https://openai.com/gptbot)" 50 **0/50289**
74.7.227.26 - - [04/Mar/2026:05:26:13 -0700] "GET /?path=//proc/3452243/cwd/proc/thread-self/root/opt/alt/tests/alt-php71-pecl-lzf_1.6.8-1.el8 HTTP/2.0" 200 2398 "https://icdp.co.in/?path=//proc/3452243/cwd/proc/thread-self/root/opt/alt/tests" "Mozilla/5.0 AppleWebKit/537.36 (KHTML, like Gecko; compatible; GPTBot/1.3; +https://openai.com/gptbot)" 47 **0/47239**
74.7.227.26 - - [04/Mar/2026:05:26:14 -0700] "GET /?path=//proc/3458776/cwd/proc/thread-self/root/opt/alt/tests/alt-php71-pecl-yaz_1.2.4-1.el8 HTTP/2.0" 200 2398 "https://icdp.co.in/?path=//proc/3458776/cwd/proc/thread-self/root/opt/alt/tests" "Mozilla/5.0 AppleWebKit/537.36 (KHTML, like Gecko; compatible; GPTBot/1.3; +https://openai.com/gptbot)" 41 **0/41783**
74.7.227.26 - - [04/Mar/2026:05:26:14 -0700] "GET /?fileloc=//proc/modules&path=//proc HTTP/2.0" 200 2242 "https://icdp.co.in/?path=//proc" "Mozilla/5.0 AppleWebKit/537.36 (KHTML, like Gecko; compatible; GPTBot/1.3; +https://openai.com/gptbot)" 54 **0/54712**
74.7.227.26 - - [04/Mar/2026:05:26:15 -0700] "GET /?fileloc=//proc/3538463/clear_refs&path=//proc/3538463 HTTP/2.0" 200 2258 "https://icdp.co.in/?path=//proc/3538463" "Mozilla/5.0 AppleWebKit/537.36 (KHTML, like Gecko; compatible; GPTBot/1.3; +https://openai.com/gptbot)" 51 **0/51581**
74.7.227.26 - - [04/Mar/2026:05:26:15 -0700] "GET /?path=//proc/fs/jbd2 HTTP/2.0" 200 2549 "https://icdp.co.in/?path=//proc/fs" "Mozilla/5.0 AppleWebKit/537.36 (KHTML, like Gecko; compatible; GPTBot/1.3; +https://openai.com/gptbot)" 46 **0/46902**
74.7.227.26 - - [04/Mar/2026:05:26:16 -0700] "GET /?path=//proc/3458776/cwd/proc/self/root/proc/tty HTTP/2.0" 200 2353 "https://icdp.co.in/?path=//proc/3458776/cwd/proc/self/root/proc" "Mozilla/5.0 AppleWebKit/537.36 (KHTML, like Gecko; compatible; GPTBot/1.3; +https://openai.com/gptbot)" 44 **0/44049**
74.7.227.26 - - [04/Mar/2026:05:26:16 -0700] "GET /?path=//proc/3538462/cwd/proc/self/root/proc/bus HTTP/2.0" 200 2353 "https://icdp.co.in/?path=//proc/3538462/cwd/proc/self/root/proc" "Mozilla/5.0 AppleWebKit/537.36 (KHTML, like Gecko; compatible; GPTBot/1.3; +https://openai.com/gptbot)" 61 **0/61011**
74.7.227.26 - - [04/Mar/2026:05:26:17 -0700] "GET /?path=//proc/3452243/cwd/proc/self/cwd/ssl/certs HTTP/2.0" 200 2355 "https://icdp.co.in/?path=//proc/3452243/cwd/proc/self/cwd/ssl" "Mozilla/5.0 AppleWebKit/537.36 (KHTML, like Gecko; compatible; GPTBot/1.3; +https://openai.com/gptbot)" 51 **0/51769**
74.7.227.26 - - [04/Mar/2026:05:26:17 -0700] "GET /?path=//proc/3458776/cwd/proc/self/root/proc/bus HTTP/2.0" 200 2353 "https://icdp.co.in/?path=//proc/3458776/cwd/proc/self/root/proc" "Mozilla/5.0 AppleWebKit/537.36 (KHTML, like Gecko; compatible; GPTBot/1.3; +https://openai.com/gptbot)" 50 **0/50092**
74.7.227.26 - - [04/Mar/2026:05:26:18 -0700] "GET /?path=//proc/3538462/cwd/proc/self/root/proc/irq HTTP/2.0" 200 2352 "https://icdp.co.in/?path=//proc/3538462/cwd/proc/self/root/proc" "Mozilla/5.0 AppleWebKit/537.36 (KHTML, like Gecko; compatible; GPTBot/1.3; +https://openai.com/gptbot)" 55 **0/55653**
