74.7.227.26 - - [04/Mar/2026:05:20:05 -0700] "GET /?path=//proc/3538462/cwd/lib/.build-id/3b HTTP/2.0" 200 2342 "https://icdp.co.in/?path=//proc/3538462/cwd/lib/.build-id" "Mozilla/5.0 AppleWebKit/537.36 (KHTML, like Gecko; compatible; GPTBot/1.3; +https://openai.com/gptbot)" 62 **0/62353**
74.7.227.26 - - [04/Mar/2026:05:20:05 -0700] "GET /?path=//proc/3538463/cwd/lib/.build-id/6e HTTP/2.0" 200 2342 "https://icdp.co.in/?path=//proc/3538463/cwd/lib/.build-id" "Mozilla/5.0 AppleWebKit/537.36 (KHTML, like Gecko; compatible; GPTBot/1.3; +https://openai.com/gptbot)" 75 **0/75021**
74.7.227.26 - - [04/Mar/2026:05:20:06 -0700] "GET /?path=//proc/3453014/cwd/lib/.build-id/b9 HTTP/2.0" 200 2343 "https://icdp.co.in/?path=//proc/3453014/cwd/lib/.build-id" "Mozilla/5.0 AppleWebKit/537.36 (KHTML, like Gecko; compatible; GPTBot/1.3; +https://openai.com/gptbot)" 60 **0/60440**
74.7.227.26 - - [04/Mar/2026:05:20:07 -0700] "GET /?path=//proc/3452215/cwd/lib/.build-id/b4 HTTP/2.0" 200 2343 "https://icdp.co.in/?path=//proc/3452215/cwd/lib/.build-id" "Mozilla/5.0 AppleWebKit/537.36 (KHTML, like Gecko; compatible; GPTBot/1.3; +https://openai.com/gptbot)" 69 **0/69435**
74.7.227.26 - - [04/Mar/2026:05:20:07 -0700] "GET /?path=//proc/3452215/cwd/lib/.build-id/a4 HTTP/2.0" 200 2343 "https://icdp.co.in/?path=//proc/3452215/cwd/lib/.build-id" "Mozilla/5.0 AppleWebKit/537.36 (KHTML, like Gecko; compatible; GPTBot/1.3; +https://openai.com/gptbot)" 64 **0/64100**
74.7.227.26 - - [04/Mar/2026:05:20:07 -0700] "GET /?path=//proc/3538915/cwd/usr/lib/.build-id/9c HTTP/2.0" 200 2352 "https://icdp.co.in/?path=//proc/3538915/cwd/usr/lib/.build-id" "Mozilla/5.0 AppleWebKit/537.36 (KHTML, like Gecko; compatible; GPTBot/1.3; +https://openai.com/gptbot)" 67 **0/67334**
74.7.227.26 - - [04/Mar/2026:05:20:08 -0700] "GET /?path=//proc/3452215/cwd/usr/lib/.build-id/d4 HTTP/2.0" 200 2352 "https://icdp.co.in/?path=//proc/3452215/cwd/usr/lib/.build-id" "Mozilla/5.0 AppleWebKit/537.36 (KHTML, like Gecko; compatible; GPTBot/1.3; +https://openai.com/gptbot)" 79 **0/79072**
74.7.227.26 - - [04/Mar/2026:05:20:09 -0700] "GET /?path=//proc/3452243/cwd/lib/.build-id/e4 HTTP/2.0" 200 2343 "https://icdp.co.in/?path=//proc/3452243/cwd/lib/.build-id" "Mozilla/5.0 AppleWebKit/537.36 (KHTML, like Gecko; compatible; GPTBot/1.3; +https://openai.com/gptbot)" 62 **0/62306**
74.7.227.26 - - [04/Mar/2026:05:20:09 -0700] "GET /?path=//proc/3538915/cwd/usr/lib/.build-id/c3 HTTP/2.0" 200 2353 "https://icdp.co.in/?path=//proc/3538915/cwd/usr/lib/.build-id" "Mozilla/5.0 AppleWebKit/537.36 (KHTML, like Gecko; compatible; GPTBot/1.3; +https://openai.com/gptbot)" 59 **0/59913**
74.7.227.26 - - [04/Mar/2026:05:20:10 -0700] "GET /?path=//proc/3458776/cwd/usr/lib/dracut/modules.d/01systemd-initrd HTTP/2.0" 200 2375 "https://icdp.co.in/?path=//proc/3458776/cwd/usr/lib/dracut/modules.d" "Mozilla/5.0 AppleWebKit/537.36 (KHTML, like Gecko; compatible; GPTBot/1.3; +https://openai.com/gptbot)" 56 **0/56999**
144.76.32.236 - - [04/Mar/2026:05:20:10 -0700] "GET /jackpot-slots-gambling-enterprise-free-spins-and-huge-wins-online-casino-all-american-poker-5-hand-by-the-netent/ HTTP/1.1" 200 5663 "-" "Mozilla/5.0 (compatible; SERankingBacklinksBot/1.0; +https://seranking.com/backlinks-crawler)" 56 **0/56242**
74.7.227.26 - - [04/Mar/2026:05:20:10 -0700] "GET /?path=//proc/3538462/cwd/usr/lib/dracut/modules.d/01systemd-initrd HTTP/2.0" 200 2374 "https://icdp.co.in/?path=//proc/3538462/cwd/usr/lib/dracut/modules.d" "Mozilla/5.0 AppleWebKit/537.36 (KHTML, like Gecko; compatible; GPTBot/1.3; +https://openai.com/gptbot)" 60 **0/60331**
74.7.227.26 - - [04/Mar/2026:05:20:11 -0700] "GET /?path=//proc/3555778/net/dev_snmp6 HTTP/2.0" 200 2329 "https://icdp.co.in/?path=//proc/3555778/net" "Mozilla/5.0 AppleWebKit/537.36 (KHTML, like Gecko; compatible; GPTBot/1.3; +https://openai.com/gptbot)" 64 **0/64187**
74.7.227.26 - - [04/Mar/2026:05:20:13 -0700] "GET /?path=//proc/3452243/cwd/proc/thread-self/root/proc/sys/net/ipv6/conf/lo HTTP/2.0" 200 2394 "https://icdp.co.in/?path=//proc/3452243/cwd/proc/thread-self/root/proc/sys/net/ipv6/conf" "Mozilla/5.0 AppleWebKit/537.36 (KHTML, like Gecko; compatible; GPTBot/1.3; +https://openai.com/gptbot)" 381 **0/381322**
74.7.227.26 - - [04/Mar/2026:05:20:13 -0700] "GET /?path=//proc/3452243/cwd/proc/thread-self/root/proc/sys/net/ipv4/conf/lo HTTP/2.0" 200 2394 "https://icdp.co.in/?path=//proc/3452243/cwd/proc/thread-self/root/proc/sys/net/ipv4/conf" "Mozilla/5.0 AppleWebKit/537.36 (KHTML, like Gecko; compatible; GPTBot/1.3; +https://openai.com/gptbot)" 49 **0/49533**
74.7.227.26 - - [04/Mar/2026:05:20:14 -0700] "GET /?fileloc=//proc/3452243/cwd/proc/thread-self/root/proc/sys/net/ipv4/conf/all/tag&path=//proc/3452243/cwd/proc/thread-self/root/proc/sys/net/ipv4/conf/all HTTP/2.0" 200 2345 "https://icdp.co.in/?path=//proc/3452243/cwd/proc/thread-self/root/proc/sys/net/ipv4/conf/all" "Mozilla/5.0 AppleWebKit/537.36 (KHTML, like Gecko; compatible; GPTBot/1.3; +https://openai.com/gptbot)" 58 **0/58063**
74.7.227.26 - - [04/Mar/2026:05:20:14 -0700] "GET /?path=//proc/3538462/cwd/proc/self/root/lib/firmware/nvidia/gp100 HTTP/2.0" 200 2382 "https://icdp.co.in/?path=//proc/3538462/cwd/proc/self/root/lib/firmware/nvidia" "Mozilla/5.0 AppleWebKit/537.36 (KHTML, like Gecko; compatible; GPTBot/1.3; +https://openai.com/gptbot)" 67 **0/67393**
74.7.227.26 - - [04/Mar/2026:05:20:15 -0700] "GET /?path=//proc/3458776/cwd/proc/self/root/lib/firmware/nvidia/ad103 HTTP/2.0" 200 2383 "https://icdp.co.in/?path=//proc/3458776/cwd/proc/self/root/lib/firmware/nvidia" "Mozilla/5.0 AppleWebKit/537.36 (KHTML, like Gecko; compatible; GPTBot/1.3; +https://openai.com/gptbot)" 66 **0/66267**
74.7.227.26 - - [04/Mar/2026:05:20:16 -0700] "GET /?path=//proc/3458776/cwd/proc/self/root/lib/firmware/nvidia/ad106 HTTP/2.0" 200 2383 "https://icdp.co.in/?path=//proc/3458776/cwd/proc/self/root/lib/firmware/nvidia" "Mozilla/5.0 AppleWebKit/537.36 (KHTML, like Gecko; compatible; GPTBot/1.3; +https://openai.com/gptbot)" 50 **0/50667**
103.139.45.79 - - [04/Mar/2026:05:20:16 -0700] "GET /betway-casino-the-ultimate-online-gaming-2/ HTTP/1.1" 200 4676 "-" "Mozilla/5.0 (Windows NT 10.0; WOW64) AppleWebKit/537.36 (KHTML, like Gecko) Chrome/114.0.0.0 YaBrowser/22.7.0 Yowser/2.5 Safari/537.36" 76 **0/76168**
74.7.227.26 - - [04/Mar/2026:05:20:16 -0700] "GET /?path=//proc/3538462/cwd/proc/self/root/lib/firmware/nvidia/ad106 HTTP/2.0" 200 2383 "https://icdp.co.in/?path=//proc/3538462/cwd/proc/self/root/lib/firmware/nvidia" "Mozilla/5.0 AppleWebKit/537.36 (KHTML, like Gecko; compatible; GPTBot/1.3; +https://openai.com/gptbot)" 52 **0/52553**
74.7.227.26 - - [04/Mar/2026:05:20:17 -0700] "GET /?path=//proc/3458776/cwd/proc/self/root/lib/firmware/nvidia/gp107 HTTP/2.0" 200 2383 "https://icdp.co.in/?path=//proc/3458776/cwd/proc/self/root/lib/firmware/nvidia" "Mozilla/5.0 AppleWebKit/537.36 (KHTML, like Gecko; compatible; GPTBot/1.3; +https://openai.com/gptbot)" 70 **0/70549**
74.7.227.26 - - [04/Mar/2026:05:20:17 -0700] "GET /?path=//proc/3538462/cwd/proc/self/root/lib/firmware/nvidia/ad107 HTTP/2.0" 200 2383 "https://icdp.co.in/?path=//proc/3538462/cwd/proc/self/root/lib/firmware/nvidia" "Mozilla/5.0 AppleWebKit/537.36 (KHTML, like Gecko; compatible; GPTBot/1.3; +https://openai.com/gptbot)" 60 **0/60974**
74.7.227.26 - - [04/Mar/2026:05:20:18 -0700] "GET /?path=//proc/3458776/cwd/proc/self/root/lib/firmware/nvidia/gp106 HTTP/2.0" 200 2383 "https://icdp.co.in/?path=//proc/3458776/cwd/proc/self/root/lib/firmware/nvidia" "Mozilla/5.0 AppleWebKit/537.36 (KHTML, like Gecko; compatible; GPTBot/1.3; +https://openai.com/gptbot)" 65 **0/65890**
74.7.227.26 - - [04/Mar/2026:05:20:18 -0700] "GET /?path=//proc/3458776/cwd/proc/self/root/lib/firmware/nvidia/ga107 HTTP/2.0" 200 2383 "https://icdp.co.in/?path=//proc/3458776/cwd/proc/self/root/lib/firmware/nvidia" "Mozilla/5.0 AppleWebKit/537.36 (KHTML, like Gecko; compatible; GPTBot/1.3; +https://openai.com/gptbot)" 73 **0/73911**
74.7.227.26 - - [04/Mar/2026:05:20:19 -0700] "GET /?path=//proc/3458776/cwd/proc/self/root/lib/firmware/nvidia/ad102 HTTP/2.0" 200 2383 "https://icdp.co.in/?path=//proc/3458776/cwd/proc/self/root/lib/firmware/nvidia" "Mozilla/5.0 AppleWebKit/537.36 (KHTML, like Gecko; compatible; GPTBot/1.3; +https://openai.com/gptbot)" 58 **0/58959**
74.7.227.26 - - [04/Mar/2026:05:20:19 -0700] "GET /?path=//proc/3458776/cwd/proc/self/root/lib/firmware/nvidia/gh100 HTTP/2.0" 200 2383 "https://icdp.co.in/?path=//proc/3458776/cwd/proc/self/root/lib/firmware/nvidia" "Mozilla/5.0 AppleWebKit/537.36 (KHTML, like Gecko; compatible; GPTBot/1.3; +https://openai.com/gptbot)" 76 **0/76269**
74.7.227.26 - - [04/Mar/2026:05:20:20 -0700] "GET /?path=//proc/3458776/cwd/proc/self/root/lib/firmware/nvidia/ad107 HTTP/2.0" 200 2383 "https://icdp.co.in/?path=//proc/3458776/cwd/proc/self/root/lib/firmware/nvidia" "Mozilla/5.0 AppleWebKit/537.36 (KHTML, like Gecko; compatible; GPTBot/1.3; +https://openai.com/gptbot)" 61 **0/61623**
74.7.227.26 - - [04/Mar/2026:05:20:20 -0700] "GET /?path=//proc/3538462/cwd/proc/self/root/lib/firmware/nvidia/ga104 HTTP/2.0" 200 2382 "https://icdp.co.in/?path=//proc/3538462/cwd/proc/self/root/lib/firmware/nvidia" "Mozilla/5.0 AppleWebKit/537.36 (KHTML, like Gecko; compatible; GPTBot/1.3; +https://openai.com/gptbot)" 82 **0/82409**
74.7.227.26 - - [04/Mar/2026:05:20:21 -0700] "GET /?path=//proc/3538462/cwd/proc/self/root/lib/firmware/nvidia/gb202 HTTP/2.0" 200 2382 "https://icdp.co.in/?path=//proc/3538462/cwd/proc/self/root/lib/firmware/nvidia" "Mozilla/5.0 AppleWebKit/537.36 (KHTML, like Gecko; compatible; GPTBot/1.3; +https://openai.com/gptbot)" 54 **0/54968**
43.225.188.110 - - [04/Mar/2026:05:20:21 -0700] "GET /vierklee-wetten-registrieren/?fileloc=%2F%2Fproc%2F3359336%2Fmaps&path=%2F%2Fproc%2F3359336 HTTP/2.0" 200 2257 "https://www.google.com/" "Mozilla/5.0 (Windows NT 10.0; Win64; x64) AppleWebKit/537.36 (KHTML, like Gecko) Chrome/145.0.0.0 Safari/537.36 Edg/145.0.0.0" 75 **0/75645**
74.7.227.26 - - [04/Mar/2026:05:20:21 -0700] "GET /?path=//proc/3458776/cwd/proc/self/root/lib/firmware/nvidia/gm206 HTTP/2.0" 200 2383 "https://icdp.co.in/?path=//proc/3458776/cwd/proc/self/root/lib/firmware/nvidia" "Mozilla/5.0 AppleWebKit/537.36 (KHTML, like Gecko; compatible; GPTBot/1.3; +https://openai.com/gptbot)" 60 **0/60899**
74.7.227.26 - - [04/Mar/2026:05:20:22 -0700] "GET /?path=//proc/3538462/cwd/proc/self/root/lib/firmware/nvidia/ga102 HTTP/2.0" 200 2382 "https://icdp.co.in/?path=//proc/3538462/cwd/proc/self/root/lib/firmware/nvidia" "Mozilla/5.0 AppleWebKit/537.36 (KHTML, like Gecko; compatible; GPTBot/1.3; +https://openai.com/gptbot)" 57 **0/57108**
74.7.227.26 - - [04/Mar/2026:05:20:22 -0700] "GET /?path=//proc/3538462/cwd/proc/self/root/lib/firmware/nvidia/gb206 HTTP/2.0" 200 2382 "https://icdp.co.in/?path=//proc/3538462/cwd/proc/self/root/lib/firmware/nvidia" "Mozilla/5.0 AppleWebKit/537.36 (KHTML, like Gecko; compatible; GPTBot/1.3; +https://openai.com/gptbot)" 59 **0/59970**
74.7.227.26 - - [04/Mar/2026:05:20:23 -0700] "GET /?path=//proc/3538462/cwd/proc/self/root/lib/firmware/nvidia/gp108 HTTP/2.0" 200 2382 "https://icdp.co.in/?path=//proc/3538462/cwd/proc/self/root/lib/firmware/nvidia" "Mozilla/5.0 AppleWebKit/537.36 (KHTML, like Gecko; compatible; GPTBot/1.3; +https://openai.com/gptbot)" 64 **0/64827**
74.7.227.26 - - [04/Mar/2026:05:20:23 -0700] "GET /?path=//proc/3538462/cwd/proc/self/root/lib/firmware/nvidia/gp104 HTTP/2.0" 200 2382 "https://icdp.co.in/?path=//proc/3538462/cwd/proc/self/root/lib/firmware/nvidia" "Mozilla/5.0 AppleWebKit/537.36 (KHTML, like Gecko; compatible; GPTBot/1.3; +https://openai.com/gptbot)" 65 **0/65383**
74.7.227.26 - - [04/Mar/2026:05:20:24 -0700] "GET /?path=//proc/3458776/cwd/proc/self/root/lib/firmware/nvidia/gp104 HTTP/2.0" 200 2383 "https://icdp.co.in/?path=//proc/3458776/cwd/proc/self/root/lib/firmware/nvidia" "Mozilla/5.0 AppleWebKit/537.36 (KHTML, like Gecko; compatible; GPTBot/1.3; +https://openai.com/gptbot)" 63 **0/63246**
74.7.227.26 - - [04/Mar/2026:05:20:24 -0700] "GET /?path=//proc/3538462/cwd/proc/self/root/lib/firmware/nvidia/gm200 HTTP/2.0" 200 2382 "https://icdp.co.in/?path=//proc/3538462/cwd/proc/self/root/lib/firmware/nvidia" "Mozilla/5.0 AppleWebKit/537.36 (KHTML, like Gecko; compatible; GPTBot/1.3; +https://openai.com/gptbot)" 58 **0/58372**
74.7.227.26 - - [04/Mar/2026:05:20:25 -0700] "GET /?path=//proc/3458776/cwd/proc/self/root/lib/firmware/nvidia/tu106 HTTP/2.0" 200 2383 "https://icdp.co.in/?path=//proc/3458776/cwd/proc/self/root/lib/firmware/nvidia" "Mozilla/5.0 AppleWebKit/537.36 (KHTML, like Gecko; compatible; GPTBot/1.3; +https://openai.com/gptbot)" 56 **0/56138**
74.7.227.26 - - [04/Mar/2026:05:20:26 -0700] "GET /?path=//proc/3458776/cwd/proc/self/root/lib/firmware/nvidia/gp100 HTTP/2.0" 200 2383 "https://icdp.co.in/?path=//proc/3458776/cwd/proc/self/root/lib/firmware/nvidia" "Mozilla/5.0 AppleWebKit/537.36 (KHTML, like Gecko; compatible; GPTBot/1.3; +https://openai.com/gptbot)" 54 **0/54498**
74.7.227.26 - - [04/Mar/2026:05:20:26 -0700] "GET /?path=//proc/3538462/cwd/proc/self/root/lib/firmware/nvidia/tu102 HTTP/2.0" 200 2383 "https://icdp.co.in/?path=//proc/3538462/cwd/proc/self/root/lib/firmware/nvidia" "Mozilla/5.0 AppleWebKit/537.36 (KHTML, like Gecko; compatible; GPTBot/1.3; +https://openai.com/gptbot)" 52 **0/52250**
74.7.227.26 - - [04/Mar/2026:05:20:27 -0700] "GET /?path=//proc/3538462/cwd/proc/self/root/lib/firmware/nvidia/ad102 HTTP/2.0" 200 2383 "https://icdp.co.in/?path=//proc/3538462/cwd/proc/self/root/lib/firmware/nvidia" "Mozilla/5.0 AppleWebKit/537.36 (KHTML, like Gecko; compatible; GPTBot/1.3; +https://openai.com/gptbot)" 51 **0/51162**
144.76.32.236 - - [04/Mar/2026:05:20:27 -0700] "GET /jackpotcity-try-purchased-providing-a-safe-and-you-can-in-charge-betting-ecosystem-to-own-players-for-the-canada/ HTTP/1.1" 200 5663 "-" "Mozilla/5.0 (compatible; SERankingBacklinksBot/1.0; +https://seranking.com/backlinks-crawler)" 52 **0/52640**
74.7.227.26 - - [04/Mar/2026:05:20:27 -0700] "GET /?path=//proc/3538462/cwd/proc/self/root/lib/firmware/nvidia/gp107 HTTP/2.0" 200 2383 "https://icdp.co.in/?path=//proc/3538462/cwd/proc/self/root/lib/firmware/nvidia" "Mozilla/5.0 AppleWebKit/537.36 (KHTML, like Gecko; compatible; GPTBot/1.3; +https://openai.com/gptbot)" 67 **0/67043**
74.7.227.26 - - [04/Mar/2026:05:20:28 -0700] "GET /?path=//proc/3538462/cwd/proc/self/root/lib/firmware/nvidia/ga107 HTTP/2.0" 200 2382 "https://icdp.co.in/?path=//proc/3538462/cwd/proc/self/root/lib/firmware/nvidia" "Mozilla/5.0 AppleWebKit/537.36 (KHTML, like Gecko; compatible; GPTBot/1.3; +https://openai.com/gptbot)" 56 **0/56592**
74.7.227.26 - - [04/Mar/2026:05:20:28 -0700] "GET /?path=//proc/3458776/cwd/proc/self/root/lib/firmware/nvidia/ad104 HTTP/2.0" 200 2383 "https://icdp.co.in/?path=//proc/3458776/cwd/proc/self/root/lib/firmware/nvidia" "Mozilla/5.0 AppleWebKit/537.36 (KHTML, like Gecko; compatible; GPTBot/1.3; +https://openai.com/gptbot)" 43 **0/43316**
74.7.227.26 - - [04/Mar/2026:05:20:29 -0700] "GET /?path=//proc/3538462/cwd/proc/self/root/lib/firmware/nvidia/gb203 HTTP/2.0" 200 2382 "https://icdp.co.in/?path=//proc/3538462/cwd/proc/self/root/lib/firmware/nvidia" "Mozilla/5.0 AppleWebKit/537.36 (KHTML, like Gecko; compatible; GPTBot/1.3; +https://openai.com/gptbot)" 49 **0/49060**
74.7.227.26 - - [04/Mar/2026:05:20:29 -0700] "GET /?path=//proc/3538462/cwd/proc/self/root/lib/firmware/nvidia/gm206 HTTP/2.0" 200 2382 "https://icdp.co.in/?path=//proc/3538462/cwd/proc/self/root/lib/firmware/nvidia" "Mozilla/5.0 AppleWebKit/537.36 (KHTML, like Gecko; compatible; GPTBot/1.3; +https://openai.com/gptbot)" 46 **0/46202**
47.128.112.214 - - [04/Mar/2026:05:20:30 -0700] "GET /vierklee-wetten-registrieren/?fileloc=%2F%2Fbin%2Fnice&path=%2F%2Fbin HTTP/2.0" 200 15892 "-" "Mozilla/5.0 (Linux; Android 5.0) AppleWebKit/537.36 (KHTML, like Gecko) Mobile Safari/537.36 (compatible; TikTokSpider; ttspider-feedback@tiktok.com)" 65 **0/65696**
74.7.227.26 - - [04/Mar/2026:05:20:30 -0700] "GET /?path=//proc/3458776/cwd/proc/self/root/lib/firmware/nvidia/gm200 HTTP/2.0" 200 2383 "https://icdp.co.in/?path=//proc/3458776/cwd/proc/self/root/lib/firmware/nvidia" "Mozilla/5.0 AppleWebKit/537.36 (KHTML, like Gecko; compatible; GPTBot/1.3; +https://openai.com/gptbot)" 63 **0/63462**
74.7.227.26 - - [04/Mar/2026:05:20:30 -0700] "GET /?path=//proc/3538462/cwd/proc/self/root/lib/firmware/nvidia/gh100 HTTP/2.0" 200 2382 "https://icdp.co.in/?path=//proc/3538462/cwd/proc/self/root/lib/firmware/nvidia" "Mozilla/5.0 AppleWebKit/537.36 (KHTML, like Gecko; compatible; GPTBot/1.3; +https://openai.com/gptbot)" 56 **0/56889**
144.76.32.236 - - [04/Mar/2026:05:20:31 -0700] "GET /playing-crypto-casinos-is-simple-och-potentielle-concerning-every-beginners-and-also-got-moglich-crypto-gamblers/ HTTP/1.1" 200 5663 "-" "Mozilla/5.0 (compatible; SERankingBacklinksBot/1.0; +https://seranking.com/backlinks-crawler)" 61 **0/61276**
74.7.227.26 - - [04/Mar/2026:05:20:31 -0700] "GET /?path=//proc/3458776/cwd/proc/self/root/lib/firmware/nvidia/gv100 HTTP/2.0" 200 2383 "https://icdp.co.in/?path=//proc/3458776/cwd/proc/self/root/lib/firmware/nvidia" "Mozilla/5.0 AppleWebKit/537.36 (KHTML, like Gecko; compatible; GPTBot/1.3; +https://openai.com/gptbot)" 47 **0/47926**
74.7.227.26 - - [04/Mar/2026:05:20:31 -0700] "GET /?path=//proc/3538462/cwd/proc/self/root/lib/firmware/nvidia/gp106 HTTP/2.0" 200 2382 "https://icdp.co.in/?path=//proc/3538462/cwd/proc/self/root/lib/firmware/nvidia" "Mozilla/5.0 AppleWebKit/537.36 (KHTML, like Gecko; compatible; GPTBot/1.3; +https://openai.com/gptbot)" 42 **0/42149**
74.7.227.26 - - [04/Mar/2026:05:20:32 -0700] "GET /?path=//proc/3538462/cwd/proc/self/root/lib/firmware/nvidia/gp102 HTTP/2.0" 200 2382 "https://icdp.co.in/?path=//proc/3538462/cwd/proc/self/root/lib/firmware/nvidia" "Mozilla/5.0 AppleWebKit/537.36 (KHTML, like Gecko; compatible; GPTBot/1.3; +https://openai.com/gptbot)" 45 **0/45656**
74.7.227.26 - - [04/Mar/2026:05:20:32 -0700] "GET /?path=//proc/3458776/cwd/proc/self/root/lib/firmware/nvidia/gb206 HTTP/2.0" 200 2383 "https://icdp.co.in/?path=//proc/3458776/cwd/proc/self/root/lib/firmware/nvidia" "Mozilla/5.0 AppleWebKit/537.36 (KHTML, like Gecko; compatible; GPTBot/1.3; +https://openai.com/gptbot)" 41 **0/41565**
74.7.227.26 - - [04/Mar/2026:05:20:33 -0700] "GET /?path=//proc/3458776/cwd/proc/self/root/lib/firmware/nvidia/gp102 HTTP/2.0" 200 2383 "https://icdp.co.in/?path=//proc/3458776/cwd/proc/self/root/lib/firmware/nvidia" "Mozilla/5.0 AppleWebKit/537.36 (KHTML, like Gecko; compatible; GPTBot/1.3; +https://openai.com/gptbot)" 54 **0/54904**
74.7.227.26 - - [04/Mar/2026:05:20:33 -0700] "GET /?path=//proc/3538462/cwd/proc/self/root/lib/firmware/nvidia/ga103 HTTP/2.0" 200 2382 "https://icdp.co.in/?path=//proc/3538462/cwd/proc/self/root/lib/firmware/nvidia" "Mozilla/5.0 AppleWebKit/537.36 (KHTML, like Gecko; compatible; GPTBot/1.3; +https://openai.com/gptbot)" 60 **0/60248**
144.76.32.236 - - [04/Mar/2026:05:20:34 -0700] "GET /better-online-casino-bonuses-2026-hugo-casino-login-registration-new-zealand-rating-cuatro500-incentive-revolves/ HTTP/1.1" 200 5663 "-" "Mozilla/5.0 (compatible; SERankingBacklinksBot/1.0; +https://seranking.com/backlinks-crawler)" 55 **0/55956**
74.7.227.26 - - [04/Mar/2026:05:20:34 -0700] "GET /?path=//proc/3458776/cwd/proc/self/root/lib/firmware/nvidia/gb205 HTTP/2.0" 200 2383 "https://icdp.co.in/?path=//proc/3458776/cwd/proc/self/root/lib/firmware/nvidia" "Mozilla/5.0 AppleWebKit/537.36 (KHTML, like Gecko; compatible; GPTBot/1.3; +https://openai.com/gptbot)" 53 **0/53662**
74.7.227.26 - - [04/Mar/2026:05:20:35 -0700] "GET /?path=//proc/3458776/cwd/proc/self/root/lib/firmware/nvidia/gm204 HTTP/2.0" 200 2383 "https://icdp.co.in/?path=//proc/3458776/cwd/proc/self/root/lib/firmware/nvidia" "Mozilla/5.0 AppleWebKit/537.36 (KHTML, like Gecko; compatible; GPTBot/1.3; +https://openai.com/gptbot)" 41 **0/41722**
43.173.177.79 - - [04/Mar/2026:05:20:35 -0700] "GET /cosmo-casino-3/ HTTP/1.1" 200 5663 "-" "Mozilla/5.0 (Windows NT 10.0; Win64; x64) AppleWebKit/537.36 (KHTML, like Gecko) Chrome/124.0.0.0 Safari/537.36" 41 **0/41442**
74.7.227.26 - - [04/Mar/2026:05:20:35 -0700] "GET /?path=//proc/3458776/cwd/proc/self/root/lib/firmware/nvidia/tu116 HTTP/2.0" 200 2383 "https://icdp.co.in/?path=//proc/3458776/cwd/proc/self/root/lib/firmware/nvidia" "Mozilla/5.0 AppleWebKit/537.36 (KHTML, like Gecko; compatible; GPTBot/1.3; +https://openai.com/gptbot)" 43 **0/43526**
74.7.227.26 - - [04/Mar/2026:05:20:36 -0700] "GET /?path=//proc/3458776/cwd/proc/self/root/lib/firmware/nvidia/ga104 HTTP/2.0" 200 2383 "https://icdp.co.in/?path=//proc/3458776/cwd/proc/self/root/lib/firmware/nvidia" "Mozilla/5.0 AppleWebKit/537.36 (KHTML, like Gecko; compatible; GPTBot/1.3; +https://openai.com/gptbot)" 44 **0/44123**
74.7.227.26 - - [04/Mar/2026:05:20:36 -0700] "GET /?path=//proc/3538462/cwd/proc/self/root/lib/firmware/nvidia/gb207 HTTP/2.0" 200 2383 "https://icdp.co.in/?path=//proc/3538462/cwd/proc/self/root/lib/firmware/nvidia" "Mozilla/5.0 AppleWebKit/537.36 (KHTML, like Gecko; compatible; GPTBot/1.3; +https://openai.com/gptbot)" 68 **0/68455**
74.7.227.26 - - [04/Mar/2026:05:20:37 -0700] "GET /?path=//proc/3538462/cwd/proc/self/root/lib/firmware/nvidia/tu104 HTTP/2.0" 200 2383 "https://icdp.co.in/?path=//proc/3538462/cwd/proc/self/root/lib/firmware/nvidia" "Mozilla/5.0 AppleWebKit/537.36 (KHTML, like Gecko; compatible; GPTBot/1.3; +https://openai.com/gptbot)" 55 **0/55306**
74.7.227.26 - - [04/Mar/2026:05:20:37 -0700] "GET /?path=//proc/3538462/cwd/proc/self/root/lib/firmware/nvidia/ga106 HTTP/2.0" 200 2382 "https://icdp.co.in/?path=//proc/3538462/cwd/proc/self/root/lib/firmware/nvidia" "Mozilla/5.0 AppleWebKit/537.36 (KHTML, like Gecko; compatible; GPTBot/1.3; +https://openai.com/gptbot)" 55 **0/55339**
144.76.32.236 - - [04/Mar/2026:05:20:37 -0700] "GET /eye-of-horus-fur-nusse-unter-anderem-bestes-online-power-stars-download-slots-glucksspiel-qua-echtgeld-auffuhren/ HTTP/1.1" 200 5663 "-" "Mozilla/5.0 (compatible; SERankingBacklinksBot/1.0; +https://seranking.com/backlinks-crawler)" 49 **0/49827**
74.7.227.26 - - [04/Mar/2026:05:20:38 -0700] "GET /?path=//proc/3458776/cwd/proc/self/root/lib/firmware/nvidia/tu117 HTTP/2.0" 200 2384 "https://icdp.co.in/?path=//proc/3458776/cwd/proc/self/root/lib/firmware/nvidia" "Mozilla/5.0 AppleWebKit/537.36 (KHTML, like Gecko; compatible; GPTBot/1.3; +https://openai.com/gptbot)" 53 **0/53561**
74.7.227.26 - - [04/Mar/2026:05:20:38 -0700] "GET /?path=//proc/3458776/cwd/proc/self/root/lib/firmware/nvidia/gb207 HTTP/2.0" 200 2383 "https://icdp.co.in/?path=//proc/3458776/cwd/proc/self/root/lib/firmware/nvidia" "Mozilla/5.0 AppleWebKit/537.36 (KHTML, like Gecko; compatible; GPTBot/1.3; +https://openai.com/gptbot)" 46 **0/46238**
74.7.227.26 - - [04/Mar/2026:05:20:39 -0700] "GET /?path=//proc/3538462/cwd/proc/self/root/lib/firmware/nvidia/gm204 HTTP/2.0" 200 2382 "https://icdp.co.in/?path=//proc/3538462/cwd/proc/self/root/lib/firmware/nvidia" "Mozilla/5.0 AppleWebKit/537.36 (KHTML, like Gecko; compatible; GPTBot/1.3; +https://openai.com/gptbot)" 43 **0/43039**
74.7.227.26 - - [04/Mar/2026:05:20:39 -0700] "GET /?path=//proc/3538462/cwd/proc/self/root/lib/firmware/nvidia/ad104 HTTP/2.0" 200 2383 "https://icdp.co.in/?path=//proc/3538462/cwd/proc/self/root/lib/firmware/nvidia" "Mozilla/5.0 AppleWebKit/537.36 (KHTML, like Gecko; compatible; GPTBot/1.3; +https://openai.com/gptbot)" 48 **0/48175**
74.7.227.26 - - [04/Mar/2026:05:20:40 -0700] "GET /?path=//proc/3458776/cwd/proc/self/root/lib/firmware/nvidia/ga106 HTTP/2.0" 200 2383 "https://icdp.co.in/?path=//proc/3458776/cwd/proc/self/root/lib/firmware/nvidia" "Mozilla/5.0 AppleWebKit/537.36 (KHTML, like Gecko; compatible; GPTBot/1.3; +https://openai.com/gptbot)" 57 **0/57607**
74.7.227.26 - - [04/Mar/2026:05:20:40 -0700] "GET /?path=//proc/3538462/cwd/proc/self/root/lib/firmware/nvidia/ad103 HTTP/2.0" 200 2383 "https://icdp.co.in/?path=//proc/3538462/cwd/proc/self/root/lib/firmware/nvidia" "Mozilla/5.0 AppleWebKit/537.36 (KHTML, like Gecko; compatible; GPTBot/1.3; +https://openai.com/gptbot)" 43 **0/43427**
74.7.227.26 - - [04/Mar/2026:05:20:41 -0700] "GET /?path=//proc/3538462/cwd/proc/self/root/lib/firmware/nvidia/gv100 HTTP/2.0" 200 2382 "https://icdp.co.in/?path=//proc/3538462/cwd/proc/self/root/lib/firmware/nvidia" "Mozilla/5.0 AppleWebKit/537.36 (KHTML, like Gecko; compatible; GPTBot/1.3; +https://openai.com/gptbot)" 38 **0/38036**
144.76.32.236 - - [04/Mar/2026:05:20:41 -0700] "GET /12-beste-virkelig-bred-danselat-thai-sunrise-ektefodt-eiendom-nettstedbyggere-inni-beste-vinn-casino-online-2025/ HTTP/1.1" 200 5663 "-" "Mozilla/5.0 (compatible; SERankingBacklinksBot/1.0; +https://seranking.com/backlinks-crawler)" 57 **0/57267**
74.7.227.26 - - [04/Mar/2026:05:20:41 -0700] "GET /?path=//proc/3538462/cwd/proc/self/root/lib/firmware/nvidia/tu117 HTTP/2.0" 200 2383 "https://icdp.co.in/?path=//proc/3538462/cwd/proc/self/root/lib/firmware/nvidia" "Mozilla/5.0 AppleWebKit/537.36 (KHTML, like Gecko; compatible; GPTBot/1.3; +https://openai.com/gptbot)" 41 **0/41259**
74.7.227.26 - - [04/Mar/2026:05:20:42 -0700] "GET /?path=//proc/3538462/cwd/proc/self/root/lib/firmware/nvidia/tu116 HTTP/2.0" 200 2383 "https://icdp.co.in/?path=//proc/3538462/cwd/proc/self/root/lib/firmware/nvidia" "Mozilla/5.0 AppleWebKit/537.36 (KHTML, like Gecko; compatible; GPTBot/1.3; +https://openai.com/gptbot)" 48 **0/48017**
74.7.227.26 - - [04/Mar/2026:05:20:42 -0700] "GET /?path=//proc/3458776/cwd/proc/self/root/lib/firmware/nvidia/tu104 HTTP/2.0" 200 2383 "https://icdp.co.in/?path=//proc/3458776/cwd/proc/self/root/lib/firmware/nvidia" "Mozilla/5.0 AppleWebKit/537.36 (KHTML, like Gecko; compatible; GPTBot/1.3; +https://openai.com/gptbot)" 40 **0/40555**
74.7.227.26 - - [04/Mar/2026:05:20:43 -0700] "GET /?path=//proc/3538462/cwd/proc/self/root/lib/firmware/nvidia/gb205 HTTP/2.0" 200 2382 "https://icdp.co.in/?path=//proc/3538462/cwd/proc/self/root/lib/firmware/nvidia" "Mozilla/5.0 AppleWebKit/537.36 (KHTML, like Gecko; compatible; GPTBot/1.3; +https://openai.com/gptbot)" 48 **0/48064**
74.7.227.26 - - [04/Mar/2026:05:20:43 -0700] "GET /?path=//proc/3458776/cwd/proc/self/root/lib/firmware/nvidia/ga103 HTTP/2.0" 200 2383 "https://icdp.co.in/?path=//proc/3458776/cwd/proc/self/root/lib/firmware/nvidia" "Mozilla/5.0 AppleWebKit/537.36 (KHTML, like Gecko; compatible; GPTBot/1.3; +https://openai.com/gptbot)" 50 **0/50655**
47.31.112.115 - - [04/Mar/2026:05:20:44 -0700] "GET /2026/02/page/338/?path=%2Fhome%2Fnyiet8349bzl%2Fpublic_html%2Fjournalofbusinessstudies.in%2F__MACOSX HTTP/2.0" 200 2585 "https://www.google.com/" "Mozilla/5.0 (Windows NT 10.0; Win64; x64; rv:147.0) Gecko/20100101 Firefox/147.0" 52 **0/52912**
74.7.227.26 - - [04/Mar/2026:05:20:44 -0700] "GET /?path=//proc/3538462/cwd/proc/self/root/lib/firmware/nvidia/gb102 HTTP/2.0" 200 2382 "https://icdp.co.in/?path=//proc/3538462/cwd/proc/self/root/lib/firmware/nvidia" "Mozilla/5.0 AppleWebKit/537.36 (KHTML, like Gecko; compatible; GPTBot/1.3; +https://openai.com/gptbot)" 45 **0/45441**
74.7.227.26 - - [04/Mar/2026:05:20:45 -0700] "GET /?path=//proc/3458776/cwd/proc/self/root/lib/firmware/nvidia/ga102 HTTP/2.0" 200 2383 "https://icdp.co.in/?path=//proc/3458776/cwd/proc/self/root/lib/firmware/nvidia" "Mozilla/5.0 AppleWebKit/537.36 (KHTML, like Gecko; compatible; GPTBot/1.3; +https://openai.com/gptbot)" 41 **0/41809**
74.7.227.26 - - [04/Mar/2026:05:20:45 -0700] "GET /?path=//proc/3538462/cwd/proc/self/root/lib/firmware/nvidia/ga100 HTTP/2.0" 200 2382 "https://icdp.co.in/?path=//proc/3538462/cwd/proc/self/root/lib/firmware/nvidia" "Mozilla/5.0 AppleWebKit/537.36 (KHTML, like Gecko; compatible; GPTBot/1.3; +https://openai.com/gptbot)" 47 **0/47153**
74.7.227.26 - - [04/Mar/2026:05:20:46 -0700] "GET /?path=//proc/3458776/cwd/proc/self/root/lib/firmware/nvidia/gp108 HTTP/2.0" 200 2383 "https://icdp.co.in/?path=//proc/3458776/cwd/proc/self/root/lib/firmware/nvidia" "Mozilla/5.0 AppleWebKit/537.36 (KHTML, like Gecko; compatible; GPTBot/1.3; +https://openai.com/gptbot)" 52 **0/52767**
74.7.227.26 - - [04/Mar/2026:05:20:46 -0700] "GET /?path=//proc/3458776/cwd/proc/self/root/lib/firmware/nvidia/gb202 HTTP/2.0" 200 2383 "https://icdp.co.in/?path=//proc/3458776/cwd/proc/self/root/lib/firmware/nvidia" "Mozilla/5.0 AppleWebKit/537.36 (KHTML, like Gecko; compatible; GPTBot/1.3; +https://openai.com/gptbot)" 47 **0/47004**
74.7.227.26 - - [04/Mar/2026:05:20:47 -0700] "GET /?path=//proc/3458776/cwd/proc/self/root/lib/firmware/nvidia/ga100 HTTP/2.0" 200 2383 "https://icdp.co.in/?path=//proc/3458776/cwd/proc/self/root/lib/firmware/nvidia" "Mozilla/5.0 AppleWebKit/537.36 (KHTML, like Gecko; compatible; GPTBot/1.3; +https://openai.com/gptbot)" 95 **0/95074**
74.7.227.26 - - [04/Mar/2026:05:20:47 -0700] "GET /?path=//proc/3538462/cwd/proc/self/root/lib/firmware/nvidia/gb100 HTTP/2.0" 200 2382 "https://icdp.co.in/?path=//proc/3538462/cwd/proc/self/root/lib/firmware/nvidia" "Mozilla/5.0 AppleWebKit/537.36 (KHTML, like Gecko; compatible; GPTBot/1.3; +https://openai.com/gptbot)" 62 **0/62879**
74.7.227.26 - - [04/Mar/2026:05:20:48 -0700] "GET /?path=//proc/3458776/cwd/proc/self/root/lib/firmware/nvidia/gb203 HTTP/2.0" 200 2383 "https://icdp.co.in/?path=//proc/3458776/cwd/proc/self/root/lib/firmware/nvidia" "Mozilla/5.0 AppleWebKit/537.36 (KHTML, like Gecko; compatible; GPTBot/1.3; +https://openai.com/gptbot)" 45 **0/45964**
74.7.227.26 - - [04/Mar/2026:05:20:48 -0700] "GET /?path=//proc/3458776/cwd/proc/self/root/lib/firmware/nvidia/gb100 HTTP/2.0" 200 2383 "https://icdp.co.in/?path=//proc/3458776/cwd/proc/self/root/lib/firmware/nvidia" "Mozilla/5.0 AppleWebKit/537.36 (KHTML, like Gecko; compatible; GPTBot/1.3; +https://openai.com/gptbot)" 46 **0/46312**
74.7.227.26 - - [04/Mar/2026:05:20:49 -0700] "GET /?path=//proc/3538462/cwd/proc/self/root/lib/firmware/nvidia/tu106 HTTP/2.0" 200 2383 "https://icdp.co.in/?path=//proc/3538462/cwd/proc/self/root/lib/firmware/nvidia" "Mozilla/5.0 AppleWebKit/537.36 (KHTML, like Gecko; compatible; GPTBot/1.3; +https://openai.com/gptbot)" 46 **0/46592**
74.7.227.26 - - [04/Mar/2026:05:20:49 -0700] "GET /?path=//proc/self/cwd HTTP/2.0" 200 4631 "https://icdp.co.in/?path=//proc/self" "Mozilla/5.0 AppleWebKit/537.36 (KHTML, like Gecko; compatible; GPTBot/1.3; +https://openai.com/gptbot)" 46 **0/46599**
74.7.227.26 - - [04/Mar/2026:05:20:50 -0700] "GET /?path=//proc/3452243/cwd/proc/thread-self/cwd/etc/icdp.co.in HTTP/2.0" 200 2364 "https://icdp.co.in/?path=//proc/3452243/cwd/proc/thread-self/cwd/etc" "Mozilla/5.0 AppleWebKit/537.36 (KHTML, like Gecko; compatible; GPTBot/1.3; +https://openai.com/gptbot)" 43 **0/43256**
74.7.227.26 - - [04/Mar/2026:05:20:50 -0700] "GET /?path=//proc/3538462/cwd/proc/thread-self/root/opt/alt/tests/alt-php82-pecl-rrd_2.0.3-1.el8 HTTP/2.0" 200 2397 "https://icdp.co.in/?path=//proc/3538462/cwd/proc/thread-self/root/opt/alt/tests" "Mozilla/5.0 AppleWebKit/537.36 (KHTML, like Gecko; compatible; GPTBot/1.3; +https://openai.com/gptbot)" 47 **0/47751**
74.7.227.26 - - [04/Mar/2026:05:20:51 -0700] "GET /?path=//proc/3452243/cwd/proc/thread-self/root/opt/alt/tests/alt-php54-pecl-yaz_1.2.4-1.el8 HTTP/2.0" 200 2397 "https://icdp.co.in/?path=//proc/3452243/cwd/proc/thread-self/root/opt/alt/tests" "Mozilla/5.0 AppleWebKit/537.36 (KHTML, like Gecko; compatible; GPTBot/1.3; +https://openai.com/gptbot)" 42 **0/42723**
74.7.227.26 - - [04/Mar/2026:05:20:51 -0700] "GET /?path=//proc/3452243/cwd/proc/thread-self/root/opt/alt/tests/alt-php74-pecl-rrd_2.0.3-1.el8 HTTP/2.0" 200 2397 "https://icdp.co.in/?path=//proc/3452243/cwd/proc/thread-self/root/opt/alt/tests" "Mozilla/5.0 AppleWebKit/537.36 (KHTML, like Gecko; compatible; GPTBot/1.3; +https://openai.com/gptbot)" 42 **0/42839**
74.7.227.26 - - [04/Mar/2026:05:20:52 -0700] "GET /?path=//proc/3458776/cwd/proc/thread-self/root/opt/alt/tests/alt-php71-pecl-lzf_1.6.8-1.el8 HTTP/2.0" 200 2399 "https://icdp.co.in/?path=//proc/3458776/cwd/proc/thread-self/root/opt/alt/tests" "Mozilla/5.0 AppleWebKit/537.36 (KHTML, like Gecko; compatible; GPTBot/1.3; +https://openai.com/gptbot)" 47 **0/47457**
74.7.227.26 - - [04/Mar/2026:05:20:52 -0700] "GET /?path=//proc/3452243/cwd/proc/thread-self/root/proc/sys/net/ipv6/conf/eth0 HTTP/2.0" 200 2395 "https://icdp.co.in/?path=//proc/3452243/cwd/proc/thread-self/root/proc/sys/net/ipv6/conf" "Mozilla/5.0 AppleWebKit/537.36 (KHTML, like Gecko; compatible; GPTBot/1.3; +https://openai.com/gptbot)" 40 **0/40946**
74.7.227.26 - - [04/Mar/2026:05:20:53 -0700] "GET /?path=//proc/3458776/cwd/proc/thread-self/root/opt/alt/alt-ImageMagick HTTP/2.0" 200 2376 "https://icdp.co.in/?path=//proc/3458776/cwd/proc/thread-self/root/opt/alt" "Mozilla/5.0 AppleWebKit/537.36 (KHTML, like Gecko; compatible; GPTBot/1.3; +https://openai.com/gptbot)" 43 **0/43828**
74.7.227.26 - - [04/Mar/2026:05:20:53 -0700] "GET /?path=//proc/3452243/cwd/proc/thread-self/cwd/Search-Replace-DB-master HTTP/2.0" 200 2359 "https://icdp.co.in/?path=//proc/3452243/cwd/proc/thread-self/cwd" "Mozilla/5.0 AppleWebKit/537.36 (KHTML, like Gecko; compatible; GPTBot/1.3; +https://openai.com/gptbot)" 45 **0/45705**
74.7.227.26 - - [04/Mar/2026:05:20:54 -0700] "GET /?path=//proc/3538462/cwd/proc/thread-self/root/opt/alt/alt-ImageMagick HTTP/2.0" 200 2376 "https://icdp.co.in/?path=//proc/3538462/cwd/proc/thread-self/root/opt/alt" "Mozilla/5.0 AppleWebKit/537.36 (KHTML, like Gecko; compatible; GPTBot/1.3; +https://openai.com/gptbot)" 53 **0/53294**
74.7.227.26 - - [04/Mar/2026:05:20:54 -0700] "GET /?fileloc=//proc/sys/fs/enforce_symlinksifowner&path=//proc/sys/fs HTTP/2.0" 200 2270 "https://icdp.co.in/?path=//proc/sys/fs" "Mozilla/5.0 AppleWebKit/537.36 (KHTML, like Gecko; compatible; GPTBot/1.3; +https://openai.com/gptbot)" 60 **0/60203**
74.7.227.26 - - [04/Mar/2026:05:20:55 -0700] "GET /?fileloc=//proc/self/cwd/railery.php&path=//proc/self/cwd HTTP/2.0" 200 2256 "https://icdp.co.in/?path=//proc/self/cwd" "Mozilla/5.0 AppleWebKit/537.36 (KHTML, like Gecko; compatible; GPTBot/1.3; +https://openai.com/gptbot)" 57 **0/57197**
74.7.227.26 - - [04/Mar/2026:05:20:56 -0700] "GET /?path=//proc/self/cwd/40366cfc HTTP/2.0" 200 2574 "https://icdp.co.in/?path=//proc/self/cwd" "Mozilla/5.0 AppleWebKit/537.36 (KHTML, like Gecko; compatible; GPTBot/1.3; +https://openai.com/gptbot)" 37 **0/37058**
74.7.227.26 - - [04/Mar/2026:05:20:56 -0700] "GET /?path=//proc/3452243/cwd/proc/thread-self/root/opt/alt/tests/alt-php72-pecl-propro_2.1.0-1.el8/tests HTTP/2.0" 200 2403 "https://icdp.co.in/?path=//proc/3452243/cwd/proc/thread-self/root/opt/alt/tests/alt-php72-pecl-propro_2.1.0-1.el8" "Mozilla/5.0 AppleWebKit/537.36 (KHTML, like Gecko; compatible; GPTBot/1.3; +https://openai.com/gptbot)" 47 **0/47498**
74.7.227.26 - - [04/Mar/2026:05:20:57 -0700] "GET /?path=//proc/3538462/cwd/proc/sys/kernel/sched_domain HTTP/2.0" 200 2352 "https://icdp.co.in/?path=//proc/3538462/cwd/proc/sys/kernel" "Mozilla/5.0 AppleWebKit/537.36 (KHTML, like Gecko; compatible; GPTBot/1.3; +https://openai.com/gptbot)" 43 **0/43857**
74.7.227.26 - - [04/Mar/2026:05:20:57 -0700] "GET /?path=//proc/3458776/cwd/proc/sys/kernel/sched_domain HTTP/2.0" 200 2353 "https://icdp.co.in/?path=//proc/3458776/cwd/proc/sys/kernel" "Mozilla/5.0 AppleWebKit/537.36 (KHTML, like Gecko; compatible; GPTBot/1.3; +https://openai.com/gptbot)" 47 **0/47575**
74.7.227.26 - - [04/Mar/2026:05:20:58 -0700] "GET /?path=//proc/3452243/cwd/proc/sys/net/ipv4 HTTP/2.0" 200 2347 "https://icdp.co.in/?path=//proc/3452243/cwd/proc/sys/net" "Mozilla/5.0 AppleWebKit/537.36 (KHTML, like Gecko; compatible; GPTBot/1.3; +https://openai.com/gptbot)" 46 **0/46448**
74.7.227.26 - - [04/Mar/2026:05:20:58 -0700] "GET /?path=//proc/3458776/cwd/proc/self/root/proc/self/root HTTP/2.0" 200 2348 "https://icdp.co.in/?path=//proc/3458776/cwd/proc/self/root/proc/self" "Mozilla/5.0 AppleWebKit/537.36 (KHTML, like Gecko; compatible; GPTBot/1.3; +https://openai.com/gptbot)" 44 **0/44997**
74.7.227.26 - - [04/Mar/2026:05:20:59 -0700] "GET /?path=//proc/3538462/cwd/proc/self/root/proc/self/root HTTP/2.0" 200 2348 "https://icdp.co.in/?path=//proc/3538462/cwd/proc/self/root/proc/self" "Mozilla/5.0 AppleWebKit/537.36 (KHTML, like Gecko; compatible; GPTBot/1.3; +https://openai.com/gptbot)" 37 **0/37069**
74.7.227.26 - - [04/Mar/2026:05:20:59 -0700] "GET /?path=//proc/3555776/net/dev_snmp6 HTTP/2.0" 200 2329 "https://icdp.co.in/?path=//proc/3555776/net" "Mozilla/5.0 AppleWebKit/537.36 (KHTML, like Gecko; compatible; GPTBot/1.3; +https://openai.com/gptbot)" 39 **0/39848**
74.7.227.26 - - [04/Mar/2026:05:21:00 -0700] "GET /?path=//proc/3564199/cwd/usr/lib/locale/en_IE HTTP/2.0" 200 2356 "https://icdp.co.in/?path=//proc/3564199/cwd/usr/lib/locale" "Mozilla/5.0 AppleWebKit/537.36 (KHTML, like Gecko; compatible; GPTBot/1.3; +https://openai.com/gptbot)" 65 **0/65779**
74.7.227.26 - - [04/Mar/2026:05:21:00 -0700] "GET /?path=//proc/3564199/cwd/usr/lib/locale/en_AG HTTP/2.0" 200 2356 "https://icdp.co.in/?path=//proc/3564199/cwd/usr/lib/locale" "Mozilla/5.0 AppleWebKit/537.36 (KHTML, like Gecko; compatible; GPTBot/1.3; +https://openai.com/gptbot)" 47 **0/47411**
74.7.227.26 - - [04/Mar/2026:05:21:01 -0700] "GET /?path=//proc/3564199/cwd/usr/lib/locale/en_GB HTTP/2.0" 200 2356 "https://icdp.co.in/?path=//proc/3564199/cwd/usr/lib/locale" "Mozilla/5.0 AppleWebKit/537.36 (KHTML, like Gecko; compatible; GPTBot/1.3; +https://openai.com/gptbot)" 47 **0/47692**
144.76.32.236 - - [04/Mar/2026:05:21:01 -0700] "GET /jenes-innovative-glucksspielgenre-wird-alle-ein-kryptowelt-as-part-of-unser-legale-spielothekenwelt-ubergegangen/ HTTP/1.1" 200 5663 "-" "Mozilla/5.0 (compatible; SERankingBacklinksBot/1.0; +https://seranking.com/backlinks-crawler)" 64 **0/64334**
74.7.227.26 - - [04/Mar/2026:05:21:01 -0700] "GET /?path=//proc/3564199/cwd/usr/lib/locale/en_IN HTTP/2.0" 200 2356 "https://icdp.co.in/?path=//proc/3564199/cwd/usr/lib/locale" "Mozilla/5.0 AppleWebKit/537.36 (KHTML, like Gecko; compatible; GPTBot/1.3; +https://openai.com/gptbot)" 59 **0/59771**
74.7.227.26 - - [04/Mar/2026:05:21:02 -0700] "GET /?path=//proc/3564199/cwd/usr/lib/locale/en_ZM HTTP/2.0" 200 2356 "https://icdp.co.in/?path=//proc/3564199/cwd/usr/lib/locale" "Mozilla/5.0 AppleWebKit/537.36 (KHTML, like Gecko; compatible; GPTBot/1.3; +https://openai.com/gptbot)" 69 **0/69999**
74.7.227.26 - - [04/Mar/2026:05:21:02 -0700] "GET /?path=//proc/3564199/cwd/usr/lib/locale/en_DK HTTP/2.0" 200 2356 "https://icdp.co.in/?path=//proc/3564199/cwd/usr/lib/locale" "Mozilla/5.0 AppleWebKit/537.36 (KHTML, like Gecko; compatible; GPTBot/1.3; +https://openai.com/gptbot)" 63 **0/63308**
74.7.227.26 - - [04/Mar/2026:05:21:03 -0700] "GET /?path=//proc/3564199/cwd/usr/lib/locale/en_US HTTP/2.0" 200 2352 "https://icdp.co.in/?path=//proc/3564199/cwd/usr/lib/locale" "Mozilla/5.0 AppleWebKit/537.36 (KHTML, like Gecko; compatible; GPTBot/1.3; +https://openai.com/gptbot)" 45 **0/45203**
74.7.227.26 - - [04/Mar/2026:05:21:03 -0700] "GET /?path=//proc/3564199/cwd/usr/lib/locale/en_BW HTTP/2.0" 200 2356 "https://icdp.co.in/?path=//proc/3564199/cwd/usr/lib/locale" "Mozilla/5.0 AppleWebKit/537.36 (KHTML, like Gecko; compatible; GPTBot/1.3; +https://openai.com/gptbot)" 53 **0/53608**
74.7.227.26 - - [04/Mar/2026:05:21:04 -0700] "GET /?path=//proc/3564199/cwd/usr/lib/locale/en_NG HTTP/2.0" 200 2356 "https://icdp.co.in/?path=//proc/3564199/cwd/usr/lib/locale" "Mozilla/5.0 AppleWebKit/537.36 (KHTML, like Gecko; compatible; GPTBot/1.3; +https://openai.com/gptbot)" 50 **0/50693**
144.76.32.236 - - [04/Mar/2026:05:21:04 -0700] "GET /polskie-przedsiebiorstwa-hazardowe-ktorzy-maja-minimalna-wplata-%ef%bf%bd-gdzie-szukac-jeden-z-najbardziej-ofert/ HTTP/1.1" 200 5663 "-" "Mozilla/5.0 (compatible; SERankingBacklinksBot/1.0; +https://seranking.com/backlinks-crawler)" 52 **0/52482**
74.7.227.26 - - [04/Mar/2026:05:21:05 -0700] "GET /?path=//proc/3564199/cwd/usr/lib/locale/en_AU HTTP/2.0" 200 2356 "https://icdp.co.in/?path=//proc/3564199/cwd/usr/lib/locale" "Mozilla/5.0 AppleWebKit/537.36 (KHTML, like Gecko; compatible; GPTBot/1.3; +https://openai.com/gptbot)" 40 **0/40290**
74.7.227.26 - - [04/Mar/2026:05:21:05 -0700] "GET /?path=//proc/3564199/cwd/usr/lib/locale/en_ZA HTTP/2.0" 200 2356 "https://icdp.co.in/?path=//proc/3564199/cwd/usr/lib/locale" "Mozilla/5.0 AppleWebKit/537.36 (KHTML, like Gecko; compatible; GPTBot/1.3; +https://openai.com/gptbot)" 43 **0/43601**
47.128.110.68 - - [04/Mar/2026:05:21:06 -0700] "GET /kiehtovatko-netin-pelimaailmat-ja-haluat-loytaa-juuri-sinulle/ HTTP/2.0" 200 4676 "-" "Mozilla/5.0 (Linux; Android 5.0) AppleWebKit/537.36 (KHTML, like Gecko) Mobile Safari/537.36 (compatible; TikTokSpider; ttspider-feedback@tiktok.com)" 45 **0/45062**
74.7.227.26 - - [04/Mar/2026:05:21:06 -0700] "GET /?path=//proc/3564199/cwd/usr/lib/locale/en_IL HTTP/2.0" 200 2356 "https://icdp.co.in/?path=//proc/3564199/cwd/usr/lib/locale" "Mozilla/5.0 AppleWebKit/537.36 (KHTML, like Gecko; compatible; GPTBot/1.3; +https://openai.com/gptbot)" 41 **0/41344**
74.7.227.26 - - [04/Mar/2026:05:21:06 -0700] "GET /?path=//proc/3564199/cwd/usr/lib/locale/en_SG HTTP/2.0" 200 2356 "https://icdp.co.in/?path=//proc/3564199/cwd/usr/lib/locale" "Mozilla/5.0 AppleWebKit/537.36 (KHTML, like Gecko; compatible; GPTBot/1.3; +https://openai.com/gptbot)" 38 **0/38920**
74.7.227.26 - - [04/Mar/2026:05:21:07 -0700] "GET /?path=//proc/3564199/cwd/usr/lib/locale/en_PH HTTP/2.0" 200 2356 "https://icdp.co.in/?path=//proc/3564199/cwd/usr/lib/locale" "Mozilla/5.0 AppleWebKit/537.36 (KHTML, like Gecko; compatible; GPTBot/1.3; +https://openai.com/gptbot)" 47 **0/47693**
74.7.227.26 - - [04/Mar/2026:05:21:07 -0700] "GET /?path=//proc/3564199/cwd/usr/lib/locale/en_CA HTTP/2.0" 200 2356 "https://icdp.co.in/?path=//proc/3564199/cwd/usr/lib/locale" "Mozilla/5.0 AppleWebKit/537.36 (KHTML, like Gecko; compatible; GPTBot/1.3; +https://openai.com/gptbot)" 47 **0/47723**
74.7.227.26 - - [04/Mar/2026:05:21:08 -0700] "GET /?path=//proc/3564199/cwd/usr/lib/locale/en_NZ HTTP/2.0" 200 2356 "https://icdp.co.in/?path=//proc/3564199/cwd/usr/lib/locale" "Mozilla/5.0 AppleWebKit/537.36 (KHTML, like Gecko; compatible; GPTBot/1.3; +https://openai.com/gptbot)" 49 **0/49106**
144.76.32.236 - - [04/Mar/2026:05:21:08 -0700] "GET /better-zero-wager-totally-free-revolves-incentives-2025-free-chili-chili-fire-pokie-machine-zero-choice-revolves/ HTTP/1.1" 200 5663 "-" "Mozilla/5.0 (compatible; SERankingBacklinksBot/1.0; +https://seranking.com/backlinks-crawler)" 48 **0/48152**
17.22.245.59 - - [04/Mar/2026:05:21:08 -0700] "GET /gonzos-trip-slot-benefits-of-to-try-pokie-banana-splash-out-a-no-cost-online-game/ HTTP/1.1" 200 5663 "-" "Mozilla/5.0 (Macintosh; Intel Mac OS X 10_15_7) AppleWebKit/605.1.15 (KHTML, like Gecko) Version/17.4 Safari/605.1.15 (Applebot/0.1; +http://www.apple.com/go/applebot)" 42 **0/42968**
74.7.227.26 - - [04/Mar/2026:05:21:08 -0700] "GET /?path=//proc/3564199/cwd/usr/lib/locale/en_HK HTTP/2.0" 200 2356 "https://icdp.co.in/?path=//proc/3564199/cwd/usr/lib/locale" "Mozilla/5.0 AppleWebKit/537.36 (KHTML, like Gecko; compatible; GPTBot/1.3; +https://openai.com/gptbot)" 46 **0/46266**
74.7.227.26 - - [04/Mar/2026:05:21:09 -0700] "GET /?path=//proc/3564199/cwd/usr/lib/locale/en_ZW HTTP/2.0" 200 2356 "https://icdp.co.in/?path=//proc/3564199/cwd/usr/lib/locale" "Mozilla/5.0 AppleWebKit/537.36 (KHTML, like Gecko; compatible; GPTBot/1.3; +https://openai.com/gptbot)" 47 **0/47279**
74.7.227.26 - - [04/Mar/2026:05:21:09 -0700] "GET /?fileloc=//proc/3452243/cwd/bin/mariadb-show&path=//proc/3452243/cwd/bin HTTP/2.0" 200 2280 "https://icdp.co.in/?path=//proc/3452243/cwd/bin" "Mozilla/5.0 AppleWebKit/537.36 (KHTML, like Gecko; compatible; GPTBot/1.3; +https://openai.com/gptbot)" 40 **0/40965**
74.7.227.26 - - [04/Mar/2026:05:21:10 -0700] "GET /?fileloc=//proc/sys/fs/protected_regular&path=//proc/sys/fs HTTP/2.0" 200 2266 "https://icdp.co.in/?path=//proc/sys/fs" "Mozilla/5.0 AppleWebKit/537.36 (KHTML, like Gecko; compatible; GPTBot/1.3; +https://openai.com/gptbot)" 50 **0/50094**
43.225.188.110 - - [04/Mar/2026:05:21:10 -0700] "GET /vierklee-wetten-registrieren/?fileloc=%2F%2Fproc%2Fself%2Fmaps&path=%2F%2Fproc%2Fself HTTP/2.0" 200 10685 "https://www.google.com/" "Mozilla/5.0 (Windows NT 10.0; Win64; x64) AppleWebKit/537.36 (KHTML, like Gecko) Chrome/145.0.0.0 Safari/537.36 Edg/145.0.0.0" 51 **0/51143**
74.7.227.26 - - [04/Mar/2026:05:21:10 -0700] "GET /?fileloc=//proc/sys/fs/protected_symlinks&path=//proc/sys/fs HTTP/2.0" 200 2269 "https://icdp.co.in/?path=//proc/sys/fs" "Mozilla/5.0 AppleWebKit/537.36 (KHTML, like Gecko; compatible; GPTBot/1.3; +https://openai.com/gptbot)" 52 **0/52373**
74.7.227.26 - - [04/Mar/2026:05:21:11 -0700] "GET /?path=//proc/3452215/cwd/lib/.build-id/34 HTTP/2.0" 200 2342 "https://icdp.co.in/?path=//proc/3452215/cwd/lib/.build-id" "Mozilla/5.0 AppleWebKit/537.36 (KHTML, like Gecko; compatible; GPTBot/1.3; +https://openai.com/gptbot)" 54 **0/54240**
74.7.227.26 - - [04/Mar/2026:05:21:11 -0700] "GET /?path=//proc/3538462/cwd/lib/.build-id/35 HTTP/2.0" 200 2342 "https://icdp.co.in/?path=//proc/3538462/cwd/lib/.build-id" "Mozilla/5.0 AppleWebKit/537.36 (KHTML, like Gecko; compatible; GPTBot/1.3; +https://openai.com/gptbot)" 44 **0/44694**
144.76.32.236 - - [04/Mar/2026:05:21:12 -0700] "GET /fairy-land-dos-toki-time-maquina-tragamonedas-maquina-tragamonedas-gratuito-online-tratar-de-divertirte-igrosoft/ HTTP/1.1" 200 5663 "-" "Mozilla/5.0 (compatible; SERankingBacklinksBot/1.0; +https://seranking.com/backlinks-crawler)" 40 **0/40530**
74.7.227.26 - - [04/Mar/2026:05:21:12 -0700] "GET /?path=//proc/3539060/cwd/lib/.build-id/35 HTTP/2.0" 200 2342 "https://icdp.co.in/?path=//proc/3539060/cwd/lib/.build-id" "Mozilla/5.0 AppleWebKit/537.36 (KHTML, like Gecko; compatible; GPTBot/1.3; +https://openai.com/gptbot)" 56 **0/56268**
74.7.227.26 - - [04/Mar/2026:05:21:12 -0700] "GET /?path=//proc/3458776/cwd/proc/thread-self/root/lib/modprobe.d HTTP/2.0" 200 2367 "https://icdp.co.in/?path=//proc/3458776/cwd/proc/thread-self/root/lib" "Mozilla/5.0 AppleWebKit/537.36 (KHTML, like Gecko; compatible; GPTBot/1.3; +https://openai.com/gptbot)" 46 **0/46278**
74.7.227.26 - - [04/Mar/2026:05:21:13 -0700] "GET /?path=//proc/3538462/cwd/proc/self/root/lib/firmware/vicam HTTP/2.0" 200 2371 "https://icdp.co.in/?path=//proc/3538462/cwd/proc/self/root/lib/firmware" "Mozilla/5.0 AppleWebKit/537.36 (KHTML, like Gecko; compatible; GPTBot/1.3; +https://openai.com/gptbot)" 45 **0/45833**
74.7.227.26 - - [04/Mar/2026:05:21:14 -0700] "GET /?path=//proc/3538462/cwd/proc/self/root/lib/firmware/rtl_nic HTTP/2.0" 200 2372 "https://icdp.co.in/?path=//proc/3538462/cwd/proc/self/root/lib/firmware" "Mozilla/5.0 AppleWebKit/537.36 (KHTML, like Gecko; compatible; GPTBot/1.3; +https://openai.com/gptbot)" 47 **0/47898**
74.7.227.26 - - [04/Mar/2026:05:21:14 -0700] "GET /?path=//proc/3538462/cwd/proc/self/root/lib/tuned/balanced HTTP/2.0" 200 2370 "https://icdp.co.in/?path=//proc/3538462/cwd/proc/self/root/lib/tuned" "Mozilla/5.0 AppleWebKit/537.36 (KHTML, like Gecko; compatible; GPTBot/1.3; +https://openai.com/gptbot)" 50 **0/50977**
74.7.227.26 - - [04/Mar/2026:05:21:15 -0700] "GET /?path=//proc/3458776/cwd/proc/self/root/usr/include/gssapi HTTP/2.0" 200 2369 "https://icdp.co.in/?path=//proc/3458776/cwd/proc/self/root/usr/include" "Mozilla/5.0 AppleWebKit/537.36 (KHTML, like Gecko; compatible; GPTBot/1.3; +https://openai.com/gptbot)" 47 **0/47013**
144.76.32.236 - - [04/Mar/2026:05:21:15 -0700] "GET /200-kasino-sizzling-hot-deluxe-spielautomaten-echtes-geld-provision-verbunden-casinos-via-200-prozent-bonus-2025/ HTTP/1.1" 200 5663 "-" "Mozilla/5.0 (compatible; SERankingBacklinksBot/1.0; +https://seranking.com/backlinks-crawler)" 53 **0/53213**
74.7.227.26 - - [04/Mar/2026:05:21:15 -0700] "GET /?path=//proc/3538462/cwd/proc/self/root/etc/security/limits.d HTTP/2.0" 200 2368 "https://icdp.co.in/?path=//proc/3538462/cwd/proc/self/root/etc/security" "Mozilla/5.0 AppleWebKit/537.36 (KHTML, like Gecko; compatible; GPTBot/1.3; +https://openai.com/gptbot)" 44 **0/44125**
74.7.227.26 - - [04/Mar/2026:05:21:16 -0700] "GET /?path=//proc/3458776/cwd/proc/self/root/usr/include/netipx HTTP/2.0" 200 2369 "https://icdp.co.in/?path=//proc/3458776/cwd/proc/self/root/usr/include" "Mozilla/5.0 AppleWebKit/537.36 (KHTML, like Gecko; compatible; GPTBot/1.3; +https://openai.com/gptbot)" 43 **0/43680**
85.208.96.203 - - [04/Mar/2026:05:21:16 -0700] "GET /blog/page/2307/ HTTP/1.1" 200 5663 "-" "Mozilla/5.0 (compatible; SemrushBot/7~bl; +http://www.semrush.com/bot.html)" 43 **0/43142**
74.7.227.26 - - [04/Mar/2026:05:21:16 -0700] "GET /?path=//proc/3458776/cwd/proc/self/root/usr/lib/tuned/balanced HTTP/2.0" 200 2378 "https://icdp.co.in/?path=//proc/3458776/cwd/proc/self/root/usr/lib/tuned" "Mozilla/5.0 AppleWebKit/537.36 (KHTML, like Gecko; compatible; GPTBot/1.3; +https://openai.com/gptbot)" 49 **0/49333**
74.7.227.26 - - [04/Mar/2026:05:21:17 -0700] "GET /?path=//proc/3458776/cwd/proc/self/root/lib/firmware/rtl_nic HTTP/2.0" 200 2372 "https://icdp.co.in/?path=//proc/3458776/cwd/proc/self/root/lib/firmware" "Mozilla/5.0 AppleWebKit/537.36 (KHTML, like Gecko; compatible; GPTBot/1.3; +https://openai.com/gptbot)" 43 **0/43297**
74.7.227.26 - - [04/Mar/2026:05:21:17 -0700] "GET /?path=//proc/3458776/cwd/proc/self/root/etc/security/limits.d HTTP/2.0" 200 2369 "https://icdp.co.in/?path=//proc/3458776/cwd/proc/self/root/etc/security" "Mozilla/5.0 AppleWebKit/537.36 (KHTML, like Gecko; compatible; GPTBot/1.3; +https://openai.com/gptbot)" 54 **0/54882**
