216.73.216.186 - - [04/Mar/2026:05:34:14 -0700] "GET /bookmakers-mostbet-bonus-di-iscrizione-aams?path=%2Fhome%2Fnyiet8349bzl%2Fpublic_html%2Fjournalofbusinessstudies.in%2Fuserdata HTTP/2.0" 403 4676 "-" "Mozilla/5.0 AppleWebKit/537.36 (KHTML, like Gecko; compatible; ClaudeBot/1.0; +claudebot@anthropic.com)" 45 **0/45592**
216.73.216.186 - - [04/Mar/2026:05:34:14 -0700] "GET /best-internet-poker-extra-rules-in-casino-casumo-casino-the-us-2025?path=%2F HTTP/2.0" 403 4676 "-" "Mozilla/5.0 AppleWebKit/537.36 (KHTML, like Gecko; compatible; ClaudeBot/1.0; +claudebot@anthropic.com)" 41 **0/41484**
216.73.216.186 - - [04/Mar/2026:05:34:14 -0700] "GET /sitemap.xml?fileloc=%2Fhome%2Fnyiet8349bzl%2Fpublic_html%2Ficdp.co.in%2Ftmp%2Fwebalizer%2Fhourly_usage_201912.png&path=%2Fhome%2Fnyiet8349bzl%2Fpublic_html%2Ficdp.co.in%2Ftmp%2Fwebalizer HTTP/2.0" 200 4245 "-" "Mozilla/5.0 AppleWebKit/537.36 (KHTML, like Gecko; compatible; ClaudeBot/1.0; +claudebot@anthropic.com)" 38 **0/38542**
74.7.227.26 - - [04/Mar/2026:05:34:14 -0700] "GET /?path=//proc/3453014/cwd/lib/.build-id/10 HTTP/2.0" 200 2343 "https://icdp.co.in/?path=//proc/3453014/cwd/lib/.build-id" "Mozilla/5.0 AppleWebKit/537.36 (KHTML, like Gecko; compatible; GPTBot/1.3; +https://openai.com/gptbot)" 41 **0/41890**
216.73.216.186 - - [04/Mar/2026:05:34:14 -0700] "GET /sitemap.xml?fileloc=%2Fhome%2Fnyiet8349bzl%2Fpublic_html%2Fcdmssbsc.org%2Fdisast-o-pedia.php&path=%2Fhome%2Fnyiet8349bzl%2Fpublic_html%2Fcdmssbsc.org HTTP/2.0" 200 3573 "-" "Mozilla/5.0 AppleWebKit/537.36 (KHTML, like Gecko; compatible; ClaudeBot/1.0; +claudebot@anthropic.com)" 43 **0/43599**
216.73.216.186 - - [04/Mar/2026:05:34:14 -0700] "GET /sitemap.xml?fileloc=%2Fhome%2Fnyiet8349bzl%2Fpublic_html%2Ficdp.co.in%2Fwp-includes%2Fjs%2Fmedia-audiovideo.js&path=%2Fhome%2Fnyiet8349bzl%2Fpublic_html%2Ficdp.co.in%2Fwp-includes%2Fjs HTTP/2.0" 200 8154 "-" "Mozilla/5.0 AppleWebKit/537.36 (KHTML, like Gecko; compatible; ClaudeBot/1.0; +claudebot@anthropic.com)" 44 **0/44036**
216.73.216.186 - - [04/Mar/2026:05:34:14 -0700] "GET /this-enables-people-having-fun-and-exciting-sense-incase-and-you-will-irrespective-of-where-you-desire?fileloc=%2F%2Fbin%2Fpython3&path=%2F%2Fbin HTTP/2.0" 403 4676 "-" "Mozilla/5.0 AppleWebKit/537.36 (KHTML, like Gecko; compatible; ClaudeBot/1.0; +claudebot@anthropic.com)" 46 **0/46550**
216.73.216.186 - - [04/Mar/2026:05:34:14 -0700] "GET /beste-fruits-and-jokers-100-lines-slot-free-spins-verbunden-casinos-inside-brd-top-10-casinos-2026?fileloc=%2F%2Flib64%2Fpython2.7%2FConfigParser.pyc&path=%2F%2Flib64%2Fpython2.7 HTTP/2.0" 403 4676 "-" "Mozilla/5.0 AppleWebKit/537.36 (KHTML, like Gecko; compatible; ClaudeBot/1.0; +claudebot@anthropic.com)" 45 **0/45318**
216.73.216.186 - - [04/Mar/2026:05:34:14 -0700] "GET /top-150-chancen-the-avengers-ernahrer-2026?path=%2Fhome%2Fnyiet8349bzl%2Fpublic_html%2Fcdmssbsc.org%2Fconference HTTP/2.0" 403 4676 "-" "Mozilla/5.0 AppleWebKit/537.36 (KHTML, like Gecko; compatible; ClaudeBot/1.0; +claudebot@anthropic.com)" 49 **0/49327**
74.7.227.26 - - [04/Mar/2026:05:34:15 -0700] "GET /?path=//proc/3453136/cwd/lib/.build-id/75 HTTP/2.0" 200 2344 "https://icdp.co.in/?path=//proc/3453136/cwd/lib/.build-id" "Mozilla/5.0 AppleWebKit/537.36 (KHTML, like Gecko; compatible; GPTBot/1.3; +https://openai.com/gptbot)" 49 **0/49348**
216.73.216.186 - - [04/Mar/2026:05:34:15 -0700] "GET /bookmakers-mostbet-bonus-di-iscrizione-aams?path=%2Fhome%2Fnyiet8349bzl%2Fpublic_html%2Fcdmssbsc.org%2Fdomainkeys HTTP/2.0" 403 4676 "-" "Mozilla/5.0 AppleWebKit/537.36 (KHTML, like Gecko; compatible; ClaudeBot/1.0; +claudebot@anthropic.com)" 66 **0/66208**
216.73.216.186 - - [04/Mar/2026:05:34:15 -0700] "GET /beste-fruits-and-jokers-100-lines-slot-free-spins-verbunden-casinos-inside-brd-top-10-casinos-2026?fileloc=%2F%2Flib64%2Fpython2.7%2FConfigParser.py&path=%2F%2Flib64%2Fpython2.7 HTTP/2.0" 403 4676 "-" "Mozilla/5.0 AppleWebKit/537.36 (KHTML, like Gecko; compatible; ClaudeBot/1.0; +claudebot@anthropic.com)" 49 **0/49772**
216.73.216.186 - - [04/Mar/2026:05:34:15 -0700] "GET /top-150-chancen-the-avengers-ernahrer-2026?path=%2Fhome%2Fnyiet8349bzl%2Fpublic_html%2Fcdmssbsc.org%2Fapi_tokens HTTP/2.0" 403 4676 "-" "Mozilla/5.0 AppleWebKit/537.36 (KHTML, like Gecko; compatible; ClaudeBot/1.0; +claudebot@anthropic.com)" 68 **0/68132**
216.73.216.186 - - [04/Mar/2026:05:34:15 -0700] "GET /top-150-chancen-the-avengers-ernahrer-2026?fileloc=%2Fhome%2Fnyiet8349bzl%2Fpublic_html%2Ficdp.co.in%2Fwp-admin%2Fincludes%2Fclass-custom-image-header.php&path=%2Fhome%2Fnyiet8349bzl%2Fpublic_html%2Ficdp.co.in%2Fwp-admin%2Fincludes HTTP/2.0" 403 4676 "-" "Mozilla/5.0 AppleWebKit/537.36 (KHTML, like Gecko; compatible; ClaudeBot/1.0; +claudebot@anthropic.com)" 48 **0/48859**
216.73.216.186 - - [04/Mar/2026:05:34:15 -0700] "GET /best-sportsbooks-providing-step-1-minimum-lightning-link-app-free-coins-bets?path=%2Fhome%2Fnyiet8349bzl%2Fpublic_html%2Ficdp.co.in%2Fwp-includes HTTP/2.0" 403 4676 "-" "Mozilla/5.0 AppleWebKit/537.36 (KHTML, like Gecko; compatible; ClaudeBot/1.0; +claudebot@anthropic.com)" 50 **0/50579**
216.73.216.186 - - [04/Mar/2026:05:34:15 -0700] "GET /sitemap.xml?fileloc=%2Fhome%2Fnyiet8349bzl%2Fpublic_html%2Ficdp.co.in%2Ftmp%2Fwebalizer%2Fctry_usage_202007.png&path=%2Fhome%2Fnyiet8349bzl%2Fpublic_html%2Ficdp.co.in%2Ftmp%2Fwebalizer HTTP/2.0" 200 4314 "-" "Mozilla/5.0 AppleWebKit/537.36 (KHTML, like Gecko; compatible; ClaudeBot/1.0; +claudebot@anthropic.com)" 49 **0/49950**
216.73.216.186 - - [04/Mar/2026:05:34:15 -0700] "GET /kupit-diplom-rggu-na-blanke-kachestvenno-i?path=%2Fhome%2Fnyiet8349bzl%2Fpublic_html HTTP/2.0" 403 4676 "-" "Mozilla/5.0 AppleWebKit/537.36 (KHTML, like Gecko; compatible; ClaudeBot/1.0; +claudebot@anthropic.com)" 52 **0/52573**
74.7.227.26 - - [04/Mar/2026:05:34:15 -0700] "GET /?path=//proc/3485806/cwd/lib/.build-id/33 HTTP/2.0" 200 2343 "https://icdp.co.in/?path=//proc/3485806/cwd/lib/.build-id" "Mozilla/5.0 AppleWebKit/537.36 (KHTML, like Gecko; compatible; GPTBot/1.3; +https://openai.com/gptbot)" 56 **0/56149**
216.73.216.186 - - [04/Mar/2026:05:34:15 -0700] "GET /sitemap.xml?fileloc=%2Fhome%2Fnyiet8349bzl%2Fpublic_html%2Ficdp.co.in%2Fwp-admin%2Fjs%2Faccordion.min.js&path=%2Fhome%2Fnyiet8349bzl%2Fpublic_html%2Ficdp.co.in%2Fwp-admin%2Fjs HTTP/2.0" 200 2639 "-" "Mozilla/5.0 AppleWebKit/537.36 (KHTML, like Gecko; compatible; ClaudeBot/1.0; +claudebot@anthropic.com)" 59 **0/59001**
216.73.216.186 - - [04/Mar/2026:05:34:15 -0700] "GET /sitemap.xml?fileloc=%2Fhome%2Fnyiet8349bzl%2F.razor%2Fserver.c302.cloudmark.com.conf&path=%2Fhome%2Fnyiet8349bzl%2F.razor HTTP/2.0" 200 2541 "-" "Mozilla/5.0 AppleWebKit/537.36 (KHTML, like Gecko; compatible; ClaudeBot/1.0; +claudebot@anthropic.com)" 49 **0/49743**
216.73.216.186 - - [04/Mar/2026:05:34:15 -0700] "GET /sitemap.xml?fileloc=%2Fhome%2Fnyiet8349bzl%2Fpublic_html%2Ficdp.co.in%2Fwp-content%2Fthemes%2Ferror_log&path=%2Fhome%2Fnyiet8349bzl%2Fpublic_html%2Ficdp.co.in%2Fwp-content%2Fthemes HTTP/2.0" 200 2543 "-" "Mozilla/5.0 AppleWebKit/537.36 (KHTML, like Gecko; compatible; ClaudeBot/1.0; +claudebot@anthropic.com)" 52 **0/52511**
216.73.216.186 - - [04/Mar/2026:05:34:15 -0700] "GET /top-150-chancen-the-avengers-ernahrer-2026?path=%2Fhome%2Fnyiet8349bzl%2Fpublic_html%2Fcdmssbsc.org%2Flocale HTTP/2.0" 403 4676 "-" "Mozilla/5.0 AppleWebKit/537.36 (KHTML, like Gecko; compatible; ClaudeBot/1.0; +claudebot@anthropic.com)" 57 **0/57221**
216.73.216.186 - - [04/Mar/2026:05:34:16 -0700] "GET /top-150-chancen-the-avengers-ernahrer-2026?path=%2Fhome%2Fnyiet8349bzl%2Fpublic_html%2Fcdmssbsc.org%2Fgallery HTTP/2.0" 403 4676 "-" "Mozilla/5.0 AppleWebKit/537.36 (KHTML, like Gecko; compatible; ClaudeBot/1.0; +claudebot@anthropic.com)" 47 **0/47011**
216.73.216.186 - - [04/Mar/2026:05:34:16 -0700] "GET /sitemap.xml?path=%2Fhome%2Fnyiet8349bzl%2Fpublic_html%2Ficdp.co.in%2Fbackup-3.15.2023_02-00-26_bq1p5yxk8zys%2Fcustomizations HTTP/2.0" 200 2374 "-" "Mozilla/5.0 AppleWebKit/537.36 (KHTML, like Gecko; compatible; ClaudeBot/1.0; +claudebot@anthropic.com)" 45 **0/45939**
74.7.227.26 - - [04/Mar/2026:05:34:16 -0700] "GET /?path=//proc/3538462/cwd/lib/.build-id/32 HTTP/2.0" 200 2342 "https://icdp.co.in/?path=//proc/3538462/cwd/lib/.build-id" "Mozilla/5.0 AppleWebKit/537.36 (KHTML, like Gecko; compatible; GPTBot/1.3; +https://openai.com/gptbot)" 48 **0/48603**
216.73.216.186 - - [04/Mar/2026:05:34:16 -0700] "GET /bookmakers-mostbet-bonus-di-iscrizione-aams?path=%2Fhome%2Fnyiet8349bzl%2Fpublic_html%2Fcdmssbsc.org%2Fvad HTTP/2.0" 403 4676 "-" "Mozilla/5.0 AppleWebKit/537.36 (KHTML, like Gecko; compatible; ClaudeBot/1.0; +claudebot@anthropic.com)" 57 **0/57940**
216.73.216.186 - - [04/Mar/2026:05:34:16 -0700] "GET /sitemap.xml?fileloc=%2Fhome%2Fnyiet8349bzl%2Fpublic_html%2Ficdp.co.in%2Ftmp%2Fwebalizer%2Fhourly_usage_202001.png&path=%2Fhome%2Fnyiet8349bzl%2Fpublic_html%2Ficdp.co.in%2Ftmp%2Fwebalizer HTTP/2.0" 200 4323 "-" "Mozilla/5.0 AppleWebKit/537.36 (KHTML, like Gecko; compatible; ClaudeBot/1.0; +claudebot@anthropic.com)" 46 **0/46572**
216.73.216.186 - - [04/Mar/2026:05:34:16 -0700] "GET /sitemap.xml?fileloc=%2Fhome%2Fnyiet8349bzl%2Fpublic_html%2Ficdp.co.in%2Ftmp%2Fwebalizer%2Fctry_usage_202002.png&path=%2Fhome%2Fnyiet8349bzl%2Fpublic_html%2Ficdp.co.in%2Ftmp%2Fwebalizer HTTP/2.0" 200 4316 "-" "Mozilla/5.0 AppleWebKit/537.36 (KHTML, like Gecko; compatible; ClaudeBot/1.0; +claudebot@anthropic.com)" 44 **0/44175**
216.73.216.186 - - [04/Mar/2026:05:34:16 -0700] "GET /sitemap.xml?fileloc=%2Fhome%2Fnyiet8349bzl%2Fpublic_html%2Ficdp.co.in%2Ftmp%2Fwebalizer%2Fhourly_usage_201908.png&path=%2Fhome%2Fnyiet8349bzl%2Fpublic_html%2Ficdp.co.in%2Ftmp%2Fwebalizer HTTP/2.0" 200 4162 "-" "Mozilla/5.0 AppleWebKit/537.36 (KHTML, like Gecko; compatible; ClaudeBot/1.0; +claudebot@anthropic.com)" 41 **0/41672**
216.73.216.186 - - [04/Mar/2026:05:34:16 -0700] "GET /sitemap.xml?fileloc=%2Fhome%2Fnyiet8349bzl%2Fpublic_html%2Ficdp.co.in%2Ftmp%2Fwebalizer%2Fhourly_usage_202103.png&path=%2Fhome%2Fnyiet8349bzl%2Fpublic_html%2Ficdp.co.in%2Ftmp%2Fwebalizer HTTP/2.0" 200 4258 "-" "Mozilla/5.0 AppleWebKit/537.36 (KHTML, like Gecko; compatible; ClaudeBot/1.0; +claudebot@anthropic.com)" 50 **0/50998**
216.73.216.186 - - [04/Mar/2026:05:34:16 -0700] "GET /sitemap.xml?fileloc=%2Fhome%2Fnyiet8349bzl%2Fpublic_html%2Ficdp.co.in%2Ftmp%2Fwebalizer%2Fhourly_usage_202006.png&path=%2Fhome%2Fnyiet8349bzl%2Fpublic_html%2Ficdp.co.in%2Ftmp%2Fwebalizer HTTP/2.0" 200 4238 "-" "Mozilla/5.0 AppleWebKit/537.36 (KHTML, like Gecko; compatible; ClaudeBot/1.0; +claudebot@anthropic.com)" 53 **0/53569**
74.7.227.26 - - [04/Mar/2026:05:34:16 -0700] "GET /?path=//proc/3453014/cwd/lib/.build-id/73 HTTP/2.0" 200 2343 "https://icdp.co.in/?path=//proc/3453014/cwd/lib/.build-id" "Mozilla/5.0 AppleWebKit/537.36 (KHTML, like Gecko; compatible; GPTBot/1.3; +https://openai.com/gptbot)" 48 **0/48499**
216.73.216.186 - - [04/Mar/2026:05:34:16 -0700] "GET /sitemap.xml?fileloc=%2Fhome%2Fnyiet8349bzl%2Fpublic_html%2Ficdp.co.in%2Ftmp%2Fwebalizer%2Fhourly_usage_202010.png&path=%2Fhome%2Fnyiet8349bzl%2Fpublic_html%2Ficdp.co.in%2Ftmp%2Fwebalizer HTTP/2.0" 200 4232 "-" "Mozilla/5.0 AppleWebKit/537.36 (KHTML, like Gecko; compatible; ClaudeBot/1.0; +claudebot@anthropic.com)" 45 **0/45175**
216.73.216.186 - - [04/Mar/2026:05:34:16 -0700] "GET /this-enables-people-having-fun-and-exciting-sense-incase-and-you-will-irrespective-of-where-you-desire?fileloc=%2F%2Fbin%2Fpython2.7&path=%2F%2Fbin HTTP/2.0" 403 4676 "-" "Mozilla/5.0 AppleWebKit/537.36 (KHTML, like Gecko; compatible; ClaudeBot/1.0; +claudebot@anthropic.com)" 46 **0/46662**
216.73.216.186 - - [04/Mar/2026:05:34:16 -0700] "GET /sitemap.xml?fileloc=%2Fhome%2Fnyiet8349bzl%2Fpublic_html%2Ficdp.co.in%2Fwp-includes%2Fsodium_compat%2FLICENSE&path=%2Fhome%2Fnyiet8349bzl%2Fpublic_html%2Ficdp.co.in%2Fwp-includes%2Fsodium_compat HTTP/2.0" 200 2838 "-" "Mozilla/5.0 AppleWebKit/537.36 (KHTML, like Gecko; compatible; ClaudeBot/1.0; +claudebot@anthropic.com)" 45 **0/45287**
216.73.216.186 - - [04/Mar/2026:05:34:17 -0700] "GET /sitemap.xml?fileloc=%2Fhome%2Fnyiet8349bzl%2Fpublic_html%2Ficdp.co.in%2Ftmp%2Fwebalizer%2Fhourly_usage_202005.png&path=%2Fhome%2Fnyiet8349bzl%2Fpublic_html%2Ficdp.co.in%2Ftmp%2Fwebalizer HTTP/2.0" 200 4253 "-" "Mozilla/5.0 AppleWebKit/537.36 (KHTML, like Gecko; compatible; ClaudeBot/1.0; +claudebot@anthropic.com)" 44 **0/44188**
216.73.216.186 - - [04/Mar/2026:05:34:17 -0700] "GET /sitemap.xml?fileloc=%2Fhome%2Fnyiet8349bzl%2Ferror_log&path=%2Fhome%2Fnyiet8349bzl HTTP/2.0" 200 2673 "-" "Mozilla/5.0 AppleWebKit/537.36 (KHTML, like Gecko; compatible; ClaudeBot/1.0; +claudebot@anthropic.com)" 48 **0/48287**
74.7.227.26 - - [04/Mar/2026:05:34:17 -0700] "GET /?path=//proc/3485806/cwd/lib/.build-id/83 HTTP/2.0" 200 2343 "https://icdp.co.in/?path=//proc/3485806/cwd/lib/.build-id" "Mozilla/5.0 AppleWebKit/537.36 (KHTML, like Gecko; compatible; GPTBot/1.3; +https://openai.com/gptbot)" 52 **0/52838**
216.73.216.186 - - [04/Mar/2026:05:34:17 -0700] "GET /sitemap.xml?fileloc=%2Fhome%2Fnyiet8349bzl%2Fpublic_html%2Ficdp.co.in%2Ftmp%2Fwebalizer%2Fhourly_usage_202009.png&path=%2Fhome%2Fnyiet8349bzl%2Fpublic_html%2Ficdp.co.in%2Ftmp%2Fwebalizer HTTP/2.0" 200 4381 "-" "Mozilla/5.0 AppleWebKit/537.36 (KHTML, like Gecko; compatible; ClaudeBot/1.0; +claudebot@anthropic.com)" 50 **0/50618**
216.73.216.186 - - [04/Mar/2026:05:34:17 -0700] "GET /sitemap.xml?fileloc=%2Fhome%2Fnyiet8349bzl%2F.appdata%2F.placeholder&path=%2Fhome%2Fnyiet8349bzl%2F.appdata HTTP/2.0" 200 170005 "-" "Mozilla/5.0 AppleWebKit/537.36 (KHTML, like Gecko; compatible; ClaudeBot/1.0; +claudebot@anthropic.com)" 92 **0/92276**
216.73.216.186 - - [04/Mar/2026:05:34:17 -0700] "GET /sitemap.xml?fileloc=%2Fhome%2Fnyiet8349bzl%2Fpublic_html%2Ficdp.co.in%2Ftmp%2Fwebalizer%2Fctry_usage_202111.png&path=%2Fhome%2Fnyiet8349bzl%2Fpublic_html%2Ficdp.co.in%2Ftmp%2Fwebalizer HTTP/2.0" 200 4368 "-" "Mozilla/5.0 AppleWebKit/537.36 (KHTML, like Gecko; compatible; ClaudeBot/1.0; +claudebot@anthropic.com)" 48 **0/48901**
216.73.216.186 - - [04/Mar/2026:05:34:17 -0700] "GET /sitemap.xml?fileloc=%2Fhome%2Fnyiet8349bzl%2Fpublic_html%2Ficdp.co.in%2Ftmp%2Fwebalizer%2Fctry_usage_202004.png&path=%2Fhome%2Fnyiet8349bzl%2Fpublic_html%2Ficdp.co.in%2Ftmp%2Fwebalizer HTTP/2.0" 200 4348 "-" "Mozilla/5.0 AppleWebKit/537.36 (KHTML, like Gecko; compatible; ClaudeBot/1.0; +claudebot@anthropic.com)" 44 **0/44926**
216.73.216.186 - - [04/Mar/2026:05:34:17 -0700] "GET /sitemap.xml?fileloc=%2Fhome%2Fnyiet8349bzl%2Fpublic_html%2Ficdp.co.in%2Ftmp%2Fwebalizer%2Fctry_usage_202201.png&path=%2Fhome%2Fnyiet8349bzl%2Fpublic_html%2Ficdp.co.in%2Ftmp%2Fwebalizer HTTP/2.0" 200 4330 "-" "Mozilla/5.0 AppleWebKit/537.36 (KHTML, like Gecko; compatible; ClaudeBot/1.0; +claudebot@anthropic.com)" 54 **0/54506**
216.73.216.186 - - [04/Mar/2026:05:34:17 -0700] "GET /sitemap.xml?fileloc=%2Fhome%2Fnyiet8349bzl%2Fpublic_html%2Ficdp.co.in%2Ftmp%2Fwebalizer%2Fhourly_usage_201909.png&path=%2Fhome%2Fnyiet8349bzl%2Fpublic_html%2Ficdp.co.in%2Ftmp%2Fwebalizer HTTP/2.0" 200 4367 "-" "Mozilla/5.0 AppleWebKit/537.36 (KHTML, like Gecko; compatible; ClaudeBot/1.0; +claudebot@anthropic.com)" 53 **0/53117**
74.7.227.26 - - [04/Mar/2026:05:34:17 -0700] "GET /?path=//proc/3452243/cwd/lib/.build-id/46 HTTP/2.0" 200 2342 "https://icdp.co.in/?path=//proc/3452243/cwd/lib/.build-id" "Mozilla/5.0 AppleWebKit/537.36 (KHTML, like Gecko; compatible; GPTBot/1.3; +https://openai.com/gptbot)" 52 **0/52181**
216.73.216.186 - - [04/Mar/2026:05:34:17 -0700] "GET /sitemap.xml?fileloc=%2Fhome%2Fnyiet8349bzl%2Fpublic_html%2Foldwebsite.sbsc.in%2Fwp-mail.php&path=%2Fhome%2Fnyiet8349bzl%2Fpublic_html%2Foldwebsite.sbsc.in HTTP/2.0" 200 5306 "-" "Mozilla/5.0 AppleWebKit/537.36 (KHTML, like Gecko; compatible; ClaudeBot/1.0; +claudebot@anthropic.com)" 48 **0/48681**
216.73.216.186 - - [04/Mar/2026:05:34:17 -0700] "GET /sitemap.xml?fileloc=%2Fhome%2Fnyiet8349bzl%2Fpublic_html%2Ficdp.co.in%2Ftmp%2Fwebalizer%2Fctry_usage_202003.png&path=%2Fhome%2Fnyiet8349bzl%2Fpublic_html%2Ficdp.co.in%2Ftmp%2Fwebalizer HTTP/2.0" 200 4311 "-" "Mozilla/5.0 AppleWebKit/537.36 (KHTML, like Gecko; compatible; ClaudeBot/1.0; +claudebot@anthropic.com)" 46 **0/46444**
216.73.216.186 - - [04/Mar/2026:05:34:17 -0700] "GET /bookmakers-mostbet-bonus-di-iscrizione-aams?path=%2Fhome%2Fnyiet8349bzl%2Fpublic_html%2Fcdmssbsc.org%2Fteam HTTP/2.0" 403 4676 "-" "Mozilla/5.0 AppleWebKit/537.36 (KHTML, like Gecko; compatible; ClaudeBot/1.0; +claudebot@anthropic.com)" 51 **0/51091**
216.73.216.186 - - [04/Mar/2026:05:34:18 -0700] "GET /sitemap.xml?fileloc=%2Fhome%2Fnyiet8349bzl%2Fpublic_html%2Foldwebsite.sbsc.in%2Fwp-activate.php&path=%2Fhome%2Fnyiet8349bzl%2Fpublic_html%2Foldwebsite.sbsc.in HTTP/2.0" 200 4689 "-" "Mozilla/5.0 AppleWebKit/537.36 (KHTML, like Gecko; compatible; ClaudeBot/1.0; +claudebot@anthropic.com)" 50 **0/50764**
216.73.216.186 - - [04/Mar/2026:05:34:18 -0700] "GET /sitemap.xml?fileloc=%2Fhome%2Fnyiet8349bzl%2Fpublic_html%2Ficdp.co.in%2Ftmp%2Fwebalizer%2Fctry_usage_202011.png&path=%2Fhome%2Fnyiet8349bzl%2Fpublic_html%2Ficdp.co.in%2Ftmp%2Fwebalizer HTTP/2.0" 200 4370 "-" "Mozilla/5.0 AppleWebKit/537.36 (KHTML, like Gecko; compatible; ClaudeBot/1.0; +claudebot@anthropic.com)" 46 **0/46043**
216.73.216.186 - - [04/Mar/2026:05:34:18 -0700] "GET /beste-fruits-and-jokers-100-lines-slot-free-spins-verbunden-casinos-inside-brd-top-10-casinos-2026?fileloc=%2F%2Flib64%2Fpython2.7%2FUserString.pyo&path=%2F%2Flib64%2Fpython2.7 HTTP/2.0" 403 4676 "-" "Mozilla/5.0 AppleWebKit/537.36 (KHTML, like Gecko; compatible; ClaudeBot/1.0; +claudebot@anthropic.com)" 67 **0/67541**
74.7.227.26 - - [04/Mar/2026:05:34:18 -0700] "GET /?path=//proc/3452243/cwd/lib/.build-id/94 HTTP/2.0" 200 2343 "https://icdp.co.in/?path=//proc/3452243/cwd/lib/.build-id" "Mozilla/5.0 AppleWebKit/537.36 (KHTML, like Gecko; compatible; GPTBot/1.3; +https://openai.com/gptbot)" 48 **0/48762**
216.73.216.186 - - [04/Mar/2026:05:34:18 -0700] "GET /sitemap.xml?fileloc=%2Fhome%2Fnyiet8349bzl%2Fpublic_html%2Fsbscalumni.org.zip&path=%2Fhome%2Fnyiet8349bzl%2Fpublic_html HTTP/2.0" 200 2514 "-" "Mozilla/5.0 AppleWebKit/537.36 (KHTML, like Gecko; compatible; ClaudeBot/1.0; +claudebot@anthropic.com)" 56 **0/56379**
216.73.216.186 - - [04/Mar/2026:05:34:18 -0700] "GET /sitemap.xml?fileloc=%2Fhome%2Fnyiet8349bzl%2Fpublic_html%2Ficdp.co.in%2Ftmp%2Fwebalizer%2Fhourly_usage_202007.png&path=%2Fhome%2Fnyiet8349bzl%2Fpublic_html%2Ficdp.co.in%2Ftmp%2Fwebalizer HTTP/2.0" 200 4279 "-" "Mozilla/5.0 AppleWebKit/537.36 (KHTML, like Gecko; compatible; ClaudeBot/1.0; +claudebot@anthropic.com)" 47 **0/47412**
216.73.216.186 - - [04/Mar/2026:05:34:18 -0700] "GET /beste-fruits-and-jokers-100-lines-slot-free-spins-verbunden-casinos-inside-brd-top-10-casinos-2026?fileloc=%2F%2Flib64%2Fpython2.7%2Fpkgutil.pyc&path=%2F%2Flib64%2Fpython2.7 HTTP/2.0" 403 4676 "-" "Mozilla/5.0 AppleWebKit/537.36 (KHTML, like Gecko; compatible; ClaudeBot/1.0; +claudebot@anthropic.com)" 49 **0/49468**
216.73.216.186 - - [04/Mar/2026:05:34:18 -0700] "GET /top-150-chancen-the-avengers-ernahrer-2026?path=%2Fhome%2Fnyiet8349bzl%2Fpublic_html%2Fcdmssbsc.org%2Fdomainkeys HTTP/2.0" 403 4676 "-" "Mozilla/5.0 AppleWebKit/537.36 (KHTML, like Gecko; compatible; ClaudeBot/1.0; +claudebot@anthropic.com)" 42 **0/42691**
216.73.216.186 - - [04/Mar/2026:05:34:18 -0700] "GET /bookmakers-mostbet-bonus-di-iscrizione-aams?path=%2Fhome%2Fnyiet8349bzl%2Fpublic_html%2Fcdmssbsc.org%2Fmm HTTP/2.0" 403 4676 "-" "Mozilla/5.0 AppleWebKit/537.36 (KHTML, like Gecko; compatible; ClaudeBot/1.0; +claudebot@anthropic.com)" 53 **0/53900**
216.73.216.186 - - [04/Mar/2026:05:34:18 -0700] "GET /ukash-playing-web-oshi-bet-sites-2025-better-ukash-california-web-based-casinos?path=%2Fhome%2Fnyiet8349bzl%2Fpublic_html%2Ficdp.co.in%2F.appdata HTTP/2.0" 403 4676 "-" "Mozilla/5.0 AppleWebKit/537.36 (KHTML, like Gecko; compatible; ClaudeBot/1.0; +claudebot@anthropic.com)" 56 **0/56690**
74.7.227.26 - - [04/Mar/2026:05:34:18 -0700] "GET /?path=//proc/3539060/cwd/lib/.build-id/55 HTTP/2.0" 200 2343 "https://icdp.co.in/?path=//proc/3539060/cwd/lib/.build-id" "Mozilla/5.0 AppleWebKit/537.36 (KHTML, like Gecko; compatible; GPTBot/1.3; +https://openai.com/gptbot)" 61 **0/61408**
216.73.216.186 - - [04/Mar/2026:05:34:18 -0700] "GET /beste-fruits-and-jokers-100-lines-slot-free-spins-verbunden-casinos-inside-brd-top-10-casinos-2026?fileloc=%2F%2Flib64%2Fpython2.7%2Fpkgutil.py&path=%2F%2Flib64%2Fpython2.7 HTTP/2.0" 403 4676 "-" "Mozilla/5.0 AppleWebKit/537.36 (KHTML, like Gecko; compatible; ClaudeBot/1.0; +claudebot@anthropic.com)" 53 **0/53327**
216.73.216.186 - - [04/Mar/2026:05:34:18 -0700] "GET /beste-fruits-and-jokers-100-lines-slot-free-spins-verbunden-casinos-inside-brd-top-10-casinos-2026?fileloc=%2F%2Flib64%2Fpython2.7%2Fstringold.pyo&path=%2F%2Flib64%2Fpython2.7 HTTP/2.0" 403 4676 "-" "Mozilla/5.0 AppleWebKit/537.36 (KHTML, like Gecko; compatible; ClaudeBot/1.0; +claudebot@anthropic.com)" 49 **0/49185**
216.73.216.186 - - [04/Mar/2026:05:34:19 -0700] "GET /sitemap.xml?fileloc=%2Fhome%2Fnyiet8349bzl%2Fpublic_html%2Ficdp.co.in%2Fmail%2Fdovecot.index.cache&path=%2Fhome%2Fnyiet8349bzl%2Fpublic_html%2Ficdp.co.in%2Fmail HTTP/2.0" 200 10116 "-" "Mozilla/5.0 AppleWebKit/537.36 (KHTML, like Gecko; compatible; ClaudeBot/1.0; +claudebot@anthropic.com)" 54 **0/54592**
216.73.216.186 - - [04/Mar/2026:05:34:19 -0700] "GET /bookmakers-mostbet-bonus-di-iscrizione-aams?path=%2Fhome%2Fnyiet8349bzl%2Fpublic_html%2Fcdmssbsc.org%2Fva HTTP/2.0" 403 4676 "-" "Mozilla/5.0 AppleWebKit/537.36 (KHTML, like Gecko; compatible; ClaudeBot/1.0; +claudebot@anthropic.com)" 48 **0/48911**
216.73.216.186 - - [04/Mar/2026:05:34:19 -0700] "GET /bookmakers-mostbet-bonus-di-iscrizione-aams?path=%2Fhome%2Fnyiet8349bzl%2Fpublic_html%2Fcdmssbsc.org%2Flogs HTTP/2.0" 403 4676 "-" "Mozilla/5.0 AppleWebKit/537.36 (KHTML, like Gecko; compatible; ClaudeBot/1.0; +claudebot@anthropic.com)" 53 **0/53978**
216.73.216.186 - - [04/Mar/2026:05:34:19 -0700] "GET /sitemap.xml?fileloc=%2Fhome%2Fnyiet8349bzl%2Fpublic_html%2Ficdp.co.in%2Ftmp%2Fwebalizer%2Fhourly_usage_202002.png&path=%2Fhome%2Fnyiet8349bzl%2Fpublic_html%2Ficdp.co.in%2Ftmp%2Fwebalizer HTTP/2.0" 200 4311 "-" "Mozilla/5.0 AppleWebKit/537.36 (KHTML, like Gecko; compatible; ClaudeBot/1.0; +claudebot@anthropic.com)" 50 **0/50907**
74.7.227.26 - - [04/Mar/2026:05:34:19 -0700] "GET /?path=//proc/3452243/cwd/lib/.build-id/04 HTTP/2.0" 200 2343 "https://icdp.co.in/?path=//proc/3452243/cwd/lib/.build-id" "Mozilla/5.0 AppleWebKit/537.36 (KHTML, like Gecko; compatible; GPTBot/1.3; +https://openai.com/gptbot)" 46 **0/46245**
216.73.216.186 - - [04/Mar/2026:05:34:19 -0700] "GET /this-enables-people-having-fun-and-exciting-sense-incase-and-you-will-irrespective-of-where-you-desire?fileloc=%2F%2Fbin%2Fpython2&path=%2F%2Fbin HTTP/2.0" 403 4676 "-" "Mozilla/5.0 AppleWebKit/537.36 (KHTML, like Gecko; compatible; ClaudeBot/1.0; +claudebot@anthropic.com)" 50 **0/50684**
216.73.216.186 - - [04/Mar/2026:05:34:19 -0700] "GET /ukash-playing-web-oshi-bet-sites-2025-better-ukash-california-web-based-casinos?path=%2Fhome%2Fnyiet8349bzl%2Fpublic_html%2Ficdp.co.in%2Fwp-admin HTTP/2.0" 403 4676 "-" "Mozilla/5.0 AppleWebKit/537.36 (KHTML, like Gecko; compatible; ClaudeBot/1.0; +claudebot@anthropic.com)" 45 **0/45992**
216.73.216.186 - - [04/Mar/2026:05:34:19 -0700] "GET /bigwinbox-casino-cashback-offers-explained/feed?path=%2Fhome%2Fnyiet8349bzl%2F.pki%2Fnssdb HTTP/2.0" 403 4676 "-" "Mozilla/5.0 AppleWebKit/537.36 (KHTML, like Gecko; compatible; ClaudeBot/1.0; +claudebot@anthropic.com)" 48 **0/48587**
216.73.216.186 - - [04/Mar/2026:05:34:19 -0700] "GET /sitemap.xml?path=%2Fhome%2Fnyiet8349bzl%2Fpublic_html%2Ficdp.co.in%2Fbackup-3.15.2023_02-00-26_bq1p5yxk8zys%2Fcounters HTTP/2.0" 200 2370 "-" "Mozilla/5.0 AppleWebKit/537.36 (KHTML, like Gecko; compatible; ClaudeBot/1.0; +claudebot@anthropic.com)" 47 **0/47155**
216.73.216.186 - - [04/Mar/2026:05:34:19 -0700] "GET /betnacional-app-download-926?path=%2Fhome%2Fnyiet8349bzl%2Fpublic_html%2Ficdp.co.in%2Fmail%2F.Drafts%2Fnew HTTP/2.0" 403 4676 "-" "Mozilla/5.0 AppleWebKit/537.36 (KHTML, like Gecko; compatible; ClaudeBot/1.0; +claudebot@anthropic.com)" 51 **0/51062**
216.73.216.186 - - [04/Mar/2026:05:34:19 -0700] "GET /kupit-diplom-rggu-na-blanke-kachestvenno-i?path=%2Fhome%2Fnyiet8349bzl%2Fpublic_html%2Ficdp.co.in%2Fwp-admin HTTP/2.0" 403 4676 "-" "Mozilla/5.0 AppleWebKit/537.36 (KHTML, like Gecko; compatible; ClaudeBot/1.0; +claudebot@anthropic.com)" 57 **0/57033**
74.7.227.26 - - [04/Mar/2026:05:34:19 -0700] "GET /?path=//proc/3453136/cwd/lib/.build-id/61 HTTP/2.0" 200 2343 "https://icdp.co.in/?path=//proc/3453136/cwd/lib/.build-id" "Mozilla/5.0 AppleWebKit/537.36 (KHTML, like Gecko; compatible; GPTBot/1.3; +https://openai.com/gptbot)" 51 **0/51690**
216.73.216.186 - - [04/Mar/2026:05:34:19 -0700] "GET /sitemap.xml?fileloc=%2Fhome%2Fnyiet8349bzl%2Fpublic_html%2Fcdmssbsc.org%2Fpds&path=%2Fhome%2Fnyiet8349bzl%2Fpublic_html%2Fcdmssbsc.org HTTP/2.0" 200 2268 "-" "Mozilla/5.0 AppleWebKit/537.36 (KHTML, like Gecko; compatible; ClaudeBot/1.0; +claudebot@anthropic.com)" 49 **0/49554**
216.73.216.186 - - [04/Mar/2026:05:34:20 -0700] "GET /ukash-playing-web-oshi-bet-sites-2025-better-ukash-california-web-based-casinos?path=%2Fhome%2Fnyiet8349bzl%2Fpublic_html HTTP/2.0" 200 3342 "-" "Mozilla/5.0 AppleWebKit/537.36 (KHTML, like Gecko; compatible; ClaudeBot/1.0; +claudebot@anthropic.com)" 46 **0/46241**
216.73.216.186 - - [04/Mar/2026:05:34:20 -0700] "GET /top-150-chancen-the-avengers-ernahrer-2026?path=%2Fhome%2Fnyiet8349bzl%2Fpublic_html%2Fcdmssbsc.org%2Fvad HTTP/2.0" 200 2584 "-" "Mozilla/5.0 AppleWebKit/537.36 (KHTML, like Gecko; compatible; ClaudeBot/1.0; +claudebot@anthropic.com)" 49 **0/49779**
216.73.216.186 - - [04/Mar/2026:05:34:20 -0700] "GET /kupit-diplom-rggu-na-blanke-kachestvenno-i?path=%2Fhome%2Fnyiet8349bzl%2Fpublic_html%2Ficdp.co.in%2F.appdata HTTP/2.0" 200 2602 "-" "Mozilla/5.0 AppleWebKit/537.36 (KHTML, like Gecko; compatible; ClaudeBot/1.0; +claudebot@anthropic.com)" 47 **0/47409**
216.73.216.186 - - [04/Mar/2026:05:34:20 -0700] "GET /sitemap.xml?fileloc=%2Fhome%2Fnyiet8349bzl%2Fpublic_html%2Fjournalofbusinessstudies.in%2Fmysql.sql-auth.json&path=%2Fhome%2Fnyiet8349bzl%2Fpublic_html%2Fjournalofbusinessstudies.in HTTP/2.0" 200 2456 "-" "Mozilla/5.0 AppleWebKit/537.36 (KHTML, like Gecko; compatible; ClaudeBot/1.0; +claudebot@anthropic.com)" 53 **0/53879**
74.7.227.26 - - [04/Mar/2026:05:34:20 -0700] "GET /?path=//proc/3453136/cwd/lib/.build-id/47 HTTP/2.0" 200 2343 "https://icdp.co.in/?path=//proc/3453136/cwd/lib/.build-id" "Mozilla/5.0 AppleWebKit/537.36 (KHTML, like Gecko; compatible; GPTBot/1.3; +https://openai.com/gptbot)" 49 **0/49060**
216.73.216.186 - - [04/Mar/2026:05:34:20 -0700] "GET /sitemap.xml?fileloc=%2Fhome%2Fnyiet8349bzl%2Fpublic_html%2Fcdmssbsc.org%2Fproftpdpasswd&path=%2Fhome%2Fnyiet8349bzl%2Fpublic_html%2Fcdmssbsc.org HTTP/2.0" 200 2380 "-" "Mozilla/5.0 AppleWebKit/537.36 (KHTML, like Gecko; compatible; ClaudeBot/1.0; +claudebot@anthropic.com)" 47 **0/47963**
216.73.216.186 - - [04/Mar/2026:05:34:20 -0700] "GET /sitemap.xml?fileloc=%2Fhome%2Fnyiet8349bzl%2Fpublic_html%2Ficdp.co.in%2Fwp-admin%2Fjs%2Fmedia-gallery.min.js&path=%2Fhome%2Fnyiet8349bzl%2Fpublic_html%2Ficdp.co.in%2Fwp-admin%2Fjs HTTP/2.0" 200 2614 "-" "Mozilla/5.0 AppleWebKit/537.36 (KHTML, like Gecko; compatible; ClaudeBot/1.0; +claudebot@anthropic.com)" 43 **0/43093**
216.73.216.186 - - [04/Mar/2026:05:34:20 -0700] "GET /kupit-diplom-rggu-na-blanke-kachestvenno-i?path=%2Fhome%2Fnyiet8349bzl%2Fpublic_html%2Ficdp.co.in%2Fpublic_html HTTP/2.0" 200 2323 "-" "Mozilla/5.0 AppleWebKit/537.36 (KHTML, like Gecko; compatible; ClaudeBot/1.0; +claudebot@anthropic.com)" 55 **0/55742**
216.73.216.186 - - [04/Mar/2026:05:34:20 -0700] "GET /sitemap.xml?fileloc=%2Fhome%2Fnyiet8349bzl%2Fpublic_html%2Ficdp.co.in%2Ftmp%2Fwebalizer%2Fhourly_usage_202111.png&path=%2Fhome%2Fnyiet8349bzl%2Fpublic_html%2Ficdp.co.in%2Ftmp%2Fwebalizer HTTP/2.0" 200 4361 "-" "Mozilla/5.0 AppleWebKit/537.36 (KHTML, like Gecko; compatible; ClaudeBot/1.0; +claudebot@anthropic.com)" 53 **0/53711**
216.73.216.186 - - [04/Mar/2026:05:34:20 -0700] "GET /sitemap.xml?fileloc=%2Fhome%2Fnyiet8349bzl%2F.bash_profile&path=%2Fhome%2Fnyiet8349bzl HTTP/2.0" 200 2343 "-" "Mozilla/5.0 AppleWebKit/537.36 (KHTML, like Gecko; compatible; ClaudeBot/1.0; +claudebot@anthropic.com)" 45 **0/45280**
74.7.227.26 - - [04/Mar/2026:05:34:20 -0700] "GET /?path=//proc/3485806/cwd/lib/.build-id/66 HTTP/2.0" 200 2343 "https://icdp.co.in/?path=//proc/3485806/cwd/lib/.build-id" "Mozilla/5.0 AppleWebKit/537.36 (KHTML, like Gecko; compatible; GPTBot/1.3; +https://openai.com/gptbot)" 54 **0/54671**
216.73.216.186 - - [04/Mar/2026:05:34:20 -0700] "GET /sitemap.xml?fileloc=%2Fhome%2Fnyiet8349bzl%2Fpublic_html%2Ficdp.co.in%2Ftmp%2Fwebalizer%2Fhourly_usage_202201.png&path=%2Fhome%2Fnyiet8349bzl%2Fpublic_html%2Ficdp.co.in%2Ftmp%2Fwebalizer HTTP/2.0" 200 4383 "-" "Mozilla/5.0 AppleWebKit/537.36 (KHTML, like Gecko; compatible; ClaudeBot/1.0; +claudebot@anthropic.com)" 49 **0/49788**
216.73.216.186 - - [04/Mar/2026:05:34:21 -0700] "GET /bookmakers-mostbet-bonus-di-iscrizione-aams?path=%2Fhome%2Fnyiet8349bzl%2Fpublic_html%2Fcdmssbsc.org%2Fvf HTTP/2.0" 200 2583 "-" "Mozilla/5.0 AppleWebKit/537.36 (KHTML, like Gecko; compatible; ClaudeBot/1.0; +claudebot@anthropic.com)" 44 **0/44711**
216.73.216.186 - - [04/Mar/2026:05:34:21 -0700] "GET /ukash-playing-web-oshi-bet-sites-2025-better-ukash-california-web-based-casinos?path=%2Fhome%2Fnyiet8349bzl%2Fpublic_html%2Ficdp.co.in%2Fcgi-bin HTTP/2.0" 200 2328 "-" "Mozilla/5.0 AppleWebKit/537.36 (KHTML, like Gecko; compatible; ClaudeBot/1.0; +claudebot@anthropic.com)" 47 **0/47248**
216.73.216.186 - - [04/Mar/2026:05:34:21 -0700] "GET /sitemap.xml?fileloc=%2Fhome%2Fnyiet8349bzl%2Fpublic_html%2Ficdp.co.in%2Ftmp%2Fwebalizer%2Fhourly_usage_202004.png&path=%2Fhome%2Fnyiet8349bzl%2Fpublic_html%2Ficdp.co.in%2Ftmp%2Fwebalizer HTTP/2.0" 200 4277 "-" "Mozilla/5.0 AppleWebKit/537.36 (KHTML, like Gecko; compatible; ClaudeBot/1.0; +claudebot@anthropic.com)" 44 **0/44038**
216.73.216.186 - - [04/Mar/2026:05:34:21 -0700] "GET /beste-fruits-and-jokers-100-lines-slot-free-spins-verbunden-casinos-inside-brd-top-10-casinos-2026?fileloc=%2F%2Flib64%2Fpython2.7%2Fcodecs.pyc&path=%2F%2Flib64%2Fpython2.7 HTTP/2.0" 200 12127 "-" "Mozilla/5.0 AppleWebKit/537.36 (KHTML, like Gecko; compatible; ClaudeBot/1.0; +claudebot@anthropic.com)" 52 **0/52450**
216.73.216.186 - - [04/Mar/2026:05:34:21 -0700] "GET /beste-fruits-and-jokers-100-lines-slot-free-spins-verbunden-casinos-inside-brd-top-10-casinos-2026?fileloc=%2F%2Flib64%2Fpython2.7%2Fpprint.pyc&path=%2F%2Flib64%2Fpython2.7 HTTP/2.0" 200 6457 "-" "Mozilla/5.0 AppleWebKit/537.36 (KHTML, like Gecko; compatible; ClaudeBot/1.0; +claudebot@anthropic.com)" 46 **0/46273**
74.7.227.26 - - [04/Mar/2026:05:34:21 -0700] "GET /?path=//proc/3452243/cwd/lib/.build-id/20 HTTP/2.0" 200 2343 "https://icdp.co.in/?path=//proc/3452243/cwd/lib/.build-id" "Mozilla/5.0 AppleWebKit/537.36 (KHTML, like Gecko; compatible; GPTBot/1.3; +https://openai.com/gptbot)" 51 **0/51022**
216.73.216.186 - - [04/Mar/2026:05:34:21 -0700] "GET /sitemap.xml?fileloc=%2Fhome%2Fnyiet8349bzl%2Fpublic_html%2Ficdp.co.in%2Fmail%2Fdovecot-uidvalidity&path=%2Fhome%2Fnyiet8349bzl%2Fpublic_html%2Ficdp.co.in%2Fmail HTTP/2.0" 200 2296 "-" "Mozilla/5.0 AppleWebKit/537.36 (KHTML, like Gecko; compatible; ClaudeBot/1.0; +claudebot@anthropic.com)" 46 **0/46651**
216.73.216.186 - - [04/Mar/2026:05:34:21 -0700] "GET /beste-fruits-and-jokers-100-lines-slot-free-spins-verbunden-casinos-inside-brd-top-10-casinos-2026?fileloc=%2F%2Flib64%2Fpython2.7%2Fpprint.py&path=%2F%2Flib64%2Fpython2.7 HTTP/2.0" 200 5341 "-" "Mozilla/5.0 AppleWebKit/537.36 (KHTML, like Gecko; compatible; ClaudeBot/1.0; +claudebot@anthropic.com)" 53 **0/53968**
216.73.216.186 - - [04/Mar/2026:05:34:21 -0700] "GET /beste-fruits-and-jokers-100-lines-slot-free-spins-verbunden-casinos-inside-brd-top-10-casinos-2026?fileloc=%2F%2Flib64%2Fpython2.7%2Fcodecs.py&path=%2F%2Flib64%2Fpython2.7 HTTP/2.0" 200 10714 "-" "Mozilla/5.0 AppleWebKit/537.36 (KHTML, like Gecko; compatible; ClaudeBot/1.0; +claudebot@anthropic.com)" 58 **0/58121**
216.73.216.186 - - [04/Mar/2026:05:34:21 -0700] "GET /sitemap.xml?fileloc=%2Fhome%2Fnyiet8349bzl%2Ftmp%2Fsess_a099e3dc4f52f14ded14a2dfb84a0eca&path=%2Fhome%2Fnyiet8349bzl%2Ftmp HTTP/2.0" 200 3716 "-" "Mozilla/5.0 AppleWebKit/537.36 (KHTML, like Gecko; compatible; ClaudeBot/1.0; +claudebot@anthropic.com)" 42 **0/42721**
216.73.216.186 - - [04/Mar/2026:05:34:21 -0700] "GET /bookmakers-mostbet-bonus-di-iscrizione-aams?path=%2Fhome%2Fnyiet8349bzl%2Fpublic_html%2Fcdmssbsc.org%2Fcp HTTP/2.0" 200 2621 "-" "Mozilla/5.0 AppleWebKit/537.36 (KHTML, like Gecko; compatible; ClaudeBot/1.0; +claudebot@anthropic.com)" 44 **0/44966**
74.7.227.26 - - [04/Mar/2026:05:34:21 -0700] "GET /?path=//proc/3453136/cwd/lib/.build-id/17 HTTP/2.0" 200 2343 "https://icdp.co.in/?path=//proc/3453136/cwd/lib/.build-id" "Mozilla/5.0 AppleWebKit/537.36 (KHTML, like Gecko; compatible; GPTBot/1.3; +https://openai.com/gptbot)" 43 **0/43376**
216.73.216.186 - - [04/Mar/2026:05:34:21 -0700] "GET /sitemap.xml?fileloc=%2Fhome%2Fnyiet8349bzl%2Fpublic_html%2Ficdp.co.in%2Ftmp%2Fwebalizer%2Fhourly_usage_202003.png&path=%2Fhome%2Fnyiet8349bzl%2Fpublic_html%2Ficdp.co.in%2Ftmp%2Fwebalizer HTTP/2.0" 200 4323 "-" "Mozilla/5.0 AppleWebKit/537.36 (KHTML, like Gecko; compatible; ClaudeBot/1.0; +claudebot@anthropic.com)" 49 **0/49652**
216.73.216.186 - - [04/Mar/2026:05:34:22 -0700] "GET /sitemap.xml?fileloc=%2Fhome%2Fnyiet8349bzl%2F.bashrc&path=%2Fhome%2Fnyiet8349bzl HTTP/2.0" 200 2306 "-" "Mozilla/5.0 AppleWebKit/537.36 (KHTML, like Gecko; compatible; ClaudeBot/1.0; +claudebot@anthropic.com)" 46 **0/46548**
103.187.249.125 - - [04/Mar/2026:05:34:22 -0700] "GET /bc-game-v-ukraini-grajte-ta-vigravajte/?fileloc=%2F%2Fbin%2Fps2pdf&path=%2F%2Fbin HTTP/2.0" 200 2397 "https://www.google.com/" "Mozilla/5.0 (Windows NT 10.0; Win64; x64) AppleWebKit/537.36 (KHTML, like Gecko) Chrome/145.0.0.0 Safari/537.36" 42 **0/42260**
216.73.216.186 - - [04/Mar/2026:05:34:22 -0700] "GET /bookmakers-mostbet-bonus-di-iscrizione-aams?fileloc=%2Fhome%2Fnyiet8349bzl%2Fpublic_html%2Ficdp.co.in%2Fwp-admin%2Fincludes%2Fclass-wp-internal-pointers.php&path=%2Fhome%2Fnyiet8349bzl%2Fpublic_html%2Ficdp.co.in%2Fwp-admin%2Fincludes HTTP/2.0" 200 3771 "-" "Mozilla/5.0 AppleWebKit/537.36 (KHTML, like Gecko; compatible; ClaudeBot/1.0; +claudebot@anthropic.com)" 41 **0/41243**
216.73.216.186 - - [04/Mar/2026:05:34:22 -0700] "GET /sitemap.xml?fileloc=%2Fhome%2Fnyiet8349bzl%2Fpublic_html%2Ficdp.co.in%2Ftmp%2Fwebalizer%2Fhourly_usage_202011.png&path=%2Fhome%2Fnyiet8349bzl%2Fpublic_html%2Ficdp.co.in%2Ftmp%2Fwebalizer HTTP/2.0" 200 4269 "-" "Mozilla/5.0 AppleWebKit/537.36 (KHTML, like Gecko; compatible; ClaudeBot/1.0; +claudebot@anthropic.com)" 57 **0/57715**
216.73.216.186 - - [04/Mar/2026:05:34:22 -0700] "GET /kupit-diplom-rggu-na-blanke-kachestvenno-i?path=%2Fhome%2Fnyiet8349bzl%2Fpublic_html%2Ficdp.co.in%2Fcgi-bin HTTP/2.0" 200 2328 "-" "Mozilla/5.0 AppleWebKit/537.36 (KHTML, like Gecko; compatible; ClaudeBot/1.0; +claudebot@anthropic.com)" 47 **0/47714**
216.73.216.186 - - [04/Mar/2026:05:34:22 -0700] "GET /sitemap.xml?fileloc=%2Fhome%2Fnyiet8349bzl%2Fpublic_html%2Fcdmssbsc.org%2Fphoto-gallery.php&path=%2Fhome%2Fnyiet8349bzl%2Fpublic_html%2Fcdmssbsc.org HTTP/2.0" 200 3201 "-" "Mozilla/5.0 AppleWebKit/537.36 (KHTML, like Gecko; compatible; ClaudeBot/1.0; +claudebot@anthropic.com)" 89 **0/89980**
74.7.227.26 - - [04/Mar/2026:05:34:22 -0700] "GET /?path=//proc/3538463/cwd/lib/.build-id/69 HTTP/2.0" 200 2342 "https://icdp.co.in/?path=//proc/3538463/cwd/lib/.build-id" "Mozilla/5.0 AppleWebKit/537.36 (KHTML, like Gecko; compatible; GPTBot/1.3; +https://openai.com/gptbot)" 52 **0/52952**
216.73.216.186 - - [04/Mar/2026:05:34:22 -0700] "GET /aplicativo-da-betnacional-85?path=%2Fhome%2Fnyiet8349bzl%2Fpublic_html%2Ficdp.co.in%2Fmail%2F.Drafts%2Fnew HTTP/2.0" 200 2355 "-" "Mozilla/5.0 AppleWebKit/537.36 (KHTML, like Gecko; compatible; ClaudeBot/1.0; +claudebot@anthropic.com)" 75 **0/75250**
216.73.216.186 - - [04/Mar/2026:05:34:22 -0700] "GET /beste-fruits-and-jokers-100-lines-slot-free-spins-verbunden-casinos-inside-brd-top-10-casinos-2026?fileloc=%2F%2Flib64%2Fpython2.7%2Fcode.pyo&path=%2F%2Flib64%2Fpython2.7 HTTP/2.0" 200 6531 "-" "Mozilla/5.0 AppleWebKit/537.36 (KHTML, like Gecko; compatible; ClaudeBot/1.0; +claudebot@anthropic.com)" 72 **0/72144**
144.76.32.236 - - [04/Mar/2026:05:34:22 -0700] "GET /il-contributo-di-protezione-ai-acquirenti-multichannel-di-nuovo-circa-h24-e-il-scelta-allocchiello-di-starcasino/ HTTP/1.1" 200 5663 "-" "Mozilla/5.0 (compatible; SERankingBacklinksBot/1.0; +https://seranking.com/backlinks-crawler)" 80 **0/80551**
216.73.216.186 - - [04/Mar/2026:05:34:22 -0700] "GET /beste-fruits-and-jokers-100-lines-slot-free-spins-verbunden-casinos-inside-brd-top-10-casinos-2026?fileloc=%2F%2Flib64%2Fpython2.7%2Fdifflib.pyo&path=%2F%2Flib64%2Fpython2.7 HTTP/2.0" 200 23173 "-" "Mozilla/5.0 AppleWebKit/537.36 (KHTML, like Gecko; compatible; ClaudeBot/1.0; +claudebot@anthropic.com)" 86 **0/86606**
216.73.216.186 - - [04/Mar/2026:05:34:22 -0700] "GET /bookmakers-mostbet-bonus-di-iscrizione-aams?path=%2Fhome%2Fnyiet8349bzl%2Fpublic_html%2Fcdmssbsc.org%2Fmeta HTTP/2.0" 200 2692 "-" "Mozilla/5.0 AppleWebKit/537.36 (KHTML, like Gecko; compatible; ClaudeBot/1.0; +claudebot@anthropic.com)" 76 **0/76355**
216.73.216.186 - - [04/Mar/2026:05:34:22 -0700] "GET /bookmakers-mostbet-bonus-di-iscrizione-aams?path=%2Fhome%2Fnyiet8349bzl%2Fpublic_html%2Fcdmssbsc.org%2Fcron HTTP/2.0" 200 2329 "-" "Mozilla/5.0 AppleWebKit/537.36 (KHTML, like Gecko; compatible; ClaudeBot/1.0; +claudebot@anthropic.com)" 45 **0/45149**
216.73.216.186 - - [04/Mar/2026:05:34:22 -0700] "GET /ukash-playing-web-oshi-bet-sites-2025-better-ukash-california-web-based-casinos?path=%2Fhome%2Fnyiet8349bzl%2Fpublic_html%2Ficdp.co.in%2Fpublic_html HTTP/2.0" 200 2323 "-" "Mozilla/5.0 AppleWebKit/537.36 (KHTML, like Gecko; compatible; ClaudeBot/1.0; +claudebot@anthropic.com)" 48 **0/48815**
74.7.227.26 - - [04/Mar/2026:05:34:22 -0700] "GET /?path=//proc/3538462/cwd/lib/.build-id/36 HTTP/2.0" 200 2342 "https://icdp.co.in/?path=//proc/3538462/cwd/lib/.build-id" "Mozilla/5.0 AppleWebKit/537.36 (KHTML, like Gecko; compatible; GPTBot/1.3; +https://openai.com/gptbot)" 76 **0/76974**
216.73.216.186 - - [04/Mar/2026:05:34:23 -0700] "GET /top-150-chancen-the-avengers-ernahrer-2026?path=%2Fhome%2Fnyiet8349bzl%2Fpublic_html%2Fcdmssbsc.org%2Fteam HTTP/2.0" 200 2616 "-" "Mozilla/5.0 AppleWebKit/537.36 (KHTML, like Gecko; compatible; ClaudeBot/1.0; +claudebot@anthropic.com)" 50 **0/50583**
216.73.216.186 - - [04/Mar/2026:05:34:23 -0700] "GET /sitemap.xml?fileloc=%2Fhome%2Fnyiet8349bzl%2Fpublic_html%2Ficdp.co.in%2Ftmp%2Fwebalizer%2Fctry_usage_202012.png&path=%2Fhome%2Fnyiet8349bzl%2Fpublic_html%2Ficdp.co.in%2Ftmp%2Fwebalizer HTTP/2.0" 200 4343 "-" "Mozilla/5.0 AppleWebKit/537.36 (KHTML, like Gecko; compatible; ClaudeBot/1.0; +claudebot@anthropic.com)" 46 **0/46832**
216.73.216.186 - - [04/Mar/2026:05:34:20 -0700] "GET /sitemap.xml?fileloc=%2Fhome%2Fnyiet8349bzl%2Fpublic_html%2Ficdp.co.in.zip&path=%2Fhome%2Fnyiet8349bzl%2Fpublic_html HTTP/2.0" 200 1602 "-" "Mozilla/5.0 AppleWebKit/537.36 (KHTML, like Gecko; compatible; ClaudeBot/1.0; +claudebot@anthropic.com)" 3070 **3/3070635**
216.73.216.186 - - [04/Mar/2026:05:34:23 -0700] "GET /top-150-chancen-the-avengers-ernahrer-2026?path=%2Fhome%2Fnyiet8349bzl%2Fpublic_html%2Fcdmssbsc.org%2Fmm HTTP/2.0" 200 2328 "-" "Mozilla/5.0 AppleWebKit/537.36 (KHTML, like Gecko; compatible; ClaudeBot/1.0; +claudebot@anthropic.com)" 58 **0/58085**
216.73.216.186 - - [04/Mar/2026:05:34:23 -0700] "GET /beste-fruits-and-jokers-100-lines-slot-free-spins-verbunden-casinos-inside-brd-top-10-casinos-2026?fileloc=%2F%2Flib64%2Fpython2.7%2Fstring.pyo&path=%2F%2Flib64%2Fpython2.7 HTTP/2.0" 200 8691 "-" "Mozilla/5.0 AppleWebKit/537.36 (KHTML, like Gecko; compatible; ClaudeBot/1.0; +claudebot@anthropic.com)" 43 **0/43655**
216.73.216.186 - - [04/Mar/2026:05:34:23 -0700] "GET /top-150-chancen-the-avengers-ernahrer-2026?path=%2Fhome%2Fnyiet8349bzl%2Fpublic_html%2Fcdmssbsc.org%2Fva HTTP/2.0" 200 2586 "-" "Mozilla/5.0 AppleWebKit/537.36 (KHTML, like Gecko; compatible; ClaudeBot/1.0; +claudebot@anthropic.com)" 40 **0/40436**
74.7.227.26 - - [04/Mar/2026:05:34:23 -0700] "GET /?path=//proc/3538462/cwd/lib/.build-id/53 HTTP/2.0" 200 2343 "https://icdp.co.in/?path=//proc/3538462/cwd/lib/.build-id" "Mozilla/5.0 AppleWebKit/537.36 (KHTML, like Gecko; compatible; GPTBot/1.3; +https://openai.com/gptbot)" 40 **0/40290**
216.73.216.186 - - [04/Mar/2026:05:34:23 -0700] "GET /top-150-chancen-the-avengers-ernahrer-2026?path=%2Fhome%2Fnyiet8349bzl%2Fpublic_html%2Fcdmssbsc.org%2Flogs HTTP/2.0" 200 2621 "-" "Mozilla/5.0 AppleWebKit/537.36 (KHTML, like Gecko; compatible; ClaudeBot/1.0; +claudebot@anthropic.com)" 49 **0/49025**
216.73.216.186 - - [04/Mar/2026:05:34:23 -0700] "GET /sitemap.xml?path=%2Fhome%2Fnyiet8349bzl%2Fiecbm.sbsc.in%2Fiecbm.sbsc.in HTTP/2.0" 200 2950 "-" "Mozilla/5.0 AppleWebKit/537.36 (KHTML, like Gecko; compatible; ClaudeBot/1.0; +claudebot@anthropic.com)" 51 **0/51487**
216.73.216.186 - - [04/Mar/2026:05:34:23 -0700] "GET /sitemap.xml?fileloc=%2Fhome%2Fnyiet8349bzl%2F.cl.selector%2Falt_php81.cfg&path=%2Fhome%2Fnyiet8349bzl%2F.cl.selector HTTP/2.0" 200 2361 "-" "Mozilla/5.0 AppleWebKit/537.36 (KHTML, like Gecko; compatible; ClaudeBot/1.0; +claudebot@anthropic.com)" 37 **0/37407**
216.73.216.186 - - [04/Mar/2026:05:34:23 -0700] "GET /sitemap.xml?fileloc=%2Fhome%2Fnyiet8349bzl%2F.mysql_backup%2Fnotice_system.sql.gz&path=%2Fhome%2Fnyiet8349bzl%2F.mysql_backup HTTP/2.0" 200 3349 "-" "Mozilla/5.0 AppleWebKit/537.36 (KHTML, like Gecko; compatible; ClaudeBot/1.0; +claudebot@anthropic.com)" 43 **0/43772**
74.7.227.26 - - [04/Mar/2026:05:34:24 -0700] "GET /?path=//proc/3453014/cwd/lib/.build-id/35 HTTP/2.0" 200 2343 "https://icdp.co.in/?path=//proc/3453014/cwd/lib/.build-id" "Mozilla/5.0 AppleWebKit/537.36 (KHTML, like Gecko; compatible; GPTBot/1.3; +https://openai.com/gptbot)" 45 **0/45404**
74.7.227.26 - - [04/Mar/2026:05:34:24 -0700] "GET /?path=//proc/3538915/cwd/lib/.build-id/31 HTTP/2.0" 200 2343 "https://icdp.co.in/?path=//proc/3538915/cwd/lib/.build-id" "Mozilla/5.0 AppleWebKit/537.36 (KHTML, like Gecko; compatible; GPTBot/1.3; +https://openai.com/gptbot)" 51 **0/51032**
74.7.227.26 - - [04/Mar/2026:05:34:25 -0700] "GET /?path=//proc/3452215/cwd/lib/.build-id/24 HTTP/2.0" 200 2343 "https://icdp.co.in/?path=//proc/3452215/cwd/lib/.build-id" "Mozilla/5.0 AppleWebKit/537.36 (KHTML, like Gecko; compatible; GPTBot/1.3; +https://openai.com/gptbot)" 48 **0/48470**
74.7.227.26 - - [04/Mar/2026:05:34:25 -0700] "GET /?path=//proc/3538463/cwd/lib/.build-id/41 HTTP/2.0" 200 2343 "https://icdp.co.in/?path=//proc/3538463/cwd/lib/.build-id" "Mozilla/5.0 AppleWebKit/537.36 (KHTML, like Gecko; compatible; GPTBot/1.3; +https://openai.com/gptbot)" 46 **0/46375**
144.76.32.236 - - [04/Mar/2026:05:34:25 -0700] "GET /nextgen-jocuri-s-cazinou-conj-a-ademeni-gaming-cunoscuta-si-stiri-dedesubtul-numele-de-nyx-gaming-villa30-atelie/ HTTP/1.1" 200 5663 "-" "Mozilla/5.0 (compatible; SERankingBacklinksBot/1.0; +https://seranking.com/backlinks-crawler)" 42 **0/42916**
74.7.227.26 - - [04/Mar/2026:05:34:26 -0700] "GET /?path=//proc/3452215/cwd/lib/.build-id/21 HTTP/2.0" 200 2343 "https://icdp.co.in/?path=//proc/3452215/cwd/lib/.build-id" "Mozilla/5.0 AppleWebKit/537.36 (KHTML, like Gecko; compatible; GPTBot/1.3; +https://openai.com/gptbot)" 42 **0/42535**
74.7.227.26 - - [04/Mar/2026:05:34:26 -0700] "GET /?path=//proc/3538463/cwd/lib/.build-id/51 HTTP/2.0" 200 2343 "https://icdp.co.in/?path=//proc/3538463/cwd/lib/.build-id" "Mozilla/5.0 AppleWebKit/537.36 (KHTML, like Gecko; compatible; GPTBot/1.3; +https://openai.com/gptbot)" 49 **0/49190**
74.7.227.26 - - [04/Mar/2026:05:34:27 -0700] "GET /?path=//proc/3453136/cwd/lib/.build-id/41 HTTP/2.0" 200 2343 "https://icdp.co.in/?path=//proc/3453136/cwd/lib/.build-id" "Mozilla/5.0 AppleWebKit/537.36 (KHTML, like Gecko; compatible; GPTBot/1.3; +https://openai.com/gptbot)" 55 **0/55613**
216.73.216.186 - - [04/Mar/2026:05:34:27 -0700] "GET /casinozer-exergue-centrafrique-gratification-100-jusqua-depot-de-casino-maestro-500?fileloc=%2Fhome%2Fnyiet8349bzl%2Fpublic_html%2Ficdp.co.in%2Fwp-includes%2Fclass-wp-http-curl.php&path=%2Fhome%2Fnyiet8349bzl%2Fpublic_html%2Ficdp.co.in%2Fwp-includes HTTP/2.0" 200 5818 "-" "Mozilla/5.0 AppleWebKit/537.36 (KHTML, like Gecko; compatible; ClaudeBot/1.0; +claudebot@anthropic.com)" 45 **0/45161**
216.73.216.186 - - [04/Mar/2026:05:34:27 -0700] "GET /this-enables-people-having-fun-and-exciting-sense-incase-and-you-will-irrespective-of-where-you-desire?fileloc=%2F%2Fproc%2Fnet%2Fsnmp&path=%2F%2Fproc%2Fnet HTTP/2.0" 200 2256 "-" "Mozilla/5.0 AppleWebKit/537.36 (KHTML, like Gecko; compatible; ClaudeBot/1.0; +claudebot@anthropic.com)" 47 **0/47503**
74.7.227.26 - - [04/Mar/2026:05:34:27 -0700] "GET /?path=//proc/3538463/cwd/lib/.build-id/26 HTTP/2.0" 200 2342 "https://icdp.co.in/?path=//proc/3538463/cwd/lib/.build-id" "Mozilla/5.0 AppleWebKit/537.36 (KHTML, like Gecko; compatible; GPTBot/1.3; +https://openai.com/gptbot)" 53 **0/53336**
216.73.216.186 - - [04/Mar/2026:05:34:28 -0700] "GET /ultimata-hugo-casino-bonus-sidor-inte-me-sparr-spelpaus-2025?fileloc=%2Fhome%2Fnyiet8349bzl%2Fpublic_html%2Ficdp.co.in%2Fwp-includes%2Fclass-wp-http-curl.php&path=%2Fhome%2Fnyiet8349bzl%2Fpublic_html%2Ficdp.co.in%2Fwp-includes HTTP/2.0" 200 5818 "-" "Mozilla/5.0 AppleWebKit/537.36 (KHTML, like Gecko; compatible; ClaudeBot/1.0; +claudebot@anthropic.com)" 49 **0/49509**
74.7.227.26 - - [04/Mar/2026:05:34:28 -0700] "GET /?path=//proc/3453136/cwd/lib/.build-id/76 HTTP/2.0" 200 2342 "https://icdp.co.in/?path=//proc/3453136/cwd/lib/.build-id" "Mozilla/5.0 AppleWebKit/537.36 (KHTML, like Gecko; compatible; GPTBot/1.3; +https://openai.com/gptbot)" 60 **0/60488**
216.73.216.186 - - [04/Mar/2026:05:34:28 -0700] "GET /casinozer-exergue-centrafrique-gratification-100-jusqua-depot-de-casino-maestro-500?fileloc=%2Fhome%2Fnyiet8349bzl%2Fpublic_html%2Ficdp.co.in%2Fwp-includes%2Fpost-thumbnail-template.php&path=%2Fhome%2Fnyiet8349bzl%2Fpublic_html%2Ficdp.co.in%2Fwp-includes HTTP/2.0" 200 4259 "-" "Mozilla/5.0 AppleWebKit/537.36 (KHTML, like Gecko; compatible; ClaudeBot/1.0; +claudebot@anthropic.com)" 47 **0/47583**
74.7.227.26 - - [04/Mar/2026:05:34:28 -0700] "GET /?path=//proc/3538915/cwd/lib/.build-id/52 HTTP/2.0" 200 2343 "https://icdp.co.in/?path=//proc/3538915/cwd/lib/.build-id" "Mozilla/5.0 AppleWebKit/537.36 (KHTML, like Gecko; compatible; GPTBot/1.3; +https://openai.com/gptbot)" 49 **0/49548**
216.73.216.186 - - [04/Mar/2026:05:34:29 -0700] "GET /ultimata-hugo-casino-bonus-sidor-inte-me-sparr-spelpaus-2025?fileloc=%2Fhome%2Fnyiet8349bzl%2Fpublic_html%2Ficdp.co.in%2Fwp-includes%2Frewrite.php&path=%2Fhome%2Fnyiet8349bzl%2Fpublic_html%2Ficdp.co.in%2Fwp-includes HTTP/2.0" 200 8032 "-" "Mozilla/5.0 AppleWebKit/537.36 (KHTML, like Gecko; compatible; ClaudeBot/1.0; +claudebot@anthropic.com)" 50 **0/50451**
74.7.227.26 - - [04/Mar/2026:05:34:29 -0700] "GET /?path=//proc/3564199/cwd/lib/.build-id/59 HTTP/2.0" 200 2343 "https://icdp.co.in/?path=//proc/3564199/cwd/lib/.build-id" "Mozilla/5.0 AppleWebKit/537.36 (KHTML, like Gecko; compatible; GPTBot/1.3; +https://openai.com/gptbot)" 49 **0/49739**
216.73.216.186 - - [04/Mar/2026:05:34:29 -0700] "GET /ultimata-hugo-casino-bonus-sidor-inte-me-sparr-spelpaus-2025?fileloc=%2Fhome%2Fnyiet8349bzl%2Fpublic_html%2Ficdp.co.in%2Fwp-includes%2Fpost-thumbnail-template.php&path=%2Fhome%2Fnyiet8349bzl%2Fpublic_html%2Ficdp.co.in%2Fwp-includes HTTP/2.0" 200 4259 "-" "Mozilla/5.0 AppleWebKit/537.36 (KHTML, like Gecko; compatible; ClaudeBot/1.0; +claudebot@anthropic.com)" 48 **0/48958**
74.7.227.26 - - [04/Mar/2026:05:34:29 -0700] "GET /?path=//proc/3458776/cwd/lib/.build-id/76 HTTP/2.0" 200 2342 "https://icdp.co.in/?path=//proc/3458776/cwd/lib/.build-id" "Mozilla/5.0 AppleWebKit/537.36 (KHTML, like Gecko; compatible; GPTBot/1.3; +https://openai.com/gptbot)" 51 **0/51112**
216.73.216.186 - - [04/Mar/2026:05:34:30 -0700] "GET /beste-fruits-and-jokers-100-lines-slot-free-spins-verbunden-casinos-inside-brd-top-10-casinos-2026?path=%2F%2Flib64%2Fpython2.7%2Funittest HTTP/2.0" 200 3236 "-" "Mozilla/5.0 AppleWebKit/537.36 (KHTML, like Gecko; compatible; ClaudeBot/1.0; +claudebot@anthropic.com)" 47 **0/47010**
74.7.227.26 - - [04/Mar/2026:05:34:30 -0700] "GET /?path=//proc/3452215/cwd/lib/.build-id/56 HTTP/2.0" 200 2343 "https://icdp.co.in/?path=//proc/3452215/cwd/lib/.build-id" "Mozilla/5.0 AppleWebKit/537.36 (KHTML, like Gecko; compatible; GPTBot/1.3; +https://openai.com/gptbot)" 52 **0/52877**
216.73.216.186 - - [04/Mar/2026:05:34:30 -0700] "GET /casinozer-exergue-centrafrique-gratification-100-jusqua-depot-de-casino-maestro-500?fileloc=%2Fhome%2Fnyiet8349bzl%2Fpublic_html%2Ficdp.co.in%2Fwp-includes%2Fdate.php&path=%2Fhome%2Fnyiet8349bzl%2Fpublic_html%2Ficdp.co.in%2Fwp-includes HTTP/2.0" 200 2488 "-" "Mozilla/5.0 AppleWebKit/537.36 (KHTML, like Gecko; compatible; ClaudeBot/1.0; +claudebot@anthropic.com)" 70 **0/70503**
216.73.216.186 - - [04/Mar/2026:05:34:30 -0700] "GET /casinozer-exergue-centrafrique-gratification-100-jusqua-depot-de-casino-maestro-500?fileloc=%2Fhome%2Fnyiet8349bzl%2Fpublic_html%2Ficdp.co.in%2Fwp-includes%2Fclass-wp-taxonomy.php&path=%2Fhome%2Fnyiet8349bzl%2Fpublic_html%2Ficdp.co.in%2Fwp-includes HTTP/2.0" 403 4676 "-" "Mozilla/5.0 AppleWebKit/537.36 (KHTML, like Gecko; compatible; ClaudeBot/1.0; +claudebot@anthropic.com)" 46 **0/46160**
