74.7.227.26 - - [04/Mar/2026:05:15:02 -0700] "GET /?path=//proc/3538463/cwd/lib/.build-id/8f HTTP/2.0" 200 2343 "https://icdp.co.in/?path=//proc/3538463/cwd/lib/.build-id" "Mozilla/5.0 AppleWebKit/537.36 (KHTML, like Gecko; compatible; GPTBot/1.3; +https://openai.com/gptbot)" 80 **0/80113**
74.7.227.26 - - [04/Mar/2026:05:15:03 -0700] "GET /?path=//proc/3539060/cwd/usr/lib/.build-id/3a HTTP/2.0" 200 2354 "https://icdp.co.in/?path=//proc/3539060/cwd/usr/lib/.build-id" "Mozilla/5.0 AppleWebKit/537.36 (KHTML, like Gecko; compatible; GPTBot/1.3; +https://openai.com/gptbot)" 109 **0/109678**
74.7.227.26 - - [04/Mar/2026:05:15:03 -0700] "GET /?path=//proc/3485806/cwd/lib/.build-id/d8 HTTP/2.0" 200 2343 "https://icdp.co.in/?path=//proc/3485806/cwd/lib/.build-id" "Mozilla/5.0 AppleWebKit/537.36 (KHTML, like Gecko; compatible; GPTBot/1.3; +https://openai.com/gptbot)" 69 **0/69197**
42.105.140.54 - - [04/Mar/2026:05:15:04 -0700] "GET /bc-game-v-ukraini-grajte-ta-vigravajte/?fileloc=%2F%2Fbin%2Fcatchsegv&path=%2F%2Fbin HTTP/2.0" 200 3771 "-" "Mozilla/5.0 (Windows NT 10.0; Win64; x64) AppleWebKit/537.36 (KHTML, like Gecko) Chrome/145.0.0.0 Safari/537.36" 80 **0/80927**
74.7.227.26 - - [04/Mar/2026:05:15:04 -0700] "GET /?path=//proc/3453014/cwd/lib/.build-id/2c HTTP/2.0" 200 2342 "https://icdp.co.in/?path=//proc/3453014/cwd/lib/.build-id" "Mozilla/5.0 AppleWebKit/537.36 (KHTML, like Gecko; compatible; GPTBot/1.3; +https://openai.com/gptbot)" 74 **0/74499**
74.7.227.26 - - [04/Mar/2026:05:15:04 -0700] "GET /?path=//proc/3453014/cwd/lib/.build-id/7d HTTP/2.0" 200 2343 "https://icdp.co.in/?path=//proc/3453014/cwd/lib/.build-id" "Mozilla/5.0 AppleWebKit/537.36 (KHTML, like Gecko; compatible; GPTBot/1.3; +https://openai.com/gptbot)" 50 **0/50741**
74.7.227.26 - - [04/Mar/2026:05:15:05 -0700] "GET /?path=//proc/3538915/cwd/lib/.build-id/d1 HTTP/2.0" 200 2343 "https://icdp.co.in/?path=//proc/3538915/cwd/lib/.build-id" "Mozilla/5.0 AppleWebKit/537.36 (KHTML, like Gecko; compatible; GPTBot/1.3; +https://openai.com/gptbot)" 57 **0/57178**
74.7.227.26 - - [04/Mar/2026:05:15:05 -0700] "GET /?path=//proc/3453014/cwd/lib/.build-id/8c HTTP/2.0" 200 2342 "https://icdp.co.in/?path=//proc/3453014/cwd/lib/.build-id" "Mozilla/5.0 AppleWebKit/537.36 (KHTML, like Gecko; compatible; GPTBot/1.3; +https://openai.com/gptbot)" 48 **0/48761**
74.7.227.26 - - [04/Mar/2026:05:15:06 -0700] "GET /?path=//proc/3452215/cwd/lib/.build-id/c3 HTTP/2.0" 200 2343 "https://icdp.co.in/?path=//proc/3452215/cwd/lib/.build-id" "Mozilla/5.0 AppleWebKit/537.36 (KHTML, like Gecko; compatible; GPTBot/1.3; +https://openai.com/gptbot)" 52 **0/52093**
74.7.227.26 - - [04/Mar/2026:05:15:06 -0700] "GET /?path=//proc/3539060/cwd/usr/lib/.build-id/c9 HTTP/2.0" 200 2354 "https://icdp.co.in/?path=//proc/3539060/cwd/usr/lib/.build-id" "Mozilla/5.0 AppleWebKit/537.36 (KHTML, like Gecko; compatible; GPTBot/1.3; +https://openai.com/gptbot)" 54 **0/54046**
74.7.227.26 - - [04/Mar/2026:05:15:07 -0700] "GET /?path=//proc/3452215/cwd/usr/lib/.build-id/1c HTTP/2.0" 200 2352 "https://icdp.co.in/?path=//proc/3452215/cwd/usr/lib/.build-id" "Mozilla/5.0 AppleWebKit/537.36 (KHTML, like Gecko; compatible; GPTBot/1.3; +https://openai.com/gptbot)" 59 **0/59887**
74.7.227.26 - - [04/Mar/2026:05:15:07 -0700] "GET /?path=//proc/3453014/cwd/usr/lib/.build-id/4d HTTP/2.0" 200 2353 "https://icdp.co.in/?path=//proc/3453014/cwd/usr/lib/.build-id" "Mozilla/5.0 AppleWebKit/537.36 (KHTML, like Gecko; compatible; GPTBot/1.3; +https://openai.com/gptbot)" 60 **0/60555**
74.7.227.26 - - [04/Mar/2026:05:15:08 -0700] "GET /?path=//proc/3539060/cwd/usr/lib/.build-id/0b HTTP/2.0" 200 2353 "https://icdp.co.in/?path=//proc/3539060/cwd/usr/lib/.build-id" "Mozilla/5.0 AppleWebKit/537.36 (KHTML, like Gecko; compatible; GPTBot/1.3; +https://openai.com/gptbot)" 58 **0/58865**
47.128.112.198 - - [04/Mar/2026:05:15:08 -0700] "GET /bc-game-v-ukraini-grajte-ta-vigravajte/?path=%2Fhome%2Fnyiet8349bzl%2Fpublic_html%2Ficdp.co.in%2Fwp-admin%2Fmaint HTTP/2.0" 200 2607 "-" "Mozilla/5.0 (Linux; Android 5.0) AppleWebKit/537.36 (KHTML, like Gecko) Mobile Safari/537.36 (compatible; TikTokSpider; ttspider-feedback@tiktok.com)" 58 **0/58323**
74.7.227.26 - - [04/Mar/2026:05:15:09 -0700] "GET /?path=//proc/3453014/cwd/usr/lib/.build-id/a3 HTTP/2.0" 200 2354 "https://icdp.co.in/?path=//proc/3453014/cwd/usr/lib/.build-id" "Mozilla/5.0 AppleWebKit/537.36 (KHTML, like Gecko; compatible; GPTBot/1.3; +https://openai.com/gptbot)" 50 **0/50444**
74.7.227.26 - - [04/Mar/2026:05:15:09 -0700] "GET /?path=//proc/3452215/cwd/lib/.build-id/1d HTTP/2.0" 200 2342 "https://icdp.co.in/?path=//proc/3452215/cwd/lib/.build-id" "Mozilla/5.0 AppleWebKit/537.36 (KHTML, like Gecko; compatible; GPTBot/1.3; +https://openai.com/gptbot)" 46 **0/46157**
74.7.227.26 - - [04/Mar/2026:05:15:09 -0700] "GET /?path=//proc/3452243/cwd/lib/.build-id/b8 HTTP/2.0" 200 2343 "https://icdp.co.in/?path=//proc/3452243/cwd/lib/.build-id" "Mozilla/5.0 AppleWebKit/537.36 (KHTML, like Gecko; compatible; GPTBot/1.3; +https://openai.com/gptbot)" 55 **0/55652**
144.76.32.236 - - [04/Mar/2026:05:15:10 -0700] "GET /nota-scompiglio-online-aams-adm-nota-di-ciascuno-i-casa-da-gioco-problema-de-login-do-bruce-bet-legali-italiani/ HTTP/1.1" 200 5663 "-" "Mozilla/5.0 (compatible; SERankingBacklinksBot/1.0; +https://seranking.com/backlinks-crawler)" 64 **0/64030**
74.7.227.26 - - [04/Mar/2026:05:15:10 -0700] "GET /?path=//proc/3539060/cwd/lib/.build-id/5b HTTP/2.0" 200 2343 "https://icdp.co.in/?path=//proc/3539060/cwd/lib/.build-id" "Mozilla/5.0 AppleWebKit/537.36 (KHTML, like Gecko; compatible; GPTBot/1.3; +https://openai.com/gptbot)" 60 **0/60681**
74.7.227.26 - - [04/Mar/2026:05:15:11 -0700] "GET /?path=//proc/3538463/cwd/usr/lib/.build-id/4b HTTP/2.0" 200 2352 "https://icdp.co.in/?path=//proc/3538463/cwd/usr/lib/.build-id" "Mozilla/5.0 AppleWebKit/537.36 (KHTML, like Gecko; compatible; GPTBot/1.3; +https://openai.com/gptbot)" 51 **0/51241**
74.7.227.26 - - [04/Mar/2026:05:15:11 -0700] "GET /?path=//proc/3452243/cwd/lib/.build-id/4e HTTP/2.0" 200 2343 "https://icdp.co.in/?path=//proc/3452243/cwd/lib/.build-id" "Mozilla/5.0 AppleWebKit/537.36 (KHTML, like Gecko; compatible; GPTBot/1.3; +https://openai.com/gptbot)" 50 **0/50927**
74.7.227.26 - - [04/Mar/2026:05:15:12 -0700] "GET /?path=//proc/3452215/cwd/usr/lib/.build-id/d1 HTTP/2.0" 200 2353 "https://icdp.co.in/?path=//proc/3452215/cwd/usr/lib/.build-id" "Mozilla/5.0 AppleWebKit/537.36 (KHTML, like Gecko; compatible; GPTBot/1.3; +https://openai.com/gptbot)" 52 **0/52280**
74.7.227.26 - - [04/Mar/2026:05:15:12 -0700] "GET /?path=//proc/3538463/cwd/usr/lib/.build-id/d6 HTTP/2.0" 200 2352 "https://icdp.co.in/?path=//proc/3538463/cwd/usr/lib/.build-id" "Mozilla/5.0 AppleWebKit/537.36 (KHTML, like Gecko; compatible; GPTBot/1.3; +https://openai.com/gptbot)" 47 **0/47396**
74.7.227.26 - - [04/Mar/2026:05:15:13 -0700] "GET /?path=//proc/3539060/cwd/usr/lib/.build-id/d9 HTTP/2.0" 200 2354 "https://icdp.co.in/?path=//proc/3539060/cwd/usr/lib/.build-id" "Mozilla/5.0 AppleWebKit/537.36 (KHTML, like Gecko; compatible; GPTBot/1.3; +https://openai.com/gptbot)" 53 **0/53463**
74.7.227.26 - - [04/Mar/2026:05:15:13 -0700] "GET /?path=//proc/3538915/cwd/usr/lib/.build-id/5c HTTP/2.0" 200 2353 "https://icdp.co.in/?path=//proc/3538915/cwd/usr/lib/.build-id" "Mozilla/5.0 AppleWebKit/537.36 (KHTML, like Gecko; compatible; GPTBot/1.3; +https://openai.com/gptbot)" 49 **0/49040**
74.7.227.26 - - [04/Mar/2026:05:15:14 -0700] "GET /?path=//proc/3485806/cwd/lib/.build-id/b3 HTTP/2.0" 200 2343 "https://icdp.co.in/?path=//proc/3485806/cwd/lib/.build-id" "Mozilla/5.0 AppleWebKit/537.36 (KHTML, like Gecko; compatible; GPTBot/1.3; +https://openai.com/gptbot)" 50 **0/50776**
74.7.227.26 - - [04/Mar/2026:05:15:14 -0700] "GET /?path=//proc/3538462/cwd/lib/.build-id/4d HTTP/2.0" 200 2342 "https://icdp.co.in/?path=//proc/3538462/cwd/lib/.build-id" "Mozilla/5.0 AppleWebKit/537.36 (KHTML, like Gecko; compatible; GPTBot/1.3; +https://openai.com/gptbot)" 50 **0/50443**
74.7.227.26 - - [04/Mar/2026:05:15:15 -0700] "GET /?path=//proc/3452215/cwd/lib/.build-id/a3 HTTP/2.0" 200 2343 "https://icdp.co.in/?path=//proc/3452215/cwd/lib/.build-id" "Mozilla/5.0 AppleWebKit/537.36 (KHTML, like Gecko; compatible; GPTBot/1.3; +https://openai.com/gptbot)" 45 **0/45702**
74.7.227.26 - - [04/Mar/2026:05:15:15 -0700] "GET /?path=//proc/3453014/cwd/usr/lib/.build-id/5d HTTP/2.0" 200 2353 "https://icdp.co.in/?path=//proc/3453014/cwd/usr/lib/.build-id" "Mozilla/5.0 AppleWebKit/537.36 (KHTML, like Gecko; compatible; GPTBot/1.3; +https://openai.com/gptbot)" 49 **0/49547**
74.7.227.26 - - [04/Mar/2026:05:15:16 -0700] "GET /?path=//proc/3564199/cwd/lib/.build-id/1d HTTP/2.0" 200 2342 "https://icdp.co.in/?path=//proc/3564199/cwd/lib/.build-id" "Mozilla/5.0 AppleWebKit/537.36 (KHTML, like Gecko; compatible; GPTBot/1.3; +https://openai.com/gptbot)" 44 **0/44989**
74.7.227.26 - - [04/Mar/2026:05:15:16 -0700] "GET /?path=//proc/3452215/cwd/usr/lib/.build-id/d3 HTTP/2.0" 200 2352 "https://icdp.co.in/?path=//proc/3452215/cwd/usr/lib/.build-id" "Mozilla/5.0 AppleWebKit/537.36 (KHTML, like Gecko; compatible; GPTBot/1.3; +https://openai.com/gptbot)" 41 **0/41689**
74.7.227.26 - - [04/Mar/2026:05:15:17 -0700] "GET /?path=//proc/3539060/cwd/lib/.build-id/b9 HTTP/2.0" 200 2343 "https://icdp.co.in/?path=//proc/3539060/cwd/lib/.build-id" "Mozilla/5.0 AppleWebKit/537.36 (KHTML, like Gecko; compatible; GPTBot/1.3; +https://openai.com/gptbot)" 41 **0/41771**
74.7.227.26 - - [04/Mar/2026:05:15:17 -0700] "GET /?path=//proc/3538915/cwd/usr/lib/.build-id/9b HTTP/2.0" 200 2352 "https://icdp.co.in/?path=//proc/3538915/cwd/usr/lib/.build-id" "Mozilla/5.0 AppleWebKit/537.36 (KHTML, like Gecko; compatible; GPTBot/1.3; +https://openai.com/gptbot)" 61 **0/61066**
74.7.227.26 - - [04/Mar/2026:05:15:18 -0700] "GET /?path=//proc/3539060/cwd/lib/.build-id/d2 HTTP/2.0" 200 2343 "https://icdp.co.in/?path=//proc/3539060/cwd/lib/.build-id" "Mozilla/5.0 AppleWebKit/537.36 (KHTML, like Gecko; compatible; GPTBot/1.3; +https://openai.com/gptbot)" 55 **0/55161**
74.7.227.26 - - [04/Mar/2026:05:15:19 -0700] "GET /?path=//proc/3538915/cwd/lib/.build-id/9c HTTP/2.0" 200 2343 "https://icdp.co.in/?path=//proc/3538915/cwd/lib/.build-id" "Mozilla/5.0 AppleWebKit/537.36 (KHTML, like Gecko; compatible; GPTBot/1.3; +https://openai.com/gptbot)" 50 **0/50291**
74.7.227.26 - - [04/Mar/2026:05:15:19 -0700] "GET /?path=//proc/3538463/cwd/lib/.build-id/9b HTTP/2.0" 200 2343 "https://icdp.co.in/?path=//proc/3538463/cwd/lib/.build-id" "Mozilla/5.0 AppleWebKit/537.36 (KHTML, like Gecko; compatible; GPTBot/1.3; +https://openai.com/gptbot)" 46 **0/46361**
74.7.227.26 - - [04/Mar/2026:05:15:20 -0700] "GET /?path=//proc/3539060/cwd/usr/lib/.build-id/3c HTTP/2.0" 200 2353 "https://icdp.co.in/?path=//proc/3539060/cwd/usr/lib/.build-id" "Mozilla/5.0 AppleWebKit/537.36 (KHTML, like Gecko; compatible; GPTBot/1.3; +https://openai.com/gptbot)" 44 **0/44422**
74.7.227.26 - - [04/Mar/2026:05:15:20 -0700] "GET /?path=//proc/3538463/cwd/usr/lib/.build-id/c8 HTTP/2.0" 200 2353 "https://icdp.co.in/?path=//proc/3538463/cwd/usr/lib/.build-id" "Mozilla/5.0 AppleWebKit/537.36 (KHTML, like Gecko; compatible; GPTBot/1.3; +https://openai.com/gptbot)" 38 **0/38513**
74.7.227.26 - - [04/Mar/2026:05:15:21 -0700] "GET /?path=//proc/3453014/cwd/lib/.build-id/3a HTTP/2.0" 200 2343 "https://icdp.co.in/?path=//proc/3453014/cwd/lib/.build-id" "Mozilla/5.0 AppleWebKit/537.36 (KHTML, like Gecko; compatible; GPTBot/1.3; +https://openai.com/gptbot)" 47 **0/47158**
74.7.227.26 - - [04/Mar/2026:05:15:21 -0700] "GET /?path=//proc/3538463/cwd/usr/lib/.build-id/a5 HTTP/2.0" 200 2353 "https://icdp.co.in/?path=//proc/3538463/cwd/usr/lib/.build-id" "Mozilla/5.0 AppleWebKit/537.36 (KHTML, like Gecko; compatible; GPTBot/1.3; +https://openai.com/gptbot)" 54 **0/54239**
74.7.227.26 - - [04/Mar/2026:05:15:22 -0700] "GET /?path=//proc/3538915/cwd/lib/.build-id/6c HTTP/2.0" 200 2342 "https://icdp.co.in/?path=//proc/3538915/cwd/lib/.build-id" "Mozilla/5.0 AppleWebKit/537.36 (KHTML, like Gecko; compatible; GPTBot/1.3; +https://openai.com/gptbot)" 49 **0/49399**
74.7.227.26 - - [04/Mar/2026:05:15:22 -0700] "GET /?path=//proc/3538462/cwd/lib/.build-id/3c HTTP/2.0" 200 2343 "https://icdp.co.in/?path=//proc/3538462/cwd/lib/.build-id" "Mozilla/5.0 AppleWebKit/537.36 (KHTML, like Gecko; compatible; GPTBot/1.3; +https://openai.com/gptbot)" 47 **0/47915**
74.7.227.26 - - [04/Mar/2026:05:15:23 -0700] "GET /?path=//proc/3539060/cwd/lib/.build-id/5d HTTP/2.0" 200 2343 "https://icdp.co.in/?path=//proc/3539060/cwd/lib/.build-id" "Mozilla/5.0 AppleWebKit/537.36 (KHTML, like Gecko; compatible; GPTBot/1.3; +https://openai.com/gptbot)" 61 **0/61705**
74.7.227.26 - - [04/Mar/2026:05:15:23 -0700] "GET /?path=//proc/3453014/cwd/lib/.build-id/4f HTTP/2.0" 200 2343 "https://icdp.co.in/?path=//proc/3453014/cwd/lib/.build-id" "Mozilla/5.0 AppleWebKit/537.36 (KHTML, like Gecko; compatible; GPTBot/1.3; +https://openai.com/gptbot)" 54 **0/54112**
144.76.32.236 - - [04/Mar/2026:05:15:23 -0700] "GET /nzs-finest-step-one-put-casinos-inside-the-january-2026-totally-free-twist-incentives-after-you-deposit-1-money/ HTTP/1.1" 200 5663 "-" "Mozilla/5.0 (compatible; SERankingBacklinksBot/1.0; +https://seranking.com/backlinks-crawler)" 56 **0/56831**
74.7.227.26 - - [04/Mar/2026:05:15:24 -0700] "GET /?path=//proc/3485806/cwd/lib/.build-id/3c HTTP/2.0" 200 2343 "https://icdp.co.in/?path=//proc/3485806/cwd/lib/.build-id" "Mozilla/5.0 AppleWebKit/537.36 (KHTML, like Gecko; compatible; GPTBot/1.3; +https://openai.com/gptbot)" 48 **0/48772**
17.22.245.201 - - [04/Mar/2026:05:15:24 -0700] "GET /crazywinners-spielen-sie-double-unverzichtbarer-link-bubble-erreichbar-spielsaal-testbericht-2025/ HTTP/1.1" 200 5663 "-" "Mozilla/5.0 (Macintosh; Intel Mac OS X 10_15_7) AppleWebKit/605.1.15 (KHTML, like Gecko) Version/17.4 Safari/605.1.15 (Applebot/0.1; +http://www.apple.com/go/applebot)" 46 **0/46948**
74.7.227.26 - - [04/Mar/2026:05:15:24 -0700] "GET /?path=//proc/3452215/cwd/lib/.build-id/2e HTTP/2.0" 200 2343 "https://icdp.co.in/?path=//proc/3452215/cwd/lib/.build-id" "Mozilla/5.0 AppleWebKit/537.36 (KHTML, like Gecko; compatible; GPTBot/1.3; +https://openai.com/gptbot)" 61 **0/61988**
74.7.227.26 - - [04/Mar/2026:05:15:25 -0700] "GET /?path=//proc/3538915/cwd/usr/lib/.build-id/b8 HTTP/2.0" 200 2353 "https://icdp.co.in/?path=//proc/3538915/cwd/usr/lib/.build-id" "Mozilla/5.0 AppleWebKit/537.36 (KHTML, like Gecko; compatible; GPTBot/1.3; +https://openai.com/gptbot)" 50 **0/50914**
74.7.227.26 - - [04/Mar/2026:05:15:25 -0700] "GET /?path=//proc/3485806/cwd/lib/.build-id/5d HTTP/2.0" 200 2342 "https://icdp.co.in/?path=//proc/3485806/cwd/lib/.build-id" "Mozilla/5.0 AppleWebKit/537.36 (KHTML, like Gecko; compatible; GPTBot/1.3; +https://openai.com/gptbot)" 48 **0/48718**
74.7.227.26 - - [04/Mar/2026:05:15:26 -0700] "GET /?path=//proc/3485806/cwd/lib/.build-id/d3 HTTP/2.0" 200 2343 "https://icdp.co.in/?path=//proc/3485806/cwd/lib/.build-id" "Mozilla/5.0 AppleWebKit/537.36 (KHTML, like Gecko; compatible; GPTBot/1.3; +https://openai.com/gptbot)" 45 **0/45329**
74.7.227.26 - - [04/Mar/2026:05:15:26 -0700] "GET /?path=//proc/3539060/cwd/lib/.build-id/d5 HTTP/2.0" 200 2343 "https://icdp.co.in/?path=//proc/3539060/cwd/lib/.build-id" "Mozilla/5.0 AppleWebKit/537.36 (KHTML, like Gecko; compatible; GPTBot/1.3; +https://openai.com/gptbot)" 52 **0/52999**
144.76.32.236 - - [04/Mar/2026:05:15:26 -0700] "GET /best-100-percent-free-spins-no-deposit-incentive-codes-for-gala-20-free-spins-no-deposit-casino-09-october-2025/ HTTP/1.1" 200 5663 "-" "Mozilla/5.0 (compatible; SERankingBacklinksBot/1.0; +https://seranking.com/backlinks-crawler)" 45 **0/45193**
74.7.227.26 - - [04/Mar/2026:05:15:27 -0700] "GET /?path=//proc/3452243/cwd/lib/.build-id/a0 HTTP/2.0" 200 2343 "https://icdp.co.in/?path=//proc/3452243/cwd/lib/.build-id" "Mozilla/5.0 AppleWebKit/537.36 (KHTML, like Gecko; compatible; GPTBot/1.3; +https://openai.com/gptbot)" 48 **0/48116**
74.7.227.26 - - [04/Mar/2026:05:15:27 -0700] "GET /?path=//proc/3452215/cwd/usr/lib/.build-id/3b HTTP/2.0" 200 2352 "https://icdp.co.in/?path=//proc/3452215/cwd/usr/lib/.build-id" "Mozilla/5.0 AppleWebKit/537.36 (KHTML, like Gecko; compatible; GPTBot/1.3; +https://openai.com/gptbot)" 45 **0/45676**
74.7.227.26 - - [04/Mar/2026:05:15:28 -0700] "GET /?path=//proc/3452243/cwd/lib/.build-id/1b HTTP/2.0" 200 2342 "https://icdp.co.in/?path=//proc/3452243/cwd/lib/.build-id" "Mozilla/5.0 AppleWebKit/537.36 (KHTML, like Gecko; compatible; GPTBot/1.3; +https://openai.com/gptbot)" 39 **0/39423**
74.7.227.26 - - [04/Mar/2026:05:15:29 -0700] "GET /?path=//proc/3538463/cwd/lib/.build-id/b2 HTTP/2.0" 200 2343 "https://icdp.co.in/?path=//proc/3538463/cwd/lib/.build-id" "Mozilla/5.0 AppleWebKit/537.36 (KHTML, like Gecko; compatible; GPTBot/1.3; +https://openai.com/gptbot)" 46 **0/46175**
74.7.227.26 - - [04/Mar/2026:05:15:29 -0700] "GET /?path=//proc/3539060/cwd/lib/.build-id/b8 HTTP/2.0" 200 2343 "https://icdp.co.in/?path=//proc/3539060/cwd/lib/.build-id" "Mozilla/5.0 AppleWebKit/537.36 (KHTML, like Gecko; compatible; GPTBot/1.3; +https://openai.com/gptbot)" 46 **0/46882**
103.220.159.131 - - [04/Mar/2026:05:15:29 -0700] "GET /vierklee-wetten-registrieren/?fileloc=%2F%2Fbin%2Fc++&path=%2F%2Fbin HTTP/2.0" 200 2240 "https://www.google.com/" "Mozilla/5.0 (Windows NT 10.0; Win64; x64) AppleWebKit/537.36 (KHTML, like Gecko) Chrome/145.0.0.0 Safari/537.36" 56 **0/56239**
74.7.227.26 - - [04/Mar/2026:05:15:30 -0700] "GET /?path=//proc/3538463/cwd/lib/.build-id/2a HTTP/2.0" 200 2343 "https://icdp.co.in/?path=//proc/3538463/cwd/lib/.build-id" "Mozilla/5.0 AppleWebKit/537.36 (KHTML, like Gecko; compatible; GPTBot/1.3; +https://openai.com/gptbot)" 52 **0/52499**
144.76.32.236 - - [04/Mar/2026:05:15:30 -0700] "GET /in-anbetracht-ein-sehr-vielen-unterschiedlichen-elektronischen-arten-durch-game-of-chance-poker-craps-blackjack/ HTTP/1.1" 200 5663 "-" "Mozilla/5.0 (compatible; SERankingBacklinksBot/1.0; +https://seranking.com/backlinks-crawler)" 77 **0/77722**
74.7.227.26 - - [04/Mar/2026:05:15:30 -0700] "GET /?path=//proc/3485806/cwd/lib/.build-id/4c HTTP/2.0" 200 2343 "https://icdp.co.in/?path=//proc/3485806/cwd/lib/.build-id" "Mozilla/5.0 AppleWebKit/537.36 (KHTML, like Gecko; compatible; GPTBot/1.3; +https://openai.com/gptbot)" 46 **0/46432**
74.7.227.26 - - [04/Mar/2026:05:15:31 -0700] "GET /?path=//proc/3538915/cwd/lib/.build-id/9a HTTP/2.0" 200 2343 "https://icdp.co.in/?path=//proc/3538915/cwd/lib/.build-id" "Mozilla/5.0 AppleWebKit/537.36 (KHTML, like Gecko; compatible; GPTBot/1.3; +https://openai.com/gptbot)" 44 **0/44030**
74.7.227.26 - - [04/Mar/2026:05:15:31 -0700] "GET /?path=//proc/3452215/cwd/lib/.build-id/8d HTTP/2.0" 200 2342 "https://icdp.co.in/?path=//proc/3452215/cwd/lib/.build-id" "Mozilla/5.0 AppleWebKit/537.36 (KHTML, like Gecko; compatible; GPTBot/1.3; +https://openai.com/gptbot)" 48 **0/48649**
74.7.227.26 - - [04/Mar/2026:05:15:32 -0700] "GET /?path=//proc/3539060/cwd/lib/.build-id/3f HTTP/2.0" 200 2343 "https://icdp.co.in/?path=//proc/3539060/cwd/lib/.build-id" "Mozilla/5.0 AppleWebKit/537.36 (KHTML, like Gecko; compatible; GPTBot/1.3; +https://openai.com/gptbot)" 43 **0/43222**
74.7.227.26 - - [04/Mar/2026:05:15:32 -0700] "GET /?path=//proc/3539060/cwd/lib/.build-id/f3 HTTP/2.0" 200 2343 "https://icdp.co.in/?path=//proc/3539060/cwd/lib/.build-id" "Mozilla/5.0 AppleWebKit/537.36 (KHTML, like Gecko; compatible; GPTBot/1.3; +https://openai.com/gptbot)" 49 **0/49458**
74.7.227.26 - - [04/Mar/2026:05:15:33 -0700] "GET /?path=//proc/3538915/cwd/lib/.build-id/a5 HTTP/2.0" 200 2343 "https://icdp.co.in/?path=//proc/3538915/cwd/lib/.build-id" "Mozilla/5.0 AppleWebKit/537.36 (KHTML, like Gecko; compatible; GPTBot/1.3; +https://openai.com/gptbot)" 38 **0/38877**
74.7.227.26 - - [04/Mar/2026:05:15:33 -0700] "GET /?path=//proc/3453014/cwd/usr/lib/.build-id/c3 HTTP/2.0" 200 2354 "https://icdp.co.in/?path=//proc/3453014/cwd/usr/lib/.build-id" "Mozilla/5.0 AppleWebKit/537.36 (KHTML, like Gecko; compatible; GPTBot/1.3; +https://openai.com/gptbot)" 36 **0/36990**
144.76.32.236 - - [04/Mar/2026:05:15:34 -0700] "GET /drago-ways-multiplie-voor-gokautomaa-online-gokspellen-nederland-el-torero-gokkast-groep-sportif-sauxillangeois/ HTTP/1.1" 200 5663 "-" "Mozilla/5.0 (compatible; SERankingBacklinksBot/1.0; +https://seranking.com/backlinks-crawler)" 37 **0/37714**
74.7.227.26 - - [04/Mar/2026:05:15:34 -0700] "GET /?path=//proc/3452215/cwd/usr/lib/.build-id/2a HTTP/2.0" 200 2352 "https://icdp.co.in/?path=//proc/3452215/cwd/usr/lib/.build-id" "Mozilla/5.0 AppleWebKit/537.36 (KHTML, like Gecko; compatible; GPTBot/1.3; +https://openai.com/gptbot)" 44 **0/44201**
74.7.227.26 - - [04/Mar/2026:05:15:34 -0700] "GET /?path=//proc/3453014/cwd/lib/.build-id/5a HTTP/2.0" 200 2343 "https://icdp.co.in/?path=//proc/3453014/cwd/lib/.build-id" "Mozilla/5.0 AppleWebKit/537.36 (KHTML, like Gecko; compatible; GPTBot/1.3; +https://openai.com/gptbot)" 42 **0/42625**
74.7.227.26 - - [04/Mar/2026:05:15:35 -0700] "GET /?path=//proc/3538463/cwd/lib/.build-id/0b HTTP/2.0" 200 2342 "https://icdp.co.in/?path=//proc/3538463/cwd/lib/.build-id" "Mozilla/5.0 AppleWebKit/537.36 (KHTML, like Gecko; compatible; GPTBot/1.3; +https://openai.com/gptbot)" 43 **0/43931**
74.7.227.26 - - [04/Mar/2026:05:15:35 -0700] "GET /?path=//proc/3539060/cwd/lib/.build-id/d7 HTTP/2.0" 200 2343 "https://icdp.co.in/?path=//proc/3539060/cwd/lib/.build-id" "Mozilla/5.0 AppleWebKit/537.36 (KHTML, like Gecko; compatible; GPTBot/1.3; +https://openai.com/gptbot)" 42 **0/42384**
74.7.227.26 - - [04/Mar/2026:05:15:36 -0700] "GET /?path=//proc/3564199/cwd/lib/.build-id/c6 HTTP/2.0" 200 2343 "https://icdp.co.in/?path=//proc/3564199/cwd/lib/.build-id" "Mozilla/5.0 AppleWebKit/537.36 (KHTML, like Gecko; compatible; GPTBot/1.3; +https://openai.com/gptbot)" 41 **0/41156**
74.7.227.26 - - [04/Mar/2026:05:15:36 -0700] "GET /?path=//proc/3538463/cwd/lib/.build-id/d9 HTTP/2.0" 200 2343 "https://icdp.co.in/?path=//proc/3538463/cwd/lib/.build-id" "Mozilla/5.0 AppleWebKit/537.36 (KHTML, like Gecko; compatible; GPTBot/1.3; +https://openai.com/gptbot)" 39 **0/39295**
74.7.227.26 - - [04/Mar/2026:05:15:37 -0700] "GET /?path=//proc/3452215/cwd/lib/.build-id/3d HTTP/2.0" 200 2342 "https://icdp.co.in/?path=//proc/3452215/cwd/lib/.build-id" "Mozilla/5.0 AppleWebKit/537.36 (KHTML, like Gecko; compatible; GPTBot/1.3; +https://openai.com/gptbot)" 45 **0/45210**
74.7.227.26 - - [04/Mar/2026:05:15:37 -0700] "GET /?path=//proc/3452215/cwd/lib/.build-id/d4 HTTP/2.0" 200 2343 "https://icdp.co.in/?path=//proc/3452215/cwd/lib/.build-id" "Mozilla/5.0 AppleWebKit/537.36 (KHTML, like Gecko; compatible; GPTBot/1.3; +https://openai.com/gptbot)" 78 **0/78617**
74.7.227.26 - - [04/Mar/2026:05:15:38 -0700] "GET /?path=//proc/3453136/cwd/lib/.build-id/8d HTTP/2.0" 200 2342 "https://icdp.co.in/?path=//proc/3453136/cwd/lib/.build-id" "Mozilla/5.0 AppleWebKit/537.36 (KHTML, like Gecko; compatible; GPTBot/1.3; +https://openai.com/gptbot)" 45 **0/45710**
74.7.227.26 - - [04/Mar/2026:05:15:38 -0700] "GET /?path=//proc/3538915/cwd/lib/.build-id/8d HTTP/2.0" 200 2342 "https://icdp.co.in/?path=//proc/3538915/cwd/lib/.build-id" "Mozilla/5.0 AppleWebKit/537.36 (KHTML, like Gecko; compatible; GPTBot/1.3; +https://openai.com/gptbot)" 42 **0/42431**
74.7.227.26 - - [04/Mar/2026:05:15:39 -0700] "GET /?path=//proc/3538915/cwd/usr/lib/.build-id/c8 HTTP/2.0" 200 2353 "https://icdp.co.in/?path=//proc/3538915/cwd/usr/lib/.build-id" "Mozilla/5.0 AppleWebKit/537.36 (KHTML, like Gecko; compatible; GPTBot/1.3; +https://openai.com/gptbot)" 45 **0/45367**
74.7.227.26 - - [04/Mar/2026:05:15:39 -0700] "GET /?path=//proc/3453014/cwd/lib/.build-id/6d HTTP/2.0" 200 2343 "https://icdp.co.in/?path=//proc/3453014/cwd/lib/.build-id" "Mozilla/5.0 AppleWebKit/537.36 (KHTML, like Gecko; compatible; GPTBot/1.3; +https://openai.com/gptbot)" 57 **0/57606**
74.7.227.26 - - [04/Mar/2026:05:15:40 -0700] "GET /?path=//proc/3453014/cwd/lib/.build-id/8b HTTP/2.0" 200 2342 "https://icdp.co.in/?path=//proc/3453014/cwd/lib/.build-id" "Mozilla/5.0 AppleWebKit/537.36 (KHTML, like Gecko; compatible; GPTBot/1.3; +https://openai.com/gptbot)" 54 **0/54262**
74.7.227.26 - - [04/Mar/2026:05:15:40 -0700] "GET /?path=//proc/3538463/cwd/lib/.build-id/c9 HTTP/2.0" 200 2343 "https://icdp.co.in/?path=//proc/3538463/cwd/lib/.build-id" "Mozilla/5.0 AppleWebKit/537.36 (KHTML, like Gecko; compatible; GPTBot/1.3; +https://openai.com/gptbot)" 53 **0/53002**
144.76.32.236 - - [04/Mar/2026:05:15:41 -0700] "GET /best-baccarat-online-sites-the-real-deal-cash-in-paddy-power-games-100-free-spins-welcome-bonus-no-deposit-2025/ HTTP/1.1" 200 5663 "-" "Mozilla/5.0 (compatible; SERankingBacklinksBot/1.0; +https://seranking.com/backlinks-crawler)" 53 **0/53759**
74.7.227.26 - - [04/Mar/2026:05:15:41 -0700] "GET /?path=//proc/3458776/cwd/lib/.build-id/d6 HTTP/2.0" 200 2342 "https://icdp.co.in/?path=//proc/3458776/cwd/lib/.build-id" "Mozilla/5.0 AppleWebKit/537.36 (KHTML, like Gecko; compatible; GPTBot/1.3; +https://openai.com/gptbot)" 54 **0/54159**
74.7.227.26 - - [04/Mar/2026:05:15:42 -0700] "GET /?path=//proc/3539060/cwd/usr/lib/.build-id/b6 HTTP/2.0" 200 2354 "https://icdp.co.in/?path=//proc/3539060/cwd/usr/lib/.build-id" "Mozilla/5.0 AppleWebKit/537.36 (KHTML, like Gecko; compatible; GPTBot/1.3; +https://openai.com/gptbot)" 45 **0/45914**
74.7.227.26 - - [04/Mar/2026:05:15:42 -0700] "GET /?path=//proc/3452215/cwd/usr/lib/.build-id/b5 HTTP/2.0" 200 2352 "https://icdp.co.in/?path=//proc/3452215/cwd/usr/lib/.build-id" "Mozilla/5.0 AppleWebKit/537.36 (KHTML, like Gecko; compatible; GPTBot/1.3; +https://openai.com/gptbot)" 59 **0/59602**
74.7.227.26 - - [04/Mar/2026:05:15:43 -0700] "GET /?path=//proc/3538915/cwd/lib/.build-id/c8 HTTP/2.0" 200 2343 "https://icdp.co.in/?path=//proc/3538915/cwd/lib/.build-id" "Mozilla/5.0 AppleWebKit/537.36 (KHTML, like Gecko; compatible; GPTBot/1.3; +https://openai.com/gptbot)" 50 **0/50160**
74.7.227.26 - - [04/Mar/2026:05:15:43 -0700] "GET /?path=//proc/3453014/cwd/usr/lib/.build-id/1d HTTP/2.0" 200 2353 "https://icdp.co.in/?path=//proc/3453014/cwd/usr/lib/.build-id" "Mozilla/5.0 AppleWebKit/537.36 (KHTML, like Gecko; compatible; GPTBot/1.3; +https://openai.com/gptbot)" 51 **0/51078**
74.7.227.26 - - [04/Mar/2026:05:15:44 -0700] "GET /?path=//proc/3538462/cwd/lib/.build-id/b5 HTTP/2.0" 200 2343 "https://icdp.co.in/?path=//proc/3538462/cwd/lib/.build-id" "Mozilla/5.0 AppleWebKit/537.36 (KHTML, like Gecko; compatible; GPTBot/1.3; +https://openai.com/gptbot)" 54 **0/54020**
47.128.112.44 - - [04/Mar/2026:05:15:44 -0700] "GET /vierklee-wetten-registrieren/?fileloc=%2F%2Fbin%2Fwhereis&path=%2F%2Fbin HTTP/2.0" 200 12032 "-" "Mozilla/5.0 (Linux; Android 5.0) AppleWebKit/537.36 (KHTML, like Gecko) Mobile Safari/537.36 (compatible; TikTokSpider; ttspider-feedback@tiktok.com)" 55 **0/55193**
74.7.227.26 - - [04/Mar/2026:05:15:44 -0700] "GET /?path=//proc/3564199/cwd/lib/.build-id/d4 HTTP/2.0" 200 2343 "https://icdp.co.in/?path=//proc/3564199/cwd/lib/.build-id" "Mozilla/5.0 AppleWebKit/537.36 (KHTML, like Gecko; compatible; GPTBot/1.3; +https://openai.com/gptbot)" 42 **0/42143**
74.7.227.26 - - [04/Mar/2026:05:15:45 -0700] "GET /?path=//proc/3538915/cwd/usr/lib/.build-id/3c HTTP/2.0" 200 2352 "https://icdp.co.in/?path=//proc/3538915/cwd/usr/lib/.build-id" "Mozilla/5.0 AppleWebKit/537.36 (KHTML, like Gecko; compatible; GPTBot/1.3; +https://openai.com/gptbot)" 50 **0/50124**
74.7.227.26 - - [04/Mar/2026:05:15:45 -0700] "GET /?path=//proc/3564199/cwd/lib/.build-id/c3 HTTP/2.0" 200 2343 "https://icdp.co.in/?path=//proc/3564199/cwd/lib/.build-id" "Mozilla/5.0 AppleWebKit/537.36 (KHTML, like Gecko; compatible; GPTBot/1.3; +https://openai.com/gptbot)" 47 **0/47470**
74.7.227.26 - - [04/Mar/2026:05:15:46 -0700] "GET /?path=//proc/3538915/cwd/lib/.build-id/3e HTTP/2.0" 200 2343 "https://icdp.co.in/?path=//proc/3538915/cwd/lib/.build-id" "Mozilla/5.0 AppleWebKit/537.36 (KHTML, like Gecko; compatible; GPTBot/1.3; +https://openai.com/gptbot)" 49 **0/49686**
74.7.227.26 - - [04/Mar/2026:05:15:46 -0700] "GET /?path=//proc/3539060/cwd/usr/lib/.build-id/c0 HTTP/2.0" 200 2353 "https://icdp.co.in/?path=//proc/3539060/cwd/usr/lib/.build-id" "Mozilla/5.0 AppleWebKit/537.36 (KHTML, like Gecko; compatible; GPTBot/1.3; +https://openai.com/gptbot)" 48 **0/48714**
74.7.227.26 - - [04/Mar/2026:05:15:47 -0700] "GET /?path=//proc/3539060/cwd/lib/.build-id/7b HTTP/2.0" 200 2343 "https://icdp.co.in/?path=//proc/3539060/cwd/lib/.build-id" "Mozilla/5.0 AppleWebKit/537.36 (KHTML, like Gecko; compatible; GPTBot/1.3; +https://openai.com/gptbot)" 51 **0/51190**
74.7.227.26 - - [04/Mar/2026:05:15:47 -0700] "GET /?path=//proc/3452243/cwd/lib/.build-id/4f HTTP/2.0" 200 2343 "https://icdp.co.in/?path=//proc/3452243/cwd/lib/.build-id" "Mozilla/5.0 AppleWebKit/537.36 (KHTML, like Gecko; compatible; GPTBot/1.3; +https://openai.com/gptbot)" 52 **0/52568**
144.76.32.236 - - [04/Mar/2026:05:15:48 -0700] "GET /dragon-link-slot-cash-coaster-slot-for-money-machines-remark-winnings-huge-jackpot-within-the-aristocrat-pokies/ HTTP/1.1" 200 5663 "-" "Mozilla/5.0 (compatible; SERankingBacklinksBot/1.0; +https://seranking.com/backlinks-crawler)" 45 **0/45798**
74.7.227.26 - - [04/Mar/2026:05:15:48 -0700] "GET /?path=//proc/3452243/cwd/lib/.build-id/6d HTTP/2.0" 200 2341 "https://icdp.co.in/?path=//proc/3452243/cwd/lib/.build-id" "Mozilla/5.0 AppleWebKit/537.36 (KHTML, like Gecko; compatible; GPTBot/1.3; +https://openai.com/gptbot)" 45 **0/45022**
74.7.227.26 - - [04/Mar/2026:05:15:48 -0700] "GET /?path=//proc/3538463/cwd/usr/lib/.build-id/3d HTTP/2.0" 200 2352 "https://icdp.co.in/?path=//proc/3538463/cwd/usr/lib/.build-id" "Mozilla/5.0 AppleWebKit/537.36 (KHTML, like Gecko; compatible; GPTBot/1.3; +https://openai.com/gptbot)" 49 **0/49825**
74.7.227.26 - - [04/Mar/2026:05:15:49 -0700] "GET /?path=//proc/3485806/cwd/lib/.build-id/0d HTTP/2.0" 200 2342 "https://icdp.co.in/?path=//proc/3485806/cwd/lib/.build-id" "Mozilla/5.0 AppleWebKit/537.36 (KHTML, like Gecko; compatible; GPTBot/1.3; +https://openai.com/gptbot)" 58 **0/58379**
74.7.227.26 - - [04/Mar/2026:05:15:50 -0700] "GET /?path=//proc/3538915/cwd/lib/.build-id/9b HTTP/2.0" 200 2343 "https://icdp.co.in/?path=//proc/3538915/cwd/lib/.build-id" "Mozilla/5.0 AppleWebKit/537.36 (KHTML, like Gecko; compatible; GPTBot/1.3; +https://openai.com/gptbot)" 49 **0/49910**
74.7.227.26 - - [04/Mar/2026:05:15:50 -0700] "GET /?path=//proc/3452215/cwd/lib/.build-id/b8 HTTP/2.0" 200 2343 "https://icdp.co.in/?path=//proc/3452215/cwd/lib/.build-id" "Mozilla/5.0 AppleWebKit/537.36 (KHTML, like Gecko; compatible; GPTBot/1.3; +https://openai.com/gptbot)" 60 **0/60233**
74.7.227.26 - - [04/Mar/2026:05:15:51 -0700] "GET /?path=//proc/3538915/cwd/usr/lib/.build-id/8d HTTP/2.0" 200 2352 "https://icdp.co.in/?path=//proc/3538915/cwd/usr/lib/.build-id" "Mozilla/5.0 AppleWebKit/537.36 (KHTML, like Gecko; compatible; GPTBot/1.3; +https://openai.com/gptbot)" 45 **0/45556**
144.76.32.236 - - [04/Mar/2026:05:15:51 -0700] "GET /online-casino-germany-%EF%B8%8F-slot-elvis-the-king-rtp-specialist-methods-for-the-new-german-profiles%EF%B8%8F/ HTTP/1.1" 200 5663 "-" "Mozilla/5.0 (compatible; SERankingBacklinksBot/1.0; +https://seranking.com/backlinks-crawler)" 45 **0/45166**
74.7.227.26 - - [04/Mar/2026:05:15:51 -0700] "GET /?path=//proc/3453014/cwd/usr/lib/.build-id/b4 HTTP/2.0" 200 2353 "https://icdp.co.in/?path=//proc/3453014/cwd/usr/lib/.build-id" "Mozilla/5.0 AppleWebKit/537.36 (KHTML, like Gecko; compatible; GPTBot/1.3; +https://openai.com/gptbot)" 48 **0/48020**
74.7.227.26 - - [04/Mar/2026:05:15:52 -0700] "GET /?path=//proc/3458776/cwd/lib/.build-id/c8 HTTP/2.0" 200 2344 "https://icdp.co.in/?path=//proc/3458776/cwd/lib/.build-id" "Mozilla/5.0 AppleWebKit/537.36 (KHTML, like Gecko; compatible; GPTBot/1.3; +https://openai.com/gptbot)" 42 **0/42305**
17.246.19.197 - - [04/Mar/2026:05:15:52 -0700] "GET /the-brand-new-no-deposit-incentives-in-the-uk-casinos-october-2025-get-book-of-ra-slot-free-spins-free-revolves/ HTTP/1.1" 200 5663 "-" "Mozilla/5.0 (Macintosh; Intel Mac OS X 10_15_7) AppleWebKit/605.1.15 (KHTML, like Gecko) Version/17.4 Safari/605.1.15 (Applebot/0.1; +http://www.apple.com/go/applebot)" 45 **0/45330**
74.7.227.26 - - [04/Mar/2026:05:15:52 -0700] "GET /?path=//proc/3453136/cwd/lib/.build-id/b0 HTTP/2.0" 200 2343 "https://icdp.co.in/?path=//proc/3453136/cwd/lib/.build-id" "Mozilla/5.0 AppleWebKit/537.36 (KHTML, like Gecko; compatible; GPTBot/1.3; +https://openai.com/gptbot)" 44 **0/44778**
17.246.19.197 - - [04/Mar/2026:05:15:52 -0700] "GET /1435-spielautomaten-gratis-auffuhren-online-slot-de/ HTTP/1.1" 200 5663 "-" "Mozilla/5.0 (Macintosh; Intel Mac OS X 10_15_7) AppleWebKit/605.1.15 (KHTML, like Gecko) Version/17.4 Safari/605.1.15 (Applebot/0.1; +http://www.apple.com/go/applebot)" 42 **0/42944**
74.7.227.26 - - [04/Mar/2026:05:15:53 -0700] "GET /?path=//proc/3538915/cwd/lib/.build-id/b0 HTTP/2.0" 200 2343 "https://icdp.co.in/?path=//proc/3538915/cwd/lib/.build-id" "Mozilla/5.0 AppleWebKit/537.36 (KHTML, like Gecko; compatible; GPTBot/1.3; +https://openai.com/gptbot)" 54 **0/54330**
74.7.227.26 - - [04/Mar/2026:05:15:53 -0700] "GET /?path=//proc/3539060/cwd/lib/.build-id/7d HTTP/2.0" 200 2343 "https://icdp.co.in/?path=//proc/3539060/cwd/lib/.build-id" "Mozilla/5.0 AppleWebKit/537.36 (KHTML, like Gecko; compatible; GPTBot/1.3; +https://openai.com/gptbot)" 55 **0/55602**
74.7.227.26 - - [04/Mar/2026:05:15:54 -0700] "GET /?path=//proc/3452243/cwd/lib/.build-id/8c HTTP/2.0" 200 2342 "https://icdp.co.in/?path=//proc/3452243/cwd/lib/.build-id" "Mozilla/5.0 AppleWebKit/537.36 (KHTML, like Gecko; compatible; GPTBot/1.3; +https://openai.com/gptbot)" 49 **0/49173**
74.7.227.26 - - [04/Mar/2026:05:15:54 -0700] "GET /?path=//proc/3485806/cwd/lib/.build-id/b6 HTTP/2.0" 200 2343 "https://icdp.co.in/?path=//proc/3485806/cwd/lib/.build-id" "Mozilla/5.0 AppleWebKit/537.36 (KHTML, like Gecko; compatible; GPTBot/1.3; +https://openai.com/gptbot)" 40 **0/40374**
74.7.227.26 - - [04/Mar/2026:05:15:55 -0700] "GET /?path=//proc/3452215/cwd/usr/lib/.build-id/4d HTTP/2.0" 200 2352 "https://icdp.co.in/?path=//proc/3452215/cwd/usr/lib/.build-id" "Mozilla/5.0 AppleWebKit/537.36 (KHTML, like Gecko; compatible; GPTBot/1.3; +https://openai.com/gptbot)" 48 **0/48465**
74.7.227.26 - - [04/Mar/2026:05:15:55 -0700] "GET /?path=//proc/3539060/cwd/lib/.build-id/9c HTTP/2.0" 200 2343 "https://icdp.co.in/?path=//proc/3539060/cwd/lib/.build-id" "Mozilla/5.0 AppleWebKit/537.36 (KHTML, like Gecko; compatible; GPTBot/1.3; +https://openai.com/gptbot)" 52 **0/52109**
77.83.68.162 - - [04/Mar/2026:05:15:56 -0700] "GET /vierklee-wetten-registrieren/?fileloc=%2F%2Fproc%2F3359336%2Fclear_refs&path=%2F%2Fproc%2F3359336 HTTP/2.0" 200 2258 "https://www.google.com/" "Mozilla/5.0 (Windows NT 10.0; Win64; x64) AppleWebKit/537.36 (KHTML, like Gecko) Chrome/145.0.0.0 Safari/537.36" 53 **0/53462**
49.36.243.247 - - [04/Mar/2026:05:15:56 -0700] "GET /vierklee-wetten-registrieren/?fileloc=%2F%2Fproc%2F3359336%2Fclear_refs&path=%2F%2Fproc%2F3359336 HTTP/2.0" 200 2258 "https://www.google.com/" "Mozilla/5.0 (Windows NT 10.0; Win64; x64) AppleWebKit/537.36 (KHTML, like Gecko) Chrome/145.0.0.0 Safari/537.36" 58 **0/58298**
74.7.227.26 - - [04/Mar/2026:05:15:56 -0700] "GET /?path=//proc/3538915/cwd/usr/lib/.build-id/c5 HTTP/2.0" 200 2352 "https://icdp.co.in/?path=//proc/3538915/cwd/usr/lib/.build-id" "Mozilla/5.0 AppleWebKit/537.36 (KHTML, like Gecko; compatible; GPTBot/1.3; +https://openai.com/gptbot)" 48 **0/48982**
74.7.227.26 - - [04/Mar/2026:05:15:56 -0700] "GET /?path=//proc/3452243/cwd/lib/.build-id/6a HTTP/2.0" 200 2342 "https://icdp.co.in/?path=//proc/3452243/cwd/lib/.build-id" "Mozilla/5.0 AppleWebKit/537.36 (KHTML, like Gecko; compatible; GPTBot/1.3; +https://openai.com/gptbot)" 48 **0/48481**
74.7.227.26 - - [04/Mar/2026:05:15:57 -0700] "GET /?path=//proc/3453136/cwd/lib/.build-id/0b HTTP/2.0" 200 2342 "https://icdp.co.in/?path=//proc/3453136/cwd/lib/.build-id" "Mozilla/5.0 AppleWebKit/537.36 (KHTML, like Gecko; compatible; GPTBot/1.3; +https://openai.com/gptbot)" 51 **0/51900**
74.7.227.26 - - [04/Mar/2026:05:15:57 -0700] "GET /?path=//proc/3538915/cwd/lib/.build-id/6d HTTP/2.0" 200 2342 "https://icdp.co.in/?path=//proc/3538915/cwd/lib/.build-id" "Mozilla/5.0 AppleWebKit/537.36 (KHTML, like Gecko; compatible; GPTBot/1.3; +https://openai.com/gptbot)" 52 **0/52698**
144.76.32.236 - - [04/Mar/2026:05:15:58 -0700] "GET /in-other-places-members-can-select-from-bank-card-charge-neteller-financial-transfer-and-you-will-western-share/ HTTP/1.1" 200 5663 "-" "Mozilla/5.0 (compatible; SERankingBacklinksBot/1.0; +https://seranking.com/backlinks-crawler)" 37 **0/37237**
74.7.227.26 - - [04/Mar/2026:05:15:58 -0700] "GET /?path=//proc/3538462/cwd/lib/.build-id/d8 HTTP/2.0" 200 2343 "https://icdp.co.in/?path=//proc/3538462/cwd/lib/.build-id" "Mozilla/5.0 AppleWebKit/537.36 (KHTML, like Gecko; compatible; GPTBot/1.3; +https://openai.com/gptbot)" 49 **0/49857**
74.7.227.26 - - [04/Mar/2026:05:15:59 -0700] "GET /?path=//proc/3452243/cwd/lib/.build-id/d9 HTTP/2.0" 200 2343 "https://icdp.co.in/?path=//proc/3452243/cwd/lib/.build-id" "Mozilla/5.0 AppleWebKit/537.36 (KHTML, like Gecko; compatible; GPTBot/1.3; +https://openai.com/gptbot)" 53 **0/53033**
74.7.227.26 - - [04/Mar/2026:05:15:59 -0700] "GET /?path=//proc/3453014/cwd/usr/lib/.build-id/d4 HTTP/2.0" 200 2353 "https://icdp.co.in/?path=//proc/3453014/cwd/usr/lib/.build-id" "Mozilla/5.0 AppleWebKit/537.36 (KHTML, like Gecko; compatible; GPTBot/1.3; +https://openai.com/gptbot)" 42 **0/42213**
74.7.227.26 - - [04/Mar/2026:05:16:00 -0700] "GET /?path=//proc/3538915/cwd/usr/lib/.build-id/5a HTTP/2.0" 200 2353 "https://icdp.co.in/?path=//proc/3538915/cwd/usr/lib/.build-id" "Mozilla/5.0 AppleWebKit/537.36 (KHTML, like Gecko; compatible; GPTBot/1.3; +https://openai.com/gptbot)" 49 **0/49362**
74.7.227.26 - - [04/Mar/2026:05:16:00 -0700] "GET /?path=//proc/3539060/cwd/lib/.build-id/a9 HTTP/2.0" 200 2343 "https://icdp.co.in/?path=//proc/3539060/cwd/lib/.build-id" "Mozilla/5.0 AppleWebKit/537.36 (KHTML, like Gecko; compatible; GPTBot/1.3; +https://openai.com/gptbot)" 56 **0/56086**
74.7.227.26 - - [04/Mar/2026:05:16:01 -0700] "GET /?path=//proc/3539060/cwd/lib/.build-id/c8 HTTP/2.0" 200 2343 "https://icdp.co.in/?path=//proc/3539060/cwd/lib/.build-id" "Mozilla/5.0 AppleWebKit/537.36 (KHTML, like Gecko; compatible; GPTBot/1.3; +https://openai.com/gptbot)" 53 **0/53582**
74.7.227.26 - - [04/Mar/2026:05:16:01 -0700] "GET /?path=//proc/3539060/cwd/usr/lib/.build-id/c3 HTTP/2.0" 200 2354 "https://icdp.co.in/?path=//proc/3539060/cwd/usr/lib/.build-id" "Mozilla/5.0 AppleWebKit/537.36 (KHTML, like Gecko; compatible; GPTBot/1.3; +https://openai.com/gptbot)" 66 **0/66886**
74.7.227.26 - - [04/Mar/2026:05:16:02 -0700] "GET /?path=//proc/3538915/cwd/lib/.build-id/b9 HTTP/2.0" 200 2343 "https://icdp.co.in/?path=//proc/3538915/cwd/lib/.build-id" "Mozilla/5.0 AppleWebKit/537.36 (KHTML, like Gecko; compatible; GPTBot/1.3; +https://openai.com/gptbot)" 64 **0/64879**
74.7.227.26 - - [04/Mar/2026:05:16:02 -0700] "GET /?path=//proc/3453136/cwd/lib/.build-id/a1 HTTP/2.0" 200 2343 "https://icdp.co.in/?path=//proc/3453136/cwd/lib/.build-id" "Mozilla/5.0 AppleWebKit/537.36 (KHTML, like Gecko; compatible; GPTBot/1.3; +https://openai.com/gptbot)" 53 **0/53101**
74.7.227.26 - - [04/Mar/2026:05:16:03 -0700] "GET /?path=//proc/3538463/cwd/usr/lib/.build-id/b6 HTTP/2.0" 200 2353 "https://icdp.co.in/?path=//proc/3538463/cwd/usr/lib/.build-id" "Mozilla/5.0 AppleWebKit/537.36 (KHTML, like Gecko; compatible; GPTBot/1.3; +https://openai.com/gptbot)" 56 **0/56982**
74.7.227.26 - - [04/Mar/2026:05:16:03 -0700] "GET /?path=//proc/3453136/cwd/lib/.build-id/7d HTTP/2.0" 200 2343 "https://icdp.co.in/?path=//proc/3453136/cwd/lib/.build-id" "Mozilla/5.0 AppleWebKit/537.36 (KHTML, like Gecko; compatible; GPTBot/1.3; +https://openai.com/gptbot)" 50 **0/50948**
74.7.227.26 - - [04/Mar/2026:05:16:04 -0700] "GET /?path=//proc/3538915/cwd/lib/.build-id/d9 HTTP/2.0" 200 2343 "https://icdp.co.in/?path=//proc/3538915/cwd/lib/.build-id" "Mozilla/5.0 AppleWebKit/537.36 (KHTML, like Gecko; compatible; GPTBot/1.3; +https://openai.com/gptbot)" 50 **0/50219**
74.7.227.26 - - [04/Mar/2026:05:16:04 -0700] "GET /?path=//proc/3538463/cwd/usr/lib/.build-id/5a HTTP/2.0" 200 2353 "https://icdp.co.in/?path=//proc/3538463/cwd/usr/lib/.build-id" "Mozilla/5.0 AppleWebKit/537.36 (KHTML, like Gecko; compatible; GPTBot/1.3; +https://openai.com/gptbot)" 41 **0/41572**
57.141.2.32 - - [04/Mar/2026:05:16:05 -0700] "GET /?p=141774 HTTP/2.0" 200 127968 "-" "meta-externalagent/1.1 (+https://developers.facebook.com/docs/sharing/webmasters/crawler)" 47 **0/47920**
74.7.227.26 - - [04/Mar/2026:05:16:05 -0700] "GET /?path=//proc/3452243/cwd/lib/.build-id/8d HTTP/2.0" 200 2342 "https://icdp.co.in/?path=//proc/3452243/cwd/lib/.build-id" "Mozilla/5.0 AppleWebKit/537.36 (KHTML, like Gecko; compatible; GPTBot/1.3; +https://openai.com/gptbot)" 43 **0/43760**
74.7.227.26 - - [04/Mar/2026:05:16:05 -0700] "GET /?path=//proc/3453136/cwd/lib/.build-id/e4 HTTP/2.0" 200 2343 "https://icdp.co.in/?path=//proc/3453136/cwd/lib/.build-id" "Mozilla/5.0 AppleWebKit/537.36 (KHTML, like Gecko; compatible; GPTBot/1.3; +https://openai.com/gptbot)" 48 **0/48222**
74.7.227.26 - - [04/Mar/2026:05:16:06 -0700] "GET /?path=//proc/3458776/cwd/lib/.build-id/c4 HTTP/2.0" 200 2344 "https://icdp.co.in/?path=//proc/3458776/cwd/lib/.build-id" "Mozilla/5.0 AppleWebKit/537.36 (KHTML, like Gecko; compatible; GPTBot/1.3; +https://openai.com/gptbot)" 53 **0/53084**
74.7.227.26 - - [04/Mar/2026:05:16:06 -0700] "GET /?path=//proc/3538463/cwd/lib/.build-id/e5 HTTP/2.0" 200 2343 "https://icdp.co.in/?path=//proc/3538463/cwd/lib/.build-id" "Mozilla/5.0 AppleWebKit/537.36 (KHTML, like Gecko; compatible; GPTBot/1.3; +https://openai.com/gptbot)" 48 **0/48012**
74.7.227.26 - - [04/Mar/2026:05:16:07 -0700] "GET /?path=//proc/3453014/cwd/lib/.build-id/c7 HTTP/2.0" 200 2343 "https://icdp.co.in/?path=//proc/3453014/cwd/lib/.build-id" "Mozilla/5.0 AppleWebKit/537.36 (KHTML, like Gecko; compatible; GPTBot/1.3; +https://openai.com/gptbot)" 62 **0/62933**
74.7.227.26 - - [04/Mar/2026:05:16:07 -0700] "GET /?path=//proc/3453136/cwd/lib/.build-id/4a HTTP/2.0" 200 2343 "https://icdp.co.in/?path=//proc/3453136/cwd/lib/.build-id" "Mozilla/5.0 AppleWebKit/537.36 (KHTML, like Gecko; compatible; GPTBot/1.3; +https://openai.com/gptbot)" 52 **0/52468**
74.7.227.26 - - [04/Mar/2026:05:16:08 -0700] "GET /?path=//proc/3538463/cwd/lib/.build-id/c1 HTTP/2.0" 200 2343 "https://icdp.co.in/?path=//proc/3538463/cwd/lib/.build-id" "Mozilla/5.0 AppleWebKit/537.36 (KHTML, like Gecko; compatible; GPTBot/1.3; +https://openai.com/gptbot)" 50 **0/50505**
74.7.227.26 - - [04/Mar/2026:05:16:08 -0700] "GET /?path=//proc/3453136/cwd/lib/.build-id/c9 HTTP/2.0" 200 2343 "https://icdp.co.in/?path=//proc/3453136/cwd/lib/.build-id" "Mozilla/5.0 AppleWebKit/537.36 (KHTML, like Gecko; compatible; GPTBot/1.3; +https://openai.com/gptbot)" 54 **0/54281**
74.7.227.26 - - [04/Mar/2026:05:16:09 -0700] "GET /?path=//proc/3485806/cwd/lib/.build-id/6b HTTP/2.0" 200 2343 "https://icdp.co.in/?path=//proc/3485806/cwd/lib/.build-id" "Mozilla/5.0 AppleWebKit/537.36 (KHTML, like Gecko; compatible; GPTBot/1.3; +https://openai.com/gptbot)" 49 **0/49486**
74.7.227.26 - - [04/Mar/2026:05:16:09 -0700] "GET /?path=//proc/3564199/cwd/lib/.build-id/b6 HTTP/2.0" 200 2343 "https://icdp.co.in/?path=//proc/3564199/cwd/lib/.build-id" "Mozilla/5.0 AppleWebKit/537.36 (KHTML, like Gecko; compatible; GPTBot/1.3; +https://openai.com/gptbot)" 42 **0/42974**
74.7.227.26 - - [04/Mar/2026:05:16:10 -0700] "GET /?path=//proc/3538915/cwd/usr/lib/.build-id/1c HTTP/2.0" 200 2353 "https://icdp.co.in/?path=//proc/3538915/cwd/usr/lib/.build-id" "Mozilla/5.0 AppleWebKit/537.36 (KHTML, like Gecko; compatible; GPTBot/1.3; +https://openai.com/gptbot)" 55 **0/55244**
74.7.227.26 - - [04/Mar/2026:05:16:10 -0700] "GET /?path=//proc/3453136/cwd/lib/.build-id/b7 HTTP/2.0" 200 2344 "https://icdp.co.in/?path=//proc/3453136/cwd/lib/.build-id" "Mozilla/5.0 AppleWebKit/537.36 (KHTML, like Gecko; compatible; GPTBot/1.3; +https://openai.com/gptbot)" 53 **0/53089**
74.7.227.26 - - [04/Mar/2026:05:16:11 -0700] "GET /?path=//proc/3538915/cwd/lib/.build-id/0b HTTP/2.0" 200 2343 "https://icdp.co.in/?path=//proc/3538915/cwd/lib/.build-id" "Mozilla/5.0 AppleWebKit/537.36 (KHTML, like Gecko; compatible; GPTBot/1.3; +https://openai.com/gptbot)" 42 **0/42068**
144.76.32.236 - - [04/Mar/2026:05:16:11 -0700] "GET /innovative-alive-casinos-%ef%bf%bd-line-roulette-ferner-blackjack-unter-einsatz-von-echten-croupiers-musizieren/ HTTP/1.1" 200 5663 "-" "Mozilla/5.0 (compatible; SERankingBacklinksBot/1.0; +https://seranking.com/backlinks-crawler)" 45 **0/45515**
74.7.227.26 - - [04/Mar/2026:05:16:12 -0700] "GET /?path=//proc/3539060/cwd/lib/.build-id/3e HTTP/2.0" 200 2343 "https://icdp.co.in/?path=//proc/3539060/cwd/lib/.build-id" "Mozilla/5.0 AppleWebKit/537.36 (KHTML, like Gecko; compatible; GPTBot/1.3; +https://openai.com/gptbot)" 45 **0/45163**
74.7.227.26 - - [04/Mar/2026:05:16:12 -0700] "GET /?path=//proc/3458776/cwd/lib/.build-id/c5 HTTP/2.0" 200 2343 "https://icdp.co.in/?path=//proc/3458776/cwd/lib/.build-id" "Mozilla/5.0 AppleWebKit/537.36 (KHTML, like Gecko; compatible; GPTBot/1.3; +https://openai.com/gptbot)" 49 **0/49551**
74.7.227.26 - - [04/Mar/2026:05:16:13 -0700] "GET /?path=//proc/3452215/cwd/usr/lib/.build-id/2c HTTP/2.0" 200 2352 "https://icdp.co.in/?path=//proc/3452215/cwd/usr/lib/.build-id" "Mozilla/5.0 AppleWebKit/537.36 (KHTML, like Gecko; compatible; GPTBot/1.3; +https://openai.com/gptbot)" 52 **0/52519**
74.7.227.26 - - [04/Mar/2026:05:16:13 -0700] "GET /?path=//proc/3453136/cwd/lib/.build-id/b2 HTTP/2.0" 200 2343 "https://icdp.co.in/?path=//proc/3453136/cwd/lib/.build-id" "Mozilla/5.0 AppleWebKit/537.36 (KHTML, like Gecko; compatible; GPTBot/1.3; +https://openai.com/gptbot)" 48 **0/48361**
66.249.75.98 - - [04/Mar/2026:05:16:13 -0700] "GET /?c=2152828280100&channel=ab4adf&from=shared.php%3Fid%3D282801-7171%26name%3D%E3%82%BF%E3%82%A4%E3%83%AB%E5%BC%B5%E3%82%8A%E6%A9%9F%E3%80%81%E3%82%BF%E3%82%A4%E3%83%AB%E5%BC%B5%E3%82%8A%E6%A9%9F%E3%80%81%E5%A4%A7%E5%9E%8B%E9%9B%BB%E5%8B%95%E6%8C%AF%E5%8B%95%E5%90%B8%E7%9B%A4%E3%80%81%E8%BB%BD%E9%87%8F%E8%87%AA%E5%8B%95%E3%82%B9%E3%83%9E%E3%83%BC%E3%83%88%E3%83%84%E3%83%BC%E3%83%AB++-+30kg%E3%81%AE%E5%A4%A7%E5%9E%8B%E5%90%B8%E7%9D%80%E3%80%81%E5%BA%8A%E3%82%BF%E3%82%A4%E3%83%AB%E3%81%A8%E5%A3%81%E3%82%BF%E3%82%A4%E3%83%AB%E3%82%92%E8%B2%BC%E3%82%8B%E3%81%93%E3%81%A8%E3%81%8C%E3%81%A7%E3%81%8D%E3%81%BE%E3%81%99%EF%BC%88Amazon+%7C+Mxmoonfree+%E9%9B%BB%E6%B0%97%E3%82%BF%E3%82%A4%E3%83%AB%E5%BC%B5%E3%82%8A%E6%A9%9F+%E3%82%BF%E3%82%A4%E3%83%AB%E6%8C%AF%E5%8B%95%E3%83%84%E3%83%BC%E3%83%AB+%E6%8C%AF%E5%8B%95%E6%95%B012%2C000r%2Fmin+6%E6%AE%B5%E8%AA%BF%E6%95%B4%E5%8F%AF%E8%83%BD+%E5%90%B8%E7%9B%A4%E3%81%AA%E3%81%97++%E3%82%B5%E3%82%A4%E3%82%BA115%2A70mm+%E3%82%BF%E3%82%A4%E3%83%AB%E3%83%93%E3%83%96%E3%83%A9%E3%83%BC%E3%83%88+%E5%AF%86%E7%9D%80%E5%BC%B5%E3%82%8A%E5%B7%A5%E6%B3%95%E3%81%AB%E5%AF%BE%E5%BF%9C+%7C+%E3%82%AC%E3%83%A9%E3%82%B9%E3%83%BB%E3%82%BF%E3%82%A4%E3%83%AB%E7%94%A8%E3%83%89%E3%83%AA%E3%83%AB%E3%83%93%E3%83%83%E3%83%88%EF%BC%89 HTTP/1.1" 200 4676 "-" "Mozilla/5.0 (Linux; Android 6.0.1; Nexus 5X Build/MMB29P) AppleWebKit/537.36 (KHTML, like Gecko) Chrome/144.0.7559.132 Mobile Safari/537.36 (compatible; Googlebot/2.1; +http://www.google.com/bot.html)" 58 **0/58291**
74.7.227.26 - - [04/Mar/2026:05:16:14 -0700] "GET /?path=//proc/3453136/cwd/lib/.build-id/5e HTTP/2.0" 200 2343 "https://icdp.co.in/?path=//proc/3453136/cwd/lib/.build-id" "Mozilla/5.0 AppleWebKit/537.36 (KHTML, like Gecko; compatible; GPTBot/1.3; +https://openai.com/gptbot)" 50 **0/50292**
74.7.227.26 - - [04/Mar/2026:05:16:14 -0700] "GET /?path=//proc/3538915/cwd/lib/.build-id/6b HTTP/2.0" 200 2342 "https://icdp.co.in/?path=//proc/3538915/cwd/lib/.build-id" "Mozilla/5.0 AppleWebKit/537.36 (KHTML, like Gecko; compatible; GPTBot/1.3; +https://openai.com/gptbot)" 54 **0/54341**
144.76.32.236 - - [04/Mar/2026:05:16:15 -0700] "GET /druckgluck-300-maklercourtage-sourcecode-kostenlose-casinos-ohne-einzahlung-e10-abzuglich-einzahlung-free-spins/ HTTP/1.1" 200 5663 "-" "Mozilla/5.0 (compatible; SERankingBacklinksBot/1.0; +https://seranking.com/backlinks-crawler)" 45 **0/45641**
74.7.227.26 - - [04/Mar/2026:05:16:15 -0700] "GET /?path=//proc/3452243/cwd/lib/.build-id/e3 HTTP/2.0" 200 2342 "https://icdp.co.in/?path=//proc/3452243/cwd/lib/.build-id" "Mozilla/5.0 AppleWebKit/537.36 (KHTML, like Gecko; compatible; GPTBot/1.3; +https://openai.com/gptbot)" 46 **0/46276**
74.7.227.26 - - [04/Mar/2026:05:16:15 -0700] "GET /?path=//proc/3452243/cwd/lib/.build-id/1a HTTP/2.0" 200 2343 "https://icdp.co.in/?path=//proc/3452243/cwd/lib/.build-id" "Mozilla/5.0 AppleWebKit/537.36 (KHTML, like Gecko; compatible; GPTBot/1.3; +https://openai.com/gptbot)" 47 **0/47277**
74.7.227.26 - - [04/Mar/2026:05:16:16 -0700] "GET /?path=//proc/3539060/cwd/usr/lib/.build-id/d6 HTTP/2.0" 200 2354 "https://icdp.co.in/?path=//proc/3539060/cwd/usr/lib/.build-id" "Mozilla/5.0 AppleWebKit/537.36 (KHTML, like Gecko; compatible; GPTBot/1.3; +https://openai.com/gptbot)" 49 **0/49738**
74.7.227.26 - - [04/Mar/2026:05:16:16 -0700] "GET /?path=//proc/3452243/cwd/lib/.build-id/c6 HTTP/2.0" 200 2342 "https://icdp.co.in/?path=//proc/3452243/cwd/lib/.build-id" "Mozilla/5.0 AppleWebKit/537.36 (KHTML, like Gecko; compatible; GPTBot/1.3; +https://openai.com/gptbot)" 56 **0/56099**
