40.77.167.56 - - [28/Jan/2023:15:43:57 +0000] "GET /guideline-for-admission.php HTTP/2.0" 200 46079 "-" "Mozilla/5.0 AppleWebKit/537.36 (KHTML, like Gecko; compatible; bingbot/2.0; +http://www.bing.com/bingbot.htm) Chrome/103.0.5060.134 Safari/537.36" www.sbsc.in 199.79.62.221
207.46.13.69 - - [28/Jan/2023:15:44:04 +0000] "GET /eco-club.php HTTP/1.1" 200 44127 "-" "Mozilla/5.0 AppleWebKit/537.36 (KHTML, like Gecko; compatible; bingbot/2.0; +http://www.bing.com/bingbot.htm) Chrome/103.0.5060.134 Safari/537.36" www.sbsc.in 199.79.62.221
207.46.13.111 - - [28/Jan/2023:15:44:07 +0000] "GET /academic_calendar.php HTTP/1.1" 200 42764 "-" "Mozilla/5.0 AppleWebKit/537.36 (KHTML, like Gecko; compatible; bingbot/2.0; +http://www.bing.com/bingbot.htm) Chrome/103.0.5060.134 Safari/537.36" www.sbsc.in 199.79.62.221
207.46.13.69 - - [28/Jan/2023:15:44:04 +0000] "GET /eco-club.php HTTP/2.0" 200 44127 "-" "Mozilla/5.0 AppleWebKit/537.36 (KHTML, like Gecko; compatible; bingbot/2.0; +http://www.bing.com/bingbot.htm) Chrome/103.0.5060.134 Safari/537.36" www.sbsc.in 199.79.62.221
207.46.13.111 - - [28/Jan/2023:15:44:07 +0000] "GET /academic_calendar.php HTTP/2.0" 200 42764 "-" "Mozilla/5.0 AppleWebKit/537.36 (KHTML, like Gecko; compatible; bingbot/2.0; +http://www.bing.com/bingbot.htm) Chrome/103.0.5060.134 Safari/537.36" www.sbsc.in 199.79.62.221
20.254.138.37 - - [28/Jan/2023:15:44:24 +0000] "GET /view-all.php HTTP/1.1" 200 74210 "-" "Mozilla/5.0 (Windows NT 10.0; Win64; x64; rv:81.0) Gecko/20100101 Firefox/81.0" www.sbsc.in 199.79.62.221
20.254.138.37 - - [28/Jan/2023:15:44:24 +0000] "GET /view-all.php HTTP/2.0" 200 74210 "-" "Mozilla/5.0 (Windows NT 10.0; Win64; x64; rv:81.0) Gecko/20100101 Firefox/81.0" www.sbsc.in 199.79.62.221
193.186.4.143 - - [28/Jan/2023:15:44:47 +0000] "GET / HTTP/2.0" 200 45835 "-" "Mozilla/5.0 (Linux; Android 10; K) AppleWebKit/537.36 (KHTML, like Gecko) Chrome/109.0.0.0 Mobile Safari/537.36" www.sbsc.in 199.79.62.221
66.249.75.110 - - [28/Jan/2023:15:44:55 +0000] "GET /robots.txt HTTP/1.1" 404 355 "-" "Mozilla/5.0 (compatible; Googlebot/2.1; +http://www.google.com/bot.html)" www.sbsc.in 199.79.62.221
66.249.75.110 - - [28/Jan/2023:15:44:55 +0000] "GET /robots.txt HTTP/1.1" 404 355 "-" "Mozilla/5.0 (compatible; Googlebot/2.1; +http://www.google.com/bot.html)" www.sbsc.in 199.79.62.221
157.38.224.55 - - [28/Jan/2023:15:44:58 +0000] "GET / HTTP/1.1" 200 45835 "android-app://com.google.android.googlequicksearchbox" "Mozilla/5.0 (Linux; Android 6.0; vivo 1609 Build/MRA58K) AppleWebKit/537.36 (KHTML, like Gecko) Chrome/56.0.2924.87 Mobile Safari/537.36" www.sbsc.in 199.79.62.221
157.38.224.55 - - [28/Jan/2023:15:44:58 +0000] "GET / HTTP/2.0" 200 45835 "android-app://com.google.android.googlequicksearchbox" "Mozilla/5.0 (Linux; Android 6.0; vivo 1609 Build/MRA58K) AppleWebKit/537.36 (KHTML, like Gecko) Chrome/56.0.2924.87 Mobile Safari/537.36" www.sbsc.in 199.79.62.221
157.38.224.55 - - [28/Jan/2023:15:44:59 +0000] "GET /css/bootstrap.min.css HTTP/2.0" 200 27845 "https://www.sbsc.in/" "Mozilla/5.0 (Linux; Android 6.0; vivo 1609 Build/MRA58K) AppleWebKit/537.36 (KHTML, like Gecko) Chrome/56.0.2924.87 Mobile Safari/537.36" www.sbsc.in 199.79.62.221
157.38.224.55 - - [28/Jan/2023:15:44:59 +0000] "GET /css/style.css HTTP/2.0" 200 2565 "https://www.sbsc.in/" "Mozilla/5.0 (Linux; Android 6.0; vivo 1609 Build/MRA58K) AppleWebKit/537.36 (KHTML, like Gecko) Chrome/56.0.2924.87 Mobile Safari/537.36" www.sbsc.in 199.79.62.221
157.38.224.55 - - [28/Jan/2023:15:44:59 +0000] "GET /css/style-new.css HTTP/2.0" 200 352 "https://www.sbsc.in/" "Mozilla/5.0 (Linux; Android 6.0; vivo 1609 Build/MRA58K) AppleWebKit/537.36 (KHTML, like Gecko) Chrome/56.0.2924.87 Mobile Safari/537.36" www.sbsc.in 199.79.62.221
157.38.224.55 - - [28/Jan/2023:15:44:59 +0000] "GET /paytm.jpg HTTP/2.0" 200 7167 "https://www.sbsc.in/" "Mozilla/5.0 (Linux; Android 6.0; vivo 1609 Build/MRA58K) AppleWebKit/537.36 (KHTML, like Gecko) Chrome/56.0.2924.87 Mobile Safari/537.36" www.sbsc.in 199.79.62.221
157.38.224.55 - - [28/Jan/2023:15:44:59 +0000] "GET /cssmenu/script.js HTTP/2.0" 200 675 "https://www.sbsc.in/" "Mozilla/5.0 (Linux; Android 6.0; vivo 1609 Build/MRA58K) AppleWebKit/537.36 (KHTML, like Gecko) Chrome/56.0.2924.87 Mobile Safari/537.36" www.sbsc.in 199.79.62.221
157.38.224.55 - - [28/Jan/2023:15:44:59 +0000] "GET /images/email.png HTTP/2.0" 200 1371 "https://www.sbsc.in/" "Mozilla/5.0 (Linux; Android 6.0; vivo 1609 Build/MRA58K) AppleWebKit/537.36 (KHTML, like Gecko) Chrome/56.0.2924.87 Mobile Safari/537.36" www.sbsc.in 199.79.62.221
157.38.224.55 - - [28/Jan/2023:15:44:59 +0000] "GET /cssmenu/styles.css HTTP/2.0" 200 1905 "https://www.sbsc.in/" "Mozilla/5.0 (Linux; Android 6.0; vivo 1609 Build/MRA58K) AppleWebKit/537.36 (KHTML, like Gecko) Chrome/56.0.2924.87 Mobile Safari/537.36" www.sbsc.in 199.79.62.221
157.38.224.55 - - [28/Jan/2023:15:44:59 +0000] "GET /js/animation-banner.js HTTP/2.0" 200 964 "https://www.sbsc.in/" "Mozilla/5.0 (Linux; Android 6.0; vivo 1609 Build/MRA58K) AppleWebKit/537.36 (KHTML, like Gecko) Chrome/56.0.2924.87 Mobile Safari/537.36" www.sbsc.in 199.79.62.221
157.38.224.55 - - [28/Jan/2023:15:44:59 +0000] "GET /images/logo.png HTTP/2.0" 200 36072 "https://www.sbsc.in/" "Mozilla/5.0 (Linux; Android 6.0; vivo 1609 Build/MRA58K) AppleWebKit/537.36 (KHTML, like Gecko) Chrome/56.0.2924.87 Mobile Safari/537.36" www.sbsc.in 199.79.62.221
157.38.224.55 - - [28/Jan/2023:15:44:59 +0000] "GET /images/golden-jubilee-logo.png HTTP/2.0" 200 34899 "https://www.sbsc.in/" "Mozilla/5.0 (Linux; Android 6.0; vivo 1609 Build/MRA58K) AppleWebKit/537.36 (KHTML, like Gecko) Chrome/56.0.2924.87 Mobile Safari/537.36" www.sbsc.in 199.79.62.221
157.38.224.55 - - [28/Jan/2023:15:44:59 +0000] "GET /images/symbol.jpg HTTP/2.0" 200 781 "https://www.sbsc.in/" "Mozilla/5.0 (Linux; Android 6.0; vivo 1609 Build/MRA58K) AppleWebKit/537.36 (KHTML, like Gecko) Chrome/56.0.2924.87 Mobile Safari/537.36" www.sbsc.in 199.79.62.221
157.38.224.55 - - [28/Jan/2023:15:44:59 +0000] "GET /images/phone.png HTTP/2.0" 200 1897 "https://www.sbsc.in/" "Mozilla/5.0 (Linux; Android 6.0; vivo 1609 Build/MRA58K) AppleWebKit/537.36 (KHTML, like Gecko) Chrome/56.0.2924.87 Mobile Safari/537.36" www.sbsc.in 199.79.62.221
157.38.224.55 - - [28/Jan/2023:15:44:59 +0000] "GET /images/new.gif HTTP/2.0" 200 2455 "https://www.sbsc.in/" "Mozilla/5.0 (Linux; Android 6.0; vivo 1609 Build/MRA58K) AppleWebKit/537.36 (KHTML, like Gecko) Chrome/56.0.2924.87 Mobile Safari/537.36" www.sbsc.in 199.79.62.221
157.38.224.55 - - [28/Jan/2023:15:45:00 +0000] "GET /images/banner/2.jpg HTTP/2.0" 200 197131 "https://www.sbsc.in/" "Mozilla/5.0 (Linux; Android 6.0; vivo 1609 Build/MRA58K) AppleWebKit/537.36 (KHTML, like Gecko) Chrome/56.0.2924.87 Mobile Safari/537.36" www.sbsc.in 199.79.62.221
66.249.75.110 - - [28/Jan/2023:15:45:01 +0000] "GET /internal_assessment.php/pdf/internalassessment/Nov-Dec18/uploads/pdf/1604295163_SBSC__Fourth_Cut_Off_2020-21.pdf HTTP/1.1" 200 43991 "-" "Mozilla/5.0 (Windows NT 10.0; Win64; x64)AppleWebKit/537.36 (KHTML, like Gecko) Chrome/91.0.4472.101 Safari/537.36 (compatible; GoogleOther)" www.sbsc.in 199.79.62.221
157.38.224.55 - - [28/Jan/2023:15:45:00 +0000] "GET /js/jquery.js HTTP/2.0" 200 42291 "https://www.sbsc.in/" "Mozilla/5.0 (Linux; Android 6.0; vivo 1609 Build/MRA58K) AppleWebKit/537.36 (KHTML, like Gecko) Chrome/56.0.2924.87 Mobile Safari/537.36" www.sbsc.in 199.79.62.221
157.38.224.55 - - [28/Jan/2023:15:45:00 +0000] "GET /images/banner/1.jpg HTTP/2.0" 200 212471 "https://www.sbsc.in/" "Mozilla/5.0 (Linux; Android 6.0; vivo 1609 Build/MRA58K) AppleWebKit/537.36 (KHTML, like Gecko) Chrome/56.0.2924.87 Mobile Safari/537.36" www.sbsc.in 199.79.62.221
157.38.224.55 - - [28/Jan/2023:15:45:00 +0000] "GET /images/banner/3.jpg HTTP/2.0" 200 207968 "https://www.sbsc.in/" "Mozilla/5.0 (Linux; Android 6.0; vivo 1609 Build/MRA58K) AppleWebKit/537.36 (KHTML, like Gecko) Chrome/56.0.2924.87 Mobile Safari/537.36" www.sbsc.in 199.79.62.221
106.195.56.110 - - [28/Jan/2023:15:40:31 +0000] "GET /images/placement1.JPG HTTP/2.0" 200 11070724 "https://www.sbsc.in/" "Mozilla/5.0 (Linux; Android 12; CPH2381) AppleWebKit/537.36 (KHTML, like Gecko) Chrome/99.0.4844.88 Mobile Safari/537.36" www.sbsc.in 199.79.62.221
66.249.75.110 - - [28/Jan/2023:15:45:03 +0000] "GET /internal_assessment.php/internalassessment/internalassessment/uploads/pdf/1569493819_Exam_Form.pdf HTTP/1.1" 200 43991 "-" "Mozilla/5.0 (Windows NT 10.0; Win64; x64)AppleWebKit/537.36 (KHTML, like Gecko) Chrome/91.0.4472.101 Safari/537.36 (compatible; GoogleOther)" www.sbsc.in 199.79.62.221
157.38.224.55 - - [28/Jan/2023:15:45:02 +0000] "GET /js/bootstrap.min.js HTTP/2.0" 200 13505 "https://www.sbsc.in/" "Mozilla/5.0 (Linux; Android 6.0; vivo 1609 Build/MRA58K) AppleWebKit/537.36 (KHTML, like Gecko) Chrome/56.0.2924.87 Mobile Safari/537.36" www.sbsc.in 199.79.62.221
157.38.224.55 - - [28/Jan/2023:15:45:00 +0000] "GET /images/banner/4.jpg HTTP/2.0" 200 172167 "https://www.sbsc.in/" "Mozilla/5.0 (Linux; Android 6.0; vivo 1609 Build/MRA58K) AppleWebKit/537.36 (KHTML, like Gecko) Chrome/56.0.2924.87 Mobile Safari/537.36" www.sbsc.in 199.79.62.221
157.38.224.55 - - [28/Jan/2023:15:45:00 +0000] "GET /images/banner/5.jpg HTTP/2.0" 200 170926 "https://www.sbsc.in/" "Mozilla/5.0 (Linux; Android 6.0; vivo 1609 Build/MRA58K) AppleWebKit/537.36 (KHTML, like Gecko) Chrome/56.0.2924.87 Mobile Safari/537.36" www.sbsc.in 199.79.62.221
157.38.224.55 - - [28/Jan/2023:15:45:00 +0000] "GET /images/banner/6.jpg HTTP/2.0" 200 127037 "https://www.sbsc.in/" "Mozilla/5.0 (Linux; Android 6.0; vivo 1609 Build/MRA58K) AppleWebKit/537.36 (KHTML, like Gecko) Chrome/56.0.2924.87 Mobile Safari/537.36" www.sbsc.in 199.79.62.221
66.249.75.108 - - [28/Jan/2023:15:45:04 +0000] "GET /internal_assessment.php/internalassessment/assesment-2021/pdf/uploads/pdf/1591872021_B.Sc._(Hons.)_Mathematics_3rd_Year.pdf HTTP/1.1" 200 43991 "-" "Mozilla/5.0 (Windows NT 10.0; Win64; x64)AppleWebKit/537.36 (KHTML, like Gecko) Chrome/91.0.4472.101 Safari/537.36 (compatible; GoogleOther)" www.sbsc.in 199.79.62.221
157.38.224.55 - - [28/Jan/2023:15:45:00 +0000] "GET /images/banner/7.jpg HTTP/2.0" 200 179124 "https://www.sbsc.in/" "Mozilla/5.0 (Linux; Android 6.0; vivo 1609 Build/MRA58K) AppleWebKit/537.36 (KHTML, like Gecko) Chrome/56.0.2924.87 Mobile Safari/537.36" www.sbsc.in 199.79.62.221
66.249.75.110 - - [28/Jan/2023:15:45:05 +0000] "GET /internal_assessment.php/internalassessment/Nov-Dec18/internalassessment/assesment-2021/uploads/pdf/1649840491_Notice.pdf HTTP/1.1" 200 43991 "-" "Mozilla/5.0 (Windows NT 10.0; Win64; x64)AppleWebKit/537.36 (KHTML, like Gecko) Chrome/91.0.4472.101 Safari/537.36 (compatible; GoogleOther)" www.sbsc.in 199.79.62.221
157.38.224.55 - - [28/Jan/2023:15:45:00 +0000] "GET /images/banner/8.jpg HTTP/2.0" 200 156850 "https://www.sbsc.in/" "Mozilla/5.0 (Linux; Android 6.0; vivo 1609 Build/MRA58K) AppleWebKit/537.36 (KHTML, like Gecko) Chrome/56.0.2924.87 Mobile Safari/537.36" www.sbsc.in 199.79.62.221
122.162.145.86 - - [28/Jan/2023:15:45:06 +0000] "GET / HTTP/2.0" 200 45835 "https://www.bing.com/" "Mozilla/5.0 (Windows NT 10.0; Win64; x64) AppleWebKit/537.36 (KHTML, like Gecko) Chrome/109.0.0.0 Safari/537.36 Edg/109.0.1518.70" www.sbsc.in 199.79.62.221
157.38.224.55 - - [28/Jan/2023:15:45:05 +0000] "GET /fonts/glyphicons-halflings-regular.woff HTTP/2.0" 200 23320 "https://www.sbsc.in/css/bootstrap.min.css" "Mozilla/5.0 (Linux; Android 6.0; vivo 1609 Build/MRA58K) AppleWebKit/537.36 (KHTML, like Gecko) Chrome/56.0.2924.87 Mobile Safari/537.36" www.sbsc.in 199.79.62.221
157.38.224.55 - - [28/Jan/2023:15:45:00 +0000] "GET /images/banner/9.jpg HTTP/2.0" 200 167238 "https://www.sbsc.in/" "Mozilla/5.0 (Linux; Android 6.0; vivo 1609 Build/MRA58K) AppleWebKit/537.36 (KHTML, like Gecko) Chrome/56.0.2924.87 Mobile Safari/537.36" www.sbsc.in 199.79.62.221
66.249.75.108 - - [28/Jan/2023:15:45:08 +0000] "GET /internal_assessment.php/internalassessment/internalassessment/pdf/uploads/pdf/1574059709_Notice_1.pdf HTTP/1.1" 200 43991 "-" "Mozilla/5.0 (Windows NT 10.0; Win64; x64)AppleWebKit/537.36 (KHTML, like Gecko) Chrome/91.0.4472.101 Safari/537.36 (compatible; GoogleOther)" www.sbsc.in 199.79.62.221
157.38.224.55 - - [28/Jan/2023:15:45:07 +0000] "GET /images/latest_news.png HTTP/2.0" 200 2953 "https://www.sbsc.in/" "Mozilla/5.0 (Linux; Android 6.0; vivo 1609 Build/MRA58K) AppleWebKit/537.36 (KHTML, like Gecko) Chrome/56.0.2924.87 Mobile Safari/537.36" sbsc.in 199.79.62.221
157.38.224.55 - - [28/Jan/2023:15:45:00 +0000] "GET /images/banner/10.jpg HTTP/2.0" 200 211781 "https://www.sbsc.in/" "Mozilla/5.0 (Linux; Android 6.0; vivo 1609 Build/MRA58K) AppleWebKit/537.36 (KHTML, like Gecko) Chrome/56.0.2924.87 Mobile Safari/537.36" www.sbsc.in 199.79.62.221
122.162.145.86 - - [28/Jan/2023:15:45:09 +0000] "GET /favicon.ico HTTP/1.1" 404 355 "https://www.sbsc.in/" "Mozilla/5.0 (Windows NT 10.0; Win64; x64) AppleWebKit/537.36 (KHTML, like Gecko) Chrome/109.0.0.0 Safari/537.36 Edg/109.0.1518.70" www.sbsc.in 199.79.62.221
157.38.224.55 - - [28/Jan/2023:15:45:00 +0000] "GET /images/banner/11.jpg HTTP/2.0" 200 186118 "https://www.sbsc.in/" "Mozilla/5.0 (Linux; Android 6.0; vivo 1609 Build/MRA58K) AppleWebKit/537.36 (KHTML, like Gecko) Chrome/56.0.2924.87 Mobile Safari/537.36" www.sbsc.in 199.79.62.221
66.249.75.106 - - [28/Jan/2023:15:45:09 +0000] "GET /internal_assessment.php/pdf/internalassessment/Nov-Dec18/pdf/uploads/pdf/1658225148_B._Com_(H)_Sem_V_Time_table_2022_pdf.pdf HTTP/1.1" 200 43991 "-" "Mozilla/5.0 (Windows NT 10.0; Win64; x64)AppleWebKit/537.36 (KHTML, like Gecko) Chrome/91.0.4472.101 Safari/537.36 (compatible; GoogleOther)" www.sbsc.in 199.79.62.221
157.38.224.55 - - [28/Jan/2023:15:45:00 +0000] "GET /images/banner/12.jpg HTTP/2.0" 200 153729 "https://www.sbsc.in/" "Mozilla/5.0 (Linux; Android 6.0; vivo 1609 Build/MRA58K) AppleWebKit/537.36 (KHTML, like Gecko) Chrome/56.0.2924.87 Mobile Safari/537.36" www.sbsc.in 199.79.62.221
157.38.224.55 - - [28/Jan/2023:15:45:00 +0000] "GET /images/jubliee-img.jpg HTTP/2.0" 200 88706 "https://www.sbsc.in/" "Mozilla/5.0 (Linux; Android 6.0; vivo 1609 Build/MRA58K) AppleWebKit/537.36 (KHTML, like Gecko) Chrome/56.0.2924.87 Mobile Safari/537.36" www.sbsc.in 199.79.62.221
66.249.75.106 - - [28/Jan/2023:15:45:10 +0000] "GET /internal_assessment.php/pdf/internalassessment/Nov-Dec18/pdf/uploads/pdf/1614072900_internal_assessment_notice_for_teachers.pdf HTTP/1.1" 200 43991 "-" "Mozilla/5.0 (Windows NT 10.0; Win64; x64)AppleWebKit/537.36 (KHTML, like Gecko) Chrome/91.0.4472.101 Safari/537.36 (compatible; GoogleOther)" www.sbsc.in 199.79.62.221
157.38.224.55 - - [28/Jan/2023:15:45:00 +0000] "GET /images/alumini.jpg HTTP/2.0" 200 50947 "https://www.sbsc.in/" "Mozilla/5.0 (Linux; Android 6.0; vivo 1609 Build/MRA58K) AppleWebKit/537.36 (KHTML, like Gecko) Chrome/56.0.2924.87 Mobile Safari/537.36" www.sbsc.in 199.79.62.221
157.38.224.55 - - [28/Jan/2023:15:45:00 +0000] "GET /images/associations.jpg HTTP/2.0" 200 31703 "https://www.sbsc.in/" "Mozilla/5.0 (Linux; Android 6.0; vivo 1609 Build/MRA58K) AppleWebKit/537.36 (KHTML, like Gecko) Chrome/56.0.2924.87 Mobile Safari/537.36" www.sbsc.in 199.79.62.221
157.38.224.55 - - [28/Jan/2023:15:45:00 +0000] "GET /images/tour-img.jpg HTTP/2.0" 200 65976 "https://www.sbsc.in/" "Mozilla/5.0 (Linux; Android 6.0; vivo 1609 Build/MRA58K) AppleWebKit/537.36 (KHTML, like Gecko) Chrome/56.0.2924.87 Mobile Safari/537.36" www.sbsc.in 199.79.62.221
157.38.224.55 - - [28/Jan/2023:15:45:00 +0000] "GET /images/IMG-20210727-WA0011.jpg HTTP/2.0" 200 154646 "https://www.sbsc.in/" "Mozilla/5.0 (Linux; Android 6.0; vivo 1609 Build/MRA58K) AppleWebKit/537.36 (KHTML, like Gecko) Chrome/56.0.2924.87 Mobile Safari/537.36" www.sbsc.in 199.79.62.221
157.38.224.55 - - [28/Jan/2023:15:45:00 +0000] "GET /images/event.jpg HTTP/2.0" 200 3517 "https://www.sbsc.in/" "Mozilla/5.0 (Linux; Android 6.0; vivo 1609 Build/MRA58K) AppleWebKit/537.36 (KHTML, like Gecko) Chrome/56.0.2924.87 Mobile Safari/537.36" www.sbsc.in 199.79.62.221
157.38.224.55 - - [28/Jan/2023:15:45:00 +0000] "GET /images/research-img.jpg HTTP/2.0" 200 3596 "https://www.sbsc.in/" "Mozilla/5.0 (Linux; Android 6.0; vivo 1609 Build/MRA58K) AppleWebKit/537.36 (KHTML, like Gecko) Chrome/56.0.2924.87 Mobile Safari/537.36" www.sbsc.in 199.79.62.221
157.38.224.55 - - [28/Jan/2023:15:45:00 +0000] "GET /images/publication-img.jpg HTTP/2.0" 200 4561 "https://www.sbsc.in/" "Mozilla/5.0 (Linux; Android 6.0; vivo 1609 Build/MRA58K) AppleWebKit/537.36 (KHTML, like Gecko) Chrome/56.0.2924.87 Mobile Safari/537.36" www.sbsc.in 199.79.62.221
157.38.224.55 - - [28/Jan/2023:15:45:00 +0000] "GET /images/Conference.jpg HTTP/2.0" 200 3631 "https://www.sbsc.in/" "Mozilla/5.0 (Linux; Android 6.0; vivo 1609 Build/MRA58K) AppleWebKit/537.36 (KHTML, like Gecko) Chrome/56.0.2924.87 Mobile Safari/537.36" www.sbsc.in 199.79.62.221
122.162.145.86 - - [28/Jan/2023:15:45:09 +0000] "GET /favicon.ico HTTP/2.0" 404 355 "https://www.sbsc.in/" "Mozilla/5.0 (Windows NT 10.0; Win64; x64) AppleWebKit/537.36 (KHTML, like Gecko) Chrome/109.0.0.0 Safari/537.36 Edg/109.0.1518.70" www.sbsc.in 199.79.62.221
106.195.56.110 - - [28/Jan/2023:15:45:17 +0000] "GET /favicon.ico HTTP/1.1" 404 355 "https://www.sbsc.in/" "Mozilla/5.0 (Linux; Android 12; CPH2381) AppleWebKit/537.36 (KHTML, like Gecko) Chrome/99.0.4844.88 Mobile Safari/537.36" www.sbsc.in 199.79.62.221
66.249.75.106 - - [28/Jan/2023:15:45:20 +0000] "GET /internal_assessment.php/pdf/internalassessment/assesment-2021/uploads/pdf/1607146675_Notice-merged.pdf HTTP/1.1" 200 43991 "-" "Mozilla/5.0 (Windows NT 10.0; Win64; x64)AppleWebKit/537.36 (KHTML, like Gecko) Chrome/91.0.4472.101 Safari/537.36 (compatible; GoogleOther)" www.sbsc.in 199.79.62.221
106.195.56.110 - - [28/Jan/2023:15:45:17 +0000] "GET /favicon.ico HTTP/2.0" 404 355 "https://www.sbsc.in/" "Mozilla/5.0 (Linux; Android 12; CPH2381) AppleWebKit/537.36 (KHTML, like Gecko) Chrome/99.0.4844.88 Mobile Safari/537.36" www.sbsc.in 199.79.62.221
66.249.75.106 - - [28/Jan/2023:15:45:30 +0000] "GET /pdf/resources/1588750812_Unit_1_Introduction_to_environmental_studies.pdf HTTP/1.1" 404 355 "-" "Mozilla/5.0 (Linux; Android 6.0.1; Nexus 5X Build/MMB29P) AppleWebKit/537.36 (KHTML, like Gecko) Chrome/109.0.5414.101 Mobile Safari/537.36 (compatible; Googlebot/2.1; +http://www.google.com/bot.html)" www.sbsc.in 199.79.62.221
40.77.167.81 - - [28/Jan/2023:15:45:37 +0000] "GET /index.php HTTP/1.1" 200 45835 "-" "Mozilla/5.0 AppleWebKit/537.36 (KHTML, like Gecko; compatible; bingbot/2.0; +http://www.bing.com/bingbot.htm) Chrome/103.0.5060.134 Safari/537.36" www.sbsc.in 199.79.62.221
40.77.167.81 - - [28/Jan/2023:15:45:37 +0000] "GET /index.php HTTP/2.0" 200 45835 "-" "Mozilla/5.0 AppleWebKit/537.36 (KHTML, like Gecko; compatible; bingbot/2.0; +http://www.bing.com/bingbot.htm) Chrome/103.0.5060.134 Safari/537.36" www.sbsc.in 199.79.62.221
40.77.167.81 - - [28/Jan/2023:15:45:40 +0000] "GET /appointment-of-assistant-professors.php HTTP/1.1" 200 42596 "-" "Mozilla/5.0 AppleWebKit/537.36 (KHTML, like Gecko; compatible; bingbot/2.0; +http://www.bing.com/bingbot.htm) Chrome/103.0.5060.134 Safari/537.36" www.sbsc.in 199.79.62.221
122.162.145.86 - - [28/Jan/2023:15:45:42 +0000] "GET /the-college.php HTTP/1.1" 200 43024 "https://www.sbsc.in/" "Mozilla/5.0 (Windows NT 10.0; Win64; x64) AppleWebKit/537.36 (KHTML, like Gecko) Chrome/109.0.0.0 Safari/537.36 Edg/109.0.1518.70" www.sbsc.in 199.79.62.221
122.162.145.86 - - [28/Jan/2023:15:45:42 +0000] "GET /the-college.php HTTP/2.0" 200 43024 "https://www.sbsc.in/" "Mozilla/5.0 (Windows NT 10.0; Win64; x64) AppleWebKit/537.36 (KHTML, like Gecko) Chrome/109.0.0.0 Safari/537.36 Edg/109.0.1518.70" www.sbsc.in 199.79.62.221
40.77.167.81 - - [28/Jan/2023:15:45:40 +0000] "GET /appointment-of-assistant-professors.php HTTP/2.0" 200 42596 "-" "Mozilla/5.0 AppleWebKit/537.36 (KHTML, like Gecko; compatible; bingbot/2.0; +http://www.bing.com/bingbot.htm) Chrome/103.0.5060.134 Safari/537.36" www.sbsc.in 199.79.62.221
122.162.145.86 - - [28/Jan/2023:15:45:44 +0000] "GET /images/college_img.jpg HTTP/2.0" 200 107481 "https://www.sbsc.in/the-college.php" "Mozilla/5.0 (Windows NT 10.0; Win64; x64) AppleWebKit/537.36 (KHTML, like Gecko) Chrome/109.0.0.0 Safari/537.36 Edg/109.0.1518.70" www.sbsc.in 199.79.62.221
20.66.20.241 - - [28/Jan/2023:15:45:49 +0000] "GET / HTTP/2.0" 200 45835 "-" "Mozilla/5.0 (Windows NT 10.0; Win64; x64; rv:81.0) Gecko/20100101 Firefox/81.0" www.sbsc.in 199.79.62.221
154.124.81.84 - - [28/Jan/2023:15:46:08 +0000] "GET /journal-of-business-studies.php HTTP/1.1" 200 44641 "-" "Mozilla/5.0 (Windows NT 10.0; Win64; x64; rv:102.0) Gecko/20100101 Firefox/102.0" www.sbsc.in 199.79.62.221
154.124.81.84 - - [28/Jan/2023:15:46:08 +0000] "GET /journal-of-business-studies.php HTTP/1.1" 200 44641 "-" "Mozilla/5.0 (Windows NT 10.0; Win64; x64; rv:102.0) Gecko/20100101 Firefox/102.0" www.sbsc.in 199.79.62.221
103.201.134.24 - - [28/Jan/2023:15:46:08 +0000] "GET /golden-jubilee-celebrations.php HTTP/1.1" 200 43563 "https://www.google.com/" "Mozilla/5.0 (Linux; Android 13; SM-M526B) AppleWebKit/537.36 (KHTML, like Gecko) Chrome/107.0.0.0 Mobile Safari/537.36" www.sbsc.in 199.79.62.221
103.201.134.24 - - [28/Jan/2023:15:46:08 +0000] "GET /golden-jubilee-celebrations.php HTTP/2.0" 200 43563 "https://www.google.com/" "Mozilla/5.0 (Linux; Android 13; SM-M526B) AppleWebKit/537.36 (KHTML, like Gecko) Chrome/107.0.0.0 Mobile Safari/537.36" www.sbsc.in 199.79.62.221
103.201.134.24 - - [28/Jan/2023:15:46:08 +0000] "GET /css/style.css HTTP/2.0" 200 2565 "https://www.sbsc.in/golden-jubilee-celebrations.php" "Mozilla/5.0 (Linux; Android 13; SM-M526B) AppleWebKit/537.36 (KHTML, like Gecko) Chrome/107.0.0.0 Mobile Safari/537.36" www.sbsc.in 199.79.62.221
103.201.134.24 - - [28/Jan/2023:15:46:08 +0000] "GET /css/style-new.css HTTP/2.0" 200 352 "https://www.sbsc.in/golden-jubilee-celebrations.php" "Mozilla/5.0 (Linux; Android 13; SM-M526B) AppleWebKit/537.36 (KHTML, like Gecko) Chrome/107.0.0.0 Mobile Safari/537.36" www.sbsc.in 199.79.62.221
103.201.134.24 - - [28/Jan/2023:15:46:08 +0000] "GET /css/bootstrap.min.css HTTP/2.0" 200 27845 "https://www.sbsc.in/golden-jubilee-celebrations.php" "Mozilla/5.0 (Linux; Android 13; SM-M526B) AppleWebKit/537.36 (KHTML, like Gecko) Chrome/107.0.0.0 Mobile Safari/537.36" www.sbsc.in 199.79.62.221
103.201.134.24 - - [28/Jan/2023:15:46:08 +0000] "GET /cssmenu/styles.css HTTP/2.0" 200 1905 "https://www.sbsc.in/golden-jubilee-celebrations.php" "Mozilla/5.0 (Linux; Android 13; SM-M526B) AppleWebKit/537.36 (KHTML, like Gecko) Chrome/107.0.0.0 Mobile Safari/537.36" www.sbsc.in 199.79.62.221
157.38.224.55 - - [28/Jan/2023:15:45:00 +0000] "GET /images/placement1.JPG HTTP/2.0" 200 11070724 "https://www.sbsc.in/" "Mozilla/5.0 (Linux; Android 6.0; vivo 1609 Build/MRA58K) AppleWebKit/537.36 (KHTML, like Gecko) Chrome/56.0.2924.87 Mobile Safari/537.36" www.sbsc.in 199.79.62.221
103.201.134.24 - - [28/Jan/2023:15:46:08 +0000] "GET /cssmenu/script.js HTTP/2.0" 200 675 "https://www.sbsc.in/golden-jubilee-celebrations.php" "Mozilla/5.0 (Linux; Android 13; SM-M526B) AppleWebKit/537.36 (KHTML, like Gecko) Chrome/107.0.0.0 Mobile Safari/537.36" www.sbsc.in 199.79.62.221
157.38.224.55 - - [28/Jan/2023:15:46:09 +0000] "GET /favicon.ico HTTP/1.1" 404 355 "https://www.sbsc.in/" "Mozilla/5.0 (Linux; Android 6.0; vivo 1609 Build/MRA58K) AppleWebKit/537.36 (KHTML, like Gecko) Chrome/56.0.2924.87 Mobile Safari/537.36" www.sbsc.in 199.79.62.221
103.201.134.24 - - [28/Jan/2023:15:46:08 +0000] "GET /js/animation-banner.js HTTP/2.0" 200 964 "https://www.sbsc.in/golden-jubilee-celebrations.php" "Mozilla/5.0 (Linux; Android 13; SM-M526B) AppleWebKit/537.36 (KHTML, like Gecko) Chrome/107.0.0.0 Mobile Safari/537.36" www.sbsc.in 199.79.62.221
103.201.134.24 - - [28/Jan/2023:15:46:09 +0000] "GET /js/jquery.js HTTP/2.0" 200 42291 "https://www.sbsc.in/golden-jubilee-celebrations.php" "Mozilla/5.0 (Linux; Android 13; SM-M526B) AppleWebKit/537.36 (KHTML, like Gecko) Chrome/107.0.0.0 Mobile Safari/537.36" www.sbsc.in 199.79.62.221
103.201.134.24 - - [28/Jan/2023:15:46:09 +0000] "GET /js/bootstrap.min.js HTTP/2.0" 200 13505 "https://www.sbsc.in/golden-jubilee-celebrations.php" "Mozilla/5.0 (Linux; Android 13; SM-M526B) AppleWebKit/537.36 (KHTML, like Gecko) Chrome/107.0.0.0 Mobile Safari/537.36" www.sbsc.in 199.79.62.221
103.201.134.24 - - [28/Jan/2023:15:46:09 +0000] "GET /paytm.jpg HTTP/2.0" 200 7167 "https://www.sbsc.in/golden-jubilee-celebrations.php" "Mozilla/5.0 (Linux; Android 13; SM-M526B) AppleWebKit/537.36 (KHTML, like Gecko) Chrome/107.0.0.0 Mobile Safari/537.36" www.sbsc.in 199.79.62.221
103.201.134.24 - - [28/Jan/2023:15:46:09 +0000] "GET /images/email.png HTTP/2.0" 200 1371 "https://www.sbsc.in/golden-jubilee-celebrations.php" "Mozilla/5.0 (Linux; Android 13; SM-M526B) AppleWebKit/537.36 (KHTML, like Gecko) Chrome/107.0.0.0 Mobile Safari/537.36" www.sbsc.in 199.79.62.221
103.201.134.24 - - [28/Jan/2023:15:46:09 +0000] "GET /images/phone.png HTTP/2.0" 200 1897 "https://www.sbsc.in/golden-jubilee-celebrations.php" "Mozilla/5.0 (Linux; Android 13; SM-M526B) AppleWebKit/537.36 (KHTML, like Gecko) Chrome/107.0.0.0 Mobile Safari/537.36" www.sbsc.in 199.79.62.221
103.201.134.24 - - [28/Jan/2023:15:46:09 +0000] "GET /images/logo.png HTTP/2.0" 200 36072 "https://www.sbsc.in/golden-jubilee-celebrations.php" "Mozilla/5.0 (Linux; Android 13; SM-M526B) AppleWebKit/537.36 (KHTML, like Gecko) Chrome/107.0.0.0 Mobile Safari/537.36" www.sbsc.in 199.79.62.221
103.201.134.24 - - [28/Jan/2023:15:46:09 +0000] "GET /images/golden-jubilee-logo.png HTTP/2.0" 200 34899 "https://www.sbsc.in/golden-jubilee-celebrations.php" "Mozilla/5.0 (Linux; Android 13; SM-M526B) AppleWebKit/537.36 (KHTML, like Gecko) Chrome/107.0.0.0 Mobile Safari/537.36" www.sbsc.in 199.79.62.221
103.201.134.24 - - [28/Jan/2023:15:46:09 +0000] "GET /images/symbol.jpg HTTP/2.0" 200 781 "https://www.sbsc.in/golden-jubilee-celebrations.php" "Mozilla/5.0 (Linux; Android 13; SM-M526B) AppleWebKit/537.36 (KHTML, like Gecko) Chrome/107.0.0.0 Mobile Safari/537.36" www.sbsc.in 199.79.62.221
103.201.134.24 - - [28/Jan/2023:15:46:09 +0000] "GET /images/banner/2.jpg HTTP/2.0" 200 197131 "https://www.sbsc.in/golden-jubilee-celebrations.php" "Mozilla/5.0 (Linux; Android 13; SM-M526B) AppleWebKit/537.36 (KHTML, like Gecko) Chrome/107.0.0.0 Mobile Safari/537.36" www.sbsc.in 199.79.62.221
157.38.224.55 - - [28/Jan/2023:15:46:09 +0000] "GET /favicon.ico HTTP/2.0" 404 355 "https://www.sbsc.in/" "Mozilla/5.0 (Linux; Android 6.0; vivo 1609 Build/MRA58K) AppleWebKit/537.36 (KHTML, like Gecko) Chrome/56.0.2924.87 Mobile Safari/537.36" www.sbsc.in 199.79.62.221
207.46.13.111 - - [28/Jan/2023:15:46:16 +0000] "GET /internal_assessment.php/internalassessment/Nov-Dec18/internalassessment/assesment-2021/pdf/uploads/pdf/trekking-excursion.php HTTP/1.1" 200 43991 "-" "Mozilla/5.0 AppleWebKit/537.36 (KHTML, like Gecko; compatible; bingbot/2.0; +http://www.bing.com/bingbot.htm) Chrome/103.0.5060.134 Safari/537.36" www.sbsc.in 199.79.62.221
103.201.134.24 - - [28/Jan/2023:15:46:09 +0000] "GET /images/new.gif HTTP/2.0" 200 2455 "https://www.sbsc.in/golden-jubilee-celebrations.php" "Mozilla/5.0 (Linux; Android 13; SM-M526B) AppleWebKit/537.36 (KHTML, like Gecko) Chrome/107.0.0.0 Mobile Safari/537.36" www.sbsc.in 199.79.62.221
103.201.134.24 - - [28/Jan/2023:15:46:09 +0000] "GET /images/banner/1.jpg HTTP/2.0" 200 212471 "https://www.sbsc.in/golden-jubilee-celebrations.php" "Mozilla/5.0 (Linux; Android 13; SM-M526B) AppleWebKit/537.36 (KHTML, like Gecko) Chrome/107.0.0.0 Mobile Safari/537.36" www.sbsc.in 199.79.62.221
207.46.13.111 - - [28/Jan/2023:15:46:16 +0000] "GET /internal_assessment.php/internalassessment/Nov-Dec18/internalassessment/assesment-2021/pdf/uploads/pdf/trekking-excursion.php HTTP/2.0" 200 43991 "-" "Mozilla/5.0 AppleWebKit/537.36 (KHTML, like Gecko; compatible; bingbot/2.0; +http://www.bing.com/bingbot.htm) Chrome/103.0.5060.134 Safari/537.36" www.sbsc.in 199.79.62.221
103.201.134.24 - - [28/Jan/2023:15:46:09 +0000] "GET /images/banner/3.jpg HTTP/2.0" 200 207968 "https://www.sbsc.in/golden-jubilee-celebrations.php" "Mozilla/5.0 (Linux; Android 13; SM-M526B) AppleWebKit/537.36 (KHTML, like Gecko) Chrome/107.0.0.0 Mobile Safari/537.36" www.sbsc.in 199.79.62.221
103.201.134.24 - - [28/Jan/2023:15:46:10 +0000] "GET /images/banner/4.jpg HTTP/2.0" 200 172167 "https://www.sbsc.in/golden-jubilee-celebrations.php" "Mozilla/5.0 (Linux; Android 13; SM-M526B) AppleWebKit/537.36 (KHTML, like Gecko) Chrome/107.0.0.0 Mobile Safari/537.36" www.sbsc.in 199.79.62.221
103.201.134.24 - - [28/Jan/2023:15:46:18 +0000] "GET /images/banner/5.jpg HTTP/2.0" 200 170926 "https://www.sbsc.in/golden-jubilee-celebrations.php" "Mozilla/5.0 (Linux; Android 13; SM-M526B) AppleWebKit/537.36 (KHTML, like Gecko) Chrome/107.0.0.0 Mobile Safari/537.36" www.sbsc.in 199.79.62.221
103.201.134.24 - - [28/Jan/2023:15:46:23 +0000] "GET /fonts/glyphicons-halflings-regular.woff HTTP/2.0" 200 23320 "https://www.sbsc.in/css/bootstrap.min.css" "Mozilla/5.0 (Linux; Android 13; SM-M526B) AppleWebKit/537.36 (KHTML, like Gecko) Chrome/107.0.0.0 Mobile Safari/537.36" www.sbsc.in 199.79.62.221
103.201.134.24 - - [28/Jan/2023:15:46:20 +0000] "GET /images/banner/6.jpg HTTP/2.0" 200 127037 "https://www.sbsc.in/golden-jubilee-celebrations.php" "Mozilla/5.0 (Linux; Android 13; SM-M526B) AppleWebKit/537.36 (KHTML, like Gecko) Chrome/107.0.0.0 Mobile Safari/537.36" www.sbsc.in 199.79.62.221
103.201.134.24 - - [28/Jan/2023:15:46:23 +0000] "GET /images/banner/7.jpg HTTP/2.0" 200 179124 "https://www.sbsc.in/golden-jubilee-celebrations.php" "Mozilla/5.0 (Linux; Android 13; SM-M526B) AppleWebKit/537.36 (KHTML, like Gecko) Chrome/107.0.0.0 Mobile Safari/537.36" www.sbsc.in 199.79.62.221
103.201.134.24 - - [28/Jan/2023:15:46:23 +0000] "GET /images/banner/8.jpg HTTP/2.0" 200 156850 "https://www.sbsc.in/golden-jubilee-celebrations.php" "Mozilla/5.0 (Linux; Android 13; SM-M526B) AppleWebKit/537.36 (KHTML, like Gecko) Chrome/107.0.0.0 Mobile Safari/537.36" www.sbsc.in 199.79.62.221
193.186.4.142 - - [28/Jan/2023:15:46:37 +0000] "GET / HTTP/2.0" 200 45835 "-" "Mozilla/5.0 (Linux; Android 10; K) AppleWebKit/537.36 (KHTML, like Gecko) Chrome/109.0.0.0 Mobile Safari/537.36" www.sbsc.in 199.79.62.221
66.249.75.106 - - [28/Jan/2023:15:46:40 +0000] "GET /pdf/resources/1589273660_GE-Introductory_Macro_Economics_-_Fiscal_Policy.pptx HTTP/1.1" 404 355 "-" "Mozilla/5.0 (Linux; Android 6.0.1; Nexus 5X Build/MMB29P) AppleWebKit/537.36 (KHTML, like Gecko) Chrome/109.0.5414.101 Mobile Safari/537.36 (compatible; Googlebot/2.1; +http://www.google.com/bot.html)" www.sbsc.in 199.79.62.221
66.249.75.106 - - [28/Jan/2023:15:46:40 +0000] "GET /pdf/resources/1589273660_GE-Introductory_Macro_Economics_-_Fiscal_Policy.pptx HTTP/1.1" 404 355 "-" "Mozilla/5.0 (Linux; Android 6.0.1; Nexus 5X Build/MMB29P) AppleWebKit/537.36 (KHTML, like Gecko) Chrome/109.0.5414.101 Mobile Safari/537.36 (compatible; Googlebot/2.1; +http://www.google.com/bot.html)" www.sbsc.in 199.79.62.221
103.201.134.24 - - [28/Jan/2023:15:46:23 +0000] "GET /images/banner/9.jpg HTTP/2.0" 200 167238 "https://www.sbsc.in/golden-jubilee-celebrations.php" "Mozilla/5.0 (Linux; Android 13; SM-M526B) AppleWebKit/537.36 (KHTML, like Gecko) Chrome/107.0.0.0 Mobile Safari/537.36" www.sbsc.in 199.79.62.221
223.178.212.78 - - [28/Jan/2023:15:46:45 +0000] "GET /js/animation-banner.js HTTP/2.0" 200 964 "https://www.sbsc.in/" "Mozilla/5.0 (Linux; Android 12; IN2011) AppleWebKit/537.36 (KHTML, like Gecko) Chrome/109.0.0.0 Mobile Safari/537.36" www.sbsc.in 199.79.62.221
223.178.212.78 - - [28/Jan/2023:15:46:45 +0000] "GET /css/style.css HTTP/2.0" 200 2565 "https://www.sbsc.in/" "Mozilla/5.0 (Linux; Android 12; IN2011) AppleWebKit/537.36 (KHTML, like Gecko) Chrome/109.0.0.0 Mobile Safari/537.36" www.sbsc.in 199.79.62.221
223.178.212.78 - - [28/Jan/2023:15:46:45 +0000] "GET /cssmenu/styles.css HTTP/2.0" 200 1905 "https://www.sbsc.in/" "Mozilla/5.0 (Linux; Android 12; IN2011) AppleWebKit/537.36 (KHTML, like Gecko) Chrome/109.0.0.0 Mobile Safari/537.36" www.sbsc.in 199.79.62.221
223.178.212.78 - - [28/Jan/2023:15:46:45 +0000] "GET /css/style-new.css HTTP/2.0" 200 352 "https://www.sbsc.in/" "Mozilla/5.0 (Linux; Android 12; IN2011) AppleWebKit/537.36 (KHTML, like Gecko) Chrome/109.0.0.0 Mobile Safari/537.36" www.sbsc.in 199.79.62.221
223.178.212.78 - - [28/Jan/2023:15:46:45 +0000] "GET /cssmenu/script.js HTTP/2.0" 200 675 "https://www.sbsc.in/" "Mozilla/5.0 (Linux; Android 12; IN2011) AppleWebKit/537.36 (KHTML, like Gecko) Chrome/109.0.0.0 Mobile Safari/537.36" www.sbsc.in 199.79.62.221
103.201.134.24 - - [28/Jan/2023:15:46:23 +0000] "GET /images/banner/10.jpg HTTP/2.0" 200 211781 "https://www.sbsc.in/golden-jubilee-celebrations.php" "Mozilla/5.0 (Linux; Android 13; SM-M526B) AppleWebKit/537.36 (KHTML, like Gecko) Chrome/107.0.0.0 Mobile Safari/537.36" www.sbsc.in 199.79.62.221
223.178.212.78 - - [28/Jan/2023:15:46:45 +0000] "GET /css/bootstrap.min.css HTTP/2.0" 200 27845 "https://www.sbsc.in/" "Mozilla/5.0 (Linux; Android 12; IN2011) AppleWebKit/537.36 (KHTML, like Gecko) Chrome/109.0.0.0 Mobile Safari/537.36" www.sbsc.in 199.79.62.221
223.178.212.78 - - [28/Jan/2023:15:46:46 +0000] "GET /js/jquery.js HTTP/2.0" 200 42291 "https://www.sbsc.in/" "Mozilla/5.0 (Linux; Android 12; IN2011) AppleWebKit/537.36 (KHTML, like Gecko) Chrome/109.0.0.0 Mobile Safari/537.36" www.sbsc.in 199.79.62.221
223.178.212.78 - - [28/Jan/2023:15:46:46 +0000] "GET /paytm.jpg HTTP/2.0" 200 7167 "https://www.sbsc.in/" "Mozilla/5.0 (Linux; Android 12; IN2011) AppleWebKit/537.36 (KHTML, like Gecko) Chrome/109.0.0.0 Mobile Safari/537.36" www.sbsc.in 199.79.62.221
223.178.212.78 - - [28/Jan/2023:15:46:46 +0000] "GET /js/bootstrap.min.js HTTP/2.0" 200 13505 "https://www.sbsc.in/" "Mozilla/5.0 (Linux; Android 12; IN2011) AppleWebKit/537.36 (KHTML, like Gecko) Chrome/109.0.0.0 Mobile Safari/537.36" www.sbsc.in 199.79.62.221
223.178.212.78 - - [28/Jan/2023:15:46:46 +0000] "GET /images/email.png HTTP/2.0" 200 1371 "https://www.sbsc.in/" "Mozilla/5.0 (Linux; Android 12; IN2011) AppleWebKit/537.36 (KHTML, like Gecko) Chrome/109.0.0.0 Mobile Safari/537.36" www.sbsc.in 199.79.62.221
223.178.212.78 - - [28/Jan/2023:15:46:46 +0000] "GET /images/golden-jubilee-logo.png HTTP/2.0" 200 34899 "https://www.sbsc.in/" "Mozilla/5.0 (Linux; Android 12; IN2011) AppleWebKit/537.36 (KHTML, like Gecko) Chrome/109.0.0.0 Mobile Safari/537.36" www.sbsc.in 199.79.62.221
223.178.212.78 - - [28/Jan/2023:15:46:46 +0000] "GET /images/phone.png HTTP/2.0" 200 1897 "https://www.sbsc.in/" "Mozilla/5.0 (Linux; Android 12; IN2011) AppleWebKit/537.36 (KHTML, like Gecko) Chrome/109.0.0.0 Mobile Safari/537.36" www.sbsc.in 199.79.62.221
223.178.212.78 - - [28/Jan/2023:15:46:46 +0000] "GET /images/new.gif HTTP/2.0" 200 2455 "https://www.sbsc.in/" "Mozilla/5.0 (Linux; Android 12; IN2011) AppleWebKit/537.36 (KHTML, like Gecko) Chrome/109.0.0.0 Mobile Safari/537.36" www.sbsc.in 199.79.62.221
223.178.212.78 - - [28/Jan/2023:15:46:46 +0000] "GET /images/logo.png HTTP/2.0" 200 36072 "https://www.sbsc.in/" "Mozilla/5.0 (Linux; Android 12; IN2011) AppleWebKit/537.36 (KHTML, like Gecko) Chrome/109.0.0.0 Mobile Safari/537.36" www.sbsc.in 199.79.62.221
223.178.212.78 - - [28/Jan/2023:15:46:46 +0000] "GET /images/symbol.jpg HTTP/2.0" 200 781 "https://www.sbsc.in/" "Mozilla/5.0 (Linux; Android 12; IN2011) AppleWebKit/537.36 (KHTML, like Gecko) Chrome/109.0.0.0 Mobile Safari/537.36" www.sbsc.in 199.79.62.221
223.178.212.78 - - [28/Jan/2023:15:46:46 +0000] "GET /images/banner/2.jpg HTTP/2.0" 200 197131 "https://www.sbsc.in/" "Mozilla/5.0 (Linux; Android 12; IN2011) AppleWebKit/537.36 (KHTML, like Gecko) Chrome/109.0.0.0 Mobile Safari/537.36" www.sbsc.in 199.79.62.221
223.178.212.78 - - [28/Jan/2023:15:46:46 +0000] "GET /images/banner/4.jpg HTTP/2.0" 200 172167 "https://www.sbsc.in/" "Mozilla/5.0 (Linux; Android 12; IN2011) AppleWebKit/537.36 (KHTML, like Gecko) Chrome/109.0.0.0 Mobile Safari/537.36" www.sbsc.in 199.79.62.221
223.178.212.78 - - [28/Jan/2023:15:46:46 +0000] "GET /images/banner/1.jpg HTTP/2.0" 200 212471 "https://www.sbsc.in/" "Mozilla/5.0 (Linux; Android 12; IN2011) AppleWebKit/537.36 (KHTML, like Gecko) Chrome/109.0.0.0 Mobile Safari/537.36" www.sbsc.in 199.79.62.221
223.178.212.78 - - [28/Jan/2023:15:46:46 +0000] "GET /images/banner/3.jpg HTTP/2.0" 200 207968 "https://www.sbsc.in/" "Mozilla/5.0 (Linux; Android 12; IN2011) AppleWebKit/537.36 (KHTML, like Gecko) Chrome/109.0.0.0 Mobile Safari/537.36" www.sbsc.in 199.79.62.221
223.178.212.78 - - [28/Jan/2023:15:46:46 +0000] "GET /images/banner/5.jpg HTTP/2.0" 200 170926 "https://www.sbsc.in/" "Mozilla/5.0 (Linux; Android 12; IN2011) AppleWebKit/537.36 (KHTML, like Gecko) Chrome/109.0.0.0 Mobile Safari/537.36" www.sbsc.in 199.79.62.221
223.178.212.78 - - [28/Jan/2023:15:46:46 +0000] "GET /images/banner/6.jpg HTTP/2.0" 200 127037 "https://www.sbsc.in/" "Mozilla/5.0 (Linux; Android 12; IN2011) AppleWebKit/537.36 (KHTML, like Gecko) Chrome/109.0.0.0 Mobile Safari/537.36" www.sbsc.in 199.79.62.221
223.178.212.78 - - [28/Jan/2023:15:46:46 +0000] "GET /images/banner/7.jpg HTTP/2.0" 200 179124 "https://www.sbsc.in/" "Mozilla/5.0 (Linux; Android 12; IN2011) AppleWebKit/537.36 (KHTML, like Gecko) Chrome/109.0.0.0 Mobile Safari/537.36" www.sbsc.in 199.79.62.221
223.178.212.78 - - [28/Jan/2023:15:46:46 +0000] "GET /images/banner/8.jpg HTTP/2.0" 200 156850 "https://www.sbsc.in/" "Mozilla/5.0 (Linux; Android 12; IN2011) AppleWebKit/537.36 (KHTML, like Gecko) Chrome/109.0.0.0 Mobile Safari/537.36" www.sbsc.in 199.79.62.221
223.178.212.78 - - [28/Jan/2023:15:46:46 +0000] "GET /images/banner/9.jpg HTTP/2.0" 200 167238 "https://www.sbsc.in/" "Mozilla/5.0 (Linux; Android 12; IN2011) AppleWebKit/537.36 (KHTML, like Gecko) Chrome/109.0.0.0 Mobile Safari/537.36" www.sbsc.in 199.79.62.221
223.178.212.78 - - [28/Jan/2023:15:46:46 +0000] "GET /images/banner/10.jpg HTTP/2.0" 200 211781 "https://www.sbsc.in/" "Mozilla/5.0 (Linux; Android 12; IN2011) AppleWebKit/537.36 (KHTML, like Gecko) Chrome/109.0.0.0 Mobile Safari/537.36" www.sbsc.in 199.79.62.221
223.178.212.78 - - [28/Jan/2023:15:46:46 +0000] "GET /images/banner/11.jpg HTTP/2.0" 200 186118 "https://www.sbsc.in/" "Mozilla/5.0 (Linux; Android 12; IN2011) AppleWebKit/537.36 (KHTML, like Gecko) Chrome/109.0.0.0 Mobile Safari/537.36" www.sbsc.in 199.79.62.221
223.178.212.78 - - [28/Jan/2023:15:46:46 +0000] "GET /images/banner/12.jpg HTTP/2.0" 200 153729 "https://www.sbsc.in/" "Mozilla/5.0 (Linux; Android 12; IN2011) AppleWebKit/537.36 (KHTML, like Gecko) Chrome/109.0.0.0 Mobile Safari/537.36" www.sbsc.in 199.79.62.221
223.178.212.78 - - [28/Jan/2023:15:46:46 +0000] "GET /images/jubliee-img.jpg HTTP/2.0" 200 88706 "https://www.sbsc.in/" "Mozilla/5.0 (Linux; Android 12; IN2011) AppleWebKit/537.36 (KHTML, like Gecko) Chrome/109.0.0.0 Mobile Safari/537.36" www.sbsc.in 199.79.62.221
223.178.212.78 - - [28/Jan/2023:15:46:46 +0000] "GET /images/alumini.jpg HTTP/2.0" 200 50947 "https://www.sbsc.in/" "Mozilla/5.0 (Linux; Android 12; IN2011) AppleWebKit/537.36 (KHTML, like Gecko) Chrome/109.0.0.0 Mobile Safari/537.36" www.sbsc.in 199.79.62.221
223.178.212.78 - - [28/Jan/2023:15:46:46 +0000] "GET /images/associations.jpg HTTP/2.0" 200 31703 "https://www.sbsc.in/" "Mozilla/5.0 (Linux; Android 12; IN2011) AppleWebKit/537.36 (KHTML, like Gecko) Chrome/109.0.0.0 Mobile Safari/537.36" www.sbsc.in 199.79.62.221
223.178.212.78 - - [28/Jan/2023:15:46:46 +0000] "GET /images/tour-img.jpg HTTP/2.0" 200 65976 "https://www.sbsc.in/" "Mozilla/5.0 (Linux; Android 12; IN2011) AppleWebKit/537.36 (KHTML, like Gecko) Chrome/109.0.0.0 Mobile Safari/537.36" www.sbsc.in 199.79.62.221
223.178.212.78 - - [28/Jan/2023:15:46:46 +0000] "GET /images/IMG-20210727-WA0011.jpg HTTP/2.0" 200 154646 "https://www.sbsc.in/" "Mozilla/5.0 (Linux; Android 12; IN2011) AppleWebKit/537.36 (KHTML, like Gecko) Chrome/109.0.0.0 Mobile Safari/537.36" www.sbsc.in 199.79.62.221
223.178.212.78 - - [28/Jan/2023:15:46:46 +0000] "GET /images/event.jpg HTTP/2.0" 200 3517 "https://www.sbsc.in/" "Mozilla/5.0 (Linux; Android 12; IN2011) AppleWebKit/537.36 (KHTML, like Gecko) Chrome/109.0.0.0 Mobile Safari/537.36" www.sbsc.in 199.79.62.221
223.178.212.78 - - [28/Jan/2023:15:46:46 +0000] "GET /images/research-img.jpg HTTP/2.0" 200 3596 "https://www.sbsc.in/" "Mozilla/5.0 (Linux; Android 12; IN2011) AppleWebKit/537.36 (KHTML, like Gecko) Chrome/109.0.0.0 Mobile Safari/537.36" www.sbsc.in 199.79.62.221
223.178.212.78 - - [28/Jan/2023:15:46:46 +0000] "GET /images/publication-img.jpg HTTP/2.0" 200 4561 "https://www.sbsc.in/" "Mozilla/5.0 (Linux; Android 12; IN2011) AppleWebKit/537.36 (KHTML, like Gecko) Chrome/109.0.0.0 Mobile Safari/537.36" www.sbsc.in 199.79.62.221
223.178.212.78 - - [28/Jan/2023:15:46:46 +0000] "GET /images/Conference.jpg HTTP/2.0" 200 3631 "https://www.sbsc.in/" "Mozilla/5.0 (Linux; Android 12; IN2011) AppleWebKit/537.36 (KHTML, like Gecko) Chrome/109.0.0.0 Mobile Safari/537.36" www.sbsc.in 199.79.62.221
223.178.212.78 - - [28/Jan/2023:15:46:46 +0000] "GET /images/latest_news.png HTTP/2.0" 200 2953 "https://www.sbsc.in/" "Mozilla/5.0 (Linux; Android 12; IN2011) AppleWebKit/537.36 (KHTML, like Gecko) Chrome/109.0.0.0 Mobile Safari/537.36" sbsc.in 199.79.62.221
223.178.212.78 - - [28/Jan/2023:15:46:47 +0000] "GET /fonts/glyphicons-halflings-regular.woff HTTP/2.0" 200 23320 "https://www.sbsc.in/css/bootstrap.min.css" "Mozilla/5.0 (Linux; Android 12; IN2011) AppleWebKit/537.36 (KHTML, like Gecko) Chrome/109.0.0.0 Mobile Safari/537.36" www.sbsc.in 199.79.62.221
103.201.134.24 - - [28/Jan/2023:15:46:23 +0000] "GET /images/banner/11.jpg HTTP/2.0" 200 186118 "https://www.sbsc.in/golden-jubilee-celebrations.php" "Mozilla/5.0 (Linux; Android 13; SM-M526B) AppleWebKit/537.36 (KHTML, like Gecko) Chrome/107.0.0.0 Mobile Safari/537.36" www.sbsc.in 199.79.62.221
223.178.212.78 - - [28/Jan/2023:15:46:46 +0000] "GET /images/placement1.JPG HTTP/2.0" 200 11070724 "https://www.sbsc.in/" "Mozilla/5.0 (Linux; Android 12; IN2011) AppleWebKit/537.36 (KHTML, like Gecko) Chrome/109.0.0.0 Mobile Safari/537.36" www.sbsc.in 199.79.62.221
223.178.212.78 - - [28/Jan/2023:15:46:52 +0000] "GET /favicon.ico HTTP/1.1" 404 355 "https://www.sbsc.in/" "Mozilla/5.0 (Linux; Android 12; IN2011) AppleWebKit/537.36 (KHTML, like Gecko) Chrome/109.0.0.0 Mobile Safari/537.36" www.sbsc.in 199.79.62.221
103.201.134.24 - - [28/Jan/2023:15:46:23 +0000] "GET /images/banner/12.jpg HTTP/2.0" 200 153729 "https://www.sbsc.in/golden-jubilee-celebrations.php" "Mozilla/5.0 (Linux; Android 13; SM-M526B) AppleWebKit/537.36 (KHTML, like Gecko) Chrome/107.0.0.0 Mobile Safari/537.36" www.sbsc.in 199.79.62.221
40.77.167.56 - - [28/Jan/2023:15:46:54 +0000] "GET /harithkram.php HTTP/1.1" 200 44572 "-" "Mozilla/5.0 AppleWebKit/537.36 (KHTML, like Gecko; compatible; bingbot/2.0; +http://www.bing.com/bingbot.htm) Chrome/103.0.5060.134 Safari/537.36" www.sbsc.in 199.79.62.221
40.77.167.56 - - [28/Jan/2023:15:46:54 +0000] "GET /harithkram.php HTTP/2.0" 200 44572 "-" "Mozilla/5.0 AppleWebKit/537.36 (KHTML, like Gecko; compatible; bingbot/2.0; +http://www.bing.com/bingbot.htm) Chrome/103.0.5060.134 Safari/537.36" www.sbsc.in 199.79.62.221
103.201.134.24 - - [28/Jan/2023:15:46:23 +0000] "GET /images/Golden-Jubilee-Function/1.jpg HTTP/2.0" 200 157742 "https://www.sbsc.in/golden-jubilee-celebrations.php" "Mozilla/5.0 (Linux; Android 13; SM-M526B) AppleWebKit/537.36 (KHTML, like Gecko) Chrome/107.0.0.0 Mobile Safari/537.36" www.sbsc.in 199.79.62.221
223.178.212.78 - - [28/Jan/2023:15:46:52 +0000] "GET /favicon.ico HTTP/2.0" 404 355 "https://www.sbsc.in/" "Mozilla/5.0 (Linux; Android 12; IN2011) AppleWebKit/537.36 (KHTML, like Gecko) Chrome/109.0.0.0 Mobile Safari/537.36" www.sbsc.in 199.79.62.221
223.178.212.78 - - [28/Jan/2023:15:47:00 +0000] "GET /appointment-of-assistant-professors.php HTTP/1.1" 200 42596 "https://www.sbsc.in/" "Mozilla/5.0 (Linux; Android 12; IN2011) AppleWebKit/537.36 (KHTML, like Gecko) Chrome/109.0.0.0 Mobile Safari/537.36" www.sbsc.in 199.79.62.221
223.178.212.78 - - [28/Jan/2023:15:47:00 +0000] "GET /appointment-of-assistant-professors.php HTTP/2.0" 200 42596 "https://www.sbsc.in/" "Mozilla/5.0 (Linux; Android 12; IN2011) AppleWebKit/537.36 (KHTML, like Gecko) Chrome/109.0.0.0 Mobile Safari/537.36" www.sbsc.in 199.79.62.221
103.201.134.24 - - [28/Jan/2023:15:46:23 +0000] "GET /images/Golden-Jubilee-Function/2.jpg HTTP/2.0" 200 147386 "https://www.sbsc.in/golden-jubilee-celebrations.php" "Mozilla/5.0 (Linux; Android 13; SM-M526B) AppleWebKit/537.36 (KHTML, like Gecko) Chrome/107.0.0.0 Mobile Safari/537.36" www.sbsc.in 199.79.62.221
103.201.134.24 - - [28/Jan/2023:15:46:23 +0000] "GET /images/Golden-Jubilee-Function/3.jpg HTTP/2.0" 200 150580 "https://www.sbsc.in/golden-jubilee-celebrations.php" "Mozilla/5.0 (Linux; Android 13; SM-M526B) AppleWebKit/537.36 (KHTML, like Gecko) Chrome/107.0.0.0 Mobile Safari/537.36" www.sbsc.in 199.79.62.221
103.201.134.24 - - [28/Jan/2023:15:46:23 +0000] "GET /images/Golden-Jubilee-Function/4.jpg HTTP/2.0" 200 145823 "https://www.sbsc.in/golden-jubilee-celebrations.php" "Mozilla/5.0 (Linux; Android 13; SM-M526B) AppleWebKit/537.36 (KHTML, like Gecko) Chrome/107.0.0.0 Mobile Safari/537.36" www.sbsc.in 199.79.62.221
103.201.134.24 - - [28/Jan/2023:15:46:23 +0000] "GET /images/Golden-Jubilee-Function/5.jpg HTTP/2.0" 200 130930 "https://www.sbsc.in/golden-jubilee-celebrations.php" "Mozilla/5.0 (Linux; Android 13; SM-M526B) AppleWebKit/537.36 (KHTML, like Gecko) Chrome/107.0.0.0 Mobile Safari/537.36" www.sbsc.in 199.79.62.221
103.201.134.24 - - [28/Jan/2023:15:46:23 +0000] "GET /images/Golden-Jubilee-Function/6.jpg HTTP/2.0" 200 151523 "https://www.sbsc.in/golden-jubilee-celebrations.php" "Mozilla/5.0 (Linux; Android 13; SM-M526B) AppleWebKit/537.36 (KHTML, like Gecko) Chrome/107.0.0.0 Mobile Safari/537.36" www.sbsc.in 199.79.62.221
103.201.134.24 - - [28/Jan/2023:15:46:23 +0000] "GET /images/Golden-Jubilee-Function/7.jpg HTTP/2.0" 200 145915 "https://www.sbsc.in/golden-jubilee-celebrations.php" "Mozilla/5.0 (Linux; Android 13; SM-M526B) AppleWebKit/537.36 (KHTML, like Gecko) Chrome/107.0.0.0 Mobile Safari/537.36" www.sbsc.in 199.79.62.221
47.31.220.18 - - [28/Jan/2023:15:44:30 +0000] "GET /department_Commerce.php HTTP/2.0" 200 43944 "https://www.sbsc.in/about_department_commerce.php" "Mozilla/5.0 (Linux; Android 11; RMX2193) AppleWebKit/537.36 (KHTML, like Gecko) Chrome/94.0.4606.85 Mobile Safari/537.36" www.sbsc.in 199.79.62.221
223.178.212.78 - - [28/Jan/2023:15:47:14 +0000] "GET /pdf/Guidelines%20for%20Screening.pdf HTTP/2.0" 200 4440134 "https://www.sbsc.in/appointment-of-assistant-professors.php" "Mozilla/5.0 (Linux; Android 12; IN2011) AppleWebKit/537.36 (KHTML, like Gecko) Chrome/109.0.0.0 Mobile Safari/537.36" www.sbsc.in 199.79.62.221
223.178.212.78 - - [28/Jan/2023:15:47:30 +0000] "GET /pdf/Guidelines%20for%20Screening.pdf HTTP/2.0" 206 1 "https://www.sbsc.in/appointment-of-assistant-professors.php" "Mozilla/5.0 (Linux; Android 12; IN2011) AppleWebKit/537.36 (KHTML, like Gecko) Chrome/109.0.0.0 Mobile Safari/537.36" www.sbsc.in 199.79.62.221
103.201.134.24 - - [28/Jan/2023:15:46:23 +0000] "GET /images/Golden-Jubilee-Function/8.jpg HTTP/2.0" 200 141714 "https://www.sbsc.in/golden-jubilee-celebrations.php" "Mozilla/5.0 (Linux; Android 13; SM-M526B) AppleWebKit/537.36 (KHTML, like Gecko) Chrome/107.0.0.0 Mobile Safari/537.36" www.sbsc.in 199.79.62.221
103.201.134.24 - - [28/Jan/2023:15:46:23 +0000] "GET /images/Golden-Jubilee-Function/9.jpg HTTP/2.0" 200 132190 "https://www.sbsc.in/golden-jubilee-celebrations.php" "Mozilla/5.0 (Linux; Android 13; SM-M526B) AppleWebKit/537.36 (KHTML, like Gecko) Chrome/107.0.0.0 Mobile Safari/537.36" www.sbsc.in 199.79.62.221
103.201.134.24 - - [28/Jan/2023:15:46:23 +0000] "GET /images/Golden-Jubilee-Function/10.jpg HTTP/2.0" 200 183017 "https://www.sbsc.in/golden-jubilee-celebrations.php" "Mozilla/5.0 (Linux; Android 13; SM-M526B) AppleWebKit/537.36 (KHTML, like Gecko) Chrome/107.0.0.0 Mobile Safari/537.36" www.sbsc.in 199.79.62.221
103.201.134.24 - - [28/Jan/2023:15:46:23 +0000] "GET /images/Golden-Jubilee-Function/12.jpg HTTP/2.0" 200 110257 "https://www.sbsc.in/golden-jubilee-celebrations.php" "Mozilla/5.0 (Linux; Android 13; SM-M526B) AppleWebKit/537.36 (KHTML, like Gecko) Chrome/107.0.0.0 Mobile Safari/537.36" www.sbsc.in 199.79.62.221
103.201.134.24 - - [28/Jan/2023:15:46:23 +0000] "GET /images/Golden-Jubilee-Function/13.jpg HTTP/2.0" 200 117029 "https://www.sbsc.in/golden-jubilee-celebrations.php" "Mozilla/5.0 (Linux; Android 13; SM-M526B) AppleWebKit/537.36 (KHTML, like Gecko) Chrome/107.0.0.0 Mobile Safari/537.36" www.sbsc.in 199.79.62.221
223.178.212.78 - - [28/Jan/2023:15:47:38 +0000] "GET /pdf/Guidelines%20for%20Screening.pdf HTTP/2.0" 206 2960090 "https://www.sbsc.in/appointment-of-assistant-professors.php" "Mozilla/5.0 (Linux; Android 12; IN2011) AppleWebKit/537.36 (KHTML, like Gecko) Chrome/109.0.0.0 Mobile Safari/537.36" www.sbsc.in 199.79.62.221
103.201.134.24 - - [28/Jan/2023:15:46:23 +0000] "GET /images/Golden-Jubilee-Function/14.jpg HTTP/2.0" 200 204065 "https://www.sbsc.in/golden-jubilee-celebrations.php" "Mozilla/5.0 (Linux; Android 13; SM-M526B) AppleWebKit/537.36 (KHTML, like Gecko) Chrome/107.0.0.0 Mobile Safari/537.36" www.sbsc.in 199.79.62.221
103.201.134.24 - - [28/Jan/2023:15:46:23 +0000] "GET /images/Golden-Jubilee-Function/15.jpg HTTP/2.0" 200 120807 "https://www.sbsc.in/golden-jubilee-celebrations.php" "Mozilla/5.0 (Linux; Android 13; SM-M526B) AppleWebKit/537.36 (KHTML, like Gecko) Chrome/107.0.0.0 Mobile Safari/537.36" www.sbsc.in 199.79.62.221
