223.225.57.109 - - [28/Jan/2023:14:31:32 +0000] "GET /images/banner/1.jpg HTTP/2.0" 200 212471 "https://www.sbsc.in/" "Mozilla/5.0 (Windows NT 10.0; Win64; x64) AppleWebKit/537.36 (KHTML, like Gecko) Chrome/109.0.0.0 Safari/537.36" www.sbsc.in 199.79.62.221
106.223.94.124 - - [28/Jan/2023:14:29:07 +0000] "GET /appointment-of-assistant-professors.php HTTP/2.0" 200 42596 "https://www.sbsc.in/" "Mozilla/5.0 (Linux; Android 10; SM-J600G) AppleWebKit/537.36 (KHTML, like Gecko) Chrome/107.0.0.0 Mobile Safari/537.36" www.sbsc.in 199.79.62.221
106.223.94.124 - - [28/Jan/2023:14:28:17 +0000] "GET /images/placement1.JPG HTTP/2.0" 200 7298791 "https://www.sbsc.in/" "Mozilla/5.0 (Linux; Android 10; SM-J600G) AppleWebKit/537.36 (KHTML, like Gecko) Chrome/107.0.0.0 Mobile Safari/537.36" www.sbsc.in 199.79.62.221
122.162.149.162 - - [28/Jan/2023:14:32:08 +0000] "GET /view-all.php HTTP/1.1" 200 74210 "https://sbsc.in/" "Mozilla/5.0 (Linux; Android 13; LE2101) AppleWebKit/537.36 (KHTML, like Gecko) Chrome/109.0.0.0 Mobile Safari/537.36" sbsc.in 199.79.62.221
122.162.149.162 - - [28/Jan/2023:14:32:08 +0000] "GET /view-all.php HTTP/2.0" 200 74210 "https://sbsc.in/" "Mozilla/5.0 (Linux; Android 13; LE2101) AppleWebKit/537.36 (KHTML, like Gecko) Chrome/109.0.0.0 Mobile Safari/537.36" sbsc.in 199.79.62.221
103.81.26.250 - - [28/Jan/2023:14:32:17 +0000] "GET /index.php HTTP/1.1" 200 45835 "https://www.sbsc.in/" "Mozilla/5.0 (X11; Linux x86_64) AppleWebKit/537.36 (KHTML, like Gecko) Chrome/109.0.0.0 Safari/537.36" www.sbsc.in 199.79.62.221
103.81.26.250 - - [28/Jan/2023:14:32:17 +0000] "GET /index.php HTTP/2.0" 200 45835 "https://www.sbsc.in/" "Mozilla/5.0 (X11; Linux x86_64) AppleWebKit/537.36 (KHTML, like Gecko) Chrome/109.0.0.0 Safari/537.36" www.sbsc.in 199.79.62.221
103.81.26.250 - - [28/Jan/2023:14:32:18 +0000] "GET /css/style.css HTTP/2.0" 200 2565 "https://www.sbsc.in/index.php" "Mozilla/5.0 (X11; Linux x86_64) AppleWebKit/537.36 (KHTML, like Gecko) Chrome/109.0.0.0 Safari/537.36" www.sbsc.in 199.79.62.221
103.81.26.250 - - [28/Jan/2023:14:32:18 +0000] "GET /css/bootstrap.min.css HTTP/2.0" 200 27845 "https://www.sbsc.in/index.php" "Mozilla/5.0 (X11; Linux x86_64) AppleWebKit/537.36 (KHTML, like Gecko) Chrome/109.0.0.0 Safari/537.36" www.sbsc.in 199.79.62.221
103.81.26.250 - - [28/Jan/2023:14:32:18 +0000] "GET /cssmenu/script.js HTTP/2.0" 200 675 "https://www.sbsc.in/index.php" "Mozilla/5.0 (X11; Linux x86_64) AppleWebKit/537.36 (KHTML, like Gecko) Chrome/109.0.0.0 Safari/537.36" www.sbsc.in 199.79.62.221
103.81.26.250 - - [28/Jan/2023:14:32:18 +0000] "GET /js/animation-banner.js HTTP/2.0" 200 964 "https://www.sbsc.in/index.php" "Mozilla/5.0 (X11; Linux x86_64) AppleWebKit/537.36 (KHTML, like Gecko) Chrome/109.0.0.0 Safari/537.36" www.sbsc.in 199.79.62.221
103.81.26.250 - - [28/Jan/2023:14:32:18 +0000] "GET /css/style-new.css HTTP/2.0" 200 352 "https://www.sbsc.in/index.php" "Mozilla/5.0 (X11; Linux x86_64) AppleWebKit/537.36 (KHTML, like Gecko) Chrome/109.0.0.0 Safari/537.36" www.sbsc.in 199.79.62.221
103.81.26.250 - - [28/Jan/2023:14:32:18 +0000] "GET /cssmenu/styles.css HTTP/2.0" 200 1905 "https://www.sbsc.in/index.php" "Mozilla/5.0 (X11; Linux x86_64) AppleWebKit/537.36 (KHTML, like Gecko) Chrome/109.0.0.0 Safari/537.36" www.sbsc.in 199.79.62.221
103.81.26.250 - - [28/Jan/2023:14:32:19 +0000] "GET /js/jquery.js HTTP/2.0" 200 42291 "https://www.sbsc.in/index.php" "Mozilla/5.0 (X11; Linux x86_64) AppleWebKit/537.36 (KHTML, like Gecko) Chrome/109.0.0.0 Safari/537.36" www.sbsc.in 199.79.62.221
103.81.26.250 - - [28/Jan/2023:14:32:19 +0000] "GET /js/bootstrap.min.js HTTP/2.0" 200 13505 "https://www.sbsc.in/index.php" "Mozilla/5.0 (X11; Linux x86_64) AppleWebKit/537.36 (KHTML, like Gecko) Chrome/109.0.0.0 Safari/537.36" www.sbsc.in 199.79.62.221
103.81.26.250 - - [28/Jan/2023:14:32:19 +0000] "GET /paytm.jpg HTTP/2.0" 200 7167 "https://www.sbsc.in/index.php" "Mozilla/5.0 (X11; Linux x86_64) AppleWebKit/537.36 (KHTML, like Gecko) Chrome/109.0.0.0 Safari/537.36" www.sbsc.in 199.79.62.221
103.81.26.250 - - [28/Jan/2023:14:32:19 +0000] "GET /images/email.png HTTP/2.0" 200 1371 "https://www.sbsc.in/index.php" "Mozilla/5.0 (X11; Linux x86_64) AppleWebKit/537.36 (KHTML, like Gecko) Chrome/109.0.0.0 Safari/537.36" www.sbsc.in 199.79.62.221
103.81.26.250 - - [28/Jan/2023:14:32:19 +0000] "GET /images/logo.png HTTP/2.0" 200 36072 "https://www.sbsc.in/index.php" "Mozilla/5.0 (X11; Linux x86_64) AppleWebKit/537.36 (KHTML, like Gecko) Chrome/109.0.0.0 Safari/537.36" www.sbsc.in 199.79.62.221
103.81.26.250 - - [28/Jan/2023:14:32:19 +0000] "GET /images/phone.png HTTP/2.0" 200 1897 "https://www.sbsc.in/index.php" "Mozilla/5.0 (X11; Linux x86_64) AppleWebKit/537.36 (KHTML, like Gecko) Chrome/109.0.0.0 Safari/537.36" www.sbsc.in 199.79.62.221
103.81.26.250 - - [28/Jan/2023:14:32:19 +0000] "GET /images/new.gif HTTP/2.0" 200 2455 "https://www.sbsc.in/index.php" "Mozilla/5.0 (X11; Linux x86_64) AppleWebKit/537.36 (KHTML, like Gecko) Chrome/109.0.0.0 Safari/537.36" www.sbsc.in 199.79.62.221
103.81.26.250 - - [28/Jan/2023:14:32:19 +0000] "GET /images/symbol.jpg HTTP/2.0" 200 781 "https://www.sbsc.in/index.php" "Mozilla/5.0 (X11; Linux x86_64) AppleWebKit/537.36 (KHTML, like Gecko) Chrome/109.0.0.0 Safari/537.36" www.sbsc.in 199.79.62.221
193.186.4.140 - - [28/Jan/2023:14:32:19 +0000] "GET / HTTP/2.0" 200 45835 "-" "Mozilla/5.0 (Linux; Android 10; K) AppleWebKit/537.36 (KHTML, like Gecko) Chrome/109.0.0.0 Mobile Safari/537.36" www.sbsc.in 199.79.62.221
103.81.26.250 - - [28/Jan/2023:14:32:19 +0000] "GET /images/banner/1.jpg HTTP/2.0" 200 212471 "https://www.sbsc.in/index.php" "Mozilla/5.0 (X11; Linux x86_64) AppleWebKit/537.36 (KHTML, like Gecko) Chrome/109.0.0.0 Safari/537.36" www.sbsc.in 199.79.62.221
103.81.26.250 - - [28/Jan/2023:14:32:19 +0000] "GET /images/golden-jubilee-logo.png HTTP/2.0" 200 34899 "https://www.sbsc.in/index.php" "Mozilla/5.0 (X11; Linux x86_64) AppleWebKit/537.36 (KHTML, like Gecko) Chrome/109.0.0.0 Safari/537.36" www.sbsc.in 199.79.62.221
103.81.26.250 - - [28/Jan/2023:14:32:19 +0000] "GET /images/banner/2.jpg HTTP/2.0" 200 197131 "https://www.sbsc.in/index.php" "Mozilla/5.0 (X11; Linux x86_64) AppleWebKit/537.36 (KHTML, like Gecko) Chrome/109.0.0.0 Safari/537.36" www.sbsc.in 199.79.62.221
103.81.26.250 - - [28/Jan/2023:14:32:20 +0000] "GET /images/banner/3.jpg HTTP/2.0" 200 207968 "https://www.sbsc.in/index.php" "Mozilla/5.0 (X11; Linux x86_64) AppleWebKit/537.36 (KHTML, like Gecko) Chrome/109.0.0.0 Safari/537.36" www.sbsc.in 199.79.62.221
103.81.26.250 - - [28/Jan/2023:14:32:23 +0000] "GET /images/latest_news.png HTTP/2.0" 200 2953 "https://www.sbsc.in/" "Mozilla/5.0 (X11; Linux x86_64) AppleWebKit/537.36 (KHTML, like Gecko) Chrome/109.0.0.0 Safari/537.36" sbsc.in 199.79.62.221
103.81.26.250 - - [28/Jan/2023:14:32:23 +0000] "GET /images/banner/6.jpg HTTP/2.0" 200 127037 "https://www.sbsc.in/index.php" "Mozilla/5.0 (X11; Linux x86_64) AppleWebKit/537.36 (KHTML, like Gecko) Chrome/109.0.0.0 Safari/537.36" www.sbsc.in 199.79.62.221
103.81.26.250 - - [28/Jan/2023:14:32:23 +0000] "GET /fonts/glyphicons-halflings-regular.woff HTTP/2.0" 200 23320 "https://www.sbsc.in/css/bootstrap.min.css" "Mozilla/5.0 (X11; Linux x86_64) AppleWebKit/537.36 (KHTML, like Gecko) Chrome/109.0.0.0 Safari/537.36" www.sbsc.in 199.79.62.221
103.81.26.250 - - [28/Jan/2023:14:32:22 +0000] "GET /images/banner/4.jpg HTTP/2.0" 200 172167 "https://www.sbsc.in/index.php" "Mozilla/5.0 (X11; Linux x86_64) AppleWebKit/537.36 (KHTML, like Gecko) Chrome/109.0.0.0 Safari/537.36" www.sbsc.in 199.79.62.221
103.81.26.250 - - [28/Jan/2023:14:32:23 +0000] "GET /images/banner/5.jpg HTTP/2.0" 200 170926 "https://www.sbsc.in/index.php" "Mozilla/5.0 (X11; Linux x86_64) AppleWebKit/537.36 (KHTML, like Gecko) Chrome/109.0.0.0 Safari/537.36" www.sbsc.in 199.79.62.221
103.81.26.250 - - [28/Jan/2023:14:32:23 +0000] "GET /images/banner/7.jpg HTTP/2.0" 200 179124 "https://www.sbsc.in/index.php" "Mozilla/5.0 (X11; Linux x86_64) AppleWebKit/537.36 (KHTML, like Gecko) Chrome/109.0.0.0 Safari/537.36" www.sbsc.in 199.79.62.221
103.81.26.250 - - [28/Jan/2023:14:32:23 +0000] "GET /images/banner/8.jpg HTTP/2.0" 200 156850 "https://www.sbsc.in/index.php" "Mozilla/5.0 (X11; Linux x86_64) AppleWebKit/537.36 (KHTML, like Gecko) Chrome/109.0.0.0 Safari/537.36" www.sbsc.in 199.79.62.221
103.81.26.250 - - [28/Jan/2023:14:32:23 +0000] "GET /images/banner/9.jpg HTTP/2.0" 200 167238 "https://www.sbsc.in/index.php" "Mozilla/5.0 (X11; Linux x86_64) AppleWebKit/537.36 (KHTML, like Gecko) Chrome/109.0.0.0 Safari/537.36" www.sbsc.in 199.79.62.221
103.81.26.250 - - [28/Jan/2023:14:32:23 +0000] "GET /images/banner/10.jpg HTTP/2.0" 200 211781 "https://www.sbsc.in/index.php" "Mozilla/5.0 (X11; Linux x86_64) AppleWebKit/537.36 (KHTML, like Gecko) Chrome/109.0.0.0 Safari/537.36" www.sbsc.in 199.79.62.221
47.31.131.169 - - [28/Jan/2023:14:32:28 +0000] "GET /appointment-of-assistant-professors.php HTTP/1.1" 200 42596 "https://www.sbsc.in/" "Mozilla/5.0 (Linux; Android 10; SM-J600G) AppleWebKit/537.36 (KHTML, like Gecko) Chrome/107.0.0.0 Mobile Safari/537.36" www.sbsc.in 199.79.62.221
47.31.131.169 - - [28/Jan/2023:14:32:28 +0000] "GET /appointment-of-assistant-professors.php HTTP/2.0" 200 42596 "https://www.sbsc.in/" "Mozilla/5.0 (Linux; Android 10; SM-J600G) AppleWebKit/537.36 (KHTML, like Gecko) Chrome/107.0.0.0 Mobile Safari/537.36" www.sbsc.in 199.79.62.221
103.81.26.250 - - [28/Jan/2023:14:32:23 +0000] "GET /images/banner/11.jpg HTTP/2.0" 200 186118 "https://www.sbsc.in/index.php" "Mozilla/5.0 (X11; Linux x86_64) AppleWebKit/537.36 (KHTML, like Gecko) Chrome/109.0.0.0 Safari/537.36" www.sbsc.in 199.79.62.221
103.81.26.250 - - [28/Jan/2023:14:32:23 +0000] "GET /images/banner/12.jpg HTTP/2.0" 200 153729 "https://www.sbsc.in/index.php" "Mozilla/5.0 (X11; Linux x86_64) AppleWebKit/537.36 (KHTML, like Gecko) Chrome/109.0.0.0 Safari/537.36" www.sbsc.in 199.79.62.221
103.81.26.250 - - [28/Jan/2023:14:32:23 +0000] "GET /images/jubliee-img.jpg HTTP/2.0" 200 88706 "https://www.sbsc.in/index.php" "Mozilla/5.0 (X11; Linux x86_64) AppleWebKit/537.36 (KHTML, like Gecko) Chrome/109.0.0.0 Safari/537.36" www.sbsc.in 199.79.62.221
103.81.26.250 - - [28/Jan/2023:14:32:23 +0000] "GET /images/alumini.jpg HTTP/2.0" 200 50947 "https://www.sbsc.in/index.php" "Mozilla/5.0 (X11; Linux x86_64) AppleWebKit/537.36 (KHTML, like Gecko) Chrome/109.0.0.0 Safari/537.36" www.sbsc.in 199.79.62.221
103.81.26.250 - - [28/Jan/2023:14:32:23 +0000] "GET /images/associations.jpg HTTP/2.0" 200 31703 "https://www.sbsc.in/index.php" "Mozilla/5.0 (X11; Linux x86_64) AppleWebKit/537.36 (KHTML, like Gecko) Chrome/109.0.0.0 Safari/537.36" www.sbsc.in 199.79.62.221
103.81.26.250 - - [28/Jan/2023:14:32:23 +0000] "GET /images/tour-img.jpg HTTP/2.0" 200 65976 "https://www.sbsc.in/index.php" "Mozilla/5.0 (X11; Linux x86_64) AppleWebKit/537.36 (KHTML, like Gecko) Chrome/109.0.0.0 Safari/537.36" www.sbsc.in 199.79.62.221
103.81.26.250 - - [28/Jan/2023:14:32:23 +0000] "GET /images/IMG-20210727-WA0011.jpg HTTP/2.0" 200 154646 "https://www.sbsc.in/index.php" "Mozilla/5.0 (X11; Linux x86_64) AppleWebKit/537.36 (KHTML, like Gecko) Chrome/109.0.0.0 Safari/537.36" www.sbsc.in 199.79.62.221
103.81.26.250 - - [28/Jan/2023:14:32:23 +0000] "GET /images/event.jpg HTTP/2.0" 200 3517 "https://www.sbsc.in/index.php" "Mozilla/5.0 (X11; Linux x86_64) AppleWebKit/537.36 (KHTML, like Gecko) Chrome/109.0.0.0 Safari/537.36" www.sbsc.in 199.79.62.221
103.81.26.250 - - [28/Jan/2023:14:32:23 +0000] "GET /images/research-img.jpg HTTP/2.0" 200 3596 "https://www.sbsc.in/index.php" "Mozilla/5.0 (X11; Linux x86_64) AppleWebKit/537.36 (KHTML, like Gecko) Chrome/109.0.0.0 Safari/537.36" www.sbsc.in 199.79.62.221
103.81.26.250 - - [28/Jan/2023:14:32:23 +0000] "GET /images/publication-img.jpg HTTP/2.0" 200 4561 "https://www.sbsc.in/index.php" "Mozilla/5.0 (X11; Linux x86_64) AppleWebKit/537.36 (KHTML, like Gecko) Chrome/109.0.0.0 Safari/537.36" www.sbsc.in 199.79.62.221
103.81.26.250 - - [28/Jan/2023:14:32:23 +0000] "GET /images/Conference.jpg HTTP/2.0" 200 3631 "https://www.sbsc.in/index.php" "Mozilla/5.0 (X11; Linux x86_64) AppleWebKit/537.36 (KHTML, like Gecko) Chrome/109.0.0.0 Safari/537.36" www.sbsc.in 199.79.62.221
47.31.131.169 - - [28/Jan/2023:14:32:36 +0000] "GET /favicon.ico HTTP/1.1" 404 355 "https://www.sbsc.in/appointment-of-assistant-professors.php" "Mozilla/5.0 (Linux; Android 10; SM-J600G) AppleWebKit/537.36 (KHTML, like Gecko) Chrome/107.0.0.0 Mobile Safari/537.36" www.sbsc.in 199.79.62.221
103.81.26.250 - - [28/Jan/2023:14:32:23 +0000] "GET /images/placement1.JPG HTTP/2.0" 200 11070724 "https://www.sbsc.in/index.php" "Mozilla/5.0 (X11; Linux x86_64) AppleWebKit/537.36 (KHTML, like Gecko) Chrome/109.0.0.0 Safari/537.36" www.sbsc.in 199.79.62.221
47.31.131.169 - - [28/Jan/2023:14:32:35 +0000] "GET /favicon.ico HTTP/2.0" 404 355 "https://www.sbsc.in/appointment-of-assistant-professors.php" "Mozilla/5.0 (Linux; Android 10; SM-J600G) AppleWebKit/537.36 (KHTML, like Gecko) Chrome/107.0.0.0 Mobile Safari/537.36" www.sbsc.in 199.79.62.221
103.81.26.250 - - [28/Jan/2023:14:32:46 +0000] "GET /favicon.ico HTTP/1.1" 404 355 "https://www.sbsc.in/index.php" "Mozilla/5.0 (X11; Linux x86_64) AppleWebKit/537.36 (KHTML, like Gecko) Chrome/109.0.0.0 Safari/537.36" www.sbsc.in 199.79.62.221
103.81.26.250 - - [28/Jan/2023:14:32:46 +0000] "GET /favicon.ico HTTP/2.0" 404 355 "https://www.sbsc.in/index.php" "Mozilla/5.0 (X11; Linux x86_64) AppleWebKit/537.36 (KHTML, like Gecko) Chrome/109.0.0.0 Safari/537.36" www.sbsc.in 199.79.62.221
31.148.131.99 - - [28/Jan/2023:14:32:55 +0000] "GET /uploads/pdf/1602502468_Notification.pdf HTTP/1.1" 200 419549 "-" "Mozilla/5.0 (Windows NT 10.0; Win64; x64) AppleWebKit/537.36 (KHTML, like Gecko) Chrome/105.0.0.0 Safari/537.36 Edg/105.0.1343.42" www.sbsc.in 199.79.62.221
223.225.57.109 - - [28/Jan/2023:14:32:00 +0000] "GET /images/banner/2.jpg HTTP/2.0" 200 197131 "https://www.sbsc.in/" "Mozilla/5.0 (Windows NT 10.0; Win64; x64) AppleWebKit/537.36 (KHTML, like Gecko) Chrome/109.0.0.0 Safari/537.36" www.sbsc.in 199.79.62.221
223.225.57.109 - - [28/Jan/2023:14:32:00 +0000] "GET /images/banner/3.jpg HTTP/2.0" 200 207968 "https://www.sbsc.in/" "Mozilla/5.0 (Windows NT 10.0; Win64; x64) AppleWebKit/537.36 (KHTML, like Gecko) Chrome/109.0.0.0 Safari/537.36" www.sbsc.in 199.79.62.221
223.225.57.109 - - [28/Jan/2023:14:32:00 +0000] "GET /images/banner/4.jpg HTTP/2.0" 200 172167 "https://www.sbsc.in/" "Mozilla/5.0 (Windows NT 10.0; Win64; x64) AppleWebKit/537.36 (KHTML, like Gecko) Chrome/109.0.0.0 Safari/537.36" www.sbsc.in 199.79.62.221
47.31.131.169 - - [28/Jan/2023:14:32:59 +0000] "GET /pdf/SBSC_Addvertisement.pdf HTTP/2.0" 200 5978084 "https://www.sbsc.in/appointment-of-assistant-professors.php" "Mozilla/5.0 (Linux; Android 10; SM-J600G) AppleWebKit/537.36 (KHTML, like Gecko) Chrome/107.0.0.0 Mobile Safari/537.36" www.sbsc.in 199.79.62.221
47.31.131.169 - - [28/Jan/2023:14:33:02 +0000] "GET /pdf/SBSC_Addvertisement.pdf HTTP/2.0" 206 3985390 "https://www.sbsc.in/appointment-of-assistant-professors.php" "Mozilla/5.0 (Linux; Android 10; SM-J600G) AppleWebKit/537.36 (KHTML, like Gecko) Chrome/107.0.0.0 Mobile Safari/537.36" www.sbsc.in 199.79.62.221
223.225.57.109 - - [28/Jan/2023:14:32:00 +0000] "GET /images/banner/5.jpg HTTP/2.0" 200 170926 "https://www.sbsc.in/" "Mozilla/5.0 (Windows NT 10.0; Win64; x64) AppleWebKit/537.36 (KHTML, like Gecko) Chrome/109.0.0.0 Safari/537.36" www.sbsc.in 199.79.62.221
223.225.57.109 - - [28/Jan/2023:14:32:00 +0000] "GET /images/banner/6.jpg HTTP/2.0" 200 127037 "https://www.sbsc.in/" "Mozilla/5.0 (Windows NT 10.0; Win64; x64) AppleWebKit/537.36 (KHTML, like Gecko) Chrome/109.0.0.0 Safari/537.36" www.sbsc.in 199.79.62.221
47.31.131.169 - - [28/Jan/2023:14:33:05 +0000] "GET /pdf/SBSC_Addvertisement.pdf HTTP/2.0" 206 1992696 "https://www.sbsc.in/appointment-of-assistant-professors.php" "Mozilla/5.0 (Linux; Android 10; SM-J600G) AppleWebKit/537.36 (KHTML, like Gecko) Chrome/107.0.0.0 Mobile Safari/537.36" www.sbsc.in 199.79.62.221
122.162.149.162 - - [28/Jan/2023:14:33:34 +0000] "GET /uploads/pdf/1674554503_Heritage_Club.pdf HTTP/2.0" 200 325273 "https://sbsc.in/view-all.php" "Mozilla/5.0 (Linux; Android 13; LE2101) AppleWebKit/537.36 (KHTML, like Gecko) Chrome/109.0.0.0 Mobile Safari/537.36" sbsc.in 199.79.62.221
223.228.213.90 - - [28/Jan/2023:14:33:49 +0000] "GET / HTTP/2.0" 200 45835 "-" "Mozilla/5.0 (Linux; Android 13; SAMSUNG SM-A236E) AppleWebKit/537.36 (KHTML, like Gecko) SamsungBrowser/19.0 Chrome/102.0.5005.125 Mobile Safari/537.36" www.sbsc.in 199.79.62.221
223.228.213.90 - - [28/Jan/2023:14:33:49 +0000] "GET /css/style-new.css HTTP/2.0" 200 352 "https://www.sbsc.in/" "Mozilla/5.0 (Linux; Android 13; SAMSUNG SM-A236E) AppleWebKit/537.36 (KHTML, like Gecko) SamsungBrowser/19.0 Chrome/102.0.5005.125 Mobile Safari/537.36" www.sbsc.in 199.79.62.221
223.228.213.90 - - [28/Jan/2023:14:33:49 +0000] "GET /css/style.css HTTP/2.0" 200 2565 "https://www.sbsc.in/" "Mozilla/5.0 (Linux; Android 13; SAMSUNG SM-A236E) AppleWebKit/537.36 (KHTML, like Gecko) SamsungBrowser/19.0 Chrome/102.0.5005.125 Mobile Safari/537.36" www.sbsc.in 199.79.62.221
223.228.213.90 - - [28/Jan/2023:14:33:49 +0000] "GET /cssmenu/styles.css HTTP/2.0" 200 1905 "https://www.sbsc.in/" "Mozilla/5.0 (Linux; Android 13; SAMSUNG SM-A236E) AppleWebKit/537.36 (KHTML, like Gecko) SamsungBrowser/19.0 Chrome/102.0.5005.125 Mobile Safari/537.36" www.sbsc.in 199.79.62.221
223.228.213.90 - - [28/Jan/2023:14:33:49 +0000] "GET /cssmenu/script.js HTTP/2.0" 200 675 "https://www.sbsc.in/" "Mozilla/5.0 (Linux; Android 13; SAMSUNG SM-A236E) AppleWebKit/537.36 (KHTML, like Gecko) SamsungBrowser/19.0 Chrome/102.0.5005.125 Mobile Safari/537.36" www.sbsc.in 199.79.62.221
223.228.213.90 - - [28/Jan/2023:14:33:49 +0000] "GET /js/animation-banner.js HTTP/2.0" 200 964 "https://www.sbsc.in/" "Mozilla/5.0 (Linux; Android 13; SAMSUNG SM-A236E) AppleWebKit/537.36 (KHTML, like Gecko) SamsungBrowser/19.0 Chrome/102.0.5005.125 Mobile Safari/537.36" www.sbsc.in 199.79.62.221
223.228.213.90 - - [28/Jan/2023:14:33:49 +0000] "GET /css/bootstrap.min.css HTTP/2.0" 200 27845 "https://www.sbsc.in/" "Mozilla/5.0 (Linux; Android 13; SAMSUNG SM-A236E) AppleWebKit/537.36 (KHTML, like Gecko) SamsungBrowser/19.0 Chrome/102.0.5005.125 Mobile Safari/537.36" www.sbsc.in 199.79.62.221
223.228.213.90 - - [28/Jan/2023:14:33:50 +0000] "GET /js/jquery.js HTTP/2.0" 200 42291 "https://www.sbsc.in/" "Mozilla/5.0 (Linux; Android 13; SAMSUNG SM-A236E) AppleWebKit/537.36 (KHTML, like Gecko) SamsungBrowser/19.0 Chrome/102.0.5005.125 Mobile Safari/537.36" www.sbsc.in 199.79.62.221
223.228.213.90 - - [28/Jan/2023:14:33:50 +0000] "GET /images/email.png HTTP/2.0" 200 1371 "https://www.sbsc.in/" "Mozilla/5.0 (Linux; Android 13; SAMSUNG SM-A236E) AppleWebKit/537.36 (KHTML, like Gecko) SamsungBrowser/19.0 Chrome/102.0.5005.125 Mobile Safari/537.36" www.sbsc.in 199.79.62.221
223.228.213.90 - - [28/Jan/2023:14:33:50 +0000] "GET /images/phone.png HTTP/2.0" 200 1897 "https://www.sbsc.in/" "Mozilla/5.0 (Linux; Android 13; SAMSUNG SM-A236E) AppleWebKit/537.36 (KHTML, like Gecko) SamsungBrowser/19.0 Chrome/102.0.5005.125 Mobile Safari/537.36" www.sbsc.in 199.79.62.221
223.228.213.90 - - [28/Jan/2023:14:33:50 +0000] "GET /paytm.jpg HTTP/2.0" 200 7167 "https://www.sbsc.in/" "Mozilla/5.0 (Linux; Android 13; SAMSUNG SM-A236E) AppleWebKit/537.36 (KHTML, like Gecko) SamsungBrowser/19.0 Chrome/102.0.5005.125 Mobile Safari/537.36" www.sbsc.in 199.79.62.221
223.228.213.90 - - [28/Jan/2023:14:33:50 +0000] "GET /js/bootstrap.min.js HTTP/2.0" 200 13505 "https://www.sbsc.in/" "Mozilla/5.0 (Linux; Android 13; SAMSUNG SM-A236E) AppleWebKit/537.36 (KHTML, like Gecko) SamsungBrowser/19.0 Chrome/102.0.5005.125 Mobile Safari/537.36" www.sbsc.in 199.79.62.221
223.228.213.90 - - [28/Jan/2023:14:33:50 +0000] "GET /images/logo.png HTTP/2.0" 200 36072 "https://www.sbsc.in/" "Mozilla/5.0 (Linux; Android 13; SAMSUNG SM-A236E) AppleWebKit/537.36 (KHTML, like Gecko) SamsungBrowser/19.0 Chrome/102.0.5005.125 Mobile Safari/537.36" www.sbsc.in 199.79.62.221
223.228.213.90 - - [28/Jan/2023:14:33:50 +0000] "GET /images/golden-jubilee-logo.png HTTP/2.0" 200 34899 "https://www.sbsc.in/" "Mozilla/5.0 (Linux; Android 13; SAMSUNG SM-A236E) AppleWebKit/537.36 (KHTML, like Gecko) SamsungBrowser/19.0 Chrome/102.0.5005.125 Mobile Safari/537.36" www.sbsc.in 199.79.62.221
223.228.213.90 - - [28/Jan/2023:14:33:51 +0000] "GET /images/symbol.jpg HTTP/2.0" 200 781 "https://www.sbsc.in/" "Mozilla/5.0 (Linux; Android 13; SAMSUNG SM-A236E) AppleWebKit/537.36 (KHTML, like Gecko) SamsungBrowser/19.0 Chrome/102.0.5005.125 Mobile Safari/537.36" www.sbsc.in 199.79.62.221
223.228.213.90 - - [28/Jan/2023:14:33:51 +0000] "GET /images/new.gif HTTP/2.0" 200 2455 "https://www.sbsc.in/" "Mozilla/5.0 (Linux; Android 13; SAMSUNG SM-A236E) AppleWebKit/537.36 (KHTML, like Gecko) SamsungBrowser/19.0 Chrome/102.0.5005.125 Mobile Safari/537.36" www.sbsc.in 199.79.62.221
223.228.213.90 - - [28/Jan/2023:14:33:51 +0000] "GET /images/banner/2.jpg HTTP/2.0" 200 197131 "https://www.sbsc.in/" "Mozilla/5.0 (Linux; Android 13; SAMSUNG SM-A236E) AppleWebKit/537.36 (KHTML, like Gecko) SamsungBrowser/19.0 Chrome/102.0.5005.125 Mobile Safari/537.36" www.sbsc.in 199.79.62.221
223.228.213.90 - - [28/Jan/2023:14:33:51 +0000] "GET /images/banner/1.jpg HTTP/2.0" 200 212471 "https://www.sbsc.in/" "Mozilla/5.0 (Linux; Android 13; SAMSUNG SM-A236E) AppleWebKit/537.36 (KHTML, like Gecko) SamsungBrowser/19.0 Chrome/102.0.5005.125 Mobile Safari/537.36" www.sbsc.in 199.79.62.221
223.228.213.90 - - [28/Jan/2023:14:33:51 +0000] "GET /images/banner/3.jpg HTTP/2.0" 200 207968 "https://www.sbsc.in/" "Mozilla/5.0 (Linux; Android 13; SAMSUNG SM-A236E) AppleWebKit/537.36 (KHTML, like Gecko) SamsungBrowser/19.0 Chrome/102.0.5005.125 Mobile Safari/537.36" www.sbsc.in 199.79.62.221
223.228.213.90 - - [28/Jan/2023:14:33:52 +0000] "GET /images/banner/7.jpg HTTP/2.0" 200 179124 "https://www.sbsc.in/" "Mozilla/5.0 (Linux; Android 13; SAMSUNG SM-A236E) AppleWebKit/537.36 (KHTML, like Gecko) SamsungBrowser/19.0 Chrome/102.0.5005.125 Mobile Safari/537.36" www.sbsc.in 199.79.62.221
223.228.213.90 - - [28/Jan/2023:14:33:52 +0000] "GET /images/banner/4.jpg HTTP/2.0" 200 172167 "https://www.sbsc.in/" "Mozilla/5.0 (Linux; Android 13; SAMSUNG SM-A236E) AppleWebKit/537.36 (KHTML, like Gecko) SamsungBrowser/19.0 Chrome/102.0.5005.125 Mobile Safari/537.36" www.sbsc.in 199.79.62.221
223.228.213.90 - - [28/Jan/2023:14:33:52 +0000] "GET /fonts/glyphicons-halflings-regular.woff HTTP/2.0" 200 23320 "https://www.sbsc.in/css/bootstrap.min.css" "Mozilla/5.0 (Linux; Android 13; SAMSUNG SM-A236E) AppleWebKit/537.36 (KHTML, like Gecko) SamsungBrowser/19.0 Chrome/102.0.5005.125 Mobile Safari/537.36" www.sbsc.in 199.79.62.221
223.228.213.90 - - [28/Jan/2023:14:33:52 +0000] "GET /images/banner/5.jpg HTTP/2.0" 200 170926 "https://www.sbsc.in/" "Mozilla/5.0 (Linux; Android 13; SAMSUNG SM-A236E) AppleWebKit/537.36 (KHTML, like Gecko) SamsungBrowser/19.0 Chrome/102.0.5005.125 Mobile Safari/537.36" www.sbsc.in 199.79.62.221
223.228.213.90 - - [28/Jan/2023:14:33:52 +0000] "GET /images/banner/6.jpg HTTP/2.0" 200 127037 "https://www.sbsc.in/" "Mozilla/5.0 (Linux; Android 13; SAMSUNG SM-A236E) AppleWebKit/537.36 (KHTML, like Gecko) SamsungBrowser/19.0 Chrome/102.0.5005.125 Mobile Safari/537.36" www.sbsc.in 199.79.62.221
223.228.213.90 - - [28/Jan/2023:14:33:52 +0000] "GET /images/banner/8.jpg HTTP/2.0" 200 156850 "https://www.sbsc.in/" "Mozilla/5.0 (Linux; Android 13; SAMSUNG SM-A236E) AppleWebKit/537.36 (KHTML, like Gecko) SamsungBrowser/19.0 Chrome/102.0.5005.125 Mobile Safari/537.36" www.sbsc.in 199.79.62.221
223.228.213.90 - - [28/Jan/2023:14:33:52 +0000] "GET /images/banner/9.jpg HTTP/2.0" 200 167238 "https://www.sbsc.in/" "Mozilla/5.0 (Linux; Android 13; SAMSUNG SM-A236E) AppleWebKit/537.36 (KHTML, like Gecko) SamsungBrowser/19.0 Chrome/102.0.5005.125 Mobile Safari/537.36" www.sbsc.in 199.79.62.221
223.228.213.90 - - [28/Jan/2023:14:33:53 +0000] "GET /images/banner/10.jpg HTTP/2.0" 200 211781 "https://www.sbsc.in/" "Mozilla/5.0 (Linux; Android 13; SAMSUNG SM-A236E) AppleWebKit/537.36 (KHTML, like Gecko) SamsungBrowser/19.0 Chrome/102.0.5005.125 Mobile Safari/537.36" www.sbsc.in 199.79.62.221
223.228.213.90 - - [28/Jan/2023:14:33:54 +0000] "GET /images/banner/11.jpg HTTP/2.0" 200 186118 "https://www.sbsc.in/" "Mozilla/5.0 (Linux; Android 13; SAMSUNG SM-A236E) AppleWebKit/537.36 (KHTML, like Gecko) SamsungBrowser/19.0 Chrome/102.0.5005.125 Mobile Safari/537.36" www.sbsc.in 199.79.62.221
223.228.213.90 - - [28/Jan/2023:14:33:54 +0000] "GET /view-all.php HTTP/1.1" 200 74210 "https://www.sbsc.in/" "Mozilla/5.0 (Linux; Android 13; SAMSUNG SM-A236E) AppleWebKit/537.36 (KHTML, like Gecko) SamsungBrowser/19.0 Chrome/102.0.5005.125 Mobile Safari/537.36" www.sbsc.in 199.79.62.221
223.228.213.90 - - [28/Jan/2023:14:33:54 +0000] "GET /images/jubliee-img.jpg HTTP/2.0" 200 88706 "https://www.sbsc.in/" "Mozilla/5.0 (Linux; Android 13; SAMSUNG SM-A236E) AppleWebKit/537.36 (KHTML, like Gecko) SamsungBrowser/19.0 Chrome/102.0.5005.125 Mobile Safari/537.36" www.sbsc.in 199.79.62.221
223.228.213.90 - - [28/Jan/2023:14:33:54 +0000] "GET /images/banner/12.jpg HTTP/2.0" 200 153729 "https://www.sbsc.in/" "Mozilla/5.0 (Linux; Android 13; SAMSUNG SM-A236E) AppleWebKit/537.36 (KHTML, like Gecko) SamsungBrowser/19.0 Chrome/102.0.5005.125 Mobile Safari/537.36" www.sbsc.in 199.79.62.221
223.228.213.90 - - [28/Jan/2023:14:33:54 +0000] "GET /images/alumini.jpg HTTP/2.0" 200 50947 "https://www.sbsc.in/" "Mozilla/5.0 (Linux; Android 13; SAMSUNG SM-A236E) AppleWebKit/537.36 (KHTML, like Gecko) SamsungBrowser/19.0 Chrome/102.0.5005.125 Mobile Safari/537.36" www.sbsc.in 199.79.62.221
223.228.213.90 - - [28/Jan/2023:14:33:54 +0000] "GET /view-all.php HTTP/2.0" 200 74210 "https://www.sbsc.in/" "Mozilla/5.0 (Linux; Android 13; SAMSUNG SM-A236E) AppleWebKit/537.36 (KHTML, like Gecko) SamsungBrowser/19.0 Chrome/102.0.5005.125 Mobile Safari/537.36" www.sbsc.in 199.79.62.221
223.228.213.90 - - [28/Jan/2023:14:33:55 +0000] "GET /images/associations.jpg HTTP/2.0" 200 31703 "https://www.sbsc.in/" "Mozilla/5.0 (Linux; Android 13; SAMSUNG SM-A236E) AppleWebKit/537.36 (KHTML, like Gecko) SamsungBrowser/19.0 Chrome/102.0.5005.125 Mobile Safari/537.36" www.sbsc.in 199.79.62.221
223.228.213.90 - - [28/Jan/2023:14:33:55 +0000] "GET /images/latest_news.png HTTP/2.0" 200 2953 "https://www.sbsc.in/" "Mozilla/5.0 (Linux; Android 13; SAMSUNG SM-A236E) AppleWebKit/537.36 (KHTML, like Gecko) SamsungBrowser/19.0 Chrome/102.0.5005.125 Mobile Safari/537.36" sbsc.in 199.79.62.221
223.228.213.90 - - [28/Jan/2023:14:33:55 +0000] "GET /images/tour-img.jpg HTTP/2.0" 200 65976 "https://www.sbsc.in/" "Mozilla/5.0 (Linux; Android 13; SAMSUNG SM-A236E) AppleWebKit/537.36 (KHTML, like Gecko) SamsungBrowser/19.0 Chrome/102.0.5005.125 Mobile Safari/537.36" www.sbsc.in 199.79.62.221
223.228.213.90 - - [28/Jan/2023:14:33:55 +0000] "GET /images/IMG-20210727-WA0011.jpg HTTP/2.0" 200 154646 "https://www.sbsc.in/" "Mozilla/5.0 (Linux; Android 13; SAMSUNG SM-A236E) AppleWebKit/537.36 (KHTML, like Gecko) SamsungBrowser/19.0 Chrome/102.0.5005.125 Mobile Safari/537.36" www.sbsc.in 199.79.62.221
223.228.213.90 - - [28/Jan/2023:14:33:55 +0000] "GET /images/event.jpg HTTP/2.0" 200 3517 "https://www.sbsc.in/" "Mozilla/5.0 (Linux; Android 13; SAMSUNG SM-A236E) AppleWebKit/537.36 (KHTML, like Gecko) SamsungBrowser/19.0 Chrome/102.0.5005.125 Mobile Safari/537.36" www.sbsc.in 199.79.62.221
223.228.213.90 - - [28/Jan/2023:14:33:54 +0000] "GET /images/placement1.JPG HTTP/2.0" 200 589543 "https://www.sbsc.in/" "Mozilla/5.0 (Linux; Android 13; SAMSUNG SM-A236E) AppleWebKit/537.36 (KHTML, like Gecko) SamsungBrowser/19.0 Chrome/102.0.5005.125 Mobile Safari/537.36" www.sbsc.in 199.79.62.221
223.228.213.90 - - [28/Jan/2023:14:33:56 +0000] "GET /images/research-img.jpg HTTP/2.0" 200 - "https://www.sbsc.in/" "Mozilla/5.0 (Linux; Android 13; SAMSUNG SM-A236E) AppleWebKit/537.36 (KHTML, like Gecko) SamsungBrowser/19.0 Chrome/102.0.5005.125 Mobile Safari/537.36" www.sbsc.in 199.79.62.221
122.162.145.32 - - [28/Jan/2023:14:33:57 +0000] "GET /pdf/resources/1588295074_ALTERNATIVE_REALITIES_LOVE_IN_THE_LIVES_OF_MUSLIM_WOMEN.pdf HTTP/2.0" 404 355 "-" "Mozilla/5.0 (iPad; CPU OS 12_5_6 like Mac OS X) AppleWebKit/605.1.15 (KHTML, like Gecko) Version/12.1.2 Mobile/15E148 Safari/604.1" www.sbsc.in 199.79.62.221
223.228.213.90 - - [28/Jan/2023:14:33:57 +0000] "GET /favicon.ico HTTP/1.1" 404 355 "https://www.sbsc.in/view-all.php" "Mozilla/5.0 (Linux; Android 13; SAMSUNG SM-A236E) AppleWebKit/537.36 (KHTML, like Gecko) SamsungBrowser/19.0 Chrome/102.0.5005.125 Mobile Safari/537.36" www.sbsc.in 199.79.62.221
49.37.171.37 - - [28/Jan/2023:14:30:01 +0000] "GET /pdf/SBSC_Addvertisement.pdf HTTP/2.0" 200 5978084 "https://www.sbsc.in/appointment-of-assistant-professors.php" "Mozilla/5.0 (Windows NT 10.0; Win64; x64) AppleWebKit/537.36 (KHTML, like Gecko) Chrome/109.0.0.0 Safari/537.36 Edg/109.0.1518.69" www.sbsc.in 199.79.62.221
122.162.145.32 - - [28/Jan/2023:14:33:58 +0000] "GET /apple-touch-icon-152x152-precomposed.png HTTP/2.0" 404 355 "-" "MobileSafari/604.1 CFNetwork/978.0.7 Darwin/18.7.0" www.sbsc.in 199.79.62.221
122.162.145.32 - - [28/Jan/2023:14:33:58 +0000] "GET /apple-touch-icon-152x152.png HTTP/2.0" 404 355 "-" "MobileSafari/604.1 CFNetwork/978.0.7 Darwin/18.7.0" www.sbsc.in 199.79.62.221
122.162.145.32 - - [28/Jan/2023:14:33:58 +0000] "GET /apple-touch-icon-precomposed.png HTTP/2.0" 404 355 "-" "MobileSafari/604.1 CFNetwork/978.0.7 Darwin/18.7.0" www.sbsc.in 199.79.62.221
122.162.145.32 - - [28/Jan/2023:14:33:59 +0000] "GET /apple-touch-icon.png HTTP/2.0" 404 355 "-" "MobileSafari/604.1 CFNetwork/978.0.7 Darwin/18.7.0" www.sbsc.in 199.79.62.221
122.162.145.32 - - [28/Jan/2023:14:33:59 +0000] "GET /favicon.ico HTTP/1.1" 404 355 "-" "MobileSafari/604.1 CFNetwork/978.0.7 Darwin/18.7.0" www.sbsc.in 199.79.62.221
122.162.145.32 - - [28/Jan/2023:14:33:59 +0000] "GET /favicon.ico HTTP/2.0" 404 355 "-" "MobileSafari/604.1 CFNetwork/978.0.7 Darwin/18.7.0" www.sbsc.in 199.79.62.221
122.162.145.32 - - [28/Jan/2023:14:33:59 +0000] "GET /apple-touch-icon-152x152-precomposed.png HTTP/2.0" 404 355 "-" "MobileSafari/604.1 CFNetwork/978.0.7 Darwin/18.7.0" www.sbsc.in 199.79.62.221
122.162.145.32 - - [28/Jan/2023:14:34:00 +0000] "GET /apple-touch-icon-152x152.png HTTP/2.0" 404 355 "-" "MobileSafari/604.1 CFNetwork/978.0.7 Darwin/18.7.0" www.sbsc.in 199.79.62.221
122.162.145.32 - - [28/Jan/2023:14:34:00 +0000] "GET /apple-touch-icon-precomposed.png HTTP/2.0" 404 355 "-" "MobileSafari/604.1 CFNetwork/978.0.7 Darwin/18.7.0" www.sbsc.in 199.79.62.221
122.162.145.32 - - [28/Jan/2023:14:34:00 +0000] "GET /apple-touch-icon.png HTTP/2.0" 404 355 "-" "MobileSafari/604.1 CFNetwork/978.0.7 Darwin/18.7.0" www.sbsc.in 199.79.62.221
122.162.145.32 - - [28/Jan/2023:14:34:01 +0000] "GET /favicon.ico HTTP/1.1" 404 355 "-" "MobileSafari/604.1 CFNetwork/978.0.7 Darwin/18.7.0" www.sbsc.in 199.79.62.221
66.249.75.106 - - [28/Jan/2023:14:34:02 +0000] "GET /internal_assessment.php/pdf/internalassessment/assesment-2021/M.Com.%20Sem-IV.pdf HTTP/1.1" 200 43991 "-" "Mozilla/5.0 (Linux; Android 6.0.1; Nexus 5X Build/MMB29P) AppleWebKit/537.36 (KHTML, like Gecko) Chrome/109.0.5414.101 Mobile Safari/537.36 (compatible; Googlebot/2.1; +http://www.google.com/bot.html)" www.sbsc.in 199.79.62.221
223.228.213.90 - - [28/Jan/2023:14:33:57 +0000] "GET /favicon.ico HTTP/2.0" 404 355 "https://www.sbsc.in/view-all.php" "Mozilla/5.0 (Linux; Android 13; SAMSUNG SM-A236E) AppleWebKit/537.36 (KHTML, like Gecko) SamsungBrowser/19.0 Chrome/102.0.5005.125 Mobile Safari/537.36" www.sbsc.in 199.79.62.221
122.162.145.32 - - [28/Jan/2023:14:34:01 +0000] "GET /favicon.ico HTTP/2.0" 404 355 "-" "MobileSafari/604.1 CFNetwork/978.0.7 Darwin/18.7.0" www.sbsc.in 199.79.62.221
223.228.213.90 - - [28/Jan/2023:14:34:04 +0000] "GET /uploads/pdf/1674445432_Notice_(Sem-III).pdf HTTP/2.0" 200 188054 "https://www.sbsc.in/view-all.php" "Mozilla/5.0 (Linux; Android 13; SAMSUNG SM-A236E) AppleWebKit/537.36 (KHTML, like Gecko) SamsungBrowser/19.0 Chrome/102.0.5005.125 Mobile Safari/537.36" www.sbsc.in 199.79.62.221
223.225.57.109 - - [28/Jan/2023:14:32:00 +0000] "GET /images/banner/7.jpg HTTP/2.0" 200 179124 "https://www.sbsc.in/" "Mozilla/5.0 (Windows NT 10.0; Win64; x64) AppleWebKit/537.36 (KHTML, like Gecko) Chrome/109.0.0.0 Safari/537.36" www.sbsc.in 199.79.62.221
223.225.57.109 - - [28/Jan/2023:14:32:00 +0000] "GET /images/jubliee-img.jpg HTTP/2.0" 200 88706 "https://www.sbsc.in/" "Mozilla/5.0 (Windows NT 10.0; Win64; x64) AppleWebKit/537.36 (KHTML, like Gecko) Chrome/109.0.0.0 Safari/537.36" www.sbsc.in 199.79.62.221
223.225.57.109 - - [28/Jan/2023:14:32:00 +0000] "GET /images/banner/8.jpg HTTP/2.0" 200 156850 "https://www.sbsc.in/" "Mozilla/5.0 (Windows NT 10.0; Win64; x64) AppleWebKit/537.36 (KHTML, like Gecko) Chrome/109.0.0.0 Safari/537.36" www.sbsc.in 199.79.62.221
223.225.57.109 - - [28/Jan/2023:14:32:00 +0000] "GET /images/banner/9.jpg HTTP/2.0" 200 167238 "https://www.sbsc.in/" "Mozilla/5.0 (Windows NT 10.0; Win64; x64) AppleWebKit/537.36 (KHTML, like Gecko) Chrome/109.0.0.0 Safari/537.36" www.sbsc.in 199.79.62.221
223.225.57.109 - - [28/Jan/2023:14:32:00 +0000] "GET /images/banner/10.jpg HTTP/2.0" 200 211781 "https://www.sbsc.in/" "Mozilla/5.0 (Windows NT 10.0; Win64; x64) AppleWebKit/537.36 (KHTML, like Gecko) Chrome/109.0.0.0 Safari/537.36" www.sbsc.in 199.79.62.221
20.108.114.69 - - [28/Jan/2023:14:34:24 +0000] "GET /view-all.php HTTP/2.0" 200 74210 "-" "Mozilla/5.0 (Windows NT 10.0; Win64; x64; rv:81.0) Gecko/20100101 Firefox/81.0" www.sbsc.in 199.79.62.221
223.225.57.109 - - [28/Jan/2023:14:32:00 +0000] "GET /images/alumini.jpg HTTP/2.0" 200 50947 "https://www.sbsc.in/" "Mozilla/5.0 (Windows NT 10.0; Win64; x64) AppleWebKit/537.36 (KHTML, like Gecko) Chrome/109.0.0.0 Safari/537.36" www.sbsc.in 199.79.62.221
223.225.57.109 - - [28/Jan/2023:14:32:00 +0000] "GET /images/banner/11.jpg HTTP/2.0" 200 186118 "https://www.sbsc.in/" "Mozilla/5.0 (Windows NT 10.0; Win64; x64) AppleWebKit/537.36 (KHTML, like Gecko) Chrome/109.0.0.0 Safari/537.36" www.sbsc.in 199.79.62.221
122.162.149.162 - - [28/Jan/2023:14:34:23 +0000] "GET /uploads/pdf/1673846508_AC_2022-23_compressed.pdf HTTP/2.0" 200 1229442 "https://sbsc.in/view-all.php" "Mozilla/5.0 (Linux; Android 13; LE2101) AppleWebKit/537.36 (KHTML, like Gecko) Chrome/109.0.0.0 Mobile Safari/537.36" sbsc.in 199.79.62.221
223.225.57.109 - - [28/Jan/2023:14:32:00 +0000] "GET /images/banner/12.jpg HTTP/2.0" 200 153729 "https://www.sbsc.in/" "Mozilla/5.0 (Windows NT 10.0; Win64; x64) AppleWebKit/537.36 (KHTML, like Gecko) Chrome/109.0.0.0 Safari/537.36" www.sbsc.in 199.79.62.221
223.225.57.109 - - [28/Jan/2023:14:32:00 +0000] "GET /images/associations.jpg HTTP/2.0" 200 31703 "https://www.sbsc.in/" "Mozilla/5.0 (Windows NT 10.0; Win64; x64) AppleWebKit/537.36 (KHTML, like Gecko) Chrome/109.0.0.0 Safari/537.36" www.sbsc.in 199.79.62.221
223.225.57.109 - - [28/Jan/2023:14:32:00 +0000] "GET /images/event.jpg HTTP/2.0" 200 3517 "https://www.sbsc.in/" "Mozilla/5.0 (Windows NT 10.0; Win64; x64) AppleWebKit/537.36 (KHTML, like Gecko) Chrome/109.0.0.0 Safari/537.36" www.sbsc.in 199.79.62.221
223.225.57.109 - - [28/Jan/2023:14:32:00 +0000] "GET /images/research-img.jpg HTTP/2.0" 200 3596 "https://www.sbsc.in/" "Mozilla/5.0 (Windows NT 10.0; Win64; x64) AppleWebKit/537.36 (KHTML, like Gecko) Chrome/109.0.0.0 Safari/537.36" www.sbsc.in 199.79.62.221
223.225.57.109 - - [28/Jan/2023:14:32:00 +0000] "GET /images/publication-img.jpg HTTP/2.0" 200 4561 "https://www.sbsc.in/" "Mozilla/5.0 (Windows NT 10.0; Win64; x64) AppleWebKit/537.36 (KHTML, like Gecko) Chrome/109.0.0.0 Safari/537.36" www.sbsc.in 199.79.62.221
223.228.213.90 - - [28/Jan/2023:14:34:30 +0000] "GET /uploads/pdf/1674445393_B.COM_HONS_SEMESTER_III_AWARD_LIST.pdf HTTP/2.0" 200 2011258 "https://www.sbsc.in/view-all.php" "Mozilla/5.0 (Linux; Android 13; SAMSUNG SM-A236E) AppleWebKit/537.36 (KHTML, like Gecko) SamsungBrowser/19.0 Chrome/102.0.5005.125 Mobile Safari/537.36" www.sbsc.in 199.79.62.221
223.225.57.109 - - [28/Jan/2023:14:32:00 +0000] "GET /images/Conference.jpg HTTP/2.0" 200 3631 "https://www.sbsc.in/" "Mozilla/5.0 (Windows NT 10.0; Win64; x64) AppleWebKit/537.36 (KHTML, like Gecko) Chrome/109.0.0.0 Safari/537.36" www.sbsc.in 199.79.62.221
223.225.57.109 - - [28/Jan/2023:14:32:00 +0000] "GET /images/tour-img.jpg HTTP/2.0" 200 65976 "https://www.sbsc.in/" "Mozilla/5.0 (Windows NT 10.0; Win64; x64) AppleWebKit/537.36 (KHTML, like Gecko) Chrome/109.0.0.0 Safari/537.36" www.sbsc.in 199.79.62.221
223.225.57.109 - - [28/Jan/2023:14:32:00 +0000] "GET /images/IMG-20210727-WA0011.jpg HTTP/2.0" 200 154646 "https://www.sbsc.in/" "Mozilla/5.0 (Windows NT 10.0; Win64; x64) AppleWebKit/537.36 (KHTML, like Gecko) Chrome/109.0.0.0 Safari/537.36" www.sbsc.in 199.79.62.221
223.225.57.109 - - [28/Jan/2023:14:32:00 +0000] "GET /images/placement1.JPG HTTP/2.0" 200 466663 "https://www.sbsc.in/" "Mozilla/5.0 (Windows NT 10.0; Win64; x64) AppleWebKit/537.36 (KHTML, like Gecko) Chrome/109.0.0.0 Safari/537.36" www.sbsc.in 199.79.62.221
157.37.153.235 - - [28/Jan/2023:14:34:45 +0000] "GET / HTTP/2.0" 200 45835 "https://www.google.com/" "Mozilla/5.0 (Linux; Android 10; V2027) AppleWebKit/537.36 (KHTML, like Gecko) Chrome/80.0.3987.99 Mobile Safari/537.36" www.sbsc.in 199.79.62.221
157.37.153.235 - - [28/Jan/2023:14:34:46 +0000] "GET /css/bootstrap.min.css HTTP/2.0" 200 27845 "https://www.sbsc.in/" "Mozilla/5.0 (Linux; Android 10; V2027) AppleWebKit/537.36 (KHTML, like Gecko) Chrome/80.0.3987.99 Mobile Safari/537.36" www.sbsc.in 199.79.62.221
157.37.153.235 - - [28/Jan/2023:14:34:46 +0000] "GET /css/style.css HTTP/2.0" 200 2565 "https://www.sbsc.in/" "Mozilla/5.0 (Linux; Android 10; V2027) AppleWebKit/537.36 (KHTML, like Gecko) Chrome/80.0.3987.99 Mobile Safari/537.36" www.sbsc.in 199.79.62.221
157.37.153.235 - - [28/Jan/2023:14:34:47 +0000] "GET /css/style-new.css HTTP/2.0" 200 352 "https://www.sbsc.in/" "Mozilla/5.0 (Linux; Android 10; V2027) AppleWebKit/537.36 (KHTML, like Gecko) Chrome/80.0.3987.99 Mobile Safari/537.36" www.sbsc.in 199.79.62.221
157.37.153.235 - - [28/Jan/2023:14:34:47 +0000] "GET /cssmenu/script.js HTTP/2.0" 200 675 "https://www.sbsc.in/" "Mozilla/5.0 (Linux; Android 10; V2027) AppleWebKit/537.36 (KHTML, like Gecko) Chrome/80.0.3987.99 Mobile Safari/537.36" www.sbsc.in 199.79.62.221
157.37.153.235 - - [28/Jan/2023:14:34:47 +0000] "GET /js/animation-banner.js HTTP/2.0" 200 964 "https://www.sbsc.in/" "Mozilla/5.0 (Linux; Android 10; V2027) AppleWebKit/537.36 (KHTML, like Gecko) Chrome/80.0.3987.99 Mobile Safari/537.36" www.sbsc.in 199.79.62.221
157.37.153.235 - - [28/Jan/2023:14:34:47 +0000] "GET /cssmenu/styles.css HTTP/2.0" 200 1905 "https://www.sbsc.in/" "Mozilla/5.0 (Linux; Android 10; V2027) AppleWebKit/537.36 (KHTML, like Gecko) Chrome/80.0.3987.99 Mobile Safari/537.36" www.sbsc.in 199.79.62.221
157.37.153.235 - - [28/Jan/2023:14:34:47 +0000] "GET /js/jquery.js HTTP/2.0" 200 42291 "https://www.sbsc.in/" "Mozilla/5.0 (Linux; Android 10; V2027) AppleWebKit/537.36 (KHTML, like Gecko) Chrome/80.0.3987.99 Mobile Safari/537.36" www.sbsc.in 199.79.62.221
157.37.153.235 - - [28/Jan/2023:14:34:47 +0000] "GET /js/bootstrap.min.js HTTP/2.0" 200 13505 "https://www.sbsc.in/" "Mozilla/5.0 (Linux; Android 10; V2027) AppleWebKit/537.36 (KHTML, like Gecko) Chrome/80.0.3987.99 Mobile Safari/537.36" www.sbsc.in 199.79.62.221
122.162.149.162 - - [28/Jan/2023:14:34:56 +0000] "GET /uploads/pdf/1673332149_Students_Survey_Report_2019-20.pdf HTTP/2.0" 200 873361 "https://sbsc.in/view-all.php" "Mozilla/5.0 (Linux; Android 13; LE2101) AppleWebKit/537.36 (KHTML, like Gecko) Chrome/109.0.0.0 Mobile Safari/537.36" sbsc.in 199.79.62.221
47.31.213.90 - - [28/Jan/2023:14:35:05 +0000] "GET / HTTP/2.0" 200 45835 "-" "Mozilla/5.0 (Linux; Android 12; Redmi Note 9 Pro) AppleWebKit/537.36 (KHTML, like Gecko) Chrome/109.0.0.0 Mobile Safari/537.36" www.sbsc.in 199.79.62.221
223.228.213.90 - - [28/Jan/2023:14:34:37 +0000] "GET /uploads/pdf/1674445393_B.COM_HONS_SEMESTER_III_AWARD_LIST.pdf HTTP/1.1" 200 2011258 "-" "Dalvik/2.1.0 (Linux; U; Android 13; SM-A236E Build/TP1A.220624.014)" www.sbsc.in 199.79.62.221
194.163.148.250 - - [28/Jan/2023:14:35:42 +0000] "GET /view-all.php HTTP/1.1" 200 74210 "-" "Mozilla/5.0 (Windows NT 10.0; Win64; x64) AppleWebKit/537.36 (KHTML, like Gecko) Chrome/79.0.3945.130 Safari/537.36" www.sbsc.in 199.79.62.221
194.163.148.250 - - [28/Jan/2023:14:35:42 +0000] "GET /view-all.php HTTP/2.0" 200 74210 "-" "Mozilla/5.0 (Windows NT 10.0; Win64; x64) AppleWebKit/537.36 (KHTML, like Gecko) Chrome/79.0.3945.130 Safari/537.36" www.sbsc.in 199.79.62.221
194.163.148.250 - - [28/Jan/2023:14:35:42 +0000] "GET /css/style-new.css HTTP/2.0" 200 352 "https://www.sbsc.in/view-all.php" "Mozilla/5.0 (Windows NT 10.0; Win64; x64) AppleWebKit/537.36 (KHTML, like Gecko) Chrome/79.0.3945.130 Safari/537.36" www.sbsc.in 199.79.62.221
194.163.148.250 - - [28/Jan/2023:14:35:42 +0000] "GET /cssmenu/styles.css HTTP/2.0" 200 1905 "https://www.sbsc.in/view-all.php" "Mozilla/5.0 (Windows NT 10.0; Win64; x64) AppleWebKit/537.36 (KHTML, like Gecko) Chrome/79.0.3945.130 Safari/537.36" www.sbsc.in 199.79.62.221
194.163.148.250 - - [28/Jan/2023:14:35:42 +0000] "GET /css/style.css HTTP/2.0" 200 2565 "https://www.sbsc.in/view-all.php" "Mozilla/5.0 (Windows NT 10.0; Win64; x64) AppleWebKit/537.36 (KHTML, like Gecko) Chrome/79.0.3945.130 Safari/537.36" www.sbsc.in 199.79.62.221
194.163.148.250 - - [28/Jan/2023:14:35:42 +0000] "GET /css/bootstrap.min.css HTTP/2.0" 200 27845 "https://www.sbsc.in/view-all.php" "Mozilla/5.0 (Windows NT 10.0; Win64; x64) AppleWebKit/537.36 (KHTML, like Gecko) Chrome/79.0.3945.130 Safari/537.36" www.sbsc.in 199.79.62.221
194.163.148.250 - - [28/Jan/2023:14:35:42 +0000] "GET /paytm.jpg HTTP/2.0" 200 7167 "https://www.sbsc.in/view-all.php" "Mozilla/5.0 (Windows NT 10.0; Win64; x64) AppleWebKit/537.36 (KHTML, like Gecko) Chrome/79.0.3945.130 Safari/537.36" www.sbsc.in 199.79.62.221
194.163.148.250 - - [28/Jan/2023:14:35:42 +0000] "GET /js/animation-banner.js HTTP/2.0" 200 964 "https://www.sbsc.in/view-all.php" "Mozilla/5.0 (Windows NT 10.0; Win64; x64) AppleWebKit/537.36 (KHTML, like Gecko) Chrome/79.0.3945.130 Safari/537.36" www.sbsc.in 199.79.62.221
194.163.148.250 - - [28/Jan/2023:14:35:42 +0000] "GET /cssmenu/script.js HTTP/2.0" 200 675 "https://www.sbsc.in/view-all.php" "Mozilla/5.0 (Windows NT 10.0; Win64; x64) AppleWebKit/537.36 (KHTML, like Gecko) Chrome/79.0.3945.130 Safari/537.36" www.sbsc.in 199.79.62.221
194.163.148.250 - - [28/Jan/2023:14:35:42 +0000] "GET /images/email.png HTTP/2.0" 200 1371 "https://www.sbsc.in/view-all.php" "Mozilla/5.0 (Windows NT 10.0; Win64; x64) AppleWebKit/537.36 (KHTML, like Gecko) Chrome/79.0.3945.130 Safari/537.36" www.sbsc.in 199.79.62.221
194.163.148.250 - - [28/Jan/2023:14:35:42 +0000] "GET /images/phone.png HTTP/2.0" 200 1897 "https://www.sbsc.in/view-all.php" "Mozilla/5.0 (Windows NT 10.0; Win64; x64) AppleWebKit/537.36 (KHTML, like Gecko) Chrome/79.0.3945.130 Safari/537.36" www.sbsc.in 199.79.62.221
194.163.148.250 - - [28/Jan/2023:14:35:42 +0000] "GET /images/logo.png HTTP/2.0" 200 36072 "https://www.sbsc.in/view-all.php" "Mozilla/5.0 (Windows NT 10.0; Win64; x64) AppleWebKit/537.36 (KHTML, like Gecko) Chrome/79.0.3945.130 Safari/537.36" www.sbsc.in 199.79.62.221
194.163.148.250 - - [28/Jan/2023:14:35:42 +0000] "GET /images/symbol.jpg HTTP/2.0" 200 781 "https://www.sbsc.in/view-all.php" "Mozilla/5.0 (Windows NT 10.0; Win64; x64) AppleWebKit/537.36 (KHTML, like Gecko) Chrome/79.0.3945.130 Safari/537.36" www.sbsc.in 199.79.62.221
194.163.148.250 - - [28/Jan/2023:14:35:42 +0000] "GET /images/new.gif HTTP/2.0" 200 2455 "https://www.sbsc.in/view-all.php" "Mozilla/5.0 (Windows NT 10.0; Win64; x64) AppleWebKit/537.36 (KHTML, like Gecko) Chrome/79.0.3945.130 Safari/537.36" www.sbsc.in 199.79.62.221
194.163.148.250 - - [28/Jan/2023:14:35:42 +0000] "GET /images/golden-jubilee-logo.png HTTP/2.0" 200 34899 "https://www.sbsc.in/view-all.php" "Mozilla/5.0 (Windows NT 10.0; Win64; x64) AppleWebKit/537.36 (KHTML, like Gecko) Chrome/79.0.3945.130 Safari/537.36" www.sbsc.in 199.79.62.221
194.163.148.250 - - [28/Jan/2023:14:35:42 +0000] "GET /images/banner/7.jpg HTTP/2.0" 200 179124 "https://www.sbsc.in/view-all.php" "Mozilla/5.0 (Windows NT 10.0; Win64; x64) AppleWebKit/537.36 (KHTML, like Gecko) Chrome/79.0.3945.130 Safari/537.36" www.sbsc.in 199.79.62.221
194.163.148.250 - - [28/Jan/2023:14:35:43 +0000] "GET /js/bootstrap.min.js HTTP/2.0" 200 13505 "https://www.sbsc.in/view-all.php" "Mozilla/5.0 (Windows NT 10.0; Win64; x64) AppleWebKit/537.36 (KHTML, like Gecko) Chrome/79.0.3945.130 Safari/537.36" www.sbsc.in 199.79.62.221
194.163.148.250 - - [28/Jan/2023:14:35:43 +0000] "GET /fonts/glyphicons-halflings-regular.woff HTTP/2.0" 200 23320 "https://www.sbsc.in/css/bootstrap.min.css" "Mozilla/5.0 (Windows NT 10.0; Win64; x64) AppleWebKit/537.36 (KHTML, like Gecko) Chrome/79.0.3945.130 Safari/537.36" www.sbsc.in 199.79.62.221
194.163.148.250 - - [28/Jan/2023:14:35:42 +0000] "GET /js/jquery.js HTTP/2.0" 200 42291 "https://www.sbsc.in/view-all.php" "Mozilla/5.0 (Windows NT 10.0; Win64; x64) AppleWebKit/537.36 (KHTML, like Gecko) Chrome/79.0.3945.130 Safari/537.36" www.sbsc.in 199.79.62.221
194.163.148.250 - - [28/Jan/2023:14:35:42 +0000] "GET /images/banner/6.jpg HTTP/2.0" 200 127037 "https://www.sbsc.in/view-all.php" "Mozilla/5.0 (Windows NT 10.0; Win64; x64) AppleWebKit/537.36 (KHTML, like Gecko) Chrome/79.0.3945.130 Safari/537.36" www.sbsc.in 199.79.62.221
194.163.148.250 - - [28/Jan/2023:14:35:42 +0000] "GET /images/banner/8.jpg HTTP/2.0" 200 156850 "https://www.sbsc.in/view-all.php" "Mozilla/5.0 (Windows NT 10.0; Win64; x64) AppleWebKit/537.36 (KHTML, like Gecko) Chrome/79.0.3945.130 Safari/537.36" www.sbsc.in 199.79.62.221
194.163.148.250 - - [28/Jan/2023:14:35:42 +0000] "GET /images/banner/4.jpg HTTP/2.0" 200 172167 "https://www.sbsc.in/view-all.php" "Mozilla/5.0 (Windows NT 10.0; Win64; x64) AppleWebKit/537.36 (KHTML, like Gecko) Chrome/79.0.3945.130 Safari/537.36" www.sbsc.in 199.79.62.221
194.163.148.250 - - [28/Jan/2023:14:35:42 +0000] "GET /images/banner/5.jpg HTTP/2.0" 200 170926 "https://www.sbsc.in/view-all.php" "Mozilla/5.0 (Windows NT 10.0; Win64; x64) AppleWebKit/537.36 (KHTML, like Gecko) Chrome/79.0.3945.130 Safari/537.36" www.sbsc.in 199.79.62.221
194.163.148.250 - - [28/Jan/2023:14:35:42 +0000] "GET /images/banner/12.jpg HTTP/2.0" 200 153729 "https://www.sbsc.in/view-all.php" "Mozilla/5.0 (Windows NT 10.0; Win64; x64) AppleWebKit/537.36 (KHTML, like Gecko) Chrome/79.0.3945.130 Safari/537.36" www.sbsc.in 199.79.62.221
194.163.148.250 - - [28/Jan/2023:14:35:42 +0000] "GET /images/banner/3.jpg HTTP/2.0" 200 207968 "https://www.sbsc.in/view-all.php" "Mozilla/5.0 (Windows NT 10.0; Win64; x64) AppleWebKit/537.36 (KHTML, like Gecko) Chrome/79.0.3945.130 Safari/537.36" www.sbsc.in 199.79.62.221
194.163.148.250 - - [28/Jan/2023:14:35:42 +0000] "GET /images/banner/9.jpg HTTP/2.0" 200 167238 "https://www.sbsc.in/view-all.php" "Mozilla/5.0 (Windows NT 10.0; Win64; x64) AppleWebKit/537.36 (KHTML, like Gecko) Chrome/79.0.3945.130 Safari/537.36" www.sbsc.in 199.79.62.221
194.163.148.250 - - [28/Jan/2023:14:35:42 +0000] "GET /images/banner/2.jpg HTTP/2.0" 200 197131 "https://www.sbsc.in/view-all.php" "Mozilla/5.0 (Windows NT 10.0; Win64; x64) AppleWebKit/537.36 (KHTML, like Gecko) Chrome/79.0.3945.130 Safari/537.36" www.sbsc.in 199.79.62.221
194.163.148.250 - - [28/Jan/2023:14:35:42 +0000] "GET /images/banner/1.jpg HTTP/2.0" 200 212471 "https://www.sbsc.in/view-all.php" "Mozilla/5.0 (Windows NT 10.0; Win64; x64) AppleWebKit/537.36 (KHTML, like Gecko) Chrome/79.0.3945.130 Safari/537.36" www.sbsc.in 199.79.62.221
194.163.148.250 - - [28/Jan/2023:14:35:42 +0000] "GET /images/banner/11.jpg HTTP/2.0" 200 186118 "https://www.sbsc.in/view-all.php" "Mozilla/5.0 (Windows NT 10.0; Win64; x64) AppleWebKit/537.36 (KHTML, like Gecko) Chrome/79.0.3945.130 Safari/537.36" www.sbsc.in 199.79.62.221
194.163.148.250 - - [28/Jan/2023:14:35:42 +0000] "GET /images/banner/10.jpg HTTP/2.0" 200 211781 "https://www.sbsc.in/view-all.php" "Mozilla/5.0 (Windows NT 10.0; Win64; x64) AppleWebKit/537.36 (KHTML, like Gecko) Chrome/79.0.3945.130 Safari/537.36" www.sbsc.in 199.79.62.221
194.163.148.250 - - [28/Jan/2023:14:35:44 +0000] "GET /favicon.ico HTTP/1.1" 404 355 "https://www.sbsc.in/view-all.php" "Mozilla/5.0 (Windows NT 10.0; Win64; x64) AppleWebKit/537.36 (KHTML, like Gecko) Chrome/79.0.3945.130 Safari/537.36" www.sbsc.in 199.79.62.221
51.142.154.72 - - [28/Jan/2023:14:35:49 +0000] "GET / HTTP/2.0" 200 45835 "-" "Mozilla/5.0 (Windows NT 10.0; Win64; x64; rv:81.0) Gecko/20100101 Firefox/81.0" www.sbsc.in 199.79.62.221
194.163.148.250 - - [28/Jan/2023:14:35:44 +0000] "GET /favicon.ico HTTP/2.0" 404 355 "https://www.sbsc.in/view-all.php" "Mozilla/5.0 (Windows NT 10.0; Win64; x64) AppleWebKit/537.36 (KHTML, like Gecko) Chrome/79.0.3945.130 Safari/537.36" www.sbsc.in 199.79.62.221
157.42.202.162 - - [28/Jan/2023:14:36:04 +0000] "GET /uploads/pdf/1661512239_Notice_(Scholarship).pdf HTTP/2.0" 200 1713150 "https://www.google.com/" "Mozilla/5.0 (Linux; Android 11; RMX2189) AppleWebKit/537.36 (KHTML, like Gecko) Chrome/90.0.4430.210 Mobile Safari/537.36" www.sbsc.in 199.79.62.221
157.42.241.3 - - [28/Jan/2023:14:36:23 +0000] "GET /uploads/pdf/1661512239_Notice_(Scholarship).pdf HTTP/2.0" 200 1713150 "https://www.google.com/" "Mozilla/5.0 (Linux; Android 11; RMX2103) AppleWebKit/537.36 (KHTML, like Gecko) Chrome/109.0.0.0 Mobile Safari/537.36" www.sbsc.in 199.79.62.221
