103.95.82.150 - - [28/Jan/2023:15:25:20 +0000] "GET /cssmenu/script.js HTTP/2.0" 200 675 "https://www.sbsc.in/" "Mozilla/5.0 (Windows NT 6.1; Win64; x64) AppleWebKit/537.36 (KHTML, like Gecko) Chrome/109.0.0.0 Safari/537.36" www.sbsc.in 199.79.62.221
103.95.82.150 - - [28/Jan/2023:15:25:20 +0000] "GET /images/email.png HTTP/2.0" 200 1371 "https://www.sbsc.in/" "Mozilla/5.0 (Windows NT 6.1; Win64; x64) AppleWebKit/537.36 (KHTML, like Gecko) Chrome/109.0.0.0 Safari/537.36" www.sbsc.in 199.79.62.221
103.95.82.150 - - [28/Jan/2023:15:25:20 +0000] "GET /js/animation-banner.js HTTP/2.0" 200 964 "https://www.sbsc.in/" "Mozilla/5.0 (Windows NT 6.1; Win64; x64) AppleWebKit/537.36 (KHTML, like Gecko) Chrome/109.0.0.0 Safari/537.36" www.sbsc.in 199.79.62.221
103.95.82.150 - - [28/Jan/2023:15:25:20 +0000] "GET /paytm.jpg HTTP/2.0" 200 7167 "https://www.sbsc.in/" "Mozilla/5.0 (Windows NT 6.1; Win64; x64) AppleWebKit/537.36 (KHTML, like Gecko) Chrome/109.0.0.0 Safari/537.36" www.sbsc.in 199.79.62.221
103.95.82.150 - - [28/Jan/2023:15:25:20 +0000] "GET /images/phone.png HTTP/2.0" 200 1897 "https://www.sbsc.in/" "Mozilla/5.0 (Windows NT 6.1; Win64; x64) AppleWebKit/537.36 (KHTML, like Gecko) Chrome/109.0.0.0 Safari/537.36" www.sbsc.in 199.79.62.221
103.95.82.150 - - [28/Jan/2023:15:25:20 +0000] "GET /images/new.gif HTTP/2.0" 200 2455 "https://www.sbsc.in/" "Mozilla/5.0 (Windows NT 6.1; Win64; x64) AppleWebKit/537.36 (KHTML, like Gecko) Chrome/109.0.0.0 Safari/537.36" www.sbsc.in 199.79.62.221
103.95.82.150 - - [28/Jan/2023:15:25:20 +0000] "GET /images/golden-jubilee-logo.png HTTP/2.0" 200 34899 "https://www.sbsc.in/" "Mozilla/5.0 (Windows NT 6.1; Win64; x64) AppleWebKit/537.36 (KHTML, like Gecko) Chrome/109.0.0.0 Safari/537.36" www.sbsc.in 199.79.62.221
103.95.82.150 - - [28/Jan/2023:15:25:20 +0000] "GET /images/symbol.jpg HTTP/2.0" 200 781 "https://www.sbsc.in/" "Mozilla/5.0 (Windows NT 6.1; Win64; x64) AppleWebKit/537.36 (KHTML, like Gecko) Chrome/109.0.0.0 Safari/537.36" www.sbsc.in 199.79.62.221
103.95.82.150 - - [28/Jan/2023:15:25:20 +0000] "GET /images/logo.png HTTP/2.0" 200 36072 "https://www.sbsc.in/" "Mozilla/5.0 (Windows NT 6.1; Win64; x64) AppleWebKit/537.36 (KHTML, like Gecko) Chrome/109.0.0.0 Safari/537.36" www.sbsc.in 199.79.62.221
103.95.82.150 - - [28/Jan/2023:15:25:21 +0000] "GET /images/banner/1.jpg HTTP/2.0" 200 212471 "https://www.sbsc.in/" "Mozilla/5.0 (Windows NT 6.1; Win64; x64) AppleWebKit/537.36 (KHTML, like Gecko) Chrome/109.0.0.0 Safari/537.36" www.sbsc.in 199.79.62.221
103.95.82.150 - - [28/Jan/2023:15:25:21 +0000] "GET /images/banner/2.jpg HTTP/2.0" 200 197131 "https://www.sbsc.in/" "Mozilla/5.0 (Windows NT 6.1; Win64; x64) AppleWebKit/537.36 (KHTML, like Gecko) Chrome/109.0.0.0 Safari/537.36" www.sbsc.in 199.79.62.221
103.95.82.150 - - [28/Jan/2023:15:25:22 +0000] "GET /images/banner/3.jpg HTTP/2.0" 200 207968 "https://www.sbsc.in/" "Mozilla/5.0 (Windows NT 6.1; Win64; x64) AppleWebKit/537.36 (KHTML, like Gecko) Chrome/109.0.0.0 Safari/537.36" www.sbsc.in 199.79.62.221
66.249.75.110 - - [28/Jan/2023:15:25:36 +0000] "GET /uploads/pdf/1661512239_Notice_(Scholarship).pdf HTTP/1.1" 200 1713150 "-" "Mozilla/5.0 (Linux; Android 6.0.1; Nexus 5X Build/MMB29P) AppleWebKit/537.36 (KHTML, like Gecko) Chrome/99.0.4844.84 Mobile Safari/537.36 (compatible; Googlebot/2.1; +http://www.google.com/bot.html)" www.sbsc.in 199.79.62.221
103.95.82.150 - - [28/Jan/2023:15:25:29 +0000] "GET /images/banner/5.jpg HTTP/2.0" 200 170926 "https://www.sbsc.in/" "Mozilla/5.0 (Windows NT 6.1; Win64; x64) AppleWebKit/537.36 (KHTML, like Gecko) Chrome/109.0.0.0 Safari/537.36" www.sbsc.in 199.79.62.221
66.249.75.110 - - [28/Jan/2023:15:25:36 +0000] "GET /uploads/pdf/1661512239_Notice_(Scholarship).pdf HTTP/1.1" 200 1713150 "-" "Mozilla/5.0 (compatible; Googlebot/2.1; +http://www.google.com/bot.html)" www.sbsc.in 199.79.62.221
103.95.82.150 - - [28/Jan/2023:15:25:25 +0000] "GET /images/banner/4.jpg HTTP/2.0" 200 172167 "https://www.sbsc.in/" "Mozilla/5.0 (Windows NT 6.1; Win64; x64) AppleWebKit/537.36 (KHTML, like Gecko) Chrome/109.0.0.0 Safari/537.36" www.sbsc.in 199.79.62.221
20.254.156.227 - - [28/Jan/2023:15:25:49 +0000] "GET / HTTP/2.0" 200 45835 "-" "Mozilla/5.0 (Windows NT 10.0; Win64; x64; rv:81.0) Gecko/20100101 Firefox/81.0" www.sbsc.in 199.79.62.221
103.95.82.150 - - [28/Jan/2023:15:25:29 +0000] "GET /js/jquery.js HTTP/2.0" 200 42291 "https://www.sbsc.in/" "Mozilla/5.0 (Windows NT 6.1; Win64; x64) AppleWebKit/537.36 (KHTML, like Gecko) Chrome/109.0.0.0 Safari/537.36" www.sbsc.in 199.79.62.221
103.95.82.150 - - [28/Jan/2023:15:25:29 +0000] "GET /images/banner/6.jpg HTTP/2.0" 200 127037 "https://www.sbsc.in/" "Mozilla/5.0 (Windows NT 6.1; Win64; x64) AppleWebKit/537.36 (KHTML, like Gecko) Chrome/109.0.0.0 Safari/537.36" www.sbsc.in 199.79.62.221
40.77.167.81 - - [28/Jan/2023:15:25:58 +0000] "GET /attendance_committee.php HTTP/1.1" 200 42758 "-" "Mozilla/5.0 AppleWebKit/537.36 (KHTML, like Gecko; compatible; bingbot/2.0; +http://www.bing.com/bingbot.htm) Chrome/103.0.5060.134 Safari/537.36" www.sbsc.in 199.79.62.221
103.95.82.150 - - [28/Jan/2023:15:25:29 +0000] "GET /images/banner/7.jpg HTTP/2.0" 200 179124 "https://www.sbsc.in/" "Mozilla/5.0 (Windows NT 6.1; Win64; x64) AppleWebKit/537.36 (KHTML, like Gecko) Chrome/109.0.0.0 Safari/537.36" www.sbsc.in 199.79.62.221
40.77.167.81 - - [28/Jan/2023:15:25:58 +0000] "GET /attendance_committee.php HTTP/2.0" 200 42758 "-" "Mozilla/5.0 AppleWebKit/537.36 (KHTML, like Gecko; compatible; bingbot/2.0; +http://www.bing.com/bingbot.htm) Chrome/103.0.5060.134 Safari/537.36" www.sbsc.in 199.79.62.221
103.95.82.150 - - [28/Jan/2023:15:25:29 +0000] "GET /images/banner/8.jpg HTTP/2.0" 200 156850 "https://www.sbsc.in/" "Mozilla/5.0 (Windows NT 6.1; Win64; x64) AppleWebKit/537.36 (KHTML, like Gecko) Chrome/109.0.0.0 Safari/537.36" www.sbsc.in 199.79.62.221
40.77.167.36 - - [28/Jan/2023:15:26:06 +0000] "GET /important-functionaries.php HTTP/1.1" 200 43090 "-" "Mozilla/5.0 AppleWebKit/537.36 (KHTML, like Gecko; compatible; bingbot/2.0; +http://www.bing.com/bingbot.htm) Chrome/103.0.5060.134 Safari/537.36" www.sbsc.in 199.79.62.221
40.77.167.36 - - [28/Jan/2023:15:26:06 +0000] "GET /important-functionaries.php HTTP/2.0" 200 43090 "-" "Mozilla/5.0 AppleWebKit/537.36 (KHTML, like Gecko; compatible; bingbot/2.0; +http://www.bing.com/bingbot.htm) Chrome/103.0.5060.134 Safari/537.36" www.sbsc.in 199.79.62.221
193.186.4.199 - - [28/Jan/2023:15:26:16 +0000] "GET / HTTP/2.0" 200 45835 "-" "Mozilla/5.0 (Linux; Android 10; K) AppleWebKit/537.36 (KHTML, like Gecko) Chrome/105.0.0.0 Mobile Safari/537.36" www.sbsc.in 199.79.62.221
103.95.82.150 - - [28/Jan/2023:15:25:29 +0000] "GET /images/banner/9.jpg HTTP/2.0" 200 167238 "https://www.sbsc.in/" "Mozilla/5.0 (Windows NT 6.1; Win64; x64) AppleWebKit/537.36 (KHTML, like Gecko) Chrome/109.0.0.0 Safari/537.36" www.sbsc.in 199.79.62.221
103.95.82.150 - - [28/Jan/2023:15:25:29 +0000] "GET /images/banner/10.jpg HTTP/2.0" 200 211781 "https://www.sbsc.in/" "Mozilla/5.0 (Windows NT 6.1; Win64; x64) AppleWebKit/537.36 (KHTML, like Gecko) Chrome/109.0.0.0 Safari/537.36" www.sbsc.in 199.79.62.221
103.95.82.150 - - [28/Jan/2023:15:25:29 +0000] "GET /images/banner/11.jpg HTTP/2.0" 200 186118 "https://www.sbsc.in/" "Mozilla/5.0 (Windows NT 6.1; Win64; x64) AppleWebKit/537.36 (KHTML, like Gecko) Chrome/109.0.0.0 Safari/537.36" www.sbsc.in 199.79.62.221
103.95.82.150 - - [28/Jan/2023:15:25:29 +0000] "GET /images/banner/12.jpg HTTP/2.0" 200 153729 "https://www.sbsc.in/" "Mozilla/5.0 (Windows NT 6.1; Win64; x64) AppleWebKit/537.36 (KHTML, like Gecko) Chrome/109.0.0.0 Safari/537.36" www.sbsc.in 199.79.62.221
103.95.82.150 - - [28/Jan/2023:15:25:29 +0000] "GET /images/jubliee-img.jpg HTTP/2.0" 200 88706 "https://www.sbsc.in/" "Mozilla/5.0 (Windows NT 6.1; Win64; x64) AppleWebKit/537.36 (KHTML, like Gecko) Chrome/109.0.0.0 Safari/537.36" www.sbsc.in 199.79.62.221
103.95.82.150 - - [28/Jan/2023:15:25:29 +0000] "GET /images/alumini.jpg HTTP/2.0" 200 50947 "https://www.sbsc.in/" "Mozilla/5.0 (Windows NT 6.1; Win64; x64) AppleWebKit/537.36 (KHTML, like Gecko) Chrome/109.0.0.0 Safari/537.36" www.sbsc.in 199.79.62.221
103.95.82.150 - - [28/Jan/2023:15:25:29 +0000] "GET /images/associations.jpg HTTP/2.0" 200 31703 "https://www.sbsc.in/" "Mozilla/5.0 (Windows NT 6.1; Win64; x64) AppleWebKit/537.36 (KHTML, like Gecko) Chrome/109.0.0.0 Safari/537.36" www.sbsc.in 199.79.62.221
103.95.82.150 - - [28/Jan/2023:15:25:29 +0000] "GET /images/tour-img.jpg HTTP/2.0" 200 65976 "https://www.sbsc.in/" "Mozilla/5.0 (Windows NT 6.1; Win64; x64) AppleWebKit/537.36 (KHTML, like Gecko) Chrome/109.0.0.0 Safari/537.36" www.sbsc.in 199.79.62.221
103.95.82.150 - - [28/Jan/2023:15:25:29 +0000] "GET /images/IMG-20210727-WA0011.jpg HTTP/2.0" 200 154646 "https://www.sbsc.in/" "Mozilla/5.0 (Windows NT 6.1; Win64; x64) AppleWebKit/537.36 (KHTML, like Gecko) Chrome/109.0.0.0 Safari/537.36" www.sbsc.in 199.79.62.221
103.95.82.150 - - [28/Jan/2023:15:25:29 +0000] "GET /images/event.jpg HTTP/2.0" 200 3517 "https://www.sbsc.in/" "Mozilla/5.0 (Windows NT 6.1; Win64; x64) AppleWebKit/537.36 (KHTML, like Gecko) Chrome/109.0.0.0 Safari/537.36" www.sbsc.in 199.79.62.221
103.95.82.150 - - [28/Jan/2023:15:25:29 +0000] "GET /images/research-img.jpg HTTP/2.0" 200 3596 "https://www.sbsc.in/" "Mozilla/5.0 (Windows NT 6.1; Win64; x64) AppleWebKit/537.36 (KHTML, like Gecko) Chrome/109.0.0.0 Safari/537.36" www.sbsc.in 199.79.62.221
103.95.82.150 - - [28/Jan/2023:15:25:29 +0000] "GET /images/publication-img.jpg HTTP/2.0" 200 4561 "https://www.sbsc.in/" "Mozilla/5.0 (Windows NT 6.1; Win64; x64) AppleWebKit/537.36 (KHTML, like Gecko) Chrome/109.0.0.0 Safari/537.36" www.sbsc.in 199.79.62.221
103.95.82.150 - - [28/Jan/2023:15:25:29 +0000] "GET /images/Conference.jpg HTTP/2.0" 200 3631 "https://www.sbsc.in/" "Mozilla/5.0 (Windows NT 6.1; Win64; x64) AppleWebKit/537.36 (KHTML, like Gecko) Chrome/109.0.0.0 Safari/537.36" www.sbsc.in 199.79.62.221
103.95.82.150 - - [28/Jan/2023:15:25:29 +0000] "GET /js/bootstrap.min.js HTTP/2.0" 200 13505 "https://www.sbsc.in/" "Mozilla/5.0 (Windows NT 6.1; Win64; x64) AppleWebKit/537.36 (KHTML, like Gecko) Chrome/109.0.0.0 Safari/537.36" www.sbsc.in 199.79.62.221
103.95.82.150 - - [28/Jan/2023:15:25:29 +0000] "GET /images/latest_news.png HTTP/2.0" 200 2953 "https://www.sbsc.in/" "Mozilla/5.0 (Windows NT 6.1; Win64; x64) AppleWebKit/537.36 (KHTML, like Gecko) Chrome/109.0.0.0 Safari/537.36" sbsc.in 199.79.62.221
103.95.82.150 - - [28/Jan/2023:15:25:29 +0000] "GET /images/placement1.JPG HTTP/2.0" 200 466663 "https://www.sbsc.in/" "Mozilla/5.0 (Windows NT 6.1; Win64; x64) AppleWebKit/537.36 (KHTML, like Gecko) Chrome/109.0.0.0 Safari/537.36" www.sbsc.in 199.79.62.221
223.187.102.138 - - [28/Jan/2023:15:27:21 +0000] "GET /pdf/resources/1587763449_Service_Costing.pdf HTTP/1.1" 404 355 "-" "Dalvik/2.1.0 (Linux; U; Android 11; V2068 Build/RP1A.200720.012)" www.sbsc.in 199.79.62.221
66.249.75.108 - - [28/Jan/2023:15:27:30 +0000] "GET /uploads/pdf/1535370104_ce6220aa8eb6d9e7e60f15b41c27fe26.pdf HTTP/1.1" 304 - "-" "Mozilla/5.0 (compatible; Googlebot/2.1; +http://www.google.com/bot.html)" www.sbsc.in 199.79.62.221
157.37.142.192 - - [28/Jan/2023:15:27:40 +0000] "GET / HTTP/2.0" 200 45835 "https://www.google.com/" "Mozilla/5.0 (Linux; Android 13; SM-A235F) AppleWebKit/537.36 (KHTML, like Gecko) Chrome/109.0.0.0 Mobile Safari/537.36" www.sbsc.in 199.79.62.221
103.155.222.57 - - [28/Jan/2023:15:27:40 +0000] "GET /pdf/resources/1589276839_CONSUMERISM_AND_WASTE_PRODUCTS.pdf HTTP/2.0" 404 355 "https://www.google.com/" "Mozilla/5.0 (Linux; Android 12; moto g52) AppleWebKit/537.36 (KHTML, like Gecko) Chrome/109.0.0.0 Mobile Safari/537.36" www.sbsc.in 199.79.62.221
157.37.142.192 - - [28/Jan/2023:15:27:41 +0000] "GET /css/style-new.css HTTP/2.0" 200 352 "https://www.sbsc.in/" "Mozilla/5.0 (Linux; Android 13; SM-A235F) AppleWebKit/537.36 (KHTML, like Gecko) Chrome/109.0.0.0 Mobile Safari/537.36" www.sbsc.in 199.79.62.221
157.37.142.192 - - [28/Jan/2023:15:27:41 +0000] "GET /css/style.css HTTP/2.0" 200 2565 "https://www.sbsc.in/" "Mozilla/5.0 (Linux; Android 13; SM-A235F) AppleWebKit/537.36 (KHTML, like Gecko) Chrome/109.0.0.0 Mobile Safari/537.36" www.sbsc.in 199.79.62.221
157.37.142.192 - - [28/Jan/2023:15:27:41 +0000] "GET /cssmenu/styles.css HTTP/2.0" 200 1905 "https://www.sbsc.in/" "Mozilla/5.0 (Linux; Android 13; SM-A235F) AppleWebKit/537.36 (KHTML, like Gecko) Chrome/109.0.0.0 Mobile Safari/537.36" www.sbsc.in 199.79.62.221
157.37.142.192 - - [28/Jan/2023:15:27:41 +0000] "GET /css/bootstrap.min.css HTTP/2.0" 200 27845 "https://www.sbsc.in/" "Mozilla/5.0 (Linux; Android 13; SM-A235F) AppleWebKit/537.36 (KHTML, like Gecko) Chrome/109.0.0.0 Mobile Safari/537.36" www.sbsc.in 199.79.62.221
157.37.142.192 - - [28/Jan/2023:15:27:41 +0000] "GET /js/animation-banner.js HTTP/2.0" 200 964 "https://www.sbsc.in/" "Mozilla/5.0 (Linux; Android 13; SM-A235F) AppleWebKit/537.36 (KHTML, like Gecko) Chrome/109.0.0.0 Mobile Safari/537.36" www.sbsc.in 199.79.62.221
157.37.142.192 - - [28/Jan/2023:15:27:41 +0000] "GET /cssmenu/script.js HTTP/2.0" 200 675 "https://www.sbsc.in/" "Mozilla/5.0 (Linux; Android 13; SM-A235F) AppleWebKit/537.36 (KHTML, like Gecko) Chrome/109.0.0.0 Mobile Safari/537.36" www.sbsc.in 199.79.62.221
157.37.142.192 - - [28/Jan/2023:15:27:41 +0000] "GET /js/bootstrap.min.js HTTP/2.0" 200 13505 "https://www.sbsc.in/" "Mozilla/5.0 (Linux; Android 13; SM-A235F) AppleWebKit/537.36 (KHTML, like Gecko) Chrome/109.0.0.0 Mobile Safari/537.36" www.sbsc.in 199.79.62.221
47.9.113.104 - - [28/Jan/2023:15:27:45 +0000] "GET /pdf/resources/1585973799_Natural_Resources.pdf HTTP/1.1" 404 355 "-" "Dalvik/2.1.0 (Linux; U; Android 6.0.1; vivo 1603 Build/MMB29M)" www.sbsc.in 199.79.62.221
157.37.142.192 - - [28/Jan/2023:15:27:41 +0000] "GET /js/jquery.js HTTP/2.0" 200 42291 "https://www.sbsc.in/" "Mozilla/5.0 (Linux; Android 13; SM-A235F) AppleWebKit/537.36 (KHTML, like Gecko) Chrome/109.0.0.0 Mobile Safari/537.36" www.sbsc.in 199.79.62.221
207.46.13.69 - - [28/Jan/2023:15:29:03 +0000] "GET /about_department_geography.php HTTP/1.1" 200 44077 "-" "Mozilla/5.0 AppleWebKit/537.36 (KHTML, like Gecko; compatible; bingbot/2.0; +http://www.bing.com/bingbot.htm) Chrome/103.0.5060.134 Safari/537.36" www.sbsc.in 199.79.62.221
207.46.13.69 - - [28/Jan/2023:15:29:03 +0000] "GET /about_department_geography.php HTTP/2.0" 200 44077 "-" "Mozilla/5.0 AppleWebKit/537.36 (KHTML, like Gecko; compatible; bingbot/2.0; +http://www.bing.com/bingbot.htm) Chrome/103.0.5060.134 Safari/537.36" www.sbsc.in 199.79.62.221
20.90.198.211 - - [28/Jan/2023:15:29:25 +0000] "GET /view-all.php HTTP/2.0" 200 74210 "-" "Mozilla/5.0 (Windows NT 10.0; Win64; x64; rv:81.0) Gecko/20100101 Firefox/81.0" www.sbsc.in 199.79.62.221
40.77.167.81 - - [28/Jan/2023:15:29:30 +0000] "GET /alumni-association.php HTTP/1.1" 200 44026 "-" "Mozilla/5.0 AppleWebKit/537.36 (KHTML, like Gecko; compatible; bingbot/2.0; +http://www.bing.com/bingbot.htm) Chrome/103.0.5060.134 Safari/537.36" www.sbsc.in 199.79.62.221
40.77.167.81 - - [28/Jan/2023:15:29:30 +0000] "GET /alumni-association.php HTTP/2.0" 200 44026 "-" "Mozilla/5.0 AppleWebKit/537.36 (KHTML, like Gecko; compatible; bingbot/2.0; +http://www.bing.com/bingbot.htm) Chrome/103.0.5060.134 Safari/537.36" www.sbsc.in 199.79.62.221
40.77.167.36 - - [28/Jan/2023:15:30:07 +0000] "GET /caste-based-discrimination-complaint.php HTTP/1.1" 200 43851 "-" "Mozilla/5.0 AppleWebKit/537.36 (KHTML, like Gecko; compatible; bingbot/2.0; +http://www.bing.com/bingbot.htm) Chrome/103.0.5060.134 Safari/537.36" www.sbsc.in 199.79.62.221
40.77.167.36 - - [28/Jan/2023:15:30:07 +0000] "GET /caste-based-discrimination-complaint.php HTTP/2.0" 200 43851 "-" "Mozilla/5.0 AppleWebKit/537.36 (KHTML, like Gecko; compatible; bingbot/2.0; +http://www.bing.com/bingbot.htm) Chrome/103.0.5060.134 Safari/537.36" www.sbsc.in 199.79.62.221
207.46.13.69 - - [28/Jan/2023:15:30:13 +0000] "GET /ncc.php HTTP/2.0" 200 44626 "-" "Mozilla/5.0 AppleWebKit/537.36 (KHTML, like Gecko; compatible; bingbot/2.0; +http://www.bing.com/bingbot.htm) Chrome/103.0.5060.134 Safari/537.36" www.sbsc.in 199.79.62.221
207.46.13.111 - - [28/Jan/2023:15:30:17 +0000] "GET /internal_assessment.php/internalassessment/Nov-Dec18/internalassessment/assesment-2019/uploads/pdf/1643365581_B.A._(H)_English_(Semester-V).pdf HTTP/2.0" 200 43991 "-" "Mozilla/5.0 AppleWebKit/537.36 (KHTML, like Gecko; compatible; bingbot/2.0; +http://www.bing.com/bingbot.htm) Chrome/103.0.5060.134 Safari/537.36" www.sbsc.in 199.79.62.221
40.77.167.36 - - [28/Jan/2023:15:30:25 +0000] "GET /library-program.php HTTP/1.1" 200 6020 "-" "Mozilla/5.0 AppleWebKit/537.36 (KHTML, like Gecko; compatible; bingbot/2.0; +http://www.bing.com/bingbot.htm) Chrome/103.0.5060.134 Safari/537.36" www.sbsc.in 199.79.62.221
40.77.167.36 - - [28/Jan/2023:15:30:25 +0000] "GET /library-program.php HTTP/2.0" 200 6020 "-" "Mozilla/5.0 AppleWebKit/537.36 (KHTML, like Gecko; compatible; bingbot/2.0; +http://www.bing.com/bingbot.htm) Chrome/103.0.5060.134 Safari/537.36" www.sbsc.in 199.79.62.221
66.249.75.106 - - [28/Jan/2023:15:30:31 +0000] "GET /internal_assessment.php/uploads/pdf/1567760572_M.Com_III_Sem.pdf HTTP/1.1" 200 43991 "-" "Mozilla/5.0 (Linux; Android 6.0.1; Nexus 5X Build/MMB29P) AppleWebKit/537.36 (KHTML, like Gecko) Chrome/109.0.5414.101 Mobile Safari/537.36 (compatible; Googlebot/2.1; +http://www.google.com/bot.html)" www.sbsc.in 199.79.62.221
20.11.128.186 - - [28/Jan/2023:15:30:50 +0000] "GET / HTTP/2.0" 200 45835 "-" "Mozilla/5.0 (Windows NT 10.0; Win64; x64; rv:81.0) Gecko/20100101 Firefox/81.0" www.sbsc.in 199.79.62.221
66.249.75.108 - - [28/Jan/2023:15:30:53 +0000] "GET /dr_swati.php HTTP/1.1" 200 6803 "-" "Mozilla/5.0 (Linux; Android 6.0.1; Nexus 5X Build/MMB29P) AppleWebKit/537.36 (KHTML, like Gecko) Chrome/109.0.5414.101 Mobile Safari/537.36 (compatible; Googlebot/2.1; +http://www.google.com/bot.html)" www.sbsc.in 199.79.62.221
66.249.75.108 - - [28/Jan/2023:15:30:53 +0000] "GET /dr_swati.php HTTP/1.1" 200 6803 "-" "Mozilla/5.0 (Linux; Android 6.0.1; Nexus 5X Build/MMB29P) AppleWebKit/537.36 (KHTML, like Gecko) Chrome/109.0.5414.101 Mobile Safari/537.36 (compatible; Googlebot/2.1; +http://www.google.com/bot.html)" www.sbsc.in 199.79.62.221
207.46.13.111 - - [28/Jan/2023:15:31:04 +0000] "GET /department_Commerce.php HTTP/1.1" 200 43944 "-" "Mozilla/5.0 AppleWebKit/537.36 (KHTML, like Gecko; compatible; bingbot/2.0; +http://www.bing.com/bingbot.htm) Chrome/103.0.5060.134 Safari/537.36" www.sbsc.in 199.79.62.221
207.46.13.111 - - [28/Jan/2023:15:31:04 +0000] "GET /department_Commerce.php HTTP/2.0" 200 43944 "-" "Mozilla/5.0 AppleWebKit/537.36 (KHTML, like Gecko; compatible; bingbot/2.0; +http://www.bing.com/bingbot.htm) Chrome/103.0.5060.134 Safari/537.36" www.sbsc.in 199.79.62.221
117.99.237.139 - - [28/Jan/2023:15:31:08 +0000] "GET / HTTP/2.0" 200 45835 "https://www.google.com/" "Mozilla/5.0 (Windows NT 10.0; Win64; x64) AppleWebKit/537.36 (KHTML, like Gecko) Chrome/109.0.0.0 Safari/537.36" www.sbsc.in 199.79.62.221
40.77.167.56 - - [28/Jan/2023:15:31:09 +0000] "GET /finance_committee.php HTTP/1.1" 200 42563 "-" "Mozilla/5.0 AppleWebKit/537.36 (KHTML, like Gecko; compatible; bingbot/2.0; +http://www.bing.com/bingbot.htm) Chrome/103.0.5060.134 Safari/537.36" www.sbsc.in 199.79.62.221
40.77.167.56 - - [28/Jan/2023:15:31:09 +0000] "GET /finance_committee.php HTTP/2.0" 200 42563 "-" "Mozilla/5.0 AppleWebKit/537.36 (KHTML, like Gecko; compatible; bingbot/2.0; +http://www.bing.com/bingbot.htm) Chrome/103.0.5060.134 Safari/537.36" www.sbsc.in 199.79.62.221
66.249.75.110 - - [28/Jan/2023:15:32:18 +0000] "GET / HTTP/1.1" 200 45835 "-" "Mozilla/5.0 (compatible; Googlebot/2.1; +http://www.google.com/bot.html)" www.sbsc.in 199.79.62.221
157.37.154.207 - - [28/Jan/2023:15:32:40 +0000] "GET / HTTP/2.0" 200 45835 "https://www.google.com/" "Mozilla/5.0 (Linux; Android 11; RMX2193) AppleWebKit/537.36 (KHTML, like Gecko) Chrome/94.0.4606.85 Mobile Safari/537.36" www.sbsc.in 199.79.62.221
157.37.154.207 - - [28/Jan/2023:15:32:41 +0000] "GET /css/style-new.css HTTP/2.0" 200 352 "https://www.sbsc.in/" "Mozilla/5.0 (Linux; Android 11; RMX2193) AppleWebKit/537.36 (KHTML, like Gecko) Chrome/94.0.4606.85 Mobile Safari/537.36" www.sbsc.in 199.79.62.221
157.37.154.207 - - [28/Jan/2023:15:32:41 +0000] "GET /cssmenu/styles.css HTTP/2.0" 200 1905 "https://www.sbsc.in/" "Mozilla/5.0 (Linux; Android 11; RMX2193) AppleWebKit/537.36 (KHTML, like Gecko) Chrome/94.0.4606.85 Mobile Safari/537.36" www.sbsc.in 199.79.62.221
157.37.154.207 - - [28/Jan/2023:15:32:41 +0000] "GET /css/style.css HTTP/2.0" 200 2565 "https://www.sbsc.in/" "Mozilla/5.0 (Linux; Android 11; RMX2193) AppleWebKit/537.36 (KHTML, like Gecko) Chrome/94.0.4606.85 Mobile Safari/537.36" www.sbsc.in 199.79.62.221
157.37.154.207 - - [28/Jan/2023:15:32:41 +0000] "GET /css/bootstrap.min.css HTTP/2.0" 200 27845 "https://www.sbsc.in/" "Mozilla/5.0 (Linux; Android 11; RMX2193) AppleWebKit/537.36 (KHTML, like Gecko) Chrome/94.0.4606.85 Mobile Safari/537.36" www.sbsc.in 199.79.62.221
157.37.154.207 - - [28/Jan/2023:15:32:41 +0000] "GET /cssmenu/script.js HTTP/2.0" 200 675 "https://www.sbsc.in/" "Mozilla/5.0 (Linux; Android 11; RMX2193) AppleWebKit/537.36 (KHTML, like Gecko) Chrome/94.0.4606.85 Mobile Safari/537.36" www.sbsc.in 199.79.62.221
157.37.154.207 - - [28/Jan/2023:15:32:41 +0000] "GET /js/animation-banner.js HTTP/2.0" 200 964 "https://www.sbsc.in/" "Mozilla/5.0 (Linux; Android 11; RMX2193) AppleWebKit/537.36 (KHTML, like Gecko) Chrome/94.0.4606.85 Mobile Safari/537.36" www.sbsc.in 199.79.62.221
157.37.154.207 - - [28/Jan/2023:15:32:41 +0000] "GET /js/jquery.js HTTP/2.0" 200 42291 "https://www.sbsc.in/" "Mozilla/5.0 (Linux; Android 11; RMX2193) AppleWebKit/537.36 (KHTML, like Gecko) Chrome/94.0.4606.85 Mobile Safari/537.36" www.sbsc.in 199.79.62.221
157.37.154.207 - - [28/Jan/2023:15:32:41 +0000] "GET /images/symbol.jpg HTTP/2.0" 200 781 "https://www.sbsc.in/" "Mozilla/5.0 (Linux; Android 11; RMX2193) AppleWebKit/537.36 (KHTML, like Gecko) Chrome/94.0.4606.85 Mobile Safari/537.36" www.sbsc.in 199.79.62.221
157.37.154.207 - - [28/Jan/2023:15:32:42 +0000] "GET /fonts/glyphicons-halflings-regular.woff HTTP/2.0" 200 23320 "https://www.sbsc.in/css/bootstrap.min.css" "Mozilla/5.0 (Linux; Android 11; RMX2193) AppleWebKit/537.36 (KHTML, like Gecko) Chrome/94.0.4606.85 Mobile Safari/537.36" www.sbsc.in 199.79.62.221
157.37.154.207 - - [28/Jan/2023:15:32:42 +0000] "GET /paytm.jpg HTTP/2.0" 200 7167 "https://www.sbsc.in/" "Mozilla/5.0 (Linux; Android 11; RMX2193) AppleWebKit/537.36 (KHTML, like Gecko) Chrome/94.0.4606.85 Mobile Safari/537.36" www.sbsc.in 199.79.62.221
157.37.154.207 - - [28/Jan/2023:15:32:42 +0000] "GET /images/email.png HTTP/2.0" 200 1371 "https://www.sbsc.in/" "Mozilla/5.0 (Linux; Android 11; RMX2193) AppleWebKit/537.36 (KHTML, like Gecko) Chrome/94.0.4606.85 Mobile Safari/537.36" www.sbsc.in 199.79.62.221
157.37.154.207 - - [28/Jan/2023:15:32:42 +0000] "GET /images/phone.png HTTP/2.0" 200 1897 "https://www.sbsc.in/" "Mozilla/5.0 (Linux; Android 11; RMX2193) AppleWebKit/537.36 (KHTML, like Gecko) Chrome/94.0.4606.85 Mobile Safari/537.36" www.sbsc.in 199.79.62.221
157.37.154.207 - - [28/Jan/2023:15:32:42 +0000] "GET /images/logo.png HTTP/2.0" 200 36072 "https://www.sbsc.in/" "Mozilla/5.0 (Linux; Android 11; RMX2193) AppleWebKit/537.36 (KHTML, like Gecko) Chrome/94.0.4606.85 Mobile Safari/537.36" www.sbsc.in 199.79.62.221
157.37.154.207 - - [28/Jan/2023:15:32:42 +0000] "GET /images/golden-jubilee-logo.png HTTP/2.0" 200 34899 "https://www.sbsc.in/" "Mozilla/5.0 (Linux; Android 11; RMX2193) AppleWebKit/537.36 (KHTML, like Gecko) Chrome/94.0.4606.85 Mobile Safari/537.36" www.sbsc.in 199.79.62.221
157.37.154.207 - - [28/Jan/2023:15:32:42 +0000] "GET /images/banner/1.jpg HTTP/2.0" 200 212471 "https://www.sbsc.in/" "Mozilla/5.0 (Linux; Android 11; RMX2193) AppleWebKit/537.36 (KHTML, like Gecko) Chrome/94.0.4606.85 Mobile Safari/537.36" www.sbsc.in 199.79.62.221
157.37.154.207 - - [28/Jan/2023:15:32:42 +0000] "GET /images/banner/7.jpg HTTP/2.0" 200 179124 "https://www.sbsc.in/" "Mozilla/5.0 (Linux; Android 11; RMX2193) AppleWebKit/537.36 (KHTML, like Gecko) Chrome/94.0.4606.85 Mobile Safari/537.36" www.sbsc.in 199.79.62.221
157.37.154.207 - - [28/Jan/2023:15:32:42 +0000] "GET /js/bootstrap.min.js HTTP/2.0" 200 13505 "https://www.sbsc.in/" "Mozilla/5.0 (Linux; Android 11; RMX2193) AppleWebKit/537.36 (KHTML, like Gecko) Chrome/94.0.4606.85 Mobile Safari/537.36" www.sbsc.in 199.79.62.221
157.37.154.207 - - [28/Jan/2023:15:32:42 +0000] "GET /images/banner/2.jpg HTTP/2.0" 200 197131 "https://www.sbsc.in/" "Mozilla/5.0 (Linux; Android 11; RMX2193) AppleWebKit/537.36 (KHTML, like Gecko) Chrome/94.0.4606.85 Mobile Safari/537.36" www.sbsc.in 199.79.62.221
157.37.154.207 - - [28/Jan/2023:15:32:42 +0000] "GET /images/banner/3.jpg HTTP/2.0" 200 207968 "https://www.sbsc.in/" "Mozilla/5.0 (Linux; Android 11; RMX2193) AppleWebKit/537.36 (KHTML, like Gecko) Chrome/94.0.4606.85 Mobile Safari/537.36" www.sbsc.in 199.79.62.221
157.37.154.207 - - [28/Jan/2023:15:32:42 +0000] "GET /images/banner/4.jpg HTTP/2.0" 200 172167 "https://www.sbsc.in/" "Mozilla/5.0 (Linux; Android 11; RMX2193) AppleWebKit/537.36 (KHTML, like Gecko) Chrome/94.0.4606.85 Mobile Safari/537.36" www.sbsc.in 199.79.62.221
157.37.154.207 - - [28/Jan/2023:15:32:42 +0000] "GET /images/banner/5.jpg HTTP/2.0" 200 170926 "https://www.sbsc.in/" "Mozilla/5.0 (Linux; Android 11; RMX2193) AppleWebKit/537.36 (KHTML, like Gecko) Chrome/94.0.4606.85 Mobile Safari/537.36" www.sbsc.in 199.79.62.221
157.37.154.207 - - [28/Jan/2023:15:32:42 +0000] "GET /images/new.gif HTTP/2.0" 200 2455 "https://www.sbsc.in/" "Mozilla/5.0 (Linux; Android 11; RMX2193) AppleWebKit/537.36 (KHTML, like Gecko) Chrome/94.0.4606.85 Mobile Safari/537.36" www.sbsc.in 199.79.62.221
157.37.154.207 - - [28/Jan/2023:15:32:42 +0000] "GET /images/banner/6.jpg HTTP/2.0" 200 127037 "https://www.sbsc.in/" "Mozilla/5.0 (Linux; Android 11; RMX2193) AppleWebKit/537.36 (KHTML, like Gecko) Chrome/94.0.4606.85 Mobile Safari/537.36" www.sbsc.in 199.79.62.221
157.37.154.207 - - [28/Jan/2023:15:32:42 +0000] "GET /images/banner/8.jpg HTTP/2.0" 200 156850 "https://www.sbsc.in/" "Mozilla/5.0 (Linux; Android 11; RMX2193) AppleWebKit/537.36 (KHTML, like Gecko) Chrome/94.0.4606.85 Mobile Safari/537.36" www.sbsc.in 199.79.62.221
157.37.154.207 - - [28/Jan/2023:15:32:43 +0000] "GET /images/latest_news.png HTTP/2.0" 200 2953 "https://www.sbsc.in/" "Mozilla/5.0 (Linux; Android 11; RMX2193) AppleWebKit/537.36 (KHTML, like Gecko) Chrome/94.0.4606.85 Mobile Safari/537.36" sbsc.in 199.79.62.221
157.37.154.207 - - [28/Jan/2023:15:32:42 +0000] "GET /images/banner/9.jpg HTTP/2.0" 200 167238 "https://www.sbsc.in/" "Mozilla/5.0 (Linux; Android 11; RMX2193) AppleWebKit/537.36 (KHTML, like Gecko) Chrome/94.0.4606.85 Mobile Safari/537.36" www.sbsc.in 199.79.62.221
157.37.154.207 - - [28/Jan/2023:15:32:42 +0000] "GET /images/banner/10.jpg HTTP/2.0" 200 211781 "https://www.sbsc.in/" "Mozilla/5.0 (Linux; Android 11; RMX2193) AppleWebKit/537.36 (KHTML, like Gecko) Chrome/94.0.4606.85 Mobile Safari/537.36" www.sbsc.in 199.79.62.221
157.37.154.207 - - [28/Jan/2023:15:32:42 +0000] "GET /images/banner/11.jpg HTTP/2.0" 200 186118 "https://www.sbsc.in/" "Mozilla/5.0 (Linux; Android 11; RMX2193) AppleWebKit/537.36 (KHTML, like Gecko) Chrome/94.0.4606.85 Mobile Safari/537.36" www.sbsc.in 199.79.62.221
157.37.154.207 - - [28/Jan/2023:15:32:42 +0000] "GET /images/banner/12.jpg HTTP/2.0" 200 153729 "https://www.sbsc.in/" "Mozilla/5.0 (Linux; Android 11; RMX2193) AppleWebKit/537.36 (KHTML, like Gecko) Chrome/94.0.4606.85 Mobile Safari/537.36" www.sbsc.in 199.79.62.221
157.37.154.207 - - [28/Jan/2023:15:32:44 +0000] "GET /images/jubliee-img.jpg HTTP/2.0" 200 88706 "https://www.sbsc.in/" "Mozilla/5.0 (Linux; Android 11; RMX2193) AppleWebKit/537.36 (KHTML, like Gecko) Chrome/94.0.4606.85 Mobile Safari/537.36" www.sbsc.in 199.79.62.221
157.37.154.207 - - [28/Jan/2023:15:32:45 +0000] "GET /favicon.ico HTTP/1.1" 404 355 "https://www.sbsc.in/" "Mozilla/5.0 (Linux; Android 11; RMX2193) AppleWebKit/537.36 (KHTML, like Gecko) Chrome/94.0.4606.85 Mobile Safari/537.36" www.sbsc.in 199.79.62.221
157.37.154.207 - - [28/Jan/2023:15:32:45 +0000] "GET /favicon.ico HTTP/2.0" 404 355 "https://www.sbsc.in/" "Mozilla/5.0 (Linux; Android 11; RMX2193) AppleWebKit/537.36 (KHTML, like Gecko) Chrome/94.0.4606.85 Mobile Safari/537.36" www.sbsc.in 199.79.62.221
49.36.144.52 - - [28/Jan/2023:15:32:44 +0000] "GET / HTTP/2.0" 200 45835 "https://www.google.com/" "Mozilla/5.0 (Windows NT 10.0; Win64; x64) AppleWebKit/537.36 (KHTML, like Gecko) Chrome/109.0.0.0 Safari/537.36" www.sbsc.in 199.79.62.221
49.36.144.52 - - [28/Jan/2023:15:32:46 +0000] "GET /css/style-new.css HTTP/2.0" 200 352 "https://www.sbsc.in/" "Mozilla/5.0 (Windows NT 10.0; Win64; x64) AppleWebKit/537.36 (KHTML, like Gecko) Chrome/109.0.0.0 Safari/537.36" www.sbsc.in 199.79.62.221
49.36.144.52 - - [28/Jan/2023:15:32:46 +0000] "GET /cssmenu/styles.css HTTP/2.0" 200 1905 "https://www.sbsc.in/" "Mozilla/5.0 (Windows NT 10.0; Win64; x64) AppleWebKit/537.36 (KHTML, like Gecko) Chrome/109.0.0.0 Safari/537.36" www.sbsc.in 199.79.62.221
49.36.144.52 - - [28/Jan/2023:15:32:46 +0000] "GET /cssmenu/script.js HTTP/2.0" 200 675 "https://www.sbsc.in/" "Mozilla/5.0 (Windows NT 10.0; Win64; x64) AppleWebKit/537.36 (KHTML, like Gecko) Chrome/109.0.0.0 Safari/537.36" www.sbsc.in 199.79.62.221
49.36.144.52 - - [28/Jan/2023:15:32:46 +0000] "GET /js/animation-banner.js HTTP/2.0" 200 964 "https://www.sbsc.in/" "Mozilla/5.0 (Windows NT 10.0; Win64; x64) AppleWebKit/537.36 (KHTML, like Gecko) Chrome/109.0.0.0 Safari/537.36" www.sbsc.in 199.79.62.221
49.36.144.52 - - [28/Jan/2023:15:32:46 +0000] "GET /paytm.jpg HTTP/2.0" 200 7167 "https://www.sbsc.in/" "Mozilla/5.0 (Windows NT 10.0; Win64; x64) AppleWebKit/537.36 (KHTML, like Gecko) Chrome/109.0.0.0 Safari/537.36" www.sbsc.in 199.79.62.221
49.36.144.52 - - [28/Jan/2023:15:32:46 +0000] "GET /css/style.css HTTP/2.0" 200 2565 "https://www.sbsc.in/" "Mozilla/5.0 (Windows NT 10.0; Win64; x64) AppleWebKit/537.36 (KHTML, like Gecko) Chrome/109.0.0.0 Safari/537.36" www.sbsc.in 199.79.62.221
49.36.144.52 - - [28/Jan/2023:15:32:46 +0000] "GET /images/phone.png HTTP/2.0" 200 1897 "https://www.sbsc.in/" "Mozilla/5.0 (Windows NT 10.0; Win64; x64) AppleWebKit/537.36 (KHTML, like Gecko) Chrome/109.0.0.0 Safari/537.36" www.sbsc.in 199.79.62.221
49.36.144.52 - - [28/Jan/2023:15:32:46 +0000] "GET /images/email.png HTTP/2.0" 200 1371 "https://www.sbsc.in/" "Mozilla/5.0 (Windows NT 10.0; Win64; x64) AppleWebKit/537.36 (KHTML, like Gecko) Chrome/109.0.0.0 Safari/537.36" www.sbsc.in 199.79.62.221
49.36.144.52 - - [28/Jan/2023:15:32:46 +0000] "GET /images/golden-jubilee-logo.png HTTP/2.0" 200 34899 "https://www.sbsc.in/" "Mozilla/5.0 (Windows NT 10.0; Win64; x64) AppleWebKit/537.36 (KHTML, like Gecko) Chrome/109.0.0.0 Safari/537.36" www.sbsc.in 199.79.62.221
49.36.144.52 - - [28/Jan/2023:15:32:46 +0000] "GET /images/symbol.jpg HTTP/2.0" 200 781 "https://www.sbsc.in/" "Mozilla/5.0 (Windows NT 10.0; Win64; x64) AppleWebKit/537.36 (KHTML, like Gecko) Chrome/109.0.0.0 Safari/537.36" www.sbsc.in 199.79.62.221
49.36.144.52 - - [28/Jan/2023:15:32:46 +0000] "GET /images/new.gif HTTP/2.0" 200 2455 "https://www.sbsc.in/" "Mozilla/5.0 (Windows NT 10.0; Win64; x64) AppleWebKit/537.36 (KHTML, like Gecko) Chrome/109.0.0.0 Safari/537.36" www.sbsc.in 199.79.62.221
157.37.154.207 - - [28/Jan/2023:15:32:45 +0000] "GET /images/alumini.jpg HTTP/2.0" 200 50947 "https://www.sbsc.in/" "Mozilla/5.0 (Linux; Android 11; RMX2193) AppleWebKit/537.36 (KHTML, like Gecko) Chrome/94.0.4606.85 Mobile Safari/537.36" www.sbsc.in 199.79.62.221
157.37.154.207 - - [28/Jan/2023:15:32:48 +0000] "GET /images/associations.jpg HTTP/2.0" 200 31703 "https://www.sbsc.in/" "Mozilla/5.0 (Linux; Android 11; RMX2193) AppleWebKit/537.36 (KHTML, like Gecko) Chrome/94.0.4606.85 Mobile Safari/537.36" www.sbsc.in 199.79.62.221
157.37.154.207 - - [28/Jan/2023:15:32:49 +0000] "GET /images/tour-img.jpg HTTP/2.0" 200 65976 "https://www.sbsc.in/" "Mozilla/5.0 (Linux; Android 11; RMX2193) AppleWebKit/537.36 (KHTML, like Gecko) Chrome/94.0.4606.85 Mobile Safari/537.36" www.sbsc.in 199.79.62.221
157.37.154.207 - - [28/Jan/2023:15:32:50 +0000] "GET /images/IMG-20210727-WA0011.jpg HTTP/2.0" 200 154646 "https://www.sbsc.in/" "Mozilla/5.0 (Linux; Android 11; RMX2193) AppleWebKit/537.36 (KHTML, like Gecko) Chrome/94.0.4606.85 Mobile Safari/537.36" www.sbsc.in 199.79.62.221
157.37.154.207 - - [28/Jan/2023:15:32:51 +0000] "GET /images/event.jpg HTTP/2.0" 200 3517 "https://www.sbsc.in/" "Mozilla/5.0 (Linux; Android 11; RMX2193) AppleWebKit/537.36 (KHTML, like Gecko) Chrome/94.0.4606.85 Mobile Safari/537.36" www.sbsc.in 199.79.62.221
157.37.154.207 - - [28/Jan/2023:15:32:51 +0000] "GET /images/research-img.jpg HTTP/2.0" 200 3596 "https://www.sbsc.in/" "Mozilla/5.0 (Linux; Android 11; RMX2193) AppleWebKit/537.36 (KHTML, like Gecko) Chrome/94.0.4606.85 Mobile Safari/537.36" www.sbsc.in 199.79.62.221
157.37.154.207 - - [28/Jan/2023:15:32:51 +0000] "GET /images/Conference.jpg HTTP/2.0" 200 3631 "https://www.sbsc.in/" "Mozilla/5.0 (Linux; Android 11; RMX2193) AppleWebKit/537.36 (KHTML, like Gecko) Chrome/94.0.4606.85 Mobile Safari/537.36" www.sbsc.in 199.79.62.221
157.37.154.207 - - [28/Jan/2023:15:32:51 +0000] "GET /images/publication-img.jpg HTTP/2.0" 200 4561 "https://www.sbsc.in/" "Mozilla/5.0 (Linux; Android 11; RMX2193) AppleWebKit/537.36 (KHTML, like Gecko) Chrome/94.0.4606.85 Mobile Safari/537.36" www.sbsc.in 199.79.62.221
49.36.144.52 - - [28/Jan/2023:15:32:46 +0000] "GET /images/logo.png HTTP/2.0" 200 36072 "https://www.sbsc.in/" "Mozilla/5.0 (Windows NT 10.0; Win64; x64) AppleWebKit/537.36 (KHTML, like Gecko) Chrome/109.0.0.0 Safari/537.36" www.sbsc.in 199.79.62.221
49.36.144.52 - - [28/Jan/2023:15:32:46 +0000] "GET /css/bootstrap.min.css HTTP/2.0" 200 27845 "https://www.sbsc.in/" "Mozilla/5.0 (Windows NT 10.0; Win64; x64) AppleWebKit/537.36 (KHTML, like Gecko) Chrome/109.0.0.0 Safari/537.36" www.sbsc.in 199.79.62.221
157.37.154.207 - - [28/Jan/2023:15:32:47 +0000] "GET /images/placement1.JPG HTTP/2.0" 200 11070724 "https://www.sbsc.in/" "Mozilla/5.0 (Linux; Android 11; RMX2193) AppleWebKit/537.36 (KHTML, like Gecko) Chrome/94.0.4606.85 Mobile Safari/537.36" www.sbsc.in 199.79.62.221
31.148.130.77 - - [28/Jan/2023:15:33:17 +0000] "GET /uploads/pdf/1603084657_Undertaking_for_OBC,_EWS.pdf HTTP/1.1" 200 122651 "-" "Mozilla/5.0 (iPad; CPU OS 15_5 like Mac OS X) AppleWebKit/605.1.15 (KHTML, like Gecko) Version/15.0 YaBrowser/22.9.5.598.11 Mobile/15E148 Safari/604.1" www.sbsc.in 199.79.62.221
49.36.144.52 - - [28/Jan/2023:15:32:56 +0000] "GET /images/banner/4.jpg HTTP/2.0" 200 172167 "https://www.sbsc.in/" "Mozilla/5.0 (Windows NT 10.0; Win64; x64) AppleWebKit/537.36 (KHTML, like Gecko) Chrome/109.0.0.0 Safari/537.36" www.sbsc.in 199.79.62.221
207.46.13.111 - - [28/Jan/2023:15:33:36 +0000] "GET /about_department_history.php HTTP/1.1" 200 43197 "-" "Mozilla/5.0 AppleWebKit/537.36 (KHTML, like Gecko; compatible; bingbot/2.0; +http://www.bing.com/bingbot.htm) Chrome/103.0.5060.134 Safari/537.36" www.sbsc.in 199.79.62.221
207.46.13.111 - - [28/Jan/2023:15:33:36 +0000] "GET /about_department_history.php HTTP/2.0" 200 43197 "-" "Mozilla/5.0 AppleWebKit/537.36 (KHTML, like Gecko; compatible; bingbot/2.0; +http://www.bing.com/bingbot.htm) Chrome/103.0.5060.134 Safari/537.36" www.sbsc.in 199.79.62.221
157.37.154.207 - - [28/Jan/2023:15:33:47 +0000] "GET /about_department_commerce.php HTTP/2.0" 200 44829 "https://www.sbsc.in/" "Mozilla/5.0 (Linux; Android 11; RMX2193) AppleWebKit/537.36 (KHTML, like Gecko) Chrome/94.0.4606.85 Mobile Safari/537.36" www.sbsc.in 199.79.62.221
157.37.154.207 - - [28/Jan/2023:15:33:49 +0000] "GET /images/icon_2.jpg HTTP/2.0" 200 8325 "https://www.sbsc.in/css/style-new.css" "Mozilla/5.0 (Linux; Android 11; RMX2193) AppleWebKit/537.36 (KHTML, like Gecko) Chrome/94.0.4606.85 Mobile Safari/537.36" www.sbsc.in 199.79.62.221
157.37.154.207 - - [28/Jan/2023:15:33:53 +0000] "GET /department_Commerce.php HTTP/2.0" 200 43944 "https://www.sbsc.in/about_department_commerce.php" "Mozilla/5.0 (Linux; Android 11; RMX2193) AppleWebKit/537.36 (KHTML, like Gecko) Chrome/94.0.4606.85 Mobile Safari/537.36" www.sbsc.in 199.79.62.221
49.36.144.52 - - [28/Jan/2023:15:32:56 +0000] "GET /images/banner/1.jpg HTTP/2.0" 200 212471 "https://www.sbsc.in/" "Mozilla/5.0 (Windows NT 10.0; Win64; x64) AppleWebKit/537.36 (KHTML, like Gecko) Chrome/109.0.0.0 Safari/537.36" www.sbsc.in 199.79.62.221
106.198.106.129 - - [28/Jan/2023:15:34:08 +0000] "GET /pdf/resources/1588766398_AUG14010111.pdf HTTP/2.0" 404 355 "https://www.google.com/" "Mozilla/5.0 (Linux; Android 11; SM-A207F) AppleWebKit/537.36 (KHTML, like Gecko) Chrome/107.0.0.0 Mobile Safari/537.36" www.sbsc.in 199.79.62.221
106.198.106.129 - - [28/Jan/2023:15:34:09 +0000] "GET /favicon.ico HTTP/1.1" 404 355 "https://www.sbsc.in/pdf/resources/1588766398_AUG14010111.pdf" "Mozilla/5.0 (Linux; Android 11; SM-A207F) AppleWebKit/537.36 (KHTML, like Gecko) Chrome/107.0.0.0 Mobile Safari/537.36" www.sbsc.in 199.79.62.221
106.198.106.129 - - [28/Jan/2023:15:34:09 +0000] "GET /favicon.ico HTTP/2.0" 404 355 "https://www.sbsc.in/pdf/resources/1588766398_AUG14010111.pdf" "Mozilla/5.0 (Linux; Android 11; SM-A207F) AppleWebKit/537.36 (KHTML, like Gecko) Chrome/107.0.0.0 Mobile Safari/537.36" www.sbsc.in 199.79.62.221
157.37.154.207 - - [28/Jan/2023:15:34:07 +0000] "GET /department/commerce/CV-%20Vandana%20Dahiya.pdf HTTP/2.0" 200 632998 "https://www.sbsc.in/department_Commerce.php" "Mozilla/5.0 (Linux; Android 11; RMX2193) AppleWebKit/537.36 (KHTML, like Gecko) Chrome/94.0.4606.85 Mobile Safari/537.36" www.sbsc.in 199.79.62.221
40.77.167.81 - - [28/Jan/2023:15:34:19 +0000] "GET /trekking-excursion.php HTTP/1.1" 200 42586 "-" "Mozilla/5.0 AppleWebKit/537.36 (KHTML, like Gecko; compatible; bingbot/2.0; +http://www.bing.com/bingbot.htm) Chrome/103.0.5060.134 Safari/537.36" www.sbsc.in 199.79.62.221
40.77.167.81 - - [28/Jan/2023:15:34:19 +0000] "GET /trekking-excursion.php HTTP/2.0" 200 42586 "-" "Mozilla/5.0 AppleWebKit/537.36 (KHTML, like Gecko; compatible; bingbot/2.0; +http://www.bing.com/bingbot.htm) Chrome/103.0.5060.134 Safari/537.36" www.sbsc.in 199.79.62.221
223.189.157.183 - - [28/Jan/2023:15:34:19 +0000] "GET /pdf/SBSC_Addvertisement.pdf HTTP/2.0" 200 5978084 "https://www.indgovtjobs.in/" "Mozilla/5.0 (Linux; Android 11; CPH2263) AppleWebKit/537.36 (KHTML, like Gecko) Chrome/95.0.4638.74 Mobile Safari/537.36" www.sbsc.in 199.79.62.221
49.36.144.52 - - [28/Jan/2023:15:32:56 +0000] "GET /js/jquery.js HTTP/2.0" 200 42291 "https://www.sbsc.in/" "Mozilla/5.0 (Windows NT 10.0; Win64; x64) AppleWebKit/537.36 (KHTML, like Gecko) Chrome/109.0.0.0 Safari/537.36" www.sbsc.in 199.79.62.221
49.36.144.52 - - [28/Jan/2023:15:32:56 +0000] "GET /images/banner/2.jpg HTTP/2.0" 200 197131 "https://www.sbsc.in/" "Mozilla/5.0 (Windows NT 10.0; Win64; x64) AppleWebKit/537.36 (KHTML, like Gecko) Chrome/109.0.0.0 Safari/537.36" www.sbsc.in 199.79.62.221
49.36.144.52 - - [28/Jan/2023:15:34:24 +0000] "GET /placement.php HTTP/1.1" 200 47019 "https://www.google.com/" "Mozilla/5.0 (Windows NT 10.0; Win64; x64) AppleWebKit/537.36 (KHTML, like Gecko) Chrome/109.0.0.0 Safari/537.36" www.sbsc.in 199.79.62.221
223.189.157.183 - - [28/Jan/2023:15:34:24 +0000] "GET /pdf/SBSC_Addvertisement.pdf HTTP/2.0" 206 1 "https://www.indgovtjobs.in/" "Mozilla/5.0 (Linux; Android 11; CPH2263) AppleWebKit/537.36 (KHTML, like Gecko) Chrome/95.0.4638.74 Mobile Safari/537.36" www.sbsc.in 199.79.62.221
223.189.157.183 - - [28/Jan/2023:15:34:21 +0000] "GET /pdf/SBSC_Addvertisement.pdf HTTP/2.0" 206 3985390 "https://www.indgovtjobs.in/" "Mozilla/5.0 (Linux; Android 11; CPH2263) AppleWebKit/537.36 (KHTML, like Gecko) Chrome/95.0.4638.74 Mobile Safari/537.36" www.sbsc.in 199.79.62.221
20.92.138.69 - - [28/Jan/2023:15:34:26 +0000] "GET /view-all.php HTTP/2.0" 200 74210 "-" "Mozilla/5.0 (Windows NT 10.0; Win64; x64; rv:81.0) Gecko/20100101 Firefox/81.0" www.sbsc.in 199.79.62.221
157.37.154.207 - - [28/Jan/2023:15:34:38 +0000] "GET /department/commerce HTTP/1.1" 301 248 "https://www.sbsc.in/department_Commerce.php" "Mozilla/5.0 (Linux; Android 11; RMX2193) AppleWebKit/537.36 (KHTML, like Gecko) Chrome/94.0.4606.85 Mobile Safari/537.36" www.sbsc.in 199.79.62.221
157.37.154.207 - - [28/Jan/2023:15:34:37 +0000] "GET /department/commerce HTTP/2.0" 301 248 "https://www.sbsc.in/department_Commerce.php" "Mozilla/5.0 (Linux; Android 11; RMX2193) AppleWebKit/537.36 (KHTML, like Gecko) Chrome/94.0.4606.85 Mobile Safari/537.36" www.sbsc.in 199.79.62.221
157.37.154.207 - - [28/Jan/2023:15:34:38 +0000] "GET /department/commerce/ HTTP/1.1" 403 355 "https://www.sbsc.in/department_Commerce.php" "Mozilla/5.0 (Linux; Android 11; RMX2193) AppleWebKit/537.36 (KHTML, like Gecko) Chrome/94.0.4606.85 Mobile Safari/537.36" www.sbsc.in 199.79.62.221
157.37.154.207 - - [28/Jan/2023:15:34:38 +0000] "GET /department/commerce/ HTTP/2.0" 403 355 "https://www.sbsc.in/department_Commerce.php" "Mozilla/5.0 (Linux; Android 11; RMX2193) AppleWebKit/537.36 (KHTML, like Gecko) Chrome/94.0.4606.85 Mobile Safari/537.36" www.sbsc.in 199.79.62.221
49.36.144.52 - - [28/Jan/2023:15:34:24 +0000] "GET /placement.php HTTP/2.0" 200 47019 "https://www.google.com/" "Mozilla/5.0 (Windows NT 10.0; Win64; x64) AppleWebKit/537.36 (KHTML, like Gecko) Chrome/109.0.0.0 Safari/537.36" www.sbsc.in 199.79.62.221
223.189.157.183 - - [28/Jan/2023:15:34:56 +0000] "GET /pdf/SBSC_Addvertisement.pdf HTTP/2.0" 200 - "https://www.indgovtjobs.in/" "Mozilla/5.0 (Linux; Android 11; CPH2263) AppleWebKit/537.36 (KHTML, like Gecko) Chrome/95.0.4638.74 Mobile Safari/537.36" www.sbsc.in 199.79.62.221
223.189.157.183 - - [28/Jan/2023:15:34:21 +0000] "GET /pdf/SBSC_Addvertisement.pdf HTTP/2.0" 206 1992696 "https://www.indgovtjobs.in/" "Mozilla/5.0 (Linux; Android 11; CPH2263) AppleWebKit/537.36 (KHTML, like Gecko) Chrome/95.0.4638.74 Mobile Safari/537.36" www.sbsc.in 199.79.62.221
223.189.157.183 - - [28/Jan/2023:15:34:26 +0000] "GET /pdf/SBSC_Addvertisement.pdf HTTP/2.0" 206 3985390 "https://www.indgovtjobs.in/" "Mozilla/5.0 (Linux; Android 11; CPH2263) AppleWebKit/537.36 (KHTML, like Gecko) Chrome/95.0.4638.74 Mobile Safari/537.36" www.sbsc.in 199.79.62.221
223.189.157.183 - - [28/Jan/2023:15:34:26 +0000] "GET /pdf/SBSC_Addvertisement.pdf HTTP/2.0" 206 3963959 "https://www.indgovtjobs.in/" "Mozilla/5.0 (Linux; Android 11; CPH2263) AppleWebKit/537.36 (KHTML, like Gecko) Chrome/95.0.4638.74 Mobile Safari/537.36" www.sbsc.in 199.79.62.221
49.36.144.52 - - [28/Jan/2023:15:32:56 +0000] "GET /images/banner/3.jpg HTTP/2.0" 200 207968 "https://www.sbsc.in/" "Mozilla/5.0 (Windows NT 10.0; Win64; x64) AppleWebKit/537.36 (KHTML, like Gecko) Chrome/109.0.0.0 Safari/537.36" www.sbsc.in 199.79.62.221
207.46.13.69 - - [28/Jan/2023:15:35:10 +0000] "GET / HTTP/2.0" 200 45835 "-" "Mozilla/5.0 AppleWebKit/537.36 (KHTML, like Gecko; compatible; bingbot/2.0; +http://www.bing.com/bingbot.htm) Chrome/103.0.5060.134 Safari/537.36" www.sbsc.in 199.79.62.221
194.163.148.250 - - [28/Jan/2023:15:35:17 +0000] "GET /view-all.php HTTP/2.0" 200 74210 "-" "Mozilla/5.0 (Windows NT 10.0; Win64; x64) AppleWebKit/537.36 (KHTML, like Gecko) Chrome/79.0.3945.130 Safari/537.36" www.sbsc.in 199.79.62.221
194.163.148.250 - - [28/Jan/2023:15:35:17 +0000] "GET /css/style.css HTTP/2.0" 200 2565 "https://www.sbsc.in/view-all.php" "Mozilla/5.0 (Windows NT 10.0; Win64; x64) AppleWebKit/537.36 (KHTML, like Gecko) Chrome/79.0.3945.130 Safari/537.36" www.sbsc.in 199.79.62.221
194.163.148.250 - - [28/Jan/2023:15:35:17 +0000] "GET /css/style-new.css HTTP/2.0" 200 352 "https://www.sbsc.in/view-all.php" "Mozilla/5.0 (Windows NT 10.0; Win64; x64) AppleWebKit/537.36 (KHTML, like Gecko) Chrome/79.0.3945.130 Safari/537.36" www.sbsc.in 199.79.62.221
194.163.148.250 - - [28/Jan/2023:15:35:17 +0000] "GET /cssmenu/styles.css HTTP/2.0" 200 1905 "https://www.sbsc.in/view-all.php" "Mozilla/5.0 (Windows NT 10.0; Win64; x64) AppleWebKit/537.36 (KHTML, like Gecko) Chrome/79.0.3945.130 Safari/537.36" www.sbsc.in 199.79.62.221
194.163.148.250 - - [28/Jan/2023:15:35:17 +0000] "GET /cssmenu/script.js HTTP/2.0" 200 675 "https://www.sbsc.in/view-all.php" "Mozilla/5.0 (Windows NT 10.0; Win64; x64) AppleWebKit/537.36 (KHTML, like Gecko) Chrome/79.0.3945.130 Safari/537.36" www.sbsc.in 199.79.62.221
194.163.148.250 - - [28/Jan/2023:15:35:17 +0000] "GET /paytm.jpg HTTP/2.0" 200 7167 "https://www.sbsc.in/view-all.php" "Mozilla/5.0 (Windows NT 10.0; Win64; x64) AppleWebKit/537.36 (KHTML, like Gecko) Chrome/79.0.3945.130 Safari/537.36" www.sbsc.in 199.79.62.221
194.163.148.250 - - [28/Jan/2023:15:35:17 +0000] "GET /js/animation-banner.js HTTP/2.0" 200 964 "https://www.sbsc.in/view-all.php" "Mozilla/5.0 (Windows NT 10.0; Win64; x64) AppleWebKit/537.36 (KHTML, like Gecko) Chrome/79.0.3945.130 Safari/537.36" www.sbsc.in 199.79.62.221
194.163.148.250 - - [28/Jan/2023:15:35:17 +0000] "GET /css/bootstrap.min.css HTTP/2.0" 200 27845 "https://www.sbsc.in/view-all.php" "Mozilla/5.0 (Windows NT 10.0; Win64; x64) AppleWebKit/537.36 (KHTML, like Gecko) Chrome/79.0.3945.130 Safari/537.36" www.sbsc.in 199.79.62.221
194.163.148.250 - - [28/Jan/2023:15:35:17 +0000] "GET /images/phone.png HTTP/2.0" 200 1897 "https://www.sbsc.in/view-all.php" "Mozilla/5.0 (Windows NT 10.0; Win64; x64) AppleWebKit/537.36 (KHTML, like Gecko) Chrome/79.0.3945.130 Safari/537.36" www.sbsc.in 199.79.62.221
194.163.148.250 - - [28/Jan/2023:15:35:17 +0000] "GET /images/email.png HTTP/2.0" 200 1371 "https://www.sbsc.in/view-all.php" "Mozilla/5.0 (Windows NT 10.0; Win64; x64) AppleWebKit/537.36 (KHTML, like Gecko) Chrome/79.0.3945.130 Safari/537.36" www.sbsc.in 199.79.62.221
194.163.148.250 - - [28/Jan/2023:15:35:17 +0000] "GET /images/logo.png HTTP/2.0" 200 36072 "https://www.sbsc.in/view-all.php" "Mozilla/5.0 (Windows NT 10.0; Win64; x64) AppleWebKit/537.36 (KHTML, like Gecko) Chrome/79.0.3945.130 Safari/537.36" www.sbsc.in 199.79.62.221
194.163.148.250 - - [28/Jan/2023:15:35:18 +0000] "GET /images/golden-jubilee-logo.png HTTP/2.0" 200 34899 "https://www.sbsc.in/view-all.php" "Mozilla/5.0 (Windows NT 10.0; Win64; x64) AppleWebKit/537.36 (KHTML, like Gecko) Chrome/79.0.3945.130 Safari/537.36" www.sbsc.in 199.79.62.221
194.163.148.250 - - [28/Jan/2023:15:35:18 +0000] "GET /images/symbol.jpg HTTP/2.0" 200 781 "https://www.sbsc.in/view-all.php" "Mozilla/5.0 (Windows NT 10.0; Win64; x64) AppleWebKit/537.36 (KHTML, like Gecko) Chrome/79.0.3945.130 Safari/537.36" www.sbsc.in 199.79.62.221
194.163.148.250 - - [28/Jan/2023:15:35:18 +0000] "GET /images/banner/3.jpg HTTP/2.0" 200 207968 "https://www.sbsc.in/view-all.php" "Mozilla/5.0 (Windows NT 10.0; Win64; x64) AppleWebKit/537.36 (KHTML, like Gecko) Chrome/79.0.3945.130 Safari/537.36" www.sbsc.in 199.79.62.221
194.163.148.250 - - [28/Jan/2023:15:35:18 +0000] "GET /images/new.gif HTTP/2.0" 200 2455 "https://www.sbsc.in/view-all.php" "Mozilla/5.0 (Windows NT 10.0; Win64; x64) AppleWebKit/537.36 (KHTML, like Gecko) Chrome/79.0.3945.130 Safari/537.36" www.sbsc.in 199.79.62.221
194.163.148.250 - - [28/Jan/2023:15:35:18 +0000] "GET /images/banner/5.jpg HTTP/2.0" 200 170926 "https://www.sbsc.in/view-all.php" "Mozilla/5.0 (Windows NT 10.0; Win64; x64) AppleWebKit/537.36 (KHTML, like Gecko) Chrome/79.0.3945.130 Safari/537.36" www.sbsc.in 199.79.62.221
194.163.148.250 - - [28/Jan/2023:15:35:18 +0000] "GET /images/banner/1.jpg HTTP/2.0" 200 212471 "https://www.sbsc.in/view-all.php" "Mozilla/5.0 (Windows NT 10.0; Win64; x64) AppleWebKit/537.36 (KHTML, like Gecko) Chrome/79.0.3945.130 Safari/537.36" www.sbsc.in 199.79.62.221
194.163.148.250 - - [28/Jan/2023:15:35:18 +0000] "GET /js/bootstrap.min.js HTTP/2.0" 200 13505 "https://www.sbsc.in/view-all.php" "Mozilla/5.0 (Windows NT 10.0; Win64; x64) AppleWebKit/537.36 (KHTML, like Gecko) Chrome/79.0.3945.130 Safari/537.36" www.sbsc.in 199.79.62.221
194.163.148.250 - - [28/Jan/2023:15:35:18 +0000] "GET /fonts/glyphicons-halflings-regular.woff HTTP/2.0" 200 23320 "https://www.sbsc.in/css/bootstrap.min.css" "Mozilla/5.0 (Windows NT 10.0; Win64; x64) AppleWebKit/537.36 (KHTML, like Gecko) Chrome/79.0.3945.130 Safari/537.36" www.sbsc.in 199.79.62.221
194.163.148.250 - - [28/Jan/2023:15:35:18 +0000] "GET /js/jquery.js HTTP/2.0" 200 42291 "https://www.sbsc.in/view-all.php" "Mozilla/5.0 (Windows NT 10.0; Win64; x64) AppleWebKit/537.36 (KHTML, like Gecko) Chrome/79.0.3945.130 Safari/537.36" www.sbsc.in 199.79.62.221
194.163.148.250 - - [28/Jan/2023:15:35:18 +0000] "GET /images/banner/6.jpg HTTP/2.0" 200 127037 "https://www.sbsc.in/view-all.php" "Mozilla/5.0 (Windows NT 10.0; Win64; x64) AppleWebKit/537.36 (KHTML, like Gecko) Chrome/79.0.3945.130 Safari/537.36" www.sbsc.in 199.79.62.221
194.163.148.250 - - [28/Jan/2023:15:35:18 +0000] "GET /images/banner/8.jpg HTTP/2.0" 200 156850 "https://www.sbsc.in/view-all.php" "Mozilla/5.0 (Windows NT 10.0; Win64; x64) AppleWebKit/537.36 (KHTML, like Gecko) Chrome/79.0.3945.130 Safari/537.36" www.sbsc.in 199.79.62.221
194.163.148.250 - - [28/Jan/2023:15:35:18 +0000] "GET /images/banner/12.jpg HTTP/2.0" 200 153729 "https://www.sbsc.in/view-all.php" "Mozilla/5.0 (Windows NT 10.0; Win64; x64) AppleWebKit/537.36 (KHTML, like Gecko) Chrome/79.0.3945.130 Safari/537.36" www.sbsc.in 199.79.62.221
194.163.148.250 - - [28/Jan/2023:15:35:18 +0000] "GET /images/banner/7.jpg HTTP/2.0" 200 179124 "https://www.sbsc.in/view-all.php" "Mozilla/5.0 (Windows NT 10.0; Win64; x64) AppleWebKit/537.36 (KHTML, like Gecko) Chrome/79.0.3945.130 Safari/537.36" www.sbsc.in 199.79.62.221
