43.225.1.109 - - [28/Jan/2023:13:59:57 +0000] "GET /images/alumini.jpg HTTP/2.0" 200 50947 "https://www.sbsc.in/" "Mozilla/5.0 (Linux; Android 12; RMX2121) AppleWebKit/537.36 (KHTML, like Gecko) Chrome/109.0.0.0 Mobile Safari/537.36" www.sbsc.in 199.79.62.221
43.225.1.109 - - [28/Jan/2023:13:59:57 +0000] "GET /images/publication-img.jpg HTTP/2.0" 200 4561 "https://www.sbsc.in/" "Mozilla/5.0 (Linux; Android 12; RMX2121) AppleWebKit/537.36 (KHTML, like Gecko) Chrome/109.0.0.0 Mobile Safari/537.36" www.sbsc.in 199.79.62.221
43.225.1.109 - - [28/Jan/2023:13:59:57 +0000] "GET /images/associations.jpg HTTP/2.0" 200 31703 "https://www.sbsc.in/" "Mozilla/5.0 (Linux; Android 12; RMX2121) AppleWebKit/537.36 (KHTML, like Gecko) Chrome/109.0.0.0 Mobile Safari/537.36" www.sbsc.in 199.79.62.221
43.225.1.109 - - [28/Jan/2023:13:59:57 +0000] "GET /images/event.jpg HTTP/2.0" 200 3517 "https://www.sbsc.in/" "Mozilla/5.0 (Linux; Android 12; RMX2121) AppleWebKit/537.36 (KHTML, like Gecko) Chrome/109.0.0.0 Mobile Safari/537.36" www.sbsc.in 199.79.62.221
43.225.1.109 - - [28/Jan/2023:13:59:57 +0000] "GET /images/tour-img.jpg HTTP/2.0" 200 65976 "https://www.sbsc.in/" "Mozilla/5.0 (Linux; Android 12; RMX2121) AppleWebKit/537.36 (KHTML, like Gecko) Chrome/109.0.0.0 Mobile Safari/537.36" www.sbsc.in 199.79.62.221
43.225.1.109 - - [28/Jan/2023:13:59:57 +0000] "GET /images/IMG-20210727-WA0011.jpg HTTP/2.0" 200 154646 "https://www.sbsc.in/" "Mozilla/5.0 (Linux; Android 12; RMX2121) AppleWebKit/537.36 (KHTML, like Gecko) Chrome/109.0.0.0 Mobile Safari/537.36" www.sbsc.in 199.79.62.221
43.225.1.109 - - [28/Jan/2023:13:59:57 +0000] "GET /images/research-img.jpg HTTP/2.0" 200 3596 "https://www.sbsc.in/" "Mozilla/5.0 (Linux; Android 12; RMX2121) AppleWebKit/537.36 (KHTML, like Gecko) Chrome/109.0.0.0 Mobile Safari/537.36" www.sbsc.in 199.79.62.221
43.225.1.109 - - [28/Jan/2023:13:59:58 +0000] "GET /images/Conference.jpg HTTP/2.0" 200 3631 "https://www.sbsc.in/" "Mozilla/5.0 (Linux; Android 12; RMX2121) AppleWebKit/537.36 (KHTML, like Gecko) Chrome/109.0.0.0 Mobile Safari/537.36" www.sbsc.in 199.79.62.221
43.225.1.109 - - [28/Jan/2023:13:59:58 +0000] "GET /fonts/glyphicons-halflings-regular.woff HTTP/2.0" 200 23320 "https://www.sbsc.in/css/bootstrap.min.css" "Mozilla/5.0 (Linux; Android 12; RMX2121) AppleWebKit/537.36 (KHTML, like Gecko) Chrome/109.0.0.0 Mobile Safari/537.36" www.sbsc.in 199.79.62.221
106.221.57.192 - - [28/Jan/2023:13:59:57 +0000] "GET /cssmenu/script.js HTTP/2.0" 200 675 "-" "Mozilla/5.0 (Linux; Android 13; LE2121) AppleWebKit/537.36 (KHTML, like Gecko) Chrome/108.0.0.0 Mobile Safari/537.36" www.sbsc.in 199.79.62.221
106.221.57.192 - - [28/Jan/2023:13:59:59 +0000] "GET /js/animation-banner.js HTTP/2.0" 200 964 "https://www.sbsc.in/about_department_commerce.php" "Mozilla/5.0 (Linux; Android 13; LE2121) AppleWebKit/537.36 (KHTML, like Gecko) Chrome/108.0.0.0 Mobile Safari/537.36" www.sbsc.in 199.79.62.221
106.221.57.192 - - [28/Jan/2023:13:59:59 +0000] "GET /js/jquery.js HTTP/2.0" 200 42291 "https://www.sbsc.in/about_department_commerce.php" "Mozilla/5.0 (Linux; Android 13; LE2121) AppleWebKit/537.36 (KHTML, like Gecko) Chrome/108.0.0.0 Mobile Safari/537.36" www.sbsc.in 199.79.62.221
103.72.74.57 - - [28/Jan/2023:13:59:37 +0000] "GET /images/event.jpg HTTP/2.0" 200 3517 "https://www.sbsc.in/" "Mozilla/5.0 (Linux; Android 13; NE2211) AppleWebKit/537.36 (KHTML, like Gecko) Chrome/108.0.5359.128 Mobile Safari/537.36 OPR/73.1.3844.69816" www.sbsc.in 199.79.62.221
103.72.74.57 - - [28/Jan/2023:13:59:37 +0000] "GET /images/banner/4.jpg HTTP/2.0" 200 172167 "https://www.sbsc.in/" "Mozilla/5.0 (Linux; Android 13; NE2211) AppleWebKit/537.36 (KHTML, like Gecko) Chrome/108.0.5359.128 Mobile Safari/537.36 OPR/73.1.3844.69816" www.sbsc.in 199.79.62.221
106.221.57.192 - - [28/Jan/2023:14:00:00 +0000] "GET /js/bootstrap.min.js HTTP/2.0" 200 13505 "https://www.sbsc.in/about_department_commerce.php" "Mozilla/5.0 (Linux; Android 13; LE2121) AppleWebKit/537.36 (KHTML, like Gecko) Chrome/108.0.0.0 Mobile Safari/537.36" www.sbsc.in 199.79.62.221
106.221.57.192 - - [28/Jan/2023:14:00:02 +0000] "GET /paytm.jpg HTTP/2.0" 200 7167 "https://www.sbsc.in/about_department_commerce.php" "Mozilla/5.0 (Linux; Android 13; LE2121) AppleWebKit/537.36 (KHTML, like Gecko) Chrome/108.0.0.0 Mobile Safari/537.36" www.sbsc.in 199.79.62.221
106.221.57.192 - - [28/Jan/2023:14:00:02 +0000] "GET /images/phone.png HTTP/2.0" 200 1897 "https://www.sbsc.in/about_department_commerce.php" "Mozilla/5.0 (Linux; Android 13; LE2121) AppleWebKit/537.36 (KHTML, like Gecko) Chrome/108.0.0.0 Mobile Safari/537.36" www.sbsc.in 199.79.62.221
106.221.57.192 - - [28/Jan/2023:14:00:02 +0000] "GET /images/logo.png HTTP/2.0" 200 36072 "https://www.sbsc.in/about_department_commerce.php" "Mozilla/5.0 (Linux; Android 13; LE2121) AppleWebKit/537.36 (KHTML, like Gecko) Chrome/108.0.0.0 Mobile Safari/537.36" www.sbsc.in 199.79.62.221
106.221.57.192 - - [28/Jan/2023:14:00:02 +0000] "GET /images/email.png HTTP/2.0" 200 1371 "https://www.sbsc.in/about_department_commerce.php" "Mozilla/5.0 (Linux; Android 13; LE2121) AppleWebKit/537.36 (KHTML, like Gecko) Chrome/108.0.0.0 Mobile Safari/537.36" www.sbsc.in 199.79.62.221
106.221.57.192 - - [28/Jan/2023:14:00:02 +0000] "GET /images/symbol.jpg HTTP/2.0" 200 781 "https://www.sbsc.in/about_department_commerce.php" "Mozilla/5.0 (Linux; Android 13; LE2121) AppleWebKit/537.36 (KHTML, like Gecko) Chrome/108.0.0.0 Mobile Safari/537.36" www.sbsc.in 199.79.62.221
106.221.57.192 - - [28/Jan/2023:14:00:02 +0000] "GET /images/new.gif HTTP/2.0" 200 2455 "https://www.sbsc.in/about_department_commerce.php" "Mozilla/5.0 (Linux; Android 13; LE2121) AppleWebKit/537.36 (KHTML, like Gecko) Chrome/108.0.0.0 Mobile Safari/537.36" www.sbsc.in 199.79.62.221
106.221.57.192 - - [28/Jan/2023:14:00:02 +0000] "GET /images/golden-jubilee-logo.png HTTP/2.0" 200 34899 "https://www.sbsc.in/about_department_commerce.php" "Mozilla/5.0 (Linux; Android 13; LE2121) AppleWebKit/537.36 (KHTML, like Gecko) Chrome/108.0.0.0 Mobile Safari/537.36" www.sbsc.in 199.79.62.221
43.225.1.109 - - [28/Jan/2023:13:59:57 +0000] "GET /images/placement1.JPG HTTP/2.0" 200 11070724 "https://www.sbsc.in/" "Mozilla/5.0 (Linux; Android 12; RMX2121) AppleWebKit/537.36 (KHTML, like Gecko) Chrome/109.0.0.0 Mobile Safari/537.36" www.sbsc.in 199.79.62.221
106.221.57.192 - - [28/Jan/2023:14:00:03 +0000] "GET /images/banner/1.jpg HTTP/2.0" 200 212471 "https://www.sbsc.in/about_department_commerce.php" "Mozilla/5.0 (Linux; Android 13; LE2121) AppleWebKit/537.36 (KHTML, like Gecko) Chrome/108.0.0.0 Mobile Safari/537.36" www.sbsc.in 199.79.62.221
106.221.57.192 - - [28/Jan/2023:14:00:03 +0000] "GET /images/icon_2.jpg HTTP/2.0" 200 8325 "https://www.sbsc.in/css/style-new.css" "Mozilla/5.0 (Linux; Android 13; LE2121) AppleWebKit/537.36 (KHTML, like Gecko) Chrome/108.0.0.0 Mobile Safari/537.36" www.sbsc.in 199.79.62.221
106.221.57.192 - - [28/Jan/2023:14:00:03 +0000] "GET /images/banner/4.jpg HTTP/2.0" 200 172167 "https://www.sbsc.in/about_department_commerce.php" "Mozilla/5.0 (Linux; Android 13; LE2121) AppleWebKit/537.36 (KHTML, like Gecko) Chrome/108.0.0.0 Mobile Safari/537.36" www.sbsc.in 199.79.62.221
106.221.57.192 - - [28/Jan/2023:14:00:03 +0000] "GET /images/banner/2.jpg HTTP/2.0" 200 197131 "https://www.sbsc.in/about_department_commerce.php" "Mozilla/5.0 (Linux; Android 13; LE2121) AppleWebKit/537.36 (KHTML, like Gecko) Chrome/108.0.0.0 Mobile Safari/537.36" www.sbsc.in 199.79.62.221
106.221.57.192 - - [28/Jan/2023:14:00:03 +0000] "GET /images/banner/3.jpg HTTP/2.0" 200 207968 "https://www.sbsc.in/about_department_commerce.php" "Mozilla/5.0 (Linux; Android 13; LE2121) AppleWebKit/537.36 (KHTML, like Gecko) Chrome/108.0.0.0 Mobile Safari/537.36" www.sbsc.in 199.79.62.221
106.221.57.192 - - [28/Jan/2023:14:00:03 +0000] "GET /images/banner/5.jpg HTTP/2.0" 200 170926 "https://www.sbsc.in/about_department_commerce.php" "Mozilla/5.0 (Linux; Android 13; LE2121) AppleWebKit/537.36 (KHTML, like Gecko) Chrome/108.0.0.0 Mobile Safari/537.36" www.sbsc.in 199.79.62.221
106.221.57.192 - - [28/Jan/2023:14:00:04 +0000] "GET /images/banner/6.jpg HTTP/2.0" 200 127037 "https://www.sbsc.in/about_department_commerce.php" "Mozilla/5.0 (Linux; Android 13; LE2121) AppleWebKit/537.36 (KHTML, like Gecko) Chrome/108.0.0.0 Mobile Safari/537.36" www.sbsc.in 199.79.62.221
106.221.57.192 - - [28/Jan/2023:14:00:04 +0000] "GET /images/banner/7.jpg HTTP/2.0" 200 179124 "https://www.sbsc.in/about_department_commerce.php" "Mozilla/5.0 (Linux; Android 13; LE2121) AppleWebKit/537.36 (KHTML, like Gecko) Chrome/108.0.0.0 Mobile Safari/537.36" www.sbsc.in 199.79.62.221
43.225.1.109 - - [28/Jan/2023:14:00:04 +0000] "GET /favicon.ico HTTP/1.1" 404 355 "https://www.sbsc.in/" "Mozilla/5.0 (Linux; Android 12; RMX2121) AppleWebKit/537.36 (KHTML, like Gecko) Chrome/109.0.0.0 Mobile Safari/537.36" www.sbsc.in 199.79.62.221
103.72.74.57 - - [28/Jan/2023:13:59:37 +0000] "GET /images/research-img.jpg HTTP/2.0" 200 3596 "https://www.sbsc.in/" "Mozilla/5.0 (Linux; Android 13; NE2211) AppleWebKit/537.36 (KHTML, like Gecko) Chrome/108.0.5359.128 Mobile Safari/537.36 OPR/73.1.3844.69816" www.sbsc.in 199.79.62.221
103.72.74.57 - - [28/Jan/2023:13:59:37 +0000] "GET /images/banner/5.jpg HTTP/2.0" 200 170926 "https://www.sbsc.in/" "Mozilla/5.0 (Linux; Android 13; NE2211) AppleWebKit/537.36 (KHTML, like Gecko) Chrome/108.0.5359.128 Mobile Safari/537.36 OPR/73.1.3844.69816" www.sbsc.in 199.79.62.221
106.221.57.192 - - [28/Jan/2023:14:00:04 +0000] "GET /images/banner/8.jpg HTTP/2.0" 200 156850 "https://www.sbsc.in/about_department_commerce.php" "Mozilla/5.0 (Linux; Android 13; LE2121) AppleWebKit/537.36 (KHTML, like Gecko) Chrome/108.0.0.0 Mobile Safari/537.36" www.sbsc.in 199.79.62.221
106.221.57.192 - - [28/Jan/2023:14:00:04 +0000] "GET /images/banner/9.jpg HTTP/2.0" 200 167238 "https://www.sbsc.in/about_department_commerce.php" "Mozilla/5.0 (Linux; Android 13; LE2121) AppleWebKit/537.36 (KHTML, like Gecko) Chrome/108.0.0.0 Mobile Safari/537.36" www.sbsc.in 199.79.62.221
106.221.57.192 - - [28/Jan/2023:14:00:05 +0000] "GET /images/banner/10.jpg HTTP/2.0" 200 211781 "https://www.sbsc.in/about_department_commerce.php" "Mozilla/5.0 (Linux; Android 13; LE2121) AppleWebKit/537.36 (KHTML, like Gecko) Chrome/108.0.0.0 Mobile Safari/537.36" www.sbsc.in 199.79.62.221
106.221.57.192 - - [28/Jan/2023:14:00:05 +0000] "GET /images/banner/11.jpg HTTP/2.0" 200 186118 "https://www.sbsc.in/about_department_commerce.php" "Mozilla/5.0 (Linux; Android 13; LE2121) AppleWebKit/537.36 (KHTML, like Gecko) Chrome/108.0.0.0 Mobile Safari/537.36" www.sbsc.in 199.79.62.221
106.221.57.192 - - [28/Jan/2023:14:00:05 +0000] "GET /images/banner/12.jpg HTTP/2.0" 200 153729 "https://www.sbsc.in/about_department_commerce.php" "Mozilla/5.0 (Linux; Android 13; LE2121) AppleWebKit/537.36 (KHTML, like Gecko) Chrome/108.0.0.0 Mobile Safari/537.36" www.sbsc.in 199.79.62.221
106.221.57.192 - - [28/Jan/2023:14:00:05 +0000] "GET /images/Commerce-img.jpg HTTP/2.0" 200 238633 "https://www.sbsc.in/about_department_commerce.php" "Mozilla/5.0 (Linux; Android 13; LE2121) AppleWebKit/537.36 (KHTML, like Gecko) Chrome/108.0.0.0 Mobile Safari/537.36" www.sbsc.in 199.79.62.221
106.221.57.192 - - [28/Jan/2023:14:00:08 +0000] "GET /images/Commerce-img2.jpg HTTP/2.0" 200 257231 "https://www.sbsc.in/about_department_commerce.php" "Mozilla/5.0 (Linux; Android 13; LE2121) AppleWebKit/537.36 (KHTML, like Gecko) Chrome/108.0.0.0 Mobile Safari/537.36" www.sbsc.in 199.79.62.221
106.221.57.192 - - [28/Jan/2023:14:00:08 +0000] "GET /fonts/glyphicons-halflings-regular.woff HTTP/2.0" 200 23320 "https://www.sbsc.in/css/bootstrap.min.css" "Mozilla/5.0 (Linux; Android 13; LE2121) AppleWebKit/537.36 (KHTML, like Gecko) Chrome/108.0.0.0 Mobile Safari/537.36" www.sbsc.in 199.79.62.221
106.221.57.192 - - [28/Jan/2023:14:00:08 +0000] "GET /images/Commerce-img3.jpg HTTP/2.0" 200 242131 "https://www.sbsc.in/about_department_commerce.php" "Mozilla/5.0 (Linux; Android 13; LE2121) AppleWebKit/537.36 (KHTML, like Gecko) Chrome/108.0.0.0 Mobile Safari/537.36" www.sbsc.in 199.79.62.221
106.221.57.192 - - [28/Jan/2023:14:00:08 +0000] "GET /about_department_commerce.php HTTP/1.1" 200 44829 "https://www.google.com/" "Mozilla/5.0 (Linux; Android 13; LE2121) AppleWebKit/537.36 (KHTML, like Gecko) Chrome/108.0.0.0 Mobile Safari/537.36" www.sbsc.in 199.79.62.221
106.221.57.192 - - [28/Jan/2023:14:00:08 +0000] "GET /about_department_commerce.php HTTP/2.0" 200 44829 "https://www.google.com/" "Mozilla/5.0 (Linux; Android 13; LE2121) AppleWebKit/537.36 (KHTML, like Gecko) Chrome/108.0.0.0 Mobile Safari/537.36" www.sbsc.in 199.79.62.221
43.225.1.109 - - [28/Jan/2023:14:00:04 +0000] "GET /favicon.ico HTTP/2.0" 404 355 "https://www.sbsc.in/" "Mozilla/5.0 (Linux; Android 12; RMX2121) AppleWebKit/537.36 (KHTML, like Gecko) Chrome/109.0.0.0 Mobile Safari/537.36" www.sbsc.in 199.79.62.221
106.221.57.192 - - [28/Jan/2023:14:00:11 +0000] "GET /department_Commerce_Course-&-Syllabus.php HTTP/1.1" 200 42759 "https://www.sbsc.in/about_department_commerce.php" "Mozilla/5.0 (Linux; Android 13; LE2121) AppleWebKit/537.36 (KHTML, like Gecko) Chrome/108.0.0.0 Mobile Safari/537.36" www.sbsc.in 199.79.62.221
103.72.74.57 - - [28/Jan/2023:13:59:37 +0000] "GET /images/publication-img.jpg HTTP/2.0" 200 4561 "https://www.sbsc.in/" "Mozilla/5.0 (Linux; Android 13; NE2211) AppleWebKit/537.36 (KHTML, like Gecko) Chrome/108.0.5359.128 Mobile Safari/537.36 OPR/73.1.3844.69816" www.sbsc.in 199.79.62.221
103.72.74.57 - - [28/Jan/2023:13:59:37 +0000] "GET /images/banner/6.jpg HTTP/2.0" 200 127037 "https://www.sbsc.in/" "Mozilla/5.0 (Linux; Android 13; NE2211) AppleWebKit/537.36 (KHTML, like Gecko) Chrome/108.0.5359.128 Mobile Safari/537.36 OPR/73.1.3844.69816" www.sbsc.in 199.79.62.221
106.221.57.192 - - [28/Jan/2023:14:00:11 +0000] "GET /department_Commerce_Course-&-Syllabus.php HTTP/2.0" 200 42759 "https://www.sbsc.in/about_department_commerce.php" "Mozilla/5.0 (Linux; Android 13; LE2121) AppleWebKit/537.36 (KHTML, like Gecko) Chrome/108.0.0.0 Mobile Safari/537.36" www.sbsc.in 199.79.62.221
106.221.57.192 - - [28/Jan/2023:14:00:13 +0000] "GET /favicon.ico HTTP/1.1" 404 355 "https://www.sbsc.in/department_Commerce_Course-&-Syllabus.php" "Mozilla/5.0 (Linux; Android 13; LE2121) AppleWebKit/537.36 (KHTML, like Gecko) Chrome/108.0.0.0 Mobile Safari/537.36" www.sbsc.in 199.79.62.221
106.221.57.192 - - [28/Jan/2023:14:00:13 +0000] "GET /favicon.ico HTTP/2.0" 404 355 "https://www.sbsc.in/department_Commerce_Course-&-Syllabus.php" "Mozilla/5.0 (Linux; Android 13; LE2121) AppleWebKit/537.36 (KHTML, like Gecko) Chrome/108.0.0.0 Mobile Safari/537.36" www.sbsc.in 199.79.62.221
106.221.57.192 - - [28/Jan/2023:14:00:15 +0000] "GET /department_Commerce_Course-&-Syllabus.php HTTP/1.1" 200 42759 "https://www.sbsc.in/department_Commerce_Course-&-Syllabus.php" "Mozilla/5.0 (Linux; Android 13; LE2121) AppleWebKit/537.36 (KHTML, like Gecko) Chrome/108.0.0.0 Mobile Safari/537.36" www.sbsc.in 199.79.62.221
103.72.74.57 - - [28/Jan/2023:13:59:37 +0000] "GET /images/banner/7.jpg HTTP/2.0" 200 179124 "https://www.sbsc.in/" "Mozilla/5.0 (Linux; Android 13; NE2211) AppleWebKit/537.36 (KHTML, like Gecko) Chrome/108.0.5359.128 Mobile Safari/537.36 OPR/73.1.3844.69816" www.sbsc.in 199.79.62.221
106.221.57.192 - - [28/Jan/2023:14:00:15 +0000] "GET /department_Commerce_Course-&-Syllabus.php HTTP/2.0" 200 42759 "https://www.sbsc.in/department_Commerce_Course-&-Syllabus.php" "Mozilla/5.0 (Linux; Android 13; LE2121) AppleWebKit/537.36 (KHTML, like Gecko) Chrome/108.0.0.0 Mobile Safari/537.36" www.sbsc.in 199.79.62.221
103.72.74.57 - - [28/Jan/2023:13:59:37 +0000] "GET /images/banner/8.jpg HTTP/2.0" 200 156850 "https://www.sbsc.in/" "Mozilla/5.0 (Linux; Android 13; NE2211) AppleWebKit/537.36 (KHTML, like Gecko) Chrome/108.0.5359.128 Mobile Safari/537.36 OPR/73.1.3844.69816" www.sbsc.in 199.79.62.221
103.72.74.57 - - [28/Jan/2023:13:59:37 +0000] "GET /images/banner/9.jpg HTTP/2.0" 200 167238 "https://www.sbsc.in/" "Mozilla/5.0 (Linux; Android 13; NE2211) AppleWebKit/537.36 (KHTML, like Gecko) Chrome/108.0.5359.128 Mobile Safari/537.36 OPR/73.1.3844.69816" www.sbsc.in 199.79.62.221
49.36.168.247 - - [28/Jan/2023:14:00:34 +0000] "GET / HTTP/1.1" 200 45835 "-" "Mozilla/5.0 (Linux; Android 10; SM-M315F) AppleWebKit/537.36 (KHTML, like Gecko) Chrome/109.0.0.0 Mobile Safari/537.36" www.sbsc.in 199.79.62.221
103.72.74.57 - - [28/Jan/2023:13:59:37 +0000] "GET /images/banner/10.jpg HTTP/2.0" 200 211781 "https://www.sbsc.in/" "Mozilla/5.0 (Linux; Android 13; NE2211) AppleWebKit/537.36 (KHTML, like Gecko) Chrome/108.0.5359.128 Mobile Safari/537.36 OPR/73.1.3844.69816" www.sbsc.in 199.79.62.221
49.36.168.247 - - [28/Jan/2023:14:00:34 +0000] "GET / HTTP/2.0" 200 45835 "-" "Mozilla/5.0 (Linux; Android 10; SM-M315F) AppleWebKit/537.36 (KHTML, like Gecko) Chrome/109.0.0.0 Mobile Safari/537.36" www.sbsc.in 199.79.62.221
103.72.74.57 - - [28/Jan/2023:13:59:37 +0000] "GET /images/placement1.JPG HTTP/2.0" 200 81639 "https://www.sbsc.in/" "Mozilla/5.0 (Linux; Android 13; NE2211) AppleWebKit/537.36 (KHTML, like Gecko) Chrome/108.0.5359.128 Mobile Safari/537.36 OPR/73.1.3844.69816" www.sbsc.in 199.79.62.221
103.72.74.57 - - [28/Jan/2023:13:59:37 +0000] "GET /images/latest_news.png HTTP/2.0" 200 2953 "https://www.sbsc.in/" "Mozilla/5.0 (Linux; Android 13; NE2211) AppleWebKit/537.36 (KHTML, like Gecko) Chrome/108.0.5359.128 Mobile Safari/537.36 OPR/73.1.3844.69816" sbsc.in 199.79.62.221
103.72.74.57 - - [28/Jan/2023:13:59:37 +0000] "GET /images/Conference.jpg HTTP/2.0" 200 3631 "https://www.sbsc.in/" "Mozilla/5.0 (Linux; Android 13; NE2211) AppleWebKit/537.36 (KHTML, like Gecko) Chrome/108.0.5359.128 Mobile Safari/537.36 OPR/73.1.3844.69816" www.sbsc.in 199.79.62.221
103.72.74.57 - - [28/Jan/2023:13:59:37 +0000] "GET /images/IMG-20210727-WA0011.jpg HTTP/2.0" 200 154646 "https://www.sbsc.in/" "Mozilla/5.0 (Linux; Android 13; NE2211) AppleWebKit/537.36 (KHTML, like Gecko) Chrome/108.0.5359.128 Mobile Safari/537.36 OPR/73.1.3844.69816" www.sbsc.in 199.79.62.221
103.72.74.57 - - [28/Jan/2023:13:59:37 +0000] "GET /images/tour-img.jpg HTTP/2.0" 200 65976 "https://www.sbsc.in/" "Mozilla/5.0 (Linux; Android 13; NE2211) AppleWebKit/537.36 (KHTML, like Gecko) Chrome/108.0.5359.128 Mobile Safari/537.36 OPR/73.1.3844.69816" www.sbsc.in 199.79.62.221
103.72.74.57 - - [28/Jan/2023:13:59:37 +0000] "GET /images/associations.jpg HTTP/2.0" 200 31703 "https://www.sbsc.in/" "Mozilla/5.0 (Linux; Android 13; NE2211) AppleWebKit/537.36 (KHTML, like Gecko) Chrome/108.0.5359.128 Mobile Safari/537.36 OPR/73.1.3844.69816" www.sbsc.in 199.79.62.221
103.72.74.57 - - [28/Jan/2023:13:59:37 +0000] "GET /images/alumini.jpg HTTP/2.0" 200 50947 "https://www.sbsc.in/" "Mozilla/5.0 (Linux; Android 13; NE2211) AppleWebKit/537.36 (KHTML, like Gecko) Chrome/108.0.5359.128 Mobile Safari/537.36 OPR/73.1.3844.69816" www.sbsc.in 199.79.62.221
103.72.74.57 - - [28/Jan/2023:13:59:37 +0000] "GET /images/jubliee-img.jpg HTTP/2.0" 200 88706 "https://www.sbsc.in/" "Mozilla/5.0 (Linux; Android 13; NE2211) AppleWebKit/537.36 (KHTML, like Gecko) Chrome/108.0.5359.128 Mobile Safari/537.36 OPR/73.1.3844.69816" www.sbsc.in 199.79.62.221
103.72.74.57 - - [28/Jan/2023:13:59:37 +0000] "GET /images/banner/11.jpg HTTP/2.0" 200 186118 "https://www.sbsc.in/" "Mozilla/5.0 (Linux; Android 13; NE2211) AppleWebKit/537.36 (KHTML, like Gecko) Chrome/108.0.5359.128 Mobile Safari/537.36 OPR/73.1.3844.69816" www.sbsc.in 199.79.62.221
103.72.74.57 - - [28/Jan/2023:13:59:37 +0000] "GET /images/banner/12.jpg HTTP/2.0" 200 153729 "https://www.sbsc.in/" "Mozilla/5.0 (Linux; Android 13; NE2211) AppleWebKit/537.36 (KHTML, like Gecko) Chrome/108.0.5359.128 Mobile Safari/537.36 OPR/73.1.3844.69816" www.sbsc.in 199.79.62.221
114.119.155.13 - - [28/Jan/2023:14:00:38 +0000] "GET /uploads/pdf/1665744372_2020-21.pdf HTTP/1.1" 406 226 "https://sbsc.in/ICC.php" "Mozilla/5.0 (Linux; Android 7.0;) AppleWebKit/537.36 (KHTML, like Gecko) Mobile Safari/537.36 (compatible; PetalBot;+https://webmaster.petalsearch.com/site/petalbot)" sbsc.in 199.79.62.221
49.36.168.247 - - [28/Jan/2023:14:00:38 +0000] "GET /images/placement1.JPG HTTP/2.0" 206 1 "https://www.sbsc.in/" "Mozilla/5.0 (Linux; Android 10; SM-M315F) AppleWebKit/537.36 (KHTML, like Gecko) Chrome/109.0.0.0 Mobile Safari/537.36" www.sbsc.in 199.79.62.221
43.225.1.109 - - [28/Jan/2023:14:00:41 +0000] "GET /career-guidance-cell.php HTTP/1.1" 200 43135 "https://www.sbsc.in/" "Mozilla/5.0 (Linux; Android 12; RMX2121) AppleWebKit/537.36 (KHTML, like Gecko) Chrome/109.0.0.0 Mobile Safari/537.36" www.sbsc.in 199.79.62.221
43.225.1.109 - - [28/Jan/2023:14:00:40 +0000] "GET /career-guidance-cell.php HTTP/2.0" 200 43135 "https://www.sbsc.in/" "Mozilla/5.0 (Linux; Android 12; RMX2121) AppleWebKit/537.36 (KHTML, like Gecko) Chrome/109.0.0.0 Mobile Safari/537.36" www.sbsc.in 199.79.62.221
49.36.168.247 - - [28/Jan/2023:14:00:44 +0000] "GET /appointment-of-assistant-professors.php HTTP/2.0" 200 42596 "https://www.sbsc.in/" "Mozilla/5.0 (Linux; Android 10; SM-M315F) AppleWebKit/537.36 (KHTML, like Gecko) Chrome/109.0.0.0 Mobile Safari/537.36" www.sbsc.in 199.79.62.221
52.154.240.110 - - [28/Jan/2023:14:00:49 +0000] "GET / HTTP/2.0" 200 45835 "-" "Mozilla/5.0 (Windows NT 10.0; Win64; x64; rv:81.0) Gecko/20100101 Firefox/81.0" www.sbsc.in 199.79.62.221
66.249.75.106 - - [28/Jan/2023:14:00:56 +0000] "GET /internal_assessment.php/uploads/pdf/1615792365_OBE_guidelines.pdf HTTP/1.1" 200 43991 "-" "Mozilla/5.0 (Linux; Android 6.0.1; Nexus 5X Build/MMB29P) AppleWebKit/537.36 (KHTML, like Gecko) Chrome/109.0.5414.101 Mobile Safari/537.36 (compatible; Googlebot/2.1; +http://www.google.com/bot.html)" www.sbsc.in 199.79.62.221
66.249.75.106 - - [28/Jan/2023:14:01:01 +0000] "GET /students_aid_fund.php HTTP/1.1" 200 42804 "-" "Mozilla/5.0 (Linux; Android 6.0.1; Nexus 5X Build/MMB29P) AppleWebKit/537.36 (KHTML, like Gecko) Chrome/109.0.5414.101 Mobile Safari/537.36 (compatible; Googlebot/2.1; +http://www.google.com/bot.html)" www.sbsc.in 199.79.62.221
66.249.75.106 - - [28/Jan/2023:14:01:01 +0000] "GET /students_aid_fund.php HTTP/1.1" 200 42804 "-" "Mozilla/5.0 (Linux; Android 6.0.1; Nexus 5X Build/MMB29P) AppleWebKit/537.36 (KHTML, like Gecko) Chrome/109.0.5414.101 Mobile Safari/537.36 (compatible; Googlebot/2.1; +http://www.google.com/bot.html)" www.sbsc.in 199.79.62.221
66.249.75.108 - - [28/Jan/2023:14:01:09 +0000] "GET /images/banner_sbsc.jpg HTTP/1.1" 404 355 "https://www.sbsc.in/students_aid_fund.php" "Mozilla/5.0 (Linux; Android 6.0.1; Nexus 5X Build/MMB29P) AppleWebKit/537.36 (KHTML, like Gecko) Chrome/109.0.5414.101 Mobile Safari/537.36 (compatible; Googlebot/2.1; +http://www.google.com/bot.html)" www.sbsc.in 199.79.62.221
49.36.168.247 - - [28/Jan/2023:14:00:39 +0000] "GET /images/placement1.JPG HTTP/2.0" 206 1015489 "https://www.sbsc.in/" "Mozilla/5.0 (Linux; Android 10; SM-M315F) AppleWebKit/537.36 (KHTML, like Gecko) Chrome/109.0.0.0 Mobile Safari/537.36" www.sbsc.in 199.79.62.221
49.36.168.247 - - [28/Jan/2023:14:01:11 +0000] "GET /favicon.ico HTTP/1.1" 404 355 "https://www.sbsc.in/appointment-of-assistant-professors.php" "Mozilla/5.0 (Linux; Android 10; SM-M315F) AppleWebKit/537.36 (KHTML, like Gecko) Chrome/109.0.0.0 Mobile Safari/537.36" www.sbsc.in 199.79.62.221
49.36.168.247 - - [28/Jan/2023:14:01:11 +0000] "GET /favicon.ico HTTP/2.0" 404 355 "https://www.sbsc.in/appointment-of-assistant-professors.php" "Mozilla/5.0 (Linux; Android 10; SM-M315F) AppleWebKit/537.36 (KHTML, like Gecko) Chrome/109.0.0.0 Mobile Safari/537.36" www.sbsc.in 199.79.62.221
49.36.168.247 - - [28/Jan/2023:14:01:14 +0000] "GET /images/placement1.JPG HTTP/2.0" 206 1 "https://www.sbsc.in/" "Mozilla/5.0 (Linux; Android 10; SM-M315F) AppleWebKit/537.36 (KHTML, like Gecko) Chrome/109.0.0.0 Mobile Safari/537.36" www.sbsc.in 199.79.62.221
157.55.39.26 - - [28/Jan/2023:14:01:15 +0000] "GET /pdf/resources/1586339440_GAME_THEORY-_PRACTICE_QUESTIONS.pdf HTTP/2.0" 404 355 "-" "Mozilla/5.0 AppleWebKit/537.36 (KHTML, like Gecko; compatible; bingbot/2.0; +http://www.bing.com/bingbot.htm) Chrome/103.0.5060.134 Safari/537.36" www.sbsc.in 199.79.62.221
66.249.75.106 - - [28/Jan/2023:14:01:18 +0000] "GET /internal_assessment.php/pdf/internal_assessment_comittee.php HTTP/1.1" 200 43991 "-" "Mozilla/5.0 (Linux; Android 6.0.1; Nexus 5X Build/MMB29P) AppleWebKit/537.36 (KHTML, like Gecko) Chrome/109.0.5414.101 Mobile Safari/537.36 (compatible; Googlebot/2.1; +http://www.google.com/bot.html)" www.sbsc.in 199.79.62.221
66.249.75.106 - - [28/Jan/2023:14:01:18 +0000] "GET /internal_assessment.php/pdf/internal_assessment_comittee.php HTTP/1.1" 200 43991 "-" "Mozilla/5.0 (Linux; Android 6.0.1; Nexus 5X Build/MMB29P) AppleWebKit/537.36 (KHTML, like Gecko) Chrome/109.0.5414.101 Mobile Safari/537.36 (compatible; Googlebot/2.1; +http://www.google.com/bot.html)" www.sbsc.in 199.79.62.221
64.233.173.243 - - [28/Jan/2023:14:01:38 +0000] "GET /.well-known/traffic-advice HTTP/1.1" 404 355 "-" "Chrome Privacy Preserving Prefetch Proxy" www.sbsc.in 199.79.62.221
64.233.173.243 - - [28/Jan/2023:14:01:38 +0000] "GET /.well-known/traffic-advice HTTP/1.1" 404 355 "-" "Chrome Privacy Preserving Prefetch Proxy" www.sbsc.in 199.79.62.221
193.186.4.141 - - [28/Jan/2023:14:01:38 +0000] "GET / HTTP/2.0" 200 45835 "-" "Mozilla/5.0 (Linux; Android 10; K) AppleWebKit/537.36 (KHTML, like Gecko) Chrome/109.0.0.0 Mobile Safari/537.36" www.sbsc.in 199.79.62.221
43.225.1.109 - - [28/Jan/2023:14:02:18 +0000] "GET / HTTP/2.0" 200 45835 "https://www.google.com/" "Mozilla/5.0 (Linux; Android 12; RMX2121) AppleWebKit/537.36 (KHTML, like Gecko) Chrome/109.0.0.0 Mobile Safari/537.36" www.sbsc.in 199.79.62.221
119.160.57.200 - - [28/Jan/2023:14:02:19 +0000] "GET /pdf/resources/1585914508_Water_Pollution.pdf HTTP/2.0" 404 355 "https://www.google.com.pk/" "Mozilla/5.0 (Linux; Android 9; Infinix X652A) AppleWebKit/537.36 (KHTML, like Gecko) Chrome/90.0.4430.91 Mobile Safari/537.36" www.sbsc.in 199.79.62.221
119.160.57.200 - - [28/Jan/2023:14:02:20 +0000] "GET /favicon.ico HTTP/1.1" 404 355 "https://www.sbsc.in/pdf/resources/1585914508_Water_Pollution.pdf" "Mozilla/5.0 (Linux; Android 9; Infinix X652A) AppleWebKit/537.36 (KHTML, like Gecko) Chrome/90.0.4430.91 Mobile Safari/537.36" www.sbsc.in 199.79.62.221
157.34.24.79 - - [28/Jan/2023:14:02:24 +0000] "GET /pdf/resources/1588089864_Unit_5__Hindi_(1).pdf HTTP/1.1" 404 355 "-" "Dalvik/2.1.0 (Linux; U; Android 11; M2006C3LI Build/RP1A.200720.011)" www.sbsc.in 199.79.62.221
119.160.57.200 - - [28/Jan/2023:14:02:20 +0000] "GET /favicon.ico HTTP/2.0" 404 355 "https://www.sbsc.in/pdf/resources/1585914508_Water_Pollution.pdf" "Mozilla/5.0 (Linux; Android 9; Infinix X652A) AppleWebKit/537.36 (KHTML, like Gecko) Chrome/90.0.4430.91 Mobile Safari/537.36" www.sbsc.in 199.79.62.221
43.225.1.109 - - [28/Jan/2023:14:02:34 +0000] "GET /association-and-societies.php HTTP/1.1" 200 7965 "https://www.sbsc.in/" "Mozilla/5.0 (Linux; Android 12; RMX2121) AppleWebKit/537.36 (KHTML, like Gecko) Chrome/109.0.0.0 Mobile Safari/537.36" www.sbsc.in 199.79.62.221
66.249.75.106 - - [28/Jan/2023:14:02:36 +0000] "GET /2nd-Year-Semester-3rd-GE-SEC-Options-Form.php HTTP/1.1" 200 42801 "-" "Mozilla/5.0 (Linux; Android 6.0.1; Nexus 5X Build/MMB29P) AppleWebKit/537.36 (KHTML, like Gecko) Chrome/109.0.5414.101 Mobile Safari/537.36 (compatible; Googlebot/2.1; +http://www.google.com/bot.html)" www.sbsc.in 199.79.62.221
66.249.75.106 - - [28/Jan/2023:14:02:36 +0000] "GET /2nd-Year-Semester-3rd-GE-SEC-Options-Form.php HTTP/1.1" 200 42801 "-" "Mozilla/5.0 (Linux; Android 6.0.1; Nexus 5X Build/MMB29P) AppleWebKit/537.36 (KHTML, like Gecko) Chrome/109.0.5414.101 Mobile Safari/537.36 (compatible; Googlebot/2.1; +http://www.google.com/bot.html)" www.sbsc.in 199.79.62.221
43.225.1.109 - - [28/Jan/2023:14:02:33 +0000] "GET /association-and-societies.php HTTP/2.0" 200 7965 "https://www.sbsc.in/" "Mozilla/5.0 (Linux; Android 12; RMX2121) AppleWebKit/537.36 (KHTML, like Gecko) Chrome/109.0.0.0 Mobile Safari/537.36" www.sbsc.in 199.79.62.221
182.69.183.38 - - [28/Jan/2023:14:02:44 +0000] "GET / HTTP/2.0" 200 45835 "https://www.google.com/" "Mozilla/5.0 (Linux; Android 13; SM-T733) AppleWebKit/537.36 (KHTML, like Gecko) Chrome/109.0.0.0 Safari/537.36" www.sbsc.in 199.79.62.221
43.225.1.109 - - [28/Jan/2023:14:02:50 +0000] "GET /pdf/socities/COMMERCE%20ASSOCIATION.pdf HTTP/2.0" 200 43261 "https://www.sbsc.in/association-and-societies.php" "Mozilla/5.0 (Linux; Android 12; RMX2121) AppleWebKit/537.36 (KHTML, like Gecko) Chrome/109.0.0.0 Mobile Safari/537.36" www.sbsc.in 199.79.62.221
66.249.75.110 - - [28/Jan/2023:14:03:00 +0000] "GET /internal_assessment.php/uploads/pdf/1668068438_B.Com._(P)_Notice.pdf HTTP/1.1" 200 43991 "-" "Mozilla/5.0 (Linux; Android 6.0.1; Nexus 5X Build/MMB29P) AppleWebKit/537.36 (KHTML, like Gecko) Chrome/109.0.5414.101 Mobile Safari/537.36 (compatible; Googlebot/2.1; +http://www.google.com/bot.html)" www.sbsc.in 199.79.62.221
43.225.1.109 - - [28/Jan/2023:14:03:11 +0000] "GET /academic_calendar.php HTTP/2.0" 200 42764 "https://www.sbsc.in/association-and-societies.php" "Mozilla/5.0 (Linux; Android 12; RMX2121) AppleWebKit/537.36 (KHTML, like Gecko) Chrome/109.0.0.0 Mobile Safari/537.36" www.sbsc.in 199.79.62.221
182.69.183.38 - - [28/Jan/2023:14:02:45 +0000] "GET /images/placement1.JPG HTTP/2.0" 200 3342055 "https://www.sbsc.in/" "Mozilla/5.0 (Linux; Android 13; SM-T733) AppleWebKit/537.36 (KHTML, like Gecko) Chrome/109.0.0.0 Safari/537.36" www.sbsc.in 199.79.62.221
43.225.1.109 - - [28/Jan/2023:14:03:13 +0000] "GET /images/icon_2.jpg HTTP/2.0" 200 8325 "https://www.sbsc.in/css/style-new.css" "Mozilla/5.0 (Linux; Android 12; RMX2121) AppleWebKit/537.36 (KHTML, like Gecko) Chrome/109.0.0.0 Mobile Safari/537.36" www.sbsc.in 199.79.62.221
43.225.1.109 - - [28/Jan/2023:14:03:21 +0000] "GET /uploads/pdf/1670231975_sbsc_997.pdf HTTP/2.0" 200 473795 "https://www.sbsc.in/academic_calendar.php" "Mozilla/5.0 (Linux; Android 12; RMX2121) AppleWebKit/537.36 (KHTML, like Gecko) Chrome/109.0.0.0 Mobile Safari/537.36" www.sbsc.in 199.79.62.221
51.89.151.145 - - [28/Jan/2023:14:03:40 +0000] "GET / HTTP/2.0" 200 45835 "https://www.google.com/" "Mozilla/5.0 (Linux; Android 13; SM-E236B) AppleWebKit/537.36 (KHTML, like Gecko) Chrome/108.0.0.0 Mobile Safari/537.36" www.sbsc.in 199.79.62.221
66.249.75.106 - - [28/Jan/2023:14:03:46 +0000] "GET /fee-structure.php HTTP/1.1" 200 44911 "-" "Mozilla/5.0 (Linux; Android 6.0.1; Nexus 5X Build/MMB29P) AppleWebKit/537.36 (KHTML, like Gecko) Chrome/109.0.5414.101 Mobile Safari/537.36 (compatible; Googlebot/2.1; +http://www.google.com/bot.html)" www.sbsc.in 199.79.62.221
66.249.75.106 - - [28/Jan/2023:14:03:45 +0000] "GET /fee-structure.php HTTP/1.1" 200 44911 "-" "Mozilla/5.0 (Linux; Android 6.0.1; Nexus 5X Build/MMB29P) AppleWebKit/537.36 (KHTML, like Gecko) Chrome/109.0.5414.101 Mobile Safari/537.36 (compatible; Googlebot/2.1; +http://www.google.com/bot.html)" www.sbsc.in 199.79.62.221
66.249.75.106 - - [28/Jan/2023:14:03:50 +0000] "GET /images/notisbord.gif HTTP/1.1" 404 355 "https://www.sbsc.in/fee-structure.php" "Mozilla/5.0 (Linux; Android 6.0.1; Nexus 5X Build/MMB29P) AppleWebKit/537.36 (KHTML, like Gecko) Chrome/109.0.5414.101 Mobile Safari/537.36 (compatible; Googlebot/2.1; +http://www.google.com/bot.html)" www.sbsc.in 199.79.62.221
43.225.1.109 - - [28/Jan/2023:14:04:13 +0000] "GET /evaluation-of-students.php HTTP/1.1" 200 43723 "https://www.sbsc.in/academic_calendar.php" "Mozilla/5.0 (Linux; Android 12; RMX2121) AppleWebKit/537.36 (KHTML, like Gecko) Chrome/109.0.0.0 Mobile Safari/537.36" www.sbsc.in 199.79.62.221
43.225.1.109 - - [28/Jan/2023:14:04:13 +0000] "GET /evaluation-of-students.php HTTP/2.0" 200 43723 "https://www.sbsc.in/academic_calendar.php" "Mozilla/5.0 (Linux; Android 12; RMX2121) AppleWebKit/537.36 (KHTML, like Gecko) Chrome/109.0.0.0 Mobile Safari/537.36" www.sbsc.in 199.79.62.221
223.228.252.84 - - [28/Jan/2023:14:04:15 +0000] "GET / HTTP/2.0" 200 45835 "https://www.google.com/" "Mozilla/5.0 (Linux; Android 12; RMX3085) AppleWebKit/537.36 (KHTML, like Gecko) Chrome/109.0.0.0 Mobile Safari/537.36" www.sbsc.in 199.79.62.221
49.36.168.247 - - [28/Jan/2023:14:01:16 +0000] "GET /images/placement1.JPG HTTP/2.0" 200 155367 "https://www.sbsc.in/" "Mozilla/5.0 (Linux; Android 10; SM-M315F) AppleWebKit/537.36 (KHTML, like Gecko) Chrome/109.0.0.0 Mobile Safari/537.36" www.sbsc.in 199.79.62.221
223.228.252.84 - - [28/Jan/2023:14:04:17 +0000] "GET /css/style.css HTTP/2.0" 200 - "https://www.sbsc.in/" "Mozilla/5.0 (Linux; Android 12; RMX3085) AppleWebKit/537.36 (KHTML, like Gecko) Chrome/109.0.0.0 Mobile Safari/537.36" www.sbsc.in 199.79.62.221
223.228.252.84 - - [28/Jan/2023:14:04:17 +0000] "GET /css/bootstrap.min.css HTTP/2.0" 200 - "https://www.sbsc.in/" "Mozilla/5.0 (Linux; Android 12; RMX3085) AppleWebKit/537.36 (KHTML, like Gecko) Chrome/109.0.0.0 Mobile Safari/537.36" www.sbsc.in 199.79.62.221
223.228.252.84 - - [28/Jan/2023:14:04:18 +0000] "GET /principal.php HTTP/2.0" 200 43886 "https://www.google.com/" "Mozilla/5.0 (Linux; Android 12; RMX3085) AppleWebKit/537.36 (KHTML, like Gecko) Chrome/109.0.0.0 Mobile Safari/537.36" www.sbsc.in 199.79.62.221
223.228.252.84 - - [28/Jan/2023:14:04:19 +0000] "GET /css/style.css HTTP/2.0" 200 2565 "https://www.sbsc.in/principal.php" "Mozilla/5.0 (Linux; Android 12; RMX3085) AppleWebKit/537.36 (KHTML, like Gecko) Chrome/109.0.0.0 Mobile Safari/537.36" www.sbsc.in 199.79.62.221
223.228.252.84 - - [28/Jan/2023:14:04:19 +0000] "GET /cssmenu/styles.css HTTP/2.0" 200 1905 "https://www.sbsc.in/principal.php" "Mozilla/5.0 (Linux; Android 12; RMX3085) AppleWebKit/537.36 (KHTML, like Gecko) Chrome/109.0.0.0 Mobile Safari/537.36" www.sbsc.in 199.79.62.221
223.228.252.84 - - [28/Jan/2023:14:04:19 +0000] "GET /cssmenu/script.js HTTP/2.0" 200 675 "https://www.sbsc.in/principal.php" "Mozilla/5.0 (Linux; Android 12; RMX3085) AppleWebKit/537.36 (KHTML, like Gecko) Chrome/109.0.0.0 Mobile Safari/537.36" www.sbsc.in 199.79.62.221
223.228.252.84 - - [28/Jan/2023:14:04:19 +0000] "GET /js/animation-banner.js HTTP/2.0" 200 964 "https://www.sbsc.in/principal.php" "Mozilla/5.0 (Linux; Android 12; RMX3085) AppleWebKit/537.36 (KHTML, like Gecko) Chrome/109.0.0.0 Mobile Safari/537.36" www.sbsc.in 199.79.62.221
223.228.252.84 - - [28/Jan/2023:14:04:19 +0000] "GET /css/bootstrap.min.css HTTP/2.0" 200 27845 "https://www.sbsc.in/principal.php" "Mozilla/5.0 (Linux; Android 12; RMX3085) AppleWebKit/537.36 (KHTML, like Gecko) Chrome/109.0.0.0 Mobile Safari/537.36" www.sbsc.in 199.79.62.221
43.225.1.109 - - [28/Jan/2023:14:04:14 +0000] "GET /images/banner_sbsc.jpg HTTP/2.0" 404 355 "https://www.sbsc.in/evaluation-of-students.php" "Mozilla/5.0 (Linux; Android 12; RMX2121) AppleWebKit/537.36 (KHTML, like Gecko) Chrome/109.0.0.0 Mobile Safari/537.36" www.sbsc.in 199.79.62.221
223.228.252.84 - - [28/Jan/2023:14:04:19 +0000] "GET /css/style-new.css HTTP/2.0" 200 352 "https://www.sbsc.in/principal.php" "Mozilla/5.0 (Linux; Android 12; RMX3085) AppleWebKit/537.36 (KHTML, like Gecko) Chrome/109.0.0.0 Mobile Safari/537.36" www.sbsc.in 199.79.62.221
223.228.252.84 - - [28/Jan/2023:14:04:20 +0000] "GET /images/email.png HTTP/2.0" 200 1371 "https://www.sbsc.in/principal.php" "Mozilla/5.0 (Linux; Android 12; RMX3085) AppleWebKit/537.36 (KHTML, like Gecko) Chrome/109.0.0.0 Mobile Safari/537.36" www.sbsc.in 199.79.62.221
223.228.252.84 - - [28/Jan/2023:14:04:20 +0000] "GET /paytm.jpg HTTP/2.0" 200 7167 "https://www.sbsc.in/principal.php" "Mozilla/5.0 (Linux; Android 12; RMX3085) AppleWebKit/537.36 (KHTML, like Gecko) Chrome/109.0.0.0 Mobile Safari/537.36" www.sbsc.in 199.79.62.221
223.228.252.84 - - [28/Jan/2023:14:04:20 +0000] "GET /images/phone.png HTTP/2.0" 200 1897 "https://www.sbsc.in/principal.php" "Mozilla/5.0 (Linux; Android 12; RMX3085) AppleWebKit/537.36 (KHTML, like Gecko) Chrome/109.0.0.0 Mobile Safari/537.36" www.sbsc.in 199.79.62.221
223.228.252.84 - - [28/Jan/2023:14:04:20 +0000] "GET /images/logo.png HTTP/2.0" 200 36072 "https://www.sbsc.in/principal.php" "Mozilla/5.0 (Linux; Android 12; RMX3085) AppleWebKit/537.36 (KHTML, like Gecko) Chrome/109.0.0.0 Mobile Safari/537.36" www.sbsc.in 199.79.62.221
223.228.252.84 - - [28/Jan/2023:14:04:20 +0000] "GET /images/new.gif HTTP/2.0" 200 2455 "https://www.sbsc.in/principal.php" "Mozilla/5.0 (Linux; Android 12; RMX3085) AppleWebKit/537.36 (KHTML, like Gecko) Chrome/109.0.0.0 Mobile Safari/537.36" www.sbsc.in 199.79.62.221
223.228.252.84 - - [28/Jan/2023:14:04:20 +0000] "GET /images/symbol.jpg HTTP/2.0" 200 781 "https://www.sbsc.in/principal.php" "Mozilla/5.0 (Linux; Android 12; RMX3085) AppleWebKit/537.36 (KHTML, like Gecko) Chrome/109.0.0.0 Mobile Safari/537.36" www.sbsc.in 199.79.62.221
223.228.252.84 - - [28/Jan/2023:14:04:20 +0000] "GET /images/banner/2.jpg HTTP/2.0" 200 197131 "https://www.sbsc.in/principal.php" "Mozilla/5.0 (Linux; Android 12; RMX3085) AppleWebKit/537.36 (KHTML, like Gecko) Chrome/109.0.0.0 Mobile Safari/537.36" www.sbsc.in 199.79.62.221
223.228.252.84 - - [28/Jan/2023:14:04:20 +0000] "GET /images/golden-jubilee-logo.png HTTP/2.0" 200 34899 "https://www.sbsc.in/principal.php" "Mozilla/5.0 (Linux; Android 12; RMX3085) AppleWebKit/537.36 (KHTML, like Gecko) Chrome/109.0.0.0 Mobile Safari/537.36" www.sbsc.in 199.79.62.221
223.228.252.84 - - [28/Jan/2023:14:04:20 +0000] "GET /js/jquery.js HTTP/2.0" 200 42291 "https://www.sbsc.in/principal.php" "Mozilla/5.0 (Linux; Android 12; RMX3085) AppleWebKit/537.36 (KHTML, like Gecko) Chrome/109.0.0.0 Mobile Safari/537.36" www.sbsc.in 199.79.62.221
223.228.252.84 - - [28/Jan/2023:14:04:20 +0000] "GET /js/bootstrap.min.js HTTP/2.0" 200 13505 "https://www.sbsc.in/principal.php" "Mozilla/5.0 (Linux; Android 12; RMX3085) AppleWebKit/537.36 (KHTML, like Gecko) Chrome/109.0.0.0 Mobile Safari/537.36" www.sbsc.in 199.79.62.221
223.228.252.84 - - [28/Jan/2023:14:04:20 +0000] "GET /images/banner/1.jpg HTTP/2.0" 200 212471 "https://www.sbsc.in/principal.php" "Mozilla/5.0 (Linux; Android 12; RMX3085) AppleWebKit/537.36 (KHTML, like Gecko) Chrome/109.0.0.0 Mobile Safari/537.36" www.sbsc.in 199.79.62.221
20.121.87.230 - - [28/Jan/2023:14:04:24 +0000] "GET /view-all.php HTTP/2.0" 200 74210 "-" "Mozilla/5.0 (Windows NT 10.0; Win64; x64; rv:81.0) Gecko/20100101 Firefox/81.0" www.sbsc.in 199.79.62.221
223.228.252.84 - - [28/Jan/2023:14:04:22 +0000] "GET /fonts/glyphicons-halflings-regular.woff HTTP/2.0" 200 23320 "https://www.sbsc.in/css/bootstrap.min.css" "Mozilla/5.0 (Linux; Android 12; RMX3085) AppleWebKit/537.36 (KHTML, like Gecko) Chrome/109.0.0.0 Mobile Safari/537.36" www.sbsc.in 199.79.62.221
223.228.252.84 - - [28/Jan/2023:14:04:20 +0000] "GET /images/banner/3.jpg HTTP/2.0" 200 207968 "https://www.sbsc.in/principal.php" "Mozilla/5.0 (Linux; Android 12; RMX3085) AppleWebKit/537.36 (KHTML, like Gecko) Chrome/109.0.0.0 Mobile Safari/537.36" www.sbsc.in 199.79.62.221
223.228.252.84 - - [28/Jan/2023:14:04:20 +0000] "GET /images/banner/4.jpg HTTP/2.0" 200 172167 "https://www.sbsc.in/principal.php" "Mozilla/5.0 (Linux; Android 12; RMX3085) AppleWebKit/537.36 (KHTML, like Gecko) Chrome/109.0.0.0 Mobile Safari/537.36" www.sbsc.in 199.79.62.221
223.228.252.84 - - [28/Jan/2023:14:04:20 +0000] "GET /images/banner/5.jpg HTTP/2.0" 200 170926 "https://www.sbsc.in/principal.php" "Mozilla/5.0 (Linux; Android 12; RMX3085) AppleWebKit/537.36 (KHTML, like Gecko) Chrome/109.0.0.0 Mobile Safari/537.36" www.sbsc.in 199.79.62.221
223.228.252.84 - - [28/Jan/2023:14:04:20 +0000] "GET /images/banner/6.jpg HTTP/2.0" 200 127037 "https://www.sbsc.in/principal.php" "Mozilla/5.0 (Linux; Android 12; RMX3085) AppleWebKit/537.36 (KHTML, like Gecko) Chrome/109.0.0.0 Mobile Safari/537.36" www.sbsc.in 199.79.62.221
66.249.75.106 - - [28/Jan/2023:14:04:36 +0000] "GET /internal_assessment.php/pdf/pdf/department_hindi.php HTTP/1.1" 200 43991 "-" "Mozilla/5.0 (Linux; Android 6.0.1; Nexus 5X Build/MMB29P) AppleWebKit/537.36 (KHTML, like Gecko) Chrome/109.0.5414.101 Mobile Safari/537.36 (compatible; Googlebot/2.1; +http://www.google.com/bot.html)" www.sbsc.in 199.79.62.221
66.249.75.106 - - [28/Jan/2023:14:04:36 +0000] "GET /internal_assessment.php/pdf/pdf/department_hindi.php HTTP/1.1" 200 43991 "-" "Mozilla/5.0 (Linux; Android 6.0.1; Nexus 5X Build/MMB29P) AppleWebKit/537.36 (KHTML, like Gecko) Chrome/109.0.5414.101 Mobile Safari/537.36 (compatible; Googlebot/2.1; +http://www.google.com/bot.html)" www.sbsc.in 199.79.62.221
223.228.252.84 - - [28/Jan/2023:14:04:20 +0000] "GET /images/banner/7.jpg HTTP/2.0" 200 179124 "https://www.sbsc.in/principal.php" "Mozilla/5.0 (Linux; Android 12; RMX3085) AppleWebKit/537.36 (KHTML, like Gecko) Chrome/109.0.0.0 Mobile Safari/537.36" www.sbsc.in 199.79.62.221
223.228.252.84 - - [28/Jan/2023:14:04:20 +0000] "GET /images/banner/8.jpg HTTP/2.0" 200 156850 "https://www.sbsc.in/principal.php" "Mozilla/5.0 (Linux; Android 12; RMX3085) AppleWebKit/537.36 (KHTML, like Gecko) Chrome/109.0.0.0 Mobile Safari/537.36" www.sbsc.in 199.79.62.221
223.228.252.84 - - [28/Jan/2023:14:04:20 +0000] "GET /images/banner/9.jpg HTTP/2.0" 200 167238 "https://www.sbsc.in/principal.php" "Mozilla/5.0 (Linux; Android 12; RMX3085) AppleWebKit/537.36 (KHTML, like Gecko) Chrome/109.0.0.0 Mobile Safari/537.36" www.sbsc.in 199.79.62.221
223.228.252.84 - - [28/Jan/2023:14:04:20 +0000] "GET /images/banner/10.jpg HTTP/2.0" 200 211781 "https://www.sbsc.in/principal.php" "Mozilla/5.0 (Linux; Android 12; RMX3085) AppleWebKit/537.36 (KHTML, like Gecko) Chrome/109.0.0.0 Mobile Safari/537.36" www.sbsc.in 199.79.62.221
223.228.252.84 - - [28/Jan/2023:14:04:20 +0000] "GET /images/banner/11.jpg HTTP/2.0" 200 186118 "https://www.sbsc.in/principal.php" "Mozilla/5.0 (Linux; Android 12; RMX3085) AppleWebKit/537.36 (KHTML, like Gecko) Chrome/109.0.0.0 Mobile Safari/537.36" www.sbsc.in 199.79.62.221
223.228.252.84 - - [28/Jan/2023:14:04:20 +0000] "GET /images/banner/12.jpg HTTP/2.0" 200 153729 "https://www.sbsc.in/principal.php" "Mozilla/5.0 (Linux; Android 12; RMX3085) AppleWebKit/537.36 (KHTML, like Gecko) Chrome/109.0.0.0 Mobile Safari/537.36" www.sbsc.in 199.79.62.221
223.228.252.84 - - [28/Jan/2023:14:04:20 +0000] "GET /images/desk.jpg HTTP/2.0" 200 33453 "https://www.sbsc.in/principal.php" "Mozilla/5.0 (Linux; Android 12; RMX3085) AppleWebKit/537.36 (KHTML, like Gecko) Chrome/109.0.0.0 Mobile Safari/537.36" www.sbsc.in 199.79.62.221
223.228.252.84 - - [28/Jan/2023:14:04:42 +0000] "GET /favicon.ico HTTP/1.1" 404 355 "https://www.sbsc.in/principal.php" "Mozilla/5.0 (Linux; Android 12; RMX3085) AppleWebKit/537.36 (KHTML, like Gecko) Chrome/109.0.0.0 Mobile Safari/537.36" www.sbsc.in 199.79.62.221
223.228.252.84 - - [28/Jan/2023:14:04:42 +0000] "GET /favicon.ico HTTP/2.0" 404 355 "https://www.sbsc.in/principal.php" "Mozilla/5.0 (Linux; Android 12; RMX3085) AppleWebKit/537.36 (KHTML, like Gecko) Chrome/109.0.0.0 Mobile Safari/537.36" www.sbsc.in 199.79.62.221
66.249.75.110 - - [28/Jan/2023:14:05:08 +0000] "GET /Resources-serivies.php HTTP/1.1" 200 8108 "-" "Mozilla/5.0 (Linux; Android 6.0.1; Nexus 5X Build/MMB29P) AppleWebKit/537.36 (KHTML, like Gecko) Chrome/109.0.5414.101 Mobile Safari/537.36 (compatible; Googlebot/2.1; +http://www.google.com/bot.html)" www.sbsc.in 199.79.62.221
66.249.75.110 - - [28/Jan/2023:14:05:08 +0000] "GET /Resources-serivies.php HTTP/1.1" 200 8108 "-" "Mozilla/5.0 (Linux; Android 6.0.1; Nexus 5X Build/MMB29P) AppleWebKit/537.36 (KHTML, like Gecko) Chrome/109.0.5414.101 Mobile Safari/537.36 (compatible; Googlebot/2.1; +http://www.google.com/bot.html)" www.sbsc.in 199.79.62.221
66.249.75.108 - - [28/Jan/2023:14:05:08 +0000] "GET /images/banner_sbsc.jpg HTTP/1.1" 404 355 "https://www.sbsc.in/Resources-serivies.php" "Mozilla/5.0 (Linux; Android 6.0.1; Nexus 5X Build/MMB29P) AppleWebKit/537.36 (KHTML, like Gecko) Chrome/109.0.5414.101 Mobile Safari/537.36 (compatible; Googlebot/2.1; +http://www.google.com/bot.html)" www.sbsc.in 199.79.62.221
223.228.252.84 - - [28/Jan/2023:14:05:11 +0000] "GET /view-all.php HTTP/2.0" 200 74210 "https://www.sbsc.in/principal.php" "Mozilla/5.0 (Linux; Android 12; RMX3085) AppleWebKit/537.36 (KHTML, like Gecko) Chrome/109.0.0.0 Mobile Safari/537.36" www.sbsc.in 199.79.62.221
223.228.252.84 - - [28/Jan/2023:14:05:12 +0000] "GET /view-all.php HTTP/2.0" 200 74210 "https://www.sbsc.in/principal.php" "Mozilla/5.0 (Linux; Android 12; RMX3085) AppleWebKit/537.36 (KHTML, like Gecko) Chrome/109.0.0.0 Mobile Safari/537.36" www.sbsc.in 199.79.62.221
223.228.252.84 - - [28/Jan/2023:14:05:32 +0000] "GET / HTTP/2.0" 200 45835 "https://www.google.com/" "Mozilla/5.0 (Linux; Android 12; RMX3085) AppleWebKit/537.36 (KHTML, like Gecko) Chrome/109.0.0.0 Mobile Safari/537.36" www.sbsc.in 199.79.62.221
223.228.252.84 - - [28/Jan/2023:14:05:36 +0000] "GET /images/jubliee-img.jpg HTTP/2.0" 200 88706 "https://www.sbsc.in/" "Mozilla/5.0 (Linux; Android 12; RMX3085) AppleWebKit/537.36 (KHTML, like Gecko) Chrome/109.0.0.0 Mobile Safari/537.36" www.sbsc.in 199.79.62.221
223.228.252.84 - - [28/Jan/2023:14:05:37 +0000] "GET /images/associations.jpg HTTP/2.0" 200 31703 "https://www.sbsc.in/" "Mozilla/5.0 (Linux; Android 12; RMX3085) AppleWebKit/537.36 (KHTML, like Gecko) Chrome/109.0.0.0 Mobile Safari/537.36" www.sbsc.in 199.79.62.221
223.228.252.84 - - [28/Jan/2023:14:05:37 +0000] "GET /images/tour-img.jpg HTTP/2.0" 200 65976 "https://www.sbsc.in/" "Mozilla/5.0 (Linux; Android 12; RMX3085) AppleWebKit/537.36 (KHTML, like Gecko) Chrome/109.0.0.0 Mobile Safari/537.36" www.sbsc.in 199.79.62.221
223.228.252.84 - - [28/Jan/2023:14:05:37 +0000] "GET /images/alumini.jpg HTTP/2.0" 200 50947 "https://www.sbsc.in/" "Mozilla/5.0 (Linux; Android 12; RMX3085) AppleWebKit/537.36 (KHTML, like Gecko) Chrome/109.0.0.0 Mobile Safari/537.36" www.sbsc.in 199.79.62.221
223.228.252.84 - - [28/Jan/2023:14:05:37 +0000] "GET /images/IMG-20210727-WA0011.jpg HTTP/2.0" 200 154646 "https://www.sbsc.in/" "Mozilla/5.0 (Linux; Android 12; RMX3085) AppleWebKit/537.36 (KHTML, like Gecko) Chrome/109.0.0.0 Mobile Safari/537.36" www.sbsc.in 199.79.62.221
223.228.252.84 - - [28/Jan/2023:14:05:37 +0000] "GET /images/event.jpg HTTP/2.0" 200 3517 "https://www.sbsc.in/" "Mozilla/5.0 (Linux; Android 12; RMX3085) AppleWebKit/537.36 (KHTML, like Gecko) Chrome/109.0.0.0 Mobile Safari/537.36" www.sbsc.in 199.79.62.221
223.228.252.84 - - [28/Jan/2023:14:05:37 +0000] "GET /images/research-img.jpg HTTP/2.0" 200 3596 "https://www.sbsc.in/" "Mozilla/5.0 (Linux; Android 12; RMX3085) AppleWebKit/537.36 (KHTML, like Gecko) Chrome/109.0.0.0 Mobile Safari/537.36" www.sbsc.in 199.79.62.221
223.228.252.84 - - [28/Jan/2023:14:05:37 +0000] "GET /images/publication-img.jpg HTTP/2.0" 200 4561 "https://www.sbsc.in/" "Mozilla/5.0 (Linux; Android 12; RMX3085) AppleWebKit/537.36 (KHTML, like Gecko) Chrome/109.0.0.0 Mobile Safari/537.36" www.sbsc.in 199.79.62.221
223.228.252.84 - - [28/Jan/2023:14:05:37 +0000] "GET /images/Conference.jpg HTTP/2.0" 200 3631 "https://www.sbsc.in/" "Mozilla/5.0 (Linux; Android 12; RMX3085) AppleWebKit/537.36 (KHTML, like Gecko) Chrome/109.0.0.0 Mobile Safari/537.36" www.sbsc.in 199.79.62.221
223.228.252.84 - - [28/Jan/2023:14:05:37 +0000] "GET /images/latest_news.png HTTP/2.0" 200 2953 "https://www.sbsc.in/" "Mozilla/5.0 (Linux; Android 12; RMX3085) AppleWebKit/537.36 (KHTML, like Gecko) Chrome/109.0.0.0 Mobile Safari/537.36" sbsc.in 199.79.62.221
51.15.195.246 - - [28/Jan/2023:14:05:44 +0000] "GET /___proxy_subdomain_cpcontacts/ HTTP/1.1" 404 - "-" "-" cpcontacts.sbsc.in 199.79.62.221
51.15.195.246 - - [28/Jan/2023:14:05:44 +0000] "GET / HTTP/1.1" 404 315 "-" "-" cpcontacts.sbsc.in 199.79.62.221
223.228.252.84 - - [28/Jan/2023:14:05:46 +0000] "GET /news.php HTTP/1.1" 200 42599 "https://www.sbsc.in/" "Mozilla/5.0 (Linux; Android 12; RMX3085) AppleWebKit/537.36 (KHTML, like Gecko) Chrome/109.0.0.0 Mobile Safari/537.36" www.sbsc.in 199.79.62.221
223.228.252.84 - - [28/Jan/2023:14:05:46 +0000] "GET /news.php HTTP/2.0" 200 42599 "https://www.sbsc.in/" "Mozilla/5.0 (Linux; Android 12; RMX3085) AppleWebKit/537.36 (KHTML, like Gecko) Chrome/109.0.0.0 Mobile Safari/537.36" www.sbsc.in 199.79.62.221
223.228.252.84 - - [28/Jan/2023:14:05:37 +0000] "GET /images/placement1.JPG HTTP/2.0" 200 3260135 "https://www.sbsc.in/" "Mozilla/5.0 (Linux; Android 12; RMX3085) AppleWebKit/537.36 (KHTML, like Gecko) Chrome/109.0.0.0 Mobile Safari/537.36" www.sbsc.in 199.79.62.221
20.53.195.92 - - [28/Jan/2023:14:05:51 +0000] "GET / HTTP/2.0" 200 45835 "-" "Mozilla/5.0 (Windows NT 10.0; Win64; x64; rv:81.0) Gecko/20100101 Firefox/81.0" www.sbsc.in 199.79.62.221
182.69.183.38 - - [28/Jan/2023:14:05:53 +0000] "GET /images/logo.png HTTP/2.0" 200 36072 "https://www.google.com/" "Mozilla/5.0 (Linux; Android 13; SM-T733 Build/TP1A.220624.014; wv) AppleWebKit/537.36 (KHTML, like Gecko) Version/4.0 Chrome/109.0.5414.86 Safari/537.36 GoogleApp/14.3.9.26.arm64" www.sbsc.in 199.79.62.221
160.202.38.251 - - [28/Jan/2023:14:05:54 +0000] "GET / HTTP/2.0" 200 45835 "https://www.google.com/" "Mozilla/5.0 (Linux; Android 8.1.0; SM-J730GM) AppleWebKit/537.36 (KHTML, like Gecko) Chrome/84.0.4147.111 Mobile Safari/537.36" www.sbsc.in 199.79.62.221
160.202.38.251 - - [28/Jan/2023:14:05:59 +0000] "GET /images/associations.jpg HTTP/2.0" 200 31703 "https://www.sbsc.in/" "Mozilla/5.0 (Linux; Android 8.1.0; SM-J730GM) AppleWebKit/537.36 (KHTML, like Gecko) Chrome/84.0.4147.111 Mobile Safari/537.36" www.sbsc.in 199.79.62.221
160.202.38.251 - - [28/Jan/2023:14:05:59 +0000] "GET /images/tour-img.jpg HTTP/2.0" 200 65976 "https://www.sbsc.in/" "Mozilla/5.0 (Linux; Android 8.1.0; SM-J730GM) AppleWebKit/537.36 (KHTML, like Gecko) Chrome/84.0.4147.111 Mobile Safari/537.36" www.sbsc.in 199.79.62.221
