182.69.183.38 - - [28/Jan/2023:13:48:30 +0000] "GET /images/banner/1.jpg HTTP/2.0" 200 212471 "https://www.sbsc.in/" "Mozilla/5.0 (Linux; Android 13; SM-T733) AppleWebKit/537.36 (KHTML, like Gecko) Chrome/109.0.0.0 Safari/537.36" www.sbsc.in 199.79.62.221
182.69.183.38 - - [28/Jan/2023:13:48:30 +0000] "GET /js/bootstrap.min.js HTTP/2.0" 200 13505 "https://www.sbsc.in/" "Mozilla/5.0 (Linux; Android 13; SM-T733) AppleWebKit/537.36 (KHTML, like Gecko) Chrome/109.0.0.0 Safari/537.36" www.sbsc.in 199.79.62.221
182.69.183.38 - - [28/Jan/2023:13:48:30 +0000] "GET /images/logo.png HTTP/2.0" 200 36072 "https://www.sbsc.in/" "Mozilla/5.0 (Linux; Android 13; SM-T733) AppleWebKit/537.36 (KHTML, like Gecko) Chrome/109.0.0.0 Safari/537.36" www.sbsc.in 199.79.62.221
182.69.183.38 - - [28/Jan/2023:13:48:30 +0000] "GET /images/new.gif HTTP/2.0" 200 2455 "https://www.sbsc.in/" "Mozilla/5.0 (Linux; Android 13; SM-T733) AppleWebKit/537.36 (KHTML, like Gecko) Chrome/109.0.0.0 Safari/537.36" www.sbsc.in 199.79.62.221
182.69.183.38 - - [28/Jan/2023:13:48:30 +0000] "GET /images/banner/2.jpg HTTP/2.0" 200 197131 "https://www.sbsc.in/" "Mozilla/5.0 (Linux; Android 13; SM-T733) AppleWebKit/537.36 (KHTML, like Gecko) Chrome/109.0.0.0 Safari/537.36" www.sbsc.in 199.79.62.221
66.249.75.106 - - [28/Jan/2023:13:48:34 +0000] "GET /library_about.php HTTP/1.1" 200 45224 "-" "Mozilla/5.0 (Linux; Android 6.0.1; Nexus 5X Build/MMB29P) AppleWebKit/537.36 (KHTML, like Gecko) Chrome/109.0.5414.101 Mobile Safari/537.36 (compatible; Googlebot/2.1; +http://www.google.com/bot.html)" www.sbsc.in 199.79.62.221
66.249.75.106 - - [28/Jan/2023:13:48:34 +0000] "GET /library_about.php HTTP/1.1" 200 45224 "-" "Mozilla/5.0 (Linux; Android 6.0.1; Nexus 5X Build/MMB29P) AppleWebKit/537.36 (KHTML, like Gecko) Chrome/109.0.5414.101 Mobile Safari/537.36 (compatible; Googlebot/2.1; +http://www.google.com/bot.html)" www.sbsc.in 199.79.62.221
66.249.75.108 - - [28/Jan/2023:13:48:35 +0000] "GET /images/library-img3.jpg HTTP/1.1" 200 47582 "https://www.sbsc.in/library_about.php" "Mozilla/5.0 (Linux; Android 6.0.1; Nexus 5X Build/MMB29P) AppleWebKit/537.36 (KHTML, like Gecko) Chrome/109.0.5414.101 Mobile Safari/537.36 (compatible; Googlebot/2.1; +http://www.google.com/bot.html)" www.sbsc.in 199.79.62.221
66.249.75.106 - - [28/Jan/2023:13:48:35 +0000] "GET /images/library-img2.jpg HTTP/1.1" 200 45202 "https://www.sbsc.in/library_about.php" "Mozilla/5.0 (Linux; Android 6.0.1; Nexus 5X Build/MMB29P) AppleWebKit/537.36 (KHTML, like Gecko) Chrome/109.0.5414.101 Mobile Safari/537.36 (compatible; Googlebot/2.1; +http://www.google.com/bot.html)" www.sbsc.in 199.79.62.221
66.249.75.110 - - [28/Jan/2023:13:48:36 +0000] "GET /images/library-img.jpg HTTP/1.1" 200 39205 "https://www.sbsc.in/library_about.php" "Mozilla/5.0 (Linux; Android 6.0.1; Nexus 5X Build/MMB29P) AppleWebKit/537.36 (KHTML, like Gecko) Chrome/109.0.5414.101 Mobile Safari/537.36 (compatible; Googlebot/2.1; +http://www.google.com/bot.html)" www.sbsc.in 199.79.62.221
66.249.75.110 - - [28/Jan/2023:13:48:36 +0000] "GET /images/physical-infrastrucure.jpg HTTP/1.1" 200 49235 "https://www.sbsc.in/library_about.php" "Mozilla/5.0 (Linux; Android 6.0.1; Nexus 5X Build/MMB29P) AppleWebKit/537.36 (KHTML, like Gecko) Chrome/109.0.5414.101 Mobile Safari/537.36 (compatible; Googlebot/2.1; +http://www.google.com/bot.html)" www.sbsc.in 199.79.62.221
182.69.183.38 - - [28/Jan/2023:13:48:30 +0000] "GET /images/banner/3.jpg HTTP/2.0" 200 207968 "https://www.sbsc.in/" "Mozilla/5.0 (Linux; Android 13; SM-T733) AppleWebKit/537.36 (KHTML, like Gecko) Chrome/109.0.0.0 Safari/537.36" www.sbsc.in 199.79.62.221
182.69.183.38 - - [28/Jan/2023:13:48:30 +0000] "GET /images/banner/4.jpg HTTP/2.0" 200 172167 "https://www.sbsc.in/" "Mozilla/5.0 (Linux; Android 13; SM-T733) AppleWebKit/537.36 (KHTML, like Gecko) Chrome/109.0.0.0 Safari/537.36" www.sbsc.in 199.79.62.221
182.69.183.38 - - [28/Jan/2023:13:48:31 +0000] "GET /images/banner/5.jpg HTTP/2.0" 200 170926 "https://www.sbsc.in/" "Mozilla/5.0 (Linux; Android 13; SM-T733) AppleWebKit/537.36 (KHTML, like Gecko) Chrome/109.0.0.0 Safari/537.36" www.sbsc.in 199.79.62.221
157.37.177.134 - - [28/Jan/2023:13:48:44 +0000] "GET /department/commerce/ HTTP/1.1" 403 355 "https://www.sbsc.in/department_Commerce.php" "Mozilla/5.0 (Linux; Android 12; SM-M317F) AppleWebKit/537.36 (KHTML, like Gecko) Chrome/109.0.0.0 Mobile Safari/537.36" www.sbsc.in 199.79.62.221
182.69.183.38 - - [28/Jan/2023:13:48:33 +0000] "GET /images/banner/6.jpg HTTP/2.0" 200 127037 "https://www.sbsc.in/" "Mozilla/5.0 (Linux; Android 13; SM-T733) AppleWebKit/537.36 (KHTML, like Gecko) Chrome/109.0.0.0 Safari/537.36" www.sbsc.in 199.79.62.221
157.37.177.134 - - [28/Jan/2023:13:48:44 +0000] "GET /department/commerce/ HTTP/2.0" 403 355 "https://www.sbsc.in/department_Commerce.php" "Mozilla/5.0 (Linux; Android 12; SM-M317F) AppleWebKit/537.36 (KHTML, like Gecko) Chrome/109.0.0.0 Mobile Safari/537.36" www.sbsc.in 199.79.62.221
182.69.183.38 - - [28/Jan/2023:13:48:33 +0000] "GET /images/banner/7.jpg HTTP/2.0" 200 179124 "https://www.sbsc.in/" "Mozilla/5.0 (Linux; Android 13; SM-T733) AppleWebKit/537.36 (KHTML, like Gecko) Chrome/109.0.0.0 Safari/537.36" www.sbsc.in 199.79.62.221
182.69.183.38 - - [28/Jan/2023:13:48:35 +0000] "GET /images/banner/8.jpg HTTP/2.0" 200 156850 "https://www.sbsc.in/" "Mozilla/5.0 (Linux; Android 13; SM-T733) AppleWebKit/537.36 (KHTML, like Gecko) Chrome/109.0.0.0 Safari/537.36" www.sbsc.in 199.79.62.221
182.69.183.38 - - [28/Jan/2023:13:48:38 +0000] "GET /images/banner/9.jpg HTTP/2.0" 200 167238 "https://www.sbsc.in/" "Mozilla/5.0 (Linux; Android 13; SM-T733) AppleWebKit/537.36 (KHTML, like Gecko) Chrome/109.0.0.0 Safari/537.36" www.sbsc.in 199.79.62.221
182.69.183.38 - - [28/Jan/2023:13:48:43 +0000] "GET /images/banner/10.jpg HTTP/2.0" 200 211781 "https://www.sbsc.in/" "Mozilla/5.0 (Linux; Android 13; SM-T733) AppleWebKit/537.36 (KHTML, like Gecko) Chrome/109.0.0.0 Safari/537.36" www.sbsc.in 199.79.62.221
182.69.183.38 - - [28/Jan/2023:13:48:48 +0000] "GET /images/banner/11.jpg HTTP/2.0" 200 186118 "https://www.sbsc.in/" "Mozilla/5.0 (Linux; Android 13; SM-T733) AppleWebKit/537.36 (KHTML, like Gecko) Chrome/109.0.0.0 Safari/537.36" www.sbsc.in 199.79.62.221
182.69.183.38 - - [28/Jan/2023:13:48:53 +0000] "GET /images/banner/12.jpg HTTP/2.0" 200 153729 "https://www.sbsc.in/" "Mozilla/5.0 (Linux; Android 13; SM-T733) AppleWebKit/537.36 (KHTML, like Gecko) Chrome/109.0.0.0 Safari/537.36" www.sbsc.in 199.79.62.221
182.69.183.38 - - [28/Jan/2023:13:48:56 +0000] "GET /images/event.jpg HTTP/2.0" 200 3517 "https://www.sbsc.in/" "Mozilla/5.0 (Linux; Android 13; SM-T733) AppleWebKit/537.36 (KHTML, like Gecko) Chrome/109.0.0.0 Safari/537.36" www.sbsc.in 199.79.62.221
182.69.183.38 - - [28/Jan/2023:13:48:56 +0000] "GET /fonts/glyphicons-halflings-regular.woff HTTP/2.0" 200 23320 "https://www.sbsc.in/css/bootstrap.min.css" "Mozilla/5.0 (Linux; Android 13; SM-T733) AppleWebKit/537.36 (KHTML, like Gecko) Chrome/109.0.0.0 Safari/537.36" www.sbsc.in 199.79.62.221
182.69.183.38 - - [28/Jan/2023:13:48:56 +0000] "GET /images/associations.jpg HTTP/2.0" 200 31703 "https://www.sbsc.in/" "Mozilla/5.0 (Linux; Android 13; SM-T733) AppleWebKit/537.36 (KHTML, like Gecko) Chrome/109.0.0.0 Safari/537.36" www.sbsc.in 199.79.62.221
27.62.197.247 - - [28/Jan/2023:13:48:20 +0000] "GET /appointment-of-assistant-professors.php HTTP/2.0" 200 42596 "https://www.sbsc.in/" "Mozilla/5.0 (Linux; Android 11; CPH2213) AppleWebKit/537.36 (KHTML, like Gecko) Chrome/109.0.0.0 Mobile Safari/537.36" www.sbsc.in 199.79.62.221
182.69.183.38 - - [28/Jan/2023:13:48:56 +0000] "GET /images/latest_news.png HTTP/2.0" 200 2953 "https://www.sbsc.in/" "Mozilla/5.0 (Linux; Android 13; SM-T733) AppleWebKit/537.36 (KHTML, like Gecko) Chrome/109.0.0.0 Safari/537.36" sbsc.in 199.79.62.221
182.69.183.38 - - [28/Jan/2023:13:48:56 +0000] "GET /images/jubliee-img.jpg HTTP/2.0" 200 88706 "https://www.sbsc.in/" "Mozilla/5.0 (Linux; Android 13; SM-T733) AppleWebKit/537.36 (KHTML, like Gecko) Chrome/109.0.0.0 Safari/537.36" www.sbsc.in 199.79.62.221
182.69.183.38 - - [28/Jan/2023:13:48:56 +0000] "GET /images/IMG-20210727-WA0011.jpg HTTP/2.0" 200 154646 "https://www.sbsc.in/" "Mozilla/5.0 (Linux; Android 13; SM-T733) AppleWebKit/537.36 (KHTML, like Gecko) Chrome/109.0.0.0 Safari/537.36" www.sbsc.in 199.79.62.221
157.37.177.134 - - [28/Jan/2023:13:49:01 +0000] "GET /department/commerce/ HTTP/1.1" 403 355 "https://www.sbsc.in/department_Commerce.php" "Mozilla/5.0 (Linux; Android 12; SM-M317F) AppleWebKit/537.36 (KHTML, like Gecko) Chrome/109.0.0.0 Mobile Safari/537.36" www.sbsc.in 199.79.62.221
182.69.183.38 - - [28/Jan/2023:13:48:56 +0000] "GET /images/alumini.jpg HTTP/2.0" 200 50947 "https://www.sbsc.in/" "Mozilla/5.0 (Linux; Android 13; SM-T733) AppleWebKit/537.36 (KHTML, like Gecko) Chrome/109.0.0.0 Safari/537.36" www.sbsc.in 199.79.62.221
182.69.183.38 - - [28/Jan/2023:13:48:56 +0000] "GET /images/research-img.jpg HTTP/2.0" 200 3596 "https://www.sbsc.in/" "Mozilla/5.0 (Linux; Android 13; SM-T733) AppleWebKit/537.36 (KHTML, like Gecko) Chrome/109.0.0.0 Safari/537.36" www.sbsc.in 199.79.62.221
182.69.183.38 - - [28/Jan/2023:13:48:56 +0000] "GET /images/publication-img.jpg HTTP/2.0" 200 4561 "https://www.sbsc.in/" "Mozilla/5.0 (Linux; Android 13; SM-T733) AppleWebKit/537.36 (KHTML, like Gecko) Chrome/109.0.0.0 Safari/537.36" www.sbsc.in 199.79.62.221
182.69.183.38 - - [28/Jan/2023:13:48:56 +0000] "GET /images/Conference.jpg HTTP/2.0" 200 3631 "https://www.sbsc.in/" "Mozilla/5.0 (Linux; Android 13; SM-T733) AppleWebKit/537.36 (KHTML, like Gecko) Chrome/109.0.0.0 Safari/537.36" www.sbsc.in 199.79.62.221
182.69.183.38 - - [28/Jan/2023:13:48:56 +0000] "GET /images/tour-img.jpg HTTP/2.0" 200 65976 "https://www.sbsc.in/" "Mozilla/5.0 (Linux; Android 13; SM-T733) AppleWebKit/537.36 (KHTML, like Gecko) Chrome/109.0.0.0 Safari/537.36" www.sbsc.in 199.79.62.221
157.37.177.134 - - [28/Jan/2023:13:49:01 +0000] "GET /department/commerce/ HTTP/2.0" 403 355 "https://www.sbsc.in/department_Commerce.php" "Mozilla/5.0 (Linux; Android 12; SM-M317F) AppleWebKit/537.36 (KHTML, like Gecko) Chrome/109.0.0.0 Mobile Safari/537.36" www.sbsc.in 199.79.62.221
27.62.197.247 - - [28/Jan/2023:13:48:59 +0000] "GET /appointment-of-assistant-professors.php HTTP/2.0" 200 42596 "https://www.sbsc.in/" "Mozilla/5.0 (Linux; Android 11; CPH2213) AppleWebKit/537.36 (KHTML, like Gecko) Chrome/109.0.0.0 Mobile Safari/537.36" www.sbsc.in 199.79.62.221
157.37.177.134 - - [28/Jan/2023:13:49:13 +0000] "GET /department/commerce/Faculty%20CV%20Proforma%20VVA.pdf HTTP/2.0" 200 665396 "https://www.sbsc.in/department_Commerce.php" "Mozilla/5.0 (Linux; Android 12; SM-M317F) AppleWebKit/537.36 (KHTML, like Gecko) Chrome/109.0.0.0 Mobile Safari/537.36" www.sbsc.in 199.79.62.221
52.154.246.120 - - [28/Jan/2023:13:49:24 +0000] "GET /view-all.php HTTP/2.0" 200 74210 "-" "Mozilla/5.0 (Windows NT 10.0; Win64; x64; rv:81.0) Gecko/20100101 Firefox/81.0" www.sbsc.in 199.79.62.221
27.62.197.247 - - [28/Jan/2023:13:47:42 +0000] "GET /images/placement1.JPG HTTP/2.0" 200 11070724 "https://www.sbsc.in/" "Mozilla/5.0 (Linux; Android 11; CPH2213) AppleWebKit/537.36 (KHTML, like Gecko) Chrome/109.0.0.0 Mobile Safari/537.36" www.sbsc.in 199.79.62.221
114.119.152.246 - - [28/Jan/2023:13:49:30 +0000] "GET /e-data.php?Teacher=171&Dep=9 HTTP/1.1" 406 226 "https://www.sbsc.in/teacher-list.php?Department=9" "Mozilla/5.0 (Linux; Android 7.0;) AppleWebKit/537.36 (KHTML, like Gecko) Mobile Safari/537.36 (compatible; PetalBot;+https://webmaster.petalsearch.com/site/petalbot)" www.sbsc.in 199.79.62.221
27.62.197.247 - - [28/Jan/2023:13:49:44 +0000] "GET /images/placement1.JPG HTTP/2.0" 206 1 "https://www.sbsc.in/" "Mozilla/5.0 (Linux; Android 11; CPH2213) AppleWebKit/537.36 (KHTML, like Gecko) Chrome/109.0.0.0 Mobile Safari/537.36" www.sbsc.in 199.79.62.221
157.37.177.134 - - [28/Jan/2023:13:49:44 +0000] "GET /department/commerce/Faculty-Shivangi%20Dhawan-CV%20Revised-DELHI%20UNIVERSITY.pdf HTTP/2.0" 200 777694 "https://www.sbsc.in/department_Commerce.php" "Mozilla/5.0 (Linux; Android 12; SM-M317F) AppleWebKit/537.36 (KHTML, like Gecko) Chrome/109.0.0.0 Mobile Safari/537.36" www.sbsc.in 199.79.62.221
182.69.183.38 - - [28/Jan/2023:13:49:51 +0000] "GET /College_News.php HTTP/2.0" 200 42550 "https://www.sbsc.in/" "Mozilla/5.0 (Linux; Android 13; SM-T733) AppleWebKit/537.36 (KHTML, like Gecko) Chrome/109.0.0.0 Safari/537.36" www.sbsc.in 199.79.62.221
66.249.75.106 - - [28/Jan/2023:13:49:57 +0000] "GET /women_development_centre.php HTTP/1.1" 200 47680 "-" "Mozilla/5.0 (Linux; Android 6.0.1; Nexus 5X Build/MMB29P) AppleWebKit/537.36 (KHTML, like Gecko) Chrome/109.0.5414.101 Mobile Safari/537.36 (compatible; Googlebot/2.1; +http://www.google.com/bot.html)" www.sbsc.in 199.79.62.221
66.249.75.106 - - [28/Jan/2023:13:49:57 +0000] "GET /women_development_centre.php HTTP/1.1" 200 47680 "-" "Mozilla/5.0 (Linux; Android 6.0.1; Nexus 5X Build/MMB29P) AppleWebKit/537.36 (KHTML, like Gecko) Chrome/109.0.5414.101 Mobile Safari/537.36 (compatible; Googlebot/2.1; +http://www.google.com/bot.html)" www.sbsc.in 199.79.62.221
66.249.75.106 - - [28/Jan/2023:13:49:57 +0000] "GET /images/wdc/1.jpg HTTP/1.1" 200 39808 "https://www.sbsc.in/women_development_centre.php" "Mozilla/5.0 (Linux; Android 6.0.1; Nexus 5X Build/MMB29P) AppleWebKit/537.36 (KHTML, like Gecko) Chrome/109.0.5414.101 Mobile Safari/537.36 (compatible; Googlebot/2.1; +http://www.google.com/bot.html)" www.sbsc.in 199.79.62.221
182.69.183.38 - - [28/Jan/2023:13:48:56 +0000] "GET /images/placement1.JPG HTTP/2.0" 200 6774503 "https://www.sbsc.in/" "Mozilla/5.0 (Linux; Android 13; SM-T733) AppleWebKit/537.36 (KHTML, like Gecko) Chrome/109.0.0.0 Safari/537.36" www.sbsc.in 199.79.62.221
66.249.75.110 - - [28/Jan/2023:13:49:59 +0000] "GET /images/wdc/2.jpg HTTP/1.1" 200 43249 "https://www.sbsc.in/women_development_centre.php" "Mozilla/5.0 (Linux; Android 6.0.1; Nexus 5X Build/MMB29P) AppleWebKit/537.36 (KHTML, like Gecko) Chrome/109.0.5414.101 Mobile Safari/537.36 (compatible; Googlebot/2.1; +http://www.google.com/bot.html)" www.sbsc.in 199.79.62.221
66.249.75.108 - - [28/Jan/2023:13:50:00 +0000] "GET /images/wdc/3.jpg HTTP/1.1" 200 29841 "https://www.sbsc.in/women_development_centre.php" "Mozilla/5.0 (Linux; Android 6.0.1; Nexus 5X Build/MMB29P) AppleWebKit/537.36 (KHTML, like Gecko) Chrome/109.0.5414.101 Mobile Safari/537.36 (compatible; Googlebot/2.1; +http://www.google.com/bot.html)" www.sbsc.in 199.79.62.221
66.249.75.106 - - [28/Jan/2023:13:50:02 +0000] "GET /images/wdc/4.jpg HTTP/1.1" 200 37421 "https://www.sbsc.in/women_development_centre.php" "Mozilla/5.0 (Linux; Android 6.0.1; Nexus 5X Build/MMB29P) AppleWebKit/537.36 (KHTML, like Gecko) Chrome/109.0.5414.101 Mobile Safari/537.36 (compatible; Googlebot/2.1; +http://www.google.com/bot.html)" www.sbsc.in 199.79.62.221
66.249.75.108 - - [28/Jan/2023:13:50:03 +0000] "GET /images/wdc/5.JPG HTTP/1.1" 200 20812 "https://www.sbsc.in/women_development_centre.php" "Mozilla/5.0 (Linux; Android 6.0.1; Nexus 5X Build/MMB29P) AppleWebKit/537.36 (KHTML, like Gecko) Chrome/109.0.5414.101 Mobile Safari/537.36 (compatible; Googlebot/2.1; +http://www.google.com/bot.html)" www.sbsc.in 199.79.62.221
66.249.75.108 - - [28/Jan/2023:13:50:03 +0000] "GET /images/wdc/5.JPG HTTP/1.1" 200 20812 "https://www.sbsc.in/women_development_centre.php" "Mozilla/5.0 (Linux; Android 6.0.1; Nexus 5X Build/MMB29P) AppleWebKit/537.36 (KHTML, like Gecko) Chrome/109.0.5414.101 Mobile Safari/537.36 (compatible; Googlebot/2.1; +http://www.google.com/bot.html)" www.sbsc.in 199.79.62.221
66.249.75.106 - - [28/Jan/2023:13:50:04 +0000] "GET /images/wdc/6.JPG HTTP/1.1" 200 23551 "https://www.sbsc.in/women_development_centre.php" "Mozilla/5.0 (Linux; Android 6.0.1; Nexus 5X Build/MMB29P) AppleWebKit/537.36 (KHTML, like Gecko) Chrome/109.0.5414.101 Mobile Safari/537.36 (compatible; Googlebot/2.1; +http://www.google.com/bot.html)" www.sbsc.in 199.79.62.221
66.249.75.106 - - [28/Jan/2023:13:50:04 +0000] "GET /images/wdc/6.JPG HTTP/1.1" 200 23551 "https://www.sbsc.in/women_development_centre.php" "Mozilla/5.0 (Linux; Android 6.0.1; Nexus 5X Build/MMB29P) AppleWebKit/537.36 (KHTML, like Gecko) Chrome/109.0.5414.101 Mobile Safari/537.36 (compatible; Googlebot/2.1; +http://www.google.com/bot.html)" www.sbsc.in 199.79.62.221
182.69.183.38 - - [28/Jan/2023:13:49:57 +0000] "GET /images/college-in-news/6.png HTTP/2.0" 200 587016 "https://www.sbsc.in/College_News.php" "Mozilla/5.0 (Linux; Android 13; SM-T733) AppleWebKit/537.36 (KHTML, like Gecko) Chrome/109.0.0.0 Safari/537.36" www.sbsc.in 199.79.62.221
66.249.75.108 - - [28/Jan/2023:13:50:05 +0000] "GET /images/wdc/7.JPG HTTP/1.1" 200 26398 "https://www.sbsc.in/women_development_centre.php" "Mozilla/5.0 (Linux; Android 6.0.1; Nexus 5X Build/MMB29P) AppleWebKit/537.36 (KHTML, like Gecko) Chrome/109.0.5414.101 Mobile Safari/537.36 (compatible; Googlebot/2.1; +http://www.google.com/bot.html)" www.sbsc.in 199.79.62.221
66.249.75.108 - - [28/Jan/2023:13:50:05 +0000] "GET /images/wdc/7.JPG HTTP/1.1" 200 26398 "https://www.sbsc.in/women_development_centre.php" "Mozilla/5.0 (Linux; Android 6.0.1; Nexus 5X Build/MMB29P) AppleWebKit/537.36 (KHTML, like Gecko) Chrome/109.0.5414.101 Mobile Safari/537.36 (compatible; Googlebot/2.1; +http://www.google.com/bot.html)" www.sbsc.in 199.79.62.221
182.69.183.38 - - [28/Jan/2023:13:49:57 +0000] "GET /images/college-in-news/7.png HTTP/2.0" 200 739009 "https://www.sbsc.in/College_News.php" "Mozilla/5.0 (Linux; Android 13; SM-T733) AppleWebKit/537.36 (KHTML, like Gecko) Chrome/109.0.0.0 Safari/537.36" www.sbsc.in 199.79.62.221
182.69.183.38 - - [28/Jan/2023:13:49:57 +0000] "GET /images/college-in-news/2.jpg HTTP/2.0" 200 105226 "https://www.sbsc.in/College_News.php" "Mozilla/5.0 (Linux; Android 13; SM-T733) AppleWebKit/537.36 (KHTML, like Gecko) Chrome/109.0.0.0 Safari/537.36" www.sbsc.in 199.79.62.221
66.249.75.106 - - [28/Jan/2023:13:50:06 +0000] "GET /images/wdc/8.JPG HTTP/1.1" 200 22031 "https://www.sbsc.in/women_development_centre.php" "Mozilla/5.0 (Linux; Android 6.0.1; Nexus 5X Build/MMB29P) AppleWebKit/537.36 (KHTML, like Gecko) Chrome/109.0.5414.101 Mobile Safari/537.36 (compatible; Googlebot/2.1; +http://www.google.com/bot.html)" www.sbsc.in 199.79.62.221
66.249.75.106 - - [28/Jan/2023:13:50:06 +0000] "GET /images/wdc/8.JPG HTTP/1.1" 200 22031 "https://www.sbsc.in/women_development_centre.php" "Mozilla/5.0 (Linux; Android 6.0.1; Nexus 5X Build/MMB29P) AppleWebKit/537.36 (KHTML, like Gecko) Chrome/109.0.5414.101 Mobile Safari/537.36 (compatible; Googlebot/2.1; +http://www.google.com/bot.html)" www.sbsc.in 199.79.62.221
66.249.75.106 - - [28/Jan/2023:13:50:07 +0000] "GET /images/wdc/9.JPG HTTP/1.1" 200 25279 "https://www.sbsc.in/women_development_centre.php" "Mozilla/5.0 (Linux; Android 6.0.1; Nexus 5X Build/MMB29P) AppleWebKit/537.36 (KHTML, like Gecko) Chrome/109.0.5414.101 Mobile Safari/537.36 (compatible; Googlebot/2.1; +http://www.google.com/bot.html)" www.sbsc.in 199.79.62.221
66.249.75.106 - - [28/Jan/2023:13:50:07 +0000] "GET /images/wdc/9.JPG HTTP/1.1" 200 25279 "https://www.sbsc.in/women_development_centre.php" "Mozilla/5.0 (Linux; Android 6.0.1; Nexus 5X Build/MMB29P) AppleWebKit/537.36 (KHTML, like Gecko) Chrome/109.0.5414.101 Mobile Safari/537.36 (compatible; Googlebot/2.1; +http://www.google.com/bot.html)" www.sbsc.in 199.79.62.221
182.69.183.38 - - [28/Jan/2023:13:49:57 +0000] "GET /images/college-in-news/1.jpg HTTP/2.0" 200 99080 "https://www.sbsc.in/College_News.php" "Mozilla/5.0 (Linux; Android 13; SM-T733) AppleWebKit/537.36 (KHTML, like Gecko) Chrome/109.0.0.0 Safari/537.36" www.sbsc.in 199.79.62.221
182.69.183.38 - - [28/Jan/2023:13:49:57 +0000] "GET /images/event2.jpg HTTP/2.0" 200 254123 "https://www.sbsc.in/College_News.php" "Mozilla/5.0 (Linux; Android 13; SM-T733) AppleWebKit/537.36 (KHTML, like Gecko) Chrome/109.0.0.0 Safari/537.36" www.sbsc.in 199.79.62.221
182.69.183.38 - - [28/Jan/2023:13:49:57 +0000] "GET /images/event1.jpg HTTP/2.0" 200 74716 "https://www.sbsc.in/College_News.php" "Mozilla/5.0 (Linux; Android 13; SM-T733) AppleWebKit/537.36 (KHTML, like Gecko) Chrome/109.0.0.0 Safari/537.36" www.sbsc.in 199.79.62.221
182.69.183.38 - - [28/Jan/2023:13:50:09 +0000] "GET /images/placement1.JPG HTTP/2.0" 206 1 "https://www.sbsc.in/" "Mozilla/5.0 (Linux; Android 13; SM-T733) AppleWebKit/537.36 (KHTML, like Gecko) Chrome/109.0.0.0 Safari/537.36" www.sbsc.in 199.79.62.221
66.249.75.106 - - [28/Jan/2023:13:50:20 +0000] "GET /internal_assessment.php/pdf/pdf/equal_opportunity_cell.php HTTP/1.1" 200 43991 "-" "Mozilla/5.0 (Linux; Android 6.0.1; Nexus 5X Build/MMB29P) AppleWebKit/537.36 (KHTML, like Gecko) Chrome/109.0.5414.101 Mobile Safari/537.36 (compatible; Googlebot/2.1; +http://www.google.com/bot.html)" www.sbsc.in 199.79.62.221
66.249.75.106 - - [28/Jan/2023:13:50:20 +0000] "GET /internal_assessment.php/pdf/pdf/equal_opportunity_cell.php HTTP/1.1" 200 43991 "-" "Mozilla/5.0 (Linux; Android 6.0.1; Nexus 5X Build/MMB29P) AppleWebKit/537.36 (KHTML, like Gecko) Chrome/109.0.5414.101 Mobile Safari/537.36 (compatible; Googlebot/2.1; +http://www.google.com/bot.html)" www.sbsc.in 199.79.62.221
157.37.177.134 - - [28/Jan/2023:13:50:20 +0000] "GET /department/commerce/ HTTP/1.1" 403 355 "https://www.sbsc.in/department_Commerce.php" "Mozilla/5.0 (Linux; Android 12; SM-M317F) AppleWebKit/537.36 (KHTML, like Gecko) Chrome/109.0.0.0 Mobile Safari/537.36" www.sbsc.in 199.79.62.221
66.249.75.106 - - [28/Jan/2023:13:50:20 +0000] "GET /internal_assessment.php/pdf/pdf/trekking-excursion.php HTTP/1.1" 200 43991 "-" "Mozilla/5.0 (Linux; Android 6.0.1; Nexus 5X Build/MMB29P) AppleWebKit/537.36 (KHTML, like Gecko) Chrome/109.0.5414.101 Mobile Safari/537.36 (compatible; Googlebot/2.1; +http://www.google.com/bot.html)" www.sbsc.in 199.79.62.221
66.249.75.106 - - [28/Jan/2023:13:50:20 +0000] "GET /internal_assessment.php/pdf/pdf/trekking-excursion.php HTTP/1.1" 200 43991 "-" "Mozilla/5.0 (Linux; Android 6.0.1; Nexus 5X Build/MMB29P) AppleWebKit/537.36 (KHTML, like Gecko) Chrome/109.0.5414.101 Mobile Safari/537.36 (compatible; Googlebot/2.1; +http://www.google.com/bot.html)" www.sbsc.in 199.79.62.221
157.37.177.134 - - [28/Jan/2023:13:50:20 +0000] "GET /department/commerce/ HTTP/2.0" 403 355 "https://www.sbsc.in/department_Commerce.php" "Mozilla/5.0 (Linux; Android 12; SM-M317F) AppleWebKit/537.36 (KHTML, like Gecko) Chrome/109.0.0.0 Mobile Safari/537.36" www.sbsc.in 199.79.62.221
182.69.183.38 - - [28/Jan/2023:13:50:32 +0000] "GET /principal.php HTTP/1.1" 200 43886 "https://www.google.com/" "Mozilla/5.0 (Linux; Android 13; SM-T733) AppleWebKit/537.36 (KHTML, like Gecko) Chrome/109.0.0.0 Safari/537.36" www.sbsc.in 199.79.62.221
182.69.183.38 - - [28/Jan/2023:13:50:32 +0000] "GET /principal.php HTTP/2.0" 200 43886 "https://www.google.com/" "Mozilla/5.0 (Linux; Android 13; SM-T733) AppleWebKit/537.36 (KHTML, like Gecko) Chrome/109.0.0.0 Safari/537.36" www.sbsc.in 199.79.62.221
182.69.183.38 - - [28/Jan/2023:13:50:34 +0000] "GET /images/desk.jpg HTTP/2.0" 200 33453 "https://www.sbsc.in/principal.php" "Mozilla/5.0 (Linux; Android 13; SM-T733) AppleWebKit/537.36 (KHTML, like Gecko) Chrome/109.0.0.0 Safari/537.36" www.sbsc.in 199.79.62.221
182.69.183.38 - - [28/Jan/2023:13:50:34 +0000] "GET /favicon.ico HTTP/1.1" 404 355 "https://www.sbsc.in/principal.php" "Mozilla/5.0 (Linux; Android 13; SM-T733) AppleWebKit/537.36 (KHTML, like Gecko) Chrome/109.0.0.0 Safari/537.36" www.sbsc.in 199.79.62.221
42.111.120.34 - - [28/Jan/2023:13:50:38 +0000] "GET / HTTP/2.0" 200 45835 "https://www.google.com/" "Mozilla/5.0 (Linux; Android 10; M2006C3MII) AppleWebKit/537.36 (KHTML, like Gecko) Chrome/109.0.0.0 Mobile Safari/537.36" www.sbsc.in 199.79.62.221
42.111.120.34 - - [28/Jan/2023:13:50:39 +0000] "GET /css/bootstrap.min.css HTTP/2.0" 200 27845 "https://www.sbsc.in/" "Mozilla/5.0 (Linux; Android 10; M2006C3MII) AppleWebKit/537.36 (KHTML, like Gecko) Chrome/109.0.0.0 Mobile Safari/537.36" www.sbsc.in 199.79.62.221
42.111.120.34 - - [28/Jan/2023:13:50:39 +0000] "GET /css/style.css HTTP/2.0" 200 2565 "https://www.sbsc.in/" "Mozilla/5.0 (Linux; Android 10; M2006C3MII) AppleWebKit/537.36 (KHTML, like Gecko) Chrome/109.0.0.0 Mobile Safari/537.36" www.sbsc.in 199.79.62.221
42.111.120.34 - - [28/Jan/2023:13:50:39 +0000] "GET /css/style-new.css HTTP/2.0" 200 352 "https://www.sbsc.in/" "Mozilla/5.0 (Linux; Android 10; M2006C3MII) AppleWebKit/537.36 (KHTML, like Gecko) Chrome/109.0.0.0 Mobile Safari/537.36" www.sbsc.in 199.79.62.221
42.111.120.34 - - [28/Jan/2023:13:50:39 +0000] "GET /cssmenu/styles.css HTTP/2.0" 200 1905 "https://www.sbsc.in/" "Mozilla/5.0 (Linux; Android 10; M2006C3MII) AppleWebKit/537.36 (KHTML, like Gecko) Chrome/109.0.0.0 Mobile Safari/537.36" www.sbsc.in 199.79.62.221
42.111.120.34 - - [28/Jan/2023:13:50:39 +0000] "GET /cssmenu/script.js HTTP/2.0" 200 675 "https://www.sbsc.in/" "Mozilla/5.0 (Linux; Android 10; M2006C3MII) AppleWebKit/537.36 (KHTML, like Gecko) Chrome/109.0.0.0 Mobile Safari/537.36" www.sbsc.in 199.79.62.221
182.69.183.38 - - [28/Jan/2023:13:50:34 +0000] "GET /favicon.ico HTTP/2.0" 404 355 "https://www.sbsc.in/principal.php" "Mozilla/5.0 (Linux; Android 13; SM-T733) AppleWebKit/537.36 (KHTML, like Gecko) Chrome/109.0.0.0 Safari/537.36" www.sbsc.in 199.79.62.221
42.111.120.34 - - [28/Jan/2023:13:50:39 +0000] "GET /js/animation-banner.js HTTP/2.0" 200 964 "https://www.sbsc.in/" "Mozilla/5.0 (Linux; Android 10; M2006C3MII) AppleWebKit/537.36 (KHTML, like Gecko) Chrome/109.0.0.0 Mobile Safari/537.36" www.sbsc.in 199.79.62.221
42.111.120.34 - - [28/Jan/2023:13:50:41 +0000] "GET /js/jquery.js HTTP/2.0" 200 42291 "https://www.sbsc.in/" "Mozilla/5.0 (Linux; Android 10; M2006C3MII) AppleWebKit/537.36 (KHTML, like Gecko) Chrome/109.0.0.0 Mobile Safari/537.36" www.sbsc.in 199.79.62.221
42.111.120.34 - - [28/Jan/2023:13:50:42 +0000] "GET /js/bootstrap.min.js HTTP/2.0" 200 13505 "https://www.sbsc.in/" "Mozilla/5.0 (Linux; Android 10; M2006C3MII) AppleWebKit/537.36 (KHTML, like Gecko) Chrome/109.0.0.0 Mobile Safari/537.36" www.sbsc.in 199.79.62.221
42.111.120.34 - - [28/Jan/2023:13:50:42 +0000] "GET /paytm.jpg HTTP/2.0" 200 7167 "https://www.sbsc.in/" "Mozilla/5.0 (Linux; Android 10; M2006C3MII) AppleWebKit/537.36 (KHTML, like Gecko) Chrome/109.0.0.0 Mobile Safari/537.36" www.sbsc.in 199.79.62.221
42.111.120.34 - - [28/Jan/2023:13:50:43 +0000] "GET /images/email.png HTTP/2.0" 200 1371 "https://www.sbsc.in/" "Mozilla/5.0 (Linux; Android 10; M2006C3MII) AppleWebKit/537.36 (KHTML, like Gecko) Chrome/109.0.0.0 Mobile Safari/537.36" www.sbsc.in 199.79.62.221
42.111.120.34 - - [28/Jan/2023:13:50:43 +0000] "GET /images/phone.png HTTP/2.0" 200 1897 "https://www.sbsc.in/" "Mozilla/5.0 (Linux; Android 10; M2006C3MII) AppleWebKit/537.36 (KHTML, like Gecko) Chrome/109.0.0.0 Mobile Safari/537.36" www.sbsc.in 199.79.62.221
42.111.120.34 - - [28/Jan/2023:13:50:45 +0000] "GET /images/new.gif HTTP/2.0" 200 2455 "https://www.sbsc.in/" "Mozilla/5.0 (Linux; Android 10; M2006C3MII) AppleWebKit/537.36 (KHTML, like Gecko) Chrome/109.0.0.0 Mobile Safari/537.36" www.sbsc.in 199.79.62.221
42.111.120.34 - - [28/Jan/2023:13:50:45 +0000] "GET /images/symbol.jpg HTTP/2.0" 200 781 "https://www.sbsc.in/" "Mozilla/5.0 (Linux; Android 10; M2006C3MII) AppleWebKit/537.36 (KHTML, like Gecko) Chrome/109.0.0.0 Mobile Safari/537.36" www.sbsc.in 199.79.62.221
42.111.120.34 - - [28/Jan/2023:13:50:45 +0000] "GET /images/logo.png HTTP/2.0" 200 36072 "https://www.sbsc.in/" "Mozilla/5.0 (Linux; Android 10; M2006C3MII) AppleWebKit/537.36 (KHTML, like Gecko) Chrome/109.0.0.0 Mobile Safari/537.36" www.sbsc.in 199.79.62.221
42.111.120.34 - - [28/Jan/2023:13:50:45 +0000] "GET /images/golden-jubilee-logo.png HTTP/2.0" 200 34899 "https://www.sbsc.in/" "Mozilla/5.0 (Linux; Android 10; M2006C3MII) AppleWebKit/537.36 (KHTML, like Gecko) Chrome/109.0.0.0 Mobile Safari/537.36" www.sbsc.in 199.79.62.221
42.111.120.34 - - [28/Jan/2023:13:50:45 +0000] "GET /images/banner/1.jpg HTTP/2.0" 200 212471 "https://www.sbsc.in/" "Mozilla/5.0 (Linux; Android 10; M2006C3MII) AppleWebKit/537.36 (KHTML, like Gecko) Chrome/109.0.0.0 Mobile Safari/537.36" www.sbsc.in 199.79.62.221
42.111.120.34 - - [28/Jan/2023:13:50:46 +0000] "GET /images/banner/2.jpg HTTP/2.0" 200 197131 "https://www.sbsc.in/" "Mozilla/5.0 (Linux; Android 10; M2006C3MII) AppleWebKit/537.36 (KHTML, like Gecko) Chrome/109.0.0.0 Mobile Safari/537.36" www.sbsc.in 199.79.62.221
42.111.120.34 - - [28/Jan/2023:13:50:46 +0000] "GET /images/banner/3.jpg HTTP/2.0" 200 207968 "https://www.sbsc.in/" "Mozilla/5.0 (Linux; Android 10; M2006C3MII) AppleWebKit/537.36 (KHTML, like Gecko) Chrome/109.0.0.0 Mobile Safari/537.36" www.sbsc.in 199.79.62.221
42.111.120.34 - - [28/Jan/2023:13:50:47 +0000] "GET /images/banner/4.jpg HTTP/2.0" 200 172167 "https://www.sbsc.in/" "Mozilla/5.0 (Linux; Android 10; M2006C3MII) AppleWebKit/537.36 (KHTML, like Gecko) Chrome/109.0.0.0 Mobile Safari/537.36" www.sbsc.in 199.79.62.221
20.108.114.17 - - [28/Jan/2023:13:50:49 +0000] "GET / HTTP/2.0" 200 45835 "-" "Mozilla/5.0 (Windows NT 10.0; Win64; x64; rv:81.0) Gecko/20100101 Firefox/81.0" www.sbsc.in 199.79.62.221
42.111.120.34 - - [28/Jan/2023:13:50:48 +0000] "GET /images/banner/5.jpg HTTP/2.0" 200 170926 "https://www.sbsc.in/" "Mozilla/5.0 (Linux; Android 10; M2006C3MII) AppleWebKit/537.36 (KHTML, like Gecko) Chrome/109.0.0.0 Mobile Safari/537.36" www.sbsc.in 199.79.62.221
42.111.120.34 - - [28/Jan/2023:13:50:49 +0000] "GET /images/banner/6.jpg HTTP/2.0" 200 127037 "https://www.sbsc.in/" "Mozilla/5.0 (Linux; Android 10; M2006C3MII) AppleWebKit/537.36 (KHTML, like Gecko) Chrome/109.0.0.0 Mobile Safari/537.36" www.sbsc.in 199.79.62.221
42.111.120.34 - - [28/Jan/2023:13:50:51 +0000] "GET /images/banner/7.jpg HTTP/2.0" 200 179124 "https://www.sbsc.in/" "Mozilla/5.0 (Linux; Android 10; M2006C3MII) AppleWebKit/537.36 (KHTML, like Gecko) Chrome/109.0.0.0 Mobile Safari/537.36" www.sbsc.in 199.79.62.221
42.111.120.34 - - [28/Jan/2023:13:50:51 +0000] "GET /images/banner/8.jpg HTTP/2.0" 200 156850 "https://www.sbsc.in/" "Mozilla/5.0 (Linux; Android 10; M2006C3MII) AppleWebKit/537.36 (KHTML, like Gecko) Chrome/109.0.0.0 Mobile Safari/537.36" www.sbsc.in 199.79.62.221
42.111.120.34 - - [28/Jan/2023:13:50:51 +0000] "GET /images/banner/9.jpg HTTP/2.0" 200 167238 "https://www.sbsc.in/" "Mozilla/5.0 (Linux; Android 10; M2006C3MII) AppleWebKit/537.36 (KHTML, like Gecko) Chrome/109.0.0.0 Mobile Safari/537.36" www.sbsc.in 199.79.62.221
42.111.120.34 - - [28/Jan/2023:13:50:53 +0000] "GET /images/banner/10.jpg HTTP/2.0" 200 211781 "https://www.sbsc.in/" "Mozilla/5.0 (Linux; Android 10; M2006C3MII) AppleWebKit/537.36 (KHTML, like Gecko) Chrome/109.0.0.0 Mobile Safari/537.36" www.sbsc.in 199.79.62.221
42.111.120.34 - - [28/Jan/2023:13:50:54 +0000] "GET /images/banner/11.jpg HTTP/2.0" 200 186118 "https://www.sbsc.in/" "Mozilla/5.0 (Linux; Android 10; M2006C3MII) AppleWebKit/537.36 (KHTML, like Gecko) Chrome/109.0.0.0 Mobile Safari/537.36" www.sbsc.in 199.79.62.221
42.111.120.34 - - [28/Jan/2023:13:50:55 +0000] "GET /images/banner/12.jpg HTTP/2.0" 200 153729 "https://www.sbsc.in/" "Mozilla/5.0 (Linux; Android 10; M2006C3MII) AppleWebKit/537.36 (KHTML, like Gecko) Chrome/109.0.0.0 Mobile Safari/537.36" www.sbsc.in 199.79.62.221
42.111.120.34 - - [28/Jan/2023:13:50:57 +0000] "GET /images/jubliee-img.jpg HTTP/2.0" 200 88706 "https://www.sbsc.in/" "Mozilla/5.0 (Linux; Android 10; M2006C3MII) AppleWebKit/537.36 (KHTML, like Gecko) Chrome/109.0.0.0 Mobile Safari/537.36" www.sbsc.in 199.79.62.221
42.111.120.34 - - [28/Jan/2023:13:50:58 +0000] "GET /images/alumini.jpg HTTP/2.0" 200 50947 "https://www.sbsc.in/" "Mozilla/5.0 (Linux; Android 10; M2006C3MII) AppleWebKit/537.36 (KHTML, like Gecko) Chrome/109.0.0.0 Mobile Safari/537.36" www.sbsc.in 199.79.62.221
42.111.120.34 - - [28/Jan/2023:13:50:59 +0000] "GET /images/latest_news.png HTTP/2.0" 200 2953 "https://www.sbsc.in/" "Mozilla/5.0 (Linux; Android 10; M2006C3MII) AppleWebKit/537.36 (KHTML, like Gecko) Chrome/109.0.0.0 Mobile Safari/537.36" sbsc.in 199.79.62.221
42.111.120.34 - - [28/Jan/2023:13:51:00 +0000] "GET /images/placement1.JPG HTTP/1.1" 200 11070724 "https://www.sbsc.in/" "Mozilla/5.0 (Linux; Android 10; M2006C3MII) AppleWebKit/537.36 (KHTML, like Gecko) Chrome/109.0.0.0 Mobile Safari/537.36" www.sbsc.in 199.79.62.221
42.111.120.34 - - [28/Jan/2023:13:51:09 +0000] "GET /images/associations.jpg HTTP/2.0" 200 31703 "https://www.sbsc.in/" "Mozilla/5.0 (Linux; Android 10; M2006C3MII) AppleWebKit/537.36 (KHTML, like Gecko) Chrome/109.0.0.0 Mobile Safari/537.36" www.sbsc.in 199.79.62.221
42.111.120.34 - - [28/Jan/2023:13:51:09 +0000] "GET /images/tour-img.jpg HTTP/2.0" 200 65976 "https://www.sbsc.in/" "Mozilla/5.0 (Linux; Android 10; M2006C3MII) AppleWebKit/537.36 (KHTML, like Gecko) Chrome/109.0.0.0 Mobile Safari/537.36" www.sbsc.in 199.79.62.221
66.249.75.110 - - [28/Jan/2023:13:51:19 +0000] "GET /rules_timings_library_staff.php HTTP/1.1" 200 6834 "-" "Mozilla/5.0 (Linux; Android 6.0.1; Nexus 5X Build/MMB29P) AppleWebKit/537.36 (KHTML, like Gecko) Chrome/109.0.5414.101 Mobile Safari/537.36 (compatible; Googlebot/2.1; +http://www.google.com/bot.html)" www.sbsc.in 199.79.62.221
66.249.75.110 - - [28/Jan/2023:13:51:19 +0000] "GET /rules_timings_library_staff.php HTTP/1.1" 200 6834 "-" "Mozilla/5.0 (Linux; Android 6.0.1; Nexus 5X Build/MMB29P) AppleWebKit/537.36 (KHTML, like Gecko) Chrome/109.0.5414.101 Mobile Safari/537.36 (compatible; Googlebot/2.1; +http://www.google.com/bot.html)" www.sbsc.in 199.79.62.221
66.249.75.110 - - [28/Jan/2023:13:51:20 +0000] "GET /images/notisbord.gif HTTP/1.1" 404 355 "https://www.sbsc.in/rules_timings_library_staff.php" "Mozilla/5.0 (Linux; Android 6.0.1; Nexus 5X Build/MMB29P) AppleWebKit/537.36 (KHTML, like Gecko) Chrome/109.0.5414.101 Mobile Safari/537.36 (compatible; Googlebot/2.1; +http://www.google.com/bot.html)" www.sbsc.in 199.79.62.221
205.210.31.132 - - [28/Jan/2023:13:51:20 +0000] "GET /exam/ HTTP/1.1" 403 583 "http://199.79.62.221:80/" "Expanse, a Palo Alto Networks company, searches across the global IPv4 space multiple times per day to identify customers' presences on the Internet. If you would like to be excluded from our scans, please send IP addresses/domains to: scaninfo@paloaltonetworks.com" www.sbsc.in 199.79.62.221
205.210.31.132 - - [28/Jan/2023:13:51:20 +0000] "GET /exam/ HTTP/1.1" 403 583 "http://199.79.62.221:80/" "Expanse, a Palo Alto Networks company, searches across the global IPv4 space multiple times per day to identify customers' presences on the Internet. If you would like to be excluded from our scans, please send IP addresses/domains to: scaninfo@paloaltonetworks.com" www.sbsc.in 199.79.62.221
66.249.75.110 - - [28/Jan/2023:13:51:20 +0000] "GET /images/banner_sbsc.jpg HTTP/1.1" 404 355 "https://www.sbsc.in/rules_timings_library_staff.php" "Mozilla/5.0 (Linux; Android 6.0.1; Nexus 5X Build/MMB29P) AppleWebKit/537.36 (KHTML, like Gecko) Chrome/109.0.5414.101 Mobile Safari/537.36 (compatible; Googlebot/2.1; +http://www.google.com/bot.html)" www.sbsc.in 199.79.62.221
42.111.120.34 - - [28/Jan/2023:13:51:18 +0000] "GET /images/IMG-20210727-WA0011.jpg HTTP/2.0" 200 154646 "https://www.sbsc.in/" "Mozilla/5.0 (Linux; Android 10; M2006C3MII) AppleWebKit/537.36 (KHTML, like Gecko) Chrome/109.0.0.0 Mobile Safari/537.36" www.sbsc.in 199.79.62.221
42.111.120.34 - - [28/Jan/2023:13:51:18 +0000] "GET /images/event.jpg HTTP/2.0" 200 3517 "https://www.sbsc.in/" "Mozilla/5.0 (Linux; Android 10; M2006C3MII) AppleWebKit/537.36 (KHTML, like Gecko) Chrome/109.0.0.0 Mobile Safari/537.36" www.sbsc.in 199.79.62.221
106.215.93.223 - - [28/Jan/2023:13:51:25 +0000] "GET /pdf/SBSC_Addvertisement.pdf HTTP/2.0" 200 5978084 "https://www.indgovtjobs.in/" "Mozilla/5.0 (Linux; Android 11; SM-A205F) AppleWebKit/537.36 (KHTML, like Gecko) Chrome/109.0.0.0 Mobile Safari/537.36" www.sbsc.in 199.79.62.221
106.215.93.223 - - [28/Jan/2023:13:51:26 +0000] "GET /pdf/SBSC_Addvertisement.pdf HTTP/2.0" 206 3985390 "https://www.indgovtjobs.in/" "Mozilla/5.0 (Linux; Android 11; SM-A205F) AppleWebKit/537.36 (KHTML, like Gecko) Chrome/109.0.0.0 Mobile Safari/537.36" www.sbsc.in 199.79.62.221
106.215.93.223 - - [28/Jan/2023:13:51:26 +0000] "GET /pdf/SBSC_Addvertisement.pdf HTTP/2.0" 206 1992696 "https://www.indgovtjobs.in/" "Mozilla/5.0 (Linux; Android 11; SM-A205F) AppleWebKit/537.36 (KHTML, like Gecko) Chrome/109.0.0.0 Mobile Safari/537.36" www.sbsc.in 199.79.62.221
42.111.120.34 - - [28/Jan/2023:13:51:00 +0000] "GET /images/placement1.JPG HTTP/2.0" 200 11070724 "https://www.sbsc.in/" "Mozilla/5.0 (Linux; Android 10; M2006C3MII) AppleWebKit/537.36 (KHTML, like Gecko) Chrome/109.0.0.0 Mobile Safari/537.36" www.sbsc.in 199.79.62.221
42.111.120.34 - - [28/Jan/2023:13:51:38 +0000] "GET /images/publication-img.jpg HTTP/2.0" 200 4561 "https://www.sbsc.in/" "Mozilla/5.0 (Linux; Android 10; M2006C3MII) AppleWebKit/537.36 (KHTML, like Gecko) Chrome/109.0.0.0 Mobile Safari/537.36" www.sbsc.in 199.79.62.221
42.111.120.34 - - [28/Jan/2023:13:51:38 +0000] "GET /images/research-img.jpg HTTP/2.0" 200 3596 "https://www.sbsc.in/" "Mozilla/5.0 (Linux; Android 10; M2006C3MII) AppleWebKit/537.36 (KHTML, like Gecko) Chrome/109.0.0.0 Mobile Safari/537.36" www.sbsc.in 199.79.62.221
42.111.120.34 - - [28/Jan/2023:13:51:40 +0000] "GET /images/Conference.jpg HTTP/2.0" 200 3631 "https://www.sbsc.in/" "Mozilla/5.0 (Linux; Android 10; M2006C3MII) AppleWebKit/537.36 (KHTML, like Gecko) Chrome/109.0.0.0 Mobile Safari/537.36" www.sbsc.in 199.79.62.221
207.46.13.69 - - [28/Jan/2023:13:51:40 +0000] "GET /uploads/pdf/1659783681_Boundary_wall_near_Sports_Ground_and_fixing_of_Iron_Gate.pdf HTTP/2.0" 200 661028 "-" "Mozilla/5.0 AppleWebKit/537.36 (KHTML, like Gecko; compatible; bingbot/2.0; +http://www.bing.com/bingbot.htm) Chrome/103.0.5060.134 Safari/537.36" www.sbsc.in 199.79.62.221
42.111.120.34 - - [28/Jan/2023:13:51:40 +0000] "GET /fonts/glyphicons-halflings-regular.woff HTTP/2.0" 200 23320 "https://www.sbsc.in/css/bootstrap.min.css" "Mozilla/5.0 (Linux; Android 10; M2006C3MII) AppleWebKit/537.36 (KHTML, like Gecko) Chrome/109.0.0.0 Mobile Safari/537.36" www.sbsc.in 199.79.62.221
42.111.120.34 - - [28/Jan/2023:13:51:43 +0000] "GET /favicon.ico HTTP/1.1" 404 355 "https://www.sbsc.in/" "Mozilla/5.0 (Linux; Android 10; M2006C3MII) AppleWebKit/537.36 (KHTML, like Gecko) Chrome/109.0.0.0 Mobile Safari/537.36" www.sbsc.in 199.79.62.221
42.111.120.34 - - [28/Jan/2023:13:51:43 +0000] "GET /favicon.ico HTTP/2.0" 404 355 "https://www.sbsc.in/" "Mozilla/5.0 (Linux; Android 10; M2006C3MII) AppleWebKit/537.36 (KHTML, like Gecko) Chrome/109.0.0.0 Mobile Safari/537.36" www.sbsc.in 199.79.62.221
157.35.27.6 - - [28/Jan/2023:13:52:20 +0000] "GET /uploads/pdf/1644645235_Marks_516___Bachelor_of_Arts_(Honours_Course)_(Hindi),_5,_SEMESTER,_2021-2022-DECEMBER_REGULAR,_IA.pdf HTTP/1.1" 200 163824 "-" "Dalvik/2.1.0 (Linux; U; Android 10; RMX1911 Build/QKQ1.200209.002)" www.sbsc.in 199.79.62.221
111.223.27.156 - - [28/Jan/2023:13:52:29 +0000] "GET /images/physical-infrastrucure.jpg HTTP/2.0" 200 49235 "https://www.google.com/" "Mozilla/5.0 (Linux; Android 12; SM-M336BU Build/SP1A.210812.016; wv) AppleWebKit/537.36 (KHTML, like Gecko) Version/4.0 Chrome/109.0.5414.85 Mobile Safari/537.36 GoogleApp/14.3.9.26.arm64" www.sbsc.in 199.79.62.221
157.55.39.26 - - [28/Jan/2023:13:52:46 +0000] "GET /attendance.php/pdf/uploads/pdf/1591871913_B.A._(Hons.)_Political_Science_2nd_Year.pdf HTTP/2.0" 200 42385 "-" "Mozilla/5.0 AppleWebKit/537.36 (KHTML, like Gecko; compatible; bingbot/2.0; +http://www.bing.com/bingbot.htm) Chrome/103.0.5060.134 Safari/537.36" www.sbsc.in 199.79.62.221
66.249.75.110 - - [28/Jan/2023:13:52:47 +0000] "GET /Students_Union.php HTTP/1.1" 200 43544 "-" "Mozilla/5.0 (Linux; Android 6.0.1; Nexus 5X Build/MMB29P) AppleWebKit/537.36 (KHTML, like Gecko) Chrome/109.0.5414.101 Mobile Safari/537.36 (compatible; Googlebot/2.1; +http://www.google.com/bot.html)" www.sbsc.in 199.79.62.221
66.249.75.110 - - [28/Jan/2023:13:52:47 +0000] "GET /Students_Union.php HTTP/1.1" 200 43544 "-" "Mozilla/5.0 (Linux; Android 6.0.1; Nexus 5X Build/MMB29P) AppleWebKit/537.36 (KHTML, like Gecko) Chrome/109.0.5414.101 Mobile Safari/537.36 (compatible; Googlebot/2.1; +http://www.google.com/bot.html)" www.sbsc.in 199.79.62.221
79.110.73.90 - - [28/Jan/2023:13:52:52 +0000] "GET /uploads/pdf/1602129644_Notification_procedure_for_rectification_of_discrepancies_related_with_OBE.pdf HTTP/1.1" 200 205427 "-" "Mozilla/5.0 (Windows NT 6.1; WOW64) AppleWebKit/537.36 (KHTML, like Gecko) Chrome/100.0.4896.160 YaBrowser/22.5.2.612 Yowser/2.5 Safari/537.36" www.sbsc.in 199.79.62.221
66.249.75.108 - - [28/Jan/2023:13:52:58 +0000] "GET /Students_Union/ravinder.jpg HTTP/1.1" 200 2820 "https://www.sbsc.in/Students_Union.php" "Mozilla/5.0 (Linux; Android 6.0.1; Nexus 5X Build/MMB29P) AppleWebKit/537.36 (KHTML, like Gecko) Chrome/109.0.5414.101 Mobile Safari/537.36 (compatible; Googlebot/2.1; +http://www.google.com/bot.html)" www.sbsc.in 199.79.62.221
182.69.183.38 - - [28/Jan/2023:13:53:00 +0000] "GET /BA_Prog.php HTTP/2.0" 200 44920 "https://www.google.com/" "Mozilla/5.0 (Linux; Android 13; SM-T733) AppleWebKit/537.36 (KHTML, like Gecko) Chrome/109.0.0.0 Safari/537.36" www.sbsc.in 199.79.62.221
182.69.183.38 - - [28/Jan/2023:13:53:02 +0000] "GET /images/BA_prog/1.jpg HTTP/2.0" 200 90694 "https://www.sbsc.in/BA_Prog.php" "Mozilla/5.0 (Linux; Android 13; SM-T733) AppleWebKit/537.36 (KHTML, like Gecko) Chrome/109.0.0.0 Safari/537.36" www.sbsc.in 199.79.62.221
66.249.75.106 - - [28/Jan/2023:13:53:02 +0000] "GET /Students_Union/krishna.jpg HTTP/1.1" 200 2672 "https://www.sbsc.in/Students_Union.php" "Mozilla/5.0 (Linux; Android 6.0.1; Nexus 5X Build/MMB29P) AppleWebKit/537.36 (KHTML, like Gecko) Chrome/109.0.5414.101 Mobile Safari/537.36 (compatible; Googlebot/2.1; +http://www.google.com/bot.html)" www.sbsc.in 199.79.62.221
182.69.183.38 - - [28/Jan/2023:13:53:02 +0000] "GET /images/BA_prog/5.jpg HTTP/2.0" 200 95550 "https://www.sbsc.in/BA_Prog.php" "Mozilla/5.0 (Linux; Android 13; SM-T733) AppleWebKit/537.36 (KHTML, like Gecko) Chrome/109.0.0.0 Safari/537.36" www.sbsc.in 199.79.62.221
66.249.75.106 - - [28/Jan/2023:13:53:06 +0000] "GET /Students_Union/hariom.jpg HTTP/1.1" 200 3261 "https://www.sbsc.in/Students_Union.php" "Mozilla/5.0 (Linux; Android 6.0.1; Nexus 5X Build/MMB29P) AppleWebKit/537.36 (KHTML, like Gecko) Chrome/109.0.5414.101 Mobile Safari/537.36 (compatible; Googlebot/2.1; +http://www.google.com/bot.html)" www.sbsc.in 199.79.62.221
182.69.183.38 - - [28/Jan/2023:13:53:02 +0000] "GET /images/BA_prog/2.jpg HTTP/2.0" 200 94928 "https://www.sbsc.in/BA_Prog.php" "Mozilla/5.0 (Linux; Android 13; SM-T733) AppleWebKit/537.36 (KHTML, like Gecko) Chrome/109.0.0.0 Safari/537.36" www.sbsc.in 199.79.62.221
182.69.183.38 - - [28/Jan/2023:13:53:02 +0000] "GET /images/BA_prog/3.jpg HTTP/2.0" 200 95749 "https://www.sbsc.in/BA_Prog.php" "Mozilla/5.0 (Linux; Android 13; SM-T733) AppleWebKit/537.36 (KHTML, like Gecko) Chrome/109.0.0.0 Safari/537.36" www.sbsc.in 199.79.62.221
182.69.183.38 - - [28/Jan/2023:13:53:02 +0000] "GET /images/BA_prog/4.jpg HTTP/2.0" 200 92335 "https://www.sbsc.in/BA_Prog.php" "Mozilla/5.0 (Linux; Android 13; SM-T733) AppleWebKit/537.36 (KHTML, like Gecko) Chrome/109.0.0.0 Safari/537.36" www.sbsc.in 199.79.62.221
182.69.183.38 - - [28/Jan/2023:13:53:02 +0000] "GET /images/BA_prog/6.jpg HTTP/2.0" 200 98494 "https://www.sbsc.in/BA_Prog.php" "Mozilla/5.0 (Linux; Android 13; SM-T733) AppleWebKit/537.36 (KHTML, like Gecko) Chrome/109.0.0.0 Safari/537.36" www.sbsc.in 199.79.62.221
66.249.75.108 - - [28/Jan/2023:13:53:09 +0000] "GET /Students_Union/rahul.jpg HTTP/1.1" 200 3239 "https://www.sbsc.in/Students_Union.php" "Mozilla/5.0 (Linux; Android 6.0.1; Nexus 5X Build/MMB29P) AppleWebKit/537.36 (KHTML, like Gecko) Chrome/109.0.5414.101 Mobile Safari/537.36 (compatible; Googlebot/2.1; +http://www.google.com/bot.html)" www.sbsc.in 199.79.62.221
182.69.183.38 - - [28/Jan/2023:13:53:07 +0000] "GET /images/BA_prog/11.jpg HTTP/2.0" 200 85235 "https://www.sbsc.in/BA_Prog.php" "Mozilla/5.0 (Linux; Android 13; SM-T733) AppleWebKit/537.36 (KHTML, like Gecko) Chrome/109.0.0.0 Safari/537.36" www.sbsc.in 199.79.62.221
182.69.183.38 - - [28/Jan/2023:13:53:02 +0000] "GET /images/BA_prog/7.jpg HTTP/2.0" 200 108822 "https://www.sbsc.in/BA_Prog.php" "Mozilla/5.0 (Linux; Android 13; SM-T733) AppleWebKit/537.36 (KHTML, like Gecko) Chrome/109.0.0.0 Safari/537.36" www.sbsc.in 199.79.62.221
182.69.183.38 - - [28/Jan/2023:13:53:02 +0000] "GET /images/BA_prog/8.jpg HTTP/2.0" 200 82634 "https://www.sbsc.in/BA_Prog.php" "Mozilla/5.0 (Linux; Android 13; SM-T733) AppleWebKit/537.36 (KHTML, like Gecko) Chrome/109.0.0.0 Safari/537.36" www.sbsc.in 199.79.62.221
182.69.183.38 - - [28/Jan/2023:13:53:08 +0000] "GET /images/BA_prog/13.jpg HTTP/2.0" 200 100747 "https://www.sbsc.in/BA_Prog.php" "Mozilla/5.0 (Linux; Android 13; SM-T733) AppleWebKit/537.36 (KHTML, like Gecko) Chrome/109.0.0.0 Safari/537.36" www.sbsc.in 199.79.62.221
182.69.183.38 - - [28/Jan/2023:13:53:02 +0000] "GET /images/BA_prog/9.jpg HTTP/2.0" 200 87213 "https://www.sbsc.in/BA_Prog.php" "Mozilla/5.0 (Linux; Android 13; SM-T733) AppleWebKit/537.36 (KHTML, like Gecko) Chrome/109.0.0.0 Safari/537.36" www.sbsc.in 199.79.62.221
182.69.183.38 - - [28/Jan/2023:13:53:02 +0000] "GET /images/BA_prog/10.jpg HTTP/2.0" 200 112002 "https://www.sbsc.in/BA_Prog.php" "Mozilla/5.0 (Linux; Android 13; SM-T733) AppleWebKit/537.36 (KHTML, like Gecko) Chrome/109.0.0.0 Safari/537.36" www.sbsc.in 199.79.62.221
182.69.183.38 - - [28/Jan/2023:13:53:11 +0000] "GET /images/BA_prog/14.jpg HTTP/2.0" 200 90477 "https://www.sbsc.in/BA_Prog.php" "Mozilla/5.0 (Linux; Android 13; SM-T733) AppleWebKit/537.36 (KHTML, like Gecko) Chrome/109.0.0.0 Safari/537.36" www.sbsc.in 199.79.62.221
182.69.183.38 - - [28/Jan/2023:13:53:07 +0000] "GET /images/BA_prog/12.jpg HTTP/2.0" 200 111476 "https://www.sbsc.in/BA_Prog.php" "Mozilla/5.0 (Linux; Android 13; SM-T733) AppleWebKit/537.36 (KHTML, like Gecko) Chrome/109.0.0.0 Safari/537.36" www.sbsc.in 199.79.62.221
182.69.183.38 - - [28/Jan/2023:13:53:12 +0000] "GET /images/BA_prog/15.jpg HTTP/2.0" 200 108882 "https://www.sbsc.in/BA_Prog.php" "Mozilla/5.0 (Linux; Android 13; SM-T733) AppleWebKit/537.36 (KHTML, like Gecko) Chrome/109.0.0.0 Safari/537.36" www.sbsc.in 199.79.62.221
182.69.183.38 - - [28/Jan/2023:13:53:12 +0000] "GET /images/BA_prog/16.jpg HTTP/2.0" 200 99768 "https://www.sbsc.in/BA_Prog.php" "Mozilla/5.0 (Linux; Android 13; SM-T733) AppleWebKit/537.36 (KHTML, like Gecko) Chrome/109.0.0.0 Safari/537.36" www.sbsc.in 199.79.62.221
182.69.183.38 - - [28/Jan/2023:13:53:12 +0000] "GET /images/BA_prog/18.jpg HTTP/2.0" 200 114644 "https://www.sbsc.in/BA_Prog.php" "Mozilla/5.0 (Linux; Android 13; SM-T733) AppleWebKit/537.36 (KHTML, like Gecko) Chrome/109.0.0.0 Safari/537.36" www.sbsc.in 199.79.62.221
182.69.183.38 - - [28/Jan/2023:13:53:12 +0000] "GET /images/BA_prog/19.jpg HTTP/2.0" 200 13665 "https://www.sbsc.in/BA_Prog.php" "Mozilla/5.0 (Linux; Android 13; SM-T733) AppleWebKit/537.36 (KHTML, like Gecko) Chrome/109.0.0.0 Safari/537.36" www.sbsc.in 199.79.62.221
182.69.183.38 - - [28/Jan/2023:13:53:12 +0000] "GET /images/BA_prog/21.jpg HTTP/2.0" 200 12127 "https://www.sbsc.in/BA_Prog.php" "Mozilla/5.0 (Linux; Android 13; SM-T733) AppleWebKit/537.36 (KHTML, like Gecko) Chrome/109.0.0.0 Safari/537.36" www.sbsc.in 199.79.62.221
182.69.183.38 - - [28/Jan/2023:13:53:12 +0000] "GET /images/BA_prog/22.jpg HTTP/2.0" 200 18603 "https://www.sbsc.in/BA_Prog.php" "Mozilla/5.0 (Linux; Android 13; SM-T733) AppleWebKit/537.36 (KHTML, like Gecko) Chrome/109.0.0.0 Safari/537.36" www.sbsc.in 199.79.62.221
182.69.183.38 - - [28/Jan/2023:13:53:12 +0000] "GET /images/BA_prog/24.jpg HTTP/2.0" 200 13386 "https://www.sbsc.in/BA_Prog.php" "Mozilla/5.0 (Linux; Android 13; SM-T733) AppleWebKit/537.36 (KHTML, like Gecko) Chrome/109.0.0.0 Safari/537.36" www.sbsc.in 199.79.62.221
182.69.183.38 - - [28/Jan/2023:13:53:12 +0000] "GET /images/BA_prog/26.jpg HTTP/2.0" 200 16580 "https://www.sbsc.in/BA_Prog.php" "Mozilla/5.0 (Linux; Android 13; SM-T733) AppleWebKit/537.36 (KHTML, like Gecko) Chrome/109.0.0.0 Safari/537.36" www.sbsc.in 199.79.62.221
66.249.75.106 - - [28/Jan/2023:13:53:16 +0000] "GET /Students_Union/ankit.jpg HTTP/1.1" 200 3166 "https://www.sbsc.in/Students_Union.php" "Mozilla/5.0 (Linux; Android 6.0.1; Nexus 5X Build/MMB29P) AppleWebKit/537.36 (KHTML, like Gecko) Chrome/109.0.5414.101 Mobile Safari/537.36 (compatible; Googlebot/2.1; +http://www.google.com/bot.html)" www.sbsc.in 199.79.62.221
182.69.183.38 - - [28/Jan/2023:13:53:12 +0000] "GET /images/BA_prog/17.jpg HTTP/2.0" 200 89478 "https://www.sbsc.in/BA_Prog.php" "Mozilla/5.0 (Linux; Android 13; SM-T733) AppleWebKit/537.36 (KHTML, like Gecko) Chrome/109.0.0.0 Safari/537.36" www.sbsc.in 199.79.62.221
182.69.183.38 - - [28/Jan/2023:13:53:12 +0000] "GET /images/BA_prog/20.jpg HTTP/2.0" 200 12189 "https://www.sbsc.in/BA_Prog.php" "Mozilla/5.0 (Linux; Android 13; SM-T733) AppleWebKit/537.36 (KHTML, like Gecko) Chrome/109.0.0.0 Safari/537.36" www.sbsc.in 199.79.62.221
182.69.183.38 - - [28/Jan/2023:13:53:12 +0000] "GET /images/BA_prog/23.jpg HTTP/2.0" 200 17278 "https://www.sbsc.in/BA_Prog.php" "Mozilla/5.0 (Linux; Android 13; SM-T733) AppleWebKit/537.36 (KHTML, like Gecko) Chrome/109.0.0.0 Safari/537.36" www.sbsc.in 199.79.62.221
182.69.183.38 - - [28/Jan/2023:13:53:12 +0000] "GET /images/BA_prog/25.jpg HTTP/2.0" 200 14315 "https://www.sbsc.in/BA_Prog.php" "Mozilla/5.0 (Linux; Android 13; SM-T733) AppleWebKit/537.36 (KHTML, like Gecko) Chrome/109.0.0.0 Safari/537.36" www.sbsc.in 199.79.62.221
