117.98.2.91 - - [28/Jan/2023:13:01:14 +0000] "GET /images/placement1.JPG HTTP/2.0" 200 3317479 "https://www.sbsc.in/" "Mozilla/5.0 (Linux; Android 11; M2101K7BI) AppleWebKit/537.36 (KHTML, like Gecko) Chrome/104.0.0.0 Mobile Safari/537.36" www.sbsc.in 199.79.62.221
103.127.224.186 - - [28/Jan/2023:13:01:36 +0000] "GET /favicon.ico HTTP/1.1" 404 355 "https://www.sbsc.in/governing_body.php" "Mozilla/5.0 (Linux; Android 11; GM1901) AppleWebKit/537.36 (KHTML, like Gecko) Chrome/100.0.4896.79 Mobile Safari/537.36" www.sbsc.in 199.79.62.221
106.210.33.164 - - [28/Jan/2023:13:01:10 +0000] "GET /images/banner/4.jpg HTTP/2.0" 200 172167 "https://www.sbsc.in/" "Mozilla/5.0 (Linux; Android 11; CPH2349) AppleWebKit/537.36 (KHTML, like Gecko) Chrome/102.0.0.0 Mobile Safari/537.36" www.sbsc.in 199.79.62.221
103.127.224.186 - - [28/Jan/2023:13:01:36 +0000] "GET /favicon.ico HTTP/2.0" 404 355 "https://www.sbsc.in/governing_body.php" "Mozilla/5.0 (Linux; Android 11; GM1901) AppleWebKit/537.36 (KHTML, like Gecko) Chrome/100.0.4896.79 Mobile Safari/537.36" www.sbsc.in 199.79.62.221
106.210.33.164 - - [28/Jan/2023:13:01:10 +0000] "GET /images/latest_news.png HTTP/2.0" 200 2953 "https://www.sbsc.in/" "Mozilla/5.0 (Linux; Android 11; CPH2349) AppleWebKit/537.36 (KHTML, like Gecko) Chrome/102.0.0.0 Mobile Safari/537.36" sbsc.in 199.79.62.221
106.210.33.164 - - [28/Jan/2023:13:01:10 +0000] "GET /fonts/glyphicons-halflings-regular.woff HTTP/2.0" 200 23320 "https://www.sbsc.in/css/bootstrap.min.css" "Mozilla/5.0 (Linux; Android 11; CPH2349) AppleWebKit/537.36 (KHTML, like Gecko) Chrome/102.0.0.0 Mobile Safari/537.36" www.sbsc.in 199.79.62.221
106.210.33.164 - - [28/Jan/2023:13:01:10 +0000] "GET /images/banner/3.jpg HTTP/2.0" 200 207968 "https://www.sbsc.in/" "Mozilla/5.0 (Linux; Android 11; CPH2349) AppleWebKit/537.36 (KHTML, like Gecko) Chrome/102.0.0.0 Mobile Safari/537.36" www.sbsc.in 199.79.62.221
106.210.33.164 - - [28/Jan/2023:13:01:10 +0000] "GET /images/banner/5.jpg HTTP/2.0" 200 170926 "https://www.sbsc.in/" "Mozilla/5.0 (Linux; Android 11; CPH2349) AppleWebKit/537.36 (KHTML, like Gecko) Chrome/102.0.0.0 Mobile Safari/537.36" www.sbsc.in 199.79.62.221
66.249.75.106 - - [28/Jan/2023:13:02:16 +0000] "GET /pdf/SBSC_Addvertisement.pdf HTTP/1.1" 200 5978084 "-" "Mozilla/5.0 (compatible; Googlebot/2.1; +http://www.google.com/bot.html)" www.sbsc.in 199.79.62.221
106.210.33.164 - - [28/Jan/2023:13:01:10 +0000] "GET /images/placement1.JPG HTTP/2.0" 200 147175 "https://www.sbsc.in/" "Mozilla/5.0 (Linux; Android 11; CPH2349) AppleWebKit/537.36 (KHTML, like Gecko) Chrome/102.0.0.0 Mobile Safari/537.36" www.sbsc.in 199.79.62.221
106.210.33.164 - - [28/Jan/2023:13:01:10 +0000] "GET /images/Conference.jpg HTTP/2.0" 200 3631 "https://www.sbsc.in/" "Mozilla/5.0 (Linux; Android 11; CPH2349) AppleWebKit/537.36 (KHTML, like Gecko) Chrome/102.0.0.0 Mobile Safari/537.36" www.sbsc.in 199.79.62.221
106.210.33.164 - - [28/Jan/2023:13:01:10 +0000] "GET /images/publication-img.jpg HTTP/2.0" 200 4561 "https://www.sbsc.in/" "Mozilla/5.0 (Linux; Android 11; CPH2349) AppleWebKit/537.36 (KHTML, like Gecko) Chrome/102.0.0.0 Mobile Safari/537.36" www.sbsc.in 199.79.62.221
106.210.33.164 - - [28/Jan/2023:13:01:10 +0000] "GET /images/research-img.jpg HTTP/2.0" 200 3596 "https://www.sbsc.in/" "Mozilla/5.0 (Linux; Android 11; CPH2349) AppleWebKit/537.36 (KHTML, like Gecko) Chrome/102.0.0.0 Mobile Safari/537.36" www.sbsc.in 199.79.62.221
106.210.33.164 - - [28/Jan/2023:13:01:10 +0000] "GET /images/event.jpg HTTP/2.0" 200 3517 "https://www.sbsc.in/" "Mozilla/5.0 (Linux; Android 11; CPH2349) AppleWebKit/537.36 (KHTML, like Gecko) Chrome/102.0.0.0 Mobile Safari/537.36" www.sbsc.in 199.79.62.221
106.210.33.164 - - [28/Jan/2023:13:01:10 +0000] "GET /images/IMG-20210727-WA0011.jpg HTTP/2.0" 200 154646 "https://www.sbsc.in/" "Mozilla/5.0 (Linux; Android 11; CPH2349) AppleWebKit/537.36 (KHTML, like Gecko) Chrome/102.0.0.0 Mobile Safari/537.36" www.sbsc.in 199.79.62.221
106.210.33.164 - - [28/Jan/2023:13:01:10 +0000] "GET /images/tour-img.jpg HTTP/2.0" 200 65976 "https://www.sbsc.in/" "Mozilla/5.0 (Linux; Android 11; CPH2349) AppleWebKit/537.36 (KHTML, like Gecko) Chrome/102.0.0.0 Mobile Safari/537.36" www.sbsc.in 199.79.62.221
106.210.33.164 - - [28/Jan/2023:13:01:10 +0000] "GET /images/associations.jpg HTTP/2.0" 200 31703 "https://www.sbsc.in/" "Mozilla/5.0 (Linux; Android 11; CPH2349) AppleWebKit/537.36 (KHTML, like Gecko) Chrome/102.0.0.0 Mobile Safari/537.36" www.sbsc.in 199.79.62.221
106.210.33.164 - - [28/Jan/2023:13:01:10 +0000] "GET /images/alumini.jpg HTTP/2.0" 200 50947 "https://www.sbsc.in/" "Mozilla/5.0 (Linux; Android 11; CPH2349) AppleWebKit/537.36 (KHTML, like Gecko) Chrome/102.0.0.0 Mobile Safari/537.36" www.sbsc.in 199.79.62.221
106.210.33.164 - - [28/Jan/2023:13:01:10 +0000] "GET /images/jubliee-img.jpg HTTP/2.0" 200 88706 "https://www.sbsc.in/" "Mozilla/5.0 (Linux; Android 11; CPH2349) AppleWebKit/537.36 (KHTML, like Gecko) Chrome/102.0.0.0 Mobile Safari/537.36" www.sbsc.in 199.79.62.221
106.210.33.164 - - [28/Jan/2023:13:01:10 +0000] "GET /images/banner/12.jpg HTTP/2.0" 200 153729 "https://www.sbsc.in/" "Mozilla/5.0 (Linux; Android 11; CPH2349) AppleWebKit/537.36 (KHTML, like Gecko) Chrome/102.0.0.0 Mobile Safari/537.36" www.sbsc.in 199.79.62.221
106.210.33.164 - - [28/Jan/2023:13:01:10 +0000] "GET /images/banner/11.jpg HTTP/2.0" 200 186118 "https://www.sbsc.in/" "Mozilla/5.0 (Linux; Android 11; CPH2349) AppleWebKit/537.36 (KHTML, like Gecko) Chrome/102.0.0.0 Mobile Safari/537.36" www.sbsc.in 199.79.62.221
106.210.33.164 - - [28/Jan/2023:13:01:10 +0000] "GET /images/banner/10.jpg HTTP/2.0" 200 211781 "https://www.sbsc.in/" "Mozilla/5.0 (Linux; Android 11; CPH2349) AppleWebKit/537.36 (KHTML, like Gecko) Chrome/102.0.0.0 Mobile Safari/537.36" www.sbsc.in 199.79.62.221
106.210.33.164 - - [28/Jan/2023:13:01:10 +0000] "GET /images/banner/9.jpg HTTP/2.0" 200 167238 "https://www.sbsc.in/" "Mozilla/5.0 (Linux; Android 11; CPH2349) AppleWebKit/537.36 (KHTML, like Gecko) Chrome/102.0.0.0 Mobile Safari/537.36" www.sbsc.in 199.79.62.221
106.210.33.164 - - [28/Jan/2023:13:01:10 +0000] "GET /images/banner/8.jpg HTTP/2.0" 200 156850 "https://www.sbsc.in/" "Mozilla/5.0 (Linux; Android 11; CPH2349) AppleWebKit/537.36 (KHTML, like Gecko) Chrome/102.0.0.0 Mobile Safari/537.36" www.sbsc.in 199.79.62.221
106.210.33.164 - - [28/Jan/2023:13:01:10 +0000] "GET /images/banner/7.jpg HTTP/2.0" 200 179124 "https://www.sbsc.in/" "Mozilla/5.0 (Linux; Android 11; CPH2349) AppleWebKit/537.36 (KHTML, like Gecko) Chrome/102.0.0.0 Mobile Safari/537.36" www.sbsc.in 199.79.62.221
106.210.33.164 - - [28/Jan/2023:13:01:10 +0000] "GET /images/banner/6.jpg HTTP/2.0" 200 127037 "https://www.sbsc.in/" "Mozilla/5.0 (Linux; Android 11; CPH2349) AppleWebKit/537.36 (KHTML, like Gecko) Chrome/102.0.0.0 Mobile Safari/537.36" www.sbsc.in 199.79.62.221
122.162.144.246 - - [28/Jan/2023:13:03:05 +0000] "GET /news.php HTTP/1.1" 200 42599 "https://www.sbsc.in/" "Mozilla/5.0 (Windows NT 10.0; Win64; x64) AppleWebKit/537.36 (KHTML, like Gecko) Chrome/109.0.0.0 Safari/537.36 Edg/109.0.1518.61" www.sbsc.in 199.79.62.221
122.162.144.246 - - [28/Jan/2023:13:03:05 +0000] "GET /news.php HTTP/2.0" 200 42599 "https://www.sbsc.in/" "Mozilla/5.0 (Windows NT 10.0; Win64; x64) AppleWebKit/537.36 (KHTML, like Gecko) Chrome/109.0.0.0 Safari/537.36 Edg/109.0.1518.61" www.sbsc.in 199.79.62.221
122.162.144.246 - - [28/Jan/2023:13:03:17 +0000] "GET /index.php HTTP/1.1" 200 45835 "https://www.sbsc.in/news.php" "Mozilla/5.0 (Windows NT 10.0; Win64; x64) AppleWebKit/537.36 (KHTML, like Gecko) Chrome/109.0.0.0 Safari/537.36 Edg/109.0.1518.61" www.sbsc.in 199.79.62.221
122.162.144.246 - - [28/Jan/2023:13:03:17 +0000] "GET /index.php HTTP/2.0" 200 45835 "https://www.sbsc.in/news.php" "Mozilla/5.0 (Windows NT 10.0; Win64; x64) AppleWebKit/537.36 (KHTML, like Gecko) Chrome/109.0.0.0 Safari/537.36 Edg/109.0.1518.61" www.sbsc.in 199.79.62.221
122.162.144.246 - - [28/Jan/2023:13:03:21 +0000] "GET /the-college.php HTTP/1.1" 200 43024 "https://www.sbsc.in/index.php" "Mozilla/5.0 (Windows NT 10.0; Win64; x64) AppleWebKit/537.36 (KHTML, like Gecko) Chrome/109.0.0.0 Safari/537.36 Edg/109.0.1518.61" www.sbsc.in 199.79.62.221
122.162.144.246 - - [28/Jan/2023:13:03:21 +0000] "GET /the-college.php HTTP/2.0" 200 43024 "https://www.sbsc.in/index.php" "Mozilla/5.0 (Windows NT 10.0; Win64; x64) AppleWebKit/537.36 (KHTML, like Gecko) Chrome/109.0.0.0 Safari/537.36 Edg/109.0.1518.61" www.sbsc.in 199.79.62.221
122.162.144.246 - - [28/Jan/2023:13:03:23 +0000] "GET /images/college_img.jpg HTTP/2.0" 200 107481 "https://www.sbsc.in/the-college.php" "Mozilla/5.0 (Windows NT 10.0; Win64; x64) AppleWebKit/537.36 (KHTML, like Gecko) Chrome/109.0.0.0 Safari/537.36 Edg/109.0.1518.61" www.sbsc.in 199.79.62.221
122.162.144.246 - - [28/Jan/2023:13:03:49 +0000] "GET /index.php HTTP/2.0" 200 45835 "https://www.sbsc.in/the-college.php" "Mozilla/5.0 (Windows NT 10.0; Win64; x64) AppleWebKit/537.36 (KHTML, like Gecko) Chrome/109.0.0.0 Safari/537.36 Edg/109.0.1518.61" www.sbsc.in 199.79.62.221
20.254.154.148 - - [28/Jan/2023:13:04:24 +0000] "GET /view-all.php HTTP/2.0" 200 74210 "-" "Mozilla/5.0 (Windows NT 10.0; Win64; x64; rv:81.0) Gecko/20100101 Firefox/81.0" www.sbsc.in 199.79.62.221
122.162.144.246 - - [28/Jan/2023:13:04:28 +0000] "GET /department_Commerce.php HTTP/2.0" 200 43944 "https://www.sbsc.in/index.php" "Mozilla/5.0 (Windows NT 10.0; Win64; x64) AppleWebKit/537.36 (KHTML, like Gecko) Chrome/109.0.0.0 Safari/537.36 Edg/109.0.1518.61" www.sbsc.in 199.79.62.221
66.249.75.108 - - [28/Jan/2023:13:04:37 +0000] "GET /uploads/pdf/1650449971_Notice.pdf HTTP/1.1" 304 - "-" "Mozilla/5.0 (Linux; Android 6.0.1; Nexus 5X Build/MMB29P) AppleWebKit/537.36 (KHTML, like Gecko) Chrome/109.0.5414.101 Mobile Safari/537.36 (compatible; Googlebot/2.1; +http://www.google.com/bot.html)" www.sbsc.in 199.79.62.221
66.249.75.106 - - [28/Jan/2023:13:05:07 +0000] "GET /pdf/resources/1586066777_03_Septmber_gps_PartII__Er_Ashutosh_Bhardwaj.pdf HTTP/1.1" 404 355 "-" "Mozilla/5.0 (Linux; Android 6.0.1; Nexus 5X Build/MMB29P) AppleWebKit/537.36 (KHTML, like Gecko) Chrome/109.0.5414.101 Mobile Safari/537.36 (compatible; Googlebot/2.1; +http://www.google.com/bot.html)" www.sbsc.in 199.79.62.221
40.77.167.81 - - [28/Jan/2023:13:05:14 +0000] "GET /internal_assessment.php/internalassessment/assesment-2019/internalassessment/assesment-2019/pdf/uploads/pdf/1615973551_B.A._(Prog.)_Semester-I_Internal_Assessment_Awards.pdf HTTP/2.0" 200 43991 "-" "Mozilla/5.0 AppleWebKit/537.36 (KHTML, like Gecko; compatible; bingbot/2.0; +http://www.bing.com/bingbot.htm) Chrome/103.0.5060.134 Safari/537.36" www.sbsc.in 199.79.62.221
114.119.128.46 - - [28/Jan/2023:13:05:16 +0000] "GET /pdf/resources/1585912428_Time_of_Supply2.docx HTTP/1.1" 406 226 "https://www.sbsc.in/e-data.php?Teacher=91&Dep=10" "Mozilla/5.0 (Linux; Android 7.0;) AppleWebKit/537.36 (KHTML, like Gecko) Mobile Safari/537.36 (compatible; PetalBot;+https://webmaster.petalsearch.com/site/petalbot)" www.sbsc.in 199.79.62.221
66.249.75.106 - - [28/Jan/2023:13:05:25 +0000] "GET /internal_assessment.php/uploads/pdf/1628068309_TTS.pdf HTTP/1.1" 200 43991 "-" "Mozilla/5.0 (Linux; Android 6.0.1; Nexus 5X Build/MMB29P) AppleWebKit/537.36 (KHTML, like Gecko) Chrome/109.0.5414.101 Mobile Safari/537.36 (compatible; Googlebot/2.1; +http://www.google.com/bot.html)" www.sbsc.in 199.79.62.221
42.111.120.44 - - [28/Jan/2023:13:05:30 +0000] "GET / HTTP/2.0" 200 45835 "https://www.google.com/" "Mozilla/5.0 (Linux; Android 12; CPH2401) AppleWebKit/537.36 (KHTML, like Gecko) Chrome/99.0.4844.88 Mobile Safari/537.36" www.sbsc.in 199.79.62.221
42.111.120.44 - - [28/Jan/2023:13:05:32 +0000] "GET /images/placement1.JPG HTTP/2.0" 206 1 "https://www.sbsc.in/" "Mozilla/5.0 (Linux; Android 12; CPH2401) AppleWebKit/537.36 (KHTML, like Gecko) Chrome/99.0.4844.88 Mobile Safari/537.36" www.sbsc.in 199.79.62.221
42.111.120.44 - - [28/Jan/2023:13:05:32 +0000] "GET /images/placement1.JPG HTTP/2.0" 206 2588353 "https://www.sbsc.in/" "Mozilla/5.0 (Linux; Android 12; CPH2401) AppleWebKit/537.36 (KHTML, like Gecko) Chrome/99.0.4844.88 Mobile Safari/537.36" www.sbsc.in 199.79.62.221
106.201.158.181 - - [28/Jan/2023:13:05:38 +0000] "GET /favicon.ico HTTP/1.1" 404 355 "https://www.sbsc.in/uploads/pdf/1598865687_CAS_2018_(1).pdf" "Mozilla/5.0 (Windows NT 10.0; Win64; x64) AppleWebKit/537.36 (KHTML, like Gecko) Chrome/109.0.0.0 Safari/537.36" www.sbsc.in 199.79.62.221
106.201.158.181 - - [28/Jan/2023:13:05:38 +0000] "GET /favicon.ico HTTP/2.0" 404 355 "https://www.sbsc.in/uploads/pdf/1598865687_CAS_2018_(1).pdf" "Mozilla/5.0 (Windows NT 10.0; Win64; x64) AppleWebKit/537.36 (KHTML, like Gecko) Chrome/109.0.0.0 Safari/537.36" www.sbsc.in 199.79.62.221
194.163.148.250 - - [28/Jan/2023:13:05:40 +0000] "GET /view-all.php HTTP/2.0" 200 74210 "-" "Mozilla/5.0 (Windows NT 10.0; Win64; x64) AppleWebKit/537.36 (KHTML, like Gecko) Chrome/79.0.3945.130 Safari/537.36" www.sbsc.in 199.79.62.221
194.163.148.250 - - [28/Jan/2023:13:05:40 +0000] "GET /css/style-new.css HTTP/2.0" 200 352 "https://www.sbsc.in/view-all.php" "Mozilla/5.0 (Windows NT 10.0; Win64; x64) AppleWebKit/537.36 (KHTML, like Gecko) Chrome/79.0.3945.130 Safari/537.36" www.sbsc.in 199.79.62.221
194.163.148.250 - - [28/Jan/2023:13:05:40 +0000] "GET /css/style.css HTTP/2.0" 200 2565 "https://www.sbsc.in/view-all.php" "Mozilla/5.0 (Windows NT 10.0; Win64; x64) AppleWebKit/537.36 (KHTML, like Gecko) Chrome/79.0.3945.130 Safari/537.36" www.sbsc.in 199.79.62.221
194.163.148.250 - - [28/Jan/2023:13:05:40 +0000] "GET /cssmenu/styles.css HTTP/2.0" 200 1905 "https://www.sbsc.in/view-all.php" "Mozilla/5.0 (Windows NT 10.0; Win64; x64) AppleWebKit/537.36 (KHTML, like Gecko) Chrome/79.0.3945.130 Safari/537.36" www.sbsc.in 199.79.62.221
194.163.148.250 - - [28/Jan/2023:13:05:40 +0000] "GET /cssmenu/script.js HTTP/2.0" 200 675 "https://www.sbsc.in/view-all.php" "Mozilla/5.0 (Windows NT 10.0; Win64; x64) AppleWebKit/537.36 (KHTML, like Gecko) Chrome/79.0.3945.130 Safari/537.36" www.sbsc.in 199.79.62.221
194.163.148.250 - - [28/Jan/2023:13:05:40 +0000] "GET /js/animation-banner.js HTTP/2.0" 200 964 "https://www.sbsc.in/view-all.php" "Mozilla/5.0 (Windows NT 10.0; Win64; x64) AppleWebKit/537.36 (KHTML, like Gecko) Chrome/79.0.3945.130 Safari/537.36" www.sbsc.in 199.79.62.221
194.163.148.250 - - [28/Jan/2023:13:05:40 +0000] "GET /paytm.jpg HTTP/2.0" 200 7167 "https://www.sbsc.in/view-all.php" "Mozilla/5.0 (Windows NT 10.0; Win64; x64) AppleWebKit/537.36 (KHTML, like Gecko) Chrome/79.0.3945.130 Safari/537.36" www.sbsc.in 199.79.62.221
194.163.148.250 - - [28/Jan/2023:13:05:40 +0000] "GET /css/bootstrap.min.css HTTP/2.0" 200 27845 "https://www.sbsc.in/view-all.php" "Mozilla/5.0 (Windows NT 10.0; Win64; x64) AppleWebKit/537.36 (KHTML, like Gecko) Chrome/79.0.3945.130 Safari/537.36" www.sbsc.in 199.79.62.221
194.163.148.250 - - [28/Jan/2023:13:05:40 +0000] "GET /images/email.png HTTP/2.0" 200 1371 "https://www.sbsc.in/view-all.php" "Mozilla/5.0 (Windows NT 10.0; Win64; x64) AppleWebKit/537.36 (KHTML, like Gecko) Chrome/79.0.3945.130 Safari/537.36" www.sbsc.in 199.79.62.221
194.163.148.250 - - [28/Jan/2023:13:05:40 +0000] "GET /images/phone.png HTTP/2.0" 200 1897 "https://www.sbsc.in/view-all.php" "Mozilla/5.0 (Windows NT 10.0; Win64; x64) AppleWebKit/537.36 (KHTML, like Gecko) Chrome/79.0.3945.130 Safari/537.36" www.sbsc.in 199.79.62.221
194.163.148.250 - - [28/Jan/2023:13:05:40 +0000] "GET /images/new.gif HTTP/2.0" 200 2455 "https://www.sbsc.in/view-all.php" "Mozilla/5.0 (Windows NT 10.0; Win64; x64) AppleWebKit/537.36 (KHTML, like Gecko) Chrome/79.0.3945.130 Safari/537.36" www.sbsc.in 199.79.62.221
194.163.148.250 - - [28/Jan/2023:13:05:40 +0000] "GET /images/symbol.jpg HTTP/2.0" 200 781 "https://www.sbsc.in/view-all.php" "Mozilla/5.0 (Windows NT 10.0; Win64; x64) AppleWebKit/537.36 (KHTML, like Gecko) Chrome/79.0.3945.130 Safari/537.36" www.sbsc.in 199.79.62.221
194.163.148.250 - - [28/Jan/2023:13:05:40 +0000] "GET /images/logo.png HTTP/2.0" 200 36072 "https://www.sbsc.in/view-all.php" "Mozilla/5.0 (Windows NT 10.0; Win64; x64) AppleWebKit/537.36 (KHTML, like Gecko) Chrome/79.0.3945.130 Safari/537.36" www.sbsc.in 199.79.62.221
194.163.148.250 - - [28/Jan/2023:13:05:40 +0000] "GET /images/golden-jubilee-logo.png HTTP/2.0" 200 34899 "https://www.sbsc.in/view-all.php" "Mozilla/5.0 (Windows NT 10.0; Win64; x64) AppleWebKit/537.36 (KHTML, like Gecko) Chrome/79.0.3945.130 Safari/537.36" www.sbsc.in 199.79.62.221
194.163.148.250 - - [28/Jan/2023:13:05:40 +0000] "GET /images/banner/1.jpg HTTP/2.0" 200 212471 "https://www.sbsc.in/view-all.php" "Mozilla/5.0 (Windows NT 10.0; Win64; x64) AppleWebKit/537.36 (KHTML, like Gecko) Chrome/79.0.3945.130 Safari/537.36" www.sbsc.in 199.79.62.221
194.163.148.250 - - [28/Jan/2023:13:05:40 +0000] "GET /images/banner/2.jpg HTTP/2.0" 200 197131 "https://www.sbsc.in/view-all.php" "Mozilla/5.0 (Windows NT 10.0; Win64; x64) AppleWebKit/537.36 (KHTML, like Gecko) Chrome/79.0.3945.130 Safari/537.36" www.sbsc.in 199.79.62.221
194.163.148.250 - - [28/Jan/2023:13:05:40 +0000] "GET /images/banner/5.jpg HTTP/2.0" 200 170926 "https://www.sbsc.in/view-all.php" "Mozilla/5.0 (Windows NT 10.0; Win64; x64) AppleWebKit/537.36 (KHTML, like Gecko) Chrome/79.0.3945.130 Safari/537.36" www.sbsc.in 199.79.62.221
194.163.148.250 - - [28/Jan/2023:13:05:40 +0000] "GET /images/banner/4.jpg HTTP/2.0" 200 172167 "https://www.sbsc.in/view-all.php" "Mozilla/5.0 (Windows NT 10.0; Win64; x64) AppleWebKit/537.36 (KHTML, like Gecko) Chrome/79.0.3945.130 Safari/537.36" www.sbsc.in 199.79.62.221
194.163.148.250 - - [28/Jan/2023:13:05:40 +0000] "GET /images/banner/3.jpg HTTP/2.0" 200 207968 "https://www.sbsc.in/view-all.php" "Mozilla/5.0 (Windows NT 10.0; Win64; x64) AppleWebKit/537.36 (KHTML, like Gecko) Chrome/79.0.3945.130 Safari/537.36" www.sbsc.in 199.79.62.221
106.201.158.181 - - [28/Jan/2023:13:05:37 +0000] "GET /uploads/pdf/1598865687_CAS_2018_(1).pdf HTTP/2.0" 200 9825086 "https://www.google.com/" "Mozilla/5.0 (Windows NT 10.0; Win64; x64) AppleWebKit/537.36 (KHTML, like Gecko) Chrome/109.0.0.0 Safari/537.36" www.sbsc.in 199.79.62.221
194.163.148.250 - - [28/Jan/2023:13:05:41 +0000] "GET /images/banner/6.jpg HTTP/2.0" 200 127037 "https://www.sbsc.in/view-all.php" "Mozilla/5.0 (Windows NT 10.0; Win64; x64) AppleWebKit/537.36 (KHTML, like Gecko) Chrome/79.0.3945.130 Safari/537.36" www.sbsc.in 199.79.62.221
194.163.148.250 - - [28/Jan/2023:13:05:41 +0000] "GET /js/bootstrap.min.js HTTP/2.0" 200 13505 "https://www.sbsc.in/view-all.php" "Mozilla/5.0 (Windows NT 10.0; Win64; x64) AppleWebKit/537.36 (KHTML, like Gecko) Chrome/79.0.3945.130 Safari/537.36" www.sbsc.in 199.79.62.221
194.163.148.250 - - [28/Jan/2023:13:05:41 +0000] "GET /js/jquery.js HTTP/2.0" 200 42291 "https://www.sbsc.in/view-all.php" "Mozilla/5.0 (Windows NT 10.0; Win64; x64) AppleWebKit/537.36 (KHTML, like Gecko) Chrome/79.0.3945.130 Safari/537.36" www.sbsc.in 199.79.62.221
194.163.148.250 - - [28/Jan/2023:13:05:41 +0000] "GET /fonts/glyphicons-halflings-regular.woff HTTP/2.0" 200 23320 "https://www.sbsc.in/css/bootstrap.min.css" "Mozilla/5.0 (Windows NT 10.0; Win64; x64) AppleWebKit/537.36 (KHTML, like Gecko) Chrome/79.0.3945.130 Safari/537.36" www.sbsc.in 199.79.62.221
194.163.148.250 - - [28/Jan/2023:13:05:41 +0000] "GET /images/banner/12.jpg HTTP/2.0" 200 153729 "https://www.sbsc.in/view-all.php" "Mozilla/5.0 (Windows NT 10.0; Win64; x64) AppleWebKit/537.36 (KHTML, like Gecko) Chrome/79.0.3945.130 Safari/537.36" www.sbsc.in 199.79.62.221
194.163.148.250 - - [28/Jan/2023:13:05:41 +0000] "GET /images/banner/8.jpg HTTP/2.0" 200 156850 "https://www.sbsc.in/view-all.php" "Mozilla/5.0 (Windows NT 10.0; Win64; x64) AppleWebKit/537.36 (KHTML, like Gecko) Chrome/79.0.3945.130 Safari/537.36" www.sbsc.in 199.79.62.221
194.163.148.250 - - [28/Jan/2023:13:05:41 +0000] "GET /images/banner/7.jpg HTTP/2.0" 200 179124 "https://www.sbsc.in/view-all.php" "Mozilla/5.0 (Windows NT 10.0; Win64; x64) AppleWebKit/537.36 (KHTML, like Gecko) Chrome/79.0.3945.130 Safari/537.36" www.sbsc.in 199.79.62.221
194.163.148.250 - - [28/Jan/2023:13:05:41 +0000] "GET /images/banner/9.jpg HTTP/2.0" 200 167238 "https://www.sbsc.in/view-all.php" "Mozilla/5.0 (Windows NT 10.0; Win64; x64) AppleWebKit/537.36 (KHTML, like Gecko) Chrome/79.0.3945.130 Safari/537.36" www.sbsc.in 199.79.62.221
194.163.148.250 - - [28/Jan/2023:13:05:41 +0000] "GET /images/banner/11.jpg HTTP/2.0" 200 186118 "https://www.sbsc.in/view-all.php" "Mozilla/5.0 (Windows NT 10.0; Win64; x64) AppleWebKit/537.36 (KHTML, like Gecko) Chrome/79.0.3945.130 Safari/537.36" www.sbsc.in 199.79.62.221
194.163.148.250 - - [28/Jan/2023:13:05:41 +0000] "GET /images/banner/10.jpg HTTP/2.0" 200 211781 "https://www.sbsc.in/view-all.php" "Mozilla/5.0 (Windows NT 10.0; Win64; x64) AppleWebKit/537.36 (KHTML, like Gecko) Chrome/79.0.3945.130 Safari/537.36" www.sbsc.in 199.79.62.221
194.163.148.250 - - [28/Jan/2023:13:05:42 +0000] "GET /favicon.ico HTTP/1.1" 404 355 "https://www.sbsc.in/view-all.php" "Mozilla/5.0 (Windows NT 10.0; Win64; x64) AppleWebKit/537.36 (KHTML, like Gecko) Chrome/79.0.3945.130 Safari/537.36" www.sbsc.in 199.79.62.221
152.58.144.210 - - [28/Jan/2023:13:05:42 +0000] "GET /pdf/resources/1586328461_1586186666_International_Business-UNIT_III-_L2_(1).pdf HTTP/2.0" 404 355 "https://www.google.com/" "Mozilla/5.0 (Linux; Android 13; I2202) AppleWebKit/537.36 (KHTML, like Gecko) Chrome/109.0.0.0 Mobile Safari/537.36" www.sbsc.in 199.79.62.221
152.58.144.210 - - [28/Jan/2023:13:05:43 +0000] "GET /favicon.ico HTTP/1.1" 404 355 "https://www.sbsc.in/pdf/resources/1586328461_1586186666_International_Business-UNIT_III-_L2_(1).pdf" "Mozilla/5.0 (Linux; Android 13; I2202) AppleWebKit/537.36 (KHTML, like Gecko) Chrome/109.0.0.0 Mobile Safari/537.36" www.sbsc.in 199.79.62.221
207.46.13.69 - - [28/Jan/2023:13:05:45 +0000] "GET /internal_assessment.php/internalassessment/Nov-Dec18/internalassessment/assesment-2021/pdf/uploads/pdf/1671167814_B._Com_(Hons.)_Semester_VI_students_for_choosing_DSE-3_and_DSE-4_subject_option_for_session_2022-23.pdf HTTP/2.0" 200 43991 "-" "Mozilla/5.0 AppleWebKit/537.36 (KHTML, like Gecko; compatible; bingbot/2.0; +http://www.bing.com/bingbot.htm) Chrome/103.0.5060.134 Safari/537.36" www.sbsc.in 199.79.62.221
194.163.148.250 - - [28/Jan/2023:13:05:42 +0000] "GET /favicon.ico HTTP/2.0" 404 355 "https://www.sbsc.in/view-all.php" "Mozilla/5.0 (Windows NT 10.0; Win64; x64) AppleWebKit/537.36 (KHTML, like Gecko) Chrome/79.0.3945.130 Safari/537.36" www.sbsc.in 199.79.62.221
152.58.144.210 - - [28/Jan/2023:13:05:43 +0000] "GET /favicon.ico HTTP/2.0" 404 355 "https://www.sbsc.in/pdf/resources/1586328461_1586186666_International_Business-UNIT_III-_L2_(1).pdf" "Mozilla/5.0 (Linux; Android 13; I2202) AppleWebKit/537.36 (KHTML, like Gecko) Chrome/109.0.0.0 Mobile Safari/537.36" www.sbsc.in 199.79.62.221
51.142.189.158 - - [28/Jan/2023:13:05:48 +0000] "GET / HTTP/2.0" 200 45835 "-" "Mozilla/5.0 (Windows NT 10.0; Win64; x64; rv:81.0) Gecko/20100101 Firefox/81.0" www.sbsc.in 199.79.62.221
106.210.0.140 - - [28/Jan/2023:13:04:34 +0000] "GET /images/placement1.JPG HTTP/2.0" 200 179943 "https://www.google.com/" "Mozilla/5.0 (Linux; Android 7.0; Redmi Note 4 Build/NRD90M; wv) AppleWebKit/537.36 (KHTML, like Gecko) Version/4.0 Chrome/106.0.5249.79 Mobile Safari/537.36 GoogleApp/13.20.11.23.arm64" www.sbsc.in 199.79.62.221
79.110.73.5 - - [28/Jan/2023:13:06:14 +0000] "GET /uploads/pdf/1602077144_ICCElection_Form_2020_Revised.pdf HTTP/1.1" 200 108160 "-" "Mozilla/5.0 (Macintosh; Intel Mac OS X 10_15_7) AppleWebKit/537.36 (KHTML, like Gecko) Chrome/101.0.4951.64 Safari/537.36" www.sbsc.in 199.79.62.221
103.199.121.211 - - [28/Jan/2023:13:06:15 +0000] "GET /images/associations.jpg HTTP/2.0" 200 31703 "https://www.google.com/" "Mozilla/5.0 (Linux; Android 12; V2141 Build/SP1A.210812.003; wv) AppleWebKit/537.36 (KHTML, like Gecko) Version/4.0 Chrome/109.0.5414.85 Mobile Safari/537.36 GoogleApp/14.3.9.26.arm64" www.sbsc.in 199.79.62.221
66.249.75.106 - - [28/Jan/2023:13:08:22 +0000] "GET / HTTP/1.1" 200 45835 "-" "Mozilla/5.0 (compatible; Googlebot/2.1; +http://www.google.com/bot.html)" www.sbsc.in 199.79.62.221
66.249.75.110 - - [28/Jan/2023:13:08:24 +0000] "GET / HTTP/1.1" 200 45835 "-" "Mozilla/5.0 (Linux; Android 6.0.1; Nexus 5X Build/MMB29P) AppleWebKit/537.36 (KHTML, like Gecko) Chrome/109.0.5414.101 Mobile Safari/537.36 (compatible; Googlebot/2.1; +http://www.google.com/bot.html)" www.sbsc.in 199.79.62.221
40.77.167.36 - - [28/Jan/2023:13:08:58 +0000] "GET /department_geography.php HTTP/1.1" 200 43032 "-" "Mozilla/5.0 AppleWebKit/537.36 (KHTML, like Gecko; compatible; bingbot/2.0; +http://www.bing.com/bingbot.htm) Chrome/103.0.5060.134 Safari/537.36" www.sbsc.in 199.79.62.221
40.77.167.36 - - [28/Jan/2023:13:08:58 +0000] "GET /department_geography.php HTTP/2.0" 200 43032 "-" "Mozilla/5.0 AppleWebKit/537.36 (KHTML, like Gecko; compatible; bingbot/2.0; +http://www.bing.com/bingbot.htm) Chrome/103.0.5060.134 Safari/537.36" www.sbsc.in 199.79.62.221
66.249.75.106 - - [28/Jan/2023:13:09:10 +0000] "GET /internal_assessment.php/pdf/uploads/pdf/1638165271_BCH1_Sectionwise_22-11-2021.pdf HTTP/1.1" 200 43991 "-" "Mozilla/5.0 (Linux; Android 6.0.1; Nexus 5X Build/MMB29P) AppleWebKit/537.36 (KHTML, like Gecko) Chrome/109.0.5414.101 Mobile Safari/537.36 (compatible; Googlebot/2.1; +http://www.google.com/bot.html)" www.sbsc.in 199.79.62.221
66.249.75.106 - - [28/Jan/2023:13:09:27 +0000] "GET /css/style-new.css HTTP/1.1" 200 352 "https://www.sbsc.in/" "Mozilla/5.0 AppleWebKit/537.36 (KHTML, like Gecko; compatible; Googlebot/2.1; +http://www.google.com/bot.html) Chrome/109.0.5414.101 Safari/537.36" www.sbsc.in 199.79.62.221
20.92.138.69 - - [28/Jan/2023:13:09:27 +0000] "GET /view-all.php HTTP/2.0" 200 74210 "-" "Mozilla/5.0 (Windows NT 10.0; Win64; x64; rv:81.0) Gecko/20100101 Firefox/81.0" www.sbsc.in 199.79.62.221
207.46.13.69 - - [28/Jan/2023:13:09:36 +0000] "GET /alumni-association.php HTTP/1.1" 200 44026 "-" "Mozilla/5.0 AppleWebKit/537.36 (KHTML, like Gecko; compatible; bingbot/2.0; +http://www.bing.com/bingbot.htm) Chrome/103.0.5060.134 Safari/537.36" www.sbsc.in 199.79.62.221
207.46.13.69 - - [28/Jan/2023:13:09:36 +0000] "GET /alumni-association.php HTTP/2.0" 200 44026 "-" "Mozilla/5.0 AppleWebKit/537.36 (KHTML, like Gecko; compatible; bingbot/2.0; +http://www.bing.com/bingbot.htm) Chrome/103.0.5060.134 Safari/537.36" www.sbsc.in 199.79.62.221
205.253.57.212 - - [28/Jan/2023:13:09:58 +0000] "GET /pdf/resources/1586690922_Meaningof_cost_accounting.pdf HTTP/1.1" 404 355 "-" "Dalvik/2.1.0 (Linux; U; Android 9; SM-J701F Build/PPR1.180610.011)" www.sbsc.in 199.79.62.221
202.173.124.43 - - [28/Jan/2023:13:10:19 +0000] "GET /department/commerce/ HTTP/1.1" 403 355 "https://www.sbsc.in/department_Commerce.php" "Mozilla/5.0 (Windows NT 10.0; Win64; x64) AppleWebKit/537.36 (KHTML, like Gecko) Chrome/109.0.0.0 Safari/537.36" www.sbsc.in 199.79.62.221
1.23.105.21 - - [28/Jan/2023:13:10:19 +0000] "GET /js/animation-banner.js HTTP/2.0" 200 964 "https://www.nikunjonline.com/" "Mozilla/5.0 (Windows NT 10.0; Win64; x64) AppleWebKit/537.36 (KHTML, like Gecko) Chrome/109.0.0.0 Safari/537.36 Edg/109.0.1518.70" www.sbsc.in 199.79.62.221
202.173.124.43 - - [28/Jan/2023:13:10:19 +0000] "GET /department/commerce/ HTTP/2.0" 403 355 "https://www.sbsc.in/department_Commerce.php" "Mozilla/5.0 (Windows NT 10.0; Win64; x64) AppleWebKit/537.36 (KHTML, like Gecko) Chrome/109.0.0.0 Safari/537.36" www.sbsc.in 199.79.62.221
114.119.131.43 - - [28/Jan/2023:13:10:35 +0000] "GET /internal_assessment.php/internalassessment/Nov-Dec18/uploads/pdf/index.php HTTP/1.1" 406 226 "https://www.sbsc.in/internal_assessment.php/internalassessment/Nov-Dec18/uploads/pdf/internal_assessment_comittee.php" "Mozilla/5.0 (Linux; Android 7.0;) AppleWebKit/537.36 (KHTML, like Gecko) Mobile Safari/537.36 (compatible; PetalBot;+https://webmaster.petalsearch.com/site/petalbot)" www.sbsc.in 199.79.62.221
20.92.138.69 - - [28/Jan/2023:13:10:50 +0000] "GET / HTTP/1.1" 200 45835 "-" "Mozilla/5.0 (Windows NT 10.0; Win64; x64; rv:81.0) Gecko/20100101 Firefox/81.0" www.sbsc.in 199.79.62.221
20.92.138.69 - - [28/Jan/2023:13:10:50 +0000] "GET / HTTP/2.0" 200 45835 "-" "Mozilla/5.0 (Windows NT 10.0; Win64; x64; rv:81.0) Gecko/20100101 Firefox/81.0" www.sbsc.in 199.79.62.221
66.249.75.106 - - [28/Jan/2023:13:10:56 +0000] "GET /pdf/resources/1587834636_Economic_Ordering_Quantity.pdf HTTP/1.1" 404 355 "-" "Mozilla/5.0 (compatible; Googlebot/2.1; +http://www.google.com/bot.html)" www.sbsc.in 199.79.62.221
66.249.75.106 - - [28/Jan/2023:13:10:56 +0000] "GET /pdf/resources/1587834636_Economic_Ordering_Quantity.pdf HTTP/1.1" 404 355 "-" "Mozilla/5.0 (Linux; Android 6.0.1; Nexus 5X Build/MMB29P) AppleWebKit/537.36 (KHTML, like Gecko) Chrome/99.0.4844.84 Mobile Safari/537.36 (compatible; Googlebot/2.1; +http://www.google.com/bot.html)" www.sbsc.in 199.79.62.221
194.163.148.250 - - [28/Jan/2023:13:11:28 +0000] "GET /view-all.php HTTP/2.0" 200 74210 "-" "Mozilla/5.0 (Windows NT 10.0; Win64; x64) AppleWebKit/537.36 (KHTML, like Gecko) Chrome/79.0.3945.130 Safari/537.36" www.sbsc.in 199.79.62.221
20.81.124.159 - - [28/Jan/2023:13:14:24 +0000] "GET /view-all.php HTTP/2.0" 200 74210 "-" "Mozilla/5.0 (Windows NT 10.0; Win64; x64; rv:81.0) Gecko/20100101 Firefox/81.0" www.sbsc.in 199.79.62.221
66.249.75.108 - - [28/Jan/2023:13:14:32 +0000] "GET /facilities.php HTTP/1.1" 200 45708 "-" "Mozilla/5.0 (Linux; Android 6.0.1; Nexus 5X Build/MMB29P) AppleWebKit/537.36 (KHTML, like Gecko) Chrome/109.0.5414.101 Mobile Safari/537.36 (compatible; Googlebot/2.1; +http://www.google.com/bot.html)" www.sbsc.in 199.79.62.221
66.249.75.108 - - [28/Jan/2023:13:14:32 +0000] "GET /facilities.php HTTP/1.1" 200 45708 "-" "Mozilla/5.0 (Linux; Android 6.0.1; Nexus 5X Build/MMB29P) AppleWebKit/537.36 (KHTML, like Gecko) Chrome/109.0.5414.101 Mobile Safari/537.36 (compatible; Googlebot/2.1; +http://www.google.com/bot.html)" www.sbsc.in 199.79.62.221
66.249.75.108 - - [28/Jan/2023:13:14:33 +0000] "GET /cssmenu/styles.css HTTP/1.1" 200 1905 "https://www.sbsc.in/facilities.php" "Mozilla/5.0 (Linux; Android 6.0.1; Nexus 5X Build/MMB29P) AppleWebKit/537.36 (KHTML, like Gecko) Chrome/109.0.5414.101 Mobile Safari/537.36 (compatible; Googlebot/2.1; +http://www.google.com/bot.html)" www.sbsc.in 199.79.62.221
66.249.75.110 - - [28/Jan/2023:13:14:33 +0000] "GET /css/style.css HTTP/1.1" 200 2565 "https://www.sbsc.in/facilities.php" "Mozilla/5.0 (Linux; Android 6.0.1; Nexus 5X Build/MMB29P) AppleWebKit/537.36 (KHTML, like Gecko) Chrome/109.0.5414.101 Mobile Safari/537.36 (compatible; Googlebot/2.1; +http://www.google.com/bot.html)" www.sbsc.in 199.79.62.221
66.249.75.106 - - [28/Jan/2023:13:14:34 +0000] "GET /css/style-new.css HTTP/1.1" 200 352 "https://www.sbsc.in/facilities.php" "Mozilla/5.0 (Linux; Android 6.0.1; Nexus 5X Build/MMB29P) AppleWebKit/537.36 (KHTML, like Gecko) Chrome/109.0.5414.101 Mobile Safari/537.36 (compatible; Googlebot/2.1; +http://www.google.com/bot.html)" www.sbsc.in 199.79.62.221
66.249.75.106 - - [28/Jan/2023:13:14:34 +0000] "GET /cssmenu/script.js HTTP/1.1" 200 675 "https://www.sbsc.in/facilities.php" "Mozilla/5.0 (Linux; Android 6.0.1; Nexus 5X Build/MMB29P) AppleWebKit/537.36 (KHTML, like Gecko) Chrome/109.0.5414.101 Mobile Safari/537.36 (compatible; Googlebot/2.1; +http://www.google.com/bot.html)" www.sbsc.in 199.79.62.221
66.249.75.106 - - [28/Jan/2023:13:14:35 +0000] "GET /js/animation-banner.js HTTP/1.1" 200 964 "https://www.sbsc.in/facilities.php" "Mozilla/5.0 (Linux; Android 6.0.1; Nexus 5X Build/MMB29P) AppleWebKit/537.36 (KHTML, like Gecko) Chrome/109.0.5414.101 Mobile Safari/537.36 (compatible; Googlebot/2.1; +http://www.google.com/bot.html)" www.sbsc.in 199.79.62.221
66.249.75.110 - - [28/Jan/2023:13:14:36 +0000] "GET /css/bootstrap.min.css HTTP/1.1" 200 27845 "https://www.sbsc.in/facilities.php" "Mozilla/5.0 (Linux; Android 6.0.1; Nexus 5X Build/MMB29P) AppleWebKit/537.36 (KHTML, like Gecko) Chrome/109.0.5414.101 Mobile Safari/537.36 (compatible; Googlebot/2.1; +http://www.google.com/bot.html)" www.sbsc.in 199.79.62.221
66.249.75.106 - - [28/Jan/2023:13:14:36 +0000] "GET /js/jquery.js HTTP/1.1" 200 42291 "https://www.sbsc.in/facilities.php" "Mozilla/5.0 (Linux; Android 6.0.1; Nexus 5X Build/MMB29P) AppleWebKit/537.36 (KHTML, like Gecko) Chrome/109.0.5414.101 Mobile Safari/537.36 (compatible; Googlebot/2.1; +http://www.google.com/bot.html)" www.sbsc.in 199.79.62.221
66.249.75.106 - - [28/Jan/2023:13:14:37 +0000] "GET /images/banner/6.jpg HTTP/1.1" 200 127037 "https://www.sbsc.in/facilities.php" "Mozilla/5.0 (Linux; Android 6.0.1; Nexus 5X Build/MMB29P) AppleWebKit/537.36 (KHTML, like Gecko) Chrome/109.0.5414.101 Mobile Safari/537.36 (compatible; Googlebot/2.1; +http://www.google.com/bot.html)" www.sbsc.in 199.79.62.221
66.249.75.106 - - [28/Jan/2023:13:14:37 +0000] "GET /images/banner/9.jpg HTTP/1.1" 200 167238 "https://www.sbsc.in/facilities.php" "Mozilla/5.0 (Linux; Android 6.0.1; Nexus 5X Build/MMB29P) AppleWebKit/537.36 (KHTML, like Gecko) Chrome/109.0.5414.101 Mobile Safari/537.36 (compatible; Googlebot/2.1; +http://www.google.com/bot.html)" www.sbsc.in 199.79.62.221
66.249.75.108 - - [28/Jan/2023:13:14:38 +0000] "GET /images/banner/11.jpg HTTP/1.1" 200 186118 "https://www.sbsc.in/facilities.php" "Mozilla/5.0 (Linux; Android 6.0.1; Nexus 5X Build/MMB29P) AppleWebKit/537.36 (KHTML, like Gecko) Chrome/109.0.5414.101 Mobile Safari/537.36 (compatible; Googlebot/2.1; +http://www.google.com/bot.html)" www.sbsc.in 199.79.62.221
66.249.75.106 - - [28/Jan/2023:13:14:38 +0000] "GET /images/facility/9.jpg HTTP/1.1" 200 29603 "https://www.sbsc.in/facilities.php" "Mozilla/5.0 (Linux; Android 6.0.1; Nexus 5X Build/MMB29P) AppleWebKit/537.36 (KHTML, like Gecko) Chrome/109.0.5414.101 Mobile Safari/537.36 (compatible; Googlebot/2.1; +http://www.google.com/bot.html)" www.sbsc.in 199.79.62.221
66.249.68.42 - - [28/Jan/2023:13:14:39 +0000] "GET /images/banner/7.jpg HTTP/1.1" 200 179124 "https://www.sbsc.in/facilities.php" "Mozilla/5.0 (Linux; Android 6.0.1; Nexus 5X Build/MMB29P) AppleWebKit/537.36 (KHTML, like Gecko) Chrome/109.0.5414.101 Mobile Safari/537.36 (compatible; Googlebot/2.1; +http://www.google.com/bot.html)" www.sbsc.in 199.79.62.221
66.249.75.108 - - [28/Jan/2023:13:14:39 +0000] "GET /images/banner/5.jpg HTTP/1.1" 200 170926 "https://www.sbsc.in/facilities.php" "Mozilla/5.0 (Linux; Android 6.0.1; Nexus 5X Build/MMB29P) AppleWebKit/537.36 (KHTML, like Gecko) Chrome/109.0.5414.101 Mobile Safari/537.36 (compatible; Googlebot/2.1; +http://www.google.com/bot.html)" www.sbsc.in 199.79.62.221
66.249.75.108 - - [28/Jan/2023:13:14:40 +0000] "GET /images/banner/3.jpg HTTP/1.1" 200 207968 "https://www.sbsc.in/facilities.php" "Mozilla/5.0 (Linux; Android 6.0.1; Nexus 5X Build/MMB29P) AppleWebKit/537.36 (KHTML, like Gecko) Chrome/109.0.5414.101 Mobile Safari/537.36 (compatible; Googlebot/2.1; +http://www.google.com/bot.html)" www.sbsc.in 199.79.62.221
66.249.75.106 - - [28/Jan/2023:13:14:40 +0000] "GET /images/facility/3.jpg HTTP/1.1" 200 22233 "https://www.sbsc.in/facilities.php" "Mozilla/5.0 (Linux; Android 6.0.1; Nexus 5X Build/MMB29P) AppleWebKit/537.36 (KHTML, like Gecko) Chrome/109.0.5414.101 Mobile Safari/537.36 (compatible; Googlebot/2.1; +http://www.google.com/bot.html)" www.sbsc.in 199.79.62.221
157.55.39.26 - - [28/Jan/2023:13:14:41 +0000] "GET /internal_assessment.php/internalassessment/pdf/internalassessment/assesment-2021/uploads/pdf/1598715591_29082020_Notification_for_Examination_Form_(Second_Phase).pdf HTTP/2.0" 200 43991 "-" "Mozilla/5.0 AppleWebKit/537.36 (KHTML, like Gecko; compatible; bingbot/2.0; +http://www.bing.com/bingbot.htm) Chrome/103.0.5060.134 Safari/537.36" www.sbsc.in 199.79.62.221
66.249.75.106 - - [28/Jan/2023:13:14:41 +0000] "GET /images/phone.png HTTP/1.1" 200 1897 "https://www.sbsc.in/facilities.php" "Mozilla/5.0 (Linux; Android 6.0.1; Nexus 5X Build/MMB29P) AppleWebKit/537.36 (KHTML, like Gecko) Chrome/109.0.5414.101 Mobile Safari/537.36 (compatible; Googlebot/2.1; +http://www.google.com/bot.html)" www.sbsc.in 199.79.62.221
66.249.75.106 - - [28/Jan/2023:13:14:41 +0000] "GET /images/logo.png HTTP/1.1" 200 36072 "https://www.sbsc.in/facilities.php" "Mozilla/5.0 (Linux; Android 6.0.1; Nexus 5X Build/MMB29P) AppleWebKit/537.36 (KHTML, like Gecko) Chrome/109.0.5414.101 Mobile Safari/537.36 (compatible; Googlebot/2.1; +http://www.google.com/bot.html)" www.sbsc.in 199.79.62.221
66.249.75.106 - - [28/Jan/2023:13:14:42 +0000] "GET /images/facility/2.jpg HTTP/1.1" 200 55127 "https://www.sbsc.in/facilities.php" "Mozilla/5.0 (Linux; Android 6.0.1; Nexus 5X Build/MMB29P) AppleWebKit/537.36 (KHTML, like Gecko) Chrome/109.0.5414.101 Mobile Safari/537.36 (compatible; Googlebot/2.1; +http://www.google.com/bot.html)" www.sbsc.in 199.79.62.221
66.249.75.106 - - [28/Jan/2023:13:14:43 +0000] "GET /images/symbol.jpg HTTP/1.1" 200 781 "https://www.sbsc.in/facilities.php" "Mozilla/5.0 (Linux; Android 6.0.1; Nexus 5X Build/MMB29P) AppleWebKit/537.36 (KHTML, like Gecko) Chrome/109.0.5414.101 Mobile Safari/537.36 (compatible; Googlebot/2.1; +http://www.google.com/bot.html)" www.sbsc.in 199.79.62.221
66.249.75.106 - - [28/Jan/2023:13:14:43 +0000] "GET /images/banner/4.jpg HTTP/1.1" 200 172167 "https://www.sbsc.in/facilities.php" "Mozilla/5.0 (Linux; Android 6.0.1; Nexus 5X Build/MMB29P) AppleWebKit/537.36 (KHTML, like Gecko) Chrome/109.0.5414.101 Mobile Safari/537.36 (compatible; Googlebot/2.1; +http://www.google.com/bot.html)" www.sbsc.in 199.79.62.221
66.249.75.106 - - [28/Jan/2023:13:14:44 +0000] "GET /images/golden-jubilee-logo.png HTTP/1.1" 200 34899 "https://www.sbsc.in/facilities.php" "Mozilla/5.0 (Linux; Android 6.0.1; Nexus 5X Build/MMB29P) AppleWebKit/537.36 (KHTML, like Gecko) Chrome/109.0.5414.101 Mobile Safari/537.36 (compatible; Googlebot/2.1; +http://www.google.com/bot.html)" www.sbsc.in 199.79.62.221
66.249.75.106 - - [28/Jan/2023:13:14:45 +0000] "GET /images/banner/2.jpg HTTP/1.1" 200 197131 "https://www.sbsc.in/facilities.php" "Mozilla/5.0 (Linux; Android 6.0.1; Nexus 5X Build/MMB29P) AppleWebKit/537.36 (KHTML, like Gecko) Chrome/109.0.5414.101 Mobile Safari/537.36 (compatible; Googlebot/2.1; +http://www.google.com/bot.html)" www.sbsc.in 199.79.62.221
66.249.75.106 - - [28/Jan/2023:13:14:46 +0000] "GET /images/banner/8.jpg HTTP/1.1" 200 156850 "https://www.sbsc.in/facilities.php" "Mozilla/5.0 (Linux; Android 6.0.1; Nexus 5X Build/MMB29P) AppleWebKit/537.36 (KHTML, like Gecko) Chrome/109.0.5414.101 Mobile Safari/537.36 (compatible; Googlebot/2.1; +http://www.google.com/bot.html)" www.sbsc.in 199.79.62.221
66.249.75.106 - - [28/Jan/2023:13:14:46 +0000] "GET /images/facility/4.jpg HTTP/1.1" 200 40199 "https://www.sbsc.in/facilities.php" "Mozilla/5.0 (Linux; Android 6.0.1; Nexus 5X Build/MMB29P) AppleWebKit/537.36 (KHTML, like Gecko) Chrome/109.0.5414.101 Mobile Safari/537.36 (compatible; Googlebot/2.1; +http://www.google.com/bot.html)" www.sbsc.in 199.79.62.221
66.249.75.106 - - [28/Jan/2023:13:14:47 +0000] "GET /js/bootstrap.min.js HTTP/1.1" 200 13505 "https://www.sbsc.in/facilities.php" "Mozilla/5.0 (Linux; Android 6.0.1; Nexus 5X Build/MMB29P) AppleWebKit/537.36 (KHTML, like Gecko) Chrome/109.0.5414.101 Mobile Safari/537.36 (compatible; Googlebot/2.1; +http://www.google.com/bot.html)" www.sbsc.in 199.79.62.221
66.249.75.106 - - [28/Jan/2023:13:14:47 +0000] "GET /internal_assessment.php/pdf/uploads/pdf/1642057736_BCH4_Sectionwise_(Jan_2022).pdf HTTP/1.1" 200 43991 "-" "Mozilla/5.0 (Linux; Android 6.0.1; Nexus 5X Build/MMB29P) AppleWebKit/537.36 (KHTML, like Gecko) Chrome/109.0.5414.101 Mobile Safari/537.36 (compatible; Googlebot/2.1; +http://www.google.com/bot.html)" www.sbsc.in 199.79.62.221
66.249.75.106 - - [28/Jan/2023:13:14:48 +0000] "GET /images/facility/10.jpg HTTP/1.1" 200 36886 "https://www.sbsc.in/facilities.php" "Mozilla/5.0 (Linux; Android 6.0.1; Nexus 5X Build/MMB29P) AppleWebKit/537.36 (KHTML, like Gecko) Chrome/109.0.5414.101 Mobile Safari/537.36 (compatible; Googlebot/2.1; +http://www.google.com/bot.html)" www.sbsc.in 199.79.62.221
66.249.75.106 - - [28/Jan/2023:13:14:51 +0000] "GET /images/facility/6.jpg HTTP/1.1" 200 36211 "https://www.sbsc.in/facilities.php" "Mozilla/5.0 (Linux; Android 6.0.1; Nexus 5X Build/MMB29P) AppleWebKit/537.36 (KHTML, like Gecko) Chrome/109.0.5414.101 Mobile Safari/537.36 (compatible; Googlebot/2.1; +http://www.google.com/bot.html)" www.sbsc.in 199.79.62.221
66.249.75.108 - - [28/Jan/2023:13:14:54 +0000] "GET /images/facility/11.jpg HTTP/1.1" 200 46248 "https://www.sbsc.in/facilities.php" "Mozilla/5.0 (Linux; Android 6.0.1; Nexus 5X Build/MMB29P) AppleWebKit/537.36 (KHTML, like Gecko) Chrome/109.0.5414.101 Mobile Safari/537.36 (compatible; Googlebot/2.1; +http://www.google.com/bot.html)" www.sbsc.in 199.79.62.221
66.249.75.106 - - [28/Jan/2023:13:14:54 +0000] "GET /images/facility/7.jpg HTTP/1.1" 200 41069 "https://www.sbsc.in/facilities.php" "Mozilla/5.0 (Linux; Android 6.0.1; Nexus 5X Build/MMB29P) AppleWebKit/537.36 (KHTML, like Gecko) Chrome/109.0.5414.101 Mobile Safari/537.36 (compatible; Googlebot/2.1; +http://www.google.com/bot.html)" www.sbsc.in 199.79.62.221
66.249.75.108 - - [28/Jan/2023:13:14:54 +0000] "GET /images/facility/8.jpg HTTP/1.1" 200 49016 "https://www.sbsc.in/facilities.php" "Mozilla/5.0 (Linux; Android 6.0.1; Nexus 5X Build/MMB29P) AppleWebKit/537.36 (KHTML, like Gecko) Chrome/109.0.5414.101 Mobile Safari/537.36 (compatible; Googlebot/2.1; +http://www.google.com/bot.html)" www.sbsc.in 199.79.62.221
66.249.75.106 - - [28/Jan/2023:13:14:55 +0000] "GET /images/facility/5.jpg HTTP/1.1" 200 54189 "https://www.sbsc.in/facilities.php" "Mozilla/5.0 (Linux; Android 6.0.1; Nexus 5X Build/MMB29P) AppleWebKit/537.36 (KHTML, like Gecko) Chrome/109.0.5414.101 Mobile Safari/537.36 (compatible; Googlebot/2.1; +http://www.google.com/bot.html)" www.sbsc.in 199.79.62.221
66.249.75.106 - - [28/Jan/2023:13:14:55 +0000] "GET /images/banner/10.jpg HTTP/1.1" 200 211781 "https://www.sbsc.in/facilities.php" "Mozilla/5.0 (Linux; Android 6.0.1; Nexus 5X Build/MMB29P) AppleWebKit/537.36 (KHTML, like Gecko) Chrome/109.0.5414.101 Mobile Safari/537.36 (compatible; Googlebot/2.1; +http://www.google.com/bot.html)" www.sbsc.in 199.79.62.221
66.249.75.106 - - [28/Jan/2023:13:14:56 +0000] "GET /images/banner/1.jpg HTTP/1.1" 200 212471 "https://www.sbsc.in/facilities.php" "Mozilla/5.0 (Linux; Android 6.0.1; Nexus 5X Build/MMB29P) AppleWebKit/537.36 (KHTML, like Gecko) Chrome/109.0.5414.101 Mobile Safari/537.36 (compatible; Googlebot/2.1; +http://www.google.com/bot.html)" www.sbsc.in 199.79.62.221
66.249.75.108 - - [28/Jan/2023:13:14:56 +0000] "GET /paytm.jpg HTTP/1.1" 200 7167 "https://www.sbsc.in/facilities.php" "Mozilla/5.0 (Linux; Android 6.0.1; Nexus 5X Build/MMB29P) AppleWebKit/537.36 (KHTML, like Gecko) Chrome/109.0.5414.101 Mobile Safari/537.36 (compatible; Googlebot/2.1; +http://www.google.com/bot.html)" www.sbsc.in 199.79.62.221
66.249.75.108 - - [28/Jan/2023:13:14:57 +0000] "GET /images/facility/1.jpg HTTP/1.1" 200 46833 "https://www.sbsc.in/facilities.php" "Mozilla/5.0 (Linux; Android 6.0.1; Nexus 5X Build/MMB29P) AppleWebKit/537.36 (KHTML, like Gecko) Chrome/109.0.5414.101 Mobile Safari/537.36 (compatible; Googlebot/2.1; +http://www.google.com/bot.html)" www.sbsc.in 199.79.62.221
66.249.75.106 - - [28/Jan/2023:13:14:57 +0000] "GET /images/new.gif HTTP/1.1" 200 2455 "https://www.sbsc.in/facilities.php" "Mozilla/5.0 (Linux; Android 6.0.1; Nexus 5X Build/MMB29P) AppleWebKit/537.36 (KHTML, like Gecko) Chrome/109.0.5414.101 Mobile Safari/537.36 (compatible; Googlebot/2.1; +http://www.google.com/bot.html)" www.sbsc.in 199.79.62.221
66.249.75.106 - - [28/Jan/2023:13:14:58 +0000] "GET /images/banner/12.jpg HTTP/1.1" 200 153729 "https://www.sbsc.in/facilities.php" "Mozilla/5.0 (Linux; Android 6.0.1; Nexus 5X Build/MMB29P) AppleWebKit/537.36 (KHTML, like Gecko) Chrome/109.0.5414.101 Mobile Safari/537.36 (compatible; Googlebot/2.1; +http://www.google.com/bot.html)" www.sbsc.in 199.79.62.221
66.249.75.106 - - [28/Jan/2023:13:14:59 +0000] "GET /images/email.png HTTP/1.1" 200 1371 "https://www.sbsc.in/facilities.php" "Mozilla/5.0 (Linux; Android 6.0.1; Nexus 5X Build/MMB29P) AppleWebKit/537.36 (KHTML, like Gecko) Chrome/109.0.5414.101 Mobile Safari/537.36 (compatible; Googlebot/2.1; +http://www.google.com/bot.html)" www.sbsc.in 199.79.62.221
66.249.75.108 - - [28/Jan/2023:13:14:59 +0000] "GET /fonts/glyphicons-halflings-regular.woff HTTP/1.1" 200 23320 "https://www.sbsc.in/css/bootstrap.min.css" "Mozilla/5.0 (Linux; Android 6.0.1; Nexus 5X Build/MMB29P) AppleWebKit/537.36 (KHTML, like Gecko) Chrome/109.0.5414.101 Mobile Safari/537.36 (compatible; Googlebot/2.1; +http://www.google.com/bot.html)" www.sbsc.in 199.79.62.221
66.249.75.110 - - [28/Jan/2023:13:15:04 +0000] "GET /robots.txt HTTP/1.1" 404 355 "-" "Mozilla/5.0 (compatible; Googlebot/2.1; +http://www.google.com/bot.html)" www.sbsc.in 199.79.62.221
66.249.75.110 - - [28/Jan/2023:13:15:04 +0000] "GET /robots.txt HTTP/1.1" 404 355 "-" "Mozilla/5.0 (compatible; Googlebot/2.1; +http://www.google.com/bot.html)" www.sbsc.in 199.79.62.221
66.249.75.110 - - [28/Jan/2023:13:15:06 +0000] "GET /internal_assessment.php/uploads/pdf/internalassessment/assesment-2019/uploads/pdf/1575539596_B.Com._(H)_2nd_Year.pdf HTTP/1.1" 200 43991 "-" "Mozilla/5.0 (Windows NT 10.0; Win64; x64)AppleWebKit/537.36 (KHTML, like Gecko) Chrome/91.0.4472.101 Safari/537.36 (compatible; GoogleOther)" www.sbsc.in 199.79.62.221
66.249.75.106 - - [28/Jan/2023:13:15:15 +0000] "GET /pdf/resources/1588334799_Unit_5_Lec_16-converted.pdf HTTP/1.1" 404 355 "-" "Mozilla/5.0 (Linux; Android 6.0.1; Nexus 5X Build/MMB29P) AppleWebKit/537.36 (KHTML, like Gecko) Chrome/109.0.5414.101 Mobile Safari/537.36 (compatible; Googlebot/2.1; +http://www.google.com/bot.html)" www.sbsc.in 199.79.62.221
66.249.75.106 - - [28/Jan/2023:13:15:26 +0000] "GET /internal_assessment.php/pdf/internalassessment/Nov-Dec18/pdf/uploads/pdf/1628068309_TTS.pdf HTTP/1.1" 200 43991 "-" "Mozilla/5.0 (Windows NT 10.0; Win64; x64)AppleWebKit/537.36 (KHTML, like Gecko) Chrome/91.0.4472.101 Safari/537.36 (compatible; GoogleOther)" www.sbsc.in 199.79.62.221
47.31.184.59 - - [28/Jan/2023:13:15:33 +0000] "GET / HTTP/2.0" 200 45835 "http://www.du.ac.in/" "Mozilla/5.0 (Linux; Android 9; SM-J415F) AppleWebKit/537.36 (KHTML, like Gecko) Chrome/107.0.0.0 Mobile Safari/537.36" www.sbsc.in 199.79.62.221
47.31.184.59 - - [28/Jan/2023:13:15:33 +0000] "GET /css/bootstrap.min.css HTTP/2.0" 200 27845 "https://www.sbsc.in/" "Mozilla/5.0 (Linux; Android 9; SM-J415F) AppleWebKit/537.36 (KHTML, like Gecko) Chrome/107.0.0.0 Mobile Safari/537.36" www.sbsc.in 199.79.62.221
47.31.184.59 - - [28/Jan/2023:13:15:33 +0000] "GET /css/style-new.css HTTP/2.0" 200 352 "https://www.sbsc.in/" "Mozilla/5.0 (Linux; Android 9; SM-J415F) AppleWebKit/537.36 (KHTML, like Gecko) Chrome/107.0.0.0 Mobile Safari/537.36" www.sbsc.in 199.79.62.221
47.31.184.59 - - [28/Jan/2023:13:15:33 +0000] "GET /css/style.css HTTP/2.0" 200 2565 "https://www.sbsc.in/" "Mozilla/5.0 (Linux; Android 9; SM-J415F) AppleWebKit/537.36 (KHTML, like Gecko) Chrome/107.0.0.0 Mobile Safari/537.36" www.sbsc.in 199.79.62.221
47.31.184.59 - - [28/Jan/2023:13:15:33 +0000] "GET /cssmenu/styles.css HTTP/2.0" 200 1905 "https://www.sbsc.in/" "Mozilla/5.0 (Linux; Android 9; SM-J415F) AppleWebKit/537.36 (KHTML, like Gecko) Chrome/107.0.0.0 Mobile Safari/537.36" www.sbsc.in 199.79.62.221
47.31.184.59 - - [28/Jan/2023:13:15:33 +0000] "GET /cssmenu/script.js HTTP/2.0" 200 675 "https://www.sbsc.in/" "Mozilla/5.0 (Linux; Android 9; SM-J415F) AppleWebKit/537.36 (KHTML, like Gecko) Chrome/107.0.0.0 Mobile Safari/537.36" www.sbsc.in 199.79.62.221
47.31.184.59 - - [28/Jan/2023:13:15:33 +0000] "GET /js/animation-banner.js HTTP/2.0" 200 964 "https://www.sbsc.in/" "Mozilla/5.0 (Linux; Android 9; SM-J415F) AppleWebKit/537.36 (KHTML, like Gecko) Chrome/107.0.0.0 Mobile Safari/537.36" www.sbsc.in 199.79.62.221
47.31.184.59 - - [28/Jan/2023:13:15:34 +0000] "GET /js/jquery.js HTTP/2.0" 200 42291 "https://www.sbsc.in/" "Mozilla/5.0 (Linux; Android 9; SM-J415F) AppleWebKit/537.36 (KHTML, like Gecko) Chrome/107.0.0.0 Mobile Safari/537.36" www.sbsc.in 199.79.62.221
47.31.184.59 - - [28/Jan/2023:13:15:34 +0000] "GET /paytm.jpg HTTP/2.0" 200 7167 "https://www.sbsc.in/" "Mozilla/5.0 (Linux; Android 9; SM-J415F) AppleWebKit/537.36 (KHTML, like Gecko) Chrome/107.0.0.0 Mobile Safari/537.36" www.sbsc.in 199.79.62.221
47.31.184.59 - - [28/Jan/2023:13:15:34 +0000] "GET /images/email.png HTTP/2.0" 200 1371 "https://www.sbsc.in/" "Mozilla/5.0 (Linux; Android 9; SM-J415F) AppleWebKit/537.36 (KHTML, like Gecko) Chrome/107.0.0.0 Mobile Safari/537.36" www.sbsc.in 199.79.62.221
47.31.184.59 - - [28/Jan/2023:13:15:34 +0000] "GET /js/bootstrap.min.js HTTP/2.0" 200 13505 "https://www.sbsc.in/" "Mozilla/5.0 (Linux; Android 9; SM-J415F) AppleWebKit/537.36 (KHTML, like Gecko) Chrome/107.0.0.0 Mobile Safari/537.36" www.sbsc.in 199.79.62.221
47.31.184.59 - - [28/Jan/2023:13:15:34 +0000] "GET /images/logo.png HTTP/2.0" 200 36072 "https://www.sbsc.in/" "Mozilla/5.0 (Linux; Android 9; SM-J415F) AppleWebKit/537.36 (KHTML, like Gecko) Chrome/107.0.0.0 Mobile Safari/537.36" www.sbsc.in 199.79.62.221
47.31.184.59 - - [28/Jan/2023:13:15:34 +0000] "GET /images/golden-jubilee-logo.png HTTP/2.0" 200 34899 "https://www.sbsc.in/" "Mozilla/5.0 (Linux; Android 9; SM-J415F) AppleWebKit/537.36 (KHTML, like Gecko) Chrome/107.0.0.0 Mobile Safari/537.36" www.sbsc.in 199.79.62.221
47.31.184.59 - - [28/Jan/2023:13:15:34 +0000] "GET /images/phone.png HTTP/2.0" 200 1897 "https://www.sbsc.in/" "Mozilla/5.0 (Linux; Android 9; SM-J415F) AppleWebKit/537.36 (KHTML, like Gecko) Chrome/107.0.0.0 Mobile Safari/537.36" www.sbsc.in 199.79.62.221
