103.201.134.24 - - [28/Jan/2023:15:46:23 +0000] "GET /images/Golden-Jubilee-Function/16.jpg HTTP/2.0" 200 146858 "https://www.sbsc.in/golden-jubilee-celebrations.php" "Mozilla/5.0 (Linux; Android 13; SM-M526B) AppleWebKit/537.36 (KHTML, like Gecko) Chrome/107.0.0.0 Mobile Safari/537.36" www.sbsc.in 199.79.62.221
103.201.134.24 - - [28/Jan/2023:15:46:23 +0000] "GET /images/Golden-Jubilee-Function/17.jpg HTTP/2.0" 200 161513 "https://www.sbsc.in/golden-jubilee-celebrations.php" "Mozilla/5.0 (Linux; Android 13; SM-M526B) AppleWebKit/537.36 (KHTML, like Gecko) Chrome/107.0.0.0 Mobile Safari/537.36" www.sbsc.in 199.79.62.221
223.178.212.78 - - [28/Jan/2023:15:47:38 +0000] "GET /pdf/Guidelines%20for%20Screening.pdf HTTP/2.0" 206 2933634 "https://www.sbsc.in/appointment-of-assistant-professors.php" "Mozilla/5.0 (Linux; Android 12; IN2011) AppleWebKit/537.36 (KHTML, like Gecko) Chrome/109.0.0.0 Mobile Safari/537.36" www.sbsc.in 199.79.62.221
173.252.83.23 - - [28/Jan/2023:15:48:04 +0000] "GET / HTTP/1.1" 200 45835 "-" "facebookexternalhit/1.1 (+http://www.facebook.com/externalhit_uatext.php)" www.sbsc.in 199.79.62.221
173.252.83.23 - - [28/Jan/2023:15:48:04 +0000] "GET / HTTP/1.1" 200 45835 "-" "facebookexternalhit/1.1 (+http://www.facebook.com/externalhit_uatext.php)" www.sbsc.in 199.79.62.221
223.178.212.78 - - [28/Jan/2023:15:47:19 +0000] "GET /pdf/Guidelines%20for%20Screening.pdf HTTP/2.0" 206 2960090 "https://www.sbsc.in/appointment-of-assistant-professors.php" "Mozilla/5.0 (Linux; Android 12; IN2011) AppleWebKit/537.36 (KHTML, like Gecko) Chrome/109.0.0.0 Mobile Safari/537.36" www.sbsc.in 199.79.62.221
103.79.170.145 - - [28/Jan/2023:15:48:09 +0000] "GET /pdf/resources/1587051030_acc_standards_ppt.pptx HTTP/1.1" 404 355 "https://www.google.com/" "Mozilla/5.0 (Linux; Android 12; LAVA LZG403) AppleWebKit/537.36 (KHTML, like Gecko) Chrome/108.0.0.0 Mobile Safari/537.36" www.sbsc.in 199.79.62.221
223.178.212.78 - - [28/Jan/2023:15:47:19 +0000] "GET /pdf/Guidelines%20for%20Screening.pdf HTTP/2.0" 206 1480046 "https://www.sbsc.in/appointment-of-assistant-professors.php" "Mozilla/5.0 (Linux; Android 12; IN2011) AppleWebKit/537.36 (KHTML, like Gecko) Chrome/109.0.0.0 Mobile Safari/537.36" www.sbsc.in 199.79.62.221
103.79.170.145 - - [28/Jan/2023:15:48:09 +0000] "GET /pdf/resources/1587051030_acc_standards_ppt.pptx HTTP/2.0" 404 355 "https://www.google.com/" "Mozilla/5.0 (Linux; Android 12; LAVA LZG403) AppleWebKit/537.36 (KHTML, like Gecko) Chrome/108.0.0.0 Mobile Safari/537.36" www.sbsc.in 199.79.62.221
103.79.170.145 - - [28/Jan/2023:15:48:09 +0000] "GET /favicon.ico HTTP/1.1" 404 355 "https://www.sbsc.in/pdf/resources/1587051030_acc_standards_ppt.pptx" "Mozilla/5.0 (Linux; Android 12; LAVA LZG403) AppleWebKit/537.36 (KHTML, like Gecko) Chrome/108.0.0.0 Mobile Safari/537.36" www.sbsc.in 199.79.62.221
66.249.75.108 - - [28/Jan/2023:15:48:11 +0000] "GET /cut-off.php HTTP/1.1" 200 42526 "-" "Mozilla/5.0 (compatible; Googlebot/2.1; +http://www.google.com/bot.html)" www.sbsc.in 199.79.62.221
66.249.75.108 - - [28/Jan/2023:15:48:11 +0000] "GET /cut-off.php HTTP/1.1" 200 42526 "-" "Mozilla/5.0 (compatible; Googlebot/2.1; +http://www.google.com/bot.html)" www.sbsc.in 199.79.62.221
223.178.212.78 - - [28/Jan/2023:15:47:38 +0000] "GET /pdf/Guidelines%20for%20Screening.pdf HTTP/2.0" 206 1480046 "https://www.sbsc.in/appointment-of-assistant-professors.php" "Mozilla/5.0 (Linux; Android 12; IN2011) AppleWebKit/537.36 (KHTML, like Gecko) Chrome/109.0.0.0 Mobile Safari/537.36" www.sbsc.in 199.79.62.221
103.79.170.145 - - [28/Jan/2023:15:48:09 +0000] "GET /favicon.ico HTTP/2.0" 404 355 "https://www.sbsc.in/pdf/resources/1587051030_acc_standards_ppt.pptx" "Mozilla/5.0 (Linux; Android 12; LAVA LZG403) AppleWebKit/537.36 (KHTML, like Gecko) Chrome/108.0.0.0 Mobile Safari/537.36" www.sbsc.in 199.79.62.221
193.186.4.141 - - [28/Jan/2023:15:48:15 +0000] "GET / HTTP/2.0" 200 45835 "-" "Mozilla/5.0 (Linux; Android 10; K) AppleWebKit/537.36 (KHTML, like Gecko) Chrome/109.0.0.0 Mobile Safari/537.36" www.sbsc.in 199.79.62.221
193.186.4.141 - - [28/Jan/2023:15:48:18 +0000] "GET / HTTP/2.0" 200 45835 "-" "Mozilla/5.0 (Linux; Android 10; K) AppleWebKit/537.36 (KHTML, like Gecko) Chrome/109.0.0.0 Mobile Safari/537.36" www.sbsc.in 199.79.62.221
157.38.224.55 - - [28/Jan/2023:15:48:29 +0000] "GET /favicon.ico HTTP/1.1" 404 355 "https://www.sbsc.in/" "Mozilla/5.0 (Linux; Android 6.0; vivo 1609 Build/MRA58K) AppleWebKit/537.36 (KHTML, like Gecko) Chrome/56.0.2924.87 Mobile Safari/537.36" www.sbsc.in 199.79.62.221
157.38.224.55 - - [28/Jan/2023:15:48:29 +0000] "GET /favicon.ico HTTP/2.0" 404 355 "https://www.sbsc.in/" "Mozilla/5.0 (Linux; Android 6.0; vivo 1609 Build/MRA58K) AppleWebKit/537.36 (KHTML, like Gecko) Chrome/56.0.2924.87 Mobile Safari/537.36" www.sbsc.in 199.79.62.221
207.46.13.69 - - [28/Jan/2023:15:48:44 +0000] "GET /computerization_committee.php HTTP/1.1" 200 42676 "-" "Mozilla/5.0 AppleWebKit/537.36 (KHTML, like Gecko; compatible; bingbot/2.0; +http://www.bing.com/bingbot.htm) Chrome/103.0.5060.134 Safari/537.36" www.sbsc.in 199.79.62.221
207.46.13.69 - - [28/Jan/2023:15:48:44 +0000] "GET /computerization_committee.php HTTP/2.0" 200 42676 "-" "Mozilla/5.0 AppleWebKit/537.36 (KHTML, like Gecko; compatible; bingbot/2.0; +http://www.bing.com/bingbot.htm) Chrome/103.0.5060.134 Safari/537.36" www.sbsc.in 199.79.62.221
20.66.21.135 - - [28/Jan/2023:15:49:24 +0000] "GET /view-all.php HTTP/2.0" 200 74210 "-" "Mozilla/5.0 (Windows NT 10.0; Win64; x64; rv:81.0) Gecko/20100101 Firefox/81.0" www.sbsc.in 199.79.62.221
207.46.13.69 - - [28/Jan/2023:15:49:32 +0000] "GET /internal_assessment.php/internalassessment/assesment-2019/pdf/internalassessment/assesment-2021/uploads/pdf/1627629511_all_directors_and_head_of_institutions.pdf HTTP/2.0" 200 43991 "-" "Mozilla/5.0 AppleWebKit/537.36 (KHTML, like Gecko; compatible; bingbot/2.0; +http://www.bing.com/bingbot.htm) Chrome/103.0.5060.134 Safari/537.36" www.sbsc.in 199.79.62.221
66.249.75.110 - - [28/Jan/2023:15:49:33 +0000] "GET /College_News.php HTTP/1.1" 200 42550 "-" "Mozilla/5.0 (Linux; Android 6.0.1; Nexus 5X Build/MMB29P) AppleWebKit/537.36 (KHTML, like Gecko) Chrome/109.0.5414.101 Mobile Safari/537.36 (compatible; Googlebot/2.1; +http://www.google.com/bot.html)" www.sbsc.in 199.79.62.221
66.249.75.110 - - [28/Jan/2023:15:49:33 +0000] "GET /College_News.php HTTP/1.1" 200 42550 "-" "Mozilla/5.0 (Linux; Android 6.0.1; Nexus 5X Build/MMB29P) AppleWebKit/537.36 (KHTML, like Gecko) Chrome/109.0.5414.101 Mobile Safari/537.36 (compatible; Googlebot/2.1; +http://www.google.com/bot.html)" www.sbsc.in 199.79.62.221
154.124.81.84 - - [28/Jan/2023:15:49:50 +0000] "GET /placement.php HTTP/1.1" 200 47019 "-" "Mozilla/5.0 (Windows NT 10.0; Win64; x64; rv:102.0) Gecko/20100101 Firefox/102.0" www.sbsc.in 199.79.62.221
31.148.131.140 - - [28/Jan/2023:15:50:03 +0000] "GET /uploads/pdf/1603553208_Final_SBSC_Third_Cut_Off_2020-21.pdf HTTP/1.1" 200 275545 "-" "Mozilla/5.0 (Windows NT 10.0; Win64; x64) AppleWebKit/537.36 (KHTML, like Gecko) Chrome/103.0.5060.134 Safari/537.36 OPR/89.0.4447.71" www.sbsc.in 199.79.62.221
152.58.91.201 - - [28/Jan/2023:15:50:05 +0000] "GET / HTTP/2.0" 200 45835 "-" "Mozilla/5.0 (Linux; Android 13; SM-G780F) AppleWebKit/537.36 (KHTML, like Gecko) Chrome/109.0.0.0 Mobile Safari/537.36" www.sbsc.in 199.79.62.221
152.58.91.201 - - [28/Jan/2023:15:50:07 +0000] "GET /css/bootstrap.min.css HTTP/2.0" 200 27845 "https://www.sbsc.in/" "Mozilla/5.0 (Linux; Android 13; SM-G780F) AppleWebKit/537.36 (KHTML, like Gecko) Chrome/109.0.0.0 Mobile Safari/537.36" www.sbsc.in 199.79.62.221
152.58.91.201 - - [28/Jan/2023:15:50:07 +0000] "GET /css/style.css HTTP/2.0" 200 2565 "https://www.sbsc.in/" "Mozilla/5.0 (Linux; Android 13; SM-G780F) AppleWebKit/537.36 (KHTML, like Gecko) Chrome/109.0.0.0 Mobile Safari/537.36" www.sbsc.in 199.79.62.221
152.58.91.201 - - [28/Jan/2023:15:50:07 +0000] "GET /css/style-new.css HTTP/2.0" 200 352 "https://www.sbsc.in/" "Mozilla/5.0 (Linux; Android 13; SM-G780F) AppleWebKit/537.36 (KHTML, like Gecko) Chrome/109.0.0.0 Mobile Safari/537.36" www.sbsc.in 199.79.62.221
152.58.91.201 - - [28/Jan/2023:15:50:07 +0000] "GET /cssmenu/styles.css HTTP/2.0" 200 1905 "https://www.sbsc.in/" "Mozilla/5.0 (Linux; Android 13; SM-G780F) AppleWebKit/537.36 (KHTML, like Gecko) Chrome/109.0.0.0 Mobile Safari/537.36" www.sbsc.in 199.79.62.221
152.58.91.201 - - [28/Jan/2023:15:50:07 +0000] "GET /cssmenu/script.js HTTP/2.0" 200 675 "https://www.sbsc.in/" "Mozilla/5.0 (Linux; Android 13; SM-G780F) AppleWebKit/537.36 (KHTML, like Gecko) Chrome/109.0.0.0 Mobile Safari/537.36" www.sbsc.in 199.79.62.221
152.58.91.201 - - [28/Jan/2023:15:50:07 +0000] "GET /js/animation-banner.js HTTP/2.0" 200 964 "https://www.sbsc.in/" "Mozilla/5.0 (Linux; Android 13; SM-G780F) AppleWebKit/537.36 (KHTML, like Gecko) Chrome/109.0.0.0 Mobile Safari/537.36" www.sbsc.in 199.79.62.221
152.58.91.201 - - [28/Jan/2023:15:50:10 +0000] "GET /images/golden-jubilee-logo.png HTTP/2.0" 200 34899 "https://www.sbsc.in/" "Mozilla/5.0 (Linux; Android 13; SM-G780F) AppleWebKit/537.36 (KHTML, like Gecko) Chrome/109.0.0.0 Mobile Safari/537.36" www.sbsc.in 199.79.62.221
207.46.13.111 - - [28/Jan/2023:15:50:16 +0000] "GET /department_mathematics.php HTTP/1.1" 200 43021 "-" "Mozilla/5.0 AppleWebKit/537.36 (KHTML, like Gecko; compatible; bingbot/2.0; +http://www.bing.com/bingbot.htm) Chrome/103.0.5060.134 Safari/537.36" www.sbsc.in 199.79.62.221
152.58.91.201 - - [28/Jan/2023:15:50:10 +0000] "GET /js/jquery.js HTTP/2.0" 200 42291 "https://www.sbsc.in/" "Mozilla/5.0 (Linux; Android 13; SM-G780F) AppleWebKit/537.36 (KHTML, like Gecko) Chrome/109.0.0.0 Mobile Safari/537.36" www.sbsc.in 199.79.62.221
152.58.91.201 - - [28/Jan/2023:15:50:17 +0000] "GET /images/email.png HTTP/2.0" 200 1371 "https://www.sbsc.in/" "Mozilla/5.0 (Linux; Android 13; SM-G780F) AppleWebKit/537.36 (KHTML, like Gecko) Chrome/109.0.0.0 Mobile Safari/537.36" www.sbsc.in 199.79.62.221
152.58.91.201 - - [28/Jan/2023:15:50:17 +0000] "GET /images/phone.png HTTP/2.0" 200 1897 "https://www.sbsc.in/" "Mozilla/5.0 (Linux; Android 13; SM-G780F) AppleWebKit/537.36 (KHTML, like Gecko) Chrome/109.0.0.0 Mobile Safari/537.36" www.sbsc.in 199.79.62.221
152.58.91.201 - - [28/Jan/2023:15:50:17 +0000] "GET /images/logo.png HTTP/2.0" 200 36072 "https://www.sbsc.in/" "Mozilla/5.0 (Linux; Android 13; SM-G780F) AppleWebKit/537.36 (KHTML, like Gecko) Chrome/109.0.0.0 Mobile Safari/537.36" www.sbsc.in 199.79.62.221
152.58.91.201 - - [28/Jan/2023:15:50:17 +0000] "GET /paytm.jpg HTTP/2.0" 200 7167 "https://www.sbsc.in/" "Mozilla/5.0 (Linux; Android 13; SM-G780F) AppleWebKit/537.36 (KHTML, like Gecko) Chrome/109.0.0.0 Mobile Safari/537.36" www.sbsc.in 199.79.62.221
152.58.91.201 - - [28/Jan/2023:15:50:17 +0000] "GET /images/new.gif HTTP/2.0" 200 2455 "https://www.sbsc.in/" "Mozilla/5.0 (Linux; Android 13; SM-G780F) AppleWebKit/537.36 (KHTML, like Gecko) Chrome/109.0.0.0 Mobile Safari/537.36" www.sbsc.in 199.79.62.221
152.58.91.201 - - [28/Jan/2023:15:50:17 +0000] "GET /images/symbol.jpg HTTP/2.0" 200 781 "https://www.sbsc.in/" "Mozilla/5.0 (Linux; Android 13; SM-G780F) AppleWebKit/537.36 (KHTML, like Gecko) Chrome/109.0.0.0 Mobile Safari/537.36" www.sbsc.in 199.79.62.221
152.58.91.201 - - [28/Jan/2023:15:50:17 +0000] "GET /js/bootstrap.min.js HTTP/2.0" 200 13505 "https://www.sbsc.in/" "Mozilla/5.0 (Linux; Android 13; SM-G780F) AppleWebKit/537.36 (KHTML, like Gecko) Chrome/109.0.0.0 Mobile Safari/537.36" www.sbsc.in 199.79.62.221
207.46.13.111 - - [28/Jan/2023:15:50:16 +0000] "GET /department_mathematics.php HTTP/2.0" 200 43021 "-" "Mozilla/5.0 AppleWebKit/537.36 (KHTML, like Gecko; compatible; bingbot/2.0; +http://www.bing.com/bingbot.htm) Chrome/103.0.5060.134 Safari/537.36" www.sbsc.in 199.79.62.221
20.53.195.92 - - [28/Jan/2023:15:50:51 +0000] "GET / HTTP/2.0" 200 45835 "-" "Mozilla/5.0 (Windows NT 10.0; Win64; x64; rv:81.0) Gecko/20100101 Firefox/81.0" www.sbsc.in 199.79.62.221
40.77.167.81 - - [28/Jan/2023:15:51:38 +0000] "GET /gold-medal.php HTTP/1.1" 200 42407 "-" "Mozilla/5.0 AppleWebKit/537.36 (KHTML, like Gecko; compatible; bingbot/2.0; +http://www.bing.com/bingbot.htm) Chrome/103.0.5060.134 Safari/537.36" www.sbsc.in 199.79.62.221
40.77.167.81 - - [28/Jan/2023:15:51:38 +0000] "GET /gold-medal.php HTTP/2.0" 200 42407 "-" "Mozilla/5.0 AppleWebKit/537.36 (KHTML, like Gecko; compatible; bingbot/2.0; +http://www.bing.com/bingbot.htm) Chrome/103.0.5060.134 Safari/537.36" www.sbsc.in 199.79.62.221
40.77.167.56 - - [28/Jan/2023:15:51:57 +0000] "GET /Digital-Resources-for-Undergraduates.php HTTP/1.1" 200 42682 "-" "Mozilla/5.0 AppleWebKit/537.36 (KHTML, like Gecko; compatible; bingbot/2.0; +http://www.bing.com/bingbot.htm) Chrome/103.0.5060.134 Safari/537.36" www.sbsc.in 199.79.62.221
40.77.167.56 - - [28/Jan/2023:15:51:57 +0000] "GET /Digital-Resources-for-Undergraduates.php HTTP/2.0" 200 42682 "-" "Mozilla/5.0 AppleWebKit/537.36 (KHTML, like Gecko; compatible; bingbot/2.0; +http://www.bing.com/bingbot.htm) Chrome/103.0.5060.134 Safari/537.36" www.sbsc.in 199.79.62.221
139.5.223.76 - - [28/Jan/2023:15:52:24 +0000] "GET /images/library-img3.jpg HTTP/2.0" 200 47582 "https://www.google.com/" "Mozilla/5.0 (Windows NT 10.0; Win64; x64) AppleWebKit/537.36 (KHTML, like Gecko) Chrome/109.0.0.0 Safari/537.36" www.sbsc.in 199.79.62.221
139.5.223.76 - - [28/Jan/2023:15:52:25 +0000] "GET /images/libraryimages/3.jpg HTTP/2.0" 200 46147 "https://www.google.com/" "Mozilla/5.0 (Windows NT 10.0; Win64; x64) AppleWebKit/537.36 (KHTML, like Gecko) Chrome/109.0.0.0 Safari/537.36" www.sbsc.in 199.79.62.221
207.46.13.111 - - [28/Jan/2023:15:52:26 +0000] "GET /magazine-vani.php HTTP/1.1" 200 42854 "-" "Mozilla/5.0 AppleWebKit/537.36 (KHTML, like Gecko; compatible; bingbot/2.0; +http://www.bing.com/bingbot.htm) Chrome/103.0.5060.134 Safari/537.36" www.sbsc.in 199.79.62.221
139.5.223.76 - - [28/Jan/2023:15:52:26 +0000] "GET /images/library-img2.jpg HTTP/2.0" 200 45202 "https://www.google.com/" "Mozilla/5.0 (Windows NT 10.0; Win64; x64) AppleWebKit/537.36 (KHTML, like Gecko) Chrome/109.0.0.0 Safari/537.36" www.sbsc.in 199.79.62.221
207.46.13.111 - - [28/Jan/2023:15:52:26 +0000] "GET /magazine-vani.php HTTP/2.0" 200 42854 "-" "Mozilla/5.0 AppleWebKit/537.36 (KHTML, like Gecko; compatible; bingbot/2.0; +http://www.bing.com/bingbot.htm) Chrome/103.0.5060.134 Safari/537.36" www.sbsc.in 199.79.62.221
207.46.13.69 - - [28/Jan/2023:15:52:32 +0000] "GET /internal_assessment.php/internalassessment/Nov-Dec18/uploads/pdf/internalassessment/assesment-2021/uploads/pdf/1578305930_B.A._(H)_Economics_Time_Table_Semester-II,IV,VI_,_2019-20.pdf HTTP/2.0" 200 43991 "-" "Mozilla/5.0 AppleWebKit/537.36 (KHTML, like Gecko; compatible; bingbot/2.0; +http://www.bing.com/bingbot.htm) Chrome/103.0.5060.134 Safari/537.36" www.sbsc.in 199.79.62.221
139.5.223.76 - - [28/Jan/2023:15:52:28 +0000] "GET /images/library-img.jpg HTTP/2.0" 200 39205 "https://www.google.com/" "Mozilla/5.0 (Windows NT 10.0; Win64; x64) AppleWebKit/537.36 (KHTML, like Gecko) Chrome/109.0.0.0 Safari/537.36" www.sbsc.in 199.79.62.221
139.5.223.76 - - [28/Jan/2023:15:52:37 +0000] "GET /images/Academic-Resource.jpg HTTP/2.0" 200 48110 "https://www.google.com/" "Mozilla/5.0 (Windows NT 10.0; Win64; x64) AppleWebKit/537.36 (KHTML, like Gecko) Chrome/109.0.0.0 Safari/537.36" www.sbsc.in 199.79.62.221
139.5.223.76 - - [28/Jan/2023:15:52:38 +0000] "GET /images/about-librarian.jpg HTTP/2.0" 200 35767 "https://www.google.com/" "Mozilla/5.0 (Windows NT 10.0; Win64; x64) AppleWebKit/537.36 (KHTML, like Gecko) Chrome/109.0.0.0 Safari/537.36" www.sbsc.in 199.79.62.221
139.5.223.76 - - [28/Jan/2023:15:53:05 +0000] "GET /images/facility/1.jpg HTTP/2.0" 200 46833 "https://www.google.com/" "Mozilla/5.0 (Windows NT 10.0; Win64; x64) AppleWebKit/537.36 (KHTML, like Gecko) Chrome/109.0.0.0 Safari/537.36" www.sbsc.in 199.79.62.221
139.5.223.76 - - [28/Jan/2023:15:53:11 +0000] "GET /images/facility/7.jpg HTTP/2.0" 200 41069 "https://www.google.com/" "Mozilla/5.0 (Windows NT 10.0; Win64; x64) AppleWebKit/537.36 (KHTML, like Gecko) Chrome/109.0.0.0 Safari/537.36" www.sbsc.in 199.79.62.221
66.249.75.106 - - [28/Jan/2023:15:53:12 +0000] "GET /uploads/pdf/1550042581_Exam_Fee_Notice.pdf HTTP/1.1" 200 496087 "-" "Googlebot/2.1 (+http://www.google.com/bot.html)" www.sbsc.in 199.79.62.221
157.41.251.160 - - [28/Jan/2023:15:53:19 +0000] "GET /pdf/resources/1588766398_AUG14010111.pdf HTTP/2.0" 404 355 "https://www.google.com/" "Mozilla/5.0 (Windows NT 10.0; Win64; x64) AppleWebKit/537.36 (KHTML, like Gecko) Chrome/109.0.0.0 Safari/537.36" www.sbsc.in 199.79.62.221
157.41.251.160 - - [28/Jan/2023:15:53:19 +0000] "GET /favicon.ico HTTP/1.1" 404 355 "https://www.sbsc.in/pdf/resources/1588766398_AUG14010111.pdf" "Mozilla/5.0 (Windows NT 10.0; Win64; x64) AppleWebKit/537.36 (KHTML, like Gecko) Chrome/109.0.0.0 Safari/537.36" www.sbsc.in 199.79.62.221
154.30.248.92 - - [28/Jan/2023:15:53:21 +0000] "GET /enactus-committee.php HTTP/1.1" 200 43198 "-" "Mozilla/5.0 (Macintosh; Intel Mac OS X 10_15_7) AppleWebKit/537.36 (KHTML, like Gecko) Chrome/109.0.0.0 Safari/537.36" www.sbsc.in 199.79.62.221
154.30.248.92 - - [28/Jan/2023:15:53:21 +0000] "GET /enactus-committee.php HTTP/2.0" 200 43198 "-" "Mozilla/5.0 (Macintosh; Intel Mac OS X 10_15_7) AppleWebKit/537.36 (KHTML, like Gecko) Chrome/109.0.0.0 Safari/537.36" www.sbsc.in 199.79.62.221
157.41.251.160 - - [28/Jan/2023:15:53:19 +0000] "GET /favicon.ico HTTP/2.0" 404 355 "https://www.sbsc.in/pdf/resources/1588766398_AUG14010111.pdf" "Mozilla/5.0 (Windows NT 10.0; Win64; x64) AppleWebKit/537.36 (KHTML, like Gecko) Chrome/109.0.0.0 Safari/537.36" www.sbsc.in 199.79.62.221
223.178.212.78 - - [28/Jan/2023:15:53:35 +0000] "GET /favicon.ico HTTP/1.1" 404 355 "https://www.sbsc.in/appointment-of-assistant-professors.php" "Mozilla/5.0 (Linux; Android 12; IN2011) AppleWebKit/537.36 (KHTML, like Gecko) Chrome/109.0.0.0 Mobile Safari/537.36" www.sbsc.in 199.79.62.221
223.178.212.78 - - [28/Jan/2023:15:53:35 +0000] "GET /favicon.ico HTTP/2.0" 404 355 "https://www.sbsc.in/appointment-of-assistant-professors.php" "Mozilla/5.0 (Linux; Android 12; IN2011) AppleWebKit/537.36 (KHTML, like Gecko) Chrome/109.0.0.0 Mobile Safari/537.36" www.sbsc.in 199.79.62.221
193.186.4.143 - - [28/Jan/2023:15:53:41 +0000] "GET / HTTP/2.0" 200 45835 "-" "Mozilla/5.0 (Linux; Android 10; K) AppleWebKit/537.36 (KHTML, like Gecko) Chrome/109.0.0.0 Mobile Safari/537.36" www.sbsc.in 199.79.62.221
223.178.212.78 - - [28/Jan/2023:15:53:37 +0000] "GET / HTTP/2.0" 200 45835 "https://www.google.com/" "Mozilla/5.0 (Linux; Android 12; IN2011) AppleWebKit/537.36 (KHTML, like Gecko) Chrome/109.0.0.0 Mobile Safari/537.36" www.sbsc.in 199.79.62.221
157.41.251.160 - - [28/Jan/2023:15:53:44 +0000] "GET /pdf/resources/1588766398_AUG14010111.pdf HTTP/2.0" 404 355 "https://www.google.com/" "Mozilla/5.0 (Windows NT 10.0; Win64; x64) AppleWebKit/537.36 (KHTML, like Gecko) Chrome/109.0.0.0 Safari/537.36" www.sbsc.in 199.79.62.221
157.41.251.160 - - [28/Jan/2023:15:53:44 +0000] "GET /pdf/resources/1588766398_AUG14010111.pdf HTTP/2.0" 404 355 "https://www.google.com/" "Mozilla/5.0 (Windows NT 10.0; Win64; x64) AppleWebKit/537.36 (KHTML, like Gecko) Chrome/109.0.0.0 Safari/537.36" www.sbsc.in 199.79.62.221
45.118.159.148 - - [28/Jan/2023:15:53:46 +0000] "GET /images/facility/7.jpg HTTP/2.0" 200 41069 "https://www.google.com/" "Mozilla/5.0 (Linux; Android 11; SM-M022G Build/RP1A.200720.012; wv) AppleWebKit/537.36 (KHTML, like Gecko) Version/4.0 Chrome/108.0.5359.128 Mobile Safari/537.36 GoogleApp/14.3.9.26.arm" www.sbsc.in 199.79.62.221
72.14.201.137 - - [28/Jan/2023:15:53:48 +0000] "GET / HTTP/2.0" 200 45835 "-" "Mozilla/5.0 (Linux; Android 10; K) AppleWebKit/537.36 (KHTML, like Gecko) Chrome/109.0.0.0 Mobile Safari/537.36" www.sbsc.in 199.79.62.221
122.162.145.86 - - [28/Jan/2023:15:53:43 +0000] "GET /view-all.php HTTP/2.0" 200 74210 "https://www.sbsc.in/the-college.php" "Mozilla/5.0 (Windows NT 10.0; Win64; x64) AppleWebKit/537.36 (KHTML, like Gecko) Chrome/109.0.0.0 Safari/537.36 Edg/109.0.1518.70" www.sbsc.in 199.79.62.221
45.118.159.148 - - [28/Jan/2023:15:54:11 +0000] "GET /images/facility/4.jpg HTTP/2.0" 200 40199 "https://www.google.com/" "Mozilla/5.0 (Linux; Android 11; SM-M022G Build/RP1A.200720.012; wv) AppleWebKit/537.36 (KHTML, like Gecko) Version/4.0 Chrome/108.0.5359.128 Mobile Safari/537.36 GoogleApp/14.3.9.26.arm" www.sbsc.in 199.79.62.221
40.77.167.56 - - [28/Jan/2023:15:54:18 +0000] "GET /Eco-Environment.php HTTP/1.1" 200 43958 "-" "Mozilla/5.0 AppleWebKit/537.36 (KHTML, like Gecko; compatible; bingbot/2.0; +http://www.bing.com/bingbot.htm) Chrome/103.0.5060.134 Safari/537.36" www.sbsc.in 199.79.62.221
45.118.159.148 - - [28/Jan/2023:15:54:18 +0000] "GET /images/facility/9.jpg HTTP/2.0" 200 29603 "https://www.google.com/" "Mozilla/5.0 (Linux; Android 11; SM-M022G Build/RP1A.200720.012; wv) AppleWebKit/537.36 (KHTML, like Gecko) Version/4.0 Chrome/108.0.5359.128 Mobile Safari/537.36 GoogleApp/14.3.9.26.arm" www.sbsc.in 199.79.62.221
40.77.167.56 - - [28/Jan/2023:15:54:18 +0000] "GET /Eco-Environment.php HTTP/2.0" 200 43958 "-" "Mozilla/5.0 AppleWebKit/537.36 (KHTML, like Gecko; compatible; bingbot/2.0; +http://www.bing.com/bingbot.htm) Chrome/103.0.5060.134 Safari/537.36" www.sbsc.in 199.79.62.221
20.108.114.67 - - [28/Jan/2023:15:54:25 +0000] "GET /view-all.php HTTP/2.0" 200 74210 "-" "Mozilla/5.0 (Windows NT 10.0; Win64; x64; rv:81.0) Gecko/20100101 Firefox/81.0" www.sbsc.in 199.79.62.221
66.249.75.108 - - [28/Jan/2023:15:54:31 +0000] "GET /uploads/pdf/1671508810_Internal_Assessment_Awards_B.Com._Hons._(Semester-V),_December,_2022.pdf HTTP/1.1" 200 1640535 "-" "Mozilla/5.0 (Linux; Android 6.0.1; Nexus 5X Build/MMB29P) AppleWebKit/537.36 (KHTML, like Gecko) Chrome/109.0.5414.101 Mobile Safari/537.36 (compatible; Googlebot/2.1; +http://www.google.com/bot.html)" www.sbsc.in 199.79.62.221
45.118.159.148 - - [28/Jan/2023:15:54:45 +0000] "GET /images/placement1.JPG HTTP/1.1" 200 11070724 "https://www.google.com/" "Mozilla/5.0 (Linux; Android 11; SM-M022G Build/RP1A.200720.012; wv) AppleWebKit/537.36 (KHTML, like Gecko) Version/4.0 Chrome/108.0.5359.128 Mobile Safari/537.36 GoogleApp/14.3.9.26.arm" www.sbsc.in 199.79.62.221
45.118.159.148 - - [28/Jan/2023:15:54:45 +0000] "GET /images/placement1.JPG HTTP/2.0" 200 11070724 "https://www.google.com/" "Mozilla/5.0 (Linux; Android 11; SM-M022G Build/RP1A.200720.012; wv) AppleWebKit/537.36 (KHTML, like Gecko) Version/4.0 Chrome/108.0.5359.128 Mobile Safari/537.36 GoogleApp/14.3.9.26.arm" www.sbsc.in 199.79.62.221
106.215.206.131 - - [28/Jan/2023:15:54:59 +0000] "GET / HTTP/1.1" 200 45835 "-" "Mozilla/5.0 (Linux; Android 12; SM-M215F) AppleWebKit/537.36 (KHTML, like Gecko) Chrome/109.0.0.0 Mobile Safari/537.36" sbsc.in 199.79.62.221
106.215.206.131 - - [28/Jan/2023:15:54:59 +0000] "GET / HTTP/2.0" 200 45835 "-" "Mozilla/5.0 (Linux; Android 12; SM-M215F) AppleWebKit/537.36 (KHTML, like Gecko) Chrome/109.0.0.0 Mobile Safari/537.36" sbsc.in 199.79.62.221
106.215.206.131 - - [28/Jan/2023:15:55:00 +0000] "GET /css/style.css HTTP/2.0" 200 2565 "https://sbsc.in/" "Mozilla/5.0 (Linux; Android 12; SM-M215F) AppleWebKit/537.36 (KHTML, like Gecko) Chrome/109.0.0.0 Mobile Safari/537.36" sbsc.in 199.79.62.221
106.215.206.131 - - [28/Jan/2023:15:55:00 +0000] "GET /css/style-new.css HTTP/2.0" 200 352 "https://sbsc.in/" "Mozilla/5.0 (Linux; Android 12; SM-M215F) AppleWebKit/537.36 (KHTML, like Gecko) Chrome/109.0.0.0 Mobile Safari/537.36" sbsc.in 199.79.62.221
106.215.206.131 - - [28/Jan/2023:15:55:00 +0000] "GET /cssmenu/styles.css HTTP/2.0" 200 1905 "https://sbsc.in/" "Mozilla/5.0 (Linux; Android 12; SM-M215F) AppleWebKit/537.36 (KHTML, like Gecko) Chrome/109.0.0.0 Mobile Safari/537.36" sbsc.in 199.79.62.221
106.215.206.131 - - [28/Jan/2023:15:55:00 +0000] "GET /css/bootstrap.min.css HTTP/2.0" 200 27845 "https://sbsc.in/" "Mozilla/5.0 (Linux; Android 12; SM-M215F) AppleWebKit/537.36 (KHTML, like Gecko) Chrome/109.0.0.0 Mobile Safari/537.36" sbsc.in 199.79.62.221
106.215.206.131 - - [28/Jan/2023:15:55:00 +0000] "GET /cssmenu/script.js HTTP/2.0" 200 675 "https://sbsc.in/" "Mozilla/5.0 (Linux; Android 12; SM-M215F) AppleWebKit/537.36 (KHTML, like Gecko) Chrome/109.0.0.0 Mobile Safari/537.36" sbsc.in 199.79.62.221
106.215.206.131 - - [28/Jan/2023:15:55:00 +0000] "GET /js/animation-banner.js HTTP/2.0" 200 964 "https://sbsc.in/" "Mozilla/5.0 (Linux; Android 12; SM-M215F) AppleWebKit/537.36 (KHTML, like Gecko) Chrome/109.0.0.0 Mobile Safari/537.36" sbsc.in 199.79.62.221
106.215.206.131 - - [28/Jan/2023:15:55:01 +0000] "GET /js/jquery.js HTTP/2.0" 200 42291 "https://sbsc.in/" "Mozilla/5.0 (Linux; Android 12; SM-M215F) AppleWebKit/537.36 (KHTML, like Gecko) Chrome/109.0.0.0 Mobile Safari/537.36" sbsc.in 199.79.62.221
106.215.206.131 - - [28/Jan/2023:15:55:01 +0000] "GET /paytm.jpg HTTP/2.0" 200 7167 "https://sbsc.in/" "Mozilla/5.0 (Linux; Android 12; SM-M215F) AppleWebKit/537.36 (KHTML, like Gecko) Chrome/109.0.0.0 Mobile Safari/537.36" sbsc.in 199.79.62.221
106.215.206.131 - - [28/Jan/2023:15:55:01 +0000] "GET /images/email.png HTTP/2.0" 200 1371 "https://sbsc.in/" "Mozilla/5.0 (Linux; Android 12; SM-M215F) AppleWebKit/537.36 (KHTML, like Gecko) Chrome/109.0.0.0 Mobile Safari/537.36" sbsc.in 199.79.62.221
106.215.206.131 - - [28/Jan/2023:15:55:01 +0000] "GET /images/phone.png HTTP/2.0" 200 1897 "https://sbsc.in/" "Mozilla/5.0 (Linux; Android 12; SM-M215F) AppleWebKit/537.36 (KHTML, like Gecko) Chrome/109.0.0.0 Mobile Safari/537.36" sbsc.in 199.79.62.221
106.215.206.131 - - [28/Jan/2023:15:55:01 +0000] "GET /images/logo.png HTTP/2.0" 200 36072 "https://sbsc.in/" "Mozilla/5.0 (Linux; Android 12; SM-M215F) AppleWebKit/537.36 (KHTML, like Gecko) Chrome/109.0.0.0 Mobile Safari/537.36" sbsc.in 199.79.62.221
106.215.206.131 - - [28/Jan/2023:15:55:01 +0000] "GET /images/golden-jubilee-logo.png HTTP/2.0" 200 34899 "https://sbsc.in/" "Mozilla/5.0 (Linux; Android 12; SM-M215F) AppleWebKit/537.36 (KHTML, like Gecko) Chrome/109.0.0.0 Mobile Safari/537.36" sbsc.in 199.79.62.221
106.215.206.131 - - [28/Jan/2023:15:55:01 +0000] "GET /images/symbol.jpg HTTP/2.0" 200 781 "https://sbsc.in/" "Mozilla/5.0 (Linux; Android 12; SM-M215F) AppleWebKit/537.36 (KHTML, like Gecko) Chrome/109.0.0.0 Mobile Safari/537.36" sbsc.in 199.79.62.221
106.215.206.131 - - [28/Jan/2023:15:55:01 +0000] "GET /js/bootstrap.min.js HTTP/2.0" 200 13505 "https://sbsc.in/" "Mozilla/5.0 (Linux; Android 12; SM-M215F) AppleWebKit/537.36 (KHTML, like Gecko) Chrome/109.0.0.0 Mobile Safari/537.36" sbsc.in 199.79.62.221
106.215.206.131 - - [28/Jan/2023:15:55:01 +0000] "GET /images/new.gif HTTP/2.0" 200 2455 "https://sbsc.in/" "Mozilla/5.0 (Linux; Android 12; SM-M215F) AppleWebKit/537.36 (KHTML, like Gecko) Chrome/109.0.0.0 Mobile Safari/537.36" sbsc.in 199.79.62.221
106.215.206.131 - - [28/Jan/2023:15:55:01 +0000] "GET /images/banner/1.jpg HTTP/2.0" 200 212471 "https://sbsc.in/" "Mozilla/5.0 (Linux; Android 12; SM-M215F) AppleWebKit/537.36 (KHTML, like Gecko) Chrome/109.0.0.0 Mobile Safari/537.36" sbsc.in 199.79.62.221
40.77.167.81 - - [28/Jan/2023:15:55:08 +0000] "GET /internal_assessment.php/internalassessment/Nov-Dec18/internalassessment/assesment-2019/uploads/pdf/1591871638_B.A._(Hons.)_Geography_2nd_Year.pdf HTTP/2.0" 200 43991 "-" "Mozilla/5.0 AppleWebKit/537.36 (KHTML, like Gecko; compatible; bingbot/2.0; +http://www.bing.com/bingbot.htm) Chrome/103.0.5060.134 Safari/537.36" www.sbsc.in 199.79.62.221
40.77.167.81 - - [28/Jan/2023:15:55:09 +0000] "GET /rti_act.php HTTP/1.1" 200 42787 "-" "Mozilla/5.0 AppleWebKit/537.36 (KHTML, like Gecko; compatible; bingbot/2.0; +http://www.bing.com/bingbot.htm) Chrome/103.0.5060.134 Safari/537.36" www.sbsc.in 199.79.62.221
40.77.167.81 - - [28/Jan/2023:15:55:09 +0000] "GET /rti_act.php HTTP/2.0" 200 42787 "-" "Mozilla/5.0 AppleWebKit/537.36 (KHTML, like Gecko; compatible; bingbot/2.0; +http://www.bing.com/bingbot.htm) Chrome/103.0.5060.134 Safari/537.36" www.sbsc.in 199.79.62.221
157.38.224.55 - - [28/Jan/2023:15:55:13 +0000] "GET /department_Commerce.php HTTP/1.1" 200 43944 "https://www.google.com/" "Mozilla/5.0 (Linux; Android 6.0; vivo 1609 Build/MRA58K) AppleWebKit/537.36 (KHTML, like Gecko) Chrome/56.0.2924.87 Mobile Safari/537.36" www.sbsc.in 199.79.62.221
157.38.224.55 - - [28/Jan/2023:15:55:13 +0000] "GET /department_Commerce.php HTTP/2.0" 200 43944 "https://www.google.com/" "Mozilla/5.0 (Linux; Android 6.0; vivo 1609 Build/MRA58K) AppleWebKit/537.36 (KHTML, like Gecko) Chrome/56.0.2924.87 Mobile Safari/537.36" www.sbsc.in 199.79.62.221
157.38.224.55 - - [28/Jan/2023:15:55:16 +0000] "GET /images/icon_2.jpg HTTP/2.0" 200 8325 "https://www.sbsc.in/css/style-new.css" "Mozilla/5.0 (Linux; Android 6.0; vivo 1609 Build/MRA58K) AppleWebKit/537.36 (KHTML, like Gecko) Chrome/56.0.2924.87 Mobile Safari/537.36" www.sbsc.in 199.79.62.221
157.38.224.55 - - [28/Jan/2023:15:55:17 +0000] "GET /favicon.ico HTTP/1.1" 404 355 "https://www.sbsc.in/department_Commerce.php" "Mozilla/5.0 (Linux; Android 6.0; vivo 1609 Build/MRA58K) AppleWebKit/537.36 (KHTML, like Gecko) Chrome/56.0.2924.87 Mobile Safari/537.36" www.sbsc.in 199.79.62.221
139.5.223.76 - - [28/Jan/2023:15:55:21 +0000] "GET /placement.php HTTP/2.0" 200 47019 "https://www.google.com/" "Mozilla/5.0 (Windows NT 10.0; Win64; x64) AppleWebKit/537.36 (KHTML, like Gecko) Chrome/109.0.0.0 Safari/537.36" www.sbsc.in 199.79.62.221
139.5.223.76 - - [28/Jan/2023:15:55:22 +0000] "GET /css/bootstrap.min.css HTTP/2.0" 200 27845 "https://www.sbsc.in/placement.php" "Mozilla/5.0 (Windows NT 10.0; Win64; x64) AppleWebKit/537.36 (KHTML, like Gecko) Chrome/109.0.0.0 Safari/537.36" www.sbsc.in 199.79.62.221
139.5.223.76 - - [28/Jan/2023:15:55:22 +0000] "GET /css/style.css HTTP/2.0" 200 2565 "https://www.sbsc.in/placement.php" "Mozilla/5.0 (Windows NT 10.0; Win64; x64) AppleWebKit/537.36 (KHTML, like Gecko) Chrome/109.0.0.0 Safari/537.36" www.sbsc.in 199.79.62.221
139.5.223.76 - - [28/Jan/2023:15:55:22 +0000] "GET /css/style-new.css HTTP/2.0" 200 352 "https://www.sbsc.in/placement.php" "Mozilla/5.0 (Windows NT 10.0; Win64; x64) AppleWebKit/537.36 (KHTML, like Gecko) Chrome/109.0.0.0 Safari/537.36" www.sbsc.in 199.79.62.221
139.5.223.76 - - [28/Jan/2023:15:55:22 +0000] "GET /cssmenu/styles.css HTTP/2.0" 200 1905 "https://www.sbsc.in/placement.php" "Mozilla/5.0 (Windows NT 10.0; Win64; x64) AppleWebKit/537.36 (KHTML, like Gecko) Chrome/109.0.0.0 Safari/537.36" www.sbsc.in 199.79.62.221
157.38.224.55 - - [28/Jan/2023:15:55:17 +0000] "GET /favicon.ico HTTP/2.0" 404 355 "https://www.sbsc.in/department_Commerce.php" "Mozilla/5.0 (Linux; Android 6.0; vivo 1609 Build/MRA58K) AppleWebKit/537.36 (KHTML, like Gecko) Chrome/56.0.2924.87 Mobile Safari/537.36" www.sbsc.in 199.79.62.221
139.5.223.76 - - [28/Jan/2023:15:55:22 +0000] "GET /cssmenu/script.js HTTP/2.0" 200 675 "https://www.sbsc.in/placement.php" "Mozilla/5.0 (Windows NT 10.0; Win64; x64) AppleWebKit/537.36 (KHTML, like Gecko) Chrome/109.0.0.0 Safari/537.36" www.sbsc.in 199.79.62.221
139.5.223.76 - - [28/Jan/2023:15:55:22 +0000] "GET /js/animation-banner.js HTTP/2.0" 200 964 "https://www.sbsc.in/placement.php" "Mozilla/5.0 (Windows NT 10.0; Win64; x64) AppleWebKit/537.36 (KHTML, like Gecko) Chrome/109.0.0.0 Safari/537.36" www.sbsc.in 199.79.62.221
139.5.223.76 - - [28/Jan/2023:15:55:22 +0000] "GET /js/jquery.js HTTP/2.0" 200 42291 "https://www.sbsc.in/placement.php" "Mozilla/5.0 (Windows NT 10.0; Win64; x64) AppleWebKit/537.36 (KHTML, like Gecko) Chrome/109.0.0.0 Safari/537.36" www.sbsc.in 199.79.62.221
139.5.223.76 - - [28/Jan/2023:15:55:22 +0000] "GET /js/bootstrap.min.js HTTP/2.0" 200 13505 "https://www.sbsc.in/placement.php" "Mozilla/5.0 (Windows NT 10.0; Win64; x64) AppleWebKit/537.36 (KHTML, like Gecko) Chrome/109.0.0.0 Safari/537.36" www.sbsc.in 199.79.62.221
139.5.223.76 - - [28/Jan/2023:15:55:22 +0000] "GET /paytm.jpg HTTP/2.0" 200 7167 "https://www.sbsc.in/placement.php" "Mozilla/5.0 (Windows NT 10.0; Win64; x64) AppleWebKit/537.36 (KHTML, like Gecko) Chrome/109.0.0.0 Safari/537.36" www.sbsc.in 199.79.62.221
139.5.223.76 - - [28/Jan/2023:15:55:22 +0000] "GET /images/email.png HTTP/2.0" 200 1371 "https://www.sbsc.in/placement.php" "Mozilla/5.0 (Windows NT 10.0; Win64; x64) AppleWebKit/537.36 (KHTML, like Gecko) Chrome/109.0.0.0 Safari/537.36" www.sbsc.in 199.79.62.221
139.5.223.76 - - [28/Jan/2023:15:55:22 +0000] "GET /images/phone.png HTTP/2.0" 200 1897 "https://www.sbsc.in/placement.php" "Mozilla/5.0 (Windows NT 10.0; Win64; x64) AppleWebKit/537.36 (KHTML, like Gecko) Chrome/109.0.0.0 Safari/537.36" www.sbsc.in 199.79.62.221
139.5.223.76 - - [28/Jan/2023:15:55:23 +0000] "GET /images/logo.png HTTP/2.0" 200 36072 "https://www.sbsc.in/placement.php" "Mozilla/5.0 (Windows NT 10.0; Win64; x64) AppleWebKit/537.36 (KHTML, like Gecko) Chrome/109.0.0.0 Safari/537.36" www.sbsc.in 199.79.62.221
139.5.223.76 - - [28/Jan/2023:15:55:23 +0000] "GET /images/golden-jubilee-logo.png HTTP/2.0" 200 34899 "https://www.sbsc.in/placement.php" "Mozilla/5.0 (Windows NT 10.0; Win64; x64) AppleWebKit/537.36 (KHTML, like Gecko) Chrome/109.0.0.0 Safari/537.36" www.sbsc.in 199.79.62.221
139.5.223.76 - - [28/Jan/2023:15:55:23 +0000] "GET /images/banner/3.jpg HTTP/2.0" 200 207968 "https://www.sbsc.in/placement.php" "Mozilla/5.0 (Windows NT 10.0; Win64; x64) AppleWebKit/537.36 (KHTML, like Gecko) Chrome/109.0.0.0 Safari/537.36" www.sbsc.in 199.79.62.221
139.5.223.76 - - [28/Jan/2023:15:55:23 +0000] "GET /images/symbol.jpg HTTP/2.0" 200 781 "https://www.sbsc.in/placement.php" "Mozilla/5.0 (Windows NT 10.0; Win64; x64) AppleWebKit/537.36 (KHTML, like Gecko) Chrome/109.0.0.0 Safari/537.36" www.sbsc.in 199.79.62.221
139.5.223.76 - - [28/Jan/2023:15:55:23 +0000] "GET /images/new.gif HTTP/2.0" 200 2455 "https://www.sbsc.in/placement.php" "Mozilla/5.0 (Windows NT 10.0; Win64; x64) AppleWebKit/537.36 (KHTML, like Gecko) Chrome/109.0.0.0 Safari/537.36" www.sbsc.in 199.79.62.221
139.5.223.76 - - [28/Jan/2023:15:55:23 +0000] "GET /images/banner/1.jpg HTTP/2.0" 200 212471 "https://www.sbsc.in/placement.php" "Mozilla/5.0 (Windows NT 10.0; Win64; x64) AppleWebKit/537.36 (KHTML, like Gecko) Chrome/109.0.0.0 Safari/537.36" www.sbsc.in 199.79.62.221
139.5.223.76 - - [28/Jan/2023:15:55:23 +0000] "GET /images/banner/2.jpg HTTP/2.0" 200 197131 "https://www.sbsc.in/placement.php" "Mozilla/5.0 (Windows NT 10.0; Win64; x64) AppleWebKit/537.36 (KHTML, like Gecko) Chrome/109.0.0.0 Safari/537.36" www.sbsc.in 199.79.62.221
139.5.223.76 - - [28/Jan/2023:15:55:23 +0000] "GET /images/banner/4.jpg HTTP/2.0" 200 172167 "https://www.sbsc.in/placement.php" "Mozilla/5.0 (Windows NT 10.0; Win64; x64) AppleWebKit/537.36 (KHTML, like Gecko) Chrome/109.0.0.0 Safari/537.36" www.sbsc.in 199.79.62.221
139.5.223.76 - - [28/Jan/2023:15:55:23 +0000] "GET /images/banner/5.jpg HTTP/2.0" 200 170926 "https://www.sbsc.in/placement.php" "Mozilla/5.0 (Windows NT 10.0; Win64; x64) AppleWebKit/537.36 (KHTML, like Gecko) Chrome/109.0.0.0 Safari/537.36" www.sbsc.in 199.79.62.221
139.5.223.76 - - [28/Jan/2023:15:55:23 +0000] "GET /images/banner/6.jpg HTTP/2.0" 200 127037 "https://www.sbsc.in/placement.php" "Mozilla/5.0 (Windows NT 10.0; Win64; x64) AppleWebKit/537.36 (KHTML, like Gecko) Chrome/109.0.0.0 Safari/537.36" www.sbsc.in 199.79.62.221
139.5.223.76 - - [28/Jan/2023:15:55:25 +0000] "GET /fonts/glyphicons-halflings-regular.woff HTTP/2.0" 200 23320 "https://www.sbsc.in/css/bootstrap.min.css" "Mozilla/5.0 (Windows NT 10.0; Win64; x64) AppleWebKit/537.36 (KHTML, like Gecko) Chrome/109.0.0.0 Safari/537.36" www.sbsc.in 199.79.62.221
139.5.223.76 - - [28/Jan/2023:15:55:23 +0000] "GET /images/banner/7.jpg HTTP/2.0" 200 179124 "https://www.sbsc.in/placement.php" "Mozilla/5.0 (Windows NT 10.0; Win64; x64) AppleWebKit/537.36 (KHTML, like Gecko) Chrome/109.0.0.0 Safari/537.36" www.sbsc.in 199.79.62.221
139.5.223.76 - - [28/Jan/2023:15:55:23 +0000] "GET /images/banner/8.jpg HTTP/2.0" 200 156850 "https://www.sbsc.in/placement.php" "Mozilla/5.0 (Windows NT 10.0; Win64; x64) AppleWebKit/537.36 (KHTML, like Gecko) Chrome/109.0.0.0 Safari/537.36" www.sbsc.in 199.79.62.221
139.5.223.76 - - [28/Jan/2023:15:55:23 +0000] "GET /images/banner/9.jpg HTTP/2.0" 200 167238 "https://www.sbsc.in/placement.php" "Mozilla/5.0 (Windows NT 10.0; Win64; x64) AppleWebKit/537.36 (KHTML, like Gecko) Chrome/109.0.0.0 Safari/537.36" www.sbsc.in 199.79.62.221
139.5.223.76 - - [28/Jan/2023:15:55:23 +0000] "GET /images/banner/10.jpg HTTP/2.0" 200 211781 "https://www.sbsc.in/placement.php" "Mozilla/5.0 (Windows NT 10.0; Win64; x64) AppleWebKit/537.36 (KHTML, like Gecko) Chrome/109.0.0.0 Safari/537.36" www.sbsc.in 199.79.62.221
139.5.223.76 - - [28/Jan/2023:15:55:23 +0000] "GET /images/banner/11.jpg HTTP/2.0" 200 186118 "https://www.sbsc.in/placement.php" "Mozilla/5.0 (Windows NT 10.0; Win64; x64) AppleWebKit/537.36 (KHTML, like Gecko) Chrome/109.0.0.0 Safari/537.36" www.sbsc.in 199.79.62.221
139.5.223.76 - - [28/Jan/2023:15:55:23 +0000] "GET /images/banner/12.jpg HTTP/2.0" 200 153729 "https://www.sbsc.in/placement.php" "Mozilla/5.0 (Windows NT 10.0; Win64; x64) AppleWebKit/537.36 (KHTML, like Gecko) Chrome/109.0.0.0 Safari/537.36" www.sbsc.in 199.79.62.221
139.5.223.76 - - [28/Jan/2023:15:55:23 +0000] "GET /images/untitled.jpg HTTP/2.0" 200 13937 "https://www.sbsc.in/placement.php" "Mozilla/5.0 (Windows NT 10.0; Win64; x64) AppleWebKit/537.36 (KHTML, like Gecko) Chrome/109.0.0.0 Safari/537.36" www.sbsc.in 199.79.62.221
139.5.223.76 - - [28/Jan/2023:15:55:23 +0000] "GET /images/untitled1.jpg HTTP/2.0" 200 13101 "https://www.sbsc.in/placement.php" "Mozilla/5.0 (Windows NT 10.0; Win64; x64) AppleWebKit/537.36 (KHTML, like Gecko) Chrome/109.0.0.0 Safari/537.36" www.sbsc.in 199.79.62.221
157.37.145.122 - - [28/Jan/2023:15:55:27 +0000] "GET / HTTP/2.0" 200 45835 "https://www.google.com/" "Mozilla/5.0 (Linux; Android 10; V2027) AppleWebKit/537.36 (KHTML, like Gecko) Chrome/80.0.3987.99 Mobile Safari/537.36" www.sbsc.in 199.79.62.221
139.5.223.76 - - [28/Jan/2023:15:55:28 +0000] "GET /favicon.ico HTTP/1.1" 404 355 "https://www.sbsc.in/placement.php" "Mozilla/5.0 (Windows NT 10.0; Win64; x64) AppleWebKit/537.36 (KHTML, like Gecko) Chrome/109.0.0.0 Safari/537.36" www.sbsc.in 199.79.62.221
139.5.223.76 - - [28/Jan/2023:15:55:28 +0000] "GET /favicon.ico HTTP/2.0" 404 355 "https://www.sbsc.in/placement.php" "Mozilla/5.0 (Windows NT 10.0; Win64; x64) AppleWebKit/537.36 (KHTML, like Gecko) Chrome/109.0.0.0 Safari/537.36" www.sbsc.in 199.79.62.221
139.5.223.76 - - [28/Jan/2023:15:55:30 +0000] "GET /uploads/pdf/SBSC%20Placement%20Report%202021-22.pdf HTTP/2.0" 404 355 "https://www.sbsc.in/placement.php" "Mozilla/5.0 (Windows NT 10.0; Win64; x64) AppleWebKit/537.36 (KHTML, like Gecko) Chrome/109.0.0.0 Safari/537.36" www.sbsc.in 199.79.62.221
20.254.136.118 - - [28/Jan/2023:15:55:49 +0000] "GET / HTTP/2.0" 200 45835 "-" "Mozilla/5.0 (Windows NT 10.0; Win64; x64; rv:81.0) Gecko/20100101 Firefox/81.0" www.sbsc.in 199.79.62.221
122.161.66.161 - - [28/Jan/2023:15:56:00 +0000] "GET /pdf/resources/1586534164_Classification_of_Directors.pptx HTTP/1.1" 404 355 "https://www.google.com/" "Mozilla/5.0 (Linux; Android 12; M2010J19SI) AppleWebKit/537.36 (KHTML, like Gecko) Chrome/109.0.0.0 Mobile Safari/537.36" www.sbsc.in 199.79.62.221
122.161.66.161 - - [28/Jan/2023:15:56:00 +0000] "GET /pdf/resources/1586534164_Classification_of_Directors.pptx HTTP/2.0" 404 355 "https://www.google.com/" "Mozilla/5.0 (Linux; Android 12; M2010J19SI) AppleWebKit/537.36 (KHTML, like Gecko) Chrome/109.0.0.0 Mobile Safari/537.36" www.sbsc.in 199.79.62.221
122.161.66.161 - - [28/Jan/2023:15:56:01 +0000] "GET /favicon.ico HTTP/1.1" 404 355 "https://www.sbsc.in/pdf/resources/1586534164_Classification_of_Directors.pptx" "Mozilla/5.0 (Linux; Android 12; M2010J19SI) AppleWebKit/537.36 (KHTML, like Gecko) Chrome/109.0.0.0 Mobile Safari/537.36" www.sbsc.in 199.79.62.221
122.161.66.161 - - [28/Jan/2023:15:56:01 +0000] "GET /favicon.ico HTTP/2.0" 404 355 "https://www.sbsc.in/pdf/resources/1586534164_Classification_of_Directors.pptx" "Mozilla/5.0 (Linux; Android 12; M2010J19SI) AppleWebKit/537.36 (KHTML, like Gecko) Chrome/109.0.0.0 Mobile Safari/537.36" www.sbsc.in 199.79.62.221
40.77.167.81 - - [28/Jan/2023:15:56:38 +0000] "GET /chief-coordinator-admission.php HTTP/1.1" 200 42413 "-" "Mozilla/5.0 AppleWebKit/537.36 (KHTML, like Gecko; compatible; bingbot/2.0; +http://www.bing.com/bingbot.htm) Chrome/103.0.5060.134 Safari/537.36" www.sbsc.in 199.79.62.221
40.77.167.81 - - [28/Jan/2023:15:56:38 +0000] "GET /chief-coordinator-admission.php HTTP/2.0" 200 42413 "-" "Mozilla/5.0 AppleWebKit/537.36 (KHTML, like Gecko; compatible; bingbot/2.0; +http://www.bing.com/bingbot.htm) Chrome/103.0.5060.134 Safari/537.36" www.sbsc.in 199.79.62.221
17.241.75.74 - - [28/Jan/2023:15:56:47 +0000] "GET /uploads/pdf/1663828655_B.A._(H)_Pol._Science,_Semester-II,_August-2022.pdf HTTP/1.1" 200 330022 "-" "Mozilla/5.0 (Macintosh; Intel Mac OS X 10_15_5) AppleWebKit/605.1.15 (KHTML, like Gecko) Version/13.1.1 Safari/605.1.15 (Applebot/0.1; +http://www.apple.com/go/applebot)" sbsc.in 199.79.62.221
207.46.13.111 - - [28/Jan/2023:15:56:57 +0000] "GET /department-list.php HTTP/1.1" 200 6937 "-" "Mozilla/5.0 AppleWebKit/537.36 (KHTML, like Gecko; compatible; bingbot/2.0; +http://www.bing.com/bingbot.htm) Chrome/103.0.5060.134 Safari/537.36" www.sbsc.in 199.79.62.221
207.46.13.111 - - [28/Jan/2023:15:56:57 +0000] "GET /department-list.php HTTP/2.0" 200 6937 "-" "Mozilla/5.0 AppleWebKit/537.36 (KHTML, like Gecko; compatible; bingbot/2.0; +http://www.bing.com/bingbot.htm) Chrome/103.0.5060.134 Safari/537.36" www.sbsc.in 199.79.62.221
49.36.144.131 - - [28/Jan/2023:15:57:16 +0000] "GET /favicon.ico HTTP/1.1" 404 355 "https://www.sbsc.in/pdf/SBSC_Addvertisement.pdf" "Mozilla/5.0 (Windows NT 10.0; Win64; x64) AppleWebKit/537.36 (KHTML, like Gecko) Chrome/109.0.0.0 Safari/537.36" www.sbsc.in 199.79.62.221
157.38.224.55 - - [28/Jan/2023:15:57:22 +0000] "GET /department/commerce HTTP/1.1" 301 248 "https://www.sbsc.in/department_Commerce.php" "Mozilla/5.0 (Linux; Android 6.0; vivo 1609 Build/MRA58K) AppleWebKit/537.36 (KHTML, like Gecko) Chrome/56.0.2924.87 Mobile Safari/537.36" www.sbsc.in 199.79.62.221
157.38.224.55 - - [28/Jan/2023:15:57:22 +0000] "GET /department/commerce HTTP/2.0" 301 248 "https://www.sbsc.in/department_Commerce.php" "Mozilla/5.0 (Linux; Android 6.0; vivo 1609 Build/MRA58K) AppleWebKit/537.36 (KHTML, like Gecko) Chrome/56.0.2924.87 Mobile Safari/537.36" www.sbsc.in 199.79.62.221
157.38.224.55 - - [28/Jan/2023:15:57:23 +0000] "GET /department/commerce/ HTTP/1.1" 403 355 "https://www.sbsc.in/department_Commerce.php" "Mozilla/5.0 (Linux; Android 6.0; vivo 1609 Build/MRA58K) AppleWebKit/537.36 (KHTML, like Gecko) Chrome/56.0.2924.87 Mobile Safari/537.36" www.sbsc.in 199.79.62.221
139.5.223.76 - - [28/Jan/2023:15:57:27 +0000] "GET /uploads/pdf/SBSC%20Placement%20Report%202021-22.pdf HTTP/2.0" 404 355 "https://www.sbsc.in/placement.php" "Mozilla/5.0 (Windows NT 10.0; Win64; x64) AppleWebKit/537.36 (KHTML, like Gecko) Chrome/109.0.0.0 Safari/537.36" www.sbsc.in 199.79.62.221
157.38.224.55 - - [28/Jan/2023:15:57:23 +0000] "GET /department/commerce/ HTTP/2.0" 403 355 "https://www.sbsc.in/department_Commerce.php" "Mozilla/5.0 (Linux; Android 6.0; vivo 1609 Build/MRA58K) AppleWebKit/537.36 (KHTML, like Gecko) Chrome/56.0.2924.87 Mobile Safari/537.36" www.sbsc.in 199.79.62.221
49.36.144.131 - - [28/Jan/2023:15:57:16 +0000] "GET /favicon.ico HTTP/2.0" 404 355 "https://www.sbsc.in/pdf/SBSC_Addvertisement.pdf" "Mozilla/5.0 (Windows NT 10.0; Win64; x64) AppleWebKit/537.36 (KHTML, like Gecko) Chrome/109.0.0.0 Safari/537.36" www.sbsc.in 199.79.62.221
106.215.206.131 - - [28/Jan/2023:15:55:01 +0000] "GET /images/banner/2.jpg HTTP/2.0" 200 197131 "https://sbsc.in/" "Mozilla/5.0 (Linux; Android 12; SM-M215F) AppleWebKit/537.36 (KHTML, like Gecko) Chrome/109.0.0.0 Mobile Safari/537.36" sbsc.in 199.79.62.221
106.215.206.131 - - [28/Jan/2023:15:55:03 +0000] "GET /images/banner/3.jpg HTTP/2.0" 200 207968 "https://sbsc.in/" "Mozilla/5.0 (Linux; Android 12; SM-M215F) AppleWebKit/537.36 (KHTML, like Gecko) Chrome/109.0.0.0 Mobile Safari/537.36" sbsc.in 199.79.62.221
106.215.206.131 - - [28/Jan/2023:15:55:03 +0000] "GET /images/banner/4.jpg HTTP/2.0" 200 172167 "https://sbsc.in/" "Mozilla/5.0 (Linux; Android 12; SM-M215F) AppleWebKit/537.36 (KHTML, like Gecko) Chrome/109.0.0.0 Mobile Safari/537.36" sbsc.in 199.79.62.221
66.249.75.106 - - [28/Jan/2023:15:58:03 +0000] "GET /pdf/resources/1586427127_Introduction_to_Cost_Accounting.pdf HTTP/1.1" 404 355 "-" "Mozilla/5.0 (compatible; Googlebot/2.1; +http://www.google.com/bot.html)" www.sbsc.in 199.79.62.221
66.249.75.108 - - [28/Jan/2023:15:58:05 +0000] "GET /pdf/resources/1586427127_Introduction_to_Cost_Accounting.pdf HTTP/1.1" 404 355 "-" "Mozilla/5.0 (Linux; Android 6.0.1; Nexus 5X Build/MMB29P) AppleWebKit/537.36 (KHTML, like Gecko) Chrome/99.0.4844.84 Mobile Safari/537.36 (compatible; Googlebot/2.1; +http://www.google.com/bot.html)" www.sbsc.in 199.79.62.221
193.186.4.143 - - [28/Jan/2023:15:58:14 +0000] "GET / HTTP/2.0" 200 45835 "-" "Mozilla/5.0 (Linux; Android 10; K) AppleWebKit/537.36 (KHTML, like Gecko) Chrome/109.0.0.0 Mobile Safari/537.36" www.sbsc.in 199.79.62.221
49.36.139.70 - - [28/Jan/2023:15:58:20 +0000] "GET / HTTP/2.0" 200 45835 "https://www.google.com/" "Mozilla/5.0 (Windows NT 10.0; Win64; x64) AppleWebKit/537.36 (KHTML, like Gecko) Chrome/109.0.0.0 Safari/537.36" www.sbsc.in 199.79.62.221
49.36.139.70 - - [28/Jan/2023:15:58:24 +0000] "GET /css/style.css HTTP/2.0" 200 2565 "https://www.sbsc.in/" "Mozilla/5.0 (Windows NT 10.0; Win64; x64) AppleWebKit/537.36 (KHTML, like Gecko) Chrome/109.0.0.0 Safari/537.36" www.sbsc.in 199.79.62.221
49.36.139.70 - - [28/Jan/2023:15:58:24 +0000] "GET /css/style-new.css HTTP/2.0" 200 352 "https://www.sbsc.in/" "Mozilla/5.0 (Windows NT 10.0; Win64; x64) AppleWebKit/537.36 (KHTML, like Gecko) Chrome/109.0.0.0 Safari/537.36" www.sbsc.in 199.79.62.221
49.36.139.70 - - [28/Jan/2023:15:58:24 +0000] "GET /cssmenu/script.js HTTP/2.0" 200 675 "https://www.sbsc.in/" "Mozilla/5.0 (Windows NT 10.0; Win64; x64) AppleWebKit/537.36 (KHTML, like Gecko) Chrome/109.0.0.0 Safari/537.36" www.sbsc.in 199.79.62.221
17.241.219.97 - - [28/Jan/2023:15:58:25 +0000] "GET /uploads/pdf/1535351618_3c28e5fcd85e136854b59c60ede13cea.pdf HTTP/1.1" 200 239264 "-" "Mozilla/5.0 (Macintosh; Intel Mac OS X 10_15_5) AppleWebKit/605.1.15 (KHTML, like Gecko) Version/13.1.1 Safari/605.1.15 (Applebot/0.1; +http://www.apple.com/go/applebot)" sbsc.in 199.79.62.221
49.36.139.70 - - [28/Jan/2023:15:58:24 +0000] "GET /css/bootstrap.min.css HTTP/2.0" 200 27845 "https://www.sbsc.in/" "Mozilla/5.0 (Windows NT 10.0; Win64; x64) AppleWebKit/537.36 (KHTML, like Gecko) Chrome/109.0.0.0 Safari/537.36" www.sbsc.in 199.79.62.221
49.36.139.70 - - [28/Jan/2023:15:58:24 +0000] "GET /cssmenu/styles.css HTTP/2.0" 200 1905 "https://www.sbsc.in/" "Mozilla/5.0 (Windows NT 10.0; Win64; x64) AppleWebKit/537.36 (KHTML, like Gecko) Chrome/109.0.0.0 Safari/537.36" www.sbsc.in 199.79.62.221
49.36.139.70 - - [28/Jan/2023:15:58:24 +0000] "GET /js/animation-banner.js HTTP/2.0" 200 964 "https://www.sbsc.in/" "Mozilla/5.0 (Windows NT 10.0; Win64; x64) AppleWebKit/537.36 (KHTML, like Gecko) Chrome/109.0.0.0 Safari/537.36" www.sbsc.in 199.79.62.221
49.36.139.70 - - [28/Jan/2023:15:58:29 +0000] "GET /js/jquery.js HTTP/2.0" 200 42291 "https://www.sbsc.in/" "Mozilla/5.0 (Windows NT 10.0; Win64; x64) AppleWebKit/537.36 (KHTML, like Gecko) Chrome/109.0.0.0 Safari/537.36" www.sbsc.in 199.79.62.221
49.36.139.70 - - [28/Jan/2023:15:58:29 +0000] "GET /js/bootstrap.min.js HTTP/2.0" 200 13505 "https://www.sbsc.in/" "Mozilla/5.0 (Windows NT 10.0; Win64; x64) AppleWebKit/537.36 (KHTML, like Gecko) Chrome/109.0.0.0 Safari/537.36" www.sbsc.in 199.79.62.221
49.36.139.70 - - [28/Jan/2023:15:58:29 +0000] "GET /paytm.jpg HTTP/2.0" 200 7167 "https://www.sbsc.in/" "Mozilla/5.0 (Windows NT 10.0; Win64; x64) AppleWebKit/537.36 (KHTML, like Gecko) Chrome/109.0.0.0 Safari/537.36" www.sbsc.in 199.79.62.221
49.36.139.70 - - [28/Jan/2023:15:58:29 +0000] "GET /images/email.png HTTP/2.0" 200 1371 "https://www.sbsc.in/" "Mozilla/5.0 (Windows NT 10.0; Win64; x64) AppleWebKit/537.36 (KHTML, like Gecko) Chrome/109.0.0.0 Safari/537.36" www.sbsc.in 199.79.62.221
49.36.139.70 - - [28/Jan/2023:15:58:29 +0000] "GET /images/phone.png HTTP/2.0" 200 1897 "https://www.sbsc.in/" "Mozilla/5.0 (Windows NT 10.0; Win64; x64) AppleWebKit/537.36 (KHTML, like Gecko) Chrome/109.0.0.0 Safari/537.36" www.sbsc.in 199.79.62.221
49.36.139.70 - - [28/Jan/2023:15:58:29 +0000] "GET /images/logo.png HTTP/2.0" 200 36072 "https://www.sbsc.in/" "Mozilla/5.0 (Windows NT 10.0; Win64; x64) AppleWebKit/537.36 (KHTML, like Gecko) Chrome/109.0.0.0 Safari/537.36" www.sbsc.in 199.79.62.221
49.36.139.70 - - [28/Jan/2023:15:58:29 +0000] "GET /images/golden-jubilee-logo.png HTTP/2.0" 200 34899 "https://www.sbsc.in/" "Mozilla/5.0 (Windows NT 10.0; Win64; x64) AppleWebKit/537.36 (KHTML, like Gecko) Chrome/109.0.0.0 Safari/537.36" www.sbsc.in 199.79.62.221
157.35.60.108 - - [28/Jan/2023:15:58:33 +0000] "GET /pdf/Prospectus-2020-21.pdf HTTP/1.1" 200 25804858 "-" "Dalvik/2.1.0 (Linux; U; Android 11; SM-M307F Build/RP1A.200720.012)" www.sbsc.in 199.79.62.221
49.36.139.70 - - [28/Jan/2023:15:58:29 +0000] "GET /images/symbol.jpg HTTP/2.0" 200 781 "https://www.sbsc.in/" "Mozilla/5.0 (Windows NT 10.0; Win64; x64) AppleWebKit/537.36 (KHTML, like Gecko) Chrome/109.0.0.0 Safari/537.36" www.sbsc.in 199.79.62.221
49.36.139.70 - - [28/Jan/2023:15:58:29 +0000] "GET /images/new.gif HTTP/2.0" 200 2455 "https://www.sbsc.in/" "Mozilla/5.0 (Windows NT 10.0; Win64; x64) AppleWebKit/537.36 (KHTML, like Gecko) Chrome/109.0.0.0 Safari/537.36" www.sbsc.in 199.79.62.221
