66.249.75.106 - - [28/Jan/2023:13:25:19 +0000] "GET /images/virtual-tour/17_002.jpg HTTP/1.1" 200 3327 "https://www.sbsc.in/virtual-tour.php" "Mozilla/5.0 (Linux; Android 6.0.1; Nexus 5X Build/MMB29P) AppleWebKit/537.36 (KHTML, like Gecko) Chrome/109.0.5414.101 Mobile Safari/537.36 (compatible; Googlebot/2.1; +http://www.google.com/bot.html)" www.sbsc.in 199.79.62.221
66.249.75.106 - - [28/Jan/2023:13:25:20 +0000] "GET /images/virtual-tour/18_002.jpg HTTP/1.1" 200 14033 "https://www.sbsc.in/virtual-tour.php" "Mozilla/5.0 (Linux; Android 6.0.1; Nexus 5X Build/MMB29P) AppleWebKit/537.36 (KHTML, like Gecko) Chrome/109.0.5414.101 Mobile Safari/537.36 (compatible; Googlebot/2.1; +http://www.google.com/bot.html)" www.sbsc.in 199.79.62.221
66.249.75.106 - - [28/Jan/2023:13:25:24 +0000] "GET /images/virtual-tour/19_002.jpg HTTP/1.1" 200 52452 "https://www.sbsc.in/virtual-tour.php" "Mozilla/5.0 (Linux; Android 6.0.1; Nexus 5X Build/MMB29P) AppleWebKit/537.36 (KHTML, like Gecko) Chrome/109.0.5414.101 Mobile Safari/537.36 (compatible; Googlebot/2.1; +http://www.google.com/bot.html)" www.sbsc.in 199.79.62.221
66.249.75.106 - - [28/Jan/2023:13:25:26 +0000] "GET /images/virtual-tour/20_002.jpg HTTP/1.1" 404 355 "https://www.sbsc.in/virtual-tour.php" "Mozilla/5.0 (Linux; Android 6.0.1; Nexus 5X Build/MMB29P) AppleWebKit/537.36 (KHTML, like Gecko) Chrome/109.0.5414.101 Mobile Safari/537.36 (compatible; Googlebot/2.1; +http://www.google.com/bot.html)" www.sbsc.in 199.79.62.221
66.249.75.106 - - [28/Jan/2023:13:25:26 +0000] "GET /images/virtual-tour/21_002.jpg HTTP/1.1" 200 57748 "https://www.sbsc.in/virtual-tour.php" "Mozilla/5.0 (Linux; Android 6.0.1; Nexus 5X Build/MMB29P) AppleWebKit/537.36 (KHTML, like Gecko) Chrome/109.0.5414.101 Mobile Safari/537.36 (compatible; Googlebot/2.1; +http://www.google.com/bot.html)" www.sbsc.in 199.79.62.221
66.249.75.106 - - [28/Jan/2023:13:25:27 +0000] "GET /images/virtual-tour/22_002.jpg HTTP/1.1" 200 53874 "https://www.sbsc.in/virtual-tour.php" "Mozilla/5.0 (Linux; Android 6.0.1; Nexus 5X Build/MMB29P) AppleWebKit/537.36 (KHTML, like Gecko) Chrome/109.0.5414.101 Mobile Safari/537.36 (compatible; Googlebot/2.1; +http://www.google.com/bot.html)" www.sbsc.in 199.79.62.221
31.148.131.224 - - [28/Jan/2023:13:25:28 +0000] "GET /uploads/pdf/1602129496_Negotiation_The_New_Normal_Issue_-_Concerning_Persons_with_Disabilities.pdf HTTP/1.1" 200 132266 "-" "Mozilla/5.0 (Windows NT 10.0; Win64; x64) AppleWebKit/537.36 (KHTML, like Gecko) Chrome/104.0.5112.124 YaBrowser/22.9.5.710 Yowser/2.5 Safari/537.36" www.sbsc.in 199.79.62.221
66.249.75.106 - - [28/Jan/2023:13:25:28 +0000] "GET /css/layout.css HTTP/1.1" 404 355 "https://www.sbsc.in/css/main.css" "Mozilla/5.0 (Linux; Android 6.0.1; Nexus 5X Build/MMB29P) AppleWebKit/537.36 (KHTML, like Gecko) Chrome/109.0.5414.101 Mobile Safari/537.36 (compatible; Googlebot/2.1; +http://www.google.com/bot.html)" www.sbsc.in 199.79.62.221
66.249.75.106 - - [28/Jan/2023:13:25:29 +0000] "GET /css/responsiveslides.css HTTP/1.1" 404 355 "https://www.sbsc.in/css/main.css" "Mozilla/5.0 (Linux; Android 6.0.1; Nexus 5X Build/MMB29P) AppleWebKit/537.36 (KHTML, like Gecko) Chrome/109.0.5414.101 Mobile Safari/537.36 (compatible; Googlebot/2.1; +http://www.google.com/bot.html)" www.sbsc.in 199.79.62.221
66.249.75.106 - - [28/Jan/2023:13:25:29 +0000] "GET /css/school_root.css HTTP/1.1" 404 355 "https://www.sbsc.in/css/main.css" "Mozilla/5.0 (Linux; Android 6.0.1; Nexus 5X Build/MMB29P) AppleWebKit/537.36 (KHTML, like Gecko) Chrome/109.0.5414.101 Mobile Safari/537.36 (compatible; Googlebot/2.1; +http://www.google.com/bot.html)" www.sbsc.in 199.79.62.221
66.249.64.10 - - [28/Jan/2023:13:25:30 +0000] "GET /css/demo.css HTTP/1.1" 404 355 "https://www.sbsc.in/css/main.css" "Mozilla/5.0 (Linux; Android 6.0.1; Nexus 5X Build/MMB29P) AppleWebKit/537.36 (KHTML, like Gecko) Chrome/109.0.5414.101 Mobile Safari/537.36 (compatible; Googlebot/2.1; +http://www.google.com/bot.html)" www.sbsc.in 199.79.62.221
66.249.75.106 - - [28/Jan/2023:13:25:31 +0000] "GET /uploads/pdf/1636452677_Special_Cut-off_2021-22.pdf HTTP/1.1" 200 278047 "-" "Mozilla/5.0 (Linux; Android 6.0.1; Nexus 5X Build/MMB29P) AppleWebKit/537.36 (KHTML, like Gecko) Chrome/109.0.5414.101 Mobile Safari/537.36 (compatible; Googlebot/2.1; +http://www.google.com/bot.html)" www.sbsc.in 199.79.62.221
66.249.75.106 - - [28/Jan/2023:13:25:31 +0000] "GET /css/scroller.css HTTP/1.1" 404 355 "https://www.sbsc.in/css/main.css" "Mozilla/5.0 (Linux; Android 6.0.1; Nexus 5X Build/MMB29P) AppleWebKit/537.36 (KHTML, like Gecko) Chrome/109.0.5414.101 Mobile Safari/537.36 (compatible; Googlebot/2.1; +http://www.google.com/bot.html)" www.sbsc.in 199.79.62.221
66.249.75.106 - - [28/Jan/2023:13:25:32 +0000] "GET /loading.gif HTTP/1.1" 404 355 "https://www.sbsc.in/virtual-tour.php" "Mozilla/5.0 (Linux; Android 6.0.1; Nexus 5X Build/MMB29P) AppleWebKit/537.36 (KHTML, like Gecko) Chrome/109.0.5414.101 Mobile Safari/537.36 (compatible; Googlebot/2.1; +http://www.google.com/bot.html)" www.sbsc.in 199.79.62.221
66.249.75.106 - - [28/Jan/2023:13:25:32 +0000] "GET /images/virtual-tour/25_002.jpg HTTP/1.1" 404 355 "https://www.sbsc.in/virtual-tour.php" "Mozilla/5.0 (Linux; Android 6.0.1; Nexus 5X Build/MMB29P) AppleWebKit/537.36 (KHTML, like Gecko) Chrome/109.0.5414.101 Mobile Safari/537.36 (compatible; Googlebot/2.1; +http://www.google.com/bot.html)" www.sbsc.in 199.79.62.221
66.249.75.106 - - [28/Jan/2023:13:25:33 +0000] "GET /images/virtual-tour/20_002.jpg HTTP/1.1" 404 355 "https://www.sbsc.in/virtual-tour.php" "Mozilla/5.0 (Linux; Android 6.0.1; Nexus 5X Build/MMB29P) AppleWebKit/537.36 (KHTML, like Gecko) Chrome/109.0.5414.101 Mobile Safari/537.36 (compatible; Googlebot/2.1; +http://www.google.com/bot.html)" www.sbsc.in 199.79.62.221
157.37.170.53 - - [28/Jan/2023:13:25:34 +0000] "GET /department_Commerce.php HTTP/1.1" 200 43944 "https://www.sbsc.in/" "Mozilla/5.0 (Linux; Android 12; SM-M317F) AppleWebKit/537.36 (KHTML, like Gecko) Chrome/109.0.0.0 Mobile Safari/537.36" www.sbsc.in 199.79.62.221
157.37.170.53 - - [28/Jan/2023:13:25:34 +0000] "GET /department_Commerce.php HTTP/2.0" 200 43944 "https://www.sbsc.in/" "Mozilla/5.0 (Linux; Android 12; SM-M317F) AppleWebKit/537.36 (KHTML, like Gecko) Chrome/109.0.0.0 Mobile Safari/537.36" www.sbsc.in 199.79.62.221
157.37.170.53 - - [28/Jan/2023:13:25:35 +0000] "GET /images/banner/3.jpg HTTP/2.0" 200 207968 "https://www.sbsc.in/department_Commerce.php" "Mozilla/5.0 (Linux; Android 12; SM-M317F) AppleWebKit/537.36 (KHTML, like Gecko) Chrome/109.0.0.0 Mobile Safari/537.36" www.sbsc.in 199.79.62.221
66.249.75.106 - - [28/Jan/2023:13:25:35 +0000] "GET /images/virtual-tour/23_002.jpg HTTP/1.1" 404 355 "https://www.sbsc.in/virtual-tour.php" "Mozilla/5.0 (Linux; Android 6.0.1; Nexus 5X Build/MMB29P) AppleWebKit/537.36 (KHTML, like Gecko) Chrome/109.0.5414.101 Mobile Safari/537.36 (compatible; Googlebot/2.1; +http://www.google.com/bot.html)" www.sbsc.in 199.79.62.221
157.37.170.53 - - [28/Jan/2023:13:25:35 +0000] "GET /images/banner/2.jpg HTTP/2.0" 206 1 "https://www.sbsc.in/department_Commerce.php" "Mozilla/5.0 (Linux; Android 12; SM-M317F) AppleWebKit/537.36 (KHTML, like Gecko) Chrome/109.0.0.0 Mobile Safari/537.36" www.sbsc.in 199.79.62.221
157.37.170.53 - - [28/Jan/2023:13:25:35 +0000] "GET /images/banner/4.jpg HTTP/2.0" 200 172167 "https://www.sbsc.in/department_Commerce.php" "Mozilla/5.0 (Linux; Android 12; SM-M317F) AppleWebKit/537.36 (KHTML, like Gecko) Chrome/109.0.0.0 Mobile Safari/537.36" www.sbsc.in 199.79.62.221
157.37.170.53 - - [28/Jan/2023:13:25:35 +0000] "GET /images/banner/5.jpg HTTP/2.0" 206 1 "https://www.sbsc.in/department_Commerce.php" "Mozilla/5.0 (Linux; Android 12; SM-M317F) AppleWebKit/537.36 (KHTML, like Gecko) Chrome/109.0.0.0 Mobile Safari/537.36" www.sbsc.in 199.79.62.221
157.37.170.53 - - [28/Jan/2023:13:25:35 +0000] "GET /images/banner/6.jpg HTTP/2.0" 200 127037 "https://www.sbsc.in/department_Commerce.php" "Mozilla/5.0 (Linux; Android 12; SM-M317F) AppleWebKit/537.36 (KHTML, like Gecko) Chrome/109.0.0.0 Mobile Safari/537.36" www.sbsc.in 199.79.62.221
157.37.170.53 - - [28/Jan/2023:13:25:36 +0000] "GET /images/banner/7.jpg HTTP/2.0" 200 179124 "https://www.sbsc.in/department_Commerce.php" "Mozilla/5.0 (Linux; Android 12; SM-M317F) AppleWebKit/537.36 (KHTML, like Gecko) Chrome/109.0.0.0 Mobile Safari/537.36" www.sbsc.in 199.79.62.221
157.37.170.53 - - [28/Jan/2023:13:25:36 +0000] "GET /images/banner/5.jpg HTTP/2.0" 206 122509 "https://www.sbsc.in/department_Commerce.php" "Mozilla/5.0 (Linux; Android 12; SM-M317F) AppleWebKit/537.36 (KHTML, like Gecko) Chrome/109.0.0.0 Mobile Safari/537.36" www.sbsc.in 199.79.62.221
157.37.170.53 - - [28/Jan/2023:13:25:36 +0000] "GET /images/banner/8.jpg HTTP/2.0" 200 156850 "https://www.sbsc.in/department_Commerce.php" "Mozilla/5.0 (Linux; Android 12; SM-M317F) AppleWebKit/537.36 (KHTML, like Gecko) Chrome/109.0.0.0 Mobile Safari/537.36" www.sbsc.in 199.79.62.221
157.37.170.53 - - [28/Jan/2023:13:25:36 +0000] "GET /images/banner/9.jpg HTTP/2.0" 200 167238 "https://www.sbsc.in/department_Commerce.php" "Mozilla/5.0 (Linux; Android 12; SM-M317F) AppleWebKit/537.36 (KHTML, like Gecko) Chrome/109.0.0.0 Mobile Safari/537.36" www.sbsc.in 199.79.62.221
157.37.170.53 - - [28/Jan/2023:13:25:36 +0000] "GET /images/banner/10.jpg HTTP/2.0" 200 211781 "https://www.sbsc.in/department_Commerce.php" "Mozilla/5.0 (Linux; Android 12; SM-M317F) AppleWebKit/537.36 (KHTML, like Gecko) Chrome/109.0.0.0 Mobile Safari/537.36" www.sbsc.in 199.79.62.221
157.37.170.53 - - [28/Jan/2023:13:25:39 +0000] "GET /images/icon_2.jpg HTTP/2.0" 200 8325 "https://www.sbsc.in/css/style-new.css" "Mozilla/5.0 (Linux; Android 12; SM-M317F) AppleWebKit/537.36 (KHTML, like Gecko) Chrome/109.0.0.0 Mobile Safari/537.36" www.sbsc.in 199.79.62.221
157.37.170.53 - - [28/Jan/2023:13:25:36 +0000] "GET /images/banner/2.jpg HTTP/2.0" 206 98881 "https://www.sbsc.in/department_Commerce.php" "Mozilla/5.0 (Linux; Android 12; SM-M317F) AppleWebKit/537.36 (KHTML, like Gecko) Chrome/109.0.0.0 Mobile Safari/537.36" www.sbsc.in 199.79.62.221
157.37.170.53 - - [28/Jan/2023:13:25:37 +0000] "GET /images/banner/11.jpg HTTP/2.0" 200 186118 "https://www.sbsc.in/department_Commerce.php" "Mozilla/5.0 (Linux; Android 12; SM-M317F) AppleWebKit/537.36 (KHTML, like Gecko) Chrome/109.0.0.0 Mobile Safari/537.36" www.sbsc.in 199.79.62.221
157.37.170.53 - - [28/Jan/2023:13:25:38 +0000] "GET /images/banner/12.jpg HTTP/2.0" 200 153729 "https://www.sbsc.in/department_Commerce.php" "Mozilla/5.0 (Linux; Android 12; SM-M317F) AppleWebKit/537.36 (KHTML, like Gecko) Chrome/109.0.0.0 Mobile Safari/537.36" www.sbsc.in 199.79.62.221
157.37.170.53 - - [28/Jan/2023:13:25:40 +0000] "GET /fonts/glyphicons-halflings-regular.woff HTTP/2.0" 200 23320 "https://www.sbsc.in/css/bootstrap.min.css" "Mozilla/5.0 (Linux; Android 12; SM-M317F) AppleWebKit/537.36 (KHTML, like Gecko) Chrome/109.0.0.0 Mobile Safari/537.36" www.sbsc.in 199.79.62.221
157.37.170.53 - - [28/Jan/2023:13:25:41 +0000] "GET /favicon.ico HTTP/1.1" 404 355 "https://www.sbsc.in/department_Commerce.php" "Mozilla/5.0 (Linux; Android 12; SM-M317F) AppleWebKit/537.36 (KHTML, like Gecko) Chrome/109.0.0.0 Mobile Safari/537.36" www.sbsc.in 199.79.62.221
157.37.170.53 - - [28/Jan/2023:13:25:41 +0000] "GET /favicon.ico HTTP/2.0" 404 355 "https://www.sbsc.in/department_Commerce.php" "Mozilla/5.0 (Linux; Android 12; SM-M317F) AppleWebKit/537.36 (KHTML, like Gecko) Chrome/109.0.0.0 Mobile Safari/537.36" www.sbsc.in 199.79.62.221
20.66.20.241 - - [28/Jan/2023:13:25:49 +0000] "GET / HTTP/2.0" 200 45835 "-" "Mozilla/5.0 (Windows NT 10.0; Win64; x64; rv:81.0) Gecko/20100101 Firefox/81.0" www.sbsc.in 199.79.62.221
110.225.80.199 - - [28/Jan/2023:13:26:08 +0000] "GET /department_mathematics.php HTTP/1.1" 200 43021 "https://www.google.com/" "Mozilla/5.0 (Linux; Android 11; RMX1901) AppleWebKit/537.36 (KHTML, like Gecko) Chrome/107.0.0.0 Mobile Safari/537.36" www.sbsc.in 199.79.62.221
110.225.80.199 - - [28/Jan/2023:13:26:08 +0000] "GET /department_mathematics.php HTTP/2.0" 200 43021 "https://www.google.com/" "Mozilla/5.0 (Linux; Android 11; RMX1901) AppleWebKit/537.36 (KHTML, like Gecko) Chrome/107.0.0.0 Mobile Safari/537.36" www.sbsc.in 199.79.62.221
110.225.80.199 - - [28/Jan/2023:13:26:09 +0000] "GET /css/bootstrap.min.css HTTP/2.0" 200 27845 "https://www.sbsc.in/department_mathematics.php" "Mozilla/5.0 (Linux; Android 11; RMX1901) AppleWebKit/537.36 (KHTML, like Gecko) Chrome/107.0.0.0 Mobile Safari/537.36" www.sbsc.in 199.79.62.221
110.225.80.199 - - [28/Jan/2023:13:26:10 +0000] "GET /js/jquery.js HTTP/2.0" 200 42291 "https://www.sbsc.in/department_mathematics.php" "Mozilla/5.0 (Linux; Android 11; RMX1901) AppleWebKit/537.36 (KHTML, like Gecko) Chrome/107.0.0.0 Mobile Safari/537.36" www.sbsc.in 199.79.62.221
110.225.80.199 - - [28/Jan/2023:13:26:10 +0000] "GET /images/logo.png HTTP/2.0" 200 36072 "https://www.sbsc.in/department_mathematics.php" "Mozilla/5.0 (Linux; Android 11; RMX1901) AppleWebKit/537.36 (KHTML, like Gecko) Chrome/107.0.0.0 Mobile Safari/537.36" www.sbsc.in 199.79.62.221
110.225.80.199 - - [28/Jan/2023:13:26:10 +0000] "GET /images/golden-jubilee-logo.png HTTP/2.0" 200 34899 "https://www.sbsc.in/department_mathematics.php" "Mozilla/5.0 (Linux; Android 11; RMX1901) AppleWebKit/537.36 (KHTML, like Gecko) Chrome/107.0.0.0 Mobile Safari/537.36" www.sbsc.in 199.79.62.221
110.225.80.199 - - [28/Jan/2023:13:26:10 +0000] "GET /images/banner/3.jpg HTTP/2.0" 200 207968 "https://www.sbsc.in/department_mathematics.php" "Mozilla/5.0 (Linux; Android 11; RMX1901) AppleWebKit/537.36 (KHTML, like Gecko) Chrome/107.0.0.0 Mobile Safari/537.36" www.sbsc.in 199.79.62.221
110.225.80.199 - - [28/Jan/2023:13:26:10 +0000] "GET /images/banner/1.jpg HTTP/2.0" 200 212471 "https://www.sbsc.in/department_mathematics.php" "Mozilla/5.0 (Linux; Android 11; RMX1901) AppleWebKit/537.36 (KHTML, like Gecko) Chrome/107.0.0.0 Mobile Safari/537.36" www.sbsc.in 199.79.62.221
110.225.80.199 - - [28/Jan/2023:13:26:10 +0000] "GET /images/banner/2.jpg HTTP/2.0" 200 197131 "https://www.sbsc.in/department_mathematics.php" "Mozilla/5.0 (Linux; Android 11; RMX1901) AppleWebKit/537.36 (KHTML, like Gecko) Chrome/107.0.0.0 Mobile Safari/537.36" www.sbsc.in 199.79.62.221
110.225.80.199 - - [28/Jan/2023:13:26:10 +0000] "GET /images/banner/4.jpg HTTP/2.0" 200 172167 "https://www.sbsc.in/department_mathematics.php" "Mozilla/5.0 (Linux; Android 11; RMX1901) AppleWebKit/537.36 (KHTML, like Gecko) Chrome/107.0.0.0 Mobile Safari/537.36" www.sbsc.in 199.79.62.221
1.39.76.93 - - [28/Jan/2023:13:26:25 +0000] "GET /pdf/resources/1586690922_Meaningof_cost_accounting.pdf HTTP/2.0" 404 355 "-" "Mozilla/5.0 (Linux; Android 11; RMX1851) AppleWebKit/537.36 (KHTML, like Gecko) Chrome/94.0.4606.85 Mobile Safari/537.36" www.sbsc.in 199.79.62.221
1.39.76.93 - - [28/Jan/2023:13:26:26 +0000] "GET /favicon.ico HTTP/1.1" 404 355 "https://www.sbsc.in/pdf/resources/1586690922_Meaningof_cost_accounting.pdf" "Mozilla/5.0 (Linux; Android 11; RMX1851) AppleWebKit/537.36 (KHTML, like Gecko) Chrome/94.0.4606.85 Mobile Safari/537.36" www.sbsc.in 199.79.62.221
1.39.76.93 - - [28/Jan/2023:13:26:26 +0000] "GET /favicon.ico HTTP/2.0" 404 355 "https://www.sbsc.in/pdf/resources/1586690922_Meaningof_cost_accounting.pdf" "Mozilla/5.0 (Linux; Android 11; RMX1851) AppleWebKit/537.36 (KHTML, like Gecko) Chrome/94.0.4606.85 Mobile Safari/537.36" www.sbsc.in 199.79.62.221
157.37.170.53 - - [28/Jan/2023:13:26:33 +0000] "GET /images/latest_news.png HTTP/2.0" 200 2953 "https://www.sbsc.in/" "Mozilla/5.0 (Linux; Android 12; SM-M317F) AppleWebKit/537.36 (KHTML, like Gecko) Chrome/109.0.0.0 Mobile Safari/537.36" sbsc.in 199.79.62.221
157.37.170.53 - - [28/Jan/2023:13:26:33 +0000] "GET /images/IMG-20210727-WA0011.jpg HTTP/2.0" 200 154646 "https://www.sbsc.in/" "Mozilla/5.0 (Linux; Android 12; SM-M317F) AppleWebKit/537.36 (KHTML, like Gecko) Chrome/109.0.0.0 Mobile Safari/537.36" www.sbsc.in 199.79.62.221
157.37.170.53 - - [28/Jan/2023:13:26:33 +0000] "GET /images/jubliee-img.jpg HTTP/2.0" 200 88706 "https://www.sbsc.in/" "Mozilla/5.0 (Linux; Android 12; SM-M317F) AppleWebKit/537.36 (KHTML, like Gecko) Chrome/109.0.0.0 Mobile Safari/537.36" www.sbsc.in 199.79.62.221
157.37.170.53 - - [28/Jan/2023:13:26:33 +0000] "GET /images/publication-img.jpg HTTP/2.0" 200 4561 "https://www.sbsc.in/" "Mozilla/5.0 (Linux; Android 12; SM-M317F) AppleWebKit/537.36 (KHTML, like Gecko) Chrome/109.0.0.0 Mobile Safari/537.36" www.sbsc.in 199.79.62.221
157.37.170.53 - - [28/Jan/2023:13:26:33 +0000] "GET /images/Conference.jpg HTTP/2.0" 200 3631 "https://www.sbsc.in/" "Mozilla/5.0 (Linux; Android 12; SM-M317F) AppleWebKit/537.36 (KHTML, like Gecko) Chrome/109.0.0.0 Mobile Safari/537.36" www.sbsc.in 199.79.62.221
157.37.170.53 - - [28/Jan/2023:13:26:33 +0000] "GET /images/event.jpg HTTP/2.0" 200 3517 "https://www.sbsc.in/" "Mozilla/5.0 (Linux; Android 12; SM-M317F) AppleWebKit/537.36 (KHTML, like Gecko) Chrome/109.0.0.0 Mobile Safari/537.36" www.sbsc.in 199.79.62.221
157.37.170.53 - - [28/Jan/2023:13:26:33 +0000] "GET /images/tour-img.jpg HTTP/2.0" 200 65976 "https://www.sbsc.in/" "Mozilla/5.0 (Linux; Android 12; SM-M317F) AppleWebKit/537.36 (KHTML, like Gecko) Chrome/109.0.0.0 Mobile Safari/537.36" www.sbsc.in 199.79.62.221
157.37.170.53 - - [28/Jan/2023:13:26:33 +0000] "GET /images/research-img.jpg HTTP/2.0" 200 3596 "https://www.sbsc.in/" "Mozilla/5.0 (Linux; Android 12; SM-M317F) AppleWebKit/537.36 (KHTML, like Gecko) Chrome/109.0.0.0 Mobile Safari/537.36" www.sbsc.in 199.79.62.221
157.37.170.53 - - [28/Jan/2023:13:26:33 +0000] "GET /images/alumini.jpg HTTP/2.0" 200 50947 "https://www.sbsc.in/" "Mozilla/5.0 (Linux; Android 12; SM-M317F) AppleWebKit/537.36 (KHTML, like Gecko) Chrome/109.0.0.0 Mobile Safari/537.36" www.sbsc.in 199.79.62.221
157.37.170.53 - - [28/Jan/2023:13:26:33 +0000] "GET /images/associations.jpg HTTP/2.0" 200 31703 "https://www.sbsc.in/" "Mozilla/5.0 (Linux; Android 12; SM-M317F) AppleWebKit/537.36 (KHTML, like Gecko) Chrome/109.0.0.0 Mobile Safari/537.36" www.sbsc.in 199.79.62.221
66.249.75.106 - - [28/Jan/2023:13:26:37 +0000] "GET /admission-to-postgradute-course.php HTTP/1.1" 200 5630 "-" "Mozilla/5.0 (Linux; Android 6.0.1; Nexus 5X Build/MMB29P) AppleWebKit/537.36 (KHTML, like Gecko) Chrome/109.0.5414.101 Mobile Safari/537.36 (compatible; Googlebot/2.1; +http://www.google.com/bot.html)" www.sbsc.in 199.79.62.221
66.249.75.106 - - [28/Jan/2023:13:26:37 +0000] "GET /admission-to-postgradute-course.php HTTP/1.1" 200 5630 "-" "Mozilla/5.0 (Linux; Android 6.0.1; Nexus 5X Build/MMB29P) AppleWebKit/537.36 (KHTML, like Gecko) Chrome/109.0.5414.101 Mobile Safari/537.36 (compatible; Googlebot/2.1; +http://www.google.com/bot.html)" www.sbsc.in 199.79.62.221
66.249.75.108 - - [28/Jan/2023:13:26:38 +0000] "GET /css/bootstrap.min.css HTTP/1.1" 200 27845 "https://www.sbsc.in/admission-to-postgradute-course.php" "Mozilla/5.0 (Linux; Android 6.0.1; Nexus 5X Build/MMB29P) AppleWebKit/537.36 (KHTML, like Gecko) Chrome/109.0.5414.101 Mobile Safari/537.36 (compatible; Googlebot/2.1; +http://www.google.com/bot.html)" www.sbsc.in 199.79.62.221
66.249.75.108 - - [28/Jan/2023:13:26:39 +0000] "GET /js/animation-banner.js HTTP/1.1" 200 964 "https://www.sbsc.in/admission-to-postgradute-course.php" "Mozilla/5.0 (Linux; Android 6.0.1; Nexus 5X Build/MMB29P) AppleWebKit/537.36 (KHTML, like Gecko) Chrome/109.0.5414.101 Mobile Safari/537.36 (compatible; Googlebot/2.1; +http://www.google.com/bot.html)" www.sbsc.in 199.79.62.221
66.249.75.110 - - [28/Jan/2023:13:26:40 +0000] "GET /cssmenu/styles.css HTTP/1.1" 200 1905 "https://www.sbsc.in/admission-to-postgradute-course.php" "Mozilla/5.0 (Linux; Android 6.0.1; Nexus 5X Build/MMB29P) AppleWebKit/537.36 (KHTML, like Gecko) Chrome/109.0.5414.101 Mobile Safari/537.36 (compatible; Googlebot/2.1; +http://www.google.com/bot.html)" www.sbsc.in 199.79.62.221
66.249.75.106 - - [28/Jan/2023:13:26:41 +0000] "GET /css/style.css HTTP/1.1" 200 2565 "https://www.sbsc.in/admission-to-postgradute-course.php" "Mozilla/5.0 (Linux; Android 6.0.1; Nexus 5X Build/MMB29P) AppleWebKit/537.36 (KHTML, like Gecko) Chrome/109.0.5414.101 Mobile Safari/537.36 (compatible; Googlebot/2.1; +http://www.google.com/bot.html)" www.sbsc.in 199.79.62.221
66.249.75.108 - - [28/Jan/2023:13:26:41 +0000] "GET /css/style-new.css HTTP/1.1" 200 352 "https://www.sbsc.in/admission-to-postgradute-course.php" "Mozilla/5.0 (Linux; Android 6.0.1; Nexus 5X Build/MMB29P) AppleWebKit/537.36 (KHTML, like Gecko) Chrome/109.0.5414.101 Mobile Safari/537.36 (compatible; Googlebot/2.1; +http://www.google.com/bot.html)" www.sbsc.in 199.79.62.221
66.249.75.106 - - [28/Jan/2023:13:26:42 +0000] "GET /cssmenu/script.js HTTP/1.1" 200 675 "https://www.sbsc.in/admission-to-postgradute-course.php" "Mozilla/5.0 (Linux; Android 6.0.1; Nexus 5X Build/MMB29P) AppleWebKit/537.36 (KHTML, like Gecko) Chrome/109.0.5414.101 Mobile Safari/537.36 (compatible; Googlebot/2.1; +http://www.google.com/bot.html)" www.sbsc.in 199.79.62.221
66.249.75.108 - - [28/Jan/2023:13:26:42 +0000] "GET /paytm.jpg HTTP/1.1" 200 7167 "https://www.sbsc.in/admission-to-postgradute-course.php" "Mozilla/5.0 (Linux; Android 6.0.1; Nexus 5X Build/MMB29P) AppleWebKit/537.36 (KHTML, like Gecko) Chrome/109.0.5414.101 Mobile Safari/537.36 (compatible; Googlebot/2.1; +http://www.google.com/bot.html)" www.sbsc.in 199.79.62.221
66.249.75.108 - - [28/Jan/2023:13:26:43 +0000] "GET /images/email.png HTTP/1.1" 200 1371 "https://www.sbsc.in/admission-to-postgradute-course.php" "Mozilla/5.0 (Linux; Android 6.0.1; Nexus 5X Build/MMB29P) AppleWebKit/537.36 (KHTML, like Gecko) Chrome/109.0.5414.101 Mobile Safari/537.36 (compatible; Googlebot/2.1; +http://www.google.com/bot.html)" www.sbsc.in 199.79.62.221
66.249.75.108 - - [28/Jan/2023:13:26:43 +0000] "GET /images/phone.png HTTP/1.1" 200 1897 "https://www.sbsc.in/admission-to-postgradute-course.php" "Mozilla/5.0 (Linux; Android 6.0.1; Nexus 5X Build/MMB29P) AppleWebKit/537.36 (KHTML, like Gecko) Chrome/109.0.5414.101 Mobile Safari/537.36 (compatible; Googlebot/2.1; +http://www.google.com/bot.html)" www.sbsc.in 199.79.62.221
66.249.75.106 - - [28/Jan/2023:13:26:44 +0000] "GET /images/logo.png HTTP/1.1" 200 36072 "https://www.sbsc.in/admission-to-postgradute-course.php" "Mozilla/5.0 (Linux; Android 6.0.1; Nexus 5X Build/MMB29P) AppleWebKit/537.36 (KHTML, like Gecko) Chrome/109.0.5414.101 Mobile Safari/537.36 (compatible; Googlebot/2.1; +http://www.google.com/bot.html)" www.sbsc.in 199.79.62.221
66.249.75.106 - - [28/Jan/2023:13:26:44 +0000] "GET /images/golden-jubilee-logo.png HTTP/1.1" 200 34899 "https://www.sbsc.in/admission-to-postgradute-course.php" "Mozilla/5.0 (Linux; Android 6.0.1; Nexus 5X Build/MMB29P) AppleWebKit/537.36 (KHTML, like Gecko) Chrome/109.0.5414.101 Mobile Safari/537.36 (compatible; Googlebot/2.1; +http://www.google.com/bot.html)" www.sbsc.in 199.79.62.221
66.249.75.106 - - [28/Jan/2023:13:26:45 +0000] "GET /images/banner_sbsc.jpg HTTP/1.1" 404 355 "https://www.sbsc.in/admission-to-postgradute-course.php" "Mozilla/5.0 (Linux; Android 6.0.1; Nexus 5X Build/MMB29P) AppleWebKit/537.36 (KHTML, like Gecko) Chrome/109.0.5414.101 Mobile Safari/537.36 (compatible; Googlebot/2.1; +http://www.google.com/bot.html)" www.sbsc.in 199.79.62.221
157.37.170.53 - - [28/Jan/2023:13:26:33 +0000] "GET /images/placement1.JPG HTTP/2.0" 200 11070724 "https://www.sbsc.in/" "Mozilla/5.0 (Linux; Android 12; SM-M317F) AppleWebKit/537.36 (KHTML, like Gecko) Chrome/109.0.0.0 Mobile Safari/537.36" www.sbsc.in 199.79.62.221
157.37.170.53 - - [28/Jan/2023:13:26:48 +0000] "GET /department_Commerce.php HTTP/1.1" 200 43944 "https://www.sbsc.in/" "Mozilla/5.0 (Linux; Android 12; SM-M317F) AppleWebKit/537.36 (KHTML, like Gecko) Chrome/109.0.0.0 Mobile Safari/537.36" www.sbsc.in 199.79.62.221
110.225.80.199 - - [28/Jan/2023:13:26:10 +0000] "GET /images/banner/5.jpg HTTP/2.0" 200 170926 "https://www.sbsc.in/department_mathematics.php" "Mozilla/5.0 (Linux; Android 11; RMX1901) AppleWebKit/537.36 (KHTML, like Gecko) Chrome/107.0.0.0 Mobile Safari/537.36" www.sbsc.in 199.79.62.221
110.225.80.199 - - [28/Jan/2023:13:26:10 +0000] "GET /images/banner/6.jpg HTTP/2.0" 200 127037 "https://www.sbsc.in/department_mathematics.php" "Mozilla/5.0 (Linux; Android 11; RMX1901) AppleWebKit/537.36 (KHTML, like Gecko) Chrome/107.0.0.0 Mobile Safari/537.36" www.sbsc.in 199.79.62.221
110.225.80.199 - - [28/Jan/2023:13:26:48 +0000] "GET /view-all.php HTTP/1.1" 200 74210 "https://www.sbsc.in/department_mathematics.php" "Mozilla/5.0 (Linux; Android 11; RMX1901) AppleWebKit/537.36 (KHTML, like Gecko) Chrome/107.0.0.0 Mobile Safari/537.36" www.sbsc.in 199.79.62.221
72.14.201.140 - - [28/Jan/2023:13:26:48 +0000] "GET / HTTP/2.0" 200 45835 "-" "Mozilla/5.0 (Linux; Android 10; K) AppleWebKit/537.36 (KHTML, like Gecko) Chrome/109.0.0.0 Mobile Safari/537.36" www.sbsc.in 199.79.62.221
157.37.170.53 - - [28/Jan/2023:13:26:48 +0000] "GET /department_Commerce.php HTTP/2.0" 200 43944 "https://www.sbsc.in/" "Mozilla/5.0 (Linux; Android 12; SM-M317F) AppleWebKit/537.36 (KHTML, like Gecko) Chrome/109.0.0.0 Mobile Safari/537.36" www.sbsc.in 199.79.62.221
157.37.170.53 - - [28/Jan/2023:13:26:49 +0000] "GET /department_Commerce.php HTTP/2.0" 200 43944 "https://www.sbsc.in/" "Mozilla/5.0 (Linux; Android 12; SM-M317F) AppleWebKit/537.36 (KHTML, like Gecko) Chrome/109.0.0.0 Mobile Safari/537.36" www.sbsc.in 199.79.62.221
157.37.170.53 - - [28/Jan/2023:13:27:02 +0000] "GET /department/commerce HTTP/1.1" 301 248 "https://www.sbsc.in/department_Commerce.php" "Mozilla/5.0 (Linux; Android 12; SM-M317F) AppleWebKit/537.36 (KHTML, like Gecko) Chrome/109.0.0.0 Mobile Safari/537.36" www.sbsc.in 199.79.62.221
157.37.170.53 - - [28/Jan/2023:13:27:02 +0000] "GET /department/commerce HTTP/2.0" 301 248 "https://www.sbsc.in/department_Commerce.php" "Mozilla/5.0 (Linux; Android 12; SM-M317F) AppleWebKit/537.36 (KHTML, like Gecko) Chrome/109.0.0.0 Mobile Safari/537.36" www.sbsc.in 199.79.62.221
157.37.170.53 - - [28/Jan/2023:13:27:03 +0000] "GET /department/commerce/ HTTP/1.1" 403 355 "https://www.sbsc.in/department_Commerce.php" "Mozilla/5.0 (Linux; Android 12; SM-M317F) AppleWebKit/537.36 (KHTML, like Gecko) Chrome/109.0.0.0 Mobile Safari/537.36" www.sbsc.in 199.79.62.221
110.225.80.199 - - [28/Jan/2023:13:26:48 +0000] "GET /fonts/glyphicons-halflings-regular.woff HTTP/2.0" 200 23320 "https://www.sbsc.in/css/bootstrap.min.css" "Mozilla/5.0 (Linux; Android 11; RMX1901) AppleWebKit/537.36 (KHTML, like Gecko) Chrome/107.0.0.0 Mobile Safari/537.36" www.sbsc.in 199.79.62.221
110.225.80.199 - - [28/Jan/2023:13:26:10 +0000] "GET /images/banner/7.jpg HTTP/2.0" 200 179124 "https://www.sbsc.in/department_mathematics.php" "Mozilla/5.0 (Linux; Android 11; RMX1901) AppleWebKit/537.36 (KHTML, like Gecko) Chrome/107.0.0.0 Mobile Safari/537.36" www.sbsc.in 199.79.62.221
110.225.80.199 - - [28/Jan/2023:13:26:48 +0000] "GET /view-all.php HTTP/2.0" 200 74210 "https://www.sbsc.in/department_mathematics.php" "Mozilla/5.0 (Linux; Android 11; RMX1901) AppleWebKit/537.36 (KHTML, like Gecko) Chrome/107.0.0.0 Mobile Safari/537.36" www.sbsc.in 199.79.62.221
110.225.80.199 - - [28/Jan/2023:13:26:10 +0000] "GET /images/banner/8.jpg HTTP/2.0" 200 156850 "https://www.sbsc.in/department_mathematics.php" "Mozilla/5.0 (Linux; Android 11; RMX1901) AppleWebKit/537.36 (KHTML, like Gecko) Chrome/107.0.0.0 Mobile Safari/537.36" www.sbsc.in 199.79.62.221
110.225.80.199 - - [28/Jan/2023:13:26:10 +0000] "GET /images/banner/9.jpg HTTP/2.0" 200 167238 "https://www.sbsc.in/department_mathematics.php" "Mozilla/5.0 (Linux; Android 11; RMX1901) AppleWebKit/537.36 (KHTML, like Gecko) Chrome/107.0.0.0 Mobile Safari/537.36" www.sbsc.in 199.79.62.221
157.37.170.53 - - [28/Jan/2023:13:27:03 +0000] "GET /department/commerce/ HTTP/2.0" 403 355 "https://www.sbsc.in/department_Commerce.php" "Mozilla/5.0 (Linux; Android 12; SM-M317F) AppleWebKit/537.36 (KHTML, like Gecko) Chrome/109.0.0.0 Mobile Safari/537.36" www.sbsc.in 199.79.62.221
110.225.80.199 - - [28/Jan/2023:13:26:10 +0000] "GET /images/banner/10.jpg HTTP/2.0" 200 211781 "https://www.sbsc.in/department_mathematics.php" "Mozilla/5.0 (Linux; Android 11; RMX1901) AppleWebKit/537.36 (KHTML, like Gecko) Chrome/107.0.0.0 Mobile Safari/537.36" www.sbsc.in 199.79.62.221
110.225.80.199 - - [28/Jan/2023:13:26:10 +0000] "GET /images/banner/11.jpg HTTP/2.0" 200 186118 "https://www.sbsc.in/department_mathematics.php" "Mozilla/5.0 (Linux; Android 11; RMX1901) AppleWebKit/537.36 (KHTML, like Gecko) Chrome/107.0.0.0 Mobile Safari/537.36" www.sbsc.in 199.79.62.221
110.225.80.199 - - [28/Jan/2023:13:26:10 +0000] "GET /images/banner/12.jpg HTTP/2.0" 200 153729 "https://www.sbsc.in/department_mathematics.php" "Mozilla/5.0 (Linux; Android 11; RMX1901) AppleWebKit/537.36 (KHTML, like Gecko) Chrome/107.0.0.0 Mobile Safari/537.36" www.sbsc.in 199.79.62.221
110.225.80.199 - - [28/Jan/2023:13:27:18 +0000] "GET /view-all.php HTTP/2.0" 200 7910 "https://www.sbsc.in/department_mathematics.php" "Mozilla/5.0 (Linux; Android 11; RMX1901) AppleWebKit/537.36 (KHTML, like Gecko) Chrome/107.0.0.0 Mobile Safari/537.36" www.sbsc.in 199.79.62.221
110.225.80.199 - - [28/Jan/2023:13:27:18 +0000] "GET /view-all.php HTTP/2.0" 200 7910 "https://www.sbsc.in/department_mathematics.php" "Mozilla/5.0 (Linux; Android 11; RMX1901) AppleWebKit/537.36 (KHTML, like Gecko) Chrome/107.0.0.0 Mobile Safari/537.36" www.sbsc.in 199.79.62.221
114.119.151.17 - - [28/Jan/2023:13:27:20 +0000] "GET /pdf/resources/1585922802_Comparitive_and_Commonsize-_Lecture_3.ppt HTTP/1.1" 406 226 "https://www.sbsc.in/e-data.php?Teacher=86&Dep=10" "Mozilla/5.0 (Linux; Android 7.0;) AppleWebKit/537.36 (KHTML, like Gecko) Mobile Safari/537.36 (compatible; PetalBot;+https://webmaster.petalsearch.com/site/petalbot)" www.sbsc.in 199.79.62.221
110.225.80.199 - - [28/Jan/2023:13:27:21 +0000] "GET / HTTP/2.0" 200 45835 "https://www.google.com/" "Mozilla/5.0 (Linux; Android 11; RMX1901) AppleWebKit/537.36 (KHTML, like Gecko) Chrome/107.0.0.0 Mobile Safari/537.36" www.sbsc.in 199.79.62.221
1.39.76.93 - - [28/Jan/2023:13:27:22 +0000] "GET /pdf/resources/1586690922_Meaningof_cost_accounting.pdf HTTP/2.0" 404 355 "-" "Mozilla/5.0 (Linux; Android 11; RMX1851) AppleWebKit/537.36 (KHTML, like Gecko) Chrome/94.0.4606.85 Mobile Safari/537.36" www.sbsc.in 199.79.62.221
1.39.76.93 - - [28/Jan/2023:13:27:32 +0000] "GET /pdf/resources/1586690922_Meaningof_cost_accounting.pdf HTTP/2.0" 404 355 "-" "Mozilla/5.0 (Linux; Android 11; RMX1851) AppleWebKit/537.36 (KHTML, like Gecko) Chrome/94.0.4606.85 Mobile Safari/537.36" www.sbsc.in 199.79.62.221
66.249.75.108 - - [28/Jan/2023:13:27:36 +0000] "GET /uploads/pdf/1674017100_CWC_Leaflet_compressed.pdf HTTP/1.1" 200 150275 "-" "Mozilla/5.0 (compatible; Googlebot/2.1; +http://www.google.com/bot.html)" www.sbsc.in 199.79.62.221
157.37.170.53 - - [28/Jan/2023:13:27:57 +0000] "GET /department/commerce/ HTTP/1.1" 403 355 "https://www.sbsc.in/department_Commerce.php" "Mozilla/5.0 (Linux; Android 12; SM-M317F) AppleWebKit/537.36 (KHTML, like Gecko) Chrome/109.0.0.0 Mobile Safari/537.36" www.sbsc.in 199.79.62.221
157.37.170.53 - - [28/Jan/2023:13:27:57 +0000] "GET /department/commerce/ HTTP/2.0" 403 355 "https://www.sbsc.in/department_Commerce.php" "Mozilla/5.0 (Linux; Android 12; SM-M317F) AppleWebKit/537.36 (KHTML, like Gecko) Chrome/109.0.0.0 Mobile Safari/537.36" www.sbsc.in 199.79.62.221
66.249.75.110 - - [28/Jan/2023:13:28:04 +0000] "GET /resources.php HTTP/1.1" 200 44446 "-" "Mozilla/5.0 (Linux; Android 6.0.1; Nexus 5X Build/MMB29P) AppleWebKit/537.36 (KHTML, like Gecko) Chrome/109.0.5414.101 Mobile Safari/537.36 (compatible; Googlebot/2.1; +http://www.google.com/bot.html)" www.sbsc.in 199.79.62.221
66.249.75.110 - - [28/Jan/2023:13:28:04 +0000] "GET /resources.php HTTP/1.1" 200 44446 "-" "Mozilla/5.0 (Linux; Android 6.0.1; Nexus 5X Build/MMB29P) AppleWebKit/537.36 (KHTML, like Gecko) Chrome/109.0.5414.101 Mobile Safari/537.36 (compatible; Googlebot/2.1; +http://www.google.com/bot.html)" www.sbsc.in 199.79.62.221
66.249.75.110 - - [28/Jan/2023:13:28:07 +0000] "GET /images/libraryimages/2.jpg HTTP/1.1" 200 35789 "https://www.sbsc.in/resources.php" "Mozilla/5.0 (Linux; Android 6.0.1; Nexus 5X Build/MMB29P) AppleWebKit/537.36 (KHTML, like Gecko) Chrome/109.0.5414.101 Mobile Safari/537.36 (compatible; Googlebot/2.1; +http://www.google.com/bot.html)" www.sbsc.in 199.79.62.221
66.249.75.106 - - [28/Jan/2023:13:28:08 +0000] "GET /images/libraryimages/1.jpg HTTP/1.1" 200 26125 "https://www.sbsc.in/resources.php" "Mozilla/5.0 (Linux; Android 6.0.1; Nexus 5X Build/MMB29P) AppleWebKit/537.36 (KHTML, like Gecko) Chrome/109.0.5414.101 Mobile Safari/537.36 (compatible; Googlebot/2.1; +http://www.google.com/bot.html)" www.sbsc.in 199.79.62.221
66.249.75.108 - - [28/Jan/2023:13:28:08 +0000] "GET /images/libraryimages/3.jpg HTTP/1.1" 200 46147 "https://www.sbsc.in/resources.php" "Mozilla/5.0 (Linux; Android 6.0.1; Nexus 5X Build/MMB29P) AppleWebKit/537.36 (KHTML, like Gecko) Chrome/109.0.5414.101 Mobile Safari/537.36 (compatible; Googlebot/2.1; +http://www.google.com/bot.html)" www.sbsc.in 199.79.62.221
66.249.75.106 - - [28/Jan/2023:13:28:10 +0000] "GET /images/Online-Resources.jpg HTTP/1.1" 200 33896 "https://www.sbsc.in/resources.php" "Mozilla/5.0 (Linux; Android 6.0.1; Nexus 5X Build/MMB29P) AppleWebKit/537.36 (KHTML, like Gecko) Chrome/109.0.5414.101 Mobile Safari/537.36 (compatible; Googlebot/2.1; +http://www.google.com/bot.html)" www.sbsc.in 199.79.62.221
66.249.75.108 - - [28/Jan/2023:13:28:11 +0000] "GET /images/Academic-Resource.jpg HTTP/1.1" 200 48110 "https://www.sbsc.in/resources.php" "Mozilla/5.0 (Linux; Android 6.0.1; Nexus 5X Build/MMB29P) AppleWebKit/537.36 (KHTML, like Gecko) Chrome/109.0.5414.101 Mobile Safari/537.36 (compatible; Googlebot/2.1; +http://www.google.com/bot.html)" www.sbsc.in 199.79.62.221
202.173.124.43 - - [28/Jan/2023:13:25:03 +0000] "GET /images/placement1.JPG HTTP/2.0" 200 81639 "https://www.sbsc.in/" "Mozilla/5.0 (Linux; Android 12; SM-M317F) AppleWebKit/537.36 (KHTML, like Gecko) Chrome/109.0.0.0 Mobile Safari/537.36" www.sbsc.in 199.79.62.221
66.249.75.106 - - [28/Jan/2023:13:28:23 +0000] "GET /internal_assessment.php/pdf/department_political_science.php HTTP/1.1" 200 43991 "-" "Mozilla/5.0 (Linux; Android 6.0.1; Nexus 5X Build/MMB29P) AppleWebKit/537.36 (KHTML, like Gecko) Chrome/109.0.5414.101 Mobile Safari/537.36 (compatible; Googlebot/2.1; +http://www.google.com/bot.html)" www.sbsc.in 199.79.62.221
66.249.75.106 - - [28/Jan/2023:13:28:23 +0000] "GET /internal_assessment.php/pdf/department_political_science.php HTTP/1.1" 200 43991 "-" "Mozilla/5.0 (Linux; Android 6.0.1; Nexus 5X Build/MMB29P) AppleWebKit/537.36 (KHTML, like Gecko) Chrome/109.0.5414.101 Mobile Safari/537.36 (compatible; Googlebot/2.1; +http://www.google.com/bot.html)" www.sbsc.in 199.79.62.221
202.173.124.43 - - [28/Jan/2023:13:25:03 +0000] "GET /fonts/glyphicons-halflings-regular.woff HTTP/2.0" 200 23320 "https://www.sbsc.in/css/bootstrap.min.css" "Mozilla/5.0 (Linux; Android 12; SM-M317F) AppleWebKit/537.36 (KHTML, like Gecko) Chrome/109.0.0.0 Mobile Safari/537.36" www.sbsc.in 199.79.62.221
202.173.124.43 - - [28/Jan/2023:13:25:03 +0000] "GET /images/latest_news.png HTTP/2.0" 200 2953 "https://www.sbsc.in/" "Mozilla/5.0 (Linux; Android 12; SM-M317F) AppleWebKit/537.36 (KHTML, like Gecko) Chrome/109.0.0.0 Mobile Safari/537.36" sbsc.in 199.79.62.221
202.173.124.43 - - [28/Jan/2023:13:25:03 +0000] "GET /images/Conference.jpg HTTP/2.0" 200 3631 "https://www.sbsc.in/" "Mozilla/5.0 (Linux; Android 12; SM-M317F) AppleWebKit/537.36 (KHTML, like Gecko) Chrome/109.0.0.0 Mobile Safari/537.36" www.sbsc.in 199.79.62.221
202.173.124.43 - - [28/Jan/2023:13:25:03 +0000] "GET /images/publication-img.jpg HTTP/2.0" 200 4561 "https://www.sbsc.in/" "Mozilla/5.0 (Linux; Android 12; SM-M317F) AppleWebKit/537.36 (KHTML, like Gecko) Chrome/109.0.0.0 Mobile Safari/537.36" www.sbsc.in 199.79.62.221
202.173.124.43 - - [28/Jan/2023:13:25:03 +0000] "GET /images/research-img.jpg HTTP/2.0" 200 3596 "https://www.sbsc.in/" "Mozilla/5.0 (Linux; Android 12; SM-M317F) AppleWebKit/537.36 (KHTML, like Gecko) Chrome/109.0.0.0 Mobile Safari/537.36" www.sbsc.in 199.79.62.221
202.173.124.43 - - [28/Jan/2023:13:25:03 +0000] "GET /images/event.jpg HTTP/2.0" 200 3517 "https://www.sbsc.in/" "Mozilla/5.0 (Linux; Android 12; SM-M317F) AppleWebKit/537.36 (KHTML, like Gecko) Chrome/109.0.0.0 Mobile Safari/537.36" www.sbsc.in 199.79.62.221
202.173.124.43 - - [28/Jan/2023:13:25:03 +0000] "GET /images/IMG-20210727-WA0011.jpg HTTP/2.0" 200 154646 "https://www.sbsc.in/" "Mozilla/5.0 (Linux; Android 12; SM-M317F) AppleWebKit/537.36 (KHTML, like Gecko) Chrome/109.0.0.0 Mobile Safari/537.36" www.sbsc.in 199.79.62.221
202.173.124.43 - - [28/Jan/2023:13:25:03 +0000] "GET /images/tour-img.jpg HTTP/2.0" 200 65976 "https://www.sbsc.in/" "Mozilla/5.0 (Linux; Android 12; SM-M317F) AppleWebKit/537.36 (KHTML, like Gecko) Chrome/109.0.0.0 Mobile Safari/537.36" www.sbsc.in 199.79.62.221
202.173.124.43 - - [28/Jan/2023:13:25:03 +0000] "GET /images/associations.jpg HTTP/2.0" 200 31703 "https://www.sbsc.in/" "Mozilla/5.0 (Linux; Android 12; SM-M317F) AppleWebKit/537.36 (KHTML, like Gecko) Chrome/109.0.0.0 Mobile Safari/537.36" www.sbsc.in 199.79.62.221
202.173.124.43 - - [28/Jan/2023:13:25:03 +0000] "GET /images/alumini.jpg HTTP/2.0" 200 50947 "https://www.sbsc.in/" "Mozilla/5.0 (Linux; Android 12; SM-M317F) AppleWebKit/537.36 (KHTML, like Gecko) Chrome/109.0.0.0 Mobile Safari/537.36" www.sbsc.in 199.79.62.221
202.173.124.43 - - [28/Jan/2023:13:25:03 +0000] "GET /images/jubliee-img.jpg HTTP/2.0" 200 88706 "https://www.sbsc.in/" "Mozilla/5.0 (Linux; Android 12; SM-M317F) AppleWebKit/537.36 (KHTML, like Gecko) Chrome/109.0.0.0 Mobile Safari/537.36" www.sbsc.in 199.79.62.221
202.173.124.43 - - [28/Jan/2023:13:25:03 +0000] "GET /images/banner/12.jpg HTTP/2.0" 200 153729 "https://www.sbsc.in/" "Mozilla/5.0 (Linux; Android 12; SM-M317F) AppleWebKit/537.36 (KHTML, like Gecko) Chrome/109.0.0.0 Mobile Safari/537.36" www.sbsc.in 199.79.62.221
202.173.124.43 - - [28/Jan/2023:13:25:03 +0000] "GET /images/banner/11.jpg HTTP/2.0" 200 186118 "https://www.sbsc.in/" "Mozilla/5.0 (Linux; Android 12; SM-M317F) AppleWebKit/537.36 (KHTML, like Gecko) Chrome/109.0.0.0 Mobile Safari/537.36" www.sbsc.in 199.79.62.221
202.173.124.43 - - [28/Jan/2023:13:25:03 +0000] "GET /images/banner/10.jpg HTTP/2.0" 200 211781 "https://www.sbsc.in/" "Mozilla/5.0 (Linux; Android 12; SM-M317F) AppleWebKit/537.36 (KHTML, like Gecko) Chrome/109.0.0.0 Mobile Safari/537.36" www.sbsc.in 199.79.62.221
202.173.124.43 - - [28/Jan/2023:13:25:03 +0000] "GET /images/banner/9.jpg HTTP/2.0" 200 167238 "https://www.sbsc.in/" "Mozilla/5.0 (Linux; Android 12; SM-M317F) AppleWebKit/537.36 (KHTML, like Gecko) Chrome/109.0.0.0 Mobile Safari/537.36" www.sbsc.in 199.79.62.221
202.173.124.43 - - [28/Jan/2023:13:25:03 +0000] "GET /images/banner/8.jpg HTTP/2.0" 200 156850 "https://www.sbsc.in/" "Mozilla/5.0 (Linux; Android 12; SM-M317F) AppleWebKit/537.36 (KHTML, like Gecko) Chrome/109.0.0.0 Mobile Safari/537.36" www.sbsc.in 199.79.62.221
202.173.124.43 - - [28/Jan/2023:13:25:03 +0000] "GET /images/banner/7.jpg HTTP/2.0" 200 179124 "https://www.sbsc.in/" "Mozilla/5.0 (Linux; Android 12; SM-M317F) AppleWebKit/537.36 (KHTML, like Gecko) Chrome/109.0.0.0 Mobile Safari/537.36" www.sbsc.in 199.79.62.221
202.173.124.43 - - [28/Jan/2023:13:25:03 +0000] "GET /images/banner/6.jpg HTTP/2.0" 200 127037 "https://www.sbsc.in/" "Mozilla/5.0 (Linux; Android 12; SM-M317F) AppleWebKit/537.36 (KHTML, like Gecko) Chrome/109.0.0.0 Mobile Safari/537.36" www.sbsc.in 199.79.62.221
202.173.124.43 - - [28/Jan/2023:13:25:03 +0000] "GET /images/banner/5.jpg HTTP/2.0" 200 170926 "https://www.sbsc.in/" "Mozilla/5.0 (Linux; Android 12; SM-M317F) AppleWebKit/537.36 (KHTML, like Gecko) Chrome/109.0.0.0 Mobile Safari/537.36" www.sbsc.in 199.79.62.221
202.173.124.43 - - [28/Jan/2023:13:25:03 +0000] "GET /images/banner/4.jpg HTTP/2.0" 200 172167 "https://www.sbsc.in/" "Mozilla/5.0 (Linux; Android 12; SM-M317F) AppleWebKit/537.36 (KHTML, like Gecko) Chrome/109.0.0.0 Mobile Safari/537.36" www.sbsc.in 199.79.62.221
202.173.124.43 - - [28/Jan/2023:13:25:03 +0000] "GET /images/banner/3.jpg HTTP/2.0" 200 207968 "https://www.sbsc.in/" "Mozilla/5.0 (Linux; Android 12; SM-M317F) AppleWebKit/537.36 (KHTML, like Gecko) Chrome/109.0.0.0 Mobile Safari/537.36" www.sbsc.in 199.79.62.221
202.173.124.43 - - [28/Jan/2023:13:25:03 +0000] "GET /images/banner/2.jpg HTTP/2.0" 200 197131 "https://www.sbsc.in/" "Mozilla/5.0 (Linux; Android 12; SM-M317F) AppleWebKit/537.36 (KHTML, like Gecko) Chrome/109.0.0.0 Mobile Safari/537.36" www.sbsc.in 199.79.62.221
110.225.80.199 - - [28/Jan/2023:13:29:13 +0000] "GET / HTTP/2.0" 200 45835 "https://www.google.com/" "Mozilla/5.0 (Linux; Android 11; RMX1901) AppleWebKit/537.36 (KHTML, like Gecko) Chrome/107.0.0.0 Mobile Safari/537.36" www.sbsc.in 199.79.62.221
193.186.4.140 - - [28/Jan/2023:13:29:19 +0000] "GET / HTTP/2.0" 200 45835 "-" "Mozilla/5.0 (Linux; Android 10; K) AppleWebKit/537.36 (KHTML, like Gecko) Chrome/109.0.0.0 Mobile Safari/537.36" www.sbsc.in 199.79.62.221
66.249.75.106 - - [28/Jan/2023:13:29:22 +0000] "GET /academic_calendar.php HTTP/1.1" 200 42764 "-" "Mozilla/5.0 (Linux; Android 6.0.1; Nexus 5X Build/MMB29P) AppleWebKit/537.36 (KHTML, like Gecko) Chrome/109.0.5414.101 Mobile Safari/537.36 (compatible; Googlebot/2.1; +http://www.google.com/bot.html)" www.sbsc.in 199.79.62.221
66.249.75.106 - - [28/Jan/2023:13:29:22 +0000] "GET /academic_calendar.php HTTP/1.1" 200 42764 "-" "Mozilla/5.0 (Linux; Android 6.0.1; Nexus 5X Build/MMB29P) AppleWebKit/537.36 (KHTML, like Gecko) Chrome/109.0.5414.101 Mobile Safari/537.36 (compatible; Googlebot/2.1; +http://www.google.com/bot.html)" www.sbsc.in 199.79.62.221
20.108.114.63 - - [28/Jan/2023:13:29:24 +0000] "GET /view-all.php HTTP/2.0" 200 74210 "-" "Mozilla/5.0 (Windows NT 10.0; Win64; x64; rv:81.0) Gecko/20100101 Firefox/81.0" www.sbsc.in 199.79.62.221
157.55.39.26 - - [28/Jan/2023:13:29:33 +0000] "GET /attendance.php/uploads/pdf/1609592836_B.Sc._(Hons.)_Mathematics_3rd_Year.pdf HTTP/2.0" 200 42385 "-" "Mozilla/5.0 AppleWebKit/537.36 (KHTML, like Gecko; compatible; bingbot/2.0; +http://www.bing.com/bingbot.htm) Chrome/103.0.5060.134 Safari/537.36" www.sbsc.in 199.79.62.221
72.14.201.136 - - [28/Jan/2023:13:29:46 +0000] "GET /Eco-Environment.php HTTP/1.1" 200 43958 "-" "Mozilla/5.0 (Linux; Android 10; K) AppleWebKit/537.36 (KHTML, like Gecko) Chrome/109.0.0.0 Mobile Safari/537.36" www.sbsc.in 199.79.62.221
72.14.201.136 - - [28/Jan/2023:13:29:46 +0000] "GET /Eco-Environment.php HTTP/2.0" 200 43958 "-" "Mozilla/5.0 (Linux; Android 10; K) AppleWebKit/537.36 (KHTML, like Gecko) Chrome/109.0.0.0 Mobile Safari/537.36" www.sbsc.in 199.79.62.221
110.225.80.199 - - [28/Jan/2023:13:30:05 +0000] "GET / HTTP/1.1" 200 45835 "-" "Mozilla/5.0 (X11; Linux x86_64) AppleWebKit/537.36 (KHTML, like Gecko) Chrome/107.0.0.0 Safari/537.36" www.sbsc.in 199.79.62.221
66.249.75.108 - - [28/Jan/2023:13:30:05 +0000] "GET /pdf/resources/1587968834_Imperfect_Competition_Part4.pdf HTTP/1.1" 404 355 "-" "Mozilla/5.0 (compatible; Googlebot/2.1; +http://www.google.com/bot.html)" www.sbsc.in 199.79.62.221
110.225.80.199 - - [28/Jan/2023:13:30:05 +0000] "GET / HTTP/2.0" 200 45835 "-" "Mozilla/5.0 (X11; Linux x86_64) AppleWebKit/537.36 (KHTML, like Gecko) Chrome/107.0.0.0 Safari/537.36" www.sbsc.in 199.79.62.221
110.225.80.199 - - [28/Jan/2023:13:30:07 +0000] "GET /images/alumini.jpg HTTP/2.0" 200 50947 "https://www.sbsc.in/" "Mozilla/5.0 (X11; Linux x86_64) AppleWebKit/537.36 (KHTML, like Gecko) Chrome/107.0.0.0 Safari/537.36" www.sbsc.in 199.79.62.221
110.225.80.199 - - [28/Jan/2023:13:30:07 +0000] "GET /images/associations.jpg HTTP/2.0" 200 31703 "https://www.sbsc.in/" "Mozilla/5.0 (X11; Linux x86_64) AppleWebKit/537.36 (KHTML, like Gecko) Chrome/107.0.0.0 Safari/537.36" www.sbsc.in 199.79.62.221
110.225.80.199 - - [28/Jan/2023:13:30:07 +0000] "GET /images/jubliee-img.jpg HTTP/2.0" 200 88706 "https://www.sbsc.in/" "Mozilla/5.0 (X11; Linux x86_64) AppleWebKit/537.36 (KHTML, like Gecko) Chrome/107.0.0.0 Safari/537.36" www.sbsc.in 199.79.62.221
110.225.80.199 - - [28/Jan/2023:13:30:07 +0000] "GET /images/banner/11.jpg HTTP/2.0" 200 186118 "https://www.sbsc.in/" "Mozilla/5.0 (X11; Linux x86_64) AppleWebKit/537.36 (KHTML, like Gecko) Chrome/107.0.0.0 Safari/537.36" www.sbsc.in 199.79.62.221
66.249.75.185 - - [28/Jan/2023:13:30:31 +0000] "GET /uploads/pdf/1626947681_Geography.pdf HTTP/1.1" 304 - "-" "Mozilla/5.0 (Linux; Android 6.0.1; Nexus 5X Build/MMB29P) AppleWebKit/537.36 (KHTML, like Gecko) Chrome/109.0.5414.101 Mobile Safari/537.36 (compatible; Googlebot/2.1; +http://www.google.com/bot.html)" sbsc.in 199.79.62.221
66.249.75.108 - - [28/Jan/2023:13:30:45 +0000] "GET /ncc.php HTTP/1.1" 200 44626 "-" "Mozilla/5.0 (Linux; Android 6.0.1; Nexus 5X Build/MMB29P) AppleWebKit/537.36 (KHTML, like Gecko) Chrome/109.0.5414.101 Mobile Safari/537.36 (compatible; Googlebot/2.1; +http://www.google.com/bot.html)" www.sbsc.in 199.79.62.221
66.249.75.108 - - [28/Jan/2023:13:30:44 +0000] "GET /ncc.php HTTP/1.1" 200 44626 "-" "Mozilla/5.0 (Linux; Android 6.0.1; Nexus 5X Build/MMB29P) AppleWebKit/537.36 (KHTML, like Gecko) Chrome/109.0.5414.101 Mobile Safari/537.36 (compatible; Googlebot/2.1; +http://www.google.com/bot.html)" www.sbsc.in 199.79.62.221
66.249.75.108 - - [28/Jan/2023:13:30:46 +0000] "GET /images/ncc/1.jpg HTTP/1.1" 200 71267 "https://www.sbsc.in/ncc.php" "Mozilla/5.0 (Linux; Android 6.0.1; Nexus 5X Build/MMB29P) AppleWebKit/537.36 (KHTML, like Gecko) Chrome/109.0.5414.101 Mobile Safari/537.36 (compatible; Googlebot/2.1; +http://www.google.com/bot.html)" www.sbsc.in 199.79.62.221
106.195.38.114 - - [28/Jan/2023:13:30:46 +0000] "GET / HTTP/2.0" 200 45835 "https://www.google.com/" "Mozilla/5.0 (Linux; Android 10; Redmi 8A Dual) AppleWebKit/537.36 (KHTML, like Gecko) Chrome/107.0.0.0 Mobile Safari/537.36" www.sbsc.in 199.79.62.221
66.249.75.108 - - [28/Jan/2023:13:30:47 +0000] "GET /images/ncc/2.jpg HTTP/1.1" 200 61138 "https://www.sbsc.in/ncc.php" "Mozilla/5.0 (Linux; Android 6.0.1; Nexus 5X Build/MMB29P) AppleWebKit/537.36 (KHTML, like Gecko) Chrome/109.0.5414.101 Mobile Safari/537.36 (compatible; Googlebot/2.1; +http://www.google.com/bot.html)" www.sbsc.in 199.79.62.221
66.249.75.106 - - [28/Jan/2023:13:30:47 +0000] "GET /images/ncc/3.jpg HTTP/1.1" 200 73858 "https://www.sbsc.in/ncc.php" "Mozilla/5.0 (Linux; Android 6.0.1; Nexus 5X Build/MMB29P) AppleWebKit/537.36 (KHTML, like Gecko) Chrome/109.0.5414.101 Mobile Safari/537.36 (compatible; Googlebot/2.1; +http://www.google.com/bot.html)" www.sbsc.in 199.79.62.221
20.254.156.227 - - [28/Jan/2023:13:30:49 +0000] "GET / HTTP/2.0" 200 45835 "-" "Mozilla/5.0 (Windows NT 10.0; Win64; x64; rv:81.0) Gecko/20100101 Firefox/81.0" www.sbsc.in 199.79.62.221
66.249.75.106 - - [28/Jan/2023:13:30:52 +0000] "GET /images/ncc/4.jpg HTTP/1.1" 200 53222 "https://www.sbsc.in/ncc.php" "Mozilla/5.0 (Linux; Android 6.0.1; Nexus 5X Build/MMB29P) AppleWebKit/537.36 (KHTML, like Gecko) Chrome/109.0.5414.101 Mobile Safari/537.36 (compatible; Googlebot/2.1; +http://www.google.com/bot.html)" www.sbsc.in 199.79.62.221
66.249.75.106 - - [28/Jan/2023:13:30:52 +0000] "GET /images/ncc/5.jpg HTTP/1.1" 200 58309 "https://www.sbsc.in/ncc.php" "Mozilla/5.0 (Linux; Android 6.0.1; Nexus 5X Build/MMB29P) AppleWebKit/537.36 (KHTML, like Gecko) Chrome/109.0.5414.101 Mobile Safari/537.36 (compatible; Googlebot/2.1; +http://www.google.com/bot.html)" www.sbsc.in 199.79.62.221
66.249.75.106 - - [28/Jan/2023:13:30:53 +0000] "GET /images/ncc/6.jpg HTTP/1.1" 200 74550 "https://www.sbsc.in/ncc.php" "Mozilla/5.0 (Linux; Android 6.0.1; Nexus 5X Build/MMB29P) AppleWebKit/537.36 (KHTML, like Gecko) Chrome/109.0.5414.101 Mobile Safari/537.36 (compatible; Googlebot/2.1; +http://www.google.com/bot.html)" www.sbsc.in 199.79.62.221
66.249.75.106 - - [28/Jan/2023:13:30:53 +0000] "GET /images/ncc/7.jpg HTTP/1.1" 200 57916 "https://www.sbsc.in/ncc.php" "Mozilla/5.0 (Linux; Android 6.0.1; Nexus 5X Build/MMB29P) AppleWebKit/537.36 (KHTML, like Gecko) Chrome/109.0.5414.101 Mobile Safari/537.36 (compatible; Googlebot/2.1; +http://www.google.com/bot.html)" www.sbsc.in 199.79.62.221
66.249.75.106 - - [28/Jan/2023:13:30:54 +0000] "GET /images/ncc/8.jpg HTTP/1.1" 200 70076 "https://www.sbsc.in/ncc.php" "Mozilla/5.0 (Linux; Android 6.0.1; Nexus 5X Build/MMB29P) AppleWebKit/537.36 (KHTML, like Gecko) Chrome/109.0.5414.101 Mobile Safari/537.36 (compatible; Googlebot/2.1; +http://www.google.com/bot.html)" www.sbsc.in 199.79.62.221
66.249.75.106 - - [28/Jan/2023:13:30:56 +0000] "GET /images/ncc/9.jpg HTTP/1.1" 200 61236 "https://www.sbsc.in/ncc.php" "Mozilla/5.0 (Linux; Android 6.0.1; Nexus 5X Build/MMB29P) AppleWebKit/537.36 (KHTML, like Gecko) Chrome/109.0.5414.101 Mobile Safari/537.36 (compatible; Googlebot/2.1; +http://www.google.com/bot.html)" www.sbsc.in 199.79.62.221
66.249.75.106 - - [28/Jan/2023:13:30:58 +0000] "GET /images/ncc/10.jpg HTTP/1.1" 200 67029 "https://www.sbsc.in/ncc.php" "Mozilla/5.0 (Linux; Android 6.0.1; Nexus 5X Build/MMB29P) AppleWebKit/537.36 (KHTML, like Gecko) Chrome/109.0.5414.101 Mobile Safari/537.36 (compatible; Googlebot/2.1; +http://www.google.com/bot.html)" www.sbsc.in 199.79.62.221
66.249.75.106 - - [28/Jan/2023:13:30:59 +0000] "GET /images/ncc/11.jpg HTTP/1.1" 404 355 "https://www.sbsc.in/ncc.php" "Mozilla/5.0 (Linux; Android 6.0.1; Nexus 5X Build/MMB29P) AppleWebKit/537.36 (KHTML, like Gecko) Chrome/109.0.5414.101 Mobile Safari/537.36 (compatible; Googlebot/2.1; +http://www.google.com/bot.html)" www.sbsc.in 199.79.62.221
