122.161.48.9 - - [28/Jan/2023:12:23:12 +0000] "GET /cssmenu/script.js HTTP/2.0" 200 675 "https://www.sbsc.in/" "Mozilla/5.0 (Linux; Android 11; GM1901) AppleWebKit/537.36 (KHTML, like Gecko) Chrome/109.0.0.0 Mobile Safari/537.36" www.sbsc.in 199.79.62.221
122.161.48.9 - - [28/Jan/2023:12:23:12 +0000] "GET /js/animation-banner.js HTTP/2.0" 200 964 "https://www.sbsc.in/" "Mozilla/5.0 (Linux; Android 11; GM1901) AppleWebKit/537.36 (KHTML, like Gecko) Chrome/109.0.0.0 Mobile Safari/537.36" www.sbsc.in 199.79.62.221
122.161.48.9 - - [28/Jan/2023:12:23:12 +0000] "GET /css/bootstrap.min.css HTTP/2.0" 200 27845 "https://www.sbsc.in/" "Mozilla/5.0 (Linux; Android 11; GM1901) AppleWebKit/537.36 (KHTML, like Gecko) Chrome/109.0.0.0 Mobile Safari/537.36" www.sbsc.in 199.79.62.221
122.161.48.9 - - [28/Jan/2023:12:23:17 +0000] "GET /js/jquery.js HTTP/2.0" 200 42291 "https://www.sbsc.in/" "Mozilla/5.0 (Linux; Android 11; GM1901) AppleWebKit/537.36 (KHTML, like Gecko) Chrome/109.0.0.0 Mobile Safari/537.36" www.sbsc.in 199.79.62.221
122.161.48.9 - - [28/Jan/2023:12:23:22 +0000] "GET /js/bootstrap.min.js HTTP/2.0" 200 13505 "https://www.sbsc.in/" "Mozilla/5.0 (Linux; Android 11; GM1901) AppleWebKit/537.36 (KHTML, like Gecko) Chrome/109.0.0.0 Mobile Safari/537.36" www.sbsc.in 199.79.62.221
122.161.48.9 - - [28/Jan/2023:12:23:22 +0000] "GET /paytm.jpg HTTP/2.0" 200 7167 "https://www.sbsc.in/" "Mozilla/5.0 (Linux; Android 11; GM1901) AppleWebKit/537.36 (KHTML, like Gecko) Chrome/109.0.0.0 Mobile Safari/537.36" www.sbsc.in 199.79.62.221
122.161.48.9 - - [28/Jan/2023:12:23:22 +0000] "GET /images/email.png HTTP/2.0" 200 1371 "https://www.sbsc.in/" "Mozilla/5.0 (Linux; Android 11; GM1901) AppleWebKit/537.36 (KHTML, like Gecko) Chrome/109.0.0.0 Mobile Safari/537.36" www.sbsc.in 199.79.62.221
122.161.48.9 - - [28/Jan/2023:12:23:22 +0000] "GET /images/phone.png HTTP/2.0" 200 1897 "https://www.sbsc.in/" "Mozilla/5.0 (Linux; Android 11; GM1901) AppleWebKit/537.36 (KHTML, like Gecko) Chrome/109.0.0.0 Mobile Safari/537.36" www.sbsc.in 199.79.62.221
122.161.48.9 - - [28/Jan/2023:12:23:22 +0000] "GET /images/logo.png HTTP/2.0" 200 36072 "https://www.sbsc.in/" "Mozilla/5.0 (Linux; Android 11; GM1901) AppleWebKit/537.36 (KHTML, like Gecko) Chrome/109.0.0.0 Mobile Safari/537.36" www.sbsc.in 199.79.62.221
193.186.4.139 - - [28/Jan/2023:12:23:26 +0000] "GET /Eco-Environment.php HTTP/1.1" 200 43958 "-" "Mozilla/5.0 (Linux; Android 10; K) AppleWebKit/537.36 (KHTML, like Gecko) Chrome/109.0.0.0 Mobile Safari/537.36" www.sbsc.in 199.79.62.221
193.186.4.139 - - [28/Jan/2023:12:23:26 +0000] "GET /Eco-Environment.php HTTP/2.0" 200 43958 "-" "Mozilla/5.0 (Linux; Android 10; K) AppleWebKit/537.36 (KHTML, like Gecko) Chrome/109.0.0.0 Mobile Safari/537.36" www.sbsc.in 199.79.62.221
114.79.7.70 - - [28/Jan/2023:12:23:25 +0000] "GET /pdf/resources/1587116055_cost_buget1.pdf HTTP/2.0" 404 355 "https://www.google.com/" "Mozilla/5.0 (Linux; Android 11; SM-A105G) AppleWebKit/537.36 (KHTML, like Gecko) Chrome/106.0.0.0 Mobile Safari/537.36" www.sbsc.in 199.79.62.221
122.161.48.9 - - [28/Jan/2023:12:23:22 +0000] "GET /images/golden-jubilee-logo.png HTTP/2.0" 200 34899 "https://www.sbsc.in/" "Mozilla/5.0 (Linux; Android 11; GM1901) AppleWebKit/537.36 (KHTML, like Gecko) Chrome/109.0.0.0 Mobile Safari/537.36" www.sbsc.in 199.79.62.221
122.161.48.9 - - [28/Jan/2023:12:23:22 +0000] "GET /images/symbol.jpg HTTP/2.0" 200 781 "https://www.sbsc.in/" "Mozilla/5.0 (Linux; Android 11; GM1901) AppleWebKit/537.36 (KHTML, like Gecko) Chrome/109.0.0.0 Mobile Safari/537.36" www.sbsc.in 199.79.62.221
122.161.48.9 - - [28/Jan/2023:12:23:22 +0000] "GET /images/new.gif HTTP/2.0" 200 2455 "https://www.sbsc.in/" "Mozilla/5.0 (Linux; Android 11; GM1901) AppleWebKit/537.36 (KHTML, like Gecko) Chrome/109.0.0.0 Mobile Safari/537.36" www.sbsc.in 199.79.62.221
122.161.48.9 - - [28/Jan/2023:12:23:27 +0000] "GET /images/banner/3.jpg HTTP/2.0" 200 207968 "https://www.sbsc.in/" "Mozilla/5.0 (Linux; Android 11; GM1901) AppleWebKit/537.36 (KHTML, like Gecko) Chrome/109.0.0.0 Mobile Safari/537.36" www.sbsc.in 199.79.62.221
49.204.126.23 - - [28/Jan/2023:12:23:51 +0000] "GET /pdf/resources/1588428256_custom_valuation.pdf HTTP/2.0" 404 355 "https://www.google.com/" "Mozilla/5.0 (Windows NT 10.0; Win64; x64) AppleWebKit/537.36 (KHTML, like Gecko) Chrome/109.0.0.0 Safari/537.36" www.sbsc.in 199.79.62.221
49.204.126.23 - - [28/Jan/2023:12:23:51 +0000] "GET /favicon.ico HTTP/1.1" 404 355 "https://www.sbsc.in/pdf/resources/1588428256_custom_valuation.pdf" "Mozilla/5.0 (Windows NT 10.0; Win64; x64) AppleWebKit/537.36 (KHTML, like Gecko) Chrome/109.0.0.0 Safari/537.36" www.sbsc.in 199.79.62.221
122.161.48.9 - - [28/Jan/2023:12:23:27 +0000] "GET /fonts/glyphicons-halflings-regular.woff HTTP/2.0" 200 23320 "https://www.sbsc.in/css/bootstrap.min.css" "Mozilla/5.0 (Linux; Android 11; GM1901) AppleWebKit/537.36 (KHTML, like Gecko) Chrome/109.0.0.0 Mobile Safari/537.36" www.sbsc.in 199.79.62.221
122.161.48.9 - - [28/Jan/2023:12:23:27 +0000] "GET /images/banner/1.jpg HTTP/2.0" 200 212471 "https://www.sbsc.in/" "Mozilla/5.0 (Linux; Android 11; GM1901) AppleWebKit/537.36 (KHTML, like Gecko) Chrome/109.0.0.0 Mobile Safari/537.36" www.sbsc.in 199.79.62.221
49.204.126.23 - - [28/Jan/2023:12:23:51 +0000] "GET /favicon.ico HTTP/2.0" 404 355 "https://www.sbsc.in/pdf/resources/1588428256_custom_valuation.pdf" "Mozilla/5.0 (Windows NT 10.0; Win64; x64) AppleWebKit/537.36 (KHTML, like Gecko) Chrome/109.0.0.0 Safari/537.36" www.sbsc.in 199.79.62.221
122.161.48.9 - - [28/Jan/2023:12:23:27 +0000] "GET /images/banner/2.jpg HTTP/2.0" 200 197131 "https://www.sbsc.in/" "Mozilla/5.0 (Linux; Android 11; GM1901) AppleWebKit/537.36 (KHTML, like Gecko) Chrome/109.0.0.0 Mobile Safari/537.36" www.sbsc.in 199.79.62.221
122.161.48.9 - - [28/Jan/2023:12:23:27 +0000] "GET /images/banner/4.jpg HTTP/2.0" 200 172167 "https://www.sbsc.in/" "Mozilla/5.0 (Linux; Android 11; GM1901) AppleWebKit/537.36 (KHTML, like Gecko) Chrome/109.0.0.0 Mobile Safari/537.36" www.sbsc.in 199.79.62.221
122.161.48.9 - - [28/Jan/2023:12:23:27 +0000] "GET /images/placement1.JPG HTTP/2.0" 200 81639 "https://www.sbsc.in/" "Mozilla/5.0 (Linux; Android 11; GM1901) AppleWebKit/537.36 (KHTML, like Gecko) Chrome/109.0.0.0 Mobile Safari/537.36" www.sbsc.in 199.79.62.221
122.161.48.9 - - [28/Jan/2023:12:23:27 +0000] "GET /images/latest_news.png HTTP/2.0" 200 2953 "https://www.sbsc.in/" "Mozilla/5.0 (Linux; Android 11; GM1901) AppleWebKit/537.36 (KHTML, like Gecko) Chrome/109.0.0.0 Mobile Safari/537.36" sbsc.in 199.79.62.221
122.161.48.9 - - [28/Jan/2023:12:23:27 +0000] "GET /images/Conference.jpg HTTP/2.0" 200 3631 "https://www.sbsc.in/" "Mozilla/5.0 (Linux; Android 11; GM1901) AppleWebKit/537.36 (KHTML, like Gecko) Chrome/109.0.0.0 Mobile Safari/537.36" www.sbsc.in 199.79.62.221
122.161.48.9 - - [28/Jan/2023:12:23:27 +0000] "GET /images/publication-img.jpg HTTP/2.0" 200 4561 "https://www.sbsc.in/" "Mozilla/5.0 (Linux; Android 11; GM1901) AppleWebKit/537.36 (KHTML, like Gecko) Chrome/109.0.0.0 Mobile Safari/537.36" www.sbsc.in 199.79.62.221
122.161.48.9 - - [28/Jan/2023:12:23:27 +0000] "GET /images/research-img.jpg HTTP/2.0" 200 3596 "https://www.sbsc.in/" "Mozilla/5.0 (Linux; Android 11; GM1901) AppleWebKit/537.36 (KHTML, like Gecko) Chrome/109.0.0.0 Mobile Safari/537.36" www.sbsc.in 199.79.62.221
122.161.48.9 - - [28/Jan/2023:12:23:27 +0000] "GET /images/event.jpg HTTP/2.0" 200 3517 "https://www.sbsc.in/" "Mozilla/5.0 (Linux; Android 11; GM1901) AppleWebKit/537.36 (KHTML, like Gecko) Chrome/109.0.0.0 Mobile Safari/537.36" www.sbsc.in 199.79.62.221
122.161.48.9 - - [28/Jan/2023:12:23:27 +0000] "GET /images/IMG-20210727-WA0011.jpg HTTP/2.0" 200 154646 "https://www.sbsc.in/" "Mozilla/5.0 (Linux; Android 11; GM1901) AppleWebKit/537.36 (KHTML, like Gecko) Chrome/109.0.0.0 Mobile Safari/537.36" www.sbsc.in 199.79.62.221
122.161.48.9 - - [28/Jan/2023:12:23:27 +0000] "GET /images/tour-img.jpg HTTP/2.0" 200 65976 "https://www.sbsc.in/" "Mozilla/5.0 (Linux; Android 11; GM1901) AppleWebKit/537.36 (KHTML, like Gecko) Chrome/109.0.0.0 Mobile Safari/537.36" www.sbsc.in 199.79.62.221
122.161.48.9 - - [28/Jan/2023:12:23:27 +0000] "GET /images/associations.jpg HTTP/2.0" 200 31703 "https://www.sbsc.in/" "Mozilla/5.0 (Linux; Android 11; GM1901) AppleWebKit/537.36 (KHTML, like Gecko) Chrome/109.0.0.0 Mobile Safari/537.36" www.sbsc.in 199.79.62.221
122.161.48.9 - - [28/Jan/2023:12:23:27 +0000] "GET /images/alumini.jpg HTTP/2.0" 200 50947 "https://www.sbsc.in/" "Mozilla/5.0 (Linux; Android 11; GM1901) AppleWebKit/537.36 (KHTML, like Gecko) Chrome/109.0.0.0 Mobile Safari/537.36" www.sbsc.in 199.79.62.221
122.161.48.9 - - [28/Jan/2023:12:23:27 +0000] "GET /images/jubliee-img.jpg HTTP/2.0" 200 88706 "https://www.sbsc.in/" "Mozilla/5.0 (Linux; Android 11; GM1901) AppleWebKit/537.36 (KHTML, like Gecko) Chrome/109.0.0.0 Mobile Safari/537.36" www.sbsc.in 199.79.62.221
122.161.48.9 - - [28/Jan/2023:12:23:27 +0000] "GET /images/banner/12.jpg HTTP/2.0" 200 153729 "https://www.sbsc.in/" "Mozilla/5.0 (Linux; Android 11; GM1901) AppleWebKit/537.36 (KHTML, like Gecko) Chrome/109.0.0.0 Mobile Safari/537.36" www.sbsc.in 199.79.62.221
122.161.48.9 - - [28/Jan/2023:12:23:27 +0000] "GET /images/banner/11.jpg HTTP/2.0" 200 186118 "https://www.sbsc.in/" "Mozilla/5.0 (Linux; Android 11; GM1901) AppleWebKit/537.36 (KHTML, like Gecko) Chrome/109.0.0.0 Mobile Safari/537.36" www.sbsc.in 199.79.62.221
122.161.48.9 - - [28/Jan/2023:12:23:27 +0000] "GET /images/banner/10.jpg HTTP/2.0" 200 211781 "https://www.sbsc.in/" "Mozilla/5.0 (Linux; Android 11; GM1901) AppleWebKit/537.36 (KHTML, like Gecko) Chrome/109.0.0.0 Mobile Safari/537.36" www.sbsc.in 199.79.62.221
122.161.48.9 - - [28/Jan/2023:12:23:27 +0000] "GET /images/banner/9.jpg HTTP/2.0" 200 167238 "https://www.sbsc.in/" "Mozilla/5.0 (Linux; Android 11; GM1901) AppleWebKit/537.36 (KHTML, like Gecko) Chrome/109.0.0.0 Mobile Safari/537.36" www.sbsc.in 199.79.62.221
122.161.48.9 - - [28/Jan/2023:12:23:27 +0000] "GET /images/banner/8.jpg HTTP/2.0" 200 156850 "https://www.sbsc.in/" "Mozilla/5.0 (Linux; Android 11; GM1901) AppleWebKit/537.36 (KHTML, like Gecko) Chrome/109.0.0.0 Mobile Safari/537.36" www.sbsc.in 199.79.62.221
122.161.48.9 - - [28/Jan/2023:12:23:27 +0000] "GET /images/banner/7.jpg HTTP/2.0" 200 179124 "https://www.sbsc.in/" "Mozilla/5.0 (Linux; Android 11; GM1901) AppleWebKit/537.36 (KHTML, like Gecko) Chrome/109.0.0.0 Mobile Safari/537.36" www.sbsc.in 199.79.62.221
122.161.48.9 - - [28/Jan/2023:12:23:27 +0000] "GET /images/banner/6.jpg HTTP/2.0" 200 127037 "https://www.sbsc.in/" "Mozilla/5.0 (Linux; Android 11; GM1901) AppleWebKit/537.36 (KHTML, like Gecko) Chrome/109.0.0.0 Mobile Safari/537.36" www.sbsc.in 199.79.62.221
122.161.48.9 - - [28/Jan/2023:12:23:27 +0000] "GET /images/banner/5.jpg HTTP/2.0" 200 170926 "https://www.sbsc.in/" "Mozilla/5.0 (Linux; Android 11; GM1901) AppleWebKit/537.36 (KHTML, like Gecko) Chrome/109.0.0.0 Mobile Safari/537.36" www.sbsc.in 199.79.62.221
46.175.147.20 - - [28/Jan/2023:12:23:56 +0000] "GET /.env HTTP/1.1" 406 226 "-" "python-requests/2.28.2" cpanel.sbsc.in 199.79.62.221
122.161.48.9 - - [28/Jan/2023:12:24:00 +0000] "GET /view-all.php HTTP/1.1" 200 74210 "https://www.sbsc.in/" "Mozilla/5.0 (Linux; Android 11; GM1901) AppleWebKit/537.36 (KHTML, like Gecko) Chrome/109.0.0.0 Mobile Safari/537.36" www.sbsc.in 199.79.62.221
122.161.48.9 - - [28/Jan/2023:12:24:00 +0000] "GET /view-all.php HTTP/2.0" 200 74210 "https://www.sbsc.in/" "Mozilla/5.0 (Linux; Android 11; GM1901) AppleWebKit/537.36 (KHTML, like Gecko) Chrome/109.0.0.0 Mobile Safari/537.36" www.sbsc.in 199.79.62.221
122.161.48.9 - - [28/Jan/2023:12:24:02 +0000] "GET /images/banner/6.jpg HTTP/2.0" 200 127037 "https://www.sbsc.in/view-all.php" "Mozilla/5.0 (Linux; Android 11; GM1901) AppleWebKit/537.36 (KHTML, like Gecko) Chrome/109.0.0.0 Mobile Safari/537.36" www.sbsc.in 199.79.62.221
122.161.48.9 - - [28/Jan/2023:12:24:06 +0000] "GET /images/banner/7.jpg HTTP/2.0" 200 179124 "https://www.sbsc.in/view-all.php" "Mozilla/5.0 (Linux; Android 11; GM1901) AppleWebKit/537.36 (KHTML, like Gecko) Chrome/109.0.0.0 Mobile Safari/537.36" www.sbsc.in 199.79.62.221
66.249.75.106 - - [28/Jan/2023:12:24:10 +0000] "GET /internal_assessment.php/uploads/pdf/website_management.php HTTP/1.1" 200 43991 "-" "Mozilla/5.0 (Linux; Android 6.0.1; Nexus 5X Build/MMB29P) AppleWebKit/537.36 (KHTML, like Gecko) Chrome/109.0.5414.101 Mobile Safari/537.36 (compatible; Googlebot/2.1; +http://www.google.com/bot.html)" www.sbsc.in 199.79.62.221
66.249.75.106 - - [28/Jan/2023:12:24:10 +0000] "GET /internal_assessment.php/uploads/pdf/website_management.php HTTP/1.1" 200 43991 "-" "Mozilla/5.0 (Linux; Android 6.0.1; Nexus 5X Build/MMB29P) AppleWebKit/537.36 (KHTML, like Gecko) Chrome/109.0.5414.101 Mobile Safari/537.36 (compatible; Googlebot/2.1; +http://www.google.com/bot.html)" www.sbsc.in 199.79.62.221
122.161.48.9 - - [28/Jan/2023:12:24:07 +0000] "GET /images/banner/5.jpg HTTP/2.0" 206 1 "https://www.sbsc.in/view-all.php" "Mozilla/5.0 (Linux; Android 11; GM1901) AppleWebKit/537.36 (KHTML, like Gecko) Chrome/109.0.0.0 Mobile Safari/537.36" www.sbsc.in 199.79.62.221
122.161.48.9 - - [28/Jan/2023:12:24:07 +0000] "GET /images/banner/8.jpg HTTP/2.0" 200 156850 "https://www.sbsc.in/view-all.php" "Mozilla/5.0 (Linux; Android 11; GM1901) AppleWebKit/537.36 (KHTML, like Gecko) Chrome/109.0.0.0 Mobile Safari/537.36" www.sbsc.in 199.79.62.221
122.161.48.9 - - [28/Jan/2023:12:24:07 +0000] "GET /images/banner/4.jpg HTTP/2.0" 206 1 "https://www.sbsc.in/view-all.php" "Mozilla/5.0 (Linux; Android 11; GM1901) AppleWebKit/537.36 (KHTML, like Gecko) Chrome/109.0.0.0 Mobile Safari/537.36" www.sbsc.in 199.79.62.221
122.161.48.9 - - [28/Jan/2023:12:24:07 +0000] "GET /images/banner/9.jpg HTTP/2.0" 200 167238 "https://www.sbsc.in/view-all.php" "Mozilla/5.0 (Linux; Android 11; GM1901) AppleWebKit/537.36 (KHTML, like Gecko) Chrome/109.0.0.0 Mobile Safari/537.36" www.sbsc.in 199.79.62.221
157.38.199.191 - - [28/Jan/2023:12:24:16 +0000] "GET /uploads/pdf/1609233550_New_Income_for_PMS_OBC.jpg HTTP/2.0" 200 2060446 "https://www.google.com/" "Mozilla/5.0 (Linux; Android 8.1.0; vivo 1814) AppleWebKit/537.36 (KHTML, like Gecko) Chrome/70.0.3538.110 Mobile Safari/537.36" www.sbsc.in 199.79.62.221
51.142.155.236 - - [28/Jan/2023:12:24:25 +0000] "GET /view-all.php HTTP/2.0" 200 74210 "-" "Mozilla/5.0 (Windows NT 10.0; Win64; x64; rv:81.0) Gecko/20100101 Firefox/81.0" www.sbsc.in 199.79.62.221
122.161.48.9 - - [28/Jan/2023:12:24:07 +0000] "GET /images/banner/10.jpg HTTP/2.0" 200 211781 "https://www.sbsc.in/view-all.php" "Mozilla/5.0 (Linux; Android 11; GM1901) AppleWebKit/537.36 (KHTML, like Gecko) Chrome/109.0.0.0 Mobile Safari/537.36" www.sbsc.in 199.79.62.221
122.161.48.9 - - [28/Jan/2023:12:24:07 +0000] "GET /images/banner/11.jpg HTTP/2.0" 200 186118 "https://www.sbsc.in/view-all.php" "Mozilla/5.0 (Linux; Android 11; GM1901) AppleWebKit/537.36 (KHTML, like Gecko) Chrome/109.0.0.0 Mobile Safari/537.36" www.sbsc.in 199.79.62.221
122.161.48.9 - - [28/Jan/2023:12:24:26 +0000] "GET /images/banner/5.jpg HTTP/2.0" 206 89051 "https://www.sbsc.in/view-all.php" "Mozilla/5.0 (Linux; Android 11; GM1901) AppleWebKit/537.36 (KHTML, like Gecko) Chrome/109.0.0.0 Mobile Safari/537.36" www.sbsc.in 199.79.62.221
122.161.48.9 - - [28/Jan/2023:12:24:26 +0000] "GET /images/banner/4.jpg HTTP/2.0" 206 8417 "https://www.sbsc.in/view-all.php" "Mozilla/5.0 (Linux; Android 11; GM1901) AppleWebKit/537.36 (KHTML, like Gecko) Chrome/109.0.0.0 Mobile Safari/537.36" www.sbsc.in 199.79.62.221
122.161.48.9 - - [28/Jan/2023:12:24:07 +0000] "GET /images/banner/12.jpg HTTP/2.0" 200 153729 "https://www.sbsc.in/view-all.php" "Mozilla/5.0 (Linux; Android 11; GM1901) AppleWebKit/537.36 (KHTML, like Gecko) Chrome/109.0.0.0 Mobile Safari/537.36" www.sbsc.in 199.79.62.221
122.161.48.9 - - [28/Jan/2023:12:24:34 +0000] "GET / HTTP/2.0" 200 45835 "https://www.google.com/" "Mozilla/5.0 (Linux; Android 11; GM1901) AppleWebKit/537.36 (KHTML, like Gecko) Chrome/109.0.0.0 Mobile Safari/537.36" www.sbsc.in 199.79.62.221
122.161.48.9 - - [28/Jan/2023:12:24:35 +0000] "GET /images/latest_news.png HTTP/2.0" 200 2953 "https://www.sbsc.in/" "Mozilla/5.0 (Linux; Android 11; GM1901) AppleWebKit/537.36 (KHTML, like Gecko) Chrome/109.0.0.0 Mobile Safari/537.36" sbsc.in 199.79.62.221
122.161.48.9 - - [28/Jan/2023:12:24:35 +0000] "GET /images/jubliee-img.jpg HTTP/2.0" 200 88706 "https://www.sbsc.in/" "Mozilla/5.0 (Linux; Android 11; GM1901) AppleWebKit/537.36 (KHTML, like Gecko) Chrome/109.0.0.0 Mobile Safari/537.36" www.sbsc.in 199.79.62.221
122.161.48.9 - - [28/Jan/2023:12:24:35 +0000] "GET /images/associations.jpg HTTP/2.0" 200 31703 "https://www.sbsc.in/" "Mozilla/5.0 (Linux; Android 11; GM1901) AppleWebKit/537.36 (KHTML, like Gecko) Chrome/109.0.0.0 Mobile Safari/537.36" www.sbsc.in 199.79.62.221
122.161.48.9 - - [28/Jan/2023:12:24:35 +0000] "GET /images/tour-img.jpg HTTP/2.0" 200 65976 "https://www.sbsc.in/" "Mozilla/5.0 (Linux; Android 11; GM1901) AppleWebKit/537.36 (KHTML, like Gecko) Chrome/109.0.0.0 Mobile Safari/537.36" www.sbsc.in 199.79.62.221
122.161.48.9 - - [28/Jan/2023:12:24:35 +0000] "GET /images/IMG-20210727-WA0011.jpg HTTP/2.0" 200 154646 "https://www.sbsc.in/" "Mozilla/5.0 (Linux; Android 11; GM1901) AppleWebKit/537.36 (KHTML, like Gecko) Chrome/109.0.0.0 Mobile Safari/537.36" www.sbsc.in 199.79.62.221
122.161.48.9 - - [28/Jan/2023:12:24:35 +0000] "GET /images/event.jpg HTTP/2.0" 200 3517 "https://www.sbsc.in/" "Mozilla/5.0 (Linux; Android 11; GM1901) AppleWebKit/537.36 (KHTML, like Gecko) Chrome/109.0.0.0 Mobile Safari/537.36" www.sbsc.in 199.79.62.221
122.161.48.9 - - [28/Jan/2023:12:24:35 +0000] "GET /images/research-img.jpg HTTP/2.0" 200 3596 "https://www.sbsc.in/" "Mozilla/5.0 (Linux; Android 11; GM1901) AppleWebKit/537.36 (KHTML, like Gecko) Chrome/109.0.0.0 Mobile Safari/537.36" www.sbsc.in 199.79.62.221
122.161.48.9 - - [28/Jan/2023:12:24:35 +0000] "GET /images/publication-img.jpg HTTP/2.0" 200 4561 "https://www.sbsc.in/" "Mozilla/5.0 (Linux; Android 11; GM1901) AppleWebKit/537.36 (KHTML, like Gecko) Chrome/109.0.0.0 Mobile Safari/537.36" www.sbsc.in 199.79.62.221
122.161.48.9 - - [28/Jan/2023:12:24:35 +0000] "GET /images/alumini.jpg HTTP/2.0" 200 50947 "https://www.sbsc.in/" "Mozilla/5.0 (Linux; Android 11; GM1901) AppleWebKit/537.36 (KHTML, like Gecko) Chrome/109.0.0.0 Mobile Safari/537.36" www.sbsc.in 199.79.62.221
122.161.48.9 - - [28/Jan/2023:12:24:39 +0000] "GET /favicon.ico HTTP/1.1" 404 355 "https://www.sbsc.in/" "Mozilla/5.0 (Linux; Android 11; GM1901) AppleWebKit/537.36 (KHTML, like Gecko) Chrome/109.0.0.0 Mobile Safari/537.36" www.sbsc.in 199.79.62.221
122.161.48.9 - - [28/Jan/2023:12:24:39 +0000] "GET /favicon.ico HTTP/2.0" 404 355 "https://www.sbsc.in/" "Mozilla/5.0 (Linux; Android 11; GM1901) AppleWebKit/537.36 (KHTML, like Gecko) Chrome/109.0.0.0 Mobile Safari/537.36" www.sbsc.in 199.79.62.221
122.161.48.9 - - [28/Jan/2023:12:24:39 +0000] "GET /images/Conference.jpg HTTP/2.0" 200 3631 "https://www.sbsc.in/" "Mozilla/5.0 (Linux; Android 11; GM1901) AppleWebKit/537.36 (KHTML, like Gecko) Chrome/109.0.0.0 Mobile Safari/537.36" www.sbsc.in 199.79.62.221
46.175.147.20 - - [28/Jan/2023:12:24:52 +0000] "GET /.env HTTP/1.1" 406 226 "-" "python-requests/2.28.2" cpcontacts.sbsc.in 199.79.62.221
122.161.48.9 - - [28/Jan/2023:12:24:35 +0000] "GET /images/placement1.JPG HTTP/2.0" 200 11070724 "https://www.sbsc.in/" "Mozilla/5.0 (Linux; Android 11; GM1901) AppleWebKit/537.36 (KHTML, like Gecko) Chrome/109.0.0.0 Mobile Safari/537.36" www.sbsc.in 199.79.62.221
122.161.48.9 - - [28/Jan/2023:12:25:30 +0000] "GET /favicon.ico HTTP/1.1" 404 355 "https://www.sbsc.in/" "Mozilla/5.0 (Linux; Android 11; GM1901) AppleWebKit/537.36 (KHTML, like Gecko) Chrome/109.0.0.0 Mobile Safari/537.36" www.sbsc.in 199.79.62.221
114.79.7.70 - - [28/Jan/2023:12:25:30 +0000] "GET /pdf/resources/1587116055_cost_buget1.pdf HTTP/2.0" 404 355 "https://www.google.com/" "Mozilla/5.0 (Linux; Android 11; SM-A105G) AppleWebKit/537.36 (KHTML, like Gecko) Chrome/106.0.0.0 Mobile Safari/537.36" www.sbsc.in 199.79.62.221
122.161.48.9 - - [28/Jan/2023:12:25:30 +0000] "GET /favicon.ico HTTP/2.0" 404 355 "https://www.sbsc.in/" "Mozilla/5.0 (Linux; Android 11; GM1901) AppleWebKit/537.36 (KHTML, like Gecko) Chrome/109.0.0.0 Mobile Safari/537.36" www.sbsc.in 199.79.62.221
72.14.201.140 - - [28/Jan/2023:12:25:41 +0000] "GET / HTTP/2.0" 200 45835 "-" "Mozilla/5.0 (Linux; Android 10; K) AppleWebKit/537.36 (KHTML, like Gecko) Chrome/109.0.0.0 Mobile Safari/537.36" www.sbsc.in 199.79.62.221
20.254.138.37 - - [28/Jan/2023:12:25:48 +0000] "GET / HTTP/2.0" 200 45835 "-" "Mozilla/5.0 (Windows NT 10.0; Win64; x64; rv:81.0) Gecko/20100101 Firefox/81.0" www.sbsc.in 199.79.62.221
46.175.147.20 - - [28/Jan/2023:12:25:51 +0000] "GET /.env HTTP/1.1" 406 226 "-" "python-requests/2.28.2" sbsc.in 199.79.62.221
122.161.48.9 - - [28/Jan/2023:12:25:51 +0000] "GET /alumni-association.php HTTP/1.1" 200 44026 "https://www.sbsc.in/" "Mozilla/5.0 (Linux; Android 11; GM1901) AppleWebKit/537.36 (KHTML, like Gecko) Chrome/109.0.0.0 Mobile Safari/537.36" www.sbsc.in 199.79.62.221
122.161.48.9 - - [28/Jan/2023:12:25:51 +0000] "GET /alumni-association.php HTTP/2.0" 200 44026 "https://www.sbsc.in/" "Mozilla/5.0 (Linux; Android 11; GM1901) AppleWebKit/537.36 (KHTML, like Gecko) Chrome/109.0.0.0 Mobile Safari/537.36" www.sbsc.in 199.79.62.221
103.214.60.81 - - [28/Jan/2023:12:25:54 +0000] "GET /css/style-new.css HTTP/2.0" 200 352 "https://www.sbsc.in/" "Mozilla/5.0 (Linux; Android 9; vivo 1902) AppleWebKit/537.36 (KHTML, like Gecko) Chrome/109.0.0.0 Mobile Safari/537.36" www.sbsc.in 199.79.62.221
103.214.60.81 - - [28/Jan/2023:12:25:54 +0000] "GET /cssmenu/styles.css HTTP/2.0" 200 1905 "https://www.sbsc.in/" "Mozilla/5.0 (Linux; Android 9; vivo 1902) AppleWebKit/537.36 (KHTML, like Gecko) Chrome/109.0.0.0 Mobile Safari/537.36" www.sbsc.in 199.79.62.221
103.214.60.81 - - [28/Jan/2023:12:25:54 +0000] "GET /css/style.css HTTP/2.0" 200 2565 "https://www.sbsc.in/" "Mozilla/5.0 (Linux; Android 9; vivo 1902) AppleWebKit/537.36 (KHTML, like Gecko) Chrome/109.0.0.0 Mobile Safari/537.36" www.sbsc.in 199.79.62.221
103.214.60.81 - - [28/Jan/2023:12:25:54 +0000] "GET /js/animation-banner.js HTTP/2.0" 200 964 "https://www.sbsc.in/" "Mozilla/5.0 (Linux; Android 9; vivo 1902) AppleWebKit/537.36 (KHTML, like Gecko) Chrome/109.0.0.0 Mobile Safari/537.36" www.sbsc.in 199.79.62.221
103.214.60.81 - - [28/Jan/2023:12:25:54 +0000] "GET /cssmenu/script.js HTTP/2.0" 200 675 "https://www.sbsc.in/" "Mozilla/5.0 (Linux; Android 9; vivo 1902) AppleWebKit/537.36 (KHTML, like Gecko) Chrome/109.0.0.0 Mobile Safari/537.36" www.sbsc.in 199.79.62.221
103.214.60.81 - - [28/Jan/2023:12:25:54 +0000] "GET /css/bootstrap.min.css HTTP/2.0" 200 27845 "https://www.sbsc.in/" "Mozilla/5.0 (Linux; Android 9; vivo 1902) AppleWebKit/537.36 (KHTML, like Gecko) Chrome/109.0.0.0 Mobile Safari/537.36" www.sbsc.in 199.79.62.221
122.161.48.9 - - [28/Jan/2023:12:25:55 +0000] "GET /images/alumini3.jpg HTTP/2.0" 200 72774 "https://www.sbsc.in/alumni-association.php" "Mozilla/5.0 (Linux; Android 11; GM1901) AppleWebKit/537.36 (KHTML, like Gecko) Chrome/109.0.0.0 Mobile Safari/537.36" www.sbsc.in 199.79.62.221
103.214.60.81 - - [28/Jan/2023:12:25:55 +0000] "GET /js/jquery.js HTTP/2.0" 200 42291 "https://www.sbsc.in/" "Mozilla/5.0 (Linux; Android 9; vivo 1902) AppleWebKit/537.36 (KHTML, like Gecko) Chrome/109.0.0.0 Mobile Safari/537.36" www.sbsc.in 199.79.62.221
103.214.60.81 - - [28/Jan/2023:12:25:55 +0000] "GET /js/bootstrap.min.js HTTP/2.0" 200 13505 "https://www.sbsc.in/" "Mozilla/5.0 (Linux; Android 9; vivo 1902) AppleWebKit/537.36 (KHTML, like Gecko) Chrome/109.0.0.0 Mobile Safari/537.36" www.sbsc.in 199.79.62.221
103.214.60.81 - - [28/Jan/2023:12:25:55 +0000] "GET /paytm.jpg HTTP/2.0" 200 7167 "https://www.sbsc.in/" "Mozilla/5.0 (Linux; Android 9; vivo 1902) AppleWebKit/537.36 (KHTML, like Gecko) Chrome/109.0.0.0 Mobile Safari/537.36" www.sbsc.in 199.79.62.221
103.214.60.81 - - [28/Jan/2023:12:25:55 +0000] "GET /images/phone.png HTTP/2.0" 200 1897 "https://www.sbsc.in/" "Mozilla/5.0 (Linux; Android 9; vivo 1902) AppleWebKit/537.36 (KHTML, like Gecko) Chrome/109.0.0.0 Mobile Safari/537.36" www.sbsc.in 199.79.62.221
103.214.60.81 - - [28/Jan/2023:12:25:55 +0000] "GET /images/logo.png HTTP/2.0" 200 36072 "https://www.sbsc.in/" "Mozilla/5.0 (Linux; Android 9; vivo 1902) AppleWebKit/537.36 (KHTML, like Gecko) Chrome/109.0.0.0 Mobile Safari/537.36" www.sbsc.in 199.79.62.221
103.214.60.81 - - [28/Jan/2023:12:25:55 +0000] "GET /images/email.png HTTP/2.0" 200 1371 "https://www.sbsc.in/" "Mozilla/5.0 (Linux; Android 9; vivo 1902) AppleWebKit/537.36 (KHTML, like Gecko) Chrome/109.0.0.0 Mobile Safari/537.36" www.sbsc.in 199.79.62.221
103.214.60.81 - - [28/Jan/2023:12:25:55 +0000] "GET /images/banner/1.jpg HTTP/2.0" 200 212471 "https://www.sbsc.in/" "Mozilla/5.0 (Linux; Android 9; vivo 1902) AppleWebKit/537.36 (KHTML, like Gecko) Chrome/109.0.0.0 Mobile Safari/537.36" www.sbsc.in 199.79.62.221
103.214.60.81 - - [28/Jan/2023:12:25:55 +0000] "GET /images/golden-jubilee-logo.png HTTP/2.0" 200 34899 "https://www.sbsc.in/" "Mozilla/5.0 (Linux; Android 9; vivo 1902) AppleWebKit/537.36 (KHTML, like Gecko) Chrome/109.0.0.0 Mobile Safari/537.36" www.sbsc.in 199.79.62.221
103.214.60.81 - - [28/Jan/2023:12:25:55 +0000] "GET /images/symbol.jpg HTTP/2.0" 200 781 "https://www.sbsc.in/" "Mozilla/5.0 (Linux; Android 9; vivo 1902) AppleWebKit/537.36 (KHTML, like Gecko) Chrome/109.0.0.0 Mobile Safari/537.36" www.sbsc.in 199.79.62.221
103.214.60.81 - - [28/Jan/2023:12:25:55 +0000] "GET /images/new.gif HTTP/2.0" 200 2455 "https://www.sbsc.in/" "Mozilla/5.0 (Linux; Android 9; vivo 1902) AppleWebKit/537.36 (KHTML, like Gecko) Chrome/109.0.0.0 Mobile Safari/537.36" www.sbsc.in 199.79.62.221
103.214.60.81 - - [28/Jan/2023:12:25:55 +0000] "GET /images/banner/2.jpg HTTP/2.0" 200 197131 "https://www.sbsc.in/" "Mozilla/5.0 (Linux; Android 9; vivo 1902) AppleWebKit/537.36 (KHTML, like Gecko) Chrome/109.0.0.0 Mobile Safari/537.36" www.sbsc.in 199.79.62.221
103.214.60.81 - - [28/Jan/2023:12:25:55 +0000] "GET /images/banner/3.jpg HTTP/2.0" 200 207968 "https://www.sbsc.in/" "Mozilla/5.0 (Linux; Android 9; vivo 1902) AppleWebKit/537.36 (KHTML, like Gecko) Chrome/109.0.0.0 Mobile Safari/537.36" www.sbsc.in 199.79.62.221
103.214.60.81 - - [28/Jan/2023:12:25:55 +0000] "GET /images/banner/4.jpg HTTP/2.0" 200 172167 "https://www.sbsc.in/" "Mozilla/5.0 (Linux; Android 9; vivo 1902) AppleWebKit/537.36 (KHTML, like Gecko) Chrome/109.0.0.0 Mobile Safari/537.36" www.sbsc.in 199.79.62.221
103.214.60.81 - - [28/Jan/2023:12:25:56 +0000] "GET /images/banner/5.jpg HTTP/2.0" 200 170926 "https://www.sbsc.in/" "Mozilla/5.0 (Linux; Android 9; vivo 1902) AppleWebKit/537.36 (KHTML, like Gecko) Chrome/109.0.0.0 Mobile Safari/537.36" www.sbsc.in 199.79.62.221
103.214.60.81 - - [28/Jan/2023:12:25:56 +0000] "GET /images/banner/7.jpg HTTP/2.0" 200 179124 "https://www.sbsc.in/" "Mozilla/5.0 (Linux; Android 9; vivo 1902) AppleWebKit/537.36 (KHTML, like Gecko) Chrome/109.0.0.0 Mobile Safari/537.36" www.sbsc.in 199.79.62.221
103.214.60.81 - - [28/Jan/2023:12:25:56 +0000] "GET /images/banner/6.jpg HTTP/2.0" 200 127037 "https://www.sbsc.in/" "Mozilla/5.0 (Linux; Android 9; vivo 1902) AppleWebKit/537.36 (KHTML, like Gecko) Chrome/109.0.0.0 Mobile Safari/537.36" www.sbsc.in 199.79.62.221
103.214.60.81 - - [28/Jan/2023:12:25:56 +0000] "GET /images/banner/8.jpg HTTP/2.0" 200 156850 "https://www.sbsc.in/" "Mozilla/5.0 (Linux; Android 9; vivo 1902) AppleWebKit/537.36 (KHTML, like Gecko) Chrome/109.0.0.0 Mobile Safari/537.36" www.sbsc.in 199.79.62.221
103.214.60.81 - - [28/Jan/2023:12:25:56 +0000] "GET /images/banner/9.jpg HTTP/2.0" 200 167238 "https://www.sbsc.in/" "Mozilla/5.0 (Linux; Android 9; vivo 1902) AppleWebKit/537.36 (KHTML, like Gecko) Chrome/109.0.0.0 Mobile Safari/537.36" www.sbsc.in 199.79.62.221
103.214.60.81 - - [28/Jan/2023:12:25:56 +0000] "GET /images/banner/10.jpg HTTP/2.0" 200 211781 "https://www.sbsc.in/" "Mozilla/5.0 (Linux; Android 9; vivo 1902) AppleWebKit/537.36 (KHTML, like Gecko) Chrome/109.0.0.0 Mobile Safari/537.36" www.sbsc.in 199.79.62.221
103.214.60.81 - - [28/Jan/2023:12:25:56 +0000] "GET /images/banner/11.jpg HTTP/2.0" 200 186118 "https://www.sbsc.in/" "Mozilla/5.0 (Linux; Android 9; vivo 1902) AppleWebKit/537.36 (KHTML, like Gecko) Chrome/109.0.0.0 Mobile Safari/537.36" www.sbsc.in 199.79.62.221
103.214.60.81 - - [28/Jan/2023:12:25:56 +0000] "GET /images/banner/12.jpg HTTP/2.0" 200 153729 "https://www.sbsc.in/" "Mozilla/5.0 (Linux; Android 9; vivo 1902) AppleWebKit/537.36 (KHTML, like Gecko) Chrome/109.0.0.0 Mobile Safari/537.36" www.sbsc.in 199.79.62.221
103.214.60.81 - - [28/Jan/2023:12:25:56 +0000] "GET /images/jubliee-img.jpg HTTP/2.0" 200 88706 "https://www.sbsc.in/" "Mozilla/5.0 (Linux; Android 9; vivo 1902) AppleWebKit/537.36 (KHTML, like Gecko) Chrome/109.0.0.0 Mobile Safari/537.36" www.sbsc.in 199.79.62.221
103.214.60.81 - - [28/Jan/2023:12:25:56 +0000] "GET /images/alumini.jpg HTTP/2.0" 200 50947 "https://www.sbsc.in/" "Mozilla/5.0 (Linux; Android 9; vivo 1902) AppleWebKit/537.36 (KHTML, like Gecko) Chrome/109.0.0.0 Mobile Safari/537.36" www.sbsc.in 199.79.62.221
103.214.60.81 - - [28/Jan/2023:12:25:56 +0000] "GET /images/associations.jpg HTTP/2.0" 200 31703 "https://www.sbsc.in/" "Mozilla/5.0 (Linux; Android 9; vivo 1902) AppleWebKit/537.36 (KHTML, like Gecko) Chrome/109.0.0.0 Mobile Safari/537.36" www.sbsc.in 199.79.62.221
103.214.60.81 - - [28/Jan/2023:12:25:56 +0000] "GET /images/tour-img.jpg HTTP/2.0" 200 65976 "https://www.sbsc.in/" "Mozilla/5.0 (Linux; Android 9; vivo 1902) AppleWebKit/537.36 (KHTML, like Gecko) Chrome/109.0.0.0 Mobile Safari/537.36" www.sbsc.in 199.79.62.221
103.214.60.81 - - [28/Jan/2023:12:25:56 +0000] "GET /images/IMG-20210727-WA0011.jpg HTTP/2.0" 200 154646 "https://www.sbsc.in/" "Mozilla/5.0 (Linux; Android 9; vivo 1902) AppleWebKit/537.36 (KHTML, like Gecko) Chrome/109.0.0.0 Mobile Safari/537.36" www.sbsc.in 199.79.62.221
103.214.60.81 - - [28/Jan/2023:12:25:56 +0000] "GET /images/event.jpg HTTP/2.0" 200 3517 "https://www.sbsc.in/" "Mozilla/5.0 (Linux; Android 9; vivo 1902) AppleWebKit/537.36 (KHTML, like Gecko) Chrome/109.0.0.0 Mobile Safari/537.36" www.sbsc.in 199.79.62.221
103.214.60.81 - - [28/Jan/2023:12:25:56 +0000] "GET /images/research-img.jpg HTTP/2.0" 200 3596 "https://www.sbsc.in/" "Mozilla/5.0 (Linux; Android 9; vivo 1902) AppleWebKit/537.36 (KHTML, like Gecko) Chrome/109.0.0.0 Mobile Safari/537.36" www.sbsc.in 199.79.62.221
103.214.60.81 - - [28/Jan/2023:12:25:56 +0000] "GET /images/publication-img.jpg HTTP/2.0" 200 4561 "https://www.sbsc.in/" "Mozilla/5.0 (Linux; Android 9; vivo 1902) AppleWebKit/537.36 (KHTML, like Gecko) Chrome/109.0.0.0 Mobile Safari/537.36" www.sbsc.in 199.79.62.221
103.214.60.81 - - [28/Jan/2023:12:25:56 +0000] "GET /images/Conference.jpg HTTP/2.0" 200 3631 "https://www.sbsc.in/" "Mozilla/5.0 (Linux; Android 9; vivo 1902) AppleWebKit/537.36 (KHTML, like Gecko) Chrome/109.0.0.0 Mobile Safari/537.36" www.sbsc.in 199.79.62.221
103.214.60.81 - - [28/Jan/2023:12:25:56 +0000] "GET /images/latest_news.png HTTP/2.0" 200 2953 "https://www.sbsc.in/" "Mozilla/5.0 (Linux; Android 9; vivo 1902) AppleWebKit/537.36 (KHTML, like Gecko) Chrome/109.0.0.0 Mobile Safari/537.36" sbsc.in 199.79.62.221
103.214.60.81 - - [28/Jan/2023:12:25:56 +0000] "GET /images/placement1.JPG HTTP/2.0" 200 2219751 "https://www.sbsc.in/" "Mozilla/5.0 (Linux; Android 9; vivo 1902) AppleWebKit/537.36 (KHTML, like Gecko) Chrome/109.0.0.0 Mobile Safari/537.36" www.sbsc.in 199.79.62.221
122.161.48.9 - - [28/Jan/2023:12:25:55 +0000] "GET /images/alumini2.jpg HTTP/2.0" 200 65241 "https://www.sbsc.in/alumni-association.php" "Mozilla/5.0 (Linux; Android 11; GM1901) AppleWebKit/537.36 (KHTML, like Gecko) Chrome/109.0.0.0 Mobile Safari/537.36" www.sbsc.in 199.79.62.221
122.161.48.9 - - [28/Jan/2023:12:25:55 +0000] "GET /images/alumini4.jpg HTTP/2.0" 200 48639 "https://www.sbsc.in/alumni-association.php" "Mozilla/5.0 (Linux; Android 11; GM1901) AppleWebKit/537.36 (KHTML, like Gecko) Chrome/109.0.0.0 Mobile Safari/537.36" www.sbsc.in 199.79.62.221
157.55.39.26 - - [28/Jan/2023:12:26:08 +0000] "GET /Sexual-harassment.php HTTP/1.1" 200 43421 "-" "Mozilla/5.0 AppleWebKit/537.36 (KHTML, like Gecko; compatible; bingbot/2.0; +http://www.bing.com/bingbot.htm) Chrome/103.0.5060.134 Safari/537.36" www.sbsc.in 199.79.62.221
157.55.39.26 - - [28/Jan/2023:12:26:08 +0000] "GET /Sexual-harassment.php HTTP/2.0" 200 43421 "-" "Mozilla/5.0 AppleWebKit/537.36 (KHTML, like Gecko; compatible; bingbot/2.0; +http://www.bing.com/bingbot.htm) Chrome/103.0.5060.134 Safari/537.36" www.sbsc.in 199.79.62.221
114.119.154.59 - - [28/Jan/2023:12:26:43 +0000] "GET /uploads/pdf/1568378610_Scan_13-Sep-2019.pdf HTTP/1.1" 406 226 "https://www.sbsc.in/uploads/pdf?C=D%3BO%3DA" "Mozilla/5.0 (Linux; Android 7.0;) AppleWebKit/537.36 (KHTML, like Gecko) Mobile Safari/537.36 (compatible; PetalBot;+https://webmaster.petalsearch.com/site/petalbot)" www.sbsc.in 199.79.62.221
212.129.74.144 - - [28/Jan/2023:12:28:06 +0000] "GET /uploads/pdf/1644828689_Marks_504___Bachelor_of_Commerce_(Honours_Course),_3,_SEMESTER,_2021-2022-DECEMBER_REGULAR,_IA.pdf HTTP/2.0" 200 1187724 "https://www.google.ie/" "Mozilla/5.0 (iPhone; CPU iPhone OS 16_1_1 like Mac OS X) AppleWebKit/605.1.15 (KHTML, like Gecko) Version/16.1 Mobile/15E148 Safari/604.1" www.sbsc.in 199.79.62.221
212.129.74.144 - - [28/Jan/2023:12:28:09 +0000] "GET /favicon.ico HTTP/1.1" 404 355 "https://www.sbsc.in/uploads/pdf/1644828689_Marks_504___Bachelor_of_Commerce_(Honours_Course),_3,_SEMESTER,_2021-2022-DECEMBER_REGULAR,_IA.pdf" "Mozilla/5.0 (iPhone; CPU iPhone OS 16_1_1 like Mac OS X) AppleWebKit/605.1.15 (KHTML, like Gecko) Version/16.1 Mobile/15E148 Safari/604.1" www.sbsc.in 199.79.62.221
212.129.74.144 - - [28/Jan/2023:12:28:08 +0000] "GET /favicon.ico HTTP/2.0" 404 355 "https://www.sbsc.in/uploads/pdf/1644828689_Marks_504___Bachelor_of_Commerce_(Honours_Course),_3,_SEMESTER,_2021-2022-DECEMBER_REGULAR,_IA.pdf" "Mozilla/5.0 (iPhone; CPU iPhone OS 16_1_1 like Mac OS X) AppleWebKit/605.1.15 (KHTML, like Gecko) Version/16.1 Mobile/15E148 Safari/604.1" www.sbsc.in 199.79.62.221
66.249.75.108 - - [28/Jan/2023:12:28:16 +0000] "GET /internal_assessment.php/internalassessment/assesment-2019/internalassessment/assesment-2021/uploads/pdf/1567760572_M.Com_III_Sem.pdf HTTP/1.1" 200 43991 "-" "Mozilla/5.0 (Linux; Android 6.0.1; Nexus 5X Build/MMB29P) AppleWebKit/537.36 (KHTML, like Gecko) Chrome/109.0.5414.101 Mobile Safari/537.36 (compatible; Googlebot/2.1; +http://www.google.com/bot.html)" www.sbsc.in 199.79.62.221
66.249.75.108 - - [28/Jan/2023:12:28:20 +0000] "GET /internal_assessment.php/internalassessment/assesment-2019/internalassessment/assesment-2021/uploads/pdf/cssmenu/script.js HTTP/1.1" 200 43991 "https://www.sbsc.in/internal_assessment.php/internalassessment/assesment-2019/internalassessment/assesment-2021/uploads/pdf/1567760572_M.Com_III_Sem.pdf" "Mozilla/5.0 (Linux; Android 6.0.1; Nexus 5X Build/MMB29P) AppleWebKit/537.36 (KHTML, like Gecko) Chrome/109.0.5414.101 Mobile Safari/537.36 (compatible; Googlebot/2.1; +http://www.google.com/bot.html)" www.sbsc.in 199.79.62.221
66.249.75.106 - - [28/Jan/2023:12:28:21 +0000] "GET /internal_assessment.php/internalassessment/assesment-2019/internalassessment/assesment-2021/uploads/pdf/js/animation-banner.js HTTP/1.1" 200 43991 "https://www.sbsc.in/internal_assessment.php/internalassessment/assesment-2019/internalassessment/assesment-2021/uploads/pdf/1567760572_M.Com_III_Sem.pdf" "Mozilla/5.0 (Linux; Android 6.0.1; Nexus 5X Build/MMB29P) AppleWebKit/537.36 (KHTML, like Gecko) Chrome/109.0.5414.101 Mobile Safari/537.36 (compatible; Googlebot/2.1; +http://www.google.com/bot.html)" www.sbsc.in 199.79.62.221
122.161.48.9 - - [28/Jan/2023:12:28:43 +0000] "GET /governing_body.php HTTP/1.1" 200 44391 "https://www.sbsc.in/alumni-association.php" "Mozilla/5.0 (Linux; Android 11; GM1901) AppleWebKit/537.36 (KHTML, like Gecko) Chrome/109.0.0.0 Mobile Safari/537.36" www.sbsc.in 199.79.62.221
122.161.48.9 - - [28/Jan/2023:12:28:43 +0000] "GET /governing_body.php HTTP/2.0" 200 44391 "https://www.sbsc.in/alumni-association.php" "Mozilla/5.0 (Linux; Android 11; GM1901) AppleWebKit/537.36 (KHTML, like Gecko) Chrome/109.0.0.0 Mobile Safari/537.36" www.sbsc.in 199.79.62.221
123.253.214.23 - - [28/Jan/2023:12:28:50 +0000] "GET /pdf/resources/1588746723_Sales_report_and_documentation.pdf HTTP/2.0" 404 355 "https://www.google.com/" "Mozilla/5.0 (Windows NT 10.0; Win64; x64) AppleWebKit/537.36 (KHTML, like Gecko) Chrome/109.0.0.0 Safari/537.36" www.sbsc.in 199.79.62.221
103.81.13.39 - - [28/Jan/2023:12:28:50 +0000] "GET /js/animation-banner.js HTTP/2.0" 200 964 "https://www.nikunjonline.com/" "Mozilla/5.0 (Windows NT 10.0; Win64; x64) AppleWebKit/537.36 (KHTML, like Gecko) Chrome/109.0.0.0 Safari/537.36 Edg/109.0.1518.69" www.sbsc.in 199.79.62.221
123.253.214.23 - - [28/Jan/2023:12:28:50 +0000] "GET /favicon.ico HTTP/1.1" 404 355 "https://www.sbsc.in/pdf/resources/1588746723_Sales_report_and_documentation.pdf" "Mozilla/5.0 (Windows NT 10.0; Win64; x64) AppleWebKit/537.36 (KHTML, like Gecko) Chrome/109.0.0.0 Safari/537.36" www.sbsc.in 199.79.62.221
123.253.214.23 - - [28/Jan/2023:12:28:50 +0000] "GET /favicon.ico HTTP/2.0" 404 355 "https://www.sbsc.in/pdf/resources/1588746723_Sales_report_and_documentation.pdf" "Mozilla/5.0 (Windows NT 10.0; Win64; x64) AppleWebKit/537.36 (KHTML, like Gecko) Chrome/109.0.0.0 Safari/537.36" www.sbsc.in 199.79.62.221
212.129.77.35 - - [28/Jan/2023:12:28:57 +0000] "GET /uploads/pdf/1628068212_Enrollment_2020-21.pdf HTTP/2.0" 200 690783 "https://www.google.ie/" "Mozilla/5.0 (iPhone; CPU iPhone OS 16_1_1 like Mac OS X) AppleWebKit/605.1.15 (KHTML, like Gecko) Version/16.1 Mobile/15E148 Safari/604.1" www.sbsc.in 199.79.62.221
202.173.124.43 - - [28/Jan/2023:12:29:13 +0000] "GET /images/placement1.JPG HTTP/2.0" 206 1 "https://www.sbsc.in/" "Mozilla/5.0 (Windows NT 10.0; Win64; x64) AppleWebKit/537.36 (KHTML, like Gecko) Chrome/109.0.0.0 Safari/537.36" www.sbsc.in 199.79.62.221
79.110.73.58 - - [28/Jan/2023:12:29:15 +0000] "GET /uploads/pdf/1600670354_scholarship_notice_for_students.pdf HTTP/1.1" 200 310730 "-" "Mozilla/5.0 (Windows NT 10.0; Win64; x64) AppleWebKit/537.36 (KHTML, like Gecko) Chrome/102.0.5005.63 Safari/537.36" www.sbsc.in 199.79.62.221
202.173.124.43 - - [28/Jan/2023:12:29:16 +0000] "GET /favicon.ico HTTP/1.1" 404 355 "https://www.sbsc.in/department/commerce/Faculty%20CV%20Proforma%20VVA.pdf" "Mozilla/5.0 (Windows NT 10.0; Win64; x64) AppleWebKit/537.36 (KHTML, like Gecko) Chrome/109.0.0.0 Safari/537.36" www.sbsc.in 199.79.62.221
202.173.124.43 - - [28/Jan/2023:12:29:16 +0000] "GET /favicon.ico HTTP/2.0" 404 355 "https://www.sbsc.in/department/commerce/Faculty%20CV%20Proforma%20VVA.pdf" "Mozilla/5.0 (Windows NT 10.0; Win64; x64) AppleWebKit/537.36 (KHTML, like Gecko) Chrome/109.0.0.0 Safari/537.36" www.sbsc.in 199.79.62.221
202.173.124.43 - - [28/Jan/2023:12:29:20 +0000] "GET /favicon.ico HTTP/1.1" 404 355 "https://www.sbsc.in/department/commerce/Suneel%20Kashyap%20Faculty%20CV%20Proforma.pdf" "Mozilla/5.0 (Windows NT 10.0; Win64; x64) AppleWebKit/537.36 (KHTML, like Gecko) Chrome/109.0.0.0 Safari/537.36" www.sbsc.in 199.79.62.221
202.173.124.43 - - [28/Jan/2023:12:29:20 +0000] "GET /favicon.ico HTTP/2.0" 404 355 "https://www.sbsc.in/department/commerce/Suneel%20Kashyap%20Faculty%20CV%20Proforma.pdf" "Mozilla/5.0 (Windows NT 10.0; Win64; x64) AppleWebKit/537.36 (KHTML, like Gecko) Chrome/109.0.0.0 Safari/537.36" www.sbsc.in 199.79.62.221
52.154.246.120 - - [28/Jan/2023:12:29:25 +0000] "GET /view-all.php HTTP/1.1" 200 74210 "-" "Mozilla/5.0 (Windows NT 10.0; Win64; x64; rv:81.0) Gecko/20100101 Firefox/81.0" www.sbsc.in 199.79.62.221
52.154.246.120 - - [28/Jan/2023:12:29:25 +0000] "GET /view-all.php HTTP/2.0" 200 74210 "-" "Mozilla/5.0 (Windows NT 10.0; Win64; x64; rv:81.0) Gecko/20100101 Firefox/81.0" www.sbsc.in 199.79.62.221
110.224.163.60 - - [28/Jan/2023:12:29:45 +0000] "GET /images/placement1.JPG HTTP/2.0" 200 311015 "-" "com.google.android.apps.searchlite/724095 (Linux; U; Android 12; hi_IN; V2120; Build/SP1A.210812.003; Cronet/108.0.5359.61)" www.sbsc.in 199.79.62.221
66.249.75.106 - - [28/Jan/2023:12:30:01 +0000] "GET /uploads/pdf/1606992438_Student_Aid_Fun_Notice.pdf HTTP/1.1" 304 - "-" "Mozilla/5.0 (Linux; Android 6.0.1; Nexus 5X Build/MMB29P) AppleWebKit/537.36 (KHTML, like Gecko) Chrome/109.0.5414.101 Mobile Safari/537.36 (compatible; Googlebot/2.1; +http://www.google.com/bot.html)" www.sbsc.in 199.79.62.221
110.224.163.60 - - [28/Jan/2023:12:30:02 +0000] "GET /images/ncc/8.jpg HTTP/2.0" 200 70076 "-" "com.google.android.apps.searchlite/724095 (Linux; U; Android 12; hi_IN; V2120; Build/SP1A.210812.003; Cronet/108.0.5359.61)" www.sbsc.in 199.79.62.221
122.161.48.9 - - [28/Jan/2023:12:30:34 +0000] "GET /principal.php HTTP/1.1" 200 43886 "https://www.sbsc.in/governing_body.php" "Mozilla/5.0 (Linux; Android 11; GM1901) AppleWebKit/537.36 (KHTML, like Gecko) Chrome/109.0.0.0 Mobile Safari/537.36" www.sbsc.in 199.79.62.221
122.161.48.9 - - [28/Jan/2023:12:30:34 +0000] "GET /principal.php HTTP/2.0" 200 43886 "https://www.sbsc.in/governing_body.php" "Mozilla/5.0 (Linux; Android 11; GM1901) AppleWebKit/537.36 (KHTML, like Gecko) Chrome/109.0.0.0 Mobile Safari/537.36" www.sbsc.in 199.79.62.221
122.161.48.9 - - [28/Jan/2023:12:30:37 +0000] "GET /images/desk.jpg HTTP/2.0" 200 33453 "https://www.sbsc.in/principal.php" "Mozilla/5.0 (Linux; Android 11; GM1901) AppleWebKit/537.36 (KHTML, like Gecko) Chrome/109.0.0.0 Mobile Safari/537.36" www.sbsc.in 199.79.62.221
106.77.187.135 - - [28/Jan/2023:12:30:45 +0000] "GET /favicon.ico HTTP/1.1" 404 355 "https://www.sbsc.in/pdf/resources/1588678378_Unit_1__Hindi.pdf" "Mozilla/5.0 (Linux; Android 9; Redmi Note 5 Pro) AppleWebKit/537.36 (KHTML, like Gecko) Chrome/98.0.4758.101 Mobile Safari/537.36" www.sbsc.in 199.79.62.221
106.77.187.135 - - [28/Jan/2023:12:30:45 +0000] "GET /favicon.ico HTTP/2.0" 404 355 "https://www.sbsc.in/pdf/resources/1588678378_Unit_1__Hindi.pdf" "Mozilla/5.0 (Linux; Android 9; Redmi Note 5 Pro) AppleWebKit/537.36 (KHTML, like Gecko) Chrome/98.0.4758.101 Mobile Safari/537.36" www.sbsc.in 199.79.62.221
20.108.115.35 - - [28/Jan/2023:12:30:49 +0000] "GET / HTTP/2.0" 200 45835 "-" "Mozilla/5.0 (Windows NT 10.0; Win64; x64; rv:81.0) Gecko/20100101 Firefox/81.0" www.sbsc.in 199.79.62.221
122.161.48.9 - - [28/Jan/2023:12:31:20 +0000] "GET /ICC.php HTTP/1.1" 200 43304 "https://www.sbsc.in/principal.php" "Mozilla/5.0 (Linux; Android 11; GM1901) AppleWebKit/537.36 (KHTML, like Gecko) Chrome/109.0.0.0 Mobile Safari/537.36" www.sbsc.in 199.79.62.221
122.161.48.9 - - [28/Jan/2023:12:31:20 +0000] "GET /ICC.php HTTP/2.0" 200 43304 "https://www.sbsc.in/principal.php" "Mozilla/5.0 (Linux; Android 11; GM1901) AppleWebKit/537.36 (KHTML, like Gecko) Chrome/109.0.0.0 Mobile Safari/537.36" www.sbsc.in 199.79.62.221
202.173.124.43 - - [28/Jan/2023:12:29:14 +0000] "GET /images/placement1.JPG HTTP/2.0" 206 9768477 "https://www.sbsc.in/" "Mozilla/5.0 (Windows NT 10.0; Win64; x64) AppleWebKit/537.36 (KHTML, like Gecko) Chrome/109.0.0.0 Safari/537.36" www.sbsc.in 199.79.62.221
122.161.48.9 - - [28/Jan/2023:12:31:22 +0000] "GET /images/ICC.jpg HTTP/2.0" 200 101642 "https://www.sbsc.in/ICC.php" "Mozilla/5.0 (Linux; Android 11; GM1901) AppleWebKit/537.36 (KHTML, like Gecko) Chrome/109.0.0.0 Mobile Safari/537.36" www.sbsc.in 199.79.62.221
122.162.145.213 - - [28/Jan/2023:12:31:37 +0000] "GET / HTTP/1.1" 200 45835 "-" "Mozilla/5.0 (Macintosh; Intel Mac OS X 10_15_7) AppleWebKit/605.1.15 (KHTML, like Gecko) Version/16.2 Safari/605.1.15" www.sbsc.in 199.79.62.221
122.162.145.213 - - [28/Jan/2023:12:31:37 +0000] "GET / HTTP/2.0" 200 45835 "-" "Mozilla/5.0 (Macintosh; Intel Mac OS X 10_15_7) AppleWebKit/605.1.15 (KHTML, like Gecko) Version/16.2 Safari/605.1.15" www.sbsc.in 199.79.62.221
223.231.201.138 - - [28/Jan/2023:12:31:40 +0000] "GET /favicon.ico HTTP/1.1" 404 355 "https://www.sbsc.in/pdf/SBSC_Addvertisement.pdf" "Mozilla/5.0 (Windows NT 10.0; Win64; x64) AppleWebKit/537.36 (KHTML, like Gecko) Chrome/107.0.0.0 Safari/537.36 Edg/107.0.1418.35" www.sbsc.in 199.79.62.221
122.162.145.213 - - [28/Jan/2023:12:31:41 +0000] "GET /about_department_english.php HTTP/1.1" 200 43016 "https://www.sbsc.in/" "Mozilla/5.0 (Macintosh; Intel Mac OS X 10_15_7) AppleWebKit/605.1.15 (KHTML, like Gecko) Version/16.2 Safari/605.1.15" www.sbsc.in 199.79.62.221
223.231.201.138 - - [28/Jan/2023:12:31:40 +0000] "GET /favicon.ico HTTP/2.0" 404 355 "https://www.sbsc.in/pdf/SBSC_Addvertisement.pdf" "Mozilla/5.0 (Windows NT 10.0; Win64; x64) AppleWebKit/537.36 (KHTML, like Gecko) Chrome/107.0.0.0 Safari/537.36 Edg/107.0.1418.35" www.sbsc.in 199.79.62.221
122.162.145.213 - - [28/Jan/2023:12:31:41 +0000] "GET /about_department_english.php HTTP/2.0" 200 43016 "https://www.sbsc.in/" "Mozilla/5.0 (Macintosh; Intel Mac OS X 10_15_7) AppleWebKit/605.1.15 (KHTML, like Gecko) Version/16.2 Safari/605.1.15" www.sbsc.in 199.79.62.221
122.162.145.213 - - [28/Jan/2023:12:31:54 +0000] "GET /contact.php HTTP/2.0" 409 83 "https://www.sbsc.in/about_department_english.php" "Mozilla/5.0 (Macintosh; Intel Mac OS X 10_15_7) AppleWebKit/605.1.15 (KHTML, like Gecko) Version/16.2 Safari/605.1.15" www.sbsc.in 199.79.62.221
122.162.145.213 - - [28/Jan/2023:12:31:55 +0000] "GET /contact.php HTTP/1.1" 200 42948 "https://www.sbsc.in/contact.php" "Mozilla/5.0 (Macintosh; Intel Mac OS X 10_15_7) AppleWebKit/605.1.15 (KHTML, like Gecko) Version/16.2 Safari/605.1.15" www.sbsc.in 199.79.62.221
122.162.145.213 - - [28/Jan/2023:12:31:54 +0000] "GET /contact.php HTTP/2.0" 200 42948 "https://www.sbsc.in/contact.php" "Mozilla/5.0 (Macintosh; Intel Mac OS X 10_15_7) AppleWebKit/605.1.15 (KHTML, like Gecko) Version/16.2 Safari/605.1.15" www.sbsc.in 199.79.62.221
122.162.145.213 - - [28/Jan/2023:12:31:55 +0000] "GET /css/style.css HTTP/2.0" 304 - "https://www.sbsc.in/contact.php" "Mozilla/5.0 (Macintosh; Intel Mac OS X 10_15_7) AppleWebKit/605.1.15 (KHTML, like Gecko) Version/16.2 Safari/605.1.15" www.sbsc.in 199.79.62.221
122.162.145.213 - - [28/Jan/2023:12:31:55 +0000] "GET /css/style-new.css HTTP/2.0" 304 - "https://www.sbsc.in/contact.php" "Mozilla/5.0 (Macintosh; Intel Mac OS X 10_15_7) AppleWebKit/605.1.15 (KHTML, like Gecko) Version/16.2 Safari/605.1.15" www.sbsc.in 199.79.62.221
122.162.145.213 - - [28/Jan/2023:12:31:55 +0000] "GET /css/bootstrap.min.css HTTP/2.0" 304 - "https://www.sbsc.in/contact.php" "Mozilla/5.0 (Macintosh; Intel Mac OS X 10_15_7) AppleWebKit/605.1.15 (KHTML, like Gecko) Version/16.2 Safari/605.1.15" www.sbsc.in 199.79.62.221
122.162.145.213 - - [28/Jan/2023:12:31:55 +0000] "GET /cssmenu/styles.css HTTP/2.0" 304 - "https://www.sbsc.in/contact.php" "Mozilla/5.0 (Macintosh; Intel Mac OS X 10_15_7) AppleWebKit/605.1.15 (KHTML, like Gecko) Version/16.2 Safari/605.1.15" www.sbsc.in 199.79.62.221
122.162.145.213 - - [28/Jan/2023:12:31:55 +0000] "GET /cssmenu/script.js HTTP/2.0" 304 - "https://www.sbsc.in/contact.php" "Mozilla/5.0 (Macintosh; Intel Mac OS X 10_15_7) AppleWebKit/605.1.15 (KHTML, like Gecko) Version/16.2 Safari/605.1.15" www.sbsc.in 199.79.62.221
122.162.145.213 - - [28/Jan/2023:12:31:55 +0000] "GET /images/email.png HTTP/2.0" 304 - "https://www.sbsc.in/contact.php" "Mozilla/5.0 (Macintosh; Intel Mac OS X 10_15_7) AppleWebKit/605.1.15 (KHTML, like Gecko) Version/16.2 Safari/605.1.15" www.sbsc.in 199.79.62.221
122.162.145.213 - - [28/Jan/2023:12:31:55 +0000] "GET /images/phone.png HTTP/2.0" 304 - "https://www.sbsc.in/contact.php" "Mozilla/5.0 (Macintosh; Intel Mac OS X 10_15_7) AppleWebKit/605.1.15 (KHTML, like Gecko) Version/16.2 Safari/605.1.15" www.sbsc.in 199.79.62.221
122.162.145.213 - - [28/Jan/2023:12:31:55 +0000] "GET /images/logo.png HTTP/2.0" 304 - "https://www.sbsc.in/contact.php" "Mozilla/5.0 (Macintosh; Intel Mac OS X 10_15_7) AppleWebKit/605.1.15 (KHTML, like Gecko) Version/16.2 Safari/605.1.15" www.sbsc.in 199.79.62.221
122.162.145.213 - - [28/Jan/2023:12:31:55 +0000] "GET /images/new.gif HTTP/2.0" 304 - "https://www.sbsc.in/contact.php" "Mozilla/5.0 (Macintosh; Intel Mac OS X 10_15_7) AppleWebKit/605.1.15 (KHTML, like Gecko) Version/16.2 Safari/605.1.15" www.sbsc.in 199.79.62.221
122.162.145.213 - - [28/Jan/2023:12:31:55 +0000] "GET /images/golden-jubilee-logo.png HTTP/2.0" 304 - "https://www.sbsc.in/contact.php" "Mozilla/5.0 (Macintosh; Intel Mac OS X 10_15_7) AppleWebKit/605.1.15 (KHTML, like Gecko) Version/16.2 Safari/605.1.15" www.sbsc.in 199.79.62.221
122.162.145.213 - - [28/Jan/2023:12:31:55 +0000] "GET /images/symbol.jpg HTTP/2.0" 304 - "https://www.sbsc.in/contact.php" "Mozilla/5.0 (Macintosh; Intel Mac OS X 10_15_7) AppleWebKit/605.1.15 (KHTML, like Gecko) Version/16.2 Safari/605.1.15" www.sbsc.in 199.79.62.221
122.162.145.213 - - [28/Jan/2023:12:31:55 +0000] "GET /paytm.jpg HTTP/2.0" 304 - "https://www.sbsc.in/contact.php" "Mozilla/5.0 (Macintosh; Intel Mac OS X 10_15_7) AppleWebKit/605.1.15 (KHTML, like Gecko) Version/16.2 Safari/605.1.15" www.sbsc.in 199.79.62.221
122.162.145.213 - - [28/Jan/2023:12:31:55 +0000] "GET /js/animation-banner.js HTTP/2.0" 304 - "https://www.sbsc.in/contact.php" "Mozilla/5.0 (Macintosh; Intel Mac OS X 10_15_7) AppleWebKit/605.1.15 (KHTML, like Gecko) Version/16.2 Safari/605.1.15" www.sbsc.in 199.79.62.221
122.162.145.213 - - [28/Jan/2023:12:31:56 +0000] "GET /images/banner/1.jpg HTTP/2.0" 304 - "https://www.sbsc.in/contact.php" "Mozilla/5.0 (Macintosh; Intel Mac OS X 10_15_7) AppleWebKit/605.1.15 (KHTML, like Gecko) Version/16.2 Safari/605.1.15" www.sbsc.in 199.79.62.221
