1.187.214.250 - - [28/Jan/2023:15:58:48 +0000] "GET / HTTP/2.0" 200 45835 "https://www.google.com/" "Mozilla/5.0 (Linux; Android 11; CPH1989) AppleWebKit/537.36 (KHTML, like Gecko) Chrome/108.0.0.0 Mobile Safari/537.36" www.sbsc.in 199.79.62.221
1.187.214.250 - - [28/Jan/2023:15:58:49 +0000] "GET /css/bootstrap.min.css HTTP/2.0" 200 27845 "https://www.sbsc.in/" "Mozilla/5.0 (Linux; Android 11; CPH1989) AppleWebKit/537.36 (KHTML, like Gecko) Chrome/108.0.0.0 Mobile Safari/537.36" www.sbsc.in 199.79.62.221
1.187.214.250 - - [28/Jan/2023:15:58:49 +0000] "GET /cssmenu/styles.css HTTP/2.0" 200 1905 "https://www.sbsc.in/" "Mozilla/5.0 (Linux; Android 11; CPH1989) AppleWebKit/537.36 (KHTML, like Gecko) Chrome/108.0.0.0 Mobile Safari/537.36" www.sbsc.in 199.79.62.221
1.187.214.250 - - [28/Jan/2023:15:58:49 +0000] "GET /css/style.css HTTP/2.0" 200 2565 "https://www.sbsc.in/" "Mozilla/5.0 (Linux; Android 11; CPH1989) AppleWebKit/537.36 (KHTML, like Gecko) Chrome/108.0.0.0 Mobile Safari/537.36" www.sbsc.in 199.79.62.221
1.187.214.250 - - [28/Jan/2023:15:58:59 +0000] "GET /paytm.jpg HTTP/2.0" 200 7167 "https://www.sbsc.in/" "Mozilla/5.0 (Linux; Android 11; CPH1989) AppleWebKit/537.36 (KHTML, like Gecko) Chrome/108.0.0.0 Mobile Safari/537.36" www.sbsc.in 199.79.62.221
1.187.214.250 - - [28/Jan/2023:15:58:59 +0000] "GET /images/email.png HTTP/2.0" 200 1371 "https://www.sbsc.in/" "Mozilla/5.0 (Linux; Android 11; CPH1989) AppleWebKit/537.36 (KHTML, like Gecko) Chrome/108.0.0.0 Mobile Safari/537.36" www.sbsc.in 199.79.62.221
1.187.214.250 - - [28/Jan/2023:15:58:59 +0000] "GET /images/phone.png HTTP/2.0" 200 1897 "https://www.sbsc.in/" "Mozilla/5.0 (Linux; Android 11; CPH1989) AppleWebKit/537.36 (KHTML, like Gecko) Chrome/108.0.0.0 Mobile Safari/537.36" www.sbsc.in 199.79.62.221
1.187.214.250 - - [28/Jan/2023:15:58:59 +0000] "GET /images/logo.png HTTP/2.0" 200 36072 "https://www.sbsc.in/" "Mozilla/5.0 (Linux; Android 11; CPH1989) AppleWebKit/537.36 (KHTML, like Gecko) Chrome/108.0.0.0 Mobile Safari/537.36" www.sbsc.in 199.79.62.221
1.187.214.250 - - [28/Jan/2023:15:58:59 +0000] "GET /images/golden-jubilee-logo.png HTTP/2.0" 200 34899 "https://www.sbsc.in/" "Mozilla/5.0 (Linux; Android 11; CPH1989) AppleWebKit/537.36 (KHTML, like Gecko) Chrome/108.0.0.0 Mobile Safari/537.36" www.sbsc.in 199.79.62.221
49.36.139.70 - - [28/Jan/2023:15:58:29 +0000] "GET /images/banner/1.jpg HTTP/2.0" 200 212471 "https://www.sbsc.in/" "Mozilla/5.0 (Windows NT 10.0; Win64; x64) AppleWebKit/537.36 (KHTML, like Gecko) Chrome/109.0.0.0 Safari/537.36" www.sbsc.in 199.79.62.221
115.99.122.230 - - [28/Jan/2023:15:59:17 +0000] "GET / HTTP/2.0" 200 45835 "http://www.du.ac.in/" "Mozilla/5.0 (Windows NT 6.3; Win64; x64) AppleWebKit/537.36 (KHTML, like Gecko) Chrome/109.0.0.0 Safari/537.36" www.sbsc.in 199.79.62.221
115.99.122.230 - - [28/Jan/2023:15:59:18 +0000] "GET /images/jubliee-img.jpg HTTP/2.0" 200 88706 "https://www.sbsc.in/" "Mozilla/5.0 (Windows NT 6.3; Win64; x64) AppleWebKit/537.36 (KHTML, like Gecko) Chrome/109.0.0.0 Safari/537.36" www.sbsc.in 199.79.62.221
115.99.122.230 - - [28/Jan/2023:15:59:18 +0000] "GET /images/latest_news.png HTTP/2.0" 200 2953 "https://www.sbsc.in/" "Mozilla/5.0 (Windows NT 6.3; Win64; x64) AppleWebKit/537.36 (KHTML, like Gecko) Chrome/109.0.0.0 Safari/537.36" sbsc.in 199.79.62.221
115.99.122.230 - - [28/Jan/2023:15:59:19 +0000] "GET /images/alumini.jpg HTTP/2.0" 200 50947 "https://www.sbsc.in/" "Mozilla/5.0 (Windows NT 6.3; Win64; x64) AppleWebKit/537.36 (KHTML, like Gecko) Chrome/109.0.0.0 Safari/537.36" www.sbsc.in 199.79.62.221
115.99.122.230 - - [28/Jan/2023:15:59:19 +0000] "GET /images/associations.jpg HTTP/2.0" 200 31703 "https://www.sbsc.in/" "Mozilla/5.0 (Windows NT 6.3; Win64; x64) AppleWebKit/537.36 (KHTML, like Gecko) Chrome/109.0.0.0 Safari/537.36" www.sbsc.in 199.79.62.221
115.99.122.230 - - [28/Jan/2023:15:59:19 +0000] "GET /images/tour-img.jpg HTTP/2.0" 200 65976 "https://www.sbsc.in/" "Mozilla/5.0 (Windows NT 6.3; Win64; x64) AppleWebKit/537.36 (KHTML, like Gecko) Chrome/109.0.0.0 Safari/537.36" www.sbsc.in 199.79.62.221
115.99.122.230 - - [28/Jan/2023:15:59:20 +0000] "GET /images/IMG-20210727-WA0011.jpg HTTP/2.0" 200 154646 "https://www.sbsc.in/" "Mozilla/5.0 (Windows NT 6.3; Win64; x64) AppleWebKit/537.36 (KHTML, like Gecko) Chrome/109.0.0.0 Safari/537.36" www.sbsc.in 199.79.62.221
115.99.122.230 - - [28/Jan/2023:15:59:20 +0000] "GET /images/event.jpg HTTP/2.0" 200 3517 "https://www.sbsc.in/" "Mozilla/5.0 (Windows NT 6.3; Win64; x64) AppleWebKit/537.36 (KHTML, like Gecko) Chrome/109.0.0.0 Safari/537.36" www.sbsc.in 199.79.62.221
115.99.122.230 - - [28/Jan/2023:15:59:21 +0000] "GET /images/research-img.jpg HTTP/2.0" 200 3596 "https://www.sbsc.in/" "Mozilla/5.0 (Windows NT 6.3; Win64; x64) AppleWebKit/537.36 (KHTML, like Gecko) Chrome/109.0.0.0 Safari/537.36" www.sbsc.in 199.79.62.221
115.99.122.230 - - [28/Jan/2023:15:59:21 +0000] "GET /images/publication-img.jpg HTTP/2.0" 200 4561 "https://www.sbsc.in/" "Mozilla/5.0 (Windows NT 6.3; Win64; x64) AppleWebKit/537.36 (KHTML, like Gecko) Chrome/109.0.0.0 Safari/537.36" www.sbsc.in 199.79.62.221
115.99.122.230 - - [28/Jan/2023:15:59:22 +0000] "GET /images/Conference.jpg HTTP/2.0" 200 3631 "https://www.sbsc.in/" "Mozilla/5.0 (Windows NT 6.3; Win64; x64) AppleWebKit/537.36 (KHTML, like Gecko) Chrome/109.0.0.0 Safari/537.36" www.sbsc.in 199.79.62.221
115.99.122.230 - - [28/Jan/2023:15:59:19 +0000] "GET /images/placement1.JPG HTTP/2.0" 200 11070724 "https://www.sbsc.in/" "Mozilla/5.0 (Windows NT 6.3; Win64; x64) AppleWebKit/537.36 (KHTML, like Gecko) Chrome/109.0.0.0 Safari/537.36" www.sbsc.in 199.79.62.221
1.187.214.250 - - [28/Jan/2023:15:58:59 +0000] "GET /js/jquery.js HTTP/2.0" 200 42291 "https://www.sbsc.in/" "Mozilla/5.0 (Linux; Android 11; CPH1989) AppleWebKit/537.36 (KHTML, like Gecko) Chrome/108.0.0.0 Mobile Safari/537.36" www.sbsc.in 199.79.62.221
1.187.214.250 - - [28/Jan/2023:15:58:59 +0000] "GET /js/bootstrap.min.js HTTP/2.0" 200 13505 "https://www.sbsc.in/" "Mozilla/5.0 (Linux; Android 11; CPH1989) AppleWebKit/537.36 (KHTML, like Gecko) Chrome/108.0.0.0 Mobile Safari/537.36" www.sbsc.in 199.79.62.221
1.187.214.250 - - [28/Jan/2023:15:59:23 +0000] "GET /images/new.gif HTTP/2.0" 200 2455 "https://www.sbsc.in/" "Mozilla/5.0 (Linux; Android 11; CPH1989) AppleWebKit/537.36 (KHTML, like Gecko) Chrome/108.0.0.0 Mobile Safari/537.36" www.sbsc.in 199.79.62.221
72.14.201.142 - - [28/Jan/2023:15:59:23 +0000] "GET / HTTP/2.0" 200 45835 "-" "Mozilla/5.0 (Linux; Android 10; K) AppleWebKit/537.36 (KHTML, like Gecko) Chrome/109.0.0.0 Mobile Safari/537.36" www.sbsc.in 199.79.62.221
20.70.76.119 - - [28/Jan/2023:15:59:26 +0000] "GET /view-all.php HTTP/2.0" 200 74210 "-" "Mozilla/5.0 (Windows NT 10.0; Win64; x64; rv:81.0) Gecko/20100101 Firefox/81.0" www.sbsc.in 199.79.62.221
49.36.139.70 - - [28/Jan/2023:15:58:29 +0000] "GET /images/banner/2.jpg HTTP/2.0" 200 197131 "https://www.sbsc.in/" "Mozilla/5.0 (Windows NT 10.0; Win64; x64) AppleWebKit/537.36 (KHTML, like Gecko) Chrome/109.0.0.0 Safari/537.36" www.sbsc.in 199.79.62.221
115.99.122.230 - - [28/Jan/2023:15:59:39 +0000] "GET /department-list.php HTTP/1.1" 200 6937 "https://www.sbsc.in/" "Mozilla/5.0 (Windows NT 6.3; Win64; x64) AppleWebKit/537.36 (KHTML, like Gecko) Chrome/109.0.0.0 Safari/537.36" www.sbsc.in 199.79.62.221
40.77.167.81 - - [28/Jan/2023:15:59:39 +0000] "GET /department_english.php HTTP/1.1" 200 43010 "-" "Mozilla/5.0 AppleWebKit/537.36 (KHTML, like Gecko; compatible; bingbot/2.0; +http://www.bing.com/bingbot.htm) Chrome/103.0.5060.134 Safari/537.36" www.sbsc.in 199.79.62.221
66.249.75.106 - - [28/Jan/2023:15:59:43 +0000] "GET /internal_assessment.php/uploads/pdf/1596895357_Notification_for_OBE.pdf HTTP/1.1" 200 43991 "-" "Mozilla/5.0 (Linux; Android 6.0.1; Nexus 5X Build/MMB29P) AppleWebKit/537.36 (KHTML, like Gecko) Chrome/109.0.5414.101 Mobile Safari/537.36 (compatible; Googlebot/2.1; +http://www.google.com/bot.html)" www.sbsc.in 199.79.62.221
40.77.167.81 - - [28/Jan/2023:15:59:39 +0000] "GET /department_english.php HTTP/2.0" 200 43010 "-" "Mozilla/5.0 AppleWebKit/537.36 (KHTML, like Gecko; compatible; bingbot/2.0; +http://www.bing.com/bingbot.htm) Chrome/103.0.5060.134 Safari/537.36" www.sbsc.in 199.79.62.221
115.99.122.230 - - [28/Jan/2023:15:59:39 +0000] "GET /department-list.php HTTP/2.0" 200 6937 "https://www.sbsc.in/" "Mozilla/5.0 (Windows NT 6.3; Win64; x64) AppleWebKit/537.36 (KHTML, like Gecko) Chrome/109.0.0.0 Safari/537.36" www.sbsc.in 199.79.62.221
157.38.224.55 - - [28/Jan/2023:15:59:46 +0000] "GET /department/commerce/ HTTP/1.1" 403 355 "https://www.sbsc.in/department_Commerce.php" "Mozilla/5.0 (Linux; Android 6.0; vivo 1609 Build/MRA58K) AppleWebKit/537.36 (KHTML, like Gecko) Chrome/56.0.2924.87 Mobile Safari/537.36" www.sbsc.in 199.79.62.221
115.99.122.230 - - [28/Jan/2023:15:59:48 +0000] "GET /about_department_commerce.php HTTP/1.1" 200 44829 "https://www.sbsc.in/department-list.php" "Mozilla/5.0 (Windows NT 6.3; Win64; x64) AppleWebKit/537.36 (KHTML, like Gecko) Chrome/109.0.0.0 Safari/537.36" www.sbsc.in 199.79.62.221
115.99.122.230 - - [28/Jan/2023:15:59:48 +0000] "GET /about_department_commerce.php HTTP/2.0" 200 44829 "https://www.sbsc.in/department-list.php" "Mozilla/5.0 (Windows NT 6.3; Win64; x64) AppleWebKit/537.36 (KHTML, like Gecko) Chrome/109.0.0.0 Safari/537.36" www.sbsc.in 199.79.62.221
115.99.122.230 - - [28/Jan/2023:15:59:49 +0000] "GET /images/Commerce-img.jpg HTTP/2.0" 200 238633 "https://www.sbsc.in/about_department_commerce.php" "Mozilla/5.0 (Windows NT 6.3; Win64; x64) AppleWebKit/537.36 (KHTML, like Gecko) Chrome/109.0.0.0 Safari/537.36" www.sbsc.in 199.79.62.221
115.99.122.230 - - [28/Jan/2023:15:59:50 +0000] "GET /images/Commerce-img2.jpg HTTP/2.0" 200 257231 "https://www.sbsc.in/about_department_commerce.php" "Mozilla/5.0 (Windows NT 6.3; Win64; x64) AppleWebKit/537.36 (KHTML, like Gecko) Chrome/109.0.0.0 Safari/537.36" www.sbsc.in 199.79.62.221
157.38.224.55 - - [28/Jan/2023:15:59:45 +0000] "GET /department/commerce/ HTTP/2.0" 403 355 "https://www.sbsc.in/department_Commerce.php" "Mozilla/5.0 (Linux; Android 6.0; vivo 1609 Build/MRA58K) AppleWebKit/537.36 (KHTML, like Gecko) Chrome/56.0.2924.87 Mobile Safari/537.36" www.sbsc.in 199.79.62.221
115.99.122.230 - - [28/Jan/2023:15:59:50 +0000] "GET /images/Commerce-img3.jpg HTTP/2.0" 200 242131 "https://www.sbsc.in/about_department_commerce.php" "Mozilla/5.0 (Windows NT 6.3; Win64; x64) AppleWebKit/537.36 (KHTML, like Gecko) Chrome/109.0.0.0 Safari/537.36" www.sbsc.in 199.79.62.221
115.99.122.230 - - [28/Jan/2023:15:59:56 +0000] "GET /department_Commerce.php HTTP/1.1" 200 43944 "https://www.sbsc.in/about_department_commerce.php" "Mozilla/5.0 (Windows NT 6.3; Win64; x64) AppleWebKit/537.36 (KHTML, like Gecko) Chrome/109.0.0.0 Safari/537.36" www.sbsc.in 199.79.62.221
115.99.122.230 - - [28/Jan/2023:15:59:56 +0000] "GET /department_Commerce.php HTTP/2.0" 200 43944 "https://www.sbsc.in/about_department_commerce.php" "Mozilla/5.0 (Windows NT 6.3; Win64; x64) AppleWebKit/537.36 (KHTML, like Gecko) Chrome/109.0.0.0 Safari/537.36" www.sbsc.in 199.79.62.221
115.99.122.230 - - [28/Jan/2023:16:00:04 +0000] "GET /department/commerce/ HTTP/1.1" 403 355 "https://www.sbsc.in/department_Commerce.php" "Mozilla/5.0 (Windows NT 6.3; Win64; x64) AppleWebKit/537.36 (KHTML, like Gecko) Chrome/109.0.0.0 Safari/537.36" www.sbsc.in 199.79.62.221
115.99.122.230 - - [28/Jan/2023:16:00:04 +0000] "GET /department/commerce/ HTTP/2.0" 403 355 "https://www.sbsc.in/department_Commerce.php" "Mozilla/5.0 (Windows NT 6.3; Win64; x64) AppleWebKit/537.36 (KHTML, like Gecko) Chrome/109.0.0.0 Safari/537.36" www.sbsc.in 199.79.62.221
40.77.167.36 - - [28/Jan/2023:16:00:07 +0000] "GET /archive.php HTTP/1.1" 200 43089 "-" "Mozilla/5.0 AppleWebKit/537.36 (KHTML, like Gecko; compatible; bingbot/2.0; +http://www.bing.com/bingbot.htm) Chrome/103.0.5060.134 Safari/537.36" www.sbsc.in 199.79.62.221
40.77.167.36 - - [28/Jan/2023:16:00:07 +0000] "GET /archive.php HTTP/2.0" 200 43089 "-" "Mozilla/5.0 AppleWebKit/537.36 (KHTML, like Gecko; compatible; bingbot/2.0; +http://www.bing.com/bingbot.htm) Chrome/103.0.5060.134 Safari/537.36" www.sbsc.in 199.79.62.221
40.77.167.36 - - [28/Jan/2023:16:00:08 +0000] "GET /department_hindi.php HTTP/1.1" 200 42917 "-" "Mozilla/5.0 AppleWebKit/537.36 (KHTML, like Gecko; compatible; bingbot/2.0; +http://www.bing.com/bingbot.htm) Chrome/103.0.5060.134 Safari/537.36" www.sbsc.in 199.79.62.221
40.77.167.36 - - [28/Jan/2023:16:00:08 +0000] "GET /department_hindi.php HTTP/2.0" 200 42917 "-" "Mozilla/5.0 AppleWebKit/537.36 (KHTML, like Gecko; compatible; bingbot/2.0; +http://www.bing.com/bingbot.htm) Chrome/103.0.5060.134 Safari/537.36" www.sbsc.in 199.79.62.221
115.99.122.230 - - [28/Jan/2023:16:00:10 +0000] "GET /department/commerce/ HTTP/1.1" 403 355 "https://www.sbsc.in/department_Commerce.php" "Mozilla/5.0 (Windows NT 6.3; Win64; x64) AppleWebKit/537.36 (KHTML, like Gecko) Chrome/109.0.0.0 Safari/537.36" www.sbsc.in 199.79.62.221
115.99.122.230 - - [28/Jan/2023:16:00:10 +0000] "GET /department/commerce/ HTTP/2.0" 403 355 "https://www.sbsc.in/department_Commerce.php" "Mozilla/5.0 (Windows NT 6.3; Win64; x64) AppleWebKit/537.36 (KHTML, like Gecko) Chrome/109.0.0.0 Safari/537.36" www.sbsc.in 199.79.62.221
115.99.122.230 - - [28/Jan/2023:16:00:17 +0000] "GET /department/commerce/ HTTP/1.1" 403 355 "https://www.sbsc.in/department_Commerce.php" "Mozilla/5.0 (Windows NT 6.3; Win64; x64) AppleWebKit/537.36 (KHTML, like Gecko) Chrome/109.0.0.0 Safari/537.36" www.sbsc.in 199.79.62.221
115.99.122.230 - - [28/Jan/2023:16:00:17 +0000] "GET /department/commerce/ HTTP/2.0" 403 355 "https://www.sbsc.in/department_Commerce.php" "Mozilla/5.0 (Windows NT 6.3; Win64; x64) AppleWebKit/537.36 (KHTML, like Gecko) Chrome/109.0.0.0 Safari/537.36" www.sbsc.in 199.79.62.221
115.99.122.230 - - [28/Jan/2023:16:00:19 +0000] "GET /department/commerce/ HTTP/1.1" 403 355 "https://www.sbsc.in/department_Commerce.php" "Mozilla/5.0 (Windows NT 6.3; Win64; x64) AppleWebKit/537.36 (KHTML, like Gecko) Chrome/109.0.0.0 Safari/537.36" www.sbsc.in 199.79.62.221
115.99.122.230 - - [28/Jan/2023:16:00:19 +0000] "GET /department/commerce/ HTTP/2.0" 403 355 "https://www.sbsc.in/department_Commerce.php" "Mozilla/5.0 (Windows NT 6.3; Win64; x64) AppleWebKit/537.36 (KHTML, like Gecko) Chrome/109.0.0.0 Safari/537.36" www.sbsc.in 199.79.62.221
115.99.122.230 - - [28/Jan/2023:16:00:23 +0000] "GET /department/commerce/ HTTP/1.1" 403 355 "https://www.sbsc.in/department_Commerce.php" "Mozilla/5.0 (Windows NT 6.3; Win64; x64) AppleWebKit/537.36 (KHTML, like Gecko) Chrome/109.0.0.0 Safari/537.36" www.sbsc.in 199.79.62.221
115.99.122.230 - - [28/Jan/2023:16:00:23 +0000] "GET /department/commerce/ HTTP/2.0" 403 355 "https://www.sbsc.in/department_Commerce.php" "Mozilla/5.0 (Windows NT 6.3; Win64; x64) AppleWebKit/537.36 (KHTML, like Gecko) Chrome/109.0.0.0 Safari/537.36" www.sbsc.in 199.79.62.221
115.99.122.230 - - [28/Jan/2023:16:00:37 +0000] "GET /department/commerce/ HTTP/1.1" 403 355 "https://www.sbsc.in/department_Commerce.php" "Mozilla/5.0 (Windows NT 6.3; Win64; x64) AppleWebKit/537.36 (KHTML, like Gecko) Chrome/109.0.0.0 Safari/537.36" www.sbsc.in 199.79.62.221
115.99.122.230 - - [28/Jan/2023:16:00:37 +0000] "GET /department/commerce/ HTTP/2.0" 403 355 "https://www.sbsc.in/department_Commerce.php" "Mozilla/5.0 (Windows NT 6.3; Win64; x64) AppleWebKit/537.36 (KHTML, like Gecko) Chrome/109.0.0.0 Safari/537.36" www.sbsc.in 199.79.62.221
115.99.122.230 - - [28/Jan/2023:16:00:44 +0000] "GET /department/commerce/ HTTP/1.1" 403 355 "https://www.sbsc.in/department_Commerce.php" "Mozilla/5.0 (Windows NT 6.3; Win64; x64) AppleWebKit/537.36 (KHTML, like Gecko) Chrome/109.0.0.0 Safari/537.36" www.sbsc.in 199.79.62.221
115.99.122.230 - - [28/Jan/2023:16:00:44 +0000] "GET /department/commerce/ HTTP/2.0" 403 355 "https://www.sbsc.in/department_Commerce.php" "Mozilla/5.0 (Windows NT 6.3; Win64; x64) AppleWebKit/537.36 (KHTML, like Gecko) Chrome/109.0.0.0 Safari/537.36" www.sbsc.in 199.79.62.221
49.36.139.70 - - [28/Jan/2023:15:58:29 +0000] "GET /images/banner/3.jpg HTTP/2.0" 200 207968 "https://www.sbsc.in/" "Mozilla/5.0 (Windows NT 10.0; Win64; x64) AppleWebKit/537.36 (KHTML, like Gecko) Chrome/109.0.0.0 Safari/537.36" www.sbsc.in 199.79.62.221
182.69.181.142 - - [28/Jan/2023:16:00:46 +0000] "GET /view-all.php HTTP/1.1" 200 74210 "-" "Mozilla/5.0 (iPhone; CPU iPhone OS 16_3 like Mac OS X) AppleWebKit/605.1.15 (KHTML, like Gecko) CriOS/109.0.5414.83 Mobile/15E148 Safari/604.1" www.sbsc.in 199.79.62.221
182.69.181.142 - - [28/Jan/2023:16:00:46 +0000] "GET /view-all.php HTTP/2.0" 200 74210 "-" "Mozilla/5.0 (iPhone; CPU iPhone OS 16_3 like Mac OS X) AppleWebKit/605.1.15 (KHTML, like Gecko) CriOS/109.0.5414.83 Mobile/15E148 Safari/604.1" www.sbsc.in 199.79.62.221
115.99.122.230 - - [28/Jan/2023:16:00:49 +0000] "GET /department/commerce/ HTTP/1.1" 403 355 "https://www.sbsc.in/department_Commerce.php" "Mozilla/5.0 (Windows NT 6.3; Win64; x64) AppleWebKit/537.36 (KHTML, like Gecko) Chrome/109.0.0.0 Safari/537.36" www.sbsc.in 199.79.62.221
20.254.156.227 - - [28/Jan/2023:16:00:49 +0000] "GET / HTTP/2.0" 200 45835 "-" "Mozilla/5.0 (Windows NT 10.0; Win64; x64; rv:81.0) Gecko/20100101 Firefox/81.0" www.sbsc.in 199.79.62.221
182.69.181.142 - - [28/Jan/2023:16:00:49 +0000] "GET /favicon.ico HTTP/1.1" 404 355 "-" "Mozilla/5.0 (iPhone; CPU iPhone OS 16_3 like Mac OS X) AppleWebKit/605.1.15 (KHTML, like Gecko) CriOS/109.0.5414.83 Mobile/15E148 Safari/604.1" www.sbsc.in 199.79.62.221
182.69.181.142 - - [28/Jan/2023:16:00:49 +0000] "GET /favicon.ico HTTP/2.0" 404 355 "-" "Mozilla/5.0 (iPhone; CPU iPhone OS 16_3 like Mac OS X) AppleWebKit/605.1.15 (KHTML, like Gecko) CriOS/109.0.5414.83 Mobile/15E148 Safari/604.1" www.sbsc.in 199.79.62.221
115.99.122.230 - - [28/Jan/2023:16:00:49 +0000] "GET /department/commerce/ HTTP/2.0" 403 355 "https://www.sbsc.in/department_Commerce.php" "Mozilla/5.0 (Windows NT 6.3; Win64; x64) AppleWebKit/537.36 (KHTML, like Gecko) Chrome/109.0.0.0 Safari/537.36" www.sbsc.in 199.79.62.221
157.38.224.55 - - [28/Jan/2023:16:00:57 +0000] "GET /department/commerce/Deepika%20Swami%20CV.pdf HTTP/1.1" 200 619200 "-" "Dalvik/2.1.0 (Linux; U; Android 6.0; vivo 1609 Build/MRA58K)" www.sbsc.in 199.79.62.221
115.99.122.230 - - [28/Jan/2023:16:00:55 +0000] "GET /department/commerce/Faculty%20CV%20Proforma-Shruti.pdf HTTP/2.0" 200 633303 "https://www.sbsc.in/department_Commerce.php" "Mozilla/5.0 (Windows NT 6.3; Win64; x64) AppleWebKit/537.36 (KHTML, like Gecko) Chrome/109.0.0.0 Safari/537.36" www.sbsc.in 199.79.62.221
157.38.224.55 - - [28/Jan/2023:16:01:04 +0000] "GET /department/commerce/Deepika%20Swami%20CV.pdf HTTP/1.1" 200 619200 "-" "Dalvik/2.1.0 (Linux; U; Android 6.0; vivo 1609 Build/MRA58K)" www.sbsc.in 199.79.62.221
1.187.214.250 - - [28/Jan/2023:15:59:23 +0000] "GET /images/banner/4.jpg HTTP/2.0" 200 172167 "https://www.sbsc.in/" "Mozilla/5.0 (Linux; Android 11; CPH1989) AppleWebKit/537.36 (KHTML, like Gecko) Chrome/108.0.0.0 Mobile Safari/537.36" www.sbsc.in 199.79.62.221
49.36.139.70 - - [28/Jan/2023:15:58:29 +0000] "GET /images/banner/4.jpg HTTP/2.0" 200 172167 "https://www.sbsc.in/" "Mozilla/5.0 (Windows NT 10.0; Win64; x64) AppleWebKit/537.36 (KHTML, like Gecko) Chrome/109.0.0.0 Safari/537.36" www.sbsc.in 199.79.62.221
49.36.139.70 - - [28/Jan/2023:15:59:16 +0000] "GET /images/banner/5.jpg HTTP/2.0" 200 170926 "https://www.sbsc.in/" "Mozilla/5.0 (Windows NT 10.0; Win64; x64) AppleWebKit/537.36 (KHTML, like Gecko) Chrome/109.0.0.0 Safari/537.36" www.sbsc.in 199.79.62.221
40.77.167.36 - - [28/Jan/2023:16:01:34 +0000] "GET /uploads/pdf/UG%20Admissions%20DU%20Bulletin%20of%20Information HTTP/1.1" 404 355 "-" "Mozilla/5.0 AppleWebKit/537.36 (KHTML, like Gecko; compatible; bingbot/2.0; +http://www.bing.com/bingbot.htm) Chrome/103.0.5060.134 Safari/537.36" www.sbsc.in 199.79.62.221
40.77.167.36 - - [28/Jan/2023:16:01:34 +0000] "GET /uploads/pdf/UG%20Admissions%20DU%20Bulletin%20of%20Information HTTP/2.0" 404 355 "-" "Mozilla/5.0 AppleWebKit/537.36 (KHTML, like Gecko; compatible; bingbot/2.0; +http://www.bing.com/bingbot.htm) Chrome/103.0.5060.134 Safari/537.36" www.sbsc.in 199.79.62.221
157.55.39.26 - - [28/Jan/2023:16:01:40 +0000] "GET /prospectus_committee.php HTTP/1.1" 200 42569 "-" "Mozilla/5.0 AppleWebKit/537.36 (KHTML, like Gecko; compatible; bingbot/2.0; +http://www.bing.com/bingbot.htm) Chrome/103.0.5060.134 Safari/537.36" www.sbsc.in 199.79.62.221
157.55.39.26 - - [28/Jan/2023:16:01:39 +0000] "GET /prospectus_committee.php HTTP/2.0" 200 42569 "-" "Mozilla/5.0 AppleWebKit/537.36 (KHTML, like Gecko; compatible; bingbot/2.0; +http://www.bing.com/bingbot.htm) Chrome/103.0.5060.134 Safari/537.36" www.sbsc.in 199.79.62.221
122.162.149.231 - - [28/Jan/2023:16:01:45 +0000] "GET / HTTP/1.1" 200 45835 "https://www.google.com/" "Mozilla/5.0 (Linux; Android 11; vivo 1906) AppleWebKit/537.36 (KHTML, like Gecko) Chrome/109.0.0.0 Mobile Safari/537.36" www.sbsc.in 199.79.62.221
122.162.149.231 - - [28/Jan/2023:16:01:45 +0000] "GET / HTTP/2.0" 200 45835 "https://www.google.com/" "Mozilla/5.0 (Linux; Android 11; vivo 1906) AppleWebKit/537.36 (KHTML, like Gecko) Chrome/109.0.0.0 Mobile Safari/537.36" www.sbsc.in 199.79.62.221
122.162.149.231 - - [28/Jan/2023:16:01:46 +0000] "GET /css/bootstrap.min.css HTTP/2.0" 200 27845 "https://www.sbsc.in/" "Mozilla/5.0 (Linux; Android 11; vivo 1906) AppleWebKit/537.36 (KHTML, like Gecko) Chrome/109.0.0.0 Mobile Safari/537.36" www.sbsc.in 199.79.62.221
122.162.149.231 - - [28/Jan/2023:16:01:46 +0000] "GET /css/style.css HTTP/2.0" 200 2565 "https://www.sbsc.in/" "Mozilla/5.0 (Linux; Android 11; vivo 1906) AppleWebKit/537.36 (KHTML, like Gecko) Chrome/109.0.0.0 Mobile Safari/537.36" www.sbsc.in 199.79.62.221
122.162.149.231 - - [28/Jan/2023:16:01:46 +0000] "GET /css/style-new.css HTTP/2.0" 200 352 "https://www.sbsc.in/" "Mozilla/5.0 (Linux; Android 11; vivo 1906) AppleWebKit/537.36 (KHTML, like Gecko) Chrome/109.0.0.0 Mobile Safari/537.36" www.sbsc.in 199.79.62.221
122.162.149.231 - - [28/Jan/2023:16:01:46 +0000] "GET /cssmenu/styles.css HTTP/2.0" 200 1905 "https://www.sbsc.in/" "Mozilla/5.0 (Linux; Android 11; vivo 1906) AppleWebKit/537.36 (KHTML, like Gecko) Chrome/109.0.0.0 Mobile Safari/537.36" www.sbsc.in 199.79.62.221
122.162.149.231 - - [28/Jan/2023:16:01:46 +0000] "GET /cssmenu/script.js HTTP/2.0" 200 675 "https://www.sbsc.in/" "Mozilla/5.0 (Linux; Android 11; vivo 1906) AppleWebKit/537.36 (KHTML, like Gecko) Chrome/109.0.0.0 Mobile Safari/537.36" www.sbsc.in 199.79.62.221
122.162.149.231 - - [28/Jan/2023:16:01:46 +0000] "GET /js/animation-banner.js HTTP/2.0" 200 964 "https://www.sbsc.in/" "Mozilla/5.0 (Linux; Android 11; vivo 1906) AppleWebKit/537.36 (KHTML, like Gecko) Chrome/109.0.0.0 Mobile Safari/537.36" www.sbsc.in 199.79.62.221
49.36.139.70 - - [28/Jan/2023:16:00:46 +0000] "GET /images/banner/9.jpg HTTP/2.0" 200 167238 "https://www.sbsc.in/" "Mozilla/5.0 (Windows NT 10.0; Win64; x64) AppleWebKit/537.36 (KHTML, like Gecko) Chrome/109.0.0.0 Safari/537.36" www.sbsc.in 199.79.62.221
49.36.139.70 - - [28/Jan/2023:16:00:18 +0000] "GET /images/banner/8.jpg HTTP/2.0" 200 156850 "https://www.sbsc.in/" "Mozilla/5.0 (Windows NT 10.0; Win64; x64) AppleWebKit/537.36 (KHTML, like Gecko) Chrome/109.0.0.0 Safari/537.36" www.sbsc.in 199.79.62.221
49.36.139.70 - - [28/Jan/2023:15:59:34 +0000] "GET /images/banner/7.jpg HTTP/2.0" 200 179124 "https://www.sbsc.in/" "Mozilla/5.0 (Windows NT 10.0; Win64; x64) AppleWebKit/537.36 (KHTML, like Gecko) Chrome/109.0.0.0 Safari/537.36" www.sbsc.in 199.79.62.221
49.36.139.70 - - [28/Jan/2023:15:59:16 +0000] "GET /images/banner/6.jpg HTTP/2.0" 200 127037 "https://www.sbsc.in/" "Mozilla/5.0 (Windows NT 10.0; Win64; x64) AppleWebKit/537.36 (KHTML, like Gecko) Chrome/109.0.0.0 Safari/537.36" www.sbsc.in 199.79.62.221
122.162.149.231 - - [28/Jan/2023:16:01:47 +0000] "GET /js/jquery.js HTTP/2.0" 200 42291 "https://www.sbsc.in/" "Mozilla/5.0 (Linux; Android 11; vivo 1906) AppleWebKit/537.36 (KHTML, like Gecko) Chrome/109.0.0.0 Mobile Safari/537.36" www.sbsc.in 199.79.62.221
122.162.149.231 - - [28/Jan/2023:16:01:48 +0000] "GET /js/bootstrap.min.js HTTP/2.0" 200 13505 "https://www.sbsc.in/" "Mozilla/5.0 (Linux; Android 11; vivo 1906) AppleWebKit/537.36 (KHTML, like Gecko) Chrome/109.0.0.0 Mobile Safari/537.36" www.sbsc.in 199.79.62.221
122.162.149.231 - - [28/Jan/2023:16:01:49 +0000] "GET /paytm.jpg HTTP/2.0" 200 7167 "https://www.sbsc.in/" "Mozilla/5.0 (Linux; Android 11; vivo 1906) AppleWebKit/537.36 (KHTML, like Gecko) Chrome/109.0.0.0 Mobile Safari/537.36" www.sbsc.in 199.79.62.221
122.162.149.231 - - [28/Jan/2023:16:01:49 +0000] "GET /images/email.png HTTP/2.0" 200 1371 "https://www.sbsc.in/" "Mozilla/5.0 (Linux; Android 11; vivo 1906) AppleWebKit/537.36 (KHTML, like Gecko) Chrome/109.0.0.0 Mobile Safari/537.36" www.sbsc.in 199.79.62.221
136.226.254.167 - - [28/Jan/2023:16:01:50 +0000] "GET /uploads/pdf/1644469819_Notification.jpeg HTTP/1.1" 200 168915 "https://www.google.com/" "Mozilla/5.0 (Windows NT 10.0; Win64; x64) AppleWebKit/537.36 (KHTML, like Gecko) Chrome/108.0.0.0 Safari/537.36" www.sbsc.in 199.79.62.221
122.162.149.231 - - [28/Jan/2023:16:01:49 +0000] "GET /images/phone.png HTTP/2.0" 200 1897 "https://www.sbsc.in/" "Mozilla/5.0 (Linux; Android 11; vivo 1906) AppleWebKit/537.36 (KHTML, like Gecko) Chrome/109.0.0.0 Mobile Safari/537.36" www.sbsc.in 199.79.62.221
122.162.149.231 - - [28/Jan/2023:16:01:50 +0000] "GET /images/logo.png HTTP/2.0" 200 36072 "https://www.sbsc.in/" "Mozilla/5.0 (Linux; Android 11; vivo 1906) AppleWebKit/537.36 (KHTML, like Gecko) Chrome/109.0.0.0 Mobile Safari/537.36" www.sbsc.in 199.79.62.221
136.226.254.167 - - [28/Jan/2023:16:01:50 +0000] "GET /uploads/pdf/1644469819_Notification.jpeg HTTP/1.1" 200 168915 "https://www.google.com/" "Mozilla/5.0 (Windows NT 10.0; Win64; x64) AppleWebKit/537.36 (KHTML, like Gecko) Chrome/108.0.0.0 Safari/537.36" www.sbsc.in 199.79.62.221
115.99.122.230 - - [28/Jan/2023:16:01:53 +0000] "GET /department/commerce/ HTTP/1.1" 403 355 "https://www.sbsc.in/department_Commerce.php" "Mozilla/5.0 (Windows NT 6.3; Win64; x64) AppleWebKit/537.36 (KHTML, like Gecko) Chrome/109.0.0.0 Safari/537.36" www.sbsc.in 199.79.62.221
115.99.122.230 - - [28/Jan/2023:16:01:53 +0000] "GET /department/commerce/ HTTP/2.0" 403 355 "https://www.sbsc.in/department_Commerce.php" "Mozilla/5.0 (Windows NT 6.3; Win64; x64) AppleWebKit/537.36 (KHTML, like Gecko) Chrome/109.0.0.0 Safari/537.36" www.sbsc.in 199.79.62.221
49.36.144.52 - - [28/Jan/2023:16:01:56 +0000] "GET /view-all.php HTTP/2.0" 200 74210 "https://www.sbsc.in/Infrastructure_facility.php" "Mozilla/5.0 (Windows NT 10.0; Win64; x64) AppleWebKit/537.36 (KHTML, like Gecko) Chrome/109.0.0.0 Safari/537.36" www.sbsc.in 199.79.62.221
17.241.227.82 - - [28/Jan/2023:16:01:56 +0000] "GET /internalassessment/assesment-2021/B.A.%20(Prog.)%20Sem-IV.pdf HTTP/1.1" 200 2138543 "-" "Mozilla/5.0 (Macintosh; Intel Mac OS X 10_15_5) AppleWebKit/605.1.15 (KHTML, like Gecko) Version/13.1.1 Safari/605.1.15 (Applebot/0.1; +http://www.apple.com/go/applebot)" www.sbsc.in 199.79.62.221
115.99.122.230 - - [28/Jan/2023:16:01:58 +0000] "GET /department/commerce/ HTTP/1.1" 403 355 "https://www.sbsc.in/department_Commerce.php" "Mozilla/5.0 (Windows NT 6.3; Win64; x64) AppleWebKit/537.36 (KHTML, like Gecko) Chrome/109.0.0.0 Safari/537.36" www.sbsc.in 199.79.62.221
115.99.122.230 - - [28/Jan/2023:16:01:58 +0000] "GET /department/commerce/ HTTP/2.0" 403 355 "https://www.sbsc.in/department_Commerce.php" "Mozilla/5.0 (Windows NT 6.3; Win64; x64) AppleWebKit/537.36 (KHTML, like Gecko) Chrome/109.0.0.0 Safari/537.36" www.sbsc.in 199.79.62.221
115.99.122.230 - - [28/Jan/2023:16:02:03 +0000] "GET /department/commerce/ HTTP/1.1" 403 355 "https://www.sbsc.in/department_Commerce.php" "Mozilla/5.0 (Windows NT 6.3; Win64; x64) AppleWebKit/537.36 (KHTML, like Gecko) Chrome/109.0.0.0 Safari/537.36" www.sbsc.in 199.79.62.221
115.99.122.230 - - [28/Jan/2023:16:02:03 +0000] "GET /department/commerce/ HTTP/2.0" 403 355 "https://www.sbsc.in/department_Commerce.php" "Mozilla/5.0 (Windows NT 6.3; Win64; x64) AppleWebKit/537.36 (KHTML, like Gecko) Chrome/109.0.0.0 Safari/537.36" www.sbsc.in 199.79.62.221
115.99.122.230 - - [28/Jan/2023:16:02:05 +0000] "GET /department/commerce/Faculty%20CV-%20Shalini%20Gupta.pdf HTTP/2.0" 200 275313 "https://www.sbsc.in/department_Commerce.php" "Mozilla/5.0 (Windows NT 6.3; Win64; x64) AppleWebKit/537.36 (KHTML, like Gecko) Chrome/109.0.0.0 Safari/537.36" www.sbsc.in 199.79.62.221
49.36.144.52 - - [28/Jan/2023:16:01:58 +0000] "GET /view-all.php HTTP/2.0" 200 74210 "https://www.sbsc.in/Infrastructure_facility.php" "Mozilla/5.0 (Windows NT 10.0; Win64; x64) AppleWebKit/537.36 (KHTML, like Gecko) Chrome/109.0.0.0 Safari/537.36" www.sbsc.in 199.79.62.221
115.99.122.230 - - [28/Jan/2023:16:02:06 +0000] "GET /department/commerce/Dr.%20Shikha%20Gupta%20(1)%20CV.pdf HTTP/2.0" 200 740057 "https://www.sbsc.in/department_Commerce.php" "Mozilla/5.0 (Windows NT 6.3; Win64; x64) AppleWebKit/537.36 (KHTML, like Gecko) Chrome/109.0.0.0 Safari/537.36" www.sbsc.in 199.79.62.221
115.99.122.230 - - [28/Jan/2023:16:02:09 +0000] "GET /department/commerce/ HTTP/1.1" 403 355 "https://www.sbsc.in/department_Commerce.php" "Mozilla/5.0 (Windows NT 6.3; Win64; x64) AppleWebKit/537.36 (KHTML, like Gecko) Chrome/109.0.0.0 Safari/537.36" www.sbsc.in 199.79.62.221
115.99.122.230 - - [28/Jan/2023:16:02:09 +0000] "GET /department/commerce/ HTTP/2.0" 403 355 "https://www.sbsc.in/department_Commerce.php" "Mozilla/5.0 (Windows NT 6.3; Win64; x64) AppleWebKit/537.36 (KHTML, like Gecko) Chrome/109.0.0.0 Safari/537.36" www.sbsc.in 199.79.62.221
49.36.144.52 - - [28/Jan/2023:16:02:09 +0000] "GET /images/banner/4.jpg HTTP/2.0" 206 1 "https://www.sbsc.in/view-all.php" "Mozilla/5.0 (Windows NT 10.0; Win64; x64) AppleWebKit/537.36 (KHTML, like Gecko) Chrome/109.0.0.0 Safari/537.36" www.sbsc.in 199.79.62.221
49.36.144.52 - - [28/Jan/2023:16:02:11 +0000] "GET /images/banner/4.jpg HTTP/2.0" 206 57768 "https://www.sbsc.in/view-all.php" "Mozilla/5.0 (Windows NT 10.0; Win64; x64) AppleWebKit/537.36 (KHTML, like Gecko) Chrome/109.0.0.0 Safari/537.36" www.sbsc.in 199.79.62.221
115.99.122.230 - - [28/Jan/2023:16:02:13 +0000] "GET /department/commerce/ HTTP/1.1" 403 355 "https://www.sbsc.in/department_Commerce.php" "Mozilla/5.0 (Windows NT 6.3; Win64; x64) AppleWebKit/537.36 (KHTML, like Gecko) Chrome/109.0.0.0 Safari/537.36" www.sbsc.in 199.79.62.221
115.99.122.230 - - [28/Jan/2023:16:02:13 +0000] "GET /department/commerce/ HTTP/2.0" 403 355 "https://www.sbsc.in/department_Commerce.php" "Mozilla/5.0 (Windows NT 6.3; Win64; x64) AppleWebKit/537.36 (KHTML, like Gecko) Chrome/109.0.0.0 Safari/537.36" www.sbsc.in 199.79.62.221
115.99.122.230 - - [28/Jan/2023:16:02:14 +0000] "GET /department/commerce/ HTTP/1.1" 403 355 "https://www.sbsc.in/department_Commerce.php" "Mozilla/5.0 (Windows NT 6.3; Win64; x64) AppleWebKit/537.36 (KHTML, like Gecko) Chrome/109.0.0.0 Safari/537.36" www.sbsc.in 199.79.62.221
115.99.122.230 - - [28/Jan/2023:16:02:14 +0000] "GET /department/commerce/ HTTP/2.0" 403 355 "https://www.sbsc.in/department_Commerce.php" "Mozilla/5.0 (Windows NT 6.3; Win64; x64) AppleWebKit/537.36 (KHTML, like Gecko) Chrome/109.0.0.0 Safari/537.36" www.sbsc.in 199.79.62.221
115.99.122.230 - - [28/Jan/2023:16:02:16 +0000] "GET /department/commerce/CV-%20Vandana%20Dahiya.pdf HTTP/2.0" 200 632998 "https://www.sbsc.in/department_Commerce.php" "Mozilla/5.0 (Windows NT 6.3; Win64; x64) AppleWebKit/537.36 (KHTML, like Gecko) Chrome/109.0.0.0 Safari/537.36" www.sbsc.in 199.79.62.221
115.99.122.230 - - [28/Jan/2023:16:02:17 +0000] "GET /department/commerce/ HTTP/1.1" 403 355 "https://www.sbsc.in/department_Commerce.php" "Mozilla/5.0 (Windows NT 6.3; Win64; x64) AppleWebKit/537.36 (KHTML, like Gecko) Chrome/109.0.0.0 Safari/537.36" www.sbsc.in 199.79.62.221
115.99.122.230 - - [28/Jan/2023:16:02:17 +0000] "GET /department/commerce/ HTTP/2.0" 403 355 "https://www.sbsc.in/department_Commerce.php" "Mozilla/5.0 (Windows NT 6.3; Win64; x64) AppleWebKit/537.36 (KHTML, like Gecko) Chrome/109.0.0.0 Safari/537.36" www.sbsc.in 199.79.62.221
115.99.122.230 - - [28/Jan/2023:16:02:19 +0000] "GET /department/commerce/ HTTP/1.1" 403 355 "https://www.sbsc.in/department_Commerce.php" "Mozilla/5.0 (Windows NT 6.3; Win64; x64) AppleWebKit/537.36 (KHTML, like Gecko) Chrome/109.0.0.0 Safari/537.36" www.sbsc.in 199.79.62.221
115.99.122.230 - - [28/Jan/2023:16:02:19 +0000] "GET /department/commerce/ HTTP/2.0" 403 355 "https://www.sbsc.in/department_Commerce.php" "Mozilla/5.0 (Windows NT 6.3; Win64; x64) AppleWebKit/537.36 (KHTML, like Gecko) Chrome/109.0.0.0 Safari/537.36" www.sbsc.in 199.79.62.221
115.99.122.230 - - [28/Jan/2023:16:02:21 +0000] "GET /department/commerce/Suneel%20Kashyap%20Faculty%20CV%20Proforma.pdf HTTP/2.0" 200 1074632 "https://www.sbsc.in/department_Commerce.php" "Mozilla/5.0 (Windows NT 6.3; Win64; x64) AppleWebKit/537.36 (KHTML, like Gecko) Chrome/109.0.0.0 Safari/537.36" www.sbsc.in 199.79.62.221
115.99.122.230 - - [28/Jan/2023:16:02:24 +0000] "GET /department/commerce/ HTTP/1.1" 403 355 "https://www.sbsc.in/department_Commerce.php" "Mozilla/5.0 (Windows NT 6.3; Win64; x64) AppleWebKit/537.36 (KHTML, like Gecko) Chrome/109.0.0.0 Safari/537.36" www.sbsc.in 199.79.62.221
115.99.122.230 - - [28/Jan/2023:16:02:24 +0000] "GET /department/commerce/ HTTP/2.0" 403 355 "https://www.sbsc.in/department_Commerce.php" "Mozilla/5.0 (Windows NT 6.3; Win64; x64) AppleWebKit/537.36 (KHTML, like Gecko) Chrome/109.0.0.0 Safari/537.36" www.sbsc.in 199.79.62.221
115.99.122.230 - - [28/Jan/2023:16:02:28 +0000] "GET /department/commerce/ HTTP/1.1" 403 355 "https://www.sbsc.in/department_Commerce.php" "Mozilla/5.0 (Windows NT 6.3; Win64; x64) AppleWebKit/537.36 (KHTML, like Gecko) Chrome/109.0.0.0 Safari/537.36" www.sbsc.in 199.79.62.221
115.99.122.230 - - [28/Jan/2023:16:02:28 +0000] "GET /department/commerce/ HTTP/2.0" 403 355 "https://www.sbsc.in/department_Commerce.php" "Mozilla/5.0 (Windows NT 6.3; Win64; x64) AppleWebKit/537.36 (KHTML, like Gecko) Chrome/109.0.0.0 Safari/537.36" www.sbsc.in 199.79.62.221
115.99.122.230 - - [28/Jan/2023:16:02:30 +0000] "GET /department/commerce/Vikas%20Pangtu%20Faculty%20CV%20Proforma.pdf HTTP/2.0" 200 497399 "https://www.sbsc.in/department_Commerce.php" "Mozilla/5.0 (Windows NT 6.3; Win64; x64) AppleWebKit/537.36 (KHTML, like Gecko) Chrome/109.0.0.0 Safari/537.36" www.sbsc.in 199.79.62.221
115.99.122.230 - - [28/Jan/2023:16:02:31 +0000] "GET /department/commerce/ HTTP/1.1" 403 355 "https://www.sbsc.in/department_Commerce.php" "Mozilla/5.0 (Windows NT 6.3; Win64; x64) AppleWebKit/537.36 (KHTML, like Gecko) Chrome/109.0.0.0 Safari/537.36" www.sbsc.in 199.79.62.221
115.99.122.230 - - [28/Jan/2023:16:02:31 +0000] "GET /department/commerce/ HTTP/2.0" 403 355 "https://www.sbsc.in/department_Commerce.php" "Mozilla/5.0 (Windows NT 6.3; Win64; x64) AppleWebKit/537.36 (KHTML, like Gecko) Chrome/109.0.0.0 Safari/537.36" www.sbsc.in 199.79.62.221
115.99.122.230 - - [28/Jan/2023:16:02:32 +0000] "GET /department/commerce/Pooja%20goel%20CV.pdf HTTP/2.0" 200 631569 "https://www.sbsc.in/department_Commerce.php" "Mozilla/5.0 (Windows NT 6.3; Win64; x64) AppleWebKit/537.36 (KHTML, like Gecko) Chrome/109.0.0.0 Safari/537.36" www.sbsc.in 199.79.62.221
115.99.122.230 - - [28/Jan/2023:16:02:36 +0000] "GET /department/commerce/ HTTP/1.1" 403 355 "https://www.sbsc.in/department_Commerce.php" "Mozilla/5.0 (Windows NT 6.3; Win64; x64) AppleWebKit/537.36 (KHTML, like Gecko) Chrome/109.0.0.0 Safari/537.36" www.sbsc.in 199.79.62.221
115.99.122.230 - - [28/Jan/2023:16:02:36 +0000] "GET /department/commerce/ HTTP/2.0" 403 355 "https://www.sbsc.in/department_Commerce.php" "Mozilla/5.0 (Windows NT 6.3; Win64; x64) AppleWebKit/537.36 (KHTML, like Gecko) Chrome/109.0.0.0 Safari/537.36" www.sbsc.in 199.79.62.221
115.99.122.230 - - [28/Jan/2023:16:02:38 +0000] "GET /department/commerce/ HTTP/1.1" 403 355 "https://www.sbsc.in/department_Commerce.php" "Mozilla/5.0 (Windows NT 6.3; Win64; x64) AppleWebKit/537.36 (KHTML, like Gecko) Chrome/109.0.0.0 Safari/537.36" www.sbsc.in 199.79.62.221
115.99.122.230 - - [28/Jan/2023:16:02:38 +0000] "GET /department/commerce/ HTTP/2.0" 403 355 "https://www.sbsc.in/department_Commerce.php" "Mozilla/5.0 (Windows NT 6.3; Win64; x64) AppleWebKit/537.36 (KHTML, like Gecko) Chrome/109.0.0.0 Safari/537.36" www.sbsc.in 199.79.62.221
117.99.236.57 - - [28/Jan/2023:16:02:32 +0000] "GET /pdf/SBSC_Addvertisement.pdf HTTP/2.0" 200 5978084 "https://www.indgovtjobs.in/" "Mozilla/5.0 (Linux; Android 10; Redmi 7A) AppleWebKit/537.36 (KHTML, like Gecko) Chrome/108.0.0.0 Mobile Safari/537.36" www.sbsc.in 199.79.62.221
115.99.122.230 - - [28/Jan/2023:16:02:39 +0000] "GET /department/commerce/Sandeep%20Trehan%20Faculty%20CV%20Proforma.pdf HTTP/2.0" 200 596267 "https://www.sbsc.in/department_Commerce.php" "Mozilla/5.0 (Windows NT 6.3; Win64; x64) AppleWebKit/537.36 (KHTML, like Gecko) Chrome/109.0.0.0 Safari/537.36" www.sbsc.in 199.79.62.221
115.99.122.230 - - [28/Jan/2023:16:02:41 +0000] "GET /department/commerce/ HTTP/1.1" 403 355 "https://www.sbsc.in/department_Commerce.php" "Mozilla/5.0 (Windows NT 6.3; Win64; x64) AppleWebKit/537.36 (KHTML, like Gecko) Chrome/109.0.0.0 Safari/537.36" www.sbsc.in 199.79.62.221
115.99.122.230 - - [28/Jan/2023:16:02:41 +0000] "GET /department/commerce/ HTTP/2.0" 403 355 "https://www.sbsc.in/department_Commerce.php" "Mozilla/5.0 (Windows NT 6.3; Win64; x64) AppleWebKit/537.36 (KHTML, like Gecko) Chrome/109.0.0.0 Safari/537.36" www.sbsc.in 199.79.62.221
115.99.122.230 - - [28/Jan/2023:16:02:42 +0000] "GET /department/commerce/Meetakshi%20Pant%20Faculty%20CV%20Proforma.pdf HTTP/2.0" 200 658008 "https://www.sbsc.in/department_Commerce.php" "Mozilla/5.0 (Windows NT 6.3; Win64; x64) AppleWebKit/537.36 (KHTML, like Gecko) Chrome/109.0.0.0 Safari/537.36" www.sbsc.in 199.79.62.221
115.99.122.230 - - [28/Jan/2023:16:02:44 +0000] "GET /department/commerce/ HTTP/1.1" 403 355 "https://www.sbsc.in/department_Commerce.php" "Mozilla/5.0 (Windows NT 6.3; Win64; x64) AppleWebKit/537.36 (KHTML, like Gecko) Chrome/109.0.0.0 Safari/537.36" www.sbsc.in 199.79.62.221
115.99.122.230 - - [28/Jan/2023:16:02:44 +0000] "GET /department/commerce/ HTTP/2.0" 403 355 "https://www.sbsc.in/department_Commerce.php" "Mozilla/5.0 (Windows NT 6.3; Win64; x64) AppleWebKit/537.36 (KHTML, like Gecko) Chrome/109.0.0.0 Safari/537.36" www.sbsc.in 199.79.62.221
117.99.236.57 - - [28/Jan/2023:16:02:34 +0000] "GET /pdf/SBSC_Addvertisement.pdf HTTP/2.0" 206 3985390 "https://www.indgovtjobs.in/" "Mozilla/5.0 (Linux; Android 10; Redmi 7A) AppleWebKit/537.36 (KHTML, like Gecko) Chrome/108.0.0.0 Mobile Safari/537.36" www.sbsc.in 199.79.62.221
115.99.122.230 - - [28/Jan/2023:16:02:47 +0000] "GET /department/commerce/ HTTP/1.1" 403 355 "https://www.sbsc.in/department_Commerce.php" "Mozilla/5.0 (Windows NT 6.3; Win64; x64) AppleWebKit/537.36 (KHTML, like Gecko) Chrome/109.0.0.0 Safari/537.36" www.sbsc.in 199.79.62.221
115.99.122.230 - - [28/Jan/2023:16:02:47 +0000] "GET /department/commerce/ HTTP/2.0" 403 355 "https://www.sbsc.in/department_Commerce.php" "Mozilla/5.0 (Windows NT 6.3; Win64; x64) AppleWebKit/537.36 (KHTML, like Gecko) Chrome/109.0.0.0 Safari/537.36" www.sbsc.in 199.79.62.221
115.99.122.230 - - [28/Jan/2023:16:02:48 +0000] "GET /department/commerce/ HTTP/1.1" 403 355 "https://www.sbsc.in/department_Commerce.php" "Mozilla/5.0 (Windows NT 6.3; Win64; x64) AppleWebKit/537.36 (KHTML, like Gecko) Chrome/109.0.0.0 Safari/537.36" www.sbsc.in 199.79.62.221
115.99.122.230 - - [28/Jan/2023:16:02:48 +0000] "GET /department/commerce/ HTTP/2.0" 403 355 "https://www.sbsc.in/department_Commerce.php" "Mozilla/5.0 (Windows NT 6.3; Win64; x64) AppleWebKit/537.36 (KHTML, like Gecko) Chrome/109.0.0.0 Safari/537.36" www.sbsc.in 199.79.62.221
115.99.122.230 - - [28/Jan/2023:16:02:49 +0000] "GET /department/commerce/ HTTP/1.1" 403 355 "https://www.sbsc.in/department_Commerce.php" "Mozilla/5.0 (Windows NT 6.3; Win64; x64) AppleWebKit/537.36 (KHTML, like Gecko) Chrome/109.0.0.0 Safari/537.36" www.sbsc.in 199.79.62.221
115.99.122.230 - - [28/Jan/2023:16:02:49 +0000] "GET /department/commerce/ HTTP/2.0" 403 355 "https://www.sbsc.in/department_Commerce.php" "Mozilla/5.0 (Windows NT 6.3; Win64; x64) AppleWebKit/537.36 (KHTML, like Gecko) Chrome/109.0.0.0 Safari/537.36" www.sbsc.in 199.79.62.221
117.99.236.57 - - [28/Jan/2023:16:02:34 +0000] "GET /pdf/SBSC_Addvertisement.pdf HTTP/2.0" 206 1992696 "https://www.indgovtjobs.in/" "Mozilla/5.0 (Linux; Android 10; Redmi 7A) AppleWebKit/537.36 (KHTML, like Gecko) Chrome/108.0.0.0 Mobile Safari/537.36" www.sbsc.in 199.79.62.221
115.99.122.230 - - [28/Jan/2023:16:02:56 +0000] "GET /department/commerce/ HTTP/1.1" 403 355 "https://www.sbsc.in/department_Commerce.php" "Mozilla/5.0 (Windows NT 6.3; Win64; x64) AppleWebKit/537.36 (KHTML, like Gecko) Chrome/109.0.0.0 Safari/537.36" www.sbsc.in 199.79.62.221
115.99.122.230 - - [28/Jan/2023:16:02:56 +0000] "GET /department/commerce/ HTTP/2.0" 403 355 "https://www.sbsc.in/department_Commerce.php" "Mozilla/5.0 (Windows NT 6.3; Win64; x64) AppleWebKit/537.36 (KHTML, like Gecko) Chrome/109.0.0.0 Safari/537.36" www.sbsc.in 199.79.62.221
115.99.122.230 - - [28/Jan/2023:16:02:55 +0000] "GET /department/commerce/Faculty_CV_Proforma_Shuchi_Priya_CV%20(1).pdf HTTP/2.0" 200 645543 "https://www.sbsc.in/department_Commerce.php" "Mozilla/5.0 (Windows NT 6.3; Win64; x64) AppleWebKit/537.36 (KHTML, like Gecko) Chrome/109.0.0.0 Safari/537.36" www.sbsc.in 199.79.62.221
115.99.122.230 - - [28/Jan/2023:16:02:57 +0000] "GET /department/commerce/Pooja%20Rani%20Faculty%20CV%20Proforma.pdf HTTP/2.0" 200 584076 "https://www.sbsc.in/department_Commerce.php" "Mozilla/5.0 (Windows NT 6.3; Win64; x64) AppleWebKit/537.36 (KHTML, like Gecko) Chrome/109.0.0.0 Safari/537.36" www.sbsc.in 199.79.62.221
115.99.122.230 - - [28/Jan/2023:16:03:01 +0000] "GET /department/commerce/ HTTP/1.1" 403 355 "https://www.sbsc.in/department_Commerce.php" "Mozilla/5.0 (Windows NT 6.3; Win64; x64) AppleWebKit/537.36 (KHTML, like Gecko) Chrome/109.0.0.0 Safari/537.36" www.sbsc.in 199.79.62.221
115.99.122.230 - - [28/Jan/2023:16:03:01 +0000] "GET /department/commerce/ HTTP/2.0" 403 355 "https://www.sbsc.in/department_Commerce.php" "Mozilla/5.0 (Windows NT 6.3; Win64; x64) AppleWebKit/537.36 (KHTML, like Gecko) Chrome/109.0.0.0 Safari/537.36" www.sbsc.in 199.79.62.221
115.99.122.230 - - [28/Jan/2023:16:03:01 +0000] "GET /department/commerce/ HTTP/1.1" 403 355 "https://www.sbsc.in/department_Commerce.php" "Mozilla/5.0 (Windows NT 6.3; Win64; x64) AppleWebKit/537.36 (KHTML, like Gecko) Chrome/109.0.0.0 Safari/537.36" www.sbsc.in 199.79.62.221
115.99.122.230 - - [28/Jan/2023:16:03:01 +0000] "GET /department/commerce/ HTTP/2.0" 403 355 "https://www.sbsc.in/department_Commerce.php" "Mozilla/5.0 (Windows NT 6.3; Win64; x64) AppleWebKit/537.36 (KHTML, like Gecko) Chrome/109.0.0.0 Safari/537.36" www.sbsc.in 199.79.62.221
115.99.122.230 - - [28/Jan/2023:16:03:07 +0000] "GET /department/commerce/ HTTP/1.1" 403 355 "https://www.sbsc.in/department_Commerce.php" "Mozilla/5.0 (Windows NT 6.3; Win64; x64) AppleWebKit/537.36 (KHTML, like Gecko) Chrome/109.0.0.0 Safari/537.36" www.sbsc.in 199.79.62.221
115.99.122.230 - - [28/Jan/2023:16:03:07 +0000] "GET /department/commerce/ HTTP/2.0" 403 355 "https://www.sbsc.in/department_Commerce.php" "Mozilla/5.0 (Windows NT 6.3; Win64; x64) AppleWebKit/537.36 (KHTML, like Gecko) Chrome/109.0.0.0 Safari/537.36" www.sbsc.in 199.79.62.221
115.99.122.230 - - [28/Jan/2023:16:03:09 +0000] "GET /department/commerce/Deepika%20Swami%20CV.pdf HTTP/2.0" 200 619200 "https://www.sbsc.in/department_Commerce.php" "Mozilla/5.0 (Windows NT 6.3; Win64; x64) AppleWebKit/537.36 (KHTML, like Gecko) Chrome/109.0.0.0 Safari/537.36" www.sbsc.in 199.79.62.221
47.9.32.113 - - [28/Jan/2023:16:03:10 +0000] "GET / HTTP/2.0" 200 45835 "-" "Mozilla/5.0 (Linux; Android 11; RMX1971) AppleWebKit/537.36 (KHTML, like Gecko) Chrome/109.0.0.0 Mobile Safari/537.36" www.sbsc.in 199.79.62.221
115.99.122.230 - - [28/Jan/2023:16:03:10 +0000] "GET /department/commerce/Chandni%20Faculty%20CV%20Proforma.pdf HTTP/2.0" 200 645431 "https://www.sbsc.in/department_Commerce.php" "Mozilla/5.0 (Windows NT 6.3; Win64; x64) AppleWebKit/537.36 (KHTML, like Gecko) Chrome/109.0.0.0 Safari/537.36" www.sbsc.in 199.79.62.221
115.99.122.230 - - [28/Jan/2023:16:03:11 +0000] "GET /department/commerce/ HTTP/1.1" 403 355 "https://www.sbsc.in/department_Commerce.php" "Mozilla/5.0 (Windows NT 6.3; Win64; x64) AppleWebKit/537.36 (KHTML, like Gecko) Chrome/109.0.0.0 Safari/537.36" www.sbsc.in 199.79.62.221
47.9.32.113 - - [28/Jan/2023:16:03:11 +0000] "GET /css/bootstrap.min.css HTTP/2.0" 200 27845 "https://www.sbsc.in/" "Mozilla/5.0 (Linux; Android 11; RMX1971) AppleWebKit/537.36 (KHTML, like Gecko) Chrome/109.0.0.0 Mobile Safari/537.36" www.sbsc.in 199.79.62.221
47.9.32.113 - - [28/Jan/2023:16:03:11 +0000] "GET /css/style-new.css HTTP/2.0" 200 352 "https://www.sbsc.in/" "Mozilla/5.0 (Linux; Android 11; RMX1971) AppleWebKit/537.36 (KHTML, like Gecko) Chrome/109.0.0.0 Mobile Safari/537.36" www.sbsc.in 199.79.62.221
47.9.32.113 - - [28/Jan/2023:16:03:11 +0000] "GET /css/style.css HTTP/2.0" 200 2565 "https://www.sbsc.in/" "Mozilla/5.0 (Linux; Android 11; RMX1971) AppleWebKit/537.36 (KHTML, like Gecko) Chrome/109.0.0.0 Mobile Safari/537.36" www.sbsc.in 199.79.62.221
47.9.32.113 - - [28/Jan/2023:16:03:11 +0000] "GET /cssmenu/styles.css HTTP/2.0" 200 1905 "https://www.sbsc.in/" "Mozilla/5.0 (Linux; Android 11; RMX1971) AppleWebKit/537.36 (KHTML, like Gecko) Chrome/109.0.0.0 Mobile Safari/537.36" www.sbsc.in 199.79.62.221
47.9.32.113 - - [28/Jan/2023:16:03:11 +0000] "GET /js/animation-banner.js HTTP/2.0" 200 964 "https://www.sbsc.in/" "Mozilla/5.0 (Linux; Android 11; RMX1971) AppleWebKit/537.36 (KHTML, like Gecko) Chrome/109.0.0.0 Mobile Safari/537.36" www.sbsc.in 199.79.62.221
115.99.122.230 - - [28/Jan/2023:16:03:11 +0000] "GET /department/commerce/ HTTP/2.0" 403 355 "https://www.sbsc.in/department_Commerce.php" "Mozilla/5.0 (Windows NT 6.3; Win64; x64) AppleWebKit/537.36 (KHTML, like Gecko) Chrome/109.0.0.0 Safari/537.36" www.sbsc.in 199.79.62.221
47.9.32.113 - - [28/Jan/2023:16:03:11 +0000] "GET /cssmenu/script.js HTTP/2.0" 200 675 "https://www.sbsc.in/" "Mozilla/5.0 (Linux; Android 11; RMX1971) AppleWebKit/537.36 (KHTML, like Gecko) Chrome/109.0.0.0 Mobile Safari/537.36" www.sbsc.in 199.79.62.221
47.9.32.113 - - [28/Jan/2023:16:03:14 +0000] "GET /js/bootstrap.min.js HTTP/2.0" 200 13505 "https://www.sbsc.in/" "Mozilla/5.0 (Linux; Android 11; RMX1971) AppleWebKit/537.36 (KHTML, like Gecko) Chrome/109.0.0.0 Mobile Safari/537.36" www.sbsc.in 199.79.62.221
47.9.32.113 - - [28/Jan/2023:16:03:14 +0000] "GET /js/jquery.js HTTP/2.0" 200 42291 "https://www.sbsc.in/" "Mozilla/5.0 (Linux; Android 11; RMX1971) AppleWebKit/537.36 (KHTML, like Gecko) Chrome/109.0.0.0 Mobile Safari/537.36" www.sbsc.in 199.79.62.221
47.9.32.113 - - [28/Jan/2023:16:03:14 +0000] "GET /paytm.jpg HTTP/2.0" 200 7167 "https://www.sbsc.in/" "Mozilla/5.0 (Linux; Android 11; RMX1971) AppleWebKit/537.36 (KHTML, like Gecko) Chrome/109.0.0.0 Mobile Safari/537.36" www.sbsc.in 199.79.62.221
47.9.32.113 - - [28/Jan/2023:16:03:14 +0000] "GET /images/phone.png HTTP/2.0" 200 1897 "https://www.sbsc.in/" "Mozilla/5.0 (Linux; Android 11; RMX1971) AppleWebKit/537.36 (KHTML, like Gecko) Chrome/109.0.0.0 Mobile Safari/537.36" www.sbsc.in 199.79.62.221
47.9.32.113 - - [28/Jan/2023:16:03:14 +0000] "GET /images/email.png HTTP/2.0" 200 1371 "https://www.sbsc.in/" "Mozilla/5.0 (Linux; Android 11; RMX1971) AppleWebKit/537.36 (KHTML, like Gecko) Chrome/109.0.0.0 Mobile Safari/537.36" www.sbsc.in 199.79.62.221
47.9.32.113 - - [28/Jan/2023:16:03:14 +0000] "GET /images/logo.png HTTP/2.0" 200 36072 "https://www.sbsc.in/" "Mozilla/5.0 (Linux; Android 11; RMX1971) AppleWebKit/537.36 (KHTML, like Gecko) Chrome/109.0.0.0 Mobile Safari/537.36" www.sbsc.in 199.79.62.221
47.9.32.113 - - [28/Jan/2023:16:03:16 +0000] "GET /fonts/glyphicons-halflings-regular.woff HTTP/2.0" 200 23320 "https://www.sbsc.in/css/bootstrap.min.css" "Mozilla/5.0 (Linux; Android 11; RMX1971) AppleWebKit/537.36 (KHTML, like Gecko) Chrome/109.0.0.0 Mobile Safari/537.36" www.sbsc.in 199.79.62.221
47.9.32.113 - - [28/Jan/2023:16:03:16 +0000] "GET /images/golden-jubilee-logo.png HTTP/2.0" 200 34899 "https://www.sbsc.in/" "Mozilla/5.0 (Linux; Android 11; RMX1971) AppleWebKit/537.36 (KHTML, like Gecko) Chrome/109.0.0.0 Mobile Safari/537.36" www.sbsc.in 199.79.62.221
47.9.32.113 - - [28/Jan/2023:16:03:16 +0000] "GET /images/new.gif HTTP/2.0" 200 2455 "https://www.sbsc.in/" "Mozilla/5.0 (Linux; Android 11; RMX1971) AppleWebKit/537.36 (KHTML, like Gecko) Chrome/109.0.0.0 Mobile Safari/537.36" www.sbsc.in 199.79.62.221
47.9.32.113 - - [28/Jan/2023:16:03:16 +0000] "GET /images/symbol.jpg HTTP/2.0" 200 781 "https://www.sbsc.in/" "Mozilla/5.0 (Linux; Android 11; RMX1971) AppleWebKit/537.36 (KHTML, like Gecko) Chrome/109.0.0.0 Mobile Safari/537.36" www.sbsc.in 199.79.62.221
47.9.32.113 - - [28/Jan/2023:16:03:16 +0000] "GET /images/banner/1.jpg HTTP/2.0" 200 212471 "https://www.sbsc.in/" "Mozilla/5.0 (Linux; Android 11; RMX1971) AppleWebKit/537.36 (KHTML, like Gecko) Chrome/109.0.0.0 Mobile Safari/537.36" www.sbsc.in 199.79.62.221
115.99.122.230 - - [28/Jan/2023:16:03:13 +0000] "GET /department/commerce/Faculty%20CV%20Proforma%20rachna.pdf HTTP/2.0" 200 482948 "https://www.sbsc.in/department_Commerce.php" "Mozilla/5.0 (Windows NT 6.3; Win64; x64) AppleWebKit/537.36 (KHTML, like Gecko) Chrome/109.0.0.0 Safari/537.36" www.sbsc.in 199.79.62.221
