45.116.3.145 - - [28/Jan/2023:13:41:50 +0000] "GET /js/animation-banner.js HTTP/2.0" 200 964 "https://www.sbsc.in/" "Mozilla/5.0 (Windows NT 10.0; Win64; x64) AppleWebKit/537.36 (KHTML, like Gecko) Chrome/109.0.0.0 Safari/537.36" www.sbsc.in 199.79.62.221
45.116.3.145 - - [28/Jan/2023:13:41:50 +0000] "GET /paytm.jpg HTTP/2.0" 200 7167 "https://www.sbsc.in/" "Mozilla/5.0 (Windows NT 10.0; Win64; x64) AppleWebKit/537.36 (KHTML, like Gecko) Chrome/109.0.0.0 Safari/537.36" www.sbsc.in 199.79.62.221
45.116.3.145 - - [28/Jan/2023:13:41:50 +0000] "GET /images/phone.png HTTP/2.0" 200 1897 "https://www.sbsc.in/" "Mozilla/5.0 (Windows NT 10.0; Win64; x64) AppleWebKit/537.36 (KHTML, like Gecko) Chrome/109.0.0.0 Safari/537.36" www.sbsc.in 199.79.62.221
45.116.3.145 - - [28/Jan/2023:13:41:50 +0000] "GET /images/email.png HTTP/2.0" 200 1371 "https://www.sbsc.in/" "Mozilla/5.0 (Windows NT 10.0; Win64; x64) AppleWebKit/537.36 (KHTML, like Gecko) Chrome/109.0.0.0 Safari/537.36" www.sbsc.in 199.79.62.221
45.116.3.145 - - [28/Jan/2023:13:41:50 +0000] "GET /images/logo.png HTTP/2.0" 200 36072 "https://www.sbsc.in/" "Mozilla/5.0 (Windows NT 10.0; Win64; x64) AppleWebKit/537.36 (KHTML, like Gecko) Chrome/109.0.0.0 Safari/537.36" www.sbsc.in 199.79.62.221
45.116.3.145 - - [28/Jan/2023:13:41:50 +0000] "GET /images/golden-jubilee-logo.png HTTP/2.0" 200 34899 "https://www.sbsc.in/" "Mozilla/5.0 (Windows NT 10.0; Win64; x64) AppleWebKit/537.36 (KHTML, like Gecko) Chrome/109.0.0.0 Safari/537.36" www.sbsc.in 199.79.62.221
45.116.3.145 - - [28/Jan/2023:13:41:51 +0000] "GET /images/symbol.jpg HTTP/2.0" 200 781 "https://www.sbsc.in/" "Mozilla/5.0 (Windows NT 10.0; Win64; x64) AppleWebKit/537.36 (KHTML, like Gecko) Chrome/109.0.0.0 Safari/537.36" www.sbsc.in 199.79.62.221
45.116.3.145 - - [28/Jan/2023:13:41:51 +0000] "GET /images/new.gif HTTP/2.0" 200 2455 "https://www.sbsc.in/" "Mozilla/5.0 (Windows NT 10.0; Win64; x64) AppleWebKit/537.36 (KHTML, like Gecko) Chrome/109.0.0.0 Safari/537.36" www.sbsc.in 199.79.62.221
45.116.3.145 - - [28/Jan/2023:13:41:51 +0000] "GET /images/banner/1.jpg HTTP/2.0" 200 212471 "https://www.sbsc.in/" "Mozilla/5.0 (Windows NT 10.0; Win64; x64) AppleWebKit/537.36 (KHTML, like Gecko) Chrome/109.0.0.0 Safari/537.36" www.sbsc.in 199.79.62.221
45.116.3.145 - - [28/Jan/2023:13:41:51 +0000] "GET /images/banner/2.jpg HTTP/2.0" 200 197131 "https://www.sbsc.in/" "Mozilla/5.0 (Windows NT 10.0; Win64; x64) AppleWebKit/537.36 (KHTML, like Gecko) Chrome/109.0.0.0 Safari/537.36" www.sbsc.in 199.79.62.221
45.116.3.145 - - [28/Jan/2023:13:41:51 +0000] "GET /images/banner/3.jpg HTTP/2.0" 200 207968 "https://www.sbsc.in/" "Mozilla/5.0 (Windows NT 10.0; Win64; x64) AppleWebKit/537.36 (KHTML, like Gecko) Chrome/109.0.0.0 Safari/537.36" www.sbsc.in 199.79.62.221
45.116.3.145 - - [28/Jan/2023:13:41:51 +0000] "GET /images/banner/4.jpg HTTP/2.0" 200 172167 "https://www.sbsc.in/" "Mozilla/5.0 (Windows NT 10.0; Win64; x64) AppleWebKit/537.36 (KHTML, like Gecko) Chrome/109.0.0.0 Safari/537.36" www.sbsc.in 199.79.62.221
45.116.3.145 - - [28/Jan/2023:13:41:51 +0000] "GET /images/banner/5.jpg HTTP/2.0" 200 170926 "https://www.sbsc.in/" "Mozilla/5.0 (Windows NT 10.0; Win64; x64) AppleWebKit/537.36 (KHTML, like Gecko) Chrome/109.0.0.0 Safari/537.36" www.sbsc.in 199.79.62.221
45.116.3.145 - - [28/Jan/2023:13:41:51 +0000] "GET /images/banner/6.jpg HTTP/2.0" 200 127037 "https://www.sbsc.in/" "Mozilla/5.0 (Windows NT 10.0; Win64; x64) AppleWebKit/537.36 (KHTML, like Gecko) Chrome/109.0.0.0 Safari/537.36" www.sbsc.in 199.79.62.221
45.116.3.145 - - [28/Jan/2023:13:41:52 +0000] "GET /images/banner/9.jpg HTTP/2.0" 200 167238 "https://www.sbsc.in/" "Mozilla/5.0 (Windows NT 10.0; Win64; x64) AppleWebKit/537.36 (KHTML, like Gecko) Chrome/109.0.0.0 Safari/537.36" www.sbsc.in 199.79.62.221
45.116.3.145 - - [28/Jan/2023:13:41:52 +0000] "GET /images/banner/10.jpg HTTP/2.0" 200 211781 "https://www.sbsc.in/" "Mozilla/5.0 (Windows NT 10.0; Win64; x64) AppleWebKit/537.36 (KHTML, like Gecko) Chrome/109.0.0.0 Safari/537.36" www.sbsc.in 199.79.62.221
45.116.3.145 - - [28/Jan/2023:13:41:52 +0000] "GET /images/banner/7.jpg HTTP/2.0" 200 179124 "https://www.sbsc.in/" "Mozilla/5.0 (Windows NT 10.0; Win64; x64) AppleWebKit/537.36 (KHTML, like Gecko) Chrome/109.0.0.0 Safari/537.36" www.sbsc.in 199.79.62.221
45.116.3.145 - - [28/Jan/2023:13:41:52 +0000] "GET /js/jquery.js HTTP/2.0" 200 42291 "https://www.sbsc.in/" "Mozilla/5.0 (Windows NT 10.0; Win64; x64) AppleWebKit/537.36 (KHTML, like Gecko) Chrome/109.0.0.0 Safari/537.36" www.sbsc.in 199.79.62.221
45.116.3.145 - - [28/Jan/2023:13:41:52 +0000] "GET /images/banner/8.jpg HTTP/2.0" 200 156850 "https://www.sbsc.in/" "Mozilla/5.0 (Windows NT 10.0; Win64; x64) AppleWebKit/537.36 (KHTML, like Gecko) Chrome/109.0.0.0 Safari/537.36" www.sbsc.in 199.79.62.221
45.116.3.145 - - [28/Jan/2023:13:41:52 +0000] "GET /images/banner/11.jpg HTTP/2.0" 200 186118 "https://www.sbsc.in/" "Mozilla/5.0 (Windows NT 10.0; Win64; x64) AppleWebKit/537.36 (KHTML, like Gecko) Chrome/109.0.0.0 Safari/537.36" www.sbsc.in 199.79.62.221
45.116.3.145 - - [28/Jan/2023:13:41:52 +0000] "GET /images/banner/12.jpg HTTP/2.0" 200 153729 "https://www.sbsc.in/" "Mozilla/5.0 (Windows NT 10.0; Win64; x64) AppleWebKit/537.36 (KHTML, like Gecko) Chrome/109.0.0.0 Safari/537.36" www.sbsc.in 199.79.62.221
45.116.3.145 - - [28/Jan/2023:13:41:52 +0000] "GET /images/jubliee-img.jpg HTTP/2.0" 200 88706 "https://www.sbsc.in/" "Mozilla/5.0 (Windows NT 10.0; Win64; x64) AppleWebKit/537.36 (KHTML, like Gecko) Chrome/109.0.0.0 Safari/537.36" www.sbsc.in 199.79.62.221
45.116.3.145 - - [28/Jan/2023:13:41:52 +0000] "GET /images/alumini.jpg HTTP/2.0" 200 50947 "https://www.sbsc.in/" "Mozilla/5.0 (Windows NT 10.0; Win64; x64) AppleWebKit/537.36 (KHTML, like Gecko) Chrome/109.0.0.0 Safari/537.36" www.sbsc.in 199.79.62.221
45.116.3.145 - - [28/Jan/2023:13:41:52 +0000] "GET /images/associations.jpg HTTP/2.0" 200 31703 "https://www.sbsc.in/" "Mozilla/5.0 (Windows NT 10.0; Win64; x64) AppleWebKit/537.36 (KHTML, like Gecko) Chrome/109.0.0.0 Safari/537.36" www.sbsc.in 199.79.62.221
45.116.3.145 - - [28/Jan/2023:13:41:52 +0000] "GET /images/tour-img.jpg HTTP/2.0" 200 65976 "https://www.sbsc.in/" "Mozilla/5.0 (Windows NT 10.0; Win64; x64) AppleWebKit/537.36 (KHTML, like Gecko) Chrome/109.0.0.0 Safari/537.36" www.sbsc.in 199.79.62.221
45.116.3.145 - - [28/Jan/2023:13:41:52 +0000] "GET /images/IMG-20210727-WA0011.jpg HTTP/2.0" 200 154646 "https://www.sbsc.in/" "Mozilla/5.0 (Windows NT 10.0; Win64; x64) AppleWebKit/537.36 (KHTML, like Gecko) Chrome/109.0.0.0 Safari/537.36" www.sbsc.in 199.79.62.221
45.116.3.145 - - [28/Jan/2023:13:41:52 +0000] "GET /images/event.jpg HTTP/2.0" 200 3517 "https://www.sbsc.in/" "Mozilla/5.0 (Windows NT 10.0; Win64; x64) AppleWebKit/537.36 (KHTML, like Gecko) Chrome/109.0.0.0 Safari/537.36" www.sbsc.in 199.79.62.221
45.116.3.145 - - [28/Jan/2023:13:41:52 +0000] "GET /images/research-img.jpg HTTP/2.0" 200 3596 "https://www.sbsc.in/" "Mozilla/5.0 (Windows NT 10.0; Win64; x64) AppleWebKit/537.36 (KHTML, like Gecko) Chrome/109.0.0.0 Safari/537.36" www.sbsc.in 199.79.62.221
45.116.3.145 - - [28/Jan/2023:13:41:52 +0000] "GET /images/publication-img.jpg HTTP/2.0" 200 4561 "https://www.sbsc.in/" "Mozilla/5.0 (Windows NT 10.0; Win64; x64) AppleWebKit/537.36 (KHTML, like Gecko) Chrome/109.0.0.0 Safari/537.36" www.sbsc.in 199.79.62.221
45.116.3.145 - - [28/Jan/2023:13:41:52 +0000] "GET /images/Conference.jpg HTTP/2.0" 200 3631 "https://www.sbsc.in/" "Mozilla/5.0 (Windows NT 10.0; Win64; x64) AppleWebKit/537.36 (KHTML, like Gecko) Chrome/109.0.0.0 Safari/537.36" www.sbsc.in 199.79.62.221
45.116.3.145 - - [28/Jan/2023:13:41:52 +0000] "GET /js/bootstrap.min.js HTTP/2.0" 200 13505 "https://www.sbsc.in/" "Mozilla/5.0 (Windows NT 10.0; Win64; x64) AppleWebKit/537.36 (KHTML, like Gecko) Chrome/109.0.0.0 Safari/537.36" www.sbsc.in 199.79.62.221
45.116.3.145 - - [28/Jan/2023:13:41:52 +0000] "GET /images/latest_news.png HTTP/2.0" 200 2953 "https://www.sbsc.in/" "Mozilla/5.0 (Windows NT 10.0; Win64; x64) AppleWebKit/537.36 (KHTML, like Gecko) Chrome/109.0.0.0 Safari/537.36" sbsc.in 199.79.62.221
66.249.75.106 - - [28/Jan/2023:13:41:57 +0000] "GET /International-Coordination-and-Development-Programme.php HTTP/1.1" 200 43930 "-" "Mozilla/5.0 (Linux; Android 6.0.1; Nexus 5X Build/MMB29P) AppleWebKit/537.36 (KHTML, like Gecko) Chrome/109.0.5414.101 Mobile Safari/537.36 (compatible; Googlebot/2.1; +http://www.google.com/bot.html)" www.sbsc.in 199.79.62.221
66.249.75.106 - - [28/Jan/2023:13:41:57 +0000] "GET /International-Coordination-and-Development-Programme.php HTTP/1.1" 200 43930 "-" "Mozilla/5.0 (Linux; Android 6.0.1; Nexus 5X Build/MMB29P) AppleWebKit/537.36 (KHTML, like Gecko) Chrome/109.0.5414.101 Mobile Safari/537.36 (compatible; Googlebot/2.1; +http://www.google.com/bot.html)" www.sbsc.in 199.79.62.221
171.48.90.90 - - [28/Jan/2023:13:41:08 +0000] "GET /images/IMG-20210727-WA0011.jpg HTTP/2.0" 200 154646 "https://www.sbsc.in/" "Mozilla/5.0 (Linux; Android 11; CPH2239) AppleWebKit/537.36 (KHTML, like Gecko) Chrome/106.0.0.0 Mobile Safari/537.36" www.sbsc.in 199.79.62.221
171.48.90.90 - - [28/Jan/2023:13:41:08 +0000] "GET /images/event.jpg HTTP/2.0" 200 3517 "https://www.sbsc.in/" "Mozilla/5.0 (Linux; Android 11; CPH2239) AppleWebKit/537.36 (KHTML, like Gecko) Chrome/106.0.0.0 Mobile Safari/537.36" www.sbsc.in 199.79.62.221
171.48.90.90 - - [28/Jan/2023:13:41:08 +0000] "GET /images/research-img.jpg HTTP/2.0" 200 3596 "https://www.sbsc.in/" "Mozilla/5.0 (Linux; Android 11; CPH2239) AppleWebKit/537.36 (KHTML, like Gecko) Chrome/106.0.0.0 Mobile Safari/537.36" www.sbsc.in 199.79.62.221
171.48.90.90 - - [28/Jan/2023:13:41:08 +0000] "GET /images/publication-img.jpg HTTP/2.0" 200 4561 "https://www.sbsc.in/" "Mozilla/5.0 (Linux; Android 11; CPH2239) AppleWebKit/537.36 (KHTML, like Gecko) Chrome/106.0.0.0 Mobile Safari/537.36" www.sbsc.in 199.79.62.221
171.48.90.90 - - [28/Jan/2023:13:41:08 +0000] "GET /images/Conference.jpg HTTP/2.0" 200 3631 "https://www.sbsc.in/" "Mozilla/5.0 (Linux; Android 11; CPH2239) AppleWebKit/537.36 (KHTML, like Gecko) Chrome/106.0.0.0 Mobile Safari/537.36" www.sbsc.in 199.79.62.221
171.48.90.90 - - [28/Jan/2023:13:41:08 +0000] "GET /images/latest_news.png HTTP/2.0" 200 2953 "https://www.sbsc.in/" "Mozilla/5.0 (Linux; Android 11; CPH2239) AppleWebKit/537.36 (KHTML, like Gecko) Chrome/106.0.0.0 Mobile Safari/537.36" sbsc.in 199.79.62.221
171.48.90.90 - - [28/Jan/2023:13:41:08 +0000] "GET /images/placement1.JPG HTTP/2.0" 200 540391 "https://www.sbsc.in/" "Mozilla/5.0 (Linux; Android 11; CPH2239) AppleWebKit/537.36 (KHTML, like Gecko) Chrome/106.0.0.0 Mobile Safari/537.36" www.sbsc.in 199.79.62.221
45.116.3.145 - - [28/Jan/2023:13:41:52 +0000] "GET /images/placement1.JPG HTTP/2.0" 200 11070724 "https://www.sbsc.in/" "Mozilla/5.0 (Windows NT 10.0; Win64; x64) AppleWebKit/537.36 (KHTML, like Gecko) Chrome/109.0.0.0 Safari/537.36" www.sbsc.in 199.79.62.221
152.58.178.4 - - [28/Jan/2023:13:42:18 +0000] "GET /uploads/pdf/1644645235_Marks_516___Bachelor_of_Arts_(Honours_Course)_(Hindi),_5,_SEMESTER,_2021-2022-DECEMBER_REGULAR,_IA.pdf HTTP/2.0" 200 163824 "https://www.google.com/" "Mozilla/5.0 (Linux; Android 13; V2202) AppleWebKit/537.36 (KHTML, like Gecko) Chrome/109.0.0.0 Mobile Safari/537.36" www.sbsc.in 199.79.62.221
66.249.75.108 - - [28/Jan/2023:13:42:40 +0000] "GET /images/symbol.jpg HTTP/1.1" 200 781 "https://www.sbsc.in/International-Coordination-and-Development-Programme.php" "Mozilla/5.0 (Linux; Android 6.0.1; Nexus 5X Build/MMB29P) AppleWebKit/537.36 (KHTML, like Gecko) Chrome/109.0.5414.101 Mobile Safari/537.36 (compatible; Googlebot/2.1; +http://www.google.com/bot.html)" www.sbsc.in 199.79.62.221
45.116.3.145 - - [28/Jan/2023:13:42:45 +0000] "GET / HTTP/2.0" 200 45835 "https://www.google.com/" "Mozilla/5.0 (Windows NT 10.0; Win64; x64) AppleWebKit/537.36 (KHTML, like Gecko) Chrome/109.0.0.0 Safari/537.36" www.sbsc.in 199.79.62.221
66.249.75.106 - - [28/Jan/2023:13:42:51 +0000] "GET /images/new.gif HTTP/1.1" 200 2455 "https://www.sbsc.in/International-Coordination-and-Development-Programme.php" "Mozilla/5.0 (Linux; Android 6.0.1; Nexus 5X Build/MMB29P) AppleWebKit/537.36 (KHTML, like Gecko) Chrome/109.0.5414.101 Mobile Safari/537.36 (compatible; Googlebot/2.1; +http://www.google.com/bot.html)" www.sbsc.in 199.79.62.221
66.249.75.106 - - [28/Jan/2023:13:42:57 +0000] "GET /fonts/glyphicons-halflings-regular.woff HTTP/1.1" 200 23320 "https://www.sbsc.in/css/bootstrap.min.css" "Mozilla/5.0 (Linux; Android 6.0.1; Nexus 5X Build/MMB29P) AppleWebKit/537.36 (KHTML, like Gecko) Chrome/109.0.5414.101 Mobile Safari/537.36 (compatible; Googlebot/2.1; +http://www.google.com/bot.html)" www.sbsc.in 199.79.62.221
122.161.52.68 - - [28/Jan/2023:13:43:04 +0000] "GET / HTTP/2.0" 200 45835 "https://www.google.com/" "Mozilla/5.0 (Linux; Android 12; SM-T500) AppleWebKit/537.36 (KHTML, like Gecko) Chrome/108.0.0.0 Safari/537.36" www.sbsc.in 199.79.62.221
122.161.52.68 - - [28/Jan/2023:13:43:07 +0000] "GET /images/placement1.JPG HTTP/2.0" 206 1 "https://www.sbsc.in/" "Mozilla/5.0 (Linux; Android 12; SM-T500) AppleWebKit/537.36 (KHTML, like Gecko) Chrome/108.0.0.0 Safari/537.36" www.sbsc.in 199.79.62.221
66.249.75.108 - - [28/Jan/2023:13:43:08 +0000] "GET /golden-jubilee-celebrations.php HTTP/1.1" 200 43563 "-" "Mozilla/5.0 (Linux; Android 6.0.1; Nexus 5X Build/MMB29P) AppleWebKit/537.36 (KHTML, like Gecko) Chrome/109.0.5414.101 Mobile Safari/537.36 (compatible; Googlebot/2.1; +http://www.google.com/bot.html)" www.sbsc.in 199.79.62.221
66.249.75.108 - - [28/Jan/2023:13:43:08 +0000] "GET /golden-jubilee-celebrations.php HTTP/1.1" 200 43563 "-" "Mozilla/5.0 (Linux; Android 6.0.1; Nexus 5X Build/MMB29P) AppleWebKit/537.36 (KHTML, like Gecko) Chrome/109.0.5414.101 Mobile Safari/537.36 (compatible; Googlebot/2.1; +http://www.google.com/bot.html)" www.sbsc.in 199.79.62.221
66.249.75.110 - - [28/Jan/2023:13:43:12 +0000] "GET /images/Golden-Jubilee-Function/1.jpg HTTP/1.1" 200 157742 "https://www.sbsc.in/golden-jubilee-celebrations.php" "Mozilla/5.0 (Linux; Android 6.0.1; Nexus 5X Build/MMB29P) AppleWebKit/537.36 (KHTML, like Gecko) Chrome/109.0.5414.101 Mobile Safari/537.36 (compatible; Googlebot/2.1; +http://www.google.com/bot.html)" www.sbsc.in 199.79.62.221
66.249.75.108 - - [28/Jan/2023:13:43:12 +0000] "GET /images/Golden-Jubilee-Function/2.jpg HTTP/1.1" 200 147386 "https://www.sbsc.in/golden-jubilee-celebrations.php" "Mozilla/5.0 (Linux; Android 6.0.1; Nexus 5X Build/MMB29P) AppleWebKit/537.36 (KHTML, like Gecko) Chrome/109.0.5414.101 Mobile Safari/537.36 (compatible; Googlebot/2.1; +http://www.google.com/bot.html)" www.sbsc.in 199.79.62.221
66.249.75.108 - - [28/Jan/2023:13:43:14 +0000] "GET /images/Golden-Jubilee-Function/3.jpg HTTP/1.1" 200 150580 "https://www.sbsc.in/golden-jubilee-celebrations.php" "Mozilla/5.0 (Linux; Android 6.0.1; Nexus 5X Build/MMB29P) AppleWebKit/537.36 (KHTML, like Gecko) Chrome/109.0.5414.101 Mobile Safari/537.36 (compatible; Googlebot/2.1; +http://www.google.com/bot.html)" www.sbsc.in 199.79.62.221
66.249.75.106 - - [28/Jan/2023:13:43:17 +0000] "GET /images/Golden-Jubilee-Function/4.jpg HTTP/1.1" 200 145823 "https://www.sbsc.in/golden-jubilee-celebrations.php" "Mozilla/5.0 (Linux; Android 6.0.1; Nexus 5X Build/MMB29P) AppleWebKit/537.36 (KHTML, like Gecko) Chrome/109.0.5414.101 Mobile Safari/537.36 (compatible; Googlebot/2.1; +http://www.google.com/bot.html)" www.sbsc.in 199.79.62.221
66.249.75.106 - - [28/Jan/2023:13:43:17 +0000] "GET /images/Golden-Jubilee-Function/5.jpg HTTP/1.1" 200 130930 "https://www.sbsc.in/golden-jubilee-celebrations.php" "Mozilla/5.0 (Linux; Android 6.0.1; Nexus 5X Build/MMB29P) AppleWebKit/537.36 (KHTML, like Gecko) Chrome/109.0.5414.101 Mobile Safari/537.36 (compatible; Googlebot/2.1; +http://www.google.com/bot.html)" www.sbsc.in 199.79.62.221
66.249.75.106 - - [28/Jan/2023:13:43:20 +0000] "GET /images/Golden-Jubilee-Function/6.jpg HTTP/1.1" 200 151523 "https://www.sbsc.in/golden-jubilee-celebrations.php" "Mozilla/5.0 (Linux; Android 6.0.1; Nexus 5X Build/MMB29P) AppleWebKit/537.36 (KHTML, like Gecko) Chrome/109.0.5414.101 Mobile Safari/537.36 (compatible; Googlebot/2.1; +http://www.google.com/bot.html)" www.sbsc.in 199.79.62.221
66.249.75.106 - - [28/Jan/2023:13:43:21 +0000] "GET /images/Golden-Jubilee-Function/7.jpg HTTP/1.1" 200 145915 "https://www.sbsc.in/golden-jubilee-celebrations.php" "Mozilla/5.0 (Linux; Android 6.0.1; Nexus 5X Build/MMB29P) AppleWebKit/537.36 (KHTML, like Gecko) Chrome/109.0.5414.101 Mobile Safari/537.36 (compatible; Googlebot/2.1; +http://www.google.com/bot.html)" www.sbsc.in 199.79.62.221
66.249.75.106 - - [28/Jan/2023:13:43:21 +0000] "GET /images/Golden-Jubilee-Function/8.jpg HTTP/1.1" 200 141714 "https://www.sbsc.in/golden-jubilee-celebrations.php" "Mozilla/5.0 (Linux; Android 6.0.1; Nexus 5X Build/MMB29P) AppleWebKit/537.36 (KHTML, like Gecko) Chrome/109.0.5414.101 Mobile Safari/537.36 (compatible; Googlebot/2.1; +http://www.google.com/bot.html)" www.sbsc.in 199.79.62.221
66.249.75.106 - - [28/Jan/2023:13:43:23 +0000] "GET /images/Golden-Jubilee-Function/9.jpg HTTP/1.1" 200 132190 "https://www.sbsc.in/golden-jubilee-celebrations.php" "Mozilla/5.0 (Linux; Android 6.0.1; Nexus 5X Build/MMB29P) AppleWebKit/537.36 (KHTML, like Gecko) Chrome/109.0.5414.101 Mobile Safari/537.36 (compatible; Googlebot/2.1; +http://www.google.com/bot.html)" www.sbsc.in 199.79.62.221
66.249.75.106 - - [28/Jan/2023:13:43:27 +0000] "GET /images/Golden-Jubilee-Function/10.jpg HTTP/1.1" 200 183017 "https://www.sbsc.in/golden-jubilee-celebrations.php" "Mozilla/5.0 (Linux; Android 6.0.1; Nexus 5X Build/MMB29P) AppleWebKit/537.36 (KHTML, like Gecko) Chrome/109.0.5414.101 Mobile Safari/537.36 (compatible; Googlebot/2.1; +http://www.google.com/bot.html)" www.sbsc.in 199.79.62.221
66.249.75.106 - - [28/Jan/2023:13:43:30 +0000] "GET /images/Golden-Jubilee-Function/12.jpg HTTP/1.1" 200 110257 "https://www.sbsc.in/golden-jubilee-celebrations.php" "Mozilla/5.0 (Linux; Android 6.0.1; Nexus 5X Build/MMB29P) AppleWebKit/537.36 (KHTML, like Gecko) Chrome/109.0.5414.101 Mobile Safari/537.36 (compatible; Googlebot/2.1; +http://www.google.com/bot.html)" www.sbsc.in 199.79.62.221
66.249.75.106 - - [28/Jan/2023:13:43:31 +0000] "GET /images/Golden-Jubilee-Function/13.jpg HTTP/1.1" 200 117029 "https://www.sbsc.in/golden-jubilee-celebrations.php" "Mozilla/5.0 (Linux; Android 6.0.1; Nexus 5X Build/MMB29P) AppleWebKit/537.36 (KHTML, like Gecko) Chrome/109.0.5414.101 Mobile Safari/537.36 (compatible; Googlebot/2.1; +http://www.google.com/bot.html)" www.sbsc.in 199.79.62.221
66.249.75.106 - - [28/Jan/2023:13:43:32 +0000] "GET /images/Golden-Jubilee-Function/14.jpg HTTP/1.1" 200 204065 "https://www.sbsc.in/golden-jubilee-celebrations.php" "Mozilla/5.0 (Linux; Android 6.0.1; Nexus 5X Build/MMB29P) AppleWebKit/537.36 (KHTML, like Gecko) Chrome/109.0.5414.101 Mobile Safari/537.36 (compatible; Googlebot/2.1; +http://www.google.com/bot.html)" www.sbsc.in 199.79.62.221
122.161.52.68 - - [28/Jan/2023:13:43:30 +0000] "GET /appointment-of-assistant-professors.php HTTP/2.0" 200 42596 "https://www.sbsc.in/" "Mozilla/5.0 (Linux; Android 12; SM-T500) AppleWebKit/537.36 (KHTML, like Gecko) Chrome/108.0.0.0 Safari/537.36" www.sbsc.in 199.79.62.221
157.55.39.26 - - [28/Jan/2023:13:43:33 +0000] "GET /news.php HTTP/1.1" 200 42599 "-" "Mozilla/5.0 AppleWebKit/537.36 (KHTML, like Gecko; compatible; bingbot/2.0; +http://www.bing.com/bingbot.htm) Chrome/103.0.5060.134 Safari/537.36" www.sbsc.in 199.79.62.221
66.249.75.106 - - [28/Jan/2023:13:43:35 +0000] "GET /images/Golden-Jubilee-Function/15.jpg HTTP/1.1" 200 120807 "https://www.sbsc.in/golden-jubilee-celebrations.php" "Mozilla/5.0 (Linux; Android 6.0.1; Nexus 5X Build/MMB29P) AppleWebKit/537.36 (KHTML, like Gecko) Chrome/109.0.5414.101 Mobile Safari/537.36 (compatible; Googlebot/2.1; +http://www.google.com/bot.html)" www.sbsc.in 199.79.62.221
122.161.52.68 - - [28/Jan/2023:13:43:07 +0000] "GET /images/placement1.JPG HTTP/2.0" 206 3268289 "https://www.sbsc.in/" "Mozilla/5.0 (Linux; Android 12; SM-T500) AppleWebKit/537.36 (KHTML, like Gecko) Chrome/108.0.0.0 Safari/537.36" www.sbsc.in 199.79.62.221
157.55.39.26 - - [28/Jan/2023:13:43:33 +0000] "GET /news.php HTTP/2.0" 200 42599 "-" "Mozilla/5.0 AppleWebKit/537.36 (KHTML, like Gecko; compatible; bingbot/2.0; +http://www.bing.com/bingbot.htm) Chrome/103.0.5060.134 Safari/537.36" www.sbsc.in 199.79.62.221
66.249.75.106 - - [28/Jan/2023:13:43:39 +0000] "GET /images/Golden-Jubilee-Function/16.jpg HTTP/1.1" 200 146858 "https://www.sbsc.in/golden-jubilee-celebrations.php" "Mozilla/5.0 (Linux; Android 6.0.1; Nexus 5X Build/MMB29P) AppleWebKit/537.36 (KHTML, like Gecko) Chrome/109.0.5414.101 Mobile Safari/537.36 (compatible; Googlebot/2.1; +http://www.google.com/bot.html)" www.sbsc.in 199.79.62.221
66.249.75.106 - - [28/Jan/2023:13:43:40 +0000] "GET /images/Golden-Jubilee-Function/17.jpg HTTP/1.1" 200 161513 "https://www.sbsc.in/golden-jubilee-celebrations.php" "Mozilla/5.0 (Linux; Android 6.0.1; Nexus 5X Build/MMB29P) AppleWebKit/537.36 (KHTML, like Gecko) Chrome/109.0.5414.101 Mobile Safari/537.36 (compatible; Googlebot/2.1; +http://www.google.com/bot.html)" www.sbsc.in 199.79.62.221
72.14.201.143 - - [28/Jan/2023:13:44:22 +0000] "GET /open-book-examination.php HTTP/2.0" 200 44315 "-" "Mozilla/5.0 (Linux; Android 10; K) AppleWebKit/537.36 (KHTML, like Gecko) Chrome/105.0.0.0 Mobile Safari/537.36" www.sbsc.in 199.79.62.221
51.142.189.158 - - [28/Jan/2023:13:44:24 +0000] "GET /view-all.php HTTP/2.0" 200 74210 "-" "Mozilla/5.0 (Windows NT 10.0; Win64; x64; rv:81.0) Gecko/20100101 Firefox/81.0" www.sbsc.in 199.79.62.221
114.119.145.183 - - [28/Jan/2023:13:44:27 +0000] "GET /images/ncc/11.jpg HTTP/1.1" 406 226 "https://www.sbsc.in/ncc.php" "Mozilla/5.0 (Linux; Android 7.0;) AppleWebKit/537.36 (KHTML, like Gecko) Mobile Safari/537.36 (compatible; PetalBot;+https://webmaster.petalsearch.com/site/petalbot)" www.sbsc.in 199.79.62.221
122.161.52.68 - - [28/Jan/2023:13:44:25 +0000] "GET /view-all.php HTTP/2.0" 200 74210 "https://www.sbsc.in/appointment-of-assistant-professors.php" "Mozilla/5.0 (Linux; Android 12; SM-T500) AppleWebKit/537.36 (KHTML, like Gecko) Chrome/108.0.0.0 Safari/537.36" www.sbsc.in 199.79.62.221
40.77.167.36 - - [28/Jan/2023:13:44:46 +0000] "GET /uploads/pdf/1600055117_07092020_additional-facility.pdf HTTP/2.0" 200 197067 "-" "Mozilla/5.0 AppleWebKit/537.36 (KHTML, like Gecko; compatible; bingbot/2.0; +http://www.bing.com/bingbot.htm) Chrome/103.0.5060.134 Safari/537.36" sbsc.in 199.79.62.221
223.233.5.192 - - [28/Jan/2023:13:45:18 +0000] "GET /pdf/resources/1588678378_Unit_1__Hindi.pdf HTTP/2.0" 404 355 "-" "Mozilla/5.0 (Linux; U; Android 10; en-in; M2010J19CI Build/QKQ1.200830.002) AppleWebKit/537.36 (KHTML, like Gecko) Chrome/87.0.4280.101 Mobile Safari/537.36 PHX/8.3" www.sbsc.in 199.79.62.221
223.233.5.192 - - [28/Jan/2023:13:45:21 +0000] "GET /favicon.ico HTTP/1.1" 404 355 "https://www.sbsc.in/pdf/resources/1588678378_Unit_1__Hindi.pdf" "Mozilla/5.0 (Linux; U; Android 10; en-in; M2010J19CI Build/QKQ1.200830.002) AppleWebKit/537.36 (KHTML, like Gecko) Chrome/87.0.4280.101 Mobile Safari/537.36 PHX/8.3" www.sbsc.in 199.79.62.221
223.233.5.192 - - [28/Jan/2023:13:45:22 +0000] "GET /favicon.ico HTTP/1.1" 404 355 "-" "okhttp/3.12.1" www.sbsc.in 199.79.62.221
223.233.5.192 - - [28/Jan/2023:13:45:22 +0000] "GET /favicon.ico HTTP/1.1" 404 355 "-" "okhttp/3.12.1" www.sbsc.in 199.79.62.221
223.233.5.192 - - [28/Jan/2023:13:45:21 +0000] "GET /favicon.ico HTTP/2.0" 404 355 "https://www.sbsc.in/pdf/resources/1588678378_Unit_1__Hindi.pdf" "Mozilla/5.0 (Linux; U; Android 10; en-in; M2010J19CI Build/QKQ1.200830.002) AppleWebKit/537.36 (KHTML, like Gecko) Chrome/87.0.4280.101 Mobile Safari/537.36 PHX/8.3" www.sbsc.in 199.79.62.221
66.249.75.106 - - [28/Jan/2023:13:45:32 +0000] "GET /internal_assessment.php/internalassessment/internalassessment/uploads/pdf/1604295163_SBSC__Fourth_Cut_Off_2020-21.pdf HTTP/1.1" 200 43991 "-" "Mozilla/5.0 (Windows NT 10.0; Win64; x64)AppleWebKit/537.36 (KHTML, like Gecko) Chrome/91.0.4472.101 Safari/537.36 (compatible; GoogleOther)" www.sbsc.in 199.79.62.221
40.77.167.81 - - [28/Jan/2023:13:45:38 +0000] "GET /internal_assessment.php/internalassessment/assesment-2021/uploads/pdf/1575539567_B.Com._(H)_1st_Year.pdf HTTP/2.0" 200 43991 "-" "Mozilla/5.0 AppleWebKit/537.36 (KHTML, like Gecko; compatible; bingbot/2.0; +http://www.bing.com/bingbot.htm) Chrome/103.0.5060.134 Safari/537.36" www.sbsc.in 199.79.62.221
20.81.124.159 - - [28/Jan/2023:13:45:49 +0000] "GET / HTTP/2.0" 200 45835 "-" "Mozilla/5.0 (Windows NT 10.0; Win64; x64; rv:81.0) Gecko/20100101 Firefox/81.0" www.sbsc.in 199.79.62.221
66.249.75.108 - - [28/Jan/2023:13:45:51 +0000] "GET /College_News.php HTTP/1.1" 200 42550 "-" "Mozilla/5.0 (Linux; Android 6.0.1; Nexus 5X Build/MMB29P) AppleWebKit/537.36 (KHTML, like Gecko) Chrome/109.0.5414.101 Mobile Safari/537.36 (compatible; Googlebot/2.1; +http://www.google.com/bot.html)" www.sbsc.in 199.79.62.221
66.249.75.108 - - [28/Jan/2023:13:45:51 +0000] "GET /College_News.php HTTP/1.1" 200 42550 "-" "Mozilla/5.0 (Linux; Android 6.0.1; Nexus 5X Build/MMB29P) AppleWebKit/537.36 (KHTML, like Gecko) Chrome/109.0.5414.101 Mobile Safari/537.36 (compatible; Googlebot/2.1; +http://www.google.com/bot.html)" www.sbsc.in 199.79.62.221
122.162.144.246 - - [28/Jan/2023:13:45:50 +0000] "GET / HTTP/2.0" 200 45835 "https://www.bing.com/" "Mozilla/5.0 (Windows NT 10.0; Win64; x64) AppleWebKit/537.36 (KHTML, like Gecko) Chrome/109.0.0.0 Safari/537.36 Edg/109.0.1518.70" www.sbsc.in 199.79.62.221
122.162.144.246 - - [28/Jan/2023:13:45:53 +0000] "GET /favicon.ico HTTP/1.1" 404 355 "https://www.sbsc.in/" "Mozilla/5.0 (Windows NT 10.0; Win64; x64) AppleWebKit/537.36 (KHTML, like Gecko) Chrome/109.0.0.0 Safari/537.36 Edg/109.0.1518.70" www.sbsc.in 199.79.62.221
122.162.144.246 - - [28/Jan/2023:13:45:53 +0000] "GET /favicon.ico HTTP/2.0" 404 355 "https://www.sbsc.in/" "Mozilla/5.0 (Windows NT 10.0; Win64; x64) AppleWebKit/537.36 (KHTML, like Gecko) Chrome/109.0.0.0 Safari/537.36 Edg/109.0.1518.70" www.sbsc.in 199.79.62.221
66.249.75.110 - - [28/Jan/2023:13:46:08 +0000] "GET /images/college-in-news/6.png HTTP/1.1" 200 587016 "https://www.sbsc.in/College_News.php" "Mozilla/5.0 (Linux; Android 6.0.1; Nexus 5X Build/MMB29P) AppleWebKit/537.36 (KHTML, like Gecko) Chrome/109.0.5414.101 Mobile Safari/537.36 (compatible; Googlebot/2.1; +http://www.google.com/bot.html)" www.sbsc.in 199.79.62.221
122.162.144.246 - - [28/Jan/2023:13:46:10 +0000] "GET /about_department_commerce.php HTTP/2.0" 200 44829 "https://www.sbsc.in/" "Mozilla/5.0 (Windows NT 10.0; Win64; x64) AppleWebKit/537.36 (KHTML, like Gecko) Chrome/109.0.0.0 Safari/537.36 Edg/109.0.1518.70" www.sbsc.in 199.79.62.221
66.249.75.106 - - [28/Jan/2023:13:46:12 +0000] "GET /images/college-in-news/7.png HTTP/1.1" 200 739009 "https://www.sbsc.in/College_News.php" "Mozilla/5.0 (Linux; Android 6.0.1; Nexus 5X Build/MMB29P) AppleWebKit/537.36 (KHTML, like Gecko) Chrome/109.0.5414.101 Mobile Safari/537.36 (compatible; Googlebot/2.1; +http://www.google.com/bot.html)" www.sbsc.in 199.79.62.221
66.249.75.108 - - [28/Jan/2023:13:46:15 +0000] "GET /internal_assessment.php/internalassessment/Nov-Dec18/pdf/uploads/pdf/1628576670_Notice.pdf HTTP/1.1" 200 43991 "-" "Mozilla/5.0 (Windows NT 10.0; Win64; x64)AppleWebKit/537.36 (KHTML, like Gecko) Chrome/91.0.4472.101 Safari/537.36 (compatible; GoogleOther)" www.sbsc.in 199.79.62.221
122.162.144.246 - - [28/Jan/2023:13:46:12 +0000] "GET /images/Commerce-img.jpg HTTP/2.0" 200 238633 "https://www.sbsc.in/about_department_commerce.php" "Mozilla/5.0 (Windows NT 10.0; Win64; x64) AppleWebKit/537.36 (KHTML, like Gecko) Chrome/109.0.0.0 Safari/537.36 Edg/109.0.1518.70" www.sbsc.in 199.79.62.221
122.162.144.246 - - [28/Jan/2023:13:46:17 +0000] "GET /images/Commerce-img2.jpg HTTP/2.0" 200 257231 "https://www.sbsc.in/about_department_commerce.php" "Mozilla/5.0 (Windows NT 10.0; Win64; x64) AppleWebKit/537.36 (KHTML, like Gecko) Chrome/109.0.0.0 Safari/537.36 Edg/109.0.1518.70" www.sbsc.in 199.79.62.221
122.162.144.246 - - [28/Jan/2023:13:46:17 +0000] "GET /about_department_commerce.php HTTP/2.0" 200 44829 "https://www.sbsc.in/about_department_commerce.php" "Mozilla/5.0 (Windows NT 10.0; Win64; x64) AppleWebKit/537.36 (KHTML, like Gecko) Chrome/109.0.0.0 Safari/537.36 Edg/109.0.1518.70" www.sbsc.in 199.79.62.221
122.162.144.246 - - [28/Jan/2023:13:46:17 +0000] "GET /images/Commerce-img3.jpg HTTP/2.0" 200 242131 "https://www.sbsc.in/about_department_commerce.php" "Mozilla/5.0 (Windows NT 10.0; Win64; x64) AppleWebKit/537.36 (KHTML, like Gecko) Chrome/109.0.0.0 Safari/537.36 Edg/109.0.1518.70" www.sbsc.in 199.79.62.221
66.249.75.106 - - [28/Jan/2023:13:46:24 +0000] "GET /images/college-in-news/1.jpg HTTP/1.1" 200 99080 "https://www.sbsc.in/College_News.php" "Mozilla/5.0 (Linux; Android 6.0.1; Nexus 5X Build/MMB29P) AppleWebKit/537.36 (KHTML, like Gecko) Chrome/109.0.5414.101 Mobile Safari/537.36 (compatible; Googlebot/2.1; +http://www.google.com/bot.html)" www.sbsc.in 199.79.62.221
122.162.144.246 - - [28/Jan/2023:13:46:24 +0000] "GET /images/Commerce-img3.jpg HTTP/2.0" 206 1 "https://www.sbsc.in/about_department_commerce.php" "Mozilla/5.0 (Windows NT 10.0; Win64; x64) AppleWebKit/537.36 (KHTML, like Gecko) Chrome/109.0.0.0 Safari/537.36 Edg/109.0.1518.70" www.sbsc.in 199.79.62.221
66.249.75.106 - - [28/Jan/2023:13:46:27 +0000] "GET /images/college-in-news/2.jpg HTTP/1.1" 200 105226 "https://www.sbsc.in/College_News.php" "Mozilla/5.0 (Linux; Android 6.0.1; Nexus 5X Build/MMB29P) AppleWebKit/537.36 (KHTML, like Gecko) Chrome/109.0.5414.101 Mobile Safari/537.36 (compatible; Googlebot/2.1; +http://www.google.com/bot.html)" www.sbsc.in 199.79.62.221
66.249.75.106 - - [28/Jan/2023:13:46:28 +0000] "GET /images/event2.jpg HTTP/1.1" 200 254123 "https://www.sbsc.in/College_News.php" "Mozilla/5.0 (Linux; Android 6.0.1; Nexus 5X Build/MMB29P) AppleWebKit/537.36 (KHTML, like Gecko) Chrome/109.0.5414.101 Mobile Safari/537.36 (compatible; Googlebot/2.1; +http://www.google.com/bot.html)" www.sbsc.in 199.79.62.221
66.249.75.106 - - [28/Jan/2023:13:46:30 +0000] "GET /images/event1.jpg HTTP/1.1" 200 74716 "https://www.sbsc.in/College_News.php" "Mozilla/5.0 (Linux; Android 6.0.1; Nexus 5X Build/MMB29P) AppleWebKit/537.36 (KHTML, like Gecko) Chrome/109.0.5414.101 Mobile Safari/537.36 (compatible; Googlebot/2.1; +http://www.google.com/bot.html)" www.sbsc.in 199.79.62.221
122.162.144.246 - - [28/Jan/2023:13:46:28 +0000] "GET /images/Commerce-img3.jpg HTTP/2.0" 206 209381 "https://www.sbsc.in/about_department_commerce.php" "Mozilla/5.0 (Windows NT 10.0; Win64; x64) AppleWebKit/537.36 (KHTML, like Gecko) Chrome/109.0.0.0 Safari/537.36 Edg/109.0.1518.70" www.sbsc.in 199.79.62.221
66.249.75.106 - - [28/Jan/2023:13:46:33 +0000] "GET /pdf/resources/1588326376_Accounting_and_control_of_wastage.pdf HTTP/1.1" 404 355 "-" "Mozilla/5.0 (Linux; Android 6.0.1; Nexus 5X Build/MMB29P) AppleWebKit/537.36 (KHTML, like Gecko) Chrome/109.0.5414.101 Mobile Safari/537.36 (compatible; Googlebot/2.1; +http://www.google.com/bot.html)" www.sbsc.in 199.79.62.221
122.162.144.246 - - [28/Jan/2023:13:46:34 +0000] "GET /department_Commerce.php HTTP/2.0" 200 43944 "https://www.sbsc.in/about_department_commerce.php" "Mozilla/5.0 (Windows NT 10.0; Win64; x64) AppleWebKit/537.36 (KHTML, like Gecko) Chrome/109.0.0.0 Safari/537.36 Edg/109.0.1518.70" www.sbsc.in 199.79.62.221
139.167.235.232 - - [28/Jan/2023:13:46:56 +0000] "GET / HTTP/2.0" 200 45835 "-" "Mozilla/5.0 (iPhone; CPU iPhone OS 15_5 like Mac OS X) AppleWebKit/605.1.15 (KHTML, like Gecko) CriOS/109.0.5414.83 Mobile/15E148 Safari/604.1" www.sbsc.in 199.79.62.221
122.162.144.246 - - [28/Jan/2023:13:46:58 +0000] "GET /department/commerce/ HTTP/1.1" 403 355 "https://www.sbsc.in/department_Commerce.php" "Mozilla/5.0 (Windows NT 10.0; Win64; x64) AppleWebKit/537.36 (KHTML, like Gecko) Chrome/109.0.0.0 Safari/537.36 Edg/109.0.1518.70" www.sbsc.in 199.79.62.221
122.162.144.246 - - [28/Jan/2023:13:46:58 +0000] "GET /department/commerce/ HTTP/2.0" 403 355 "https://www.sbsc.in/department_Commerce.php" "Mozilla/5.0 (Windows NT 10.0; Win64; x64) AppleWebKit/537.36 (KHTML, like Gecko) Chrome/109.0.0.0 Safari/537.36 Edg/109.0.1518.70" www.sbsc.in 199.79.62.221
66.249.75.108 - - [28/Jan/2023:13:47:01 +0000] "GET /internal_assessment/uploads/pdf/1535363795_b33841edfad99f649f4af4a05da51301.pdf HTTP/1.1" 404 355 "-" "Mozilla/5.0 (Windows NT 10.0; Win64; x64)AppleWebKit/537.36 (KHTML, like Gecko) Chrome/91.0.4472.101 Safari/537.36 (compatible; GoogleOther)" www.sbsc.in 199.79.62.221
66.249.75.108 - - [28/Jan/2023:13:47:11 +0000] "GET /internal_assessment.php/internalassessment/pdf/uploads/pdf/1652448700_E-Commerce_Practical_Exam_Notice_for_BCom_Sem_IV.pdf HTTP/1.1" 200 43991 "-" "Mozilla/5.0 (Windows NT 10.0; Win64; x64)AppleWebKit/537.36 (KHTML, like Gecko) Chrome/91.0.4472.101 Safari/537.36 (compatible; GoogleOther)" www.sbsc.in 199.79.62.221
66.249.75.108 - - [28/Jan/2023:13:47:11 +0000] "GET /admission-of-reserved.php HTTP/1.1" 200 45055 "-" "Mozilla/5.0 (Linux; Android 6.0.1; Nexus 5X Build/MMB29P) AppleWebKit/537.36 (KHTML, like Gecko) Chrome/109.0.5414.101 Mobile Safari/537.36 (compatible; Googlebot/2.1; +http://www.google.com/bot.html)" www.sbsc.in 199.79.62.221
66.249.75.108 - - [28/Jan/2023:13:47:11 +0000] "GET /admission-of-reserved.php HTTP/1.1" 200 45055 "-" "Mozilla/5.0 (Linux; Android 6.0.1; Nexus 5X Build/MMB29P) AppleWebKit/537.36 (KHTML, like Gecko) Chrome/109.0.5414.101 Mobile Safari/537.36 (compatible; Googlebot/2.1; +http://www.google.com/bot.html)" www.sbsc.in 199.79.62.221
37.111.134.35 - - [28/Jan/2023:13:47:17 +0000] "GET /pdf/resources/1588766398_AUG14010111.pdf HTTP/2.0" 404 355 "https://www.google.com/" "Mozilla/5.0 (Linux; Android 8.1.0; CPH1909) AppleWebKit/537.36 (KHTML, like Gecko) Chrome/109.0.0.0 Mobile Safari/537.36" www.sbsc.in 199.79.62.221
37.111.134.35 - - [28/Jan/2023:13:47:18 +0000] "GET /favicon.ico HTTP/1.1" 404 355 "https://www.sbsc.in/pdf/resources/1588766398_AUG14010111.pdf" "Mozilla/5.0 (Linux; Android 8.1.0; CPH1909) AppleWebKit/537.36 (KHTML, like Gecko) Chrome/109.0.0.0 Mobile Safari/537.36" www.sbsc.in 199.79.62.221
37.111.134.35 - - [28/Jan/2023:13:47:18 +0000] "GET /favicon.ico HTTP/2.0" 404 355 "https://www.sbsc.in/pdf/resources/1588766398_AUG14010111.pdf" "Mozilla/5.0 (Linux; Android 8.1.0; CPH1909) AppleWebKit/537.36 (KHTML, like Gecko) Chrome/109.0.0.0 Mobile Safari/537.36" www.sbsc.in 199.79.62.221
157.37.177.134 - - [28/Jan/2023:13:47:32 +0000] "GET / HTTP/2.0" 200 45835 "https://www.google.com/" "Mozilla/5.0 (Linux; Android 12; SM-M317F) AppleWebKit/537.36 (KHTML, like Gecko) Chrome/109.0.0.0 Mobile Safari/537.36" www.sbsc.in 199.79.62.221
27.62.197.247 - - [28/Jan/2023:13:47:40 +0000] "GET / HTTP/2.0" 200 45835 "https://www.google.com/" "Mozilla/5.0 (Linux; Android 11; CPH2213) AppleWebKit/537.36 (KHTML, like Gecko) Chrome/109.0.0.0 Mobile Safari/537.36" www.sbsc.in 199.79.62.221
37.111.134.35 - - [28/Jan/2023:13:47:36 +0000] "GET /pdf/resources/1588766398_AUG14010111.pdf HTTP/2.0" 404 355 "https://www.google.com/" "Mozilla/5.0 (Linux; Android 8.1.0; CPH1909) AppleWebKit/537.36 (KHTML, like Gecko) Chrome/109.0.0.0 Mobile Safari/537.36" www.sbsc.in 199.79.62.221
27.62.197.247 - - [28/Jan/2023:13:47:41 +0000] "GET /css/style.css HTTP/2.0" 200 2565 "https://www.sbsc.in/" "Mozilla/5.0 (Linux; Android 11; CPH2213) AppleWebKit/537.36 (KHTML, like Gecko) Chrome/109.0.0.0 Mobile Safari/537.36" www.sbsc.in 199.79.62.221
27.62.197.247 - - [28/Jan/2023:13:47:41 +0000] "GET /css/style-new.css HTTP/2.0" 200 352 "https://www.sbsc.in/" "Mozilla/5.0 (Linux; Android 11; CPH2213) AppleWebKit/537.36 (KHTML, like Gecko) Chrome/109.0.0.0 Mobile Safari/537.36" www.sbsc.in 199.79.62.221
27.62.197.247 - - [28/Jan/2023:13:47:41 +0000] "GET /cssmenu/styles.css HTTP/2.0" 200 1905 "https://www.sbsc.in/" "Mozilla/5.0 (Linux; Android 11; CPH2213) AppleWebKit/537.36 (KHTML, like Gecko) Chrome/109.0.0.0 Mobile Safari/537.36" www.sbsc.in 199.79.62.221
27.62.197.247 - - [28/Jan/2023:13:47:41 +0000] "GET /cssmenu/script.js HTTP/2.0" 200 675 "https://www.sbsc.in/" "Mozilla/5.0 (Linux; Android 11; CPH2213) AppleWebKit/537.36 (KHTML, like Gecko) Chrome/109.0.0.0 Mobile Safari/537.36" www.sbsc.in 199.79.62.221
27.62.197.247 - - [28/Jan/2023:13:47:41 +0000] "GET /js/animation-banner.js HTTP/2.0" 200 964 "https://www.sbsc.in/" "Mozilla/5.0 (Linux; Android 11; CPH2213) AppleWebKit/537.36 (KHTML, like Gecko) Chrome/109.0.0.0 Mobile Safari/537.36" www.sbsc.in 199.79.62.221
27.62.197.247 - - [28/Jan/2023:13:47:41 +0000] "GET /css/bootstrap.min.css HTTP/2.0" 200 27845 "https://www.sbsc.in/" "Mozilla/5.0 (Linux; Android 11; CPH2213) AppleWebKit/537.36 (KHTML, like Gecko) Chrome/109.0.0.0 Mobile Safari/537.36" www.sbsc.in 199.79.62.221
27.62.197.247 - - [28/Jan/2023:13:47:41 +0000] "GET /js/bootstrap.min.js HTTP/2.0" 200 13505 "https://www.sbsc.in/" "Mozilla/5.0 (Linux; Android 11; CPH2213) AppleWebKit/537.36 (KHTML, like Gecko) Chrome/109.0.0.0 Mobile Safari/537.36" www.sbsc.in 199.79.62.221
27.62.197.247 - - [28/Jan/2023:13:47:41 +0000] "GET /js/jquery.js HTTP/2.0" 200 42291 "https://www.sbsc.in/" "Mozilla/5.0 (Linux; Android 11; CPH2213) AppleWebKit/537.36 (KHTML, like Gecko) Chrome/109.0.0.0 Mobile Safari/537.36" www.sbsc.in 199.79.62.221
27.62.197.247 - - [28/Jan/2023:13:47:42 +0000] "GET /paytm.jpg HTTP/2.0" 200 7167 "https://www.sbsc.in/" "Mozilla/5.0 (Linux; Android 11; CPH2213) AppleWebKit/537.36 (KHTML, like Gecko) Chrome/109.0.0.0 Mobile Safari/537.36" www.sbsc.in 199.79.62.221
27.62.197.247 - - [28/Jan/2023:13:47:42 +0000] "GET /images/email.png HTTP/2.0" 200 1371 "https://www.sbsc.in/" "Mozilla/5.0 (Linux; Android 11; CPH2213) AppleWebKit/537.36 (KHTML, like Gecko) Chrome/109.0.0.0 Mobile Safari/537.36" www.sbsc.in 199.79.62.221
27.62.197.247 - - [28/Jan/2023:13:47:42 +0000] "GET /images/phone.png HTTP/2.0" 200 1897 "https://www.sbsc.in/" "Mozilla/5.0 (Linux; Android 11; CPH2213) AppleWebKit/537.36 (KHTML, like Gecko) Chrome/109.0.0.0 Mobile Safari/537.36" www.sbsc.in 199.79.62.221
27.62.197.247 - - [28/Jan/2023:13:47:42 +0000] "GET /images/logo.png HTTP/2.0" 200 36072 "https://www.sbsc.in/" "Mozilla/5.0 (Linux; Android 11; CPH2213) AppleWebKit/537.36 (KHTML, like Gecko) Chrome/109.0.0.0 Mobile Safari/537.36" www.sbsc.in 199.79.62.221
27.62.197.247 - - [28/Jan/2023:13:47:42 +0000] "GET /images/new.gif HTTP/2.0" 200 2455 "https://www.sbsc.in/" "Mozilla/5.0 (Linux; Android 11; CPH2213) AppleWebKit/537.36 (KHTML, like Gecko) Chrome/109.0.0.0 Mobile Safari/537.36" www.sbsc.in 199.79.62.221
27.62.197.247 - - [28/Jan/2023:13:47:42 +0000] "GET /images/golden-jubilee-logo.png HTTP/2.0" 200 34899 "https://www.sbsc.in/" "Mozilla/5.0 (Linux; Android 11; CPH2213) AppleWebKit/537.36 (KHTML, like Gecko) Chrome/109.0.0.0 Mobile Safari/537.36" www.sbsc.in 199.79.62.221
27.62.197.247 - - [28/Jan/2023:13:47:42 +0000] "GET /images/banner/4.jpg HTTP/2.0" 200 172167 "https://www.sbsc.in/" "Mozilla/5.0 (Linux; Android 11; CPH2213) AppleWebKit/537.36 (KHTML, like Gecko) Chrome/109.0.0.0 Mobile Safari/537.36" www.sbsc.in 199.79.62.221
27.62.197.247 - - [28/Jan/2023:13:47:42 +0000] "GET /images/symbol.jpg HTTP/2.0" 200 781 "https://www.sbsc.in/" "Mozilla/5.0 (Linux; Android 11; CPH2213) AppleWebKit/537.36 (KHTML, like Gecko) Chrome/109.0.0.0 Mobile Safari/537.36" www.sbsc.in 199.79.62.221
27.62.197.247 - - [28/Jan/2023:13:47:42 +0000] "GET /images/banner/1.jpg HTTP/2.0" 200 212471 "https://www.sbsc.in/" "Mozilla/5.0 (Linux; Android 11; CPH2213) AppleWebKit/537.36 (KHTML, like Gecko) Chrome/109.0.0.0 Mobile Safari/537.36" www.sbsc.in 199.79.62.221
27.62.197.247 - - [28/Jan/2023:13:47:42 +0000] "GET /images/banner/2.jpg HTTP/2.0" 200 197131 "https://www.sbsc.in/" "Mozilla/5.0 (Linux; Android 11; CPH2213) AppleWebKit/537.36 (KHTML, like Gecko) Chrome/109.0.0.0 Mobile Safari/537.36" www.sbsc.in 199.79.62.221
27.62.197.247 - - [28/Jan/2023:13:47:42 +0000] "GET /images/latest_news.png HTTP/2.0" 200 2953 "https://www.sbsc.in/" "Mozilla/5.0 (Linux; Android 11; CPH2213) AppleWebKit/537.36 (KHTML, like Gecko) Chrome/109.0.0.0 Mobile Safari/537.36" sbsc.in 199.79.62.221
27.62.197.247 - - [28/Jan/2023:13:47:42 +0000] "GET /images/banner/3.jpg HTTP/2.0" 200 207968 "https://www.sbsc.in/" "Mozilla/5.0 (Linux; Android 11; CPH2213) AppleWebKit/537.36 (KHTML, like Gecko) Chrome/109.0.0.0 Mobile Safari/537.36" www.sbsc.in 199.79.62.221
27.62.197.247 - - [28/Jan/2023:13:47:42 +0000] "GET /images/banner/5.jpg HTTP/2.0" 200 170926 "https://www.sbsc.in/" "Mozilla/5.0 (Linux; Android 11; CPH2213) AppleWebKit/537.36 (KHTML, like Gecko) Chrome/109.0.0.0 Mobile Safari/537.36" www.sbsc.in 199.79.62.221
27.62.197.247 - - [28/Jan/2023:13:47:42 +0000] "GET /images/banner/6.jpg HTTP/2.0" 200 127037 "https://www.sbsc.in/" "Mozilla/5.0 (Linux; Android 11; CPH2213) AppleWebKit/537.36 (KHTML, like Gecko) Chrome/109.0.0.0 Mobile Safari/537.36" www.sbsc.in 199.79.62.221
27.62.197.247 - - [28/Jan/2023:13:47:42 +0000] "GET /images/banner/7.jpg HTTP/2.0" 200 179124 "https://www.sbsc.in/" "Mozilla/5.0 (Linux; Android 11; CPH2213) AppleWebKit/537.36 (KHTML, like Gecko) Chrome/109.0.0.0 Mobile Safari/537.36" www.sbsc.in 199.79.62.221
27.62.197.247 - - [28/Jan/2023:13:47:43 +0000] "GET /fonts/glyphicons-halflings-regular.woff HTTP/2.0" 200 23320 "https://www.sbsc.in/css/bootstrap.min.css" "Mozilla/5.0 (Linux; Android 11; CPH2213) AppleWebKit/537.36 (KHTML, like Gecko) Chrome/109.0.0.0 Mobile Safari/537.36" www.sbsc.in 199.79.62.221
27.62.197.247 - - [28/Jan/2023:13:47:42 +0000] "GET /images/banner/8.jpg HTTP/2.0" 200 156850 "https://www.sbsc.in/" "Mozilla/5.0 (Linux; Android 11; CPH2213) AppleWebKit/537.36 (KHTML, like Gecko) Chrome/109.0.0.0 Mobile Safari/537.36" www.sbsc.in 199.79.62.221
27.62.197.247 - - [28/Jan/2023:13:47:42 +0000] "GET /images/banner/9.jpg HTTP/2.0" 200 167238 "https://www.sbsc.in/" "Mozilla/5.0 (Linux; Android 11; CPH2213) AppleWebKit/537.36 (KHTML, like Gecko) Chrome/109.0.0.0 Mobile Safari/537.36" www.sbsc.in 199.79.62.221
27.62.197.247 - - [28/Jan/2023:13:47:42 +0000] "GET /images/banner/10.jpg HTTP/2.0" 200 211781 "https://www.sbsc.in/" "Mozilla/5.0 (Linux; Android 11; CPH2213) AppleWebKit/537.36 (KHTML, like Gecko) Chrome/109.0.0.0 Mobile Safari/537.36" www.sbsc.in 199.79.62.221
27.62.197.247 - - [28/Jan/2023:13:47:42 +0000] "GET /images/banner/11.jpg HTTP/2.0" 200 186118 "https://www.sbsc.in/" "Mozilla/5.0 (Linux; Android 11; CPH2213) AppleWebKit/537.36 (KHTML, like Gecko) Chrome/109.0.0.0 Mobile Safari/537.36" www.sbsc.in 199.79.62.221
27.62.197.247 - - [28/Jan/2023:13:47:42 +0000] "GET /images/banner/12.jpg HTTP/2.0" 200 153729 "https://www.sbsc.in/" "Mozilla/5.0 (Linux; Android 11; CPH2213) AppleWebKit/537.36 (KHTML, like Gecko) Chrome/109.0.0.0 Mobile Safari/537.36" www.sbsc.in 199.79.62.221
27.62.197.247 - - [28/Jan/2023:13:47:42 +0000] "GET /images/jubliee-img.jpg HTTP/2.0" 200 88706 "https://www.sbsc.in/" "Mozilla/5.0 (Linux; Android 11; CPH2213) AppleWebKit/537.36 (KHTML, like Gecko) Chrome/109.0.0.0 Mobile Safari/537.36" www.sbsc.in 199.79.62.221
27.62.197.247 - - [28/Jan/2023:13:47:42 +0000] "GET /images/alumini.jpg HTTP/2.0" 200 50947 "https://www.sbsc.in/" "Mozilla/5.0 (Linux; Android 11; CPH2213) AppleWebKit/537.36 (KHTML, like Gecko) Chrome/109.0.0.0 Mobile Safari/537.36" www.sbsc.in 199.79.62.221
27.62.197.247 - - [28/Jan/2023:13:47:42 +0000] "GET /images/associations.jpg HTTP/2.0" 200 31703 "https://www.sbsc.in/" "Mozilla/5.0 (Linux; Android 11; CPH2213) AppleWebKit/537.36 (KHTML, like Gecko) Chrome/109.0.0.0 Mobile Safari/537.36" www.sbsc.in 199.79.62.221
27.62.197.247 - - [28/Jan/2023:13:47:42 +0000] "GET /images/tour-img.jpg HTTP/2.0" 200 65976 "https://www.sbsc.in/" "Mozilla/5.0 (Linux; Android 11; CPH2213) AppleWebKit/537.36 (KHTML, like Gecko) Chrome/109.0.0.0 Mobile Safari/537.36" www.sbsc.in 199.79.62.221
27.62.197.247 - - [28/Jan/2023:13:47:42 +0000] "GET /images/IMG-20210727-WA0011.jpg HTTP/2.0" 200 154646 "https://www.sbsc.in/" "Mozilla/5.0 (Linux; Android 11; CPH2213) AppleWebKit/537.36 (KHTML, like Gecko) Chrome/109.0.0.0 Mobile Safari/537.36" www.sbsc.in 199.79.62.221
27.62.197.247 - - [28/Jan/2023:13:47:42 +0000] "GET /images/event.jpg HTTP/2.0" 200 3517 "https://www.sbsc.in/" "Mozilla/5.0 (Linux; Android 11; CPH2213) AppleWebKit/537.36 (KHTML, like Gecko) Chrome/109.0.0.0 Mobile Safari/537.36" www.sbsc.in 199.79.62.221
27.62.197.247 - - [28/Jan/2023:13:47:42 +0000] "GET /images/research-img.jpg HTTP/2.0" 200 3596 "https://www.sbsc.in/" "Mozilla/5.0 (Linux; Android 11; CPH2213) AppleWebKit/537.36 (KHTML, like Gecko) Chrome/109.0.0.0 Mobile Safari/537.36" www.sbsc.in 199.79.62.221
27.62.197.247 - - [28/Jan/2023:13:47:42 +0000] "GET /images/publication-img.jpg HTTP/2.0" 200 4561 "https://www.sbsc.in/" "Mozilla/5.0 (Linux; Android 11; CPH2213) AppleWebKit/537.36 (KHTML, like Gecko) Chrome/109.0.0.0 Mobile Safari/537.36" www.sbsc.in 199.79.62.221
27.62.197.247 - - [28/Jan/2023:13:47:42 +0000] "GET /images/Conference.jpg HTTP/2.0" 200 3631 "https://www.sbsc.in/" "Mozilla/5.0 (Linux; Android 11; CPH2213) AppleWebKit/537.36 (KHTML, like Gecko) Chrome/109.0.0.0 Mobile Safari/537.36" www.sbsc.in 199.79.62.221
157.55.39.26 - - [28/Jan/2023:13:47:44 +0000] "GET /internal_assessment.php/internalassessment/internalassessment/assesment-2021/pdf/uploads/pdf/1638165288_BCP1_Sectionwise_22-11-2021.pdf HTTP/2.0" 200 43991 "-" "Mozilla/5.0 AppleWebKit/537.36 (KHTML, like Gecko; compatible; bingbot/2.0; +http://www.bing.com/bingbot.htm) Chrome/103.0.5060.134 Safari/537.36" www.sbsc.in 199.79.62.221
157.37.177.134 - - [28/Jan/2023:13:47:47 +0000] "GET /department_Commerce.php HTTP/2.0" 200 43944 "https://www.sbsc.in/" "Mozilla/5.0 (Linux; Android 12; SM-M317F) AppleWebKit/537.36 (KHTML, like Gecko) Chrome/109.0.0.0 Mobile Safari/537.36" www.sbsc.in 199.79.62.221
157.37.177.134 - - [28/Jan/2023:13:47:56 +0000] "GET /department/commerce/ HTTP/1.1" 403 355 "https://www.sbsc.in/department_Commerce.php" "Mozilla/5.0 (Linux; Android 12; SM-M317F) AppleWebKit/537.36 (KHTML, like Gecko) Chrome/109.0.0.0 Mobile Safari/537.36" www.sbsc.in 199.79.62.221
157.37.177.134 - - [28/Jan/2023:13:47:56 +0000] "GET /department/commerce/ HTTP/2.0" 403 355 "https://www.sbsc.in/department_Commerce.php" "Mozilla/5.0 (Linux; Android 12; SM-M317F) AppleWebKit/537.36 (KHTML, like Gecko) Chrome/109.0.0.0 Mobile Safari/537.36" www.sbsc.in 199.79.62.221
182.69.183.38 - - [28/Jan/2023:13:48:28 +0000] "GET / HTTP/2.0" 200 45835 "https://www.google.com/" "Mozilla/5.0 (Linux; Android 13; SM-T733) AppleWebKit/537.36 (KHTML, like Gecko) Chrome/109.0.0.0 Safari/537.36" www.sbsc.in 199.79.62.221
182.69.183.38 - - [28/Jan/2023:13:48:29 +0000] "GET /css/style-new.css HTTP/2.0" 200 352 "https://www.sbsc.in/" "Mozilla/5.0 (Linux; Android 13; SM-T733) AppleWebKit/537.36 (KHTML, like Gecko) Chrome/109.0.0.0 Safari/537.36" www.sbsc.in 199.79.62.221
182.69.183.38 - - [28/Jan/2023:13:48:29 +0000] "GET /css/style.css HTTP/2.0" 200 2565 "https://www.sbsc.in/" "Mozilla/5.0 (Linux; Android 13; SM-T733) AppleWebKit/537.36 (KHTML, like Gecko) Chrome/109.0.0.0 Safari/537.36" www.sbsc.in 199.79.62.221
182.69.183.38 - - [28/Jan/2023:13:48:29 +0000] "GET /cssmenu/styles.css HTTP/2.0" 200 1905 "https://www.sbsc.in/" "Mozilla/5.0 (Linux; Android 13; SM-T733) AppleWebKit/537.36 (KHTML, like Gecko) Chrome/109.0.0.0 Safari/537.36" www.sbsc.in 199.79.62.221
182.69.183.38 - - [28/Jan/2023:13:48:29 +0000] "GET /js/animation-banner.js HTTP/2.0" 200 964 "https://www.sbsc.in/" "Mozilla/5.0 (Linux; Android 13; SM-T733) AppleWebKit/537.36 (KHTML, like Gecko) Chrome/109.0.0.0 Safari/537.36" www.sbsc.in 199.79.62.221
182.69.183.38 - - [28/Jan/2023:13:48:29 +0000] "GET /cssmenu/script.js HTTP/2.0" 200 675 "https://www.sbsc.in/" "Mozilla/5.0 (Linux; Android 13; SM-T733) AppleWebKit/537.36 (KHTML, like Gecko) Chrome/109.0.0.0 Safari/537.36" www.sbsc.in 199.79.62.221
182.69.183.38 - - [28/Jan/2023:13:48:29 +0000] "GET /css/bootstrap.min.css HTTP/2.0" 200 27845 "https://www.sbsc.in/" "Mozilla/5.0 (Linux; Android 13; SM-T733) AppleWebKit/537.36 (KHTML, like Gecko) Chrome/109.0.0.0 Safari/537.36" www.sbsc.in 199.79.62.221
182.69.183.38 - - [28/Jan/2023:13:48:30 +0000] "GET /js/jquery.js HTTP/2.0" 200 42291 "https://www.sbsc.in/" "Mozilla/5.0 (Linux; Android 13; SM-T733) AppleWebKit/537.36 (KHTML, like Gecko) Chrome/109.0.0.0 Safari/537.36" www.sbsc.in 199.79.62.221
182.69.183.38 - - [28/Jan/2023:13:48:30 +0000] "GET /images/phone.png HTTP/2.0" 200 1897 "https://www.sbsc.in/" "Mozilla/5.0 (Linux; Android 13; SM-T733) AppleWebKit/537.36 (KHTML, like Gecko) Chrome/109.0.0.0 Safari/537.36" www.sbsc.in 199.79.62.221
182.69.183.38 - - [28/Jan/2023:13:48:30 +0000] "GET /images/golden-jubilee-logo.png HTTP/2.0" 200 34899 "https://www.sbsc.in/" "Mozilla/5.0 (Linux; Android 13; SM-T733) AppleWebKit/537.36 (KHTML, like Gecko) Chrome/109.0.0.0 Safari/537.36" www.sbsc.in 199.79.62.221
182.69.183.38 - - [28/Jan/2023:13:48:30 +0000] "GET /images/symbol.jpg HTTP/2.0" 200 781 "https://www.sbsc.in/" "Mozilla/5.0 (Linux; Android 13; SM-T733) AppleWebKit/537.36 (KHTML, like Gecko) Chrome/109.0.0.0 Safari/537.36" www.sbsc.in 199.79.62.221
182.69.183.38 - - [28/Jan/2023:13:48:30 +0000] "GET /paytm.jpg HTTP/2.0" 200 7167 "https://www.sbsc.in/" "Mozilla/5.0 (Linux; Android 13; SM-T733) AppleWebKit/537.36 (KHTML, like Gecko) Chrome/109.0.0.0 Safari/537.36" www.sbsc.in 199.79.62.221
182.69.183.38 - - [28/Jan/2023:13:48:30 +0000] "GET /images/email.png HTTP/2.0" 200 1371 "https://www.sbsc.in/" "Mozilla/5.0 (Linux; Android 13; SM-T733) AppleWebKit/537.36 (KHTML, like Gecko) Chrome/109.0.0.0 Safari/537.36" www.sbsc.in 199.79.62.221
