49.14.157.96 - - [28/Jan/2023:14:20:12 +0000] "GET /css/style-new.css HTTP/2.0" 200 352 "https://www.sbsc.in/" "Mozilla/5.0 (Linux; Android 8.1.0; CPH1803) AppleWebKit/537.36 (KHTML, like Gecko) Chrome/109.0.0.0 Mobile Safari/537.36" www.sbsc.in 199.79.62.221
49.14.157.96 - - [28/Jan/2023:14:20:12 +0000] "GET /cssmenu/styles.css HTTP/2.0" 200 1905 "https://www.sbsc.in/" "Mozilla/5.0 (Linux; Android 8.1.0; CPH1803) AppleWebKit/537.36 (KHTML, like Gecko) Chrome/109.0.0.0 Mobile Safari/537.36" www.sbsc.in 199.79.62.221
49.14.157.96 - - [28/Jan/2023:14:20:12 +0000] "GET /cssmenu/script.js HTTP/2.0" 200 675 "https://www.sbsc.in/" "Mozilla/5.0 (Linux; Android 8.1.0; CPH1803) AppleWebKit/537.36 (KHTML, like Gecko) Chrome/109.0.0.0 Mobile Safari/537.36" www.sbsc.in 199.79.62.221
106.76.221.101 - - [28/Jan/2023:14:20:11 +0000] "GET /appointment-of-assistant-professors.php HTTP/2.0" 200 42596 "https://www.sbsc.in/" "Mozilla/5.0 (Linux; Android 12; V2152) AppleWebKit/537.36 (KHTML, like Gecko) Chrome/108.0.0.0 Mobile Safari/537.36" www.sbsc.in 199.79.62.221
49.14.157.96 - - [28/Jan/2023:14:20:12 +0000] "GET /js/animation-banner.js HTTP/2.0" 200 964 "https://www.sbsc.in/" "Mozilla/5.0 (Linux; Android 8.1.0; CPH1803) AppleWebKit/537.36 (KHTML, like Gecko) Chrome/109.0.0.0 Mobile Safari/537.36" www.sbsc.in 199.79.62.221
49.14.157.96 - - [28/Jan/2023:14:20:13 +0000] "GET /js/jquery.js HTTP/2.0" 200 42291 "https://www.sbsc.in/" "Mozilla/5.0 (Linux; Android 8.1.0; CPH1803) AppleWebKit/537.36 (KHTML, like Gecko) Chrome/109.0.0.0 Mobile Safari/537.36" www.sbsc.in 199.79.62.221
49.14.157.96 - - [28/Jan/2023:14:20:13 +0000] "GET /js/bootstrap.min.js HTTP/2.0" 200 13505 "https://www.sbsc.in/" "Mozilla/5.0 (Linux; Android 8.1.0; CPH1803) AppleWebKit/537.36 (KHTML, like Gecko) Chrome/109.0.0.0 Mobile Safari/537.36" www.sbsc.in 199.79.62.221
49.14.157.96 - - [28/Jan/2023:14:20:13 +0000] "GET /paytm.jpg HTTP/2.0" 200 7167 "https://www.sbsc.in/" "Mozilla/5.0 (Linux; Android 8.1.0; CPH1803) AppleWebKit/537.36 (KHTML, like Gecko) Chrome/109.0.0.0 Mobile Safari/537.36" www.sbsc.in 199.79.62.221
49.14.157.96 - - [28/Jan/2023:14:20:13 +0000] "GET /images/email.png HTTP/2.0" 200 1371 "https://www.sbsc.in/" "Mozilla/5.0 (Linux; Android 8.1.0; CPH1803) AppleWebKit/537.36 (KHTML, like Gecko) Chrome/109.0.0.0 Mobile Safari/537.36" www.sbsc.in 199.79.62.221
49.14.157.96 - - [28/Jan/2023:14:20:13 +0000] "GET /images/phone.png HTTP/2.0" 200 1897 "https://www.sbsc.in/" "Mozilla/5.0 (Linux; Android 8.1.0; CPH1803) AppleWebKit/537.36 (KHTML, like Gecko) Chrome/109.0.0.0 Mobile Safari/537.36" www.sbsc.in 199.79.62.221
49.14.157.96 - - [28/Jan/2023:14:20:13 +0000] "GET /images/logo.png HTTP/2.0" 200 36072 "https://www.sbsc.in/" "Mozilla/5.0 (Linux; Android 8.1.0; CPH1803) AppleWebKit/537.36 (KHTML, like Gecko) Chrome/109.0.0.0 Mobile Safari/537.36" www.sbsc.in 199.79.62.221
49.14.157.96 - - [28/Jan/2023:14:20:13 +0000] "GET /images/golden-jubilee-logo.png HTTP/2.0" 200 34899 "https://www.sbsc.in/" "Mozilla/5.0 (Linux; Android 8.1.0; CPH1803) AppleWebKit/537.36 (KHTML, like Gecko) Chrome/109.0.0.0 Mobile Safari/537.36" www.sbsc.in 199.79.62.221
49.14.157.96 - - [28/Jan/2023:14:20:13 +0000] "GET /images/symbol.jpg HTTP/2.0" 200 781 "https://www.sbsc.in/" "Mozilla/5.0 (Linux; Android 8.1.0; CPH1803) AppleWebKit/537.36 (KHTML, like Gecko) Chrome/109.0.0.0 Mobile Safari/537.36" www.sbsc.in 199.79.62.221
49.14.157.96 - - [28/Jan/2023:14:20:13 +0000] "GET /images/banner/1.jpg HTTP/2.0" 200 212471 "https://www.sbsc.in/" "Mozilla/5.0 (Linux; Android 8.1.0; CPH1803) AppleWebKit/537.36 (KHTML, like Gecko) Chrome/109.0.0.0 Mobile Safari/537.36" www.sbsc.in 199.79.62.221
49.14.157.96 - - [28/Jan/2023:14:20:13 +0000] "GET /images/new.gif HTTP/2.0" 200 2455 "https://www.sbsc.in/" "Mozilla/5.0 (Linux; Android 8.1.0; CPH1803) AppleWebKit/537.36 (KHTML, like Gecko) Chrome/109.0.0.0 Mobile Safari/537.36" www.sbsc.in 199.79.62.221
49.14.157.96 - - [28/Jan/2023:14:20:13 +0000] "GET /images/banner/2.jpg HTTP/2.0" 200 197131 "https://www.sbsc.in/" "Mozilla/5.0 (Linux; Android 8.1.0; CPH1803) AppleWebKit/537.36 (KHTML, like Gecko) Chrome/109.0.0.0 Mobile Safari/537.36" www.sbsc.in 199.79.62.221
49.14.157.96 - - [28/Jan/2023:14:20:13 +0000] "GET /images/banner/3.jpg HTTP/2.0" 200 207968 "https://www.sbsc.in/" "Mozilla/5.0 (Linux; Android 8.1.0; CPH1803) AppleWebKit/537.36 (KHTML, like Gecko) Chrome/109.0.0.0 Mobile Safari/537.36" www.sbsc.in 199.79.62.221
49.14.157.96 - - [28/Jan/2023:14:20:13 +0000] "GET /images/banner/4.jpg HTTP/2.0" 200 172167 "https://www.sbsc.in/" "Mozilla/5.0 (Linux; Android 8.1.0; CPH1803) AppleWebKit/537.36 (KHTML, like Gecko) Chrome/109.0.0.0 Mobile Safari/537.36" www.sbsc.in 199.79.62.221
49.14.157.96 - - [28/Jan/2023:14:20:13 +0000] "GET /images/banner/5.jpg HTTP/2.0" 200 170926 "https://www.sbsc.in/" "Mozilla/5.0 (Linux; Android 8.1.0; CPH1803) AppleWebKit/537.36 (KHTML, like Gecko) Chrome/109.0.0.0 Mobile Safari/537.36" www.sbsc.in 199.79.62.221
49.14.157.96 - - [28/Jan/2023:14:20:13 +0000] "GET /images/banner/6.jpg HTTP/2.0" 200 127037 "https://www.sbsc.in/" "Mozilla/5.0 (Linux; Android 8.1.0; CPH1803) AppleWebKit/537.36 (KHTML, like Gecko) Chrome/109.0.0.0 Mobile Safari/537.36" www.sbsc.in 199.79.62.221
49.14.157.96 - - [28/Jan/2023:14:20:13 +0000] "GET /images/banner/7.jpg HTTP/2.0" 200 179124 "https://www.sbsc.in/" "Mozilla/5.0 (Linux; Android 8.1.0; CPH1803) AppleWebKit/537.36 (KHTML, like Gecko) Chrome/109.0.0.0 Mobile Safari/537.36" www.sbsc.in 199.79.62.221
49.14.157.96 - - [28/Jan/2023:14:20:13 +0000] "GET /images/banner/8.jpg HTTP/2.0" 200 156850 "https://www.sbsc.in/" "Mozilla/5.0 (Linux; Android 8.1.0; CPH1803) AppleWebKit/537.36 (KHTML, like Gecko) Chrome/109.0.0.0 Mobile Safari/537.36" www.sbsc.in 199.79.62.221
49.14.157.96 - - [28/Jan/2023:14:20:13 +0000] "GET /images/banner/9.jpg HTTP/2.0" 200 167238 "https://www.sbsc.in/" "Mozilla/5.0 (Linux; Android 8.1.0; CPH1803) AppleWebKit/537.36 (KHTML, like Gecko) Chrome/109.0.0.0 Mobile Safari/537.36" www.sbsc.in 199.79.62.221
49.14.157.96 - - [28/Jan/2023:14:20:13 +0000] "GET /images/banner/10.jpg HTTP/2.0" 200 211781 "https://www.sbsc.in/" "Mozilla/5.0 (Linux; Android 8.1.0; CPH1803) AppleWebKit/537.36 (KHTML, like Gecko) Chrome/109.0.0.0 Mobile Safari/537.36" www.sbsc.in 199.79.62.221
103.147.209.124 - - [28/Jan/2023:14:20:10 +0000] "GET /pdf/resources/1589796735_Unit_7_Human_Population_ethics_and_environment1.pdf HTTP/2.0" 404 355 "https://www.google.com/" "Mozilla/5.0 (Linux; Android 12; Redmi Note 9 Pro Max) AppleWebKit/537.36 (KHTML, like Gecko) Chrome/109.0.0.0 Mobile Safari/537.36" www.sbsc.in 199.79.62.221
49.14.157.96 - - [28/Jan/2023:14:20:13 +0000] "GET /images/banner/11.jpg HTTP/2.0" 200 186118 "https://www.sbsc.in/" "Mozilla/5.0 (Linux; Android 8.1.0; CPH1803) AppleWebKit/537.36 (KHTML, like Gecko) Chrome/109.0.0.0 Mobile Safari/537.36" www.sbsc.in 199.79.62.221
49.14.157.96 - - [28/Jan/2023:14:20:13 +0000] "GET /images/banner/12.jpg HTTP/2.0" 200 153729 "https://www.sbsc.in/" "Mozilla/5.0 (Linux; Android 8.1.0; CPH1803) AppleWebKit/537.36 (KHTML, like Gecko) Chrome/109.0.0.0 Mobile Safari/537.36" www.sbsc.in 199.79.62.221
49.14.157.96 - - [28/Jan/2023:14:20:13 +0000] "GET /images/jubliee-img.jpg HTTP/2.0" 200 88706 "https://www.sbsc.in/" "Mozilla/5.0 (Linux; Android 8.1.0; CPH1803) AppleWebKit/537.36 (KHTML, like Gecko) Chrome/109.0.0.0 Mobile Safari/537.36" www.sbsc.in 199.79.62.221
49.14.157.96 - - [28/Jan/2023:14:20:13 +0000] "GET /images/alumini.jpg HTTP/2.0" 200 50947 "https://www.sbsc.in/" "Mozilla/5.0 (Linux; Android 8.1.0; CPH1803) AppleWebKit/537.36 (KHTML, like Gecko) Chrome/109.0.0.0 Mobile Safari/537.36" www.sbsc.in 199.79.62.221
49.14.157.96 - - [28/Jan/2023:14:20:13 +0000] "GET /images/associations.jpg HTTP/2.0" 200 31703 "https://www.sbsc.in/" "Mozilla/5.0 (Linux; Android 8.1.0; CPH1803) AppleWebKit/537.36 (KHTML, like Gecko) Chrome/109.0.0.0 Mobile Safari/537.36" www.sbsc.in 199.79.62.221
49.14.157.96 - - [28/Jan/2023:14:20:13 +0000] "GET /images/tour-img.jpg HTTP/2.0" 200 65976 "https://www.sbsc.in/" "Mozilla/5.0 (Linux; Android 8.1.0; CPH1803) AppleWebKit/537.36 (KHTML, like Gecko) Chrome/109.0.0.0 Mobile Safari/537.36" www.sbsc.in 199.79.62.221
49.14.157.96 - - [28/Jan/2023:14:20:13 +0000] "GET /images/IMG-20210727-WA0011.jpg HTTP/2.0" 200 154646 "https://www.sbsc.in/" "Mozilla/5.0 (Linux; Android 8.1.0; CPH1803) AppleWebKit/537.36 (KHTML, like Gecko) Chrome/109.0.0.0 Mobile Safari/537.36" www.sbsc.in 199.79.62.221
49.14.157.96 - - [28/Jan/2023:14:20:13 +0000] "GET /images/event.jpg HTTP/2.0" 200 3517 "https://www.sbsc.in/" "Mozilla/5.0 (Linux; Android 8.1.0; CPH1803) AppleWebKit/537.36 (KHTML, like Gecko) Chrome/109.0.0.0 Mobile Safari/537.36" www.sbsc.in 199.79.62.221
49.14.157.96 - - [28/Jan/2023:14:20:13 +0000] "GET /images/research-img.jpg HTTP/2.0" 200 3596 "https://www.sbsc.in/" "Mozilla/5.0 (Linux; Android 8.1.0; CPH1803) AppleWebKit/537.36 (KHTML, like Gecko) Chrome/109.0.0.0 Mobile Safari/537.36" www.sbsc.in 199.79.62.221
49.14.157.96 - - [28/Jan/2023:14:20:13 +0000] "GET /images/publication-img.jpg HTTP/2.0" 200 4561 "https://www.sbsc.in/" "Mozilla/5.0 (Linux; Android 8.1.0; CPH1803) AppleWebKit/537.36 (KHTML, like Gecko) Chrome/109.0.0.0 Mobile Safari/537.36" www.sbsc.in 199.79.62.221
49.14.157.96 - - [28/Jan/2023:14:20:14 +0000] "GET /images/Conference.jpg HTTP/2.0" 200 3631 "https://www.sbsc.in/" "Mozilla/5.0 (Linux; Android 8.1.0; CPH1803) AppleWebKit/537.36 (KHTML, like Gecko) Chrome/109.0.0.0 Mobile Safari/537.36" www.sbsc.in 199.79.62.221
49.14.157.96 - - [28/Jan/2023:14:20:15 +0000] "GET /images/latest_news.png HTTP/2.0" 200 2953 "https://www.sbsc.in/" "Mozilla/5.0 (Linux; Android 8.1.0; CPH1803) AppleWebKit/537.36 (KHTML, like Gecko) Chrome/109.0.0.0 Mobile Safari/537.36" sbsc.in 199.79.62.221
49.14.157.96 - - [28/Jan/2023:14:20:18 +0000] "GET /fonts/glyphicons-halflings-regular.woff HTTP/2.0" 200 23320 "https://www.sbsc.in/css/bootstrap.min.css" "Mozilla/5.0 (Linux; Android 8.1.0; CPH1803) AppleWebKit/537.36 (KHTML, like Gecko) Chrome/109.0.0.0 Mobile Safari/537.36" www.sbsc.in 199.79.62.221
49.14.157.96 - - [28/Jan/2023:14:20:13 +0000] "GET /images/placement1.JPG HTTP/2.0" 200 7003879 "https://www.sbsc.in/" "Mozilla/5.0 (Linux; Android 8.1.0; CPH1803) AppleWebKit/537.36 (KHTML, like Gecko) Chrome/109.0.0.0 Mobile Safari/537.36" www.sbsc.in 199.79.62.221
66.249.75.110 - - [28/Jan/2023:14:20:22 +0000] "GET /association-and-societies.php HTTP/1.1" 200 7965 "-" "Mozilla/5.0 (Linux; Android 6.0.1; Nexus 5X Build/MMB29P) AppleWebKit/537.36 (KHTML, like Gecko) Chrome/109.0.5414.101 Mobile Safari/537.36 (compatible; Googlebot/2.1; +http://www.google.com/bot.html)" www.sbsc.in 199.79.62.221
106.76.221.101 - - [28/Jan/2023:14:19:57 +0000] "GET /images/placement1.JPG HTTP/2.0" 200 10673895 "https://www.sbsc.in/" "Mozilla/5.0 (Linux; Android 12; V2152) AppleWebKit/537.36 (KHTML, like Gecko) Chrome/108.0.0.0 Mobile Safari/537.36" www.sbsc.in 199.79.62.221
106.76.221.101 - - [28/Jan/2023:14:20:27 +0000] "GET /favicon.ico HTTP/1.1" 404 355 "https://www.sbsc.in/appointment-of-assistant-professors.php" "Mozilla/5.0 (Linux; Android 12; V2152) AppleWebKit/537.36 (KHTML, like Gecko) Chrome/108.0.0.0 Mobile Safari/537.36" www.sbsc.in 199.79.62.221
106.76.221.101 - - [28/Jan/2023:14:20:26 +0000] "GET /favicon.ico HTTP/2.0" 404 355 "https://www.sbsc.in/appointment-of-assistant-professors.php" "Mozilla/5.0 (Linux; Android 12; V2152) AppleWebKit/537.36 (KHTML, like Gecko) Chrome/108.0.0.0 Mobile Safari/537.36" www.sbsc.in 199.79.62.221
49.36.190.46 - - [28/Jan/2023:13:53:43 +0000] "GET /pdf/SBSC_Addvertisement.pdf HTTP/2.0" 206 1992696 "https://www.arnewshindi.in/" "Mozilla/5.0 (Linux; Android 12; vivo 2018) AppleWebKit/537.36 (KHTML, like Gecko) Chrome/109.0.0.0 Mobile Safari/537.36" www.sbsc.in 199.79.62.221
20.254.136.118 - - [28/Jan/2023:14:20:49 +0000] "GET / HTTP/2.0" 200 45835 "-" "Mozilla/5.0 (Windows NT 10.0; Win64; x64; rv:81.0) Gecko/20100101 Firefox/81.0" www.sbsc.in 199.79.62.221
40.77.167.56 - - [28/Jan/2023:14:21:03 +0000] "GET /internal_assessment.php/internalassessment/pdf/internalassessment/assesment-2021/uploads/pdf/1602570779_Public_Notice_(1).pdf HTTP/2.0" 200 43991 "-" "Mozilla/5.0 AppleWebKit/537.36 (KHTML, like Gecko; compatible; bingbot/2.0; +http://www.bing.com/bingbot.htm) Chrome/103.0.5060.134 Safari/537.36" www.sbsc.in 199.79.62.221
223.184.233.176 - - [28/Jan/2023:14:21:12 +0000] "GET / HTTP/2.0" 200 45835 "https://www.google.com/" "Mozilla/5.0 (Linux; Android 11; Mi A3) AppleWebKit/537.36 (KHTML, like Gecko) Chrome/107.0.0.0 Mobile Safari/537.36" www.sbsc.in 199.79.62.221
223.184.233.176 - - [28/Jan/2023:14:21:13 +0000] "GET /images/banner/2.jpg HTTP/2.0" 200 197131 "https://www.sbsc.in/" "Mozilla/5.0 (Linux; Android 11; Mi A3) AppleWebKit/537.36 (KHTML, like Gecko) Chrome/107.0.0.0 Mobile Safari/537.36" www.sbsc.in 199.79.62.221
223.184.233.176 - - [28/Jan/2023:14:21:13 +0000] "GET /images/banner/3.jpg HTTP/2.0" 200 207968 "https://www.sbsc.in/" "Mozilla/5.0 (Linux; Android 11; Mi A3) AppleWebKit/537.36 (KHTML, like Gecko) Chrome/107.0.0.0 Mobile Safari/537.36" www.sbsc.in 199.79.62.221
49.36.190.46 - - [28/Jan/2023:14:20:38 +0000] "GET /pdf/SBSC_Addvertisement.pdf HTTP/2.0" 206 256946 "https://www.arnewshindi.in/" "Mozilla/5.0 (Linux; Android 12; vivo 2018) AppleWebKit/537.36 (KHTML, like Gecko) Chrome/109.0.0.0 Mobile Safari/537.36" www.sbsc.in 199.79.62.221
223.184.233.176 - - [28/Jan/2023:14:21:21 +0000] "GET /appointment-of-assistant-professors.php HTTP/2.0" 200 42596 "https://www.sbsc.in/" "Mozilla/5.0 (Linux; Android 11; Mi A3) AppleWebKit/537.36 (KHTML, like Gecko) Chrome/107.0.0.0 Mobile Safari/537.36" www.sbsc.in 199.79.62.221
223.184.233.176 - - [28/Jan/2023:14:21:34 +0000] "GET /appointment-of-assistant-professors.php HTTP/2.0" 200 7896 "https://www.sbsc.in/" "Mozilla/5.0 (Linux; Android 11; Mi A3) AppleWebKit/537.36 (KHTML, like Gecko) Chrome/107.0.0.0 Mobile Safari/537.36" www.sbsc.in 199.79.62.221
223.184.233.176 - - [28/Jan/2023:14:21:34 +0000] "GET / HTTP/1.1" 200 45835 "https://www.google.com/" "Mozilla/5.0 (Linux; Android 11; Mi A3) AppleWebKit/537.36 (KHTML, like Gecko) Chrome/107.0.0.0 Mobile Safari/537.36" www.sbsc.in 199.79.62.221
66.249.75.106 - - [28/Jan/2023:14:21:45 +0000] "GET /admission-procedure.php HTTP/1.1" 200 47941 "-" "Mozilla/5.0 (Linux; Android 6.0.1; Nexus 5X Build/MMB29P) AppleWebKit/537.36 (KHTML, like Gecko) Chrome/109.0.5414.101 Mobile Safari/537.36 (compatible; Googlebot/2.1; +http://www.google.com/bot.html)" www.sbsc.in 199.79.62.221
66.249.75.106 - - [28/Jan/2023:14:21:45 +0000] "GET /admission-procedure.php HTTP/1.1" 200 47941 "-" "Mozilla/5.0 (Linux; Android 6.0.1; Nexus 5X Build/MMB29P) AppleWebKit/537.36 (KHTML, like Gecko) Chrome/109.0.5414.101 Mobile Safari/537.36 (compatible; Googlebot/2.1; +http://www.google.com/bot.html)" www.sbsc.in 199.79.62.221
49.36.190.46 - - [28/Jan/2023:14:21:45 +0000] "GET /pdf/SBSC_Addvertisement.pdf HTTP/2.0" 206 60446 "https://www.arnewshindi.in/" "Mozilla/5.0 (Linux; Android 12; vivo 2018) AppleWebKit/537.36 (KHTML, like Gecko) Chrome/109.0.0.0 Mobile Safari/537.36" www.sbsc.in 199.79.62.221
47.11.196.69 - - [28/Jan/2023:14:21:53 +0000] "GET /pdf/resources/1588766398_AUG14010111.pdf HTTP/1.1" 404 355 "-" "Dalvik/2.1.0 (Linux; U; Android 10; TECNO KD7 Build/QP1A.190711.020)" www.sbsc.in 199.79.62.221
223.184.233.176 - - [28/Jan/2023:14:21:34 +0000] "GET / HTTP/2.0" 200 45835 "https://www.google.com/" "Mozilla/5.0 (Linux; Android 11; Mi A3) AppleWebKit/537.36 (KHTML, like Gecko) Chrome/107.0.0.0 Mobile Safari/537.36" www.sbsc.in 199.79.62.221
223.184.233.176 - - [28/Jan/2023:14:21:14 +0000] "GET /images/placement1.JPG HTTP/2.0" 200 2817767 "https://www.sbsc.in/" "Mozilla/5.0 (Linux; Android 11; Mi A3) AppleWebKit/537.36 (KHTML, like Gecko) Chrome/107.0.0.0 Mobile Safari/537.36" www.sbsc.in 199.79.62.221
223.184.233.176 - - [28/Jan/2023:14:22:34 +0000] "GET /appointment-of-assistant-professors.php HTTP/2.0" 200 7910 "https://www.sbsc.in/" "Mozilla/5.0 (Linux; Android 11; Mi A3) AppleWebKit/537.36 (KHTML, like Gecko) Chrome/107.0.0.0 Mobile Safari/537.36" www.sbsc.in 199.79.62.221
223.184.233.176 - - [28/Jan/2023:14:22:34 +0000] "GET /appointment-of-assistant-professors.php HTTP/2.0" 200 7910 "https://www.sbsc.in/" "Mozilla/5.0 (Linux; Android 11; Mi A3) AppleWebKit/537.36 (KHTML, like Gecko) Chrome/107.0.0.0 Mobile Safari/537.36" www.sbsc.in 199.79.62.221
66.249.75.108 - - [28/Jan/2023:14:22:42 +0000] "GET /internal_assessment.php/uploads/pdf/1600055117_07092020_additional-facility.pdf HTTP/1.1" 200 43991 "-" "Mozilla/5.0 (Linux; Android 6.0.1; Nexus 5X Build/MMB29P) AppleWebKit/537.36 (KHTML, like Gecko) Chrome/109.0.5414.101 Mobile Safari/537.36 (compatible; Googlebot/2.1; +http://www.google.com/bot.html)" www.sbsc.in 199.79.62.221
42.105.211.163 - - [28/Jan/2023:14:22:42 +0000] "GET /uploads/pdf/1661512239_Notice_(Scholarship).pdf HTTP/2.0" 206 1 "-" "Mozilla/5.0 (Linux; Android 11; RMX2180 Build/RP1A.200720.011; wv) AppleWebKit/537.36 (KHTML, like Gecko) Version/4.0 Chrome/109.0.5414.86 Mobile Safari/537.36" www.sbsc.in 199.79.62.221
42.105.211.163 - - [28/Jan/2023:14:22:42 +0000] "GET /uploads/pdf/1661512239_Notice_(Scholarship).pdf HTTP/2.0" 206 1696870 "-" "Mozilla/5.0 (Linux; Android 11; RMX2180 Build/RP1A.200720.011; wv) AppleWebKit/537.36 (KHTML, like Gecko) Version/4.0 Chrome/109.0.5414.86 Mobile Safari/537.36" www.sbsc.in 199.79.62.221
114.119.132.192 - - [28/Jan/2023:14:23:05 +0000] "GET /ICC.php HTTP/1.1" 406 226 "https://sbsc.in/" "Mozilla/5.0 (Linux; Android 7.0;) AppleWebKit/537.36 (KHTML, like Gecko) Mobile Safari/537.36 (compatible; PetalBot;+https://webmaster.petalsearch.com/site/petalbot)" sbsc.in 199.79.62.221
27.61.93.21 - - [28/Jan/2023:14:22:48 +0000] "GET /uploads/pdf/1661512239_Notice_(Scholarship).pdf HTTP/2.0" 200 1713150 "https://www.google.com/" "Mozilla/5.0 (Linux; Android 12; Redmi Note 9 Pro) AppleWebKit/537.36 (KHTML, like Gecko) Chrome/109.0.0.0 Mobile Safari/537.36" www.sbsc.in 199.79.62.221
66.249.75.108 - - [28/Jan/2023:14:23:17 +0000] "GET /alumni-association.php HTTP/1.1" 200 44026 "-" "Mozilla/5.0 (Linux; Android 6.0.1; Nexus 5X Build/MMB29P) AppleWebKit/537.36 (KHTML, like Gecko) Chrome/109.0.5414.101 Mobile Safari/537.36 (compatible; Googlebot/2.1; +http://www.google.com/bot.html)" www.sbsc.in 199.79.62.221
66.249.75.108 - - [28/Jan/2023:14:23:17 +0000] "GET /alumni-association.php HTTP/1.1" 200 44026 "-" "Mozilla/5.0 (Linux; Android 6.0.1; Nexus 5X Build/MMB29P) AppleWebKit/537.36 (KHTML, like Gecko) Chrome/109.0.5414.101 Mobile Safari/537.36 (compatible; Googlebot/2.1; +http://www.google.com/bot.html)" www.sbsc.in 199.79.62.221
66.249.75.108 - - [28/Jan/2023:14:23:17 +0000] "GET /images/alumini2.jpg HTTP/1.1" 200 65241 "https://www.sbsc.in/alumni-association.php" "Mozilla/5.0 (Linux; Android 6.0.1; Nexus 5X Build/MMB29P) AppleWebKit/537.36 (KHTML, like Gecko) Chrome/109.0.5414.101 Mobile Safari/537.36 (compatible; Googlebot/2.1; +http://www.google.com/bot.html)" www.sbsc.in 199.79.62.221
66.249.75.106 - - [28/Jan/2023:14:23:18 +0000] "GET /images/alumini3.jpg HTTP/1.1" 200 72774 "https://www.sbsc.in/alumni-association.php" "Mozilla/5.0 (Linux; Android 6.0.1; Nexus 5X Build/MMB29P) AppleWebKit/537.36 (KHTML, like Gecko) Chrome/109.0.5414.101 Mobile Safari/537.36 (compatible; Googlebot/2.1; +http://www.google.com/bot.html)" www.sbsc.in 199.79.62.221
66.249.75.108 - - [28/Jan/2023:14:23:18 +0000] "GET /images/alumini4.jpg HTTP/1.1" 200 48639 "https://www.sbsc.in/alumni-association.php" "Mozilla/5.0 (Linux; Android 6.0.1; Nexus 5X Build/MMB29P) AppleWebKit/537.36 (KHTML, like Gecko) Chrome/109.0.5414.101 Mobile Safari/537.36 (compatible; Googlebot/2.1; +http://www.google.com/bot.html)" www.sbsc.in 199.79.62.221
123.182.49.38 - - [28/Jan/2023:14:23:26 +0000] "GET /pdf/resources/1586429425_Cost_Accounting_Unit_1-min.pdf HTTP/1.1" 404 583 "-" "okhttp/3.12.1" www.sbsc.in 199.79.62.221
123.182.49.38 - - [28/Jan/2023:14:23:27 +0000] "HEAD /pdf/resources/1586429425_Cost_Accounting_Unit_1-min.pdf HTTP/1.1" 404 - "-" "okhttp/3.12.1" www.sbsc.in 199.79.62.221
123.182.49.38 - - [28/Jan/2023:14:23:28 +0000] "GET /pdf/resources/1586429425_Cost_Accounting_Unit_1-min.pdf HTTP/1.1" 404 583 "https://www.google.com.hk/search?newwindow=1&hl=zh-CN&q=Cars+Ltd,+a+local+%22garage,%22+which+has+a+body+shop.+The+body+shop+manager+has+contacted+a+management+accountant,+saying+that+one+of+the+company%E2%80%99s+present+customers+has+offered+the+company+a+one-year+contract+for+additional+work.+The+customer+requires+a+discount+of+10+per+cent+to+be+allowed+on+the+total+invoice+value.+The+manager+provides+the+accountant+with+the+following+information:+1.+Additional+capital+expenditure+wi&sa=X&ved=2ahUKEwjT75Wsu-r8AhWEL0QIHfQ9AmgQ5t4CegQIBBAF" "Mozilla/5.0 (BlackBerry; U; BlackBerry 9800; en) AppleWebKit/534.1+ (KHTML, like Gecko) Version/6.0.0.337 Mobile Safari/534.1+" www.sbsc.in 199.79.62.221
157.33.11.169 - - [28/Jan/2023:14:23:29 +0000] "GET /pdf/resources/1585913834_UNIT_32.pdf HTTP/1.1" 404 355 "-" "Dalvik/2.1.0 (Linux; U; Android 11; 2201117TI Build/RKQ1.211001.001)" www.sbsc.in 199.79.62.221
157.33.11.169 - - [28/Jan/2023:14:23:38 +0000] "GET /pdf/resources/1585913834_UNIT_32.pdf HTTP/2.0" 404 355 "-" "Mozilla/5.0 (Linux; Android 11; 2201117TI) AppleWebKit/537.36 (KHTML, like Gecko) Chrome/94.0.4606.85 Mobile Safari/537.36" www.sbsc.in 199.79.62.221
157.33.11.169 - - [28/Jan/2023:14:23:38 +0000] "GET /favicon.ico HTTP/1.1" 404 355 "https://www.sbsc.in/pdf/resources/1585913834_UNIT_32.pdf" "Mozilla/5.0 (Linux; Android 11; 2201117TI) AppleWebKit/537.36 (KHTML, like Gecko) Chrome/94.0.4606.85 Mobile Safari/537.36" www.sbsc.in 199.79.62.221
157.33.11.169 - - [28/Jan/2023:14:23:38 +0000] "GET /favicon.ico HTTP/2.0" 404 355 "https://www.sbsc.in/pdf/resources/1585913834_UNIT_32.pdf" "Mozilla/5.0 (Linux; Android 11; 2201117TI) AppleWebKit/537.36 (KHTML, like Gecko) Chrome/94.0.4606.85 Mobile Safari/537.36" www.sbsc.in 199.79.62.221
40.77.167.81 - - [28/Jan/2023:14:23:50 +0000] "GET /enactus-committee.php HTTP/1.1" 200 43198 "-" "Mozilla/5.0 AppleWebKit/537.36 (KHTML, like Gecko; compatible; bingbot/2.0; +http://www.bing.com/bingbot.htm) Chrome/103.0.5060.134 Safari/537.36" www.sbsc.in 199.79.62.221
40.77.167.81 - - [28/Jan/2023:14:23:50 +0000] "GET /enactus-committee.php HTTP/2.0" 200 43198 "-" "Mozilla/5.0 AppleWebKit/537.36 (KHTML, like Gecko; compatible; bingbot/2.0; +http://www.bing.com/bingbot.htm) Chrome/103.0.5060.134 Safari/537.36" www.sbsc.in 199.79.62.221
157.33.11.169 - - [28/Jan/2023:14:24:00 +0000] "GET /pdf/resources/1585913834_UNIT_32.pdf HTTP/2.0" 404 355 "-" "Mozilla/5.0 (Linux; Android 11; 2201117TI) AppleWebKit/537.36 (KHTML, like Gecko) Chrome/94.0.4606.85 Mobile Safari/537.36" www.sbsc.in 199.79.62.221
157.33.11.169 - - [28/Jan/2023:14:24:08 +0000] "GET /pdf/resources/1585913834_UNIT_32.pdf HTTP/2.0" 404 355 "-" "Mozilla/5.0 (Linux; Android 11; 2201117TI) AppleWebKit/537.36 (KHTML, like Gecko) Chrome/94.0.4606.85 Mobile Safari/537.36" www.sbsc.in 199.79.62.221
157.33.11.169 - - [28/Jan/2023:14:24:09 +0000] "GET /pdf/resources/1585913834_UNIT_32.pdf HTTP/2.0" 404 355 "-" "Mozilla/5.0 (Linux; Android 11; 2201117TI) AppleWebKit/537.36 (KHTML, like Gecko) Chrome/94.0.4606.85 Mobile Safari/537.36" www.sbsc.in 199.79.62.221
20.108.114.67 - - [28/Jan/2023:14:24:25 +0000] "GET /view-all.php HTTP/2.0" 200 74210 "-" "Mozilla/5.0 (Windows NT 10.0; Win64; x64; rv:81.0) Gecko/20100101 Firefox/81.0" www.sbsc.in 199.79.62.221
106.208.159.57 - - [28/Jan/2023:14:23:48 +0000] "GET /images/placement1.JPG HTTP/2.0" 200 2752231 "https://www.google.com/" "Mozilla/5.0 (Linux; Android 12; CPH2387 Build/SP1A.210812.016; wv) AppleWebKit/537.36 (KHTML, like Gecko) Version/4.0 Chrome/103.0.5060.129 Mobile Safari/537.36 GoogleApp/13.25.10.26.arm64" www.sbsc.in 199.79.62.221
207.46.13.69 - - [28/Jan/2023:14:24:44 +0000] "GET / HTTP/2.0" 200 45835 "-" "Mozilla/5.0 AppleWebKit/537.36 (KHTML, like Gecko; compatible; bingbot/2.0; +http://www.bing.com/bingbot.htm) Chrome/103.0.5060.134 Safari/537.36" www.sbsc.in 199.79.62.221
207.46.13.69 - - [28/Jan/2023:14:25:23 +0000] "GET /internal_assessment.php/internalassessment/pdf/internalassessment/assesment-2021/uploads/pdf/1600055117_07092020_additional-facility.pdf HTTP/2.0" 200 43991 "-" "Mozilla/5.0 AppleWebKit/537.36 (KHTML, like Gecko; compatible; bingbot/2.0; +http://www.bing.com/bingbot.htm) Chrome/103.0.5060.134 Safari/537.36" www.sbsc.in 199.79.62.221
42.105.211.163 - - [28/Jan/2023:14:25:29 +0000] "GET /uploads/pdf/1661512239_Notice_(Scholarship).pdf HTTP/2.0" 200 1713150 "https://www.google.com/" "Mozilla/5.0 (Linux; Android 11; RMX2180) AppleWebKit/537.36 (KHTML, like Gecko) Chrome/109.0.0.0 Mobile Safari/537.36" www.sbsc.in 199.79.62.221
122.161.53.6 - - [28/Jan/2023:14:25:38 +0000] "GET / HTTP/2.0" 200 45835 "https://www.google.com/" "Mozilla/5.0 (Windows NT 10.0; Win64; x64) AppleWebKit/537.36 (KHTML, like Gecko) Chrome/109.0.0.0 Safari/537.36" www.sbsc.in 199.79.62.221
122.161.53.6 - - [28/Jan/2023:14:25:38 +0000] "GET /css/style-new.css HTTP/2.0" 200 352 "https://www.sbsc.in/" "Mozilla/5.0 (Windows NT 10.0; Win64; x64) AppleWebKit/537.36 (KHTML, like Gecko) Chrome/109.0.0.0 Safari/537.36" www.sbsc.in 199.79.62.221
122.161.53.6 - - [28/Jan/2023:14:25:38 +0000] "GET /css/style.css HTTP/2.0" 200 2565 "https://www.sbsc.in/" "Mozilla/5.0 (Windows NT 10.0; Win64; x64) AppleWebKit/537.36 (KHTML, like Gecko) Chrome/109.0.0.0 Safari/537.36" www.sbsc.in 199.79.62.221
122.161.53.6 - - [28/Jan/2023:14:25:38 +0000] "GET /cssmenu/styles.css HTTP/2.0" 200 1905 "https://www.sbsc.in/" "Mozilla/5.0 (Windows NT 10.0; Win64; x64) AppleWebKit/537.36 (KHTML, like Gecko) Chrome/109.0.0.0 Safari/537.36" www.sbsc.in 199.79.62.221
122.161.53.6 - - [28/Jan/2023:14:25:38 +0000] "GET /cssmenu/script.js HTTP/2.0" 200 675 "https://www.sbsc.in/" "Mozilla/5.0 (Windows NT 10.0; Win64; x64) AppleWebKit/537.36 (KHTML, like Gecko) Chrome/109.0.0.0 Safari/537.36" www.sbsc.in 199.79.62.221
122.161.53.6 - - [28/Jan/2023:14:25:38 +0000] "GET /js/animation-banner.js HTTP/2.0" 200 964 "https://www.sbsc.in/" "Mozilla/5.0 (Windows NT 10.0; Win64; x64) AppleWebKit/537.36 (KHTML, like Gecko) Chrome/109.0.0.0 Safari/537.36" www.sbsc.in 199.79.62.221
122.161.53.6 - - [28/Jan/2023:14:25:38 +0000] "GET /paytm.jpg HTTP/2.0" 200 7167 "https://www.sbsc.in/" "Mozilla/5.0 (Windows NT 10.0; Win64; x64) AppleWebKit/537.36 (KHTML, like Gecko) Chrome/109.0.0.0 Safari/537.36" www.sbsc.in 199.79.62.221
122.161.53.6 - - [28/Jan/2023:14:25:38 +0000] "GET /images/logo.png HTTP/2.0" 200 36072 "https://www.sbsc.in/" "Mozilla/5.0 (Windows NT 10.0; Win64; x64) AppleWebKit/537.36 (KHTML, like Gecko) Chrome/109.0.0.0 Safari/537.36" www.sbsc.in 199.79.62.221
122.161.53.6 - - [28/Jan/2023:14:25:38 +0000] "GET /images/golden-jubilee-logo.png HTTP/2.0" 200 34899 "https://www.sbsc.in/" "Mozilla/5.0 (Windows NT 10.0; Win64; x64) AppleWebKit/537.36 (KHTML, like Gecko) Chrome/109.0.0.0 Safari/537.36" www.sbsc.in 199.79.62.221
122.161.53.6 - - [28/Jan/2023:14:25:38 +0000] "GET /css/bootstrap.min.css HTTP/2.0" 200 27845 "https://www.sbsc.in/" "Mozilla/5.0 (Windows NT 10.0; Win64; x64) AppleWebKit/537.36 (KHTML, like Gecko) Chrome/109.0.0.0 Safari/537.36" www.sbsc.in 199.79.62.221
122.161.53.6 - - [28/Jan/2023:14:25:38 +0000] "GET /images/email.png HTTP/2.0" 200 1371 "https://www.sbsc.in/" "Mozilla/5.0 (Windows NT 10.0; Win64; x64) AppleWebKit/537.36 (KHTML, like Gecko) Chrome/109.0.0.0 Safari/537.36" www.sbsc.in 199.79.62.221
122.161.53.6 - - [28/Jan/2023:14:25:38 +0000] "GET /images/phone.png HTTP/2.0" 200 1897 "https://www.sbsc.in/" "Mozilla/5.0 (Windows NT 10.0; Win64; x64) AppleWebKit/537.36 (KHTML, like Gecko) Chrome/109.0.0.0 Safari/537.36" www.sbsc.in 199.79.62.221
122.161.53.6 - - [28/Jan/2023:14:25:38 +0000] "GET /images/symbol.jpg HTTP/2.0" 200 781 "https://www.sbsc.in/" "Mozilla/5.0 (Windows NT 10.0; Win64; x64) AppleWebKit/537.36 (KHTML, like Gecko) Chrome/109.0.0.0 Safari/537.36" www.sbsc.in 199.79.62.221
122.161.53.6 - - [28/Jan/2023:14:25:39 +0000] "GET /images/new.gif HTTP/2.0" 200 2455 "https://www.sbsc.in/" "Mozilla/5.0 (Windows NT 10.0; Win64; x64) AppleWebKit/537.36 (KHTML, like Gecko) Chrome/109.0.0.0 Safari/537.36" www.sbsc.in 199.79.62.221
122.161.53.6 - - [28/Jan/2023:14:25:39 +0000] "GET /images/banner/1.jpg HTTP/2.0" 200 212471 "https://www.sbsc.in/" "Mozilla/5.0 (Windows NT 10.0; Win64; x64) AppleWebKit/537.36 (KHTML, like Gecko) Chrome/109.0.0.0 Safari/537.36" www.sbsc.in 199.79.62.221
122.161.53.6 - - [28/Jan/2023:14:25:39 +0000] "GET /images/banner/4.jpg HTTP/2.0" 200 172167 "https://www.sbsc.in/" "Mozilla/5.0 (Windows NT 10.0; Win64; x64) AppleWebKit/537.36 (KHTML, like Gecko) Chrome/109.0.0.0 Safari/537.36" www.sbsc.in 199.79.62.221
122.161.53.6 - - [28/Jan/2023:14:25:39 +0000] "GET /images/banner/2.jpg HTTP/2.0" 200 197131 "https://www.sbsc.in/" "Mozilla/5.0 (Windows NT 10.0; Win64; x64) AppleWebKit/537.36 (KHTML, like Gecko) Chrome/109.0.0.0 Safari/537.36" www.sbsc.in 199.79.62.221
122.161.53.6 - - [28/Jan/2023:14:25:39 +0000] "GET /images/banner/3.jpg HTTP/2.0" 200 207968 "https://www.sbsc.in/" "Mozilla/5.0 (Windows NT 10.0; Win64; x64) AppleWebKit/537.36 (KHTML, like Gecko) Chrome/109.0.0.0 Safari/537.36" www.sbsc.in 199.79.62.221
122.161.53.6 - - [28/Jan/2023:14:25:39 +0000] "GET /images/jubliee-img.jpg HTTP/2.0" 200 88706 "https://www.sbsc.in/" "Mozilla/5.0 (Windows NT 10.0; Win64; x64) AppleWebKit/537.36 (KHTML, like Gecko) Chrome/109.0.0.0 Safari/537.36" www.sbsc.in 199.79.62.221
122.161.53.6 - - [28/Jan/2023:14:25:39 +0000] "GET /images/alumini.jpg HTTP/2.0" 200 50947 "https://www.sbsc.in/" "Mozilla/5.0 (Windows NT 10.0; Win64; x64) AppleWebKit/537.36 (KHTML, like Gecko) Chrome/109.0.0.0 Safari/537.36" www.sbsc.in 199.79.62.221
122.161.53.6 - - [28/Jan/2023:14:25:39 +0000] "GET /images/banner/5.jpg HTTP/2.0" 200 170926 "https://www.sbsc.in/" "Mozilla/5.0 (Windows NT 10.0; Win64; x64) AppleWebKit/537.36 (KHTML, like Gecko) Chrome/109.0.0.0 Safari/537.36" www.sbsc.in 199.79.62.221
122.161.53.6 - - [28/Jan/2023:14:25:39 +0000] "GET /images/banner/6.jpg HTTP/2.0" 200 127037 "https://www.sbsc.in/" "Mozilla/5.0 (Windows NT 10.0; Win64; x64) AppleWebKit/537.36 (KHTML, like Gecko) Chrome/109.0.0.0 Safari/537.36" www.sbsc.in 199.79.62.221
122.161.53.6 - - [28/Jan/2023:14:25:39 +0000] "GET /images/banner/7.jpg HTTP/2.0" 200 179124 "https://www.sbsc.in/" "Mozilla/5.0 (Windows NT 10.0; Win64; x64) AppleWebKit/537.36 (KHTML, like Gecko) Chrome/109.0.0.0 Safari/537.36" www.sbsc.in 199.79.62.221
122.161.53.6 - - [28/Jan/2023:14:25:39 +0000] "GET /images/banner/8.jpg HTTP/2.0" 200 156850 "https://www.sbsc.in/" "Mozilla/5.0 (Windows NT 10.0; Win64; x64) AppleWebKit/537.36 (KHTML, like Gecko) Chrome/109.0.0.0 Safari/537.36" www.sbsc.in 199.79.62.221
122.161.53.6 - - [28/Jan/2023:14:25:39 +0000] "GET /images/associations.jpg HTTP/2.0" 200 31703 "https://www.sbsc.in/" "Mozilla/5.0 (Windows NT 10.0; Win64; x64) AppleWebKit/537.36 (KHTML, like Gecko) Chrome/109.0.0.0 Safari/537.36" www.sbsc.in 199.79.62.221
122.161.53.6 - - [28/Jan/2023:14:25:39 +0000] "GET /images/banner/9.jpg HTTP/2.0" 200 167238 "https://www.sbsc.in/" "Mozilla/5.0 (Windows NT 10.0; Win64; x64) AppleWebKit/537.36 (KHTML, like Gecko) Chrome/109.0.0.0 Safari/537.36" www.sbsc.in 199.79.62.221
122.161.53.6 - - [28/Jan/2023:14:25:39 +0000] "GET /js/jquery.js HTTP/2.0" 200 42291 "https://www.sbsc.in/" "Mozilla/5.0 (Windows NT 10.0; Win64; x64) AppleWebKit/537.36 (KHTML, like Gecko) Chrome/109.0.0.0 Safari/537.36" www.sbsc.in 199.79.62.221
122.161.53.6 - - [28/Jan/2023:14:25:39 +0000] "GET /images/banner/10.jpg HTTP/2.0" 200 211781 "https://www.sbsc.in/" "Mozilla/5.0 (Windows NT 10.0; Win64; x64) AppleWebKit/537.36 (KHTML, like Gecko) Chrome/109.0.0.0 Safari/537.36" www.sbsc.in 199.79.62.221
122.161.53.6 - - [28/Jan/2023:14:25:39 +0000] "GET /images/banner/11.jpg HTTP/2.0" 200 186118 "https://www.sbsc.in/" "Mozilla/5.0 (Windows NT 10.0; Win64; x64) AppleWebKit/537.36 (KHTML, like Gecko) Chrome/109.0.0.0 Safari/537.36" www.sbsc.in 199.79.62.221
122.161.53.6 - - [28/Jan/2023:14:25:39 +0000] "GET /images/banner/12.jpg HTTP/2.0" 200 153729 "https://www.sbsc.in/" "Mozilla/5.0 (Windows NT 10.0; Win64; x64) AppleWebKit/537.36 (KHTML, like Gecko) Chrome/109.0.0.0 Safari/537.36" www.sbsc.in 199.79.62.221
122.161.53.6 - - [28/Jan/2023:14:25:39 +0000] "GET /images/tour-img.jpg HTTP/2.0" 200 65976 "https://www.sbsc.in/" "Mozilla/5.0 (Windows NT 10.0; Win64; x64) AppleWebKit/537.36 (KHTML, like Gecko) Chrome/109.0.0.0 Safari/537.36" www.sbsc.in 199.79.62.221
122.161.53.6 - - [28/Jan/2023:14:25:39 +0000] "GET /images/IMG-20210727-WA0011.jpg HTTP/2.0" 200 154646 "https://www.sbsc.in/" "Mozilla/5.0 (Windows NT 10.0; Win64; x64) AppleWebKit/537.36 (KHTML, like Gecko) Chrome/109.0.0.0 Safari/537.36" www.sbsc.in 199.79.62.221
122.161.53.6 - - [28/Jan/2023:14:25:39 +0000] "GET /images/event.jpg HTTP/2.0" 200 3517 "https://www.sbsc.in/" "Mozilla/5.0 (Windows NT 10.0; Win64; x64) AppleWebKit/537.36 (KHTML, like Gecko) Chrome/109.0.0.0 Safari/537.36" www.sbsc.in 199.79.62.221
122.161.53.6 - - [28/Jan/2023:14:25:39 +0000] "GET /images/research-img.jpg HTTP/2.0" 200 3596 "https://www.sbsc.in/" "Mozilla/5.0 (Windows NT 10.0; Win64; x64) AppleWebKit/537.36 (KHTML, like Gecko) Chrome/109.0.0.0 Safari/537.36" www.sbsc.in 199.79.62.221
122.161.53.6 - - [28/Jan/2023:14:25:39 +0000] "GET /images/publication-img.jpg HTTP/2.0" 200 4561 "https://www.sbsc.in/" "Mozilla/5.0 (Windows NT 10.0; Win64; x64) AppleWebKit/537.36 (KHTML, like Gecko) Chrome/109.0.0.0 Safari/537.36" www.sbsc.in 199.79.62.221
122.161.53.6 - - [28/Jan/2023:14:25:39 +0000] "GET /images/Conference.jpg HTTP/2.0" 200 3631 "https://www.sbsc.in/" "Mozilla/5.0 (Windows NT 10.0; Win64; x64) AppleWebKit/537.36 (KHTML, like Gecko) Chrome/109.0.0.0 Safari/537.36" www.sbsc.in 199.79.62.221
122.161.53.6 - - [28/Jan/2023:14:25:39 +0000] "GET /fonts/glyphicons-halflings-regular.woff HTTP/2.0" 200 23320 "https://www.sbsc.in/css/bootstrap.min.css" "Mozilla/5.0 (Windows NT 10.0; Win64; x64) AppleWebKit/537.36 (KHTML, like Gecko) Chrome/109.0.0.0 Safari/537.36" www.sbsc.in 199.79.62.221
122.161.53.6 - - [28/Jan/2023:14:25:39 +0000] "GET /js/bootstrap.min.js HTTP/2.0" 200 13505 "https://www.sbsc.in/" "Mozilla/5.0 (Windows NT 10.0; Win64; x64) AppleWebKit/537.36 (KHTML, like Gecko) Chrome/109.0.0.0 Safari/537.36" www.sbsc.in 199.79.62.221
122.161.53.6 - - [28/Jan/2023:14:25:39 +0000] "GET /images/latest_news.png HTTP/2.0" 200 2953 "https://www.sbsc.in/" "Mozilla/5.0 (Windows NT 10.0; Win64; x64) AppleWebKit/537.36 (KHTML, like Gecko) Chrome/109.0.0.0 Safari/537.36" sbsc.in 199.79.62.221
122.161.53.6 - - [28/Jan/2023:14:25:39 +0000] "GET /images/placement1.JPG HTTP/2.0" 200 11070724 "https://www.sbsc.in/" "Mozilla/5.0 (Windows NT 10.0; Win64; x64) AppleWebKit/537.36 (KHTML, like Gecko) Chrome/109.0.0.0 Safari/537.36" www.sbsc.in 199.79.62.221
51.142.189.158 - - [28/Jan/2023:14:25:48 +0000] "GET / HTTP/2.0" 200 45835 "-" "Mozilla/5.0 (Windows NT 10.0; Win64; x64; rv:81.0) Gecko/20100101 Firefox/81.0" www.sbsc.in 199.79.62.221
66.249.75.106 - - [28/Jan/2023:14:25:53 +0000] "GET /pdf/resources/1586336935_new_money.pdf HTTP/1.1" 404 355 "-" "Mozilla/5.0 (Linux; Android 6.0.1; Nexus 5X Build/MMB29P) AppleWebKit/537.36 (KHTML, like Gecko) Chrome/109.0.5414.101 Mobile Safari/537.36 (compatible; Googlebot/2.1; +http://www.google.com/bot.html)" www.sbsc.in 199.79.62.221
49.37.171.37 - - [28/Jan/2023:14:26:36 +0000] "GET / HTTP/2.0" 200 45835 "https://www.bing.com/" "Mozilla/5.0 (Windows NT 10.0; Win64; x64) AppleWebKit/537.36 (KHTML, like Gecko) Chrome/109.0.0.0 Safari/537.36 Edg/109.0.1518.69" www.sbsc.in 199.79.62.221
49.37.171.37 - - [28/Jan/2023:14:26:38 +0000] "GET /css/style.css HTTP/2.0" 200 2565 "https://www.sbsc.in/" "Mozilla/5.0 (Windows NT 10.0; Win64; x64) AppleWebKit/537.36 (KHTML, like Gecko) Chrome/109.0.0.0 Safari/537.36 Edg/109.0.1518.69" www.sbsc.in 199.79.62.221
49.37.171.37 - - [28/Jan/2023:14:26:38 +0000] "GET /css/style-new.css HTTP/2.0" 200 352 "https://www.sbsc.in/" "Mozilla/5.0 (Windows NT 10.0; Win64; x64) AppleWebKit/537.36 (KHTML, like Gecko) Chrome/109.0.0.0 Safari/537.36 Edg/109.0.1518.69" www.sbsc.in 199.79.62.221
49.37.171.37 - - [28/Jan/2023:14:26:38 +0000] "GET /css/bootstrap.min.css HTTP/2.0" 200 27845 "https://www.sbsc.in/" "Mozilla/5.0 (Windows NT 10.0; Win64; x64) AppleWebKit/537.36 (KHTML, like Gecko) Chrome/109.0.0.0 Safari/537.36 Edg/109.0.1518.69" www.sbsc.in 199.79.62.221
49.37.171.37 - - [28/Jan/2023:14:26:39 +0000] "GET /cssmenu/styles.css HTTP/2.0" 200 1905 "https://www.sbsc.in/" "Mozilla/5.0 (Windows NT 10.0; Win64; x64) AppleWebKit/537.36 (KHTML, like Gecko) Chrome/109.0.0.0 Safari/537.36 Edg/109.0.1518.69" www.sbsc.in 199.79.62.221
49.37.171.37 - - [28/Jan/2023:14:26:40 +0000] "GET /cssmenu/script.js HTTP/2.0" 200 675 "https://www.sbsc.in/" "Mozilla/5.0 (Windows NT 10.0; Win64; x64) AppleWebKit/537.36 (KHTML, like Gecko) Chrome/109.0.0.0 Safari/537.36 Edg/109.0.1518.69" www.sbsc.in 199.79.62.221
49.37.171.37 - - [28/Jan/2023:14:26:40 +0000] "GET /js/animation-banner.js HTTP/2.0" 200 964 "https://www.sbsc.in/" "Mozilla/5.0 (Windows NT 10.0; Win64; x64) AppleWebKit/537.36 (KHTML, like Gecko) Chrome/109.0.0.0 Safari/537.36 Edg/109.0.1518.69" www.sbsc.in 199.79.62.221
49.37.171.37 - - [28/Jan/2023:14:26:41 +0000] "GET /js/jquery.js HTTP/2.0" 200 42291 "https://www.sbsc.in/" "Mozilla/5.0 (Windows NT 10.0; Win64; x64) AppleWebKit/537.36 (KHTML, like Gecko) Chrome/109.0.0.0 Safari/537.36 Edg/109.0.1518.69" www.sbsc.in 199.79.62.221
49.37.171.37 - - [28/Jan/2023:14:26:41 +0000] "GET /js/bootstrap.min.js HTTP/2.0" 200 13505 "https://www.sbsc.in/" "Mozilla/5.0 (Windows NT 10.0; Win64; x64) AppleWebKit/537.36 (KHTML, like Gecko) Chrome/109.0.0.0 Safari/537.36 Edg/109.0.1518.69" www.sbsc.in 199.79.62.221
207.46.13.69 - - [28/Jan/2023:14:26:43 +0000] "GET /images/swachhta-abhiyan.jpg HTTP/2.0" 200 92993 "-" "Mozilla/5.0 AppleWebKit/537.36 (KHTML, like Gecko; compatible; bingbot/2.0; +http://www.bing.com/bingbot.htm) Chrome/103.0.5060.134 Safari/537.36" sbsc.in 199.79.62.221
49.37.171.37 - - [28/Jan/2023:14:26:42 +0000] "GET /fonts/glyphicons-halflings-regular.woff HTTP/2.0" 200 23320 "https://www.sbsc.in/css/bootstrap.min.css" "Mozilla/5.0 (Windows NT 10.0; Win64; x64) AppleWebKit/537.36 (KHTML, like Gecko) Chrome/109.0.0.0 Safari/537.36 Edg/109.0.1518.69" www.sbsc.in 199.79.62.221
49.37.171.37 - - [28/Jan/2023:14:26:45 +0000] "GET /images/new.gif HTTP/2.0" 200 2455 "https://www.sbsc.in/" "Mozilla/5.0 (Windows NT 10.0; Win64; x64) AppleWebKit/537.36 (KHTML, like Gecko) Chrome/109.0.0.0 Safari/537.36 Edg/109.0.1518.69" www.sbsc.in 199.79.62.221
49.37.171.37 - - [28/Jan/2023:14:26:45 +0000] "GET /images/phone.png HTTP/2.0" 200 1897 "https://www.sbsc.in/" "Mozilla/5.0 (Windows NT 10.0; Win64; x64) AppleWebKit/537.36 (KHTML, like Gecko) Chrome/109.0.0.0 Safari/537.36 Edg/109.0.1518.69" www.sbsc.in 199.79.62.221
49.37.171.37 - - [28/Jan/2023:14:26:49 +0000] "GET /images/symbol.jpg HTTP/2.0" 200 781 "https://www.sbsc.in/" "Mozilla/5.0 (Windows NT 10.0; Win64; x64) AppleWebKit/537.36 (KHTML, like Gecko) Chrome/109.0.0.0 Safari/537.36 Edg/109.0.1518.69" www.sbsc.in 199.79.62.221
49.37.171.37 - - [28/Jan/2023:14:26:49 +0000] "GET /images/email.png HTTP/2.0" 200 1371 "https://www.sbsc.in/" "Mozilla/5.0 (Windows NT 10.0; Win64; x64) AppleWebKit/537.36 (KHTML, like Gecko) Chrome/109.0.0.0 Safari/537.36 Edg/109.0.1518.69" www.sbsc.in 199.79.62.221
49.37.171.37 - - [28/Jan/2023:14:26:49 +0000] "GET /paytm.jpg HTTP/2.0" 200 7167 "https://www.sbsc.in/" "Mozilla/5.0 (Windows NT 10.0; Win64; x64) AppleWebKit/537.36 (KHTML, like Gecko) Chrome/109.0.0.0 Safari/537.36 Edg/109.0.1518.69" www.sbsc.in 199.79.62.221
49.37.171.37 - - [28/Jan/2023:14:26:49 +0000] "GET /images/logo.png HTTP/2.0" 200 36072 "https://www.sbsc.in/" "Mozilla/5.0 (Windows NT 10.0; Win64; x64) AppleWebKit/537.36 (KHTML, like Gecko) Chrome/109.0.0.0 Safari/537.36 Edg/109.0.1518.69" www.sbsc.in 199.79.62.221
49.37.171.37 - - [28/Jan/2023:14:26:50 +0000] "GET /images/golden-jubilee-logo.png HTTP/2.0" 200 34899 "https://www.sbsc.in/" "Mozilla/5.0 (Windows NT 10.0; Win64; x64) AppleWebKit/537.36 (KHTML, like Gecko) Chrome/109.0.0.0 Safari/537.36 Edg/109.0.1518.69" www.sbsc.in 199.79.62.221
66.249.75.106 - - [28/Jan/2023:14:26:54 +0000] "GET / HTTP/1.1" 200 45835 "-" "Mozilla/5.0 (compatible; Googlebot/2.1; +http://www.google.com/bot.html)" www.sbsc.in 199.79.62.221
49.37.171.37 - - [28/Jan/2023:14:26:50 +0000] "GET /images/banner/1.jpg HTTP/2.0" 200 212471 "https://www.sbsc.in/" "Mozilla/5.0 (Windows NT 10.0; Win64; x64) AppleWebKit/537.36 (KHTML, like Gecko) Chrome/109.0.0.0 Safari/537.36 Edg/109.0.1518.69" www.sbsc.in 199.79.62.221
49.37.171.37 - - [28/Jan/2023:14:26:50 +0000] "GET /images/latest_news.png HTTP/2.0" 200 2953 "https://www.sbsc.in/" "Mozilla/5.0 (Windows NT 10.0; Win64; x64) AppleWebKit/537.36 (KHTML, like Gecko) Chrome/109.0.0.0 Safari/537.36 Edg/109.0.1518.69" sbsc.in 199.79.62.221
49.37.171.37 - - [28/Jan/2023:14:26:50 +0000] "GET /images/banner/2.jpg HTTP/2.0" 200 197131 "https://www.sbsc.in/" "Mozilla/5.0 (Windows NT 10.0; Win64; x64) AppleWebKit/537.36 (KHTML, like Gecko) Chrome/109.0.0.0 Safari/537.36 Edg/109.0.1518.69" www.sbsc.in 199.79.62.221
196.191.248.232 - - [28/Jan/2023:14:27:14 +0000] "GET /pdf/resources/1585914664_Soil,_Thermal,_Nuclear_pollution.pdf HTTP/2.0" 404 355 "https://www.google.com/" "Mozilla/5.0 (Linux; Android 11; TECNO KG7h) AppleWebKit/537.36 (KHTML, like Gecko) Chrome/101.0.0.0 Mobile Safari/537.36" www.sbsc.in 199.79.62.221
196.191.248.232 - - [28/Jan/2023:14:27:16 +0000] "GET /favicon.ico HTTP/1.1" 404 355 "https://www.sbsc.in/pdf/resources/1585914664_Soil,_Thermal,_Nuclear_pollution.pdf" "Mozilla/5.0 (Linux; Android 11; TECNO KG7h) AppleWebKit/537.36 (KHTML, like Gecko) Chrome/101.0.0.0 Mobile Safari/537.36" www.sbsc.in 199.79.62.221
106.223.94.124 - - [28/Jan/2023:14:27:20 +0000] "GET / HTTP/2.0" 200 45835 "https://www.google.com/" "Mozilla/5.0 (Linux; Android 10; SM-J600G) AppleWebKit/537.36 (KHTML, like Gecko) Chrome/107.0.0.0 Mobile Safari/537.36" www.sbsc.in 199.79.62.221
196.191.248.232 - - [28/Jan/2023:14:27:15 +0000] "GET /favicon.ico HTTP/2.0" 404 355 "https://www.sbsc.in/pdf/resources/1585914664_Soil,_Thermal,_Nuclear_pollution.pdf" "Mozilla/5.0 (Linux; Android 11; TECNO KG7h) AppleWebKit/537.36 (KHTML, like Gecko) Chrome/101.0.0.0 Mobile Safari/537.36" www.sbsc.in 199.79.62.221
66.249.75.108 - - [28/Jan/2023:14:27:30 +0000] "GET /placement.php HTTP/1.1" 200 47019 "-" "Mozilla/5.0 (Linux; Android 6.0.1; Nexus 5X Build/MMB29P) AppleWebKit/537.36 (KHTML, like Gecko) Chrome/109.0.5414.101 Mobile Safari/537.36 (compatible; Googlebot/2.1; +http://www.google.com/bot.html)" www.sbsc.in 199.79.62.221
66.249.75.108 - - [28/Jan/2023:14:27:30 +0000] "GET /placement.php HTTP/1.1" 200 47019 "-" "Mozilla/5.0 (Linux; Android 6.0.1; Nexus 5X Build/MMB29P) AppleWebKit/537.36 (KHTML, like Gecko) Chrome/109.0.5414.101 Mobile Safari/537.36 (compatible; Googlebot/2.1; +http://www.google.com/bot.html)" www.sbsc.in 199.79.62.221
207.46.13.69 - - [28/Jan/2023:14:27:33 +0000] "GET / HTTP/2.0" 200 45835 "-" "Mozilla/5.0 AppleWebKit/537.36 (KHTML, like Gecko; compatible; bingbot/2.0; +http://www.bing.com/bingbot.htm) Chrome/103.0.5060.134 Safari/537.36" www.sbsc.in 199.79.62.221
207.46.13.111 - - [28/Jan/2023:14:27:38 +0000] "GET /appointment-of-assistant-professors.php HTTP/1.1" 200 42596 "-" "Mozilla/5.0 AppleWebKit/537.36 (KHTML, like Gecko; compatible; bingbot/2.0; +http://www.bing.com/bingbot.htm) Chrome/103.0.5060.134 Safari/537.36" www.sbsc.in 199.79.62.221
207.46.13.111 - - [28/Jan/2023:14:27:38 +0000] "GET /appointment-of-assistant-professors.php HTTP/2.0" 200 42596 "-" "Mozilla/5.0 AppleWebKit/537.36 (KHTML, like Gecko; compatible; bingbot/2.0; +http://www.bing.com/bingbot.htm) Chrome/103.0.5060.134 Safari/537.36" www.sbsc.in 199.79.62.221
49.37.171.37 - - [28/Jan/2023:14:26:57 +0000] "GET /images/tour-img.jpg HTTP/2.0" 200 65976 "https://www.sbsc.in/" "Mozilla/5.0 (Windows NT 10.0; Win64; x64) AppleWebKit/537.36 (KHTML, like Gecko) Chrome/109.0.0.0 Safari/537.36 Edg/109.0.1518.69" www.sbsc.in 199.79.62.221
66.249.75.106 - - [28/Jan/2023:14:27:42 +0000] "GET /images/untitled1.jpg HTTP/1.1" 200 13101 "https://www.sbsc.in/placement.php" "Mozilla/5.0 (Linux; Android 6.0.1; Nexus 5X Build/MMB29P) AppleWebKit/537.36 (KHTML, like Gecko) Chrome/109.0.5414.101 Mobile Safari/537.36 (compatible; Googlebot/2.1; +http://www.google.com/bot.html)" www.sbsc.in 199.79.62.221
66.249.75.106 - - [28/Jan/2023:14:27:47 +0000] "GET /images/untitled.jpg HTTP/1.1" 200 13937 "https://www.sbsc.in/placement.php" "Mozilla/5.0 (Linux; Android 6.0.1; Nexus 5X Build/MMB29P) AppleWebKit/537.36 (KHTML, like Gecko) Chrome/109.0.5414.101 Mobile Safari/537.36 (compatible; Googlebot/2.1; +http://www.google.com/bot.html)" www.sbsc.in 199.79.62.221
47.9.73.17 - - [28/Jan/2023:14:27:49 +0000] "GET /pdf/resources/1586690922_Meaningof_cost_accounting.pdf HTTP/2.0" 404 355 "-" "Mozilla/5.0 (Linux; Android 10; CPH2185) AppleWebKit/537.36 (KHTML, like Gecko) Chrome/109.0.0.0 Mobile Safari/537.36" www.sbsc.in 199.79.62.221
47.9.73.17 - - [28/Jan/2023:14:27:51 +0000] "GET /favicon.ico HTTP/1.1" 404 355 "https://www.sbsc.in/pdf/resources/1586690922_Meaningof_cost_accounting.pdf" "Mozilla/5.0 (Linux; Android 10; CPH2185) AppleWebKit/537.36 (KHTML, like Gecko) Chrome/109.0.0.0 Mobile Safari/537.36" www.sbsc.in 199.79.62.221
47.9.73.17 - - [28/Jan/2023:14:27:51 +0000] "GET /favicon.ico HTTP/2.0" 404 355 "https://www.sbsc.in/pdf/resources/1586690922_Meaningof_cost_accounting.pdf" "Mozilla/5.0 (Linux; Android 10; CPH2185) AppleWebKit/537.36 (KHTML, like Gecko) Chrome/109.0.0.0 Mobile Safari/537.36" www.sbsc.in 199.79.62.221
106.223.94.124 - - [28/Jan/2023:14:27:59 +0000] "GET / HTTP/2.0" 200 45835 "https://www.google.com/" "Mozilla/5.0 (Linux; Android 10; SM-J600G) AppleWebKit/537.36 (KHTML, like Gecko) Chrome/107.0.0.0 Mobile Safari/537.36" www.sbsc.in 199.79.62.221
106.223.94.124 - - [28/Jan/2023:14:28:02 +0000] "GET /css/bootstrap.min.css HTTP/2.0" 200 27845 "https://www.sbsc.in/" "Mozilla/5.0 (Linux; Android 10; SM-J600G) AppleWebKit/537.36 (KHTML, like Gecko) Chrome/107.0.0.0 Mobile Safari/537.36" www.sbsc.in 199.79.62.221
106.223.94.124 - - [28/Jan/2023:14:28:02 +0000] "GET /css/style-new.css HTTP/2.0" 200 352 "https://www.sbsc.in/" "Mozilla/5.0 (Linux; Android 10; SM-J600G) AppleWebKit/537.36 (KHTML, like Gecko) Chrome/107.0.0.0 Mobile Safari/537.36" www.sbsc.in 199.79.62.221
106.223.94.124 - - [28/Jan/2023:14:28:02 +0000] "GET /css/style.css HTTP/2.0" 200 2565 "https://www.sbsc.in/" "Mozilla/5.0 (Linux; Android 10; SM-J600G) AppleWebKit/537.36 (KHTML, like Gecko) Chrome/107.0.0.0 Mobile Safari/537.36" www.sbsc.in 199.79.62.221
106.223.94.124 - - [28/Jan/2023:14:28:05 +0000] "GET /cssmenu/styles.css HTTP/2.0" 200 1905 "https://www.sbsc.in/" "Mozilla/5.0 (Linux; Android 10; SM-J600G) AppleWebKit/537.36 (KHTML, like Gecko) Chrome/107.0.0.0 Mobile Safari/537.36" www.sbsc.in 199.79.62.221
106.223.94.124 - - [28/Jan/2023:14:28:05 +0000] "GET /cssmenu/script.js HTTP/2.0" 200 675 "https://www.sbsc.in/" "Mozilla/5.0 (Linux; Android 10; SM-J600G) AppleWebKit/537.36 (KHTML, like Gecko) Chrome/107.0.0.0 Mobile Safari/537.36" www.sbsc.in 199.79.62.221
106.223.94.124 - - [28/Jan/2023:14:28:06 +0000] "GET /js/animation-banner.js HTTP/2.0" 200 964 "https://www.sbsc.in/" "Mozilla/5.0 (Linux; Android 10; SM-J600G) AppleWebKit/537.36 (KHTML, like Gecko) Chrome/107.0.0.0 Mobile Safari/537.36" www.sbsc.in 199.79.62.221
106.223.94.124 - - [28/Jan/2023:14:28:07 +0000] "GET /js/jquery.js HTTP/2.0" 200 42291 "https://www.sbsc.in/" "Mozilla/5.0 (Linux; Android 10; SM-J600G) AppleWebKit/537.36 (KHTML, like Gecko) Chrome/107.0.0.0 Mobile Safari/537.36" www.sbsc.in 199.79.62.221
106.223.94.124 - - [28/Jan/2023:14:28:08 +0000] "GET /paytm.jpg HTTP/2.0" 200 7167 "https://www.sbsc.in/" "Mozilla/5.0 (Linux; Android 10; SM-J600G) AppleWebKit/537.36 (KHTML, like Gecko) Chrome/107.0.0.0 Mobile Safari/537.36" www.sbsc.in 199.79.62.221
106.223.94.124 - - [28/Jan/2023:14:28:08 +0000] "GET /js/bootstrap.min.js HTTP/2.0" 200 13505 "https://www.sbsc.in/" "Mozilla/5.0 (Linux; Android 10; SM-J600G) AppleWebKit/537.36 (KHTML, like Gecko) Chrome/107.0.0.0 Mobile Safari/537.36" www.sbsc.in 199.79.62.221
106.223.94.124 - - [28/Jan/2023:14:28:09 +0000] "GET /images/email.png HTTP/2.0" 200 1371 "https://www.sbsc.in/" "Mozilla/5.0 (Linux; Android 10; SM-J600G) AppleWebKit/537.36 (KHTML, like Gecko) Chrome/107.0.0.0 Mobile Safari/537.36" www.sbsc.in 199.79.62.221
106.223.94.124 - - [28/Jan/2023:14:28:09 +0000] "GET /images/phone.png HTTP/2.0" 200 1897 "https://www.sbsc.in/" "Mozilla/5.0 (Linux; Android 10; SM-J600G) AppleWebKit/537.36 (KHTML, like Gecko) Chrome/107.0.0.0 Mobile Safari/537.36" www.sbsc.in 199.79.62.221
106.223.94.124 - - [28/Jan/2023:14:28:09 +0000] "GET /images/new.gif HTTP/2.0" 200 2455 "https://www.sbsc.in/" "Mozilla/5.0 (Linux; Android 10; SM-J600G) AppleWebKit/537.36 (KHTML, like Gecko) Chrome/107.0.0.0 Mobile Safari/537.36" www.sbsc.in 199.79.62.221
106.223.94.124 - - [28/Jan/2023:14:28:11 +0000] "GET /images/symbol.jpg HTTP/2.0" 200 781 "https://www.sbsc.in/" "Mozilla/5.0 (Linux; Android 10; SM-J600G) AppleWebKit/537.36 (KHTML, like Gecko) Chrome/107.0.0.0 Mobile Safari/537.36" www.sbsc.in 199.79.62.221
