47.31.186.29 - - [28/Jan/2023:14:43:05 +0000] "GET /images/new.gif HTTP/2.0" 200 2455 "https://www.sbsc.in/" "Mozilla/5.0 (Linux; Android 11; Mi A3) AppleWebKit/537.36 (KHTML, like Gecko) Chrome/109.0.0.0 Mobile Safari/537.36" www.sbsc.in 199.79.62.221
47.31.186.29 - - [28/Jan/2023:14:43:05 +0000] "GET /images/banner/1.jpg HTTP/2.0" 200 212471 "https://www.sbsc.in/" "Mozilla/5.0 (Linux; Android 11; Mi A3) AppleWebKit/537.36 (KHTML, like Gecko) Chrome/109.0.0.0 Mobile Safari/537.36" www.sbsc.in 199.79.62.221
47.31.186.29 - - [28/Jan/2023:14:43:05 +0000] "GET /images/banner/2.jpg HTTP/2.0" 200 197131 "https://www.sbsc.in/" "Mozilla/5.0 (Linux; Android 11; Mi A3) AppleWebKit/537.36 (KHTML, like Gecko) Chrome/109.0.0.0 Mobile Safari/537.36" www.sbsc.in 199.79.62.221
47.31.186.29 - - [28/Jan/2023:14:43:05 +0000] "GET /images/banner/3.jpg HTTP/2.0" 200 207968 "https://www.sbsc.in/" "Mozilla/5.0 (Linux; Android 11; Mi A3) AppleWebKit/537.36 (KHTML, like Gecko) Chrome/109.0.0.0 Mobile Safari/537.36" www.sbsc.in 199.79.62.221
47.31.186.29 - - [28/Jan/2023:14:43:05 +0000] "GET /images/banner/4.jpg HTTP/2.0" 200 172167 "https://www.sbsc.in/" "Mozilla/5.0 (Linux; Android 11; Mi A3) AppleWebKit/537.36 (KHTML, like Gecko) Chrome/109.0.0.0 Mobile Safari/537.36" www.sbsc.in 199.79.62.221
47.31.186.29 - - [28/Jan/2023:14:43:06 +0000] "GET /images/banner/6.jpg HTTP/2.0" 200 127037 "https://www.sbsc.in/" "Mozilla/5.0 (Linux; Android 11; Mi A3) AppleWebKit/537.36 (KHTML, like Gecko) Chrome/109.0.0.0 Mobile Safari/537.36" www.sbsc.in 199.79.62.221
47.31.186.29 - - [28/Jan/2023:14:43:05 +0000] "GET /images/banner/5.jpg HTTP/2.0" 200 170926 "https://www.sbsc.in/" "Mozilla/5.0 (Linux; Android 11; Mi A3) AppleWebKit/537.36 (KHTML, like Gecko) Chrome/109.0.0.0 Mobile Safari/537.36" www.sbsc.in 199.79.62.221
47.31.186.29 - - [28/Jan/2023:14:43:06 +0000] "GET /images/banner/7.jpg HTTP/2.0" 200 179124 "https://www.sbsc.in/" "Mozilla/5.0 (Linux; Android 11; Mi A3) AppleWebKit/537.36 (KHTML, like Gecko) Chrome/109.0.0.0 Mobile Safari/537.36" www.sbsc.in 199.79.62.221
47.31.186.29 - - [28/Jan/2023:14:43:07 +0000] "GET /images/banner/8.jpg HTTP/2.0" 200 156850 "https://www.sbsc.in/" "Mozilla/5.0 (Linux; Android 11; Mi A3) AppleWebKit/537.36 (KHTML, like Gecko) Chrome/109.0.0.0 Mobile Safari/537.36" www.sbsc.in 199.79.62.221
47.31.186.29 - - [28/Jan/2023:14:43:07 +0000] "GET /images/banner/10.jpg HTTP/2.0" 200 211781 "https://www.sbsc.in/" "Mozilla/5.0 (Linux; Android 11; Mi A3) AppleWebKit/537.36 (KHTML, like Gecko) Chrome/109.0.0.0 Mobile Safari/537.36" www.sbsc.in 199.79.62.221
47.31.186.29 - - [28/Jan/2023:14:43:07 +0000] "GET /images/banner/9.jpg HTTP/2.0" 200 167238 "https://www.sbsc.in/" "Mozilla/5.0 (Linux; Android 11; Mi A3) AppleWebKit/537.36 (KHTML, like Gecko) Chrome/109.0.0.0 Mobile Safari/537.36" www.sbsc.in 199.79.62.221
47.31.186.29 - - [28/Jan/2023:14:43:07 +0000] "GET /images/banner/11.jpg HTTP/2.0" 200 186118 "https://www.sbsc.in/" "Mozilla/5.0 (Linux; Android 11; Mi A3) AppleWebKit/537.36 (KHTML, like Gecko) Chrome/109.0.0.0 Mobile Safari/537.36" www.sbsc.in 199.79.62.221
47.31.186.29 - - [28/Jan/2023:14:43:08 +0000] "GET /images/banner/12.jpg HTTP/2.0" 200 153729 "https://www.sbsc.in/" "Mozilla/5.0 (Linux; Android 11; Mi A3) AppleWebKit/537.36 (KHTML, like Gecko) Chrome/109.0.0.0 Mobile Safari/537.36" www.sbsc.in 199.79.62.221
47.31.186.29 - - [28/Jan/2023:14:43:09 +0000] "GET /images/jubliee-img.jpg HTTP/2.0" 200 88706 "https://www.sbsc.in/" "Mozilla/5.0 (Linux; Android 11; Mi A3) AppleWebKit/537.36 (KHTML, like Gecko) Chrome/109.0.0.0 Mobile Safari/537.36" www.sbsc.in 199.79.62.221
47.31.186.29 - - [28/Jan/2023:14:43:10 +0000] "GET /images/alumini.jpg HTTP/2.0" 200 50947 "https://www.sbsc.in/" "Mozilla/5.0 (Linux; Android 11; Mi A3) AppleWebKit/537.36 (KHTML, like Gecko) Chrome/109.0.0.0 Mobile Safari/537.36" www.sbsc.in 199.79.62.221
47.31.186.29 - - [28/Jan/2023:14:43:10 +0000] "GET /images/associations.jpg HTTP/2.0" 200 31703 "https://www.sbsc.in/" "Mozilla/5.0 (Linux; Android 11; Mi A3) AppleWebKit/537.36 (KHTML, like Gecko) Chrome/109.0.0.0 Mobile Safari/537.36" www.sbsc.in 199.79.62.221
47.31.186.29 - - [28/Jan/2023:14:43:10 +0000] "GET /images/tour-img.jpg HTTP/2.0" 200 65976 "https://www.sbsc.in/" "Mozilla/5.0 (Linux; Android 11; Mi A3) AppleWebKit/537.36 (KHTML, like Gecko) Chrome/109.0.0.0 Mobile Safari/537.36" www.sbsc.in 199.79.62.221
47.31.186.29 - - [28/Jan/2023:14:43:11 +0000] "GET /images/IMG-20210727-WA0011.jpg HTTP/2.0" 200 154646 "https://www.sbsc.in/" "Mozilla/5.0 (Linux; Android 11; Mi A3) AppleWebKit/537.36 (KHTML, like Gecko) Chrome/109.0.0.0 Mobile Safari/537.36" www.sbsc.in 199.79.62.221
47.31.186.29 - - [28/Jan/2023:14:43:11 +0000] "GET /images/event.jpg HTTP/2.0" 200 3517 "https://www.sbsc.in/" "Mozilla/5.0 (Linux; Android 11; Mi A3) AppleWebKit/537.36 (KHTML, like Gecko) Chrome/109.0.0.0 Mobile Safari/537.36" www.sbsc.in 199.79.62.221
47.31.186.29 - - [28/Jan/2023:14:43:11 +0000] "GET /images/latest_news.png HTTP/2.0" 200 2953 "https://www.sbsc.in/" "Mozilla/5.0 (Linux; Android 11; Mi A3) AppleWebKit/537.36 (KHTML, like Gecko) Chrome/109.0.0.0 Mobile Safari/537.36" sbsc.in 199.79.62.221
47.31.186.29 - - [28/Jan/2023:14:43:11 +0000] "GET /images/research-img.jpg HTTP/2.0" 200 3596 "https://www.sbsc.in/" "Mozilla/5.0 (Linux; Android 11; Mi A3) AppleWebKit/537.36 (KHTML, like Gecko) Chrome/109.0.0.0 Mobile Safari/537.36" www.sbsc.in 199.79.62.221
47.31.186.29 - - [28/Jan/2023:14:43:12 +0000] "GET /images/publication-img.jpg HTTP/2.0" 200 4561 "https://www.sbsc.in/" "Mozilla/5.0 (Linux; Android 11; Mi A3) AppleWebKit/537.36 (KHTML, like Gecko) Chrome/109.0.0.0 Mobile Safari/537.36" www.sbsc.in 199.79.62.221
47.31.186.29 - - [28/Jan/2023:14:43:13 +0000] "GET /images/Conference.jpg HTTP/2.0" 200 3631 "https://www.sbsc.in/" "Mozilla/5.0 (Linux; Android 11; Mi A3) AppleWebKit/537.36 (KHTML, like Gecko) Chrome/109.0.0.0 Mobile Safari/537.36" www.sbsc.in 199.79.62.221
47.31.186.29 - - [28/Jan/2023:14:43:13 +0000] "GET /fonts/glyphicons-halflings-regular.woff HTTP/2.0" 200 23320 "https://www.sbsc.in/css/bootstrap.min.css" "Mozilla/5.0 (Linux; Android 11; Mi A3) AppleWebKit/537.36 (KHTML, like Gecko) Chrome/109.0.0.0 Mobile Safari/537.36" www.sbsc.in 199.79.62.221
110.226.183.140 - - [28/Jan/2023:14:43:18 +0000] "GET /pdf/resources/1588661791_Unit_7_Human_Population_ethics_and_environment.docx HTTP/1.1" 404 355 "https://www.google.com/" "Mozilla/5.0 (Windows NT 10.0; Win64; x64) AppleWebKit/537.36 (KHTML, like Gecko) Chrome/109.0.0.0 Safari/537.36" www.sbsc.in 199.79.62.221
110.226.183.140 - - [28/Jan/2023:14:43:18 +0000] "GET /pdf/resources/1588661791_Unit_7_Human_Population_ethics_and_environment.docx HTTP/2.0" 404 355 "https://www.google.com/" "Mozilla/5.0 (Windows NT 10.0; Win64; x64) AppleWebKit/537.36 (KHTML, like Gecko) Chrome/109.0.0.0 Safari/537.36" www.sbsc.in 199.79.62.221
110.226.183.140 - - [28/Jan/2023:14:43:18 +0000] "GET /favicon.ico HTTP/1.1" 404 355 "https://www.sbsc.in/pdf/resources/1588661791_Unit_7_Human_Population_ethics_and_environment.docx" "Mozilla/5.0 (Windows NT 10.0; Win64; x64) AppleWebKit/537.36 (KHTML, like Gecko) Chrome/109.0.0.0 Safari/537.36" www.sbsc.in 199.79.62.221
110.226.183.140 - - [28/Jan/2023:14:43:18 +0000] "GET /favicon.ico HTTP/2.0" 404 355 "https://www.sbsc.in/pdf/resources/1588661791_Unit_7_Human_Population_ethics_and_environment.docx" "Mozilla/5.0 (Windows NT 10.0; Win64; x64) AppleWebKit/537.36 (KHTML, like Gecko) Chrome/109.0.0.0 Safari/537.36" www.sbsc.in 199.79.62.221
47.31.186.29 - - [28/Jan/2023:14:43:10 +0000] "GET /images/placement1.JPG HTTP/2.0" 200 11070724 "https://www.sbsc.in/" "Mozilla/5.0 (Linux; Android 11; Mi A3) AppleWebKit/537.36 (KHTML, like Gecko) Chrome/109.0.0.0 Mobile Safari/537.36" www.sbsc.in 199.79.62.221
47.31.186.29 - - [28/Jan/2023:14:43:30 +0000] "GET /favicon.ico HTTP/1.1" 404 355 "https://www.sbsc.in/" "Mozilla/5.0 (Linux; Android 11; Mi A3) AppleWebKit/537.36 (KHTML, like Gecko) Chrome/109.0.0.0 Mobile Safari/537.36" www.sbsc.in 199.79.62.221
42.105.154.53 - - [28/Jan/2023:14:43:16 +0000] "GET /pdf/Guidelines%20for%20Screening.pdf HTTP/2.0" 200 4440134 "https://www.sbsc.in/appointment-of-assistant-professors.php" "Mozilla/5.0 (Windows NT 10.0; Win64; x64) AppleWebKit/537.36 (KHTML, like Gecko) Chrome/109.0.0.0 Safari/537.36" www.sbsc.in 199.79.62.221
47.31.186.29 - - [28/Jan/2023:14:43:30 +0000] "GET /favicon.ico HTTP/2.0" 404 355 "https://www.sbsc.in/" "Mozilla/5.0 (Linux; Android 11; Mi A3) AppleWebKit/537.36 (KHTML, like Gecko) Chrome/109.0.0.0 Mobile Safari/537.36" www.sbsc.in 199.79.62.221
47.31.186.29 - - [28/Jan/2023:14:43:38 +0000] "GET /alumni-association.php HTTP/2.0" 200 44026 "https://www.sbsc.in/" "Mozilla/5.0 (Linux; Android 11; Mi A3) AppleWebKit/537.36 (KHTML, like Gecko) Chrome/109.0.0.0 Mobile Safari/537.36" www.sbsc.in 199.79.62.221
47.31.186.29 - - [28/Jan/2023:14:43:39 +0000] "GET /images/alumini2.jpg HTTP/2.0" 200 65241 "https://www.sbsc.in/alumni-association.php" "Mozilla/5.0 (Linux; Android 11; Mi A3) AppleWebKit/537.36 (KHTML, like Gecko) Chrome/109.0.0.0 Mobile Safari/537.36" www.sbsc.in 199.79.62.221
47.31.186.29 - - [28/Jan/2023:14:43:39 +0000] "GET /images/alumini3.jpg HTTP/2.0" 200 72774 "https://www.sbsc.in/alumni-association.php" "Mozilla/5.0 (Linux; Android 11; Mi A3) AppleWebKit/537.36 (KHTML, like Gecko) Chrome/109.0.0.0 Mobile Safari/537.36" www.sbsc.in 199.79.62.221
47.31.186.29 - - [28/Jan/2023:14:43:40 +0000] "GET /images/alumini4.jpg HTTP/2.0" 200 48639 "https://www.sbsc.in/alumni-association.php" "Mozilla/5.0 (Linux; Android 11; Mi A3) AppleWebKit/537.36 (KHTML, like Gecko) Chrome/109.0.0.0 Mobile Safari/537.36" www.sbsc.in 199.79.62.221
157.37.212.144 - - [28/Jan/2023:14:43:45 +0000] "GET / HTTP/2.0" 200 45835 "https://www.google.com/" "Mozilla/5.0 (Linux; Android 10; M2006C3MII) AppleWebKit/537.36 (KHTML, like Gecko) Chrome/109.0.0.0 Mobile Safari/537.36" www.sbsc.in 199.79.62.221
157.37.212.144 - - [28/Jan/2023:14:43:47 +0000] "GET /images/logo.png HTTP/2.0" 200 36072 "https://www.sbsc.in/" "Mozilla/5.0 (Linux; Android 10; M2006C3MII) AppleWebKit/537.36 (KHTML, like Gecko) Chrome/109.0.0.0 Mobile Safari/537.36" www.sbsc.in 199.79.62.221
157.37.212.144 - - [28/Jan/2023:14:43:47 +0000] "GET /images/golden-jubilee-logo.png HTTP/2.0" 200 34899 "https://www.sbsc.in/" "Mozilla/5.0 (Linux; Android 10; M2006C3MII) AppleWebKit/537.36 (KHTML, like Gecko) Chrome/109.0.0.0 Mobile Safari/537.36" www.sbsc.in 199.79.62.221
157.37.212.144 - - [28/Jan/2023:14:43:47 +0000] "GET /images/banner/1.jpg HTTP/2.0" 200 212471 "https://www.sbsc.in/" "Mozilla/5.0 (Linux; Android 10; M2006C3MII) AppleWebKit/537.36 (KHTML, like Gecko) Chrome/109.0.0.0 Mobile Safari/537.36" www.sbsc.in 199.79.62.221
157.37.212.144 - - [28/Jan/2023:14:43:47 +0000] "GET /images/banner/2.jpg HTTP/2.0" 200 197131 "https://www.sbsc.in/" "Mozilla/5.0 (Linux; Android 10; M2006C3MII) AppleWebKit/537.36 (KHTML, like Gecko) Chrome/109.0.0.0 Mobile Safari/537.36" www.sbsc.in 199.79.62.221
157.37.212.144 - - [28/Jan/2023:14:43:47 +0000] "GET /images/banner/3.jpg HTTP/2.0" 200 207968 "https://www.sbsc.in/" "Mozilla/5.0 (Linux; Android 10; M2006C3MII) AppleWebKit/537.36 (KHTML, like Gecko) Chrome/109.0.0.0 Mobile Safari/537.36" www.sbsc.in 199.79.62.221
157.37.212.144 - - [28/Jan/2023:14:43:47 +0000] "GET /images/banner/4.jpg HTTP/2.0" 200 172167 "https://www.sbsc.in/" "Mozilla/5.0 (Linux; Android 10; M2006C3MII) AppleWebKit/537.36 (KHTML, like Gecko) Chrome/109.0.0.0 Mobile Safari/537.36" www.sbsc.in 199.79.62.221
157.37.212.144 - - [28/Jan/2023:14:43:47 +0000] "GET /images/banner/5.jpg HTTP/2.0" 200 170926 "https://www.sbsc.in/" "Mozilla/5.0 (Linux; Android 10; M2006C3MII) AppleWebKit/537.36 (KHTML, like Gecko) Chrome/109.0.0.0 Mobile Safari/537.36" www.sbsc.in 199.79.62.221
157.37.212.144 - - [28/Jan/2023:14:43:47 +0000] "GET /images/banner/6.jpg HTTP/2.0" 200 127037 "https://www.sbsc.in/" "Mozilla/5.0 (Linux; Android 10; M2006C3MII) AppleWebKit/537.36 (KHTML, like Gecko) Chrome/109.0.0.0 Mobile Safari/537.36" www.sbsc.in 199.79.62.221
157.37.212.144 - - [28/Jan/2023:14:43:47 +0000] "GET /images/banner/7.jpg HTTP/2.0" 200 179124 "https://www.sbsc.in/" "Mozilla/5.0 (Linux; Android 10; M2006C3MII) AppleWebKit/537.36 (KHTML, like Gecko) Chrome/109.0.0.0 Mobile Safari/537.36" www.sbsc.in 199.79.62.221
157.37.212.144 - - [28/Jan/2023:14:43:47 +0000] "GET /images/banner/8.jpg HTTP/2.0" 200 156850 "https://www.sbsc.in/" "Mozilla/5.0 (Linux; Android 10; M2006C3MII) AppleWebKit/537.36 (KHTML, like Gecko) Chrome/109.0.0.0 Mobile Safari/537.36" www.sbsc.in 199.79.62.221
157.37.212.144 - - [28/Jan/2023:14:43:47 +0000] "GET /images/banner/9.jpg HTTP/2.0" 200 167238 "https://www.sbsc.in/" "Mozilla/5.0 (Linux; Android 10; M2006C3MII) AppleWebKit/537.36 (KHTML, like Gecko) Chrome/109.0.0.0 Mobile Safari/537.36" www.sbsc.in 199.79.62.221
157.37.212.144 - - [28/Jan/2023:14:43:47 +0000] "GET /images/banner/10.jpg HTTP/2.0" 200 211781 "https://www.sbsc.in/" "Mozilla/5.0 (Linux; Android 10; M2006C3MII) AppleWebKit/537.36 (KHTML, like Gecko) Chrome/109.0.0.0 Mobile Safari/537.36" www.sbsc.in 199.79.62.221
157.37.212.144 - - [28/Jan/2023:14:43:47 +0000] "GET /images/banner/11.jpg HTTP/2.0" 200 186118 "https://www.sbsc.in/" "Mozilla/5.0 (Linux; Android 10; M2006C3MII) AppleWebKit/537.36 (KHTML, like Gecko) Chrome/109.0.0.0 Mobile Safari/537.36" www.sbsc.in 199.79.62.221
157.37.212.144 - - [28/Jan/2023:14:43:47 +0000] "GET /images/banner/12.jpg HTTP/2.0" 200 153729 "https://www.sbsc.in/" "Mozilla/5.0 (Linux; Android 10; M2006C3MII) AppleWebKit/537.36 (KHTML, like Gecko) Chrome/109.0.0.0 Mobile Safari/537.36" www.sbsc.in 199.79.62.221
157.37.212.144 - - [28/Jan/2023:14:43:47 +0000] "GET /images/jubliee-img.jpg HTTP/2.0" 200 88706 "https://www.sbsc.in/" "Mozilla/5.0 (Linux; Android 10; M2006C3MII) AppleWebKit/537.36 (KHTML, like Gecko) Chrome/109.0.0.0 Mobile Safari/537.36" www.sbsc.in 199.79.62.221
157.37.212.144 - - [28/Jan/2023:14:43:47 +0000] "GET /images/IMG-20210727-WA0011.jpg HTTP/2.0" 200 154646 "https://www.sbsc.in/" "Mozilla/5.0 (Linux; Android 10; M2006C3MII) AppleWebKit/537.36 (KHTML, like Gecko) Chrome/109.0.0.0 Mobile Safari/537.36" www.sbsc.in 199.79.62.221
157.37.212.144 - - [28/Jan/2023:14:43:47 +0000] "GET /images/placement1.JPG HTTP/2.0" 200 851687 "https://www.sbsc.in/" "Mozilla/5.0 (Linux; Android 10; M2006C3MII) AppleWebKit/537.36 (KHTML, like Gecko) Chrome/109.0.0.0 Mobile Safari/537.36" www.sbsc.in 199.79.62.221
47.31.186.29 - - [28/Jan/2023:14:44:02 +0000] "GET /placement.php HTTP/2.0" 200 47019 "https://www.sbsc.in/" "Mozilla/5.0 (Linux; Android 11; Mi A3) AppleWebKit/537.36 (KHTML, like Gecko) Chrome/109.0.0.0 Mobile Safari/537.36" www.sbsc.in 199.79.62.221
47.31.186.29 - - [28/Jan/2023:14:44:05 +0000] "GET /images/untitled1.jpg HTTP/2.0" 200 13101 "https://www.sbsc.in/placement.php" "Mozilla/5.0 (Linux; Android 11; Mi A3) AppleWebKit/537.36 (KHTML, like Gecko) Chrome/109.0.0.0 Mobile Safari/537.36" www.sbsc.in 199.79.62.221
47.31.186.29 - - [28/Jan/2023:14:44:05 +0000] "GET /images/untitled.jpg HTTP/2.0" 200 13937 "https://www.sbsc.in/placement.php" "Mozilla/5.0 (Linux; Android 11; Mi A3) AppleWebKit/537.36 (KHTML, like Gecko) Chrome/109.0.0.0 Mobile Safari/537.36" www.sbsc.in 199.79.62.221
47.31.186.29 - - [28/Jan/2023:14:44:20 +0000] "GET /uploads/pdf/SBSC%20Placement%20Report%202021-22.pdf HTTP/2.0" 404 355 "https://www.sbsc.in/placement.php" "Mozilla/5.0 (Linux; Android 11; Mi A3) AppleWebKit/537.36 (KHTML, like Gecko) Chrome/109.0.0.0 Mobile Safari/537.36" www.sbsc.in 199.79.62.221
20.66.21.107 - - [28/Jan/2023:14:44:24 +0000] "GET /view-all.php HTTP/2.0" 200 74210 "-" "Mozilla/5.0 (Windows NT 10.0; Win64; x64; rv:81.0) Gecko/20100101 Firefox/81.0" www.sbsc.in 199.79.62.221
117.99.221.77 - - [28/Jan/2023:14:43:22 +0000] "GET /pdf/Guidelines%20for%20Screening.pdf HTTP/2.0" 206 1480046 "https://www.sbsc.in/appointment-of-assistant-professors.php" "Mozilla/5.0 (Linux; Android 8.1.0; ASUS_X00TD) AppleWebKit/537.36 (KHTML, like Gecko) Chrome/106.0.0.0 Mobile Safari/537.36" www.sbsc.in 199.79.62.221
117.99.221.77 - - [28/Jan/2023:14:43:19 +0000] "GET /pdf/Guidelines%20for%20Screening.pdf HTTP/2.0" 206 2960090 "https://www.sbsc.in/appointment-of-assistant-professors.php" "Mozilla/5.0 (Linux; Android 8.1.0; ASUS_X00TD) AppleWebKit/537.36 (KHTML, like Gecko) Chrome/106.0.0.0 Mobile Safari/537.36" www.sbsc.in 199.79.62.221
66.249.75.108 - - [28/Jan/2023:14:45:04 +0000] "GET /internal_assessment.php/internalassessment/pdf/uploads/pdf/1593424555_MOCK_TEST_DATE_SHEET.pdf HTTP/1.1" 200 43991 "-" "Mozilla/5.0 (Windows NT 10.0; Win64; x64)AppleWebKit/537.36 (KHTML, like Gecko) Chrome/91.0.4472.101 Safari/537.36 (compatible; GoogleOther)" www.sbsc.in 199.79.62.221
40.77.167.56 - - [28/Jan/2023:14:45:09 +0000] "GET /pdf/resources/1586236312_existence_and_uniqueness_of_heat_conduction_problem.pdf HTTP/2.0" 404 355 "-" "Mozilla/5.0 AppleWebKit/537.36 (KHTML, like Gecko; compatible; bingbot/2.0; +http://www.bing.com/bingbot.htm) Chrome/103.0.5060.134 Safari/537.36" www.sbsc.in 199.79.62.221
66.249.75.106 - - [28/Jan/2023:14:45:30 +0000] "GET /pdf/resources/1586674620_Demand_for_money.pdf HTTP/1.1" 404 355 "-" "Mozilla/5.0 (Linux; Android 6.0.1; Nexus 5X Build/MMB29P) AppleWebKit/537.36 (KHTML, like Gecko) Chrome/109.0.5414.101 Mobile Safari/537.36 (compatible; Googlebot/2.1; +http://www.google.com/bot.html)" www.sbsc.in 199.79.62.221
66.249.75.106 - - [28/Jan/2023:14:45:35 +0000] "GET /internal_assessment.php/internalassessment/uploads/pdf/internalassessment/assesment-2021/B.A.%20(Hons.)%20Pol.%20Science%20Sem-II.pdf HTTP/1.1" 200 43991 "-" "Mozilla/5.0 (Windows NT 10.0; Win64; x64)AppleWebKit/537.36 (KHTML, like Gecko) Chrome/91.0.4472.101 Safari/537.36 (compatible; GoogleOther)" www.sbsc.in 199.79.62.221
66.249.75.106 - - [28/Jan/2023:14:45:36 +0000] "GET /internal_assessment.php/internalassessment/internalassessment/uploads/pdf/1592650298_B.A._(H)_Pol._Science_2nd_Year.pdf HTTP/1.1" 200 43991 "-" "Mozilla/5.0 (Windows NT 10.0; Win64; x64)AppleWebKit/537.36 (KHTML, like Gecko) Chrome/91.0.4472.101 Safari/537.36 (compatible; GoogleOther)" www.sbsc.in 199.79.62.221
66.249.75.106 - - [28/Jan/2023:14:45:40 +0000] "GET /internalassessment/Nov-Dec18/B.A.(HONS.)%20HINDI,%20SEM.-III.pdf HTTP/1.1" 200 365072 "-" "Mozilla/5.0 (Windows NT 10.0; Win64; x64)AppleWebKit/537.36 (KHTML, like Gecko) Chrome/91.0.4472.101 Safari/537.36 (compatible; GoogleOther)" www.sbsc.in 199.79.62.221
20.53.197.59 - - [28/Jan/2023:14:45:50 +0000] "GET / HTTP/2.0" 200 45835 "-" "Mozilla/5.0 (Windows NT 10.0; Win64; x64; rv:81.0) Gecko/20100101 Firefox/81.0" www.sbsc.in 199.79.62.221
117.99.221.77 - - [28/Jan/2023:14:42:49 +0000] "GET /pdf/Guidelines%20for%20Screening.pdf HTTP/2.0" 200 4440134 "https://www.sbsc.in/appointment-of-assistant-professors.php" "Mozilla/5.0 (Linux; Android 8.1.0; ASUS_X00TD) AppleWebKit/537.36 (KHTML, like Gecko) Chrome/106.0.0.0 Mobile Safari/537.36" www.sbsc.in 199.79.62.221
117.99.221.77 - - [28/Jan/2023:14:45:23 +0000] "GET /pdf/Guidelines%20for%20Screening.pdf HTTP/2.0" 206 2960090 "https://www.sbsc.in/appointment-of-assistant-professors.php" "Mozilla/5.0 (Linux; Android 8.1.0; ASUS_X00TD) AppleWebKit/537.36 (KHTML, like Gecko) Chrome/106.0.0.0 Mobile Safari/537.36" www.sbsc.in 199.79.62.221
106.197.222.6 - - [28/Jan/2023:14:46:20 +0000] "GET /pdf/resources/1585933720_amalgamation_lecture_2_Methods_of_PC.pptx HTTP/1.1" 404 355 "-" "Mozilla/5.0 (X11; Linux x86_64) AppleWebKit/534.24 (KHTML, like Gecko) Chrome/71.0.3578.141 Safari/534.24 XiaoMi/MiuiBrowser/12.4.3-g" www.sbsc.in 199.79.62.221
106.197.222.6 - - [28/Jan/2023:14:46:20 +0000] "GET /pdf/resources/1585933720_amalgamation_lecture_2_Methods_of_PC.pptx HTTP/2.0" 404 355 "-" "Mozilla/5.0 (X11; Linux x86_64) AppleWebKit/534.24 (KHTML, like Gecko) Chrome/71.0.3578.141 Safari/534.24 XiaoMi/MiuiBrowser/12.4.3-g" www.sbsc.in 199.79.62.221
106.197.222.6 - - [28/Jan/2023:14:46:23 +0000] "GET /favicon.ico HTTP/1.1" 404 355 "https://www.sbsc.in/pdf/resources/1585933720_amalgamation_lecture_2_Methods_of_PC.pptx" "Mozilla/5.0 (X11; Linux x86_64) AppleWebKit/534.24 (KHTML, like Gecko) Chrome/71.0.3578.141 Safari/534.24 XiaoMi/MiuiBrowser/12.4.3-g" www.sbsc.in 199.79.62.221
117.99.221.77 - - [28/Jan/2023:14:46:10 +0000] "GET /pdf/SBSC_Addvertisement.pdf HTTP/2.0" 206 3985390 "https://www.sbsc.in/appointment-of-assistant-professors.php" "Mozilla/5.0 (Linux; Android 8.1.0; ASUS_X00TD) AppleWebKit/537.36 (KHTML, like Gecko) Chrome/106.0.0.0 Mobile Safari/537.36" www.sbsc.in 199.79.62.221
117.99.221.77 - - [28/Jan/2023:14:46:10 +0000] "GET /pdf/SBSC_Addvertisement.pdf HTTP/2.0" 206 3985390 "https://www.sbsc.in/appointment-of-assistant-professors.php" "Mozilla/5.0 (Linux; Android 8.1.0; ASUS_X00TD) AppleWebKit/537.36 (KHTML, like Gecko) Chrome/106.0.0.0 Mobile Safari/537.36" www.sbsc.in 199.79.62.221
106.197.222.6 - - [28/Jan/2023:14:46:23 +0000] "GET /favicon.ico HTTP/2.0" 404 355 "https://www.sbsc.in/pdf/resources/1585933720_amalgamation_lecture_2_Methods_of_PC.pptx" "Mozilla/5.0 (X11; Linux x86_64) AppleWebKit/534.24 (KHTML, like Gecko) Chrome/71.0.3578.141 Safari/534.24 XiaoMi/MiuiBrowser/12.4.3-g" www.sbsc.in 199.79.62.221
117.99.221.77 - - [28/Jan/2023:14:45:51 +0000] "GET /pdf/SBSC_Addvertisement.pdf HTTP/2.0" 200 5978084 "https://www.sbsc.in/appointment-of-assistant-professors.php" "Mozilla/5.0 (Linux; Android 8.1.0; ASUS_X00TD) AppleWebKit/537.36 (KHTML, like Gecko) Chrome/106.0.0.0 Mobile Safari/537.36" www.sbsc.in 199.79.62.221
117.99.221.77 - - [28/Jan/2023:14:42:58 +0000] "GET /pdf/Guidelines%20for%20Screening.pdf HTTP/2.0" 206 2960090 "https://www.sbsc.in/appointment-of-assistant-professors.php" "Mozilla/5.0 (Linux; Android 8.1.0; ASUS_X00TD) AppleWebKit/537.36 (KHTML, like Gecko) Chrome/106.0.0.0 Mobile Safari/537.36" www.sbsc.in 199.79.62.221
117.99.221.77 - - [28/Jan/2023:14:42:58 +0000] "GET /pdf/Guidelines%20for%20Screening.pdf HTTP/2.0" 206 1480046 "https://www.sbsc.in/appointment-of-assistant-professors.php" "Mozilla/5.0 (Linux; Android 8.1.0; ASUS_X00TD) AppleWebKit/537.36 (KHTML, like Gecko) Chrome/106.0.0.0 Mobile Safari/537.36" www.sbsc.in 199.79.62.221
66.249.75.110 - - [28/Jan/2023:14:46:46 +0000] "GET /virtual-tour.php HTTP/1.1" 200 44458 "-" "Mozilla/5.0 (Linux; Android 6.0.1; Nexus 5X Build/MMB29P) AppleWebKit/537.36 (KHTML, like Gecko) Chrome/109.0.5414.101 Mobile Safari/537.36 (compatible; Googlebot/2.1; +http://www.google.com/bot.html)" www.sbsc.in 199.79.62.221
66.249.75.110 - - [28/Jan/2023:14:46:46 +0000] "GET /virtual-tour.php HTTP/1.1" 200 44458 "-" "Mozilla/5.0 (Linux; Android 6.0.1; Nexus 5X Build/MMB29P) AppleWebKit/537.36 (KHTML, like Gecko) Chrome/109.0.5414.101 Mobile Safari/537.36 (compatible; Googlebot/2.1; +http://www.google.com/bot.html)" www.sbsc.in 199.79.62.221
66.249.75.108 - - [28/Jan/2023:14:46:52 +0000] "GET /js/wowslider.js HTTP/1.1" 200 24493 "https://www.sbsc.in/virtual-tour.php" "Mozilla/5.0 (Linux; Android 6.0.1; Nexus 5X Build/MMB29P) AppleWebKit/537.36 (KHTML, like Gecko) Chrome/109.0.5414.101 Mobile Safari/537.36 (compatible; Googlebot/2.1; +http://www.google.com/bot.html)" www.sbsc.in 199.79.62.221
117.99.221.77 - - [28/Jan/2023:14:45:23 +0000] "GET /pdf/Guidelines%20for%20Screening.pdf HTTP/2.0" 206 1480046 "https://www.sbsc.in/appointment-of-assistant-professors.php" "Mozilla/5.0 (Linux; Android 8.1.0; ASUS_X00TD) AppleWebKit/537.36 (KHTML, like Gecko) Chrome/106.0.0.0 Mobile Safari/537.36" www.sbsc.in 199.79.62.221
117.99.221.77 - - [28/Jan/2023:14:46:10 +0000] "GET /pdf/SBSC_Addvertisement.pdf HTTP/2.0" 206 1992696 "https://www.sbsc.in/appointment-of-assistant-professors.php" "Mozilla/5.0 (Linux; Android 8.1.0; ASUS_X00TD) AppleWebKit/537.36 (KHTML, like Gecko) Chrome/106.0.0.0 Mobile Safari/537.36" www.sbsc.in 199.79.62.221
72.14.201.138 - - [28/Jan/2023:14:47:03 +0000] "GET / HTTP/2.0" 200 45835 "-" "Mozilla/5.0 (Linux; Android 10; K) AppleWebKit/537.36 (KHTML, like Gecko) Chrome/109.0.0.0 Mobile Safari/537.36" www.sbsc.in 199.79.62.221
117.99.221.77 - - [28/Jan/2023:14:46:10 +0000] "GET /pdf/SBSC_Addvertisement.pdf HTTP/2.0" 206 1992696 "https://www.sbsc.in/appointment-of-assistant-professors.php" "Mozilla/5.0 (Linux; Android 8.1.0; ASUS_X00TD) AppleWebKit/537.36 (KHTML, like Gecko) Chrome/106.0.0.0 Mobile Safari/537.36" www.sbsc.in 199.79.62.221
66.249.75.106 - - [28/Jan/2023:14:47:09 +0000] "GET /placement.php HTTP/1.1" 200 47019 "-" "Mozilla/5.0 (Linux; Android 6.0.1; Nexus 5X Build/MMB29P) AppleWebKit/537.36 (KHTML, like Gecko) Chrome/109.0.5414.101 Mobile Safari/537.36 (compatible; Googlebot/2.1; +http://www.google.com/bot.html)" www.sbsc.in 199.79.62.221
49.36.181.233 - - [28/Jan/2023:14:47:09 +0000] "GET /cut-off.php HTTP/1.1" 200 42526 "https://www.google.com/" "Mozilla/5.0 (Linux; Android 11; SM-T295) AppleWebKit/537.36 (KHTML, like Gecko) Chrome/109.0.0.0 Mobile Safari/537.36" www.sbsc.in 199.79.62.221
49.36.181.233 - - [28/Jan/2023:14:47:09 +0000] "GET /cut-off.php HTTP/2.0" 200 42526 "https://www.google.com/" "Mozilla/5.0 (Linux; Android 11; SM-T295) AppleWebKit/537.36 (KHTML, like Gecko) Chrome/109.0.0.0 Mobile Safari/537.36" www.sbsc.in 199.79.62.221
223.184.238.128 - - [28/Jan/2023:14:47:41 +0000] "GET / HTTP/2.0" 200 45835 "https://www.google.com/" "Mozilla/5.0 (Linux; Android 11; Mi A3) AppleWebKit/537.36 (KHTML, like Gecko) Chrome/107.0.0.0 Mobile Safari/537.36" www.sbsc.in 199.79.62.221
223.184.238.128 - - [28/Jan/2023:14:47:42 +0000] "GET /images/placement1.JPG HTTP/2.0" 206 1 "https://www.sbsc.in/" "Mozilla/5.0 (Linux; Android 11; Mi A3) AppleWebKit/537.36 (KHTML, like Gecko) Chrome/107.0.0.0 Mobile Safari/537.36" www.sbsc.in 199.79.62.221
1.38.141.237 - - [28/Jan/2023:14:47:49 +0000] "GET /pdf/resources/1585920823_GST_5.pdf HTTP/2.0" 404 355 "https://www.google.com/" "Mozilla/5.0 (Linux; Android 12; M2101K6P) AppleWebKit/537.36 (KHTML, like Gecko) Chrome/109.0.0.0 Mobile Safari/537.36" www.sbsc.in 199.79.62.221
1.38.141.237 - - [28/Jan/2023:14:47:49 +0000] "GET /favicon.ico HTTP/1.1" 404 355 "https://www.sbsc.in/pdf/resources/1585920823_GST_5.pdf" "Mozilla/5.0 (Linux; Android 12; M2101K6P) AppleWebKit/537.36 (KHTML, like Gecko) Chrome/109.0.0.0 Mobile Safari/537.36" www.sbsc.in 199.79.62.221
1.38.141.237 - - [28/Jan/2023:14:47:49 +0000] "GET /favicon.ico HTTP/2.0" 404 355 "https://www.sbsc.in/pdf/resources/1585920823_GST_5.pdf" "Mozilla/5.0 (Linux; Android 12; M2101K6P) AppleWebKit/537.36 (KHTML, like Gecko) Chrome/109.0.0.0 Mobile Safari/537.36" www.sbsc.in 199.79.62.221
123.231.122.154 - - [28/Jan/2023:14:47:54 +0000] "GET /uploads/pdf/1663153403_Notice.jpeg HTTP/2.0" 200 86244 "https://www.google.com/" "Mozilla/5.0 (Linux; Android 12; SM-M315F) AppleWebKit/537.36 (KHTML, like Gecko) Chrome/105.0.0.0 Mobile Safari/537.36" www.sbsc.in 199.79.62.221
36.74.154.236 - - [28/Jan/2023:14:48:04 +0000] "GET /pdf/resources/1587051030_acc_standards_ppt.pptx HTTP/1.1" 404 355 "https://www.google.com/" "Mozilla/5.0 (Windows NT 10.0; Win64; x64) AppleWebKit/537.36 (KHTML, like Gecko) Chrome/109.0.0.0 Safari/537.36" www.sbsc.in 199.79.62.221
36.74.154.236 - - [28/Jan/2023:14:48:04 +0000] "GET /pdf/resources/1587051030_acc_standards_ppt.pptx HTTP/2.0" 404 355 "https://www.google.com/" "Mozilla/5.0 (Windows NT 10.0; Win64; x64) AppleWebKit/537.36 (KHTML, like Gecko) Chrome/109.0.0.0 Safari/537.36" www.sbsc.in 199.79.62.221
36.74.154.236 - - [28/Jan/2023:14:48:05 +0000] "GET /favicon.ico HTTP/1.1" 404 355 "https://www.sbsc.in/pdf/resources/1587051030_acc_standards_ppt.pptx" "Mozilla/5.0 (Windows NT 10.0; Win64; x64) AppleWebKit/537.36 (KHTML, like Gecko) Chrome/109.0.0.0 Safari/537.36" www.sbsc.in 199.79.62.221
36.74.154.236 - - [28/Jan/2023:14:48:05 +0000] "GET /favicon.ico HTTP/2.0" 404 355 "https://www.sbsc.in/pdf/resources/1587051030_acc_standards_ppt.pptx" "Mozilla/5.0 (Windows NT 10.0; Win64; x64) AppleWebKit/537.36 (KHTML, like Gecko) Chrome/109.0.0.0 Safari/537.36" www.sbsc.in 199.79.62.221
122.162.145.32 - - [28/Jan/2023:14:48:10 +0000] "GET /apple-touch-icon-152x152-precomposed.png HTTP/2.0" 404 355 "-" "MobileSafari/604.1 CFNetwork/978.0.7 Darwin/18.7.0" www.sbsc.in 199.79.62.221
122.162.145.32 - - [28/Jan/2023:14:48:10 +0000] "GET /apple-touch-icon-152x152.png HTTP/2.0" 404 355 "-" "MobileSafari/604.1 CFNetwork/978.0.7 Darwin/18.7.0" www.sbsc.in 199.79.62.221
122.162.145.32 - - [28/Jan/2023:14:48:10 +0000] "GET /apple-touch-icon-precomposed.png HTTP/2.0" 404 355 "-" "MobileSafari/604.1 CFNetwork/978.0.7 Darwin/18.7.0" www.sbsc.in 199.79.62.221
122.162.145.32 - - [28/Jan/2023:14:48:11 +0000] "GET /apple-touch-icon.png HTTP/2.0" 404 355 "-" "MobileSafari/604.1 CFNetwork/978.0.7 Darwin/18.7.0" www.sbsc.in 199.79.62.221
122.162.145.32 - - [28/Jan/2023:14:48:11 +0000] "GET /favicon.ico HTTP/1.1" 404 355 "-" "MobileSafari/604.1 CFNetwork/978.0.7 Darwin/18.7.0" www.sbsc.in 199.79.62.221
122.162.145.32 - - [28/Jan/2023:14:48:11 +0000] "GET /favicon.ico HTTP/2.0" 404 355 "-" "MobileSafari/604.1 CFNetwork/978.0.7 Darwin/18.7.0" www.sbsc.in 199.79.62.221
122.162.145.32 - - [28/Jan/2023:14:48:11 +0000] "GET /apple-touch-icon-152x152-precomposed.png HTTP/2.0" 404 355 "-" "MobileSafari/604.1 CFNetwork/978.0.7 Darwin/18.7.0" www.sbsc.in 199.79.62.221
122.162.145.32 - - [28/Jan/2023:14:48:12 +0000] "GET /apple-touch-icon-152x152.png HTTP/2.0" 404 355 "-" "MobileSafari/604.1 CFNetwork/978.0.7 Darwin/18.7.0" www.sbsc.in 199.79.62.221
122.162.145.32 - - [28/Jan/2023:14:48:12 +0000] "GET /apple-touch-icon-precomposed.png HTTP/2.0" 404 355 "-" "MobileSafari/604.1 CFNetwork/978.0.7 Darwin/18.7.0" www.sbsc.in 199.79.62.221
122.162.145.32 - - [28/Jan/2023:14:48:13 +0000] "GET /apple-touch-icon.png HTTP/2.0" 404 355 "-" "MobileSafari/604.1 CFNetwork/978.0.7 Darwin/18.7.0" www.sbsc.in 199.79.62.221
122.162.145.32 - - [28/Jan/2023:14:48:13 +0000] "GET /favicon.ico HTTP/1.1" 404 355 "-" "MobileSafari/604.1 CFNetwork/978.0.7 Darwin/18.7.0" www.sbsc.in 199.79.62.221
122.162.145.32 - - [28/Jan/2023:14:48:08 +0000] "GET /pdf/resources/1588295074_ALTERNATIVE_REALITIES_LOVE_IN_THE_LIVES_OF_MUSLIM_WOMEN.pdf HTTP/2.0" 404 355 "-" "Mozilla/5.0 (iPad; CPU OS 12_5_6 like Mac OS X) AppleWebKit/605.1.15 (KHTML, like Gecko) Version/12.1.2 Mobile/15E148 Safari/604.1" www.sbsc.in 199.79.62.221
122.162.145.32 - - [28/Jan/2023:14:48:13 +0000] "GET /favicon.ico HTTP/2.0" 404 355 "-" "MobileSafari/604.1 CFNetwork/978.0.7 Darwin/18.7.0" www.sbsc.in 199.79.62.221
223.184.238.128 - - [28/Jan/2023:14:48:23 +0000] "GET /appointment-of-assistant-professors.php HTTP/2.0" 200 42596 "https://www.sbsc.in/" "Mozilla/5.0 (Linux; Android 11; Mi A3) AppleWebKit/537.36 (KHTML, like Gecko) Chrome/107.0.0.0 Mobile Safari/537.36" www.sbsc.in 199.79.62.221
223.184.238.128 - - [28/Jan/2023:14:47:43 +0000] "GET /images/placement1.JPG HTTP/2.0" 206 958144 "https://www.sbsc.in/" "Mozilla/5.0 (Linux; Android 11; Mi A3) AppleWebKit/537.36 (KHTML, like Gecko) Chrome/107.0.0.0 Mobile Safari/537.36" www.sbsc.in 199.79.62.221
223.184.238.128 - - [28/Jan/2023:14:48:32 +0000] "GET /favicon.ico HTTP/1.1" 404 355 "https://www.sbsc.in/appointment-of-assistant-professors.php" "Mozilla/5.0 (Linux; Android 11; Mi A3) AppleWebKit/537.36 (KHTML, like Gecko) Chrome/107.0.0.0 Mobile Safari/537.36" www.sbsc.in 199.79.62.221
223.184.238.128 - - [28/Jan/2023:14:48:32 +0000] "GET /favicon.ico HTTP/2.0" 404 355 "https://www.sbsc.in/appointment-of-assistant-professors.php" "Mozilla/5.0 (Linux; Android 11; Mi A3) AppleWebKit/537.36 (KHTML, like Gecko) Chrome/107.0.0.0 Mobile Safari/537.36" www.sbsc.in 199.79.62.221
117.99.221.77 - - [28/Jan/2023:14:48:52 +0000] "GET / HTTP/2.0" 200 45835 "https://www.google.com/" "Mozilla/5.0 (Linux; Android 8.1.0; ASUS_X00TD) AppleWebKit/537.36 (KHTML, like Gecko) Chrome/106.0.0.0 Mobile Safari/537.36" www.sbsc.in 199.79.62.221
117.99.221.77 - - [28/Jan/2023:14:48:54 +0000] "GET / HTTP/1.1" 200 45835 "-" "Mozilla/5.0 (X11; Linux x86_64) AppleWebKit/537.36 (KHTML, like Gecko) Chrome/106.0.0.0 Safari/537.36" www.sbsc.in 199.79.62.221
103.216.143.83 - - [28/Jan/2023:14:48:54 +0000] "GET / HTTP/2.0" 200 45835 "https://www.google.com/" "Mozilla/5.0 (Linux; Android 9; vivo 1902) AppleWebKit/537.36 (KHTML, like Gecko) Chrome/109.0.0.0 Mobile Safari/537.36" www.sbsc.in 199.79.62.221
103.216.143.83 - - [28/Jan/2023:14:48:55 +0000] "GET /cssmenu/styles.css HTTP/2.0" 200 1905 "https://www.sbsc.in/" "Mozilla/5.0 (Linux; Android 9; vivo 1902) AppleWebKit/537.36 (KHTML, like Gecko) Chrome/109.0.0.0 Mobile Safari/537.36" www.sbsc.in 199.79.62.221
103.216.143.83 - - [28/Jan/2023:14:48:55 +0000] "GET /js/animation-banner.js HTTP/2.0" 200 964 "https://www.sbsc.in/" "Mozilla/5.0 (Linux; Android 9; vivo 1902) AppleWebKit/537.36 (KHTML, like Gecko) Chrome/109.0.0.0 Mobile Safari/537.36" www.sbsc.in 199.79.62.221
103.216.143.83 - - [28/Jan/2023:14:48:55 +0000] "GET /css/style.css HTTP/2.0" 200 2565 "https://www.sbsc.in/" "Mozilla/5.0 (Linux; Android 9; vivo 1902) AppleWebKit/537.36 (KHTML, like Gecko) Chrome/109.0.0.0 Mobile Safari/537.36" www.sbsc.in 199.79.62.221
103.216.143.83 - - [28/Jan/2023:14:48:55 +0000] "GET /cssmenu/script.js HTTP/2.0" 200 675 "https://www.sbsc.in/" "Mozilla/5.0 (Linux; Android 9; vivo 1902) AppleWebKit/537.36 (KHTML, like Gecko) Chrome/109.0.0.0 Mobile Safari/537.36" www.sbsc.in 199.79.62.221
103.216.143.83 - - [28/Jan/2023:14:48:55 +0000] "GET /css/style-new.css HTTP/2.0" 200 352 "https://www.sbsc.in/" "Mozilla/5.0 (Linux; Android 9; vivo 1902) AppleWebKit/537.36 (KHTML, like Gecko) Chrome/109.0.0.0 Mobile Safari/537.36" www.sbsc.in 199.79.62.221
117.99.221.77 - - [28/Jan/2023:14:48:54 +0000] "GET / HTTP/2.0" 200 45835 "-" "Mozilla/5.0 (X11; Linux x86_64) AppleWebKit/537.36 (KHTML, like Gecko) Chrome/106.0.0.0 Safari/537.36" www.sbsc.in 199.79.62.221
117.99.221.77 - - [28/Jan/2023:14:48:57 +0000] "GET /images/placement1.JPG HTTP/2.0" 206 1 "https://www.sbsc.in/" "Mozilla/5.0 (X11; Linux x86_64) AppleWebKit/537.36 (KHTML, like Gecko) Chrome/106.0.0.0 Safari/537.36" www.sbsc.in 199.79.62.221
103.216.143.83 - - [28/Jan/2023:14:48:55 +0000] "GET /css/bootstrap.min.css HTTP/2.0" 200 27845 "https://www.sbsc.in/" "Mozilla/5.0 (Linux; Android 9; vivo 1902) AppleWebKit/537.36 (KHTML, like Gecko) Chrome/109.0.0.0 Mobile Safari/537.36" www.sbsc.in 199.79.62.221
103.216.143.83 - - [28/Jan/2023:14:48:57 +0000] "GET /js/jquery.js HTTP/2.0" 200 42291 "https://www.sbsc.in/" "Mozilla/5.0 (Linux; Android 9; vivo 1902) AppleWebKit/537.36 (KHTML, like Gecko) Chrome/109.0.0.0 Mobile Safari/537.36" www.sbsc.in 199.79.62.221
103.216.143.83 - - [28/Jan/2023:14:48:59 +0000] "GET /js/bootstrap.min.js HTTP/2.0" 200 13505 "https://www.sbsc.in/" "Mozilla/5.0 (Linux; Android 9; vivo 1902) AppleWebKit/537.36 (KHTML, like Gecko) Chrome/109.0.0.0 Mobile Safari/537.36" www.sbsc.in 199.79.62.221
103.216.143.83 - - [28/Jan/2023:14:48:59 +0000] "GET /paytm.jpg HTTP/2.0" 200 7167 "https://www.sbsc.in/" "Mozilla/5.0 (Linux; Android 9; vivo 1902) AppleWebKit/537.36 (KHTML, like Gecko) Chrome/109.0.0.0 Mobile Safari/537.36" www.sbsc.in 199.79.62.221
103.216.143.83 - - [28/Jan/2023:14:48:59 +0000] "GET /images/email.png HTTP/2.0" 200 1371 "https://www.sbsc.in/" "Mozilla/5.0 (Linux; Android 9; vivo 1902) AppleWebKit/537.36 (KHTML, like Gecko) Chrome/109.0.0.0 Mobile Safari/537.36" www.sbsc.in 199.79.62.221
103.216.143.83 - - [28/Jan/2023:14:48:59 +0000] "GET /images/phone.png HTTP/2.0" 200 1897 "https://www.sbsc.in/" "Mozilla/5.0 (Linux; Android 9; vivo 1902) AppleWebKit/537.36 (KHTML, like Gecko) Chrome/109.0.0.0 Mobile Safari/537.36" www.sbsc.in 199.79.62.221
103.216.143.83 - - [28/Jan/2023:14:48:59 +0000] "GET /images/logo.png HTTP/2.0" 200 36072 "https://www.sbsc.in/" "Mozilla/5.0 (Linux; Android 9; vivo 1902) AppleWebKit/537.36 (KHTML, like Gecko) Chrome/109.0.0.0 Mobile Safari/537.36" www.sbsc.in 199.79.62.221
103.216.143.83 - - [28/Jan/2023:14:48:59 +0000] "GET /images/golden-jubilee-logo.png HTTP/2.0" 200 34899 "https://www.sbsc.in/" "Mozilla/5.0 (Linux; Android 9; vivo 1902) AppleWebKit/537.36 (KHTML, like Gecko) Chrome/109.0.0.0 Mobile Safari/537.36" www.sbsc.in 199.79.62.221
103.216.143.83 - - [28/Jan/2023:14:48:59 +0000] "GET /images/new.gif HTTP/2.0" 200 2455 "https://www.sbsc.in/" "Mozilla/5.0 (Linux; Android 9; vivo 1902) AppleWebKit/537.36 (KHTML, like Gecko) Chrome/109.0.0.0 Mobile Safari/537.36" www.sbsc.in 199.79.62.221
103.216.143.83 - - [28/Jan/2023:14:48:59 +0000] "GET /images/symbol.jpg HTTP/2.0" 200 781 "https://www.sbsc.in/" "Mozilla/5.0 (Linux; Android 9; vivo 1902) AppleWebKit/537.36 (KHTML, like Gecko) Chrome/109.0.0.0 Mobile Safari/537.36" www.sbsc.in 199.79.62.221
117.99.221.77 - - [28/Jan/2023:14:49:02 +0000] "GET / HTTP/1.1" 200 45835 "-" "Mozilla/5.0 (X11; Linux x86_64) AppleWebKit/537.36 (KHTML, like Gecko) Chrome/106.0.0.0 Safari/537.36" www.sbsc.in 199.79.62.221
103.216.143.83 - - [28/Jan/2023:14:48:59 +0000] "GET /images/banner/1.jpg HTTP/2.0" 200 212471 "https://www.sbsc.in/" "Mozilla/5.0 (Linux; Android 9; vivo 1902) AppleWebKit/537.36 (KHTML, like Gecko) Chrome/109.0.0.0 Mobile Safari/537.36" www.sbsc.in 199.79.62.221
117.99.221.77 - - [28/Jan/2023:14:49:02 +0000] "GET / HTTP/2.0" 200 45835 "-" "Mozilla/5.0 (X11; Linux x86_64) AppleWebKit/537.36 (KHTML, like Gecko) Chrome/106.0.0.0 Safari/537.36" www.sbsc.in 199.79.62.221
103.216.143.83 - - [28/Jan/2023:14:49:06 +0000] "GET /images/banner/2.jpg HTTP/2.0" 200 197131 "https://www.sbsc.in/" "Mozilla/5.0 (Linux; Android 9; vivo 1902) AppleWebKit/537.36 (KHTML, like Gecko) Chrome/109.0.0.0 Mobile Safari/537.36" www.sbsc.in 199.79.62.221
117.99.221.77 - - [28/Jan/2023:14:48:57 +0000] "GET /images/placement1.JPG HTTP/2.0" 206 532161 "https://www.sbsc.in/" "Mozilla/5.0 (X11; Linux x86_64) AppleWebKit/537.36 (KHTML, like Gecko) Chrome/106.0.0.0 Safari/537.36" www.sbsc.in 199.79.62.221
103.216.143.83 - - [28/Jan/2023:14:49:06 +0000] "GET /images/latest_news.png HTTP/2.0" 200 2953 "https://www.sbsc.in/" "Mozilla/5.0 (Linux; Android 9; vivo 1902) AppleWebKit/537.36 (KHTML, like Gecko) Chrome/109.0.0.0 Mobile Safari/537.36" sbsc.in 199.79.62.221
103.216.143.83 - - [28/Jan/2023:14:49:06 +0000] "GET /fonts/glyphicons-halflings-regular.woff HTTP/2.0" 200 23320 "https://www.sbsc.in/css/bootstrap.min.css" "Mozilla/5.0 (Linux; Android 9; vivo 1902) AppleWebKit/537.36 (KHTML, like Gecko) Chrome/109.0.0.0 Mobile Safari/537.36" www.sbsc.in 199.79.62.221
103.216.143.83 - - [28/Jan/2023:14:49:06 +0000] "GET /images/banner/3.jpg HTTP/2.0" 200 207968 "https://www.sbsc.in/" "Mozilla/5.0 (Linux; Android 9; vivo 1902) AppleWebKit/537.36 (KHTML, like Gecko) Chrome/109.0.0.0 Mobile Safari/537.36" www.sbsc.in 199.79.62.221
117.99.221.77 - - [28/Jan/2023:14:49:13 +0000] "GET /images/placement1.JPG HTTP/2.0" 206 1 "https://www.sbsc.in/" "Mozilla/5.0 (X11; Linux x86_64) AppleWebKit/537.36 (KHTML, like Gecko) Chrome/106.0.0.0 Safari/537.36" www.sbsc.in 199.79.62.221
103.216.143.83 - - [28/Jan/2023:14:49:06 +0000] "GET /images/banner/4.jpg HTTP/2.0" 200 172167 "https://www.sbsc.in/" "Mozilla/5.0 (Linux; Android 9; vivo 1902) AppleWebKit/537.36 (KHTML, like Gecko) Chrome/109.0.0.0 Mobile Safari/537.36" www.sbsc.in 199.79.62.221
49.36.222.38 - - [28/Jan/2023:14:49:15 +0000] "GET /cut-off.php HTTP/2.0" 200 42526 "https://www.google.com/" "Mozilla/5.0 (Linux; Android 9; Redmi 8) AppleWebKit/537.36 (KHTML, like Gecko) Chrome/90.0.4430.210 Mobile Safari/537.36" www.sbsc.in 199.79.62.221
49.36.222.38 - - [28/Jan/2023:14:49:17 +0000] "GET /css/bootstrap.min.css HTTP/2.0" 200 27845 "https://www.sbsc.in/cut-off.php" "Mozilla/5.0 (Linux; Android 9; Redmi 8) AppleWebKit/537.36 (KHTML, like Gecko) Chrome/90.0.4430.210 Mobile Safari/537.36" www.sbsc.in 199.79.62.221
49.36.222.38 - - [28/Jan/2023:14:49:17 +0000] "GET /css/style.css HTTP/2.0" 200 2565 "https://www.sbsc.in/cut-off.php" "Mozilla/5.0 (Linux; Android 9; Redmi 8) AppleWebKit/537.36 (KHTML, like Gecko) Chrome/90.0.4430.210 Mobile Safari/537.36" www.sbsc.in 199.79.62.221
49.36.222.38 - - [28/Jan/2023:14:49:17 +0000] "GET /css/style-new.css HTTP/2.0" 200 352 "https://www.sbsc.in/cut-off.php" "Mozilla/5.0 (Linux; Android 9; Redmi 8) AppleWebKit/537.36 (KHTML, like Gecko) Chrome/90.0.4430.210 Mobile Safari/537.36" www.sbsc.in 199.79.62.221
49.36.222.38 - - [28/Jan/2023:14:49:17 +0000] "GET /cssmenu/styles.css HTTP/2.0" 200 1905 "https://www.sbsc.in/cut-off.php" "Mozilla/5.0 (Linux; Android 9; Redmi 8) AppleWebKit/537.36 (KHTML, like Gecko) Chrome/90.0.4430.210 Mobile Safari/537.36" www.sbsc.in 199.79.62.221
49.36.222.38 - - [28/Jan/2023:14:49:17 +0000] "GET /cssmenu/script.js HTTP/2.0" 200 675 "https://www.sbsc.in/cut-off.php" "Mozilla/5.0 (Linux; Android 9; Redmi 8) AppleWebKit/537.36 (KHTML, like Gecko) Chrome/90.0.4430.210 Mobile Safari/537.36" www.sbsc.in 199.79.62.221
103.216.143.83 - - [28/Jan/2023:14:49:06 +0000] "GET /images/banner/5.jpg HTTP/2.0" 200 170926 "https://www.sbsc.in/" "Mozilla/5.0 (Linux; Android 9; vivo 1902) AppleWebKit/537.36 (KHTML, like Gecko) Chrome/109.0.0.0 Mobile Safari/537.36" www.sbsc.in 199.79.62.221
49.36.222.38 - - [28/Jan/2023:14:49:17 +0000] "GET /js/animation-banner.js HTTP/2.0" 200 964 "https://www.sbsc.in/cut-off.php" "Mozilla/5.0 (Linux; Android 9; Redmi 8) AppleWebKit/537.36 (KHTML, like Gecko) Chrome/90.0.4430.210 Mobile Safari/537.36" www.sbsc.in 199.79.62.221
49.36.222.38 - - [28/Jan/2023:14:49:19 +0000] "GET /images/symbol.jpg HTTP/2.0" 200 781 "https://www.sbsc.in/cut-off.php" "Mozilla/5.0 (Linux; Android 9; Redmi 8) AppleWebKit/537.36 (KHTML, like Gecko) Chrome/90.0.4430.210 Mobile Safari/537.36" www.sbsc.in 199.79.62.221
49.36.222.38 - - [28/Jan/2023:14:49:19 +0000] "GET /js/jquery.js HTTP/2.0" 200 42291 "https://www.sbsc.in/cut-off.php" "Mozilla/5.0 (Linux; Android 9; Redmi 8) AppleWebKit/537.36 (KHTML, like Gecko) Chrome/90.0.4430.210 Mobile Safari/537.36" www.sbsc.in 199.79.62.221
49.36.222.38 - - [28/Jan/2023:14:49:20 +0000] "GET /paytm.jpg HTTP/2.0" 200 7167 "https://www.sbsc.in/cut-off.php" "Mozilla/5.0 (Linux; Android 9; Redmi 8) AppleWebKit/537.36 (KHTML, like Gecko) Chrome/90.0.4430.210 Mobile Safari/537.36" www.sbsc.in 199.79.62.221
49.36.222.38 - - [28/Jan/2023:14:49:20 +0000] "GET /images/email.png HTTP/2.0" 200 1371 "https://www.sbsc.in/cut-off.php" "Mozilla/5.0 (Linux; Android 9; Redmi 8) AppleWebKit/537.36 (KHTML, like Gecko) Chrome/90.0.4430.210 Mobile Safari/537.36" www.sbsc.in 199.79.62.221
49.36.222.38 - - [28/Jan/2023:14:49:20 +0000] "GET /images/phone.png HTTP/2.0" 200 1897 "https://www.sbsc.in/cut-off.php" "Mozilla/5.0 (Linux; Android 9; Redmi 8) AppleWebKit/537.36 (KHTML, like Gecko) Chrome/90.0.4430.210 Mobile Safari/537.36" www.sbsc.in 199.79.62.221
49.36.222.38 - - [28/Jan/2023:14:49:20 +0000] "GET /images/logo.png HTTP/2.0" 200 36072 "https://www.sbsc.in/cut-off.php" "Mozilla/5.0 (Linux; Android 9; Redmi 8) AppleWebKit/537.36 (KHTML, like Gecko) Chrome/90.0.4430.210 Mobile Safari/537.36" www.sbsc.in 199.79.62.221
49.36.222.38 - - [28/Jan/2023:14:49:20 +0000] "GET /images/golden-jubilee-logo.png HTTP/2.0" 200 34899 "https://www.sbsc.in/cut-off.php" "Mozilla/5.0 (Linux; Android 9; Redmi 8) AppleWebKit/537.36 (KHTML, like Gecko) Chrome/90.0.4430.210 Mobile Safari/537.36" www.sbsc.in 199.79.62.221
49.36.222.38 - - [28/Jan/2023:14:49:21 +0000] "GET /fonts/glyphicons-halflings-regular.woff HTTP/2.0" 200 - "https://www.sbsc.in/css/bootstrap.min.css" "Mozilla/5.0 (Linux; Android 9; Redmi 8) AppleWebKit/537.36 (KHTML, like Gecko) Chrome/90.0.4430.210 Mobile Safari/537.36" www.sbsc.in 199.79.62.221
103.216.143.83 - - [28/Jan/2023:14:49:06 +0000] "GET /images/banner/6.jpg HTTP/2.0" 200 127037 "https://www.sbsc.in/" "Mozilla/5.0 (Linux; Android 9; vivo 1902) AppleWebKit/537.36 (KHTML, like Gecko) Chrome/109.0.0.0 Mobile Safari/537.36" www.sbsc.in 199.79.62.221
20.92.138.69 - - [28/Jan/2023:14:49:26 +0000] "GET /view-all.php HTTP/2.0" 200 74210 "-" "Mozilla/5.0 (Windows NT 10.0; Win64; x64; rv:81.0) Gecko/20100101 Firefox/81.0" www.sbsc.in 199.79.62.221
49.36.222.38 - - [28/Jan/2023:14:49:26 +0000] "GET /fonts/glyphicons-halflings-regular.woff HTTP/2.0" 200 23320 "https://www.sbsc.in/css/bootstrap.min.css" "Mozilla/5.0 (Linux; Android 9; Redmi 8) AppleWebKit/537.36 (KHTML, like Gecko) Chrome/90.0.4430.210 Mobile Safari/537.36" www.sbsc.in 199.79.62.221
49.36.222.38 - - [28/Jan/2023:14:49:26 +0000] "GET /images/new.gif HTTP/2.0" 200 2455 "https://www.sbsc.in/cut-off.php" "Mozilla/5.0 (Linux; Android 9; Redmi 8) AppleWebKit/537.36 (KHTML, like Gecko) Chrome/90.0.4430.210 Mobile Safari/537.36" www.sbsc.in 199.79.62.221
49.36.222.38 - - [28/Jan/2023:14:49:26 +0000] "GET /images/banner/1.jpg HTTP/2.0" 200 212471 "https://www.sbsc.in/cut-off.php" "Mozilla/5.0 (Linux; Android 9; Redmi 8) AppleWebKit/537.36 (KHTML, like Gecko) Chrome/90.0.4430.210 Mobile Safari/537.36" www.sbsc.in 199.79.62.221
49.36.222.38 - - [28/Jan/2023:14:49:26 +0000] "GET /js/bootstrap.min.js HTTP/2.0" 200 13505 "https://www.sbsc.in/cut-off.php" "Mozilla/5.0 (Linux; Android 9; Redmi 8) AppleWebKit/537.36 (KHTML, like Gecko) Chrome/90.0.4430.210 Mobile Safari/537.36" www.sbsc.in 199.79.62.221
49.36.222.38 - - [28/Jan/2023:14:49:26 +0000] "GET /images/banner/12.jpg HTTP/2.0" 200 153729 "https://www.sbsc.in/cut-off.php" "Mozilla/5.0 (Linux; Android 9; Redmi 8) AppleWebKit/537.36 (KHTML, like Gecko) Chrome/90.0.4430.210 Mobile Safari/537.36" www.sbsc.in 199.79.62.221
49.36.222.38 - - [28/Jan/2023:14:49:26 +0000] "GET /images/banner/11.jpg HTTP/2.0" 200 186118 "https://www.sbsc.in/cut-off.php" "Mozilla/5.0 (Linux; Android 9; Redmi 8) AppleWebKit/537.36 (KHTML, like Gecko) Chrome/90.0.4430.210 Mobile Safari/537.36" www.sbsc.in 199.79.62.221
117.99.221.77 - - [28/Jan/2023:14:49:14 +0000] "GET /images/placement1.JPG HTTP/2.0" 206 573121 "https://www.sbsc.in/" "Mozilla/5.0 (X11; Linux x86_64) AppleWebKit/537.36 (KHTML, like Gecko) Chrome/106.0.0.0 Safari/537.36" www.sbsc.in 199.79.62.221
103.216.143.83 - - [28/Jan/2023:14:49:06 +0000] "GET /images/banner/7.jpg HTTP/2.0" 200 179124 "https://www.sbsc.in/" "Mozilla/5.0 (Linux; Android 9; vivo 1902) AppleWebKit/537.36 (KHTML, like Gecko) Chrome/109.0.0.0 Mobile Safari/537.36" www.sbsc.in 199.79.62.221
103.216.143.83 - - [28/Jan/2023:14:49:06 +0000] "GET /images/jubliee-img.jpg HTTP/2.0" 200 88706 "https://www.sbsc.in/" "Mozilla/5.0 (Linux; Android 9; vivo 1902) AppleWebKit/537.36 (KHTML, like Gecko) Chrome/109.0.0.0 Mobile Safari/537.36" www.sbsc.in 199.79.62.221
49.36.222.38 - - [28/Jan/2023:14:49:26 +0000] "GET /images/banner/10.jpg HTTP/2.0" 200 211781 "https://www.sbsc.in/cut-off.php" "Mozilla/5.0 (Linux; Android 9; Redmi 8) AppleWebKit/537.36 (KHTML, like Gecko) Chrome/90.0.4430.210 Mobile Safari/537.36" www.sbsc.in 199.79.62.221
49.36.222.38 - - [28/Jan/2023:14:49:26 +0000] "GET /images/banner/9.jpg HTTP/2.0" 200 167238 "https://www.sbsc.in/cut-off.php" "Mozilla/5.0 (Linux; Android 9; Redmi 8) AppleWebKit/537.36 (KHTML, like Gecko) Chrome/90.0.4430.210 Mobile Safari/537.36" www.sbsc.in 199.79.62.221
103.216.143.83 - - [28/Jan/2023:14:49:06 +0000] "GET /images/banner/8.jpg HTTP/2.0" 200 156850 "https://www.sbsc.in/" "Mozilla/5.0 (Linux; Android 9; vivo 1902) AppleWebKit/537.36 (KHTML, like Gecko) Chrome/109.0.0.0 Mobile Safari/537.36" www.sbsc.in 199.79.62.221
2.51.9.61 - - [28/Jan/2023:14:49:55 +0000] "GET /pdf/resources/1587751980_Material.pdf HTTP/2.0" 404 355 "https://www.google.com/" "Mozilla/5.0 (Windows NT 10.0; Win64; x64) AppleWebKit/537.36 (KHTML, like Gecko) Chrome/109.0.0.0 Safari/537.36" www.sbsc.in 199.79.62.221
2.51.9.61 - - [28/Jan/2023:14:49:56 +0000] "GET /favicon.ico HTTP/1.1" 404 355 "https://www.sbsc.in/pdf/resources/1587751980_Material.pdf" "Mozilla/5.0 (Windows NT 10.0; Win64; x64) AppleWebKit/537.36 (KHTML, like Gecko) Chrome/109.0.0.0 Safari/537.36" www.sbsc.in 199.79.62.221
2.51.9.61 - - [28/Jan/2023:14:49:56 +0000] "GET /favicon.ico HTTP/2.0" 404 355 "https://www.sbsc.in/pdf/resources/1587751980_Material.pdf" "Mozilla/5.0 (Windows NT 10.0; Win64; x64) AppleWebKit/537.36 (KHTML, like Gecko) Chrome/109.0.0.0 Safari/537.36" www.sbsc.in 199.79.62.221
103.216.143.83 - - [28/Jan/2023:14:49:06 +0000] "GET /images/banner/9.jpg HTTP/2.0" 200 167238 "https://www.sbsc.in/" "Mozilla/5.0 (Linux; Android 9; vivo 1902) AppleWebKit/537.36 (KHTML, like Gecko) Chrome/109.0.0.0 Mobile Safari/537.36" www.sbsc.in 199.79.62.221
103.216.143.83 - - [28/Jan/2023:14:49:06 +0000] "GET /images/banner/10.jpg HTTP/2.0" 200 211781 "https://www.sbsc.in/" "Mozilla/5.0 (Linux; Android 9; vivo 1902) AppleWebKit/537.36 (KHTML, like Gecko) Chrome/109.0.0.0 Mobile Safari/537.36" www.sbsc.in 199.79.62.221
103.216.143.83 - - [28/Jan/2023:14:49:06 +0000] "GET /images/alumini.jpg HTTP/2.0" 200 50947 "https://www.sbsc.in/" "Mozilla/5.0 (Linux; Android 9; vivo 1902) AppleWebKit/537.36 (KHTML, like Gecko) Chrome/109.0.0.0 Mobile Safari/537.36" www.sbsc.in 199.79.62.221
103.216.143.83 - - [28/Jan/2023:14:49:06 +0000] "GET /images/banner/11.jpg HTTP/2.0" 200 186118 "https://www.sbsc.in/" "Mozilla/5.0 (Linux; Android 9; vivo 1902) AppleWebKit/537.36 (KHTML, like Gecko) Chrome/109.0.0.0 Mobile Safari/537.36" www.sbsc.in 199.79.62.221
103.216.143.83 - - [28/Jan/2023:14:49:06 +0000] "GET /images/banner/12.jpg HTTP/2.0" 200 153729 "https://www.sbsc.in/" "Mozilla/5.0 (Linux; Android 9; vivo 1902) AppleWebKit/537.36 (KHTML, like Gecko) Chrome/109.0.0.0 Mobile Safari/537.36" www.sbsc.in 199.79.62.221
103.216.143.83 - - [28/Jan/2023:14:49:06 +0000] "GET /images/event.jpg HTTP/2.0" 200 3517 "https://www.sbsc.in/" "Mozilla/5.0 (Linux; Android 9; vivo 1902) AppleWebKit/537.36 (KHTML, like Gecko) Chrome/109.0.0.0 Mobile Safari/537.36" www.sbsc.in 199.79.62.221
