122.177.106.202 - - [28/Jan/2023:12:17:40 +0000] "GET /images/placement1.JPG HTTP/2.0" 200 11070724 "https://www.sbsc.in/" "Mozilla/5.0 (Windows NT 10.0; Win64; x64) AppleWebKit/537.36 (KHTML, like Gecko) Chrome/109.0.0.0 Safari/537.36" www.sbsc.in 199.79.62.221
122.177.106.202 - - [28/Jan/2023:12:17:48 +0000] "GET /favicon.ico HTTP/1.1" 404 355 "https://www.sbsc.in/" "Mozilla/5.0 (Windows NT 10.0; Win64; x64) AppleWebKit/537.36 (KHTML, like Gecko) Chrome/109.0.0.0 Safari/537.36" www.sbsc.in 199.79.62.221
47.15.35.188 - - [28/Jan/2023:12:17:26 +0000] "GET /uploads/pdf/1661512239_Notice_(Scholarship).pdf HTTP/2.0" 200 1713150 "https://www.google.com/" "Mozilla/5.0 (Windows NT 10.0; Win64; x64) AppleWebKit/537.36 (KHTML, like Gecko) Chrome/109.0.0.0 Safari/537.36" www.sbsc.in 199.79.62.221
122.177.106.202 - - [28/Jan/2023:12:17:48 +0000] "GET /favicon.ico HTTP/2.0" 404 355 "https://www.sbsc.in/" "Mozilla/5.0 (Windows NT 10.0; Win64; x64) AppleWebKit/537.36 (KHTML, like Gecko) Chrome/109.0.0.0 Safari/537.36" www.sbsc.in 199.79.62.221
49.36.178.231 - - [28/Jan/2023:12:17:53 +0000] "GET /favicon.ico HTTP/1.1" 404 355 "https://www.sbsc.in/" "Mozilla/5.0 (Linux; Android 7.1.1; Moto E (4) Plus) AppleWebKit/537.36 (KHTML, like Gecko) Chrome/109.0.0.0 Mobile Safari/537.36" www.sbsc.in 199.79.62.221
49.36.178.231 - - [28/Jan/2023:12:17:53 +0000] "GET /favicon.ico HTTP/2.0" 404 355 "https://www.sbsc.in/" "Mozilla/5.0 (Linux; Android 7.1.1; Moto E (4) Plus) AppleWebKit/537.36 (KHTML, like Gecko) Chrome/109.0.0.0 Mobile Safari/537.36" www.sbsc.in 199.79.62.221
49.36.177.86 - - [28/Jan/2023:12:18:08 +0000] "GET / HTTP/1.1" 200 45835 "-" "Mozilla/5.0 (iPhone; CPU iPhone OS 16_0 like Mac OS X) AppleWebKit/605.1.15 (KHTML, like Gecko) Version/16.0 Mobile/15E148 Safari/604.1" www.sbsc.in 199.79.62.221
49.36.177.86 - - [28/Jan/2023:12:18:08 +0000] "GET / HTTP/2.0" 200 45835 "-" "Mozilla/5.0 (iPhone; CPU iPhone OS 16_0 like Mac OS X) AppleWebKit/605.1.15 (KHTML, like Gecko) Version/16.0 Mobile/15E148 Safari/604.1" www.sbsc.in 199.79.62.221
193.186.4.136 - - [28/Jan/2023:12:18:11 +0000] "GET /about-library.php HTTP/1.1" 200 6409 "-" "Mozilla/5.0 (Linux; Android 10; K) AppleWebKit/537.36 (KHTML, like Gecko) Chrome/109.0.0.0 Mobile Safari/537.36" www.sbsc.in 199.79.62.221
49.36.177.86 - - [28/Jan/2023:12:18:11 +0000] "GET /images/latest_news.png HTTP/2.0" 200 2953 "https://www.sbsc.in/" "Mozilla/5.0 (iPhone; CPU iPhone OS 16_0 like Mac OS X) AppleWebKit/605.1.15 (KHTML, like Gecko) Version/16.0 Mobile/15E148 Safari/604.1" sbsc.in 199.79.62.221
193.186.4.136 - - [28/Jan/2023:12:18:11 +0000] "GET /about-library.php HTTP/2.0" 200 6409 "-" "Mozilla/5.0 (Linux; Android 10; K) AppleWebKit/537.36 (KHTML, like Gecko) Chrome/109.0.0.0 Mobile Safari/537.36" www.sbsc.in 199.79.62.221
193.186.4.141 - - [28/Jan/2023:12:18:15 +0000] "GET /library.php HTTP/1.1" 200 46087 "-" "Mozilla/5.0 (Linux; Android 10; K) AppleWebKit/537.36 (KHTML, like Gecko) Chrome/109.0.0.0 Mobile Safari/537.36" www.sbsc.in 199.79.62.221
193.186.4.141 - - [28/Jan/2023:12:18:15 +0000] "GET /library.php HTTP/2.0" 200 46087 "-" "Mozilla/5.0 (Linux; Android 10; K) AppleWebKit/537.36 (KHTML, like Gecko) Chrome/109.0.0.0 Mobile Safari/537.36" www.sbsc.in 199.79.62.221
49.36.177.86 - - [28/Jan/2023:12:18:10 +0000] "GET /images/banner/4.jpg HTTP/2.0" 200 172167 "https://www.sbsc.in/" "Mozilla/5.0 (iPhone; CPU iPhone OS 16_0 like Mac OS X) AppleWebKit/605.1.15 (KHTML, like Gecko) Version/16.0 Mobile/15E148 Safari/604.1" www.sbsc.in 199.79.62.221
49.36.177.86 - - [28/Jan/2023:12:18:10 +0000] "GET /images/banner/3.jpg HTTP/2.0" 200 207968 "https://www.sbsc.in/" "Mozilla/5.0 (iPhone; CPU iPhone OS 16_0 like Mac OS X) AppleWebKit/605.1.15 (KHTML, like Gecko) Version/16.0 Mobile/15E148 Safari/604.1" www.sbsc.in 199.79.62.221
47.31.172.22 - - [28/Jan/2023:12:18:26 +0000] "GET / HTTP/2.0" 200 45835 "https://www.google.com/" "Mozilla/5.0 (Linux; Android 11; Redmi Note 9 Pro Max) AppleWebKit/537.36 (KHTML, like Gecko) Chrome/99.0.4844.73 Mobile Safari/537.36" www.sbsc.in 199.79.62.221
47.31.172.22 - - [28/Jan/2023:12:18:27 +0000] "GET /images/banner/1.jpg HTTP/2.0" 200 212471 "https://www.sbsc.in/" "Mozilla/5.0 (Linux; Android 11; Redmi Note 9 Pro Max) AppleWebKit/537.36 (KHTML, like Gecko) Chrome/99.0.4844.73 Mobile Safari/537.36" www.sbsc.in 199.79.62.221
47.31.172.22 - - [28/Jan/2023:12:18:27 +0000] "GET /images/banner/3.jpg HTTP/2.0" 200 207968 "https://www.sbsc.in/" "Mozilla/5.0 (Linux; Android 11; Redmi Note 9 Pro Max) AppleWebKit/537.36 (KHTML, like Gecko) Chrome/99.0.4844.73 Mobile Safari/537.36" www.sbsc.in 199.79.62.221
47.31.172.22 - - [28/Jan/2023:12:18:27 +0000] "GET /images/banner/2.jpg HTTP/2.0" 200 197131 "https://www.sbsc.in/" "Mozilla/5.0 (Linux; Android 11; Redmi Note 9 Pro Max) AppleWebKit/537.36 (KHTML, like Gecko) Chrome/99.0.4844.73 Mobile Safari/537.36" www.sbsc.in 199.79.62.221
47.31.172.22 - - [28/Jan/2023:12:18:27 +0000] "GET /images/banner/4.jpg HTTP/2.0" 200 172167 "https://www.sbsc.in/" "Mozilla/5.0 (Linux; Android 11; Redmi Note 9 Pro Max) AppleWebKit/537.36 (KHTML, like Gecko) Chrome/99.0.4844.73 Mobile Safari/537.36" www.sbsc.in 199.79.62.221
47.31.172.22 - - [28/Jan/2023:12:18:27 +0000] "GET /images/banner/5.jpg HTTP/2.0" 200 170926 "https://www.sbsc.in/" "Mozilla/5.0 (Linux; Android 11; Redmi Note 9 Pro Max) AppleWebKit/537.36 (KHTML, like Gecko) Chrome/99.0.4844.73 Mobile Safari/537.36" www.sbsc.in 199.79.62.221
47.31.172.22 - - [28/Jan/2023:12:18:27 +0000] "GET /images/banner/6.jpg HTTP/2.0" 200 127037 "https://www.sbsc.in/" "Mozilla/5.0 (Linux; Android 11; Redmi Note 9 Pro Max) AppleWebKit/537.36 (KHTML, like Gecko) Chrome/99.0.4844.73 Mobile Safari/537.36" www.sbsc.in 199.79.62.221
47.31.172.22 - - [28/Jan/2023:12:18:27 +0000] "GET /images/banner/7.jpg HTTP/2.0" 200 179124 "https://www.sbsc.in/" "Mozilla/5.0 (Linux; Android 11; Redmi Note 9 Pro Max) AppleWebKit/537.36 (KHTML, like Gecko) Chrome/99.0.4844.73 Mobile Safari/537.36" www.sbsc.in 199.79.62.221
47.31.172.22 - - [28/Jan/2023:12:18:27 +0000] "GET /images/banner/8.jpg HTTP/2.0" 200 156850 "https://www.sbsc.in/" "Mozilla/5.0 (Linux; Android 11; Redmi Note 9 Pro Max) AppleWebKit/537.36 (KHTML, like Gecko) Chrome/99.0.4844.73 Mobile Safari/537.36" www.sbsc.in 199.79.62.221
47.31.172.22 - - [28/Jan/2023:12:18:27 +0000] "GET /images/banner/9.jpg HTTP/2.0" 200 167238 "https://www.sbsc.in/" "Mozilla/5.0 (Linux; Android 11; Redmi Note 9 Pro Max) AppleWebKit/537.36 (KHTML, like Gecko) Chrome/99.0.4844.73 Mobile Safari/537.36" www.sbsc.in 199.79.62.221
47.31.172.22 - - [28/Jan/2023:12:18:27 +0000] "GET /images/banner/10.jpg HTTP/2.0" 200 211781 "https://www.sbsc.in/" "Mozilla/5.0 (Linux; Android 11; Redmi Note 9 Pro Max) AppleWebKit/537.36 (KHTML, like Gecko) Chrome/99.0.4844.73 Mobile Safari/537.36" www.sbsc.in 199.79.62.221
47.31.172.22 - - [28/Jan/2023:12:18:27 +0000] "GET /images/banner/11.jpg HTTP/2.0" 200 186118 "https://www.sbsc.in/" "Mozilla/5.0 (Linux; Android 11; Redmi Note 9 Pro Max) AppleWebKit/537.36 (KHTML, like Gecko) Chrome/99.0.4844.73 Mobile Safari/537.36" www.sbsc.in 199.79.62.221
47.31.172.22 - - [28/Jan/2023:12:18:27 +0000] "GET /images/banner/12.jpg HTTP/2.0" 200 153729 "https://www.sbsc.in/" "Mozilla/5.0 (Linux; Android 11; Redmi Note 9 Pro Max) AppleWebKit/537.36 (KHTML, like Gecko) Chrome/99.0.4844.73 Mobile Safari/537.36" www.sbsc.in 199.79.62.221
47.31.172.22 - - [28/Jan/2023:12:18:27 +0000] "GET /images/IMG-20210727-WA0011.jpg HTTP/2.0" 200 154646 "https://www.sbsc.in/" "Mozilla/5.0 (Linux; Android 11; Redmi Note 9 Pro Max) AppleWebKit/537.36 (KHTML, like Gecko) Chrome/99.0.4844.73 Mobile Safari/537.36" www.sbsc.in 199.79.62.221
49.36.177.86 - - [28/Jan/2023:12:18:15 +0000] "GET /images/event.jpg HTTP/2.0" 200 3517 "https://www.sbsc.in/" "Mozilla/5.0 (iPhone; CPU iPhone OS 16_0 like Mac OS X) AppleWebKit/605.1.15 (KHTML, like Gecko) Version/16.0 Mobile/15E148 Safari/604.1" www.sbsc.in 199.79.62.221
49.36.177.86 - - [28/Jan/2023:12:18:15 +0000] "GET /images/research-img.jpg HTTP/2.0" 200 3596 "https://www.sbsc.in/" "Mozilla/5.0 (iPhone; CPU iPhone OS 16_0 like Mac OS X) AppleWebKit/605.1.15 (KHTML, like Gecko) Version/16.0 Mobile/15E148 Safari/604.1" www.sbsc.in 199.79.62.221
49.36.177.86 - - [28/Jan/2023:12:18:15 +0000] "GET /images/publication-img.jpg HTTP/2.0" 200 4561 "https://www.sbsc.in/" "Mozilla/5.0 (iPhone; CPU iPhone OS 16_0 like Mac OS X) AppleWebKit/605.1.15 (KHTML, like Gecko) Version/16.0 Mobile/15E148 Safari/604.1" www.sbsc.in 199.79.62.221
49.36.177.86 - - [28/Jan/2023:12:18:15 +0000] "GET /images/Conference.jpg HTTP/2.0" 200 3631 "https://www.sbsc.in/" "Mozilla/5.0 (iPhone; CPU iPhone OS 16_0 like Mac OS X) AppleWebKit/605.1.15 (KHTML, like Gecko) Version/16.0 Mobile/15E148 Safari/604.1" www.sbsc.in 199.79.62.221
47.31.172.22 - - [28/Jan/2023:12:18:30 +0000] "GET /view-all.php HTTP/2.0" 200 74210 "https://www.sbsc.in/" "Mozilla/5.0 (Linux; Android 11; Redmi Note 9 Pro Max) AppleWebKit/537.36 (KHTML, like Gecko) Chrome/99.0.4844.73 Mobile Safari/537.36" www.sbsc.in 199.79.62.221
47.31.172.22 - - [28/Jan/2023:12:18:27 +0000] "GET /images/placement1.JPG HTTP/2.0" 200 7896807 "https://www.sbsc.in/" "Mozilla/5.0 (Linux; Android 11; Redmi Note 9 Pro Max) AppleWebKit/537.36 (KHTML, like Gecko) Chrome/99.0.4844.73 Mobile Safari/537.36" www.sbsc.in 199.79.62.221
47.31.172.22 - - [28/Jan/2023:12:18:33 +0000] "GET /favicon.ico HTTP/1.1" 404 355 "https://www.sbsc.in/view-all.php" "Mozilla/5.0 (Linux; Android 11; Redmi Note 9 Pro Max) AppleWebKit/537.36 (KHTML, like Gecko) Chrome/99.0.4844.73 Mobile Safari/537.36" www.sbsc.in 199.79.62.221
49.36.177.86 - - [28/Jan/2023:12:18:15 +0000] "GET /images/associations.jpg HTTP/2.0" 200 31703 "https://www.sbsc.in/" "Mozilla/5.0 (iPhone; CPU iPhone OS 16_0 like Mac OS X) AppleWebKit/605.1.15 (KHTML, like Gecko) Version/16.0 Mobile/15E148 Safari/604.1" www.sbsc.in 199.79.62.221
47.31.172.22 - - [28/Jan/2023:12:18:33 +0000] "GET /favicon.ico HTTP/2.0" 404 355 "https://www.sbsc.in/view-all.php" "Mozilla/5.0 (Linux; Android 11; Redmi Note 9 Pro Max) AppleWebKit/537.36 (KHTML, like Gecko) Chrome/99.0.4844.73 Mobile Safari/537.36" www.sbsc.in 199.79.62.221
49.36.177.86 - - [28/Jan/2023:12:18:15 +0000] "GET /images/banner/9.jpg HTTP/2.0" 200 167238 "https://www.sbsc.in/" "Mozilla/5.0 (iPhone; CPU iPhone OS 16_0 like Mac OS X) AppleWebKit/605.1.15 (KHTML, like Gecko) Version/16.0 Mobile/15E148 Safari/604.1" www.sbsc.in 199.79.62.221
49.36.177.86 - - [28/Jan/2023:12:18:15 +0000] "GET /images/IMG-20210727-WA0011.jpg HTTP/2.0" 200 154646 "https://www.sbsc.in/" "Mozilla/5.0 (iPhone; CPU iPhone OS 16_0 like Mac OS X) AppleWebKit/605.1.15 (KHTML, like Gecko) Version/16.0 Mobile/15E148 Safari/604.1" www.sbsc.in 199.79.62.221
49.36.177.86 - - [28/Jan/2023:12:18:15 +0000] "GET /images/banner/12.jpg HTTP/2.0" 200 153729 "https://www.sbsc.in/" "Mozilla/5.0 (iPhone; CPU iPhone OS 16_0 like Mac OS X) AppleWebKit/605.1.15 (KHTML, like Gecko) Version/16.0 Mobile/15E148 Safari/604.1" www.sbsc.in 199.79.62.221
49.36.177.86 - - [28/Jan/2023:12:18:15 +0000] "GET /images/jubliee-img.jpg HTTP/2.0" 200 88706 "https://www.sbsc.in/" "Mozilla/5.0 (iPhone; CPU iPhone OS 16_0 like Mac OS X) AppleWebKit/605.1.15 (KHTML, like Gecko) Version/16.0 Mobile/15E148 Safari/604.1" www.sbsc.in 199.79.62.221
49.36.177.86 - - [28/Jan/2023:12:18:15 +0000] "GET /images/banner/6.jpg HTTP/2.0" 200 127037 "https://www.sbsc.in/" "Mozilla/5.0 (iPhone; CPU iPhone OS 16_0 like Mac OS X) AppleWebKit/605.1.15 (KHTML, like Gecko) Version/16.0 Mobile/15E148 Safari/604.1" www.sbsc.in 199.79.62.221
49.36.177.86 - - [28/Jan/2023:12:18:15 +0000] "GET /images/alumini.jpg HTTP/2.0" 200 50947 "https://www.sbsc.in/" "Mozilla/5.0 (iPhone; CPU iPhone OS 16_0 like Mac OS X) AppleWebKit/605.1.15 (KHTML, like Gecko) Version/16.0 Mobile/15E148 Safari/604.1" www.sbsc.in 199.79.62.221
49.36.177.86 - - [28/Jan/2023:12:18:15 +0000] "GET /images/banner/5.jpg HTTP/2.0" 200 170926 "https://www.sbsc.in/" "Mozilla/5.0 (iPhone; CPU iPhone OS 16_0 like Mac OS X) AppleWebKit/605.1.15 (KHTML, like Gecko) Version/16.0 Mobile/15E148 Safari/604.1" www.sbsc.in 199.79.62.221
49.36.177.86 - - [28/Jan/2023:12:18:15 +0000] "GET /images/tour-img.jpg HTTP/2.0" 200 65976 "https://www.sbsc.in/" "Mozilla/5.0 (iPhone; CPU iPhone OS 16_0 like Mac OS X) AppleWebKit/605.1.15 (KHTML, like Gecko) Version/16.0 Mobile/15E148 Safari/604.1" www.sbsc.in 199.79.62.221
49.36.177.86 - - [28/Jan/2023:12:18:15 +0000] "GET /images/banner/8.jpg HTTP/2.0" 200 156850 "https://www.sbsc.in/" "Mozilla/5.0 (iPhone; CPU iPhone OS 16_0 like Mac OS X) AppleWebKit/605.1.15 (KHTML, like Gecko) Version/16.0 Mobile/15E148 Safari/604.1" www.sbsc.in 199.79.62.221
49.36.177.86 - - [28/Jan/2023:12:18:15 +0000] "GET /images/banner/10.jpg HTTP/2.0" 200 211781 "https://www.sbsc.in/" "Mozilla/5.0 (iPhone; CPU iPhone OS 16_0 like Mac OS X) AppleWebKit/605.1.15 (KHTML, like Gecko) Version/16.0 Mobile/15E148 Safari/604.1" www.sbsc.in 199.79.62.221
49.36.177.86 - - [28/Jan/2023:12:18:15 +0000] "GET /images/banner/11.jpg HTTP/2.0" 200 186118 "https://www.sbsc.in/" "Mozilla/5.0 (iPhone; CPU iPhone OS 16_0 like Mac OS X) AppleWebKit/605.1.15 (KHTML, like Gecko) Version/16.0 Mobile/15E148 Safari/604.1" www.sbsc.in 199.79.62.221
49.36.177.86 - - [28/Jan/2023:12:18:15 +0000] "GET /images/placement1.JPG HTTP/2.0" 200 114458 "https://www.sbsc.in/" "Mozilla/5.0 (iPhone; CPU iPhone OS 16_0 like Mac OS X) AppleWebKit/605.1.15 (KHTML, like Gecko) Version/16.0 Mobile/15E148 Safari/604.1" www.sbsc.in 199.79.62.221
49.36.177.86 - - [28/Jan/2023:12:18:15 +0000] "GET /images/banner/7.jpg HTTP/2.0" 200 179124 "https://www.sbsc.in/" "Mozilla/5.0 (iPhone; CPU iPhone OS 16_0 like Mac OS X) AppleWebKit/605.1.15 (KHTML, like Gecko) Version/16.0 Mobile/15E148 Safari/604.1" www.sbsc.in 199.79.62.221
49.36.177.86 - - [28/Jan/2023:12:18:15 +0000] "GET /images/placement1.JPG HTTP/1.1" 200 11070724 "https://www.sbsc.in/" "Mozilla/5.0 (iPhone; CPU iPhone OS 16_0 like Mac OS X) AppleWebKit/605.1.15 (KHTML, like Gecko) Version/16.0 Mobile/15E148 Safari/604.1" www.sbsc.in 199.79.62.221
49.36.177.86 - - [28/Jan/2023:12:18:46 +0000] "GET /principal.php HTTP/1.1" 200 43886 "https://www.google.co.in/" "Mozilla/5.0 (iPhone; CPU iPhone OS 16_0 like Mac OS X) AppleWebKit/605.1.15 (KHTML, like Gecko) Version/16.0 Mobile/15E148 Safari/604.1" www.sbsc.in 199.79.62.221
193.186.4.138 - - [28/Jan/2023:12:18:49 +0000] "GET / HTTP/2.0" 200 45835 "-" "Mozilla/5.0 (Linux; Android 10; K) AppleWebKit/537.36 (KHTML, like Gecko) Chrome/109.0.0.0 Mobile Safari/537.36" www.sbsc.in 199.79.62.221
49.36.177.86 - - [28/Jan/2023:12:18:46 +0000] "GET /principal.php HTTP/2.0" 200 43886 "https://www.google.co.in/" "Mozilla/5.0 (iPhone; CPU iPhone OS 16_0 like Mac OS X) AppleWebKit/605.1.15 (KHTML, like Gecko) Version/16.0 Mobile/15E148 Safari/604.1" www.sbsc.in 199.79.62.221
49.42.86.237 - - [28/Jan/2023:12:18:55 +0000] "GET /css/style-new.css HTTP/2.0" 200 352 "https://www.sbsc.in/" "Mozilla/5.0 (Linux; Android 10; Redmi Note 9 Pro) AppleWebKit/537.36 (KHTML, like Gecko) Chrome/109.0.0.0 Mobile Safari/537.36" www.sbsc.in 199.79.62.221
49.42.86.237 - - [28/Jan/2023:12:18:55 +0000] "GET /css/style.css HTTP/2.0" 200 2565 "https://www.sbsc.in/" "Mozilla/5.0 (Linux; Android 10; Redmi Note 9 Pro) AppleWebKit/537.36 (KHTML, like Gecko) Chrome/109.0.0.0 Mobile Safari/537.36" www.sbsc.in 199.79.62.221
49.42.86.237 - - [28/Jan/2023:12:18:55 +0000] "GET /cssmenu/styles.css HTTP/2.0" 200 1905 "https://www.sbsc.in/" "Mozilla/5.0 (Linux; Android 10; Redmi Note 9 Pro) AppleWebKit/537.36 (KHTML, like Gecko) Chrome/109.0.0.0 Mobile Safari/537.36" www.sbsc.in 199.79.62.221
49.42.86.237 - - [28/Jan/2023:12:18:55 +0000] "GET /js/animation-banner.js HTTP/2.0" 200 964 "https://www.sbsc.in/" "Mozilla/5.0 (Linux; Android 10; Redmi Note 9 Pro) AppleWebKit/537.36 (KHTML, like Gecko) Chrome/109.0.0.0 Mobile Safari/537.36" www.sbsc.in 199.79.62.221
49.42.86.237 - - [28/Jan/2023:12:18:55 +0000] "GET /css/bootstrap.min.css HTTP/2.0" 200 27845 "https://www.sbsc.in/" "Mozilla/5.0 (Linux; Android 10; Redmi Note 9 Pro) AppleWebKit/537.36 (KHTML, like Gecko) Chrome/109.0.0.0 Mobile Safari/537.36" www.sbsc.in 199.79.62.221
49.42.86.237 - - [28/Jan/2023:12:18:55 +0000] "GET /cssmenu/script.js HTTP/2.0" 200 675 "https://www.sbsc.in/" "Mozilla/5.0 (Linux; Android 10; Redmi Note 9 Pro) AppleWebKit/537.36 (KHTML, like Gecko) Chrome/109.0.0.0 Mobile Safari/537.36" www.sbsc.in 199.79.62.221
49.36.177.86 - - [28/Jan/2023:12:18:53 +0000] "GET /images/banner/5.jpg HTTP/2.0" 200 170926 "https://www.sbsc.in/principal.php" "Mozilla/5.0 (iPhone; CPU iPhone OS 16_0 like Mac OS X) AppleWebKit/605.1.15 (KHTML, like Gecko) Version/16.0 Mobile/15E148 Safari/604.1" www.sbsc.in 199.79.62.221
49.42.86.237 - - [28/Jan/2023:12:18:57 +0000] "GET /js/jquery.js HTTP/2.0" 200 42291 "https://www.sbsc.in/" "Mozilla/5.0 (Linux; Android 10; Redmi Note 9 Pro) AppleWebKit/537.36 (KHTML, like Gecko) Chrome/109.0.0.0 Mobile Safari/537.36" www.sbsc.in 199.79.62.221
49.42.86.237 - - [28/Jan/2023:12:18:57 +0000] "GET /js/bootstrap.min.js HTTP/2.0" 200 13505 "https://www.sbsc.in/" "Mozilla/5.0 (Linux; Android 10; Redmi Note 9 Pro) AppleWebKit/537.36 (KHTML, like Gecko) Chrome/109.0.0.0 Mobile Safari/537.36" www.sbsc.in 199.79.62.221
49.42.86.237 - - [28/Jan/2023:12:18:57 +0000] "GET /paytm.jpg HTTP/2.0" 200 7167 "https://www.sbsc.in/" "Mozilla/5.0 (Linux; Android 10; Redmi Note 9 Pro) AppleWebKit/537.36 (KHTML, like Gecko) Chrome/109.0.0.0 Mobile Safari/537.36" www.sbsc.in 199.79.62.221
49.42.86.237 - - [28/Jan/2023:12:18:57 +0000] "GET /images/email.png HTTP/2.0" 200 1371 "https://www.sbsc.in/" "Mozilla/5.0 (Linux; Android 10; Redmi Note 9 Pro) AppleWebKit/537.36 (KHTML, like Gecko) Chrome/109.0.0.0 Mobile Safari/537.36" www.sbsc.in 199.79.62.221
49.42.86.237 - - [28/Jan/2023:12:18:57 +0000] "GET /images/phone.png HTTP/2.0" 200 1897 "https://www.sbsc.in/" "Mozilla/5.0 (Linux; Android 10; Redmi Note 9 Pro) AppleWebKit/537.36 (KHTML, like Gecko) Chrome/109.0.0.0 Mobile Safari/537.36" www.sbsc.in 199.79.62.221
49.42.86.237 - - [28/Jan/2023:12:18:57 +0000] "GET /images/logo.png HTTP/2.0" 200 36072 "https://www.sbsc.in/" "Mozilla/5.0 (Linux; Android 10; Redmi Note 9 Pro) AppleWebKit/537.36 (KHTML, like Gecko) Chrome/109.0.0.0 Mobile Safari/537.36" www.sbsc.in 199.79.62.221
49.42.86.237 - - [28/Jan/2023:12:18:57 +0000] "GET /images/golden-jubilee-logo.png HTTP/2.0" 200 34899 "https://www.sbsc.in/" "Mozilla/5.0 (Linux; Android 10; Redmi Note 9 Pro) AppleWebKit/537.36 (KHTML, like Gecko) Chrome/109.0.0.0 Mobile Safari/537.36" www.sbsc.in 199.79.62.221
49.42.86.237 - - [28/Jan/2023:12:18:57 +0000] "GET /images/new.gif HTTP/2.0" 200 2455 "https://www.sbsc.in/" "Mozilla/5.0 (Linux; Android 10; Redmi Note 9 Pro) AppleWebKit/537.36 (KHTML, like Gecko) Chrome/109.0.0.0 Mobile Safari/537.36" www.sbsc.in 199.79.62.221
49.42.86.237 - - [28/Jan/2023:12:18:57 +0000] "GET /images/symbol.jpg HTTP/2.0" 200 781 "https://www.sbsc.in/" "Mozilla/5.0 (Linux; Android 10; Redmi Note 9 Pro) AppleWebKit/537.36 (KHTML, like Gecko) Chrome/109.0.0.0 Mobile Safari/537.36" www.sbsc.in 199.79.62.221
49.42.86.237 - - [28/Jan/2023:12:18:59 +0000] "GET /images/banner/1.jpg HTTP/2.0" 200 212471 "https://www.sbsc.in/" "Mozilla/5.0 (Linux; Android 10; Redmi Note 9 Pro) AppleWebKit/537.36 (KHTML, like Gecko) Chrome/109.0.0.0 Mobile Safari/537.36" www.sbsc.in 199.79.62.221
49.36.177.86 - - [28/Jan/2023:12:18:53 +0000] "GET /images/banner/6.jpg HTTP/2.0" 200 127037 "https://www.sbsc.in/principal.php" "Mozilla/5.0 (iPhone; CPU iPhone OS 16_0 like Mac OS X) AppleWebKit/605.1.15 (KHTML, like Gecko) Version/16.0 Mobile/15E148 Safari/604.1" www.sbsc.in 199.79.62.221
49.42.86.237 - - [28/Jan/2023:12:18:59 +0000] "GET /images/banner/3.jpg HTTP/2.0" 200 207968 "https://www.sbsc.in/" "Mozilla/5.0 (Linux; Android 10; Redmi Note 9 Pro) AppleWebKit/537.36 (KHTML, like Gecko) Chrome/109.0.0.0 Mobile Safari/537.36" www.sbsc.in 199.79.62.221
49.42.86.237 - - [28/Jan/2023:12:18:59 +0000] "GET /images/banner/2.jpg HTTP/2.0" 200 197131 "https://www.sbsc.in/" "Mozilla/5.0 (Linux; Android 10; Redmi Note 9 Pro) AppleWebKit/537.36 (KHTML, like Gecko) Chrome/109.0.0.0 Mobile Safari/537.36" www.sbsc.in 199.79.62.221
49.42.86.237 - - [28/Jan/2023:12:18:59 +0000] "GET /images/banner/4.jpg HTTP/2.0" 200 172167 "https://www.sbsc.in/" "Mozilla/5.0 (Linux; Android 10; Redmi Note 9 Pro) AppleWebKit/537.36 (KHTML, like Gecko) Chrome/109.0.0.0 Mobile Safari/537.36" www.sbsc.in 199.79.62.221
49.42.86.237 - - [28/Jan/2023:12:18:59 +0000] "GET /images/banner/5.jpg HTTP/2.0" 200 170926 "https://www.sbsc.in/" "Mozilla/5.0 (Linux; Android 10; Redmi Note 9 Pro) AppleWebKit/537.36 (KHTML, like Gecko) Chrome/109.0.0.0 Mobile Safari/537.36" www.sbsc.in 199.79.62.221
49.42.86.237 - - [28/Jan/2023:12:18:59 +0000] "GET /images/banner/6.jpg HTTP/2.0" 200 127037 "https://www.sbsc.in/" "Mozilla/5.0 (Linux; Android 10; Redmi Note 9 Pro) AppleWebKit/537.36 (KHTML, like Gecko) Chrome/109.0.0.0 Mobile Safari/537.36" www.sbsc.in 199.79.62.221
49.42.86.237 - - [28/Jan/2023:12:18:59 +0000] "GET /images/banner/7.jpg HTTP/2.0" 200 179124 "https://www.sbsc.in/" "Mozilla/5.0 (Linux; Android 10; Redmi Note 9 Pro) AppleWebKit/537.36 (KHTML, like Gecko) Chrome/109.0.0.0 Mobile Safari/537.36" www.sbsc.in 199.79.62.221
49.42.86.237 - - [28/Jan/2023:12:18:59 +0000] "GET /images/banner/8.jpg HTTP/2.0" 200 156850 "https://www.sbsc.in/" "Mozilla/5.0 (Linux; Android 10; Redmi Note 9 Pro) AppleWebKit/537.36 (KHTML, like Gecko) Chrome/109.0.0.0 Mobile Safari/537.36" www.sbsc.in 199.79.62.221
49.42.86.237 - - [28/Jan/2023:12:19:07 +0000] "GET /images/banner/9.jpg HTTP/2.0" 200 167238 "https://www.sbsc.in/" "Mozilla/5.0 (Linux; Android 10; Redmi Note 9 Pro) AppleWebKit/537.36 (KHTML, like Gecko) Chrome/109.0.0.0 Mobile Safari/537.36" www.sbsc.in 199.79.62.221
49.42.86.237 - - [28/Jan/2023:12:19:07 +0000] "GET /images/banner/10.jpg HTTP/2.0" 200 211781 "https://www.sbsc.in/" "Mozilla/5.0 (Linux; Android 10; Redmi Note 9 Pro) AppleWebKit/537.36 (KHTML, like Gecko) Chrome/109.0.0.0 Mobile Safari/537.36" www.sbsc.in 199.79.62.221
49.42.86.237 - - [28/Jan/2023:12:19:10 +0000] "GET /images/banner/11.jpg HTTP/2.0" 200 186118 "https://www.sbsc.in/" "Mozilla/5.0 (Linux; Android 10; Redmi Note 9 Pro) AppleWebKit/537.36 (KHTML, like Gecko) Chrome/109.0.0.0 Mobile Safari/537.36" www.sbsc.in 199.79.62.221
49.42.86.237 - - [28/Jan/2023:12:19:10 +0000] "GET /images/banner/12.jpg HTTP/2.0" 200 153729 "https://www.sbsc.in/" "Mozilla/5.0 (Linux; Android 10; Redmi Note 9 Pro) AppleWebKit/537.36 (KHTML, like Gecko) Chrome/109.0.0.0 Mobile Safari/537.36" www.sbsc.in 199.79.62.221
49.42.86.237 - - [28/Jan/2023:12:19:13 +0000] "GET /images/jubliee-img.jpg HTTP/2.0" 200 88706 "https://www.sbsc.in/" "Mozilla/5.0 (Linux; Android 10; Redmi Note 9 Pro) AppleWebKit/537.36 (KHTML, like Gecko) Chrome/109.0.0.0 Mobile Safari/537.36" www.sbsc.in 199.79.62.221
49.42.86.237 - - [28/Jan/2023:12:19:16 +0000] "GET /images/alumini.jpg HTTP/2.0" 200 50947 "https://www.sbsc.in/" "Mozilla/5.0 (Linux; Android 10; Redmi Note 9 Pro) AppleWebKit/537.36 (KHTML, like Gecko) Chrome/109.0.0.0 Mobile Safari/537.36" www.sbsc.in 199.79.62.221
49.42.86.237 - - [28/Jan/2023:12:19:16 +0000] "GET /images/latest_news.png HTTP/2.0" 200 2953 "https://www.sbsc.in/" "Mozilla/5.0 (Linux; Android 10; Redmi Note 9 Pro) AppleWebKit/537.36 (KHTML, like Gecko) Chrome/109.0.0.0 Mobile Safari/537.36" sbsc.in 199.79.62.221
49.42.86.237 - - [28/Jan/2023:12:19:16 +0000] "GET /images/associations.jpg HTTP/2.0" 200 31703 "https://www.sbsc.in/" "Mozilla/5.0 (Linux; Android 10; Redmi Note 9 Pro) AppleWebKit/537.36 (KHTML, like Gecko) Chrome/109.0.0.0 Mobile Safari/537.36" www.sbsc.in 199.79.62.221
49.42.86.237 - - [28/Jan/2023:12:19:16 +0000] "GET /images/IMG-20210727-WA0011.jpg HTTP/2.0" 200 154646 "https://www.sbsc.in/" "Mozilla/5.0 (Linux; Android 10; Redmi Note 9 Pro) AppleWebKit/537.36 (KHTML, like Gecko) Chrome/109.0.0.0 Mobile Safari/537.36" www.sbsc.in 199.79.62.221
49.42.86.237 - - [28/Jan/2023:12:19:16 +0000] "GET /images/tour-img.jpg HTTP/2.0" 200 65976 "https://www.sbsc.in/" "Mozilla/5.0 (Linux; Android 10; Redmi Note 9 Pro) AppleWebKit/537.36 (KHTML, like Gecko) Chrome/109.0.0.0 Mobile Safari/537.36" www.sbsc.in 199.79.62.221
49.42.86.237 - - [28/Jan/2023:12:19:16 +0000] "GET /images/event.jpg HTTP/2.0" 200 3517 "https://www.sbsc.in/" "Mozilla/5.0 (Linux; Android 10; Redmi Note 9 Pro) AppleWebKit/537.36 (KHTML, like Gecko) Chrome/109.0.0.0 Mobile Safari/537.36" www.sbsc.in 199.79.62.221
49.42.86.237 - - [28/Jan/2023:12:19:16 +0000] "GET /images/research-img.jpg HTTP/2.0" 200 3596 "https://www.sbsc.in/" "Mozilla/5.0 (Linux; Android 10; Redmi Note 9 Pro) AppleWebKit/537.36 (KHTML, like Gecko) Chrome/109.0.0.0 Mobile Safari/537.36" www.sbsc.in 199.79.62.221
49.42.86.237 - - [28/Jan/2023:12:19:16 +0000] "GET /images/publication-img.jpg HTTP/2.0" 200 4561 "https://www.sbsc.in/" "Mozilla/5.0 (Linux; Android 10; Redmi Note 9 Pro) AppleWebKit/537.36 (KHTML, like Gecko) Chrome/109.0.0.0 Mobile Safari/537.36" www.sbsc.in 199.79.62.221
49.42.86.237 - - [28/Jan/2023:12:19:16 +0000] "GET /images/Conference.jpg HTTP/2.0" 200 3631 "https://www.sbsc.in/" "Mozilla/5.0 (Linux; Android 10; Redmi Note 9 Pro) AppleWebKit/537.36 (KHTML, like Gecko) Chrome/109.0.0.0 Mobile Safari/537.36" www.sbsc.in 199.79.62.221
49.42.86.237 - - [28/Jan/2023:12:19:16 +0000] "GET /fonts/glyphicons-halflings-regular.woff HTTP/2.0" 200 23320 "https://www.sbsc.in/css/bootstrap.min.css" "Mozilla/5.0 (Linux; Android 10; Redmi Note 9 Pro) AppleWebKit/537.36 (KHTML, like Gecko) Chrome/109.0.0.0 Mobile Safari/537.36" www.sbsc.in 199.79.62.221
49.42.86.237 - - [28/Jan/2023:12:19:18 +0000] "GET /appointment-of-assistant-professors.php HTTP/1.1" 200 42596 "https://www.sbsc.in/" "Mozilla/5.0 (Linux; Android 10; Redmi Note 9 Pro) AppleWebKit/537.36 (KHTML, like Gecko) Chrome/109.0.0.0 Mobile Safari/537.36" www.sbsc.in 199.79.62.221
49.42.86.237 - - [28/Jan/2023:12:19:18 +0000] "GET /appointment-of-assistant-professors.php HTTP/2.0" 200 42596 "https://www.sbsc.in/" "Mozilla/5.0 (Linux; Android 10; Redmi Note 9 Pro) AppleWebKit/537.36 (KHTML, like Gecko) Chrome/109.0.0.0 Mobile Safari/537.36" www.sbsc.in 199.79.62.221
20.254.152.155 - - [28/Jan/2023:12:19:24 +0000] "GET /view-all.php HTTP/2.0" 200 74210 "-" "Mozilla/5.0 (Windows NT 10.0; Win64; x64; rv:81.0) Gecko/20100101 Firefox/81.0" www.sbsc.in 199.79.62.221
47.31.172.22 - - [28/Jan/2023:12:19:31 +0000] "GET /images/placement1.JPG HTTP/2.0" 206 1 "https://www.sbsc.in/" "Mozilla/5.0 (Linux; Android 11; Redmi Note 9 Pro Max) AppleWebKit/537.36 (KHTML, like Gecko) Chrome/99.0.4844.73 Mobile Safari/537.36" www.sbsc.in 199.79.62.221
49.36.177.86 - - [28/Jan/2023:12:19:08 +0000] "GET /images/desk.jpg HTTP/2.0" 200 33453 "https://www.sbsc.in/principal.php" "Mozilla/5.0 (iPhone; CPU iPhone OS 16_0 like Mac OS X) AppleWebKit/605.1.15 (KHTML, like Gecko) Version/16.0 Mobile/15E148 Safari/604.1" www.sbsc.in 199.79.62.221
49.42.86.237 - - [28/Jan/2023:12:19:16 +0000] "GET /images/placement1.JPG HTTP/2.0" 200 892647 "https://www.sbsc.in/" "Mozilla/5.0 (Linux; Android 10; Redmi Note 9 Pro) AppleWebKit/537.36 (KHTML, like Gecko) Chrome/109.0.0.0 Mobile Safari/537.36" www.sbsc.in 199.79.62.221
49.42.86.237 - - [28/Jan/2023:12:19:32 +0000] "GET /favicon.ico HTTP/1.1" 404 355 "https://www.sbsc.in/appointment-of-assistant-professors.php" "Mozilla/5.0 (Linux; Android 10; Redmi Note 9 Pro) AppleWebKit/537.36 (KHTML, like Gecko) Chrome/109.0.0.0 Mobile Safari/537.36" www.sbsc.in 199.79.62.221
49.42.86.237 - - [28/Jan/2023:12:19:32 +0000] "GET /favicon.ico HTTP/2.0" 404 355 "https://www.sbsc.in/appointment-of-assistant-professors.php" "Mozilla/5.0 (Linux; Android 10; Redmi Note 9 Pro) AppleWebKit/537.36 (KHTML, like Gecko) Chrome/109.0.0.0 Mobile Safari/537.36" www.sbsc.in 199.79.62.221
49.36.177.86 - - [28/Jan/2023:12:19:08 +0000] "GET /images/banner/8.jpg HTTP/2.0" 200 156850 "https://www.sbsc.in/principal.php" "Mozilla/5.0 (iPhone; CPU iPhone OS 16_0 like Mac OS X) AppleWebKit/605.1.15 (KHTML, like Gecko) Version/16.0 Mobile/15E148 Safari/604.1" www.sbsc.in 199.79.62.221
49.36.177.86 - - [28/Jan/2023:12:19:08 +0000] "GET /images/banner/11.jpg HTTP/2.0" 200 186118 "https://www.sbsc.in/principal.php" "Mozilla/5.0 (iPhone; CPU iPhone OS 16_0 like Mac OS X) AppleWebKit/605.1.15 (KHTML, like Gecko) Version/16.0 Mobile/15E148 Safari/604.1" www.sbsc.in 199.79.62.221
49.36.177.86 - - [28/Jan/2023:12:19:08 +0000] "GET /images/banner/7.jpg HTTP/2.0" 200 179124 "https://www.sbsc.in/principal.php" "Mozilla/5.0 (iPhone; CPU iPhone OS 16_0 like Mac OS X) AppleWebKit/605.1.15 (KHTML, like Gecko) Version/16.0 Mobile/15E148 Safari/604.1" www.sbsc.in 199.79.62.221
49.36.177.86 - - [28/Jan/2023:12:19:08 +0000] "GET /images/banner/9.jpg HTTP/2.0" 200 167238 "https://www.sbsc.in/principal.php" "Mozilla/5.0 (iPhone; CPU iPhone OS 16_0 like Mac OS X) AppleWebKit/605.1.15 (KHTML, like Gecko) Version/16.0 Mobile/15E148 Safari/604.1" www.sbsc.in 199.79.62.221
49.36.177.86 - - [28/Jan/2023:12:19:08 +0000] "GET /images/banner/10.jpg HTTP/2.0" 200 211781 "https://www.sbsc.in/principal.php" "Mozilla/5.0 (iPhone; CPU iPhone OS 16_0 like Mac OS X) AppleWebKit/605.1.15 (KHTML, like Gecko) Version/16.0 Mobile/15E148 Safari/604.1" www.sbsc.in 199.79.62.221
49.36.177.86 - - [28/Jan/2023:12:19:08 +0000] "GET /images/banner/12.jpg HTTP/2.0" 200 153729 "https://www.sbsc.in/principal.php" "Mozilla/5.0 (iPhone; CPU iPhone OS 16_0 like Mac OS X) AppleWebKit/605.1.15 (KHTML, like Gecko) Version/16.0 Mobile/15E148 Safari/604.1" www.sbsc.in 199.79.62.221
49.36.177.86 - - [28/Jan/2023:12:19:08 +0000] "GET /images/banner/6.jpg HTTP/2.0" 200 127037 "https://www.sbsc.in/principal.php" "Mozilla/5.0 (iPhone; CPU iPhone OS 16_0 like Mac OS X) AppleWebKit/605.1.15 (KHTML, like Gecko) Version/16.0 Mobile/15E148 Safari/604.1" www.sbsc.in 199.79.62.221
49.36.177.86 - - [28/Jan/2023:12:19:41 +0000] "GET /important-functionaries.php HTTP/1.1" 200 43090 "https://www.google.co.in/" "Mozilla/5.0 (iPhone; CPU iPhone OS 16_0 like Mac OS X) AppleWebKit/605.1.15 (KHTML, like Gecko) Version/16.0 Mobile/15E148 Safari/604.1" www.sbsc.in 199.79.62.221
49.36.177.86 - - [28/Jan/2023:12:19:41 +0000] "GET /important-functionaries.php HTTP/2.0" 200 43090 "https://www.google.co.in/" "Mozilla/5.0 (iPhone; CPU iPhone OS 16_0 like Mac OS X) AppleWebKit/605.1.15 (KHTML, like Gecko) Version/16.0 Mobile/15E148 Safari/604.1" www.sbsc.in 199.79.62.221
49.36.177.86 - - [28/Jan/2023:12:19:43 +0000] "GET /teacher-list.php?Department=10 HTTP/1.1" 200 7919 "https://www.google.co.in/" "Mozilla/5.0 (iPhone; CPU iPhone OS 16_0 like Mac OS X) AppleWebKit/605.1.15 (KHTML, like Gecko) Version/16.0 Mobile/15E148 Safari/604.1" www.sbsc.in 199.79.62.221
49.36.177.86 - - [28/Jan/2023:12:19:43 +0000] "GET /teacher-list.php?Department=10 HTTP/2.0" 200 7919 "https://www.google.co.in/" "Mozilla/5.0 (iPhone; CPU iPhone OS 16_0 like Mac OS X) AppleWebKit/605.1.15 (KHTML, like Gecko) Version/16.0 Mobile/15E148 Safari/604.1" www.sbsc.in 199.79.62.221
49.36.177.86 - - [28/Jan/2023:12:19:53 +0000] "GET /e-data.php?Teacher=8&Dep=10 HTTP/1.1" 200 6794 "https://www.sbsc.in/teacher-list.php?Department=10" "Mozilla/5.0 (iPhone; CPU iPhone OS 16_0 like Mac OS X) AppleWebKit/605.1.15 (KHTML, like Gecko) Version/16.0 Mobile/15E148 Safari/604.1" www.sbsc.in 199.79.62.221
49.36.177.86 - - [28/Jan/2023:12:19:53 +0000] "GET /e-data.php?Teacher=8&Dep=10 HTTP/2.0" 200 6794 "https://www.sbsc.in/teacher-list.php?Department=10" "Mozilla/5.0 (iPhone; CPU iPhone OS 16_0 like Mac OS X) AppleWebKit/605.1.15 (KHTML, like Gecko) Version/16.0 Mobile/15E148 Safari/604.1" www.sbsc.in 199.79.62.221
49.36.177.86 - - [28/Jan/2023:12:19:55 +0000] "GET /teacher-list.php?Department=10 HTTP/1.1" 200 7919 "https://www.google.co.in/" "Mozilla/5.0 (iPhone; CPU iPhone OS 16_0 like Mac OS X) AppleWebKit/605.1.15 (KHTML, like Gecko) Version/16.0 Mobile/15E148 Safari/604.1" www.sbsc.in 199.79.62.221
49.36.177.86 - - [28/Jan/2023:12:19:55 +0000] "GET /teacher-list.php?Department=10 HTTP/2.0" 200 7919 "https://www.google.co.in/" "Mozilla/5.0 (iPhone; CPU iPhone OS 16_0 like Mac OS X) AppleWebKit/605.1.15 (KHTML, like Gecko) Version/16.0 Mobile/15E148 Safari/604.1" www.sbsc.in 199.79.62.221
193.186.4.140 - - [28/Jan/2023:12:20:07 +0000] "GET / HTTP/2.0" 200 45835 "-" "Mozilla/5.0 (Linux; Android 10; K) AppleWebKit/537.36 (KHTML, like Gecko) Chrome/109.0.0.0 Mobile Safari/537.36" www.sbsc.in 199.79.62.221
223.190.88.53 - - [28/Jan/2023:12:20:11 +0000] "GET /images/logo.png HTTP/2.0" 200 36072 "https://www.google.com/" "Mozilla/5.0 (Macintosh; Intel Mac OS X 10_15_7) AppleWebKit/537.36 (KHTML, like Gecko) Chrome/109.0.0.0 Safari/537.36" www.sbsc.in 199.79.62.221
49.36.177.86 - - [28/Jan/2023:12:19:59 +0000] "GET /uploads/pdf/1672830272_COLLEGE_IN_MEDIA.pdf HTTP/2.0" 200 549132 "https://www.google.co.in/" "Mozilla/5.0 (iPhone; CPU iPhone OS 16_0 like Mac OS X) AppleWebKit/605.1.15 (KHTML, like Gecko) Version/16.0 Mobile/15E148 Safari/604.1" www.sbsc.in 199.79.62.221
66.249.75.108 - - [28/Jan/2023:12:20:27 +0000] "GET /department_economics.php HTTP/1.1" 200 43625 "-" "Mozilla/5.0 (Linux; Android 6.0.1; Nexus 5X Build/MMB29P) AppleWebKit/537.36 (KHTML, like Gecko) Chrome/109.0.5414.101 Mobile Safari/537.36 (compatible; Googlebot/2.1; +http://www.google.com/bot.html)" www.sbsc.in 199.79.62.221
66.249.75.108 - - [28/Jan/2023:12:20:27 +0000] "GET /department_economics.php HTTP/1.1" 200 43625 "-" "Mozilla/5.0 (Linux; Android 6.0.1; Nexus 5X Build/MMB29P) AppleWebKit/537.36 (KHTML, like Gecko) Chrome/109.0.5414.101 Mobile Safari/537.36 (compatible; Googlebot/2.1; +http://www.google.com/bot.html)" www.sbsc.in 199.79.62.221
207.46.13.69 - - [28/Jan/2023:12:20:32 +0000] "GET /department/commerce/ HTTP/1.1" 403 355 "-" "Mozilla/5.0 AppleWebKit/537.36 (KHTML, like Gecko; compatible; bingbot/2.0; +http://www.bing.com/bingbot.htm) Chrome/103.0.5060.134 Safari/537.36" www.sbsc.in 199.79.62.221
207.46.13.69 - - [28/Jan/2023:12:20:32 +0000] "GET /department/commerce/ HTTP/2.0" 403 355 "-" "Mozilla/5.0 AppleWebKit/537.36 (KHTML, like Gecko; compatible; bingbot/2.0; +http://www.bing.com/bingbot.htm) Chrome/103.0.5060.134 Safari/537.36" www.sbsc.in 199.79.62.221
49.36.177.86 - - [28/Jan/2023:12:20:39 +0000] "GET /uploads/pdf/1627120358_BCP5_Sectionwise.pdf HTTP/2.0" 200 47117 "https://www.google.co.in/" "Mozilla/5.0 (iPhone; CPU iPhone OS 16_0 like Mac OS X) AppleWebKit/605.1.15 (KHTML, like Gecko) Version/16.0 Mobile/15E148 Safari/604.1" www.sbsc.in 199.79.62.221
157.55.39.26 - - [28/Jan/2023:12:20:47 +0000] "GET /internal_assessment.php/internalassessment/internalassessment/assesment-2021/pdf/uploads/pdf/1575539119_B.A._(H)_History_2nd_Year.pdf HTTP/2.0" 200 43991 "-" "Mozilla/5.0 AppleWebKit/537.36 (KHTML, like Gecko; compatible; bingbot/2.0; +http://www.bing.com/bingbot.htm) Chrome/103.0.5060.134 Safari/537.36" www.sbsc.in 199.79.62.221
20.53.195.92 - - [28/Jan/2023:12:20:51 +0000] "GET / HTTP/2.0" 200 45835 "-" "Mozilla/5.0 (Windows NT 10.0; Win64; x64; rv:81.0) Gecko/20100101 Firefox/81.0" www.sbsc.in 199.79.62.221
49.42.86.237 - - [28/Jan/2023:12:20:00 +0000] "GET /pdf/Guidelines%20for%20Screening.pdf HTTP/2.0" 200 4440134 "https://www.sbsc.in/appointment-of-assistant-professors.php" "Mozilla/5.0 (Linux; Android 10; Redmi Note 9 Pro) AppleWebKit/537.36 (KHTML, like Gecko) Chrome/109.0.0.0 Mobile Safari/537.36" www.sbsc.in 199.79.62.221
114.119.135.152 - - [28/Jan/2023:12:21:06 +0000] "GET /internalassessment/assesment-2019/B.Com.%20(H)%203rd%20Year.pdf HTTP/1.1" 406 226 "-" "Mozilla/5.0 (Linux; Android 7.0;) AppleWebKit/537.36 (KHTML, like Gecko) Mobile Safari/537.36 (compatible; PetalBot;+https://webmaster.petalsearch.com/site/petalbot)" www.sbsc.in 199.79.62.221
122.162.145.213 - - [28/Jan/2023:12:21:16 +0000] "GET / HTTP/1.1" 200 45835 "-" "Mozilla/5.0 (Macintosh; Intel Mac OS X 10_15_7) AppleWebKit/605.1.15 (KHTML, like Gecko) Version/16.2 Safari/605.1.15" www.sbsc.in 199.79.62.221
122.162.145.213 - - [28/Jan/2023:12:21:16 +0000] "GET / HTTP/2.0" 200 45835 "-" "Mozilla/5.0 (Macintosh; Intel Mac OS X 10_15_7) AppleWebKit/605.1.15 (KHTML, like Gecko) Version/16.2 Safari/605.1.15" www.sbsc.in 199.79.62.221
103.159.35.101 - - [28/Jan/2023:12:21:16 +0000] "GET /teacher-list.php?Department=8 HTTP/1.1" 200 7139 "-" "Mozilla/5.0 (Windows NT 10.0; Win64; x64) AppleWebKit/537.36 (KHTML, like Gecko) Chrome/109.0.0.0 Safari/537.36" www.sbsc.in 199.79.62.221
103.159.35.101 - - [28/Jan/2023:12:21:16 +0000] "GET /teacher-list.php?Department=8 HTTP/2.0" 200 7139 "-" "Mozilla/5.0 (Windows NT 10.0; Win64; x64) AppleWebKit/537.36 (KHTML, like Gecko) Chrome/109.0.0.0 Safari/537.36" www.sbsc.in 199.79.62.221
49.36.177.86 - - [28/Jan/2023:12:20:52 +0000] "GET /uploads/pdf/1673271579_Image_to_PDF_20230109_18.35.36.pdf HTTP/2.0" 200 587984 "https://www.google.co.in/" "Mozilla/5.0 (iPhone; CPU iPhone OS 16_0 like Mac OS X) AppleWebKit/605.1.15 (KHTML, like Gecko) Version/16.0 Mobile/15E148 Safari/604.1" www.sbsc.in 199.79.62.221
103.159.35.101 - - [28/Jan/2023:12:21:18 +0000] "GET /css/bootstrap.min.css HTTP/2.0" 200 27845 "https://www.sbsc.in/teacher-list.php?Department=8" "Mozilla/5.0 (Windows NT 10.0; Win64; x64) AppleWebKit/537.36 (KHTML, like Gecko) Chrome/109.0.0.0 Safari/537.36" www.sbsc.in 199.79.62.221
103.159.35.101 - - [28/Jan/2023:12:21:18 +0000] "GET /css/style.css HTTP/2.0" 200 2565 "https://www.sbsc.in/teacher-list.php?Department=8" "Mozilla/5.0 (Windows NT 10.0; Win64; x64) AppleWebKit/537.36 (KHTML, like Gecko) Chrome/109.0.0.0 Safari/537.36" www.sbsc.in 199.79.62.221
103.159.35.101 - - [28/Jan/2023:12:21:18 +0000] "GET /css/style-new.css HTTP/2.0" 200 352 "https://www.sbsc.in/teacher-list.php?Department=8" "Mozilla/5.0 (Windows NT 10.0; Win64; x64) AppleWebKit/537.36 (KHTML, like Gecko) Chrome/109.0.0.0 Safari/537.36" www.sbsc.in 199.79.62.221
103.159.35.101 - - [28/Jan/2023:12:21:20 +0000] "GET /cssmenu/styles.css HTTP/2.0" 200 1905 "https://www.sbsc.in/teacher-list.php?Department=8" "Mozilla/5.0 (Windows NT 10.0; Win64; x64) AppleWebKit/537.36 (KHTML, like Gecko) Chrome/109.0.0.0 Safari/537.36" www.sbsc.in 199.79.62.221
103.159.35.101 - - [28/Jan/2023:12:21:20 +0000] "GET /cssmenu/script.js HTTP/2.0" 200 675 "https://www.sbsc.in/teacher-list.php?Department=8" "Mozilla/5.0 (Windows NT 10.0; Win64; x64) AppleWebKit/537.36 (KHTML, like Gecko) Chrome/109.0.0.0 Safari/537.36" www.sbsc.in 199.79.62.221
122.162.145.213 - - [28/Jan/2023:12:21:20 +0000] "GET /view-all.php HTTP/1.1" 200 74210 "https://www.sbsc.in/" "Mozilla/5.0 (Macintosh; Intel Mac OS X 10_15_7) AppleWebKit/605.1.15 (KHTML, like Gecko) Version/16.2 Safari/605.1.15" www.sbsc.in 199.79.62.221
103.159.35.101 - - [28/Jan/2023:12:21:20 +0000] "GET /js/animation-banner.js HTTP/2.0" 200 964 "https://www.sbsc.in/teacher-list.php?Department=8" "Mozilla/5.0 (Windows NT 10.0; Win64; x64) AppleWebKit/537.36 (KHTML, like Gecko) Chrome/109.0.0.0 Safari/537.36" www.sbsc.in 199.79.62.221
103.159.35.101 - - [28/Jan/2023:12:21:21 +0000] "GET /js/jquery.js HTTP/2.0" 200 42291 "https://www.sbsc.in/teacher-list.php?Department=8" "Mozilla/5.0 (Windows NT 10.0; Win64; x64) AppleWebKit/537.36 (KHTML, like Gecko) Chrome/109.0.0.0 Safari/537.36" www.sbsc.in 199.79.62.221
103.159.35.101 - - [28/Jan/2023:12:21:21 +0000] "GET /js/bootstrap.min.js HTTP/2.0" 200 13505 "https://www.sbsc.in/teacher-list.php?Department=8" "Mozilla/5.0 (Windows NT 10.0; Win64; x64) AppleWebKit/537.36 (KHTML, like Gecko) Chrome/109.0.0.0 Safari/537.36" www.sbsc.in 199.79.62.221
49.42.86.237 - - [28/Jan/2023:12:20:59 +0000] "GET /pdf/SBSC_Addvertisement.pdf HTTP/2.0" 206 1992696 "https://www.sbsc.in/appointment-of-assistant-professors.php" "Mozilla/5.0 (Linux; Android 10; Redmi Note 9 Pro) AppleWebKit/537.36 (KHTML, like Gecko) Chrome/109.0.0.0 Mobile Safari/537.36" www.sbsc.in 199.79.62.221
40.77.167.81 - - [28/Jan/2023:12:21:22 +0000] "GET /admission-of-reserved.php HTTP/1.1" 200 45055 "-" "Mozilla/5.0 AppleWebKit/537.36 (KHTML, like Gecko; compatible; bingbot/2.0; +http://www.bing.com/bingbot.htm) Chrome/103.0.5060.134 Safari/537.36" www.sbsc.in 199.79.62.221
40.77.167.81 - - [28/Jan/2023:12:21:22 +0000] "GET /admission-of-reserved.php HTTP/2.0" 200 45055 "-" "Mozilla/5.0 AppleWebKit/537.36 (KHTML, like Gecko; compatible; bingbot/2.0; +http://www.bing.com/bingbot.htm) Chrome/103.0.5060.134 Safari/537.36" www.sbsc.in 199.79.62.221
103.159.35.101 - - [28/Jan/2023:12:21:21 +0000] "GET /paytm.jpg HTTP/2.0" 200 7167 "https://www.sbsc.in/teacher-list.php?Department=8" "Mozilla/5.0 (Windows NT 10.0; Win64; x64) AppleWebKit/537.36 (KHTML, like Gecko) Chrome/109.0.0.0 Safari/537.36" www.sbsc.in 199.79.62.221
103.159.35.101 - - [28/Jan/2023:12:21:24 +0000] "GET /images/email.png HTTP/2.0" 200 1371 "https://www.sbsc.in/teacher-list.php?Department=8" "Mozilla/5.0 (Windows NT 10.0; Win64; x64) AppleWebKit/537.36 (KHTML, like Gecko) Chrome/109.0.0.0 Safari/537.36" www.sbsc.in 199.79.62.221
103.159.35.101 - - [28/Jan/2023:12:21:25 +0000] "GET /images/phone.png HTTP/2.0" 200 1897 "https://www.sbsc.in/teacher-list.php?Department=8" "Mozilla/5.0 (Windows NT 10.0; Win64; x64) AppleWebKit/537.36 (KHTML, like Gecko) Chrome/109.0.0.0 Safari/537.36" www.sbsc.in 199.79.62.221
122.162.145.213 - - [28/Jan/2023:12:21:20 +0000] "GET /view-all.php HTTP/2.0" 200 74210 "https://www.sbsc.in/" "Mozilla/5.0 (Macintosh; Intel Mac OS X 10_15_7) AppleWebKit/605.1.15 (KHTML, like Gecko) Version/16.2 Safari/605.1.15" www.sbsc.in 199.79.62.221
103.159.35.101 - - [28/Jan/2023:12:21:26 +0000] "GET /images/logo.png HTTP/2.0" 200 36072 "https://www.sbsc.in/teacher-list.php?Department=8" "Mozilla/5.0 (Windows NT 10.0; Win64; x64) AppleWebKit/537.36 (KHTML, like Gecko) Chrome/109.0.0.0 Safari/537.36" www.sbsc.in 199.79.62.221
103.159.35.101 - - [28/Jan/2023:12:21:26 +0000] "GET /images/golden-jubilee-logo.png HTTP/2.0" 200 34899 "https://www.sbsc.in/teacher-list.php?Department=8" "Mozilla/5.0 (Windows NT 10.0; Win64; x64) AppleWebKit/537.36 (KHTML, like Gecko) Chrome/109.0.0.0 Safari/537.36" www.sbsc.in 199.79.62.221
122.162.145.213 - - [28/Jan/2023:12:21:28 +0000] "GET /uploads/pdf/1674554503_Heritage_Club.pdf HTTP/2.0" 304 - "https://www.sbsc.in/view-all.php" "Mozilla/5.0 (Macintosh; Intel Mac OS X 10_15_7) AppleWebKit/605.1.15 (KHTML, like Gecko) Version/16.2 Safari/605.1.15" www.sbsc.in 199.79.62.221
103.159.35.101 - - [28/Jan/2023:12:21:26 +0000] "GET /fonts/glyphicons-halflings-regular.woff HTTP/2.0" 200 23320 "https://www.sbsc.in/css/bootstrap.min.css" "Mozilla/5.0 (Windows NT 10.0; Win64; x64) AppleWebKit/537.36 (KHTML, like Gecko) Chrome/109.0.0.0 Safari/537.36" www.sbsc.in 199.79.62.221
66.249.75.110 - - [28/Jan/2023:12:21:30 +0000] "GET /staff-forms/6Medical%20Certificate.pdf HTTP/1.1" 200 660942 "-" "Mozilla/5.0 (Linux; Android 6.0.1; Nexus 5X Build/MMB29P) AppleWebKit/537.36 (KHTML, like Gecko) Chrome/109.0.5414.101 Mobile Safari/537.36 (compatible; Googlebot/2.1; +http://www.google.com/bot.html)" www.sbsc.in 199.79.62.221
49.42.86.237 - - [28/Jan/2023:12:20:41 +0000] "GET /pdf/SBSC_Addvertisement.pdf HTTP/2.0" 200 5978084 "https://www.sbsc.in/appointment-of-assistant-professors.php" "Mozilla/5.0 (Linux; Android 10; Redmi Note 9 Pro) AppleWebKit/537.36 (KHTML, like Gecko) Chrome/109.0.0.0 Mobile Safari/537.36" www.sbsc.in 199.79.62.221
49.42.86.237 - - [28/Jan/2023:12:20:57 +0000] "GET /pdf/SBSC_Addvertisement.pdf HTTP/2.0" 206 3985390 "https://www.sbsc.in/appointment-of-assistant-professors.php" "Mozilla/5.0 (Linux; Android 10; Redmi Note 9 Pro) AppleWebKit/537.36 (KHTML, like Gecko) Chrome/109.0.0.0 Mobile Safari/537.36" www.sbsc.in 199.79.62.221
103.159.35.101 - - [28/Jan/2023:12:21:38 +0000] "GET /favicon.ico HTTP/1.1" 404 355 "https://www.sbsc.in/teacher-list.php?Department=8" "Mozilla/5.0 (Windows NT 10.0; Win64; x64) AppleWebKit/537.36 (KHTML, like Gecko) Chrome/109.0.0.0 Safari/537.36" www.sbsc.in 199.79.62.221
103.159.35.101 - - [28/Jan/2023:12:21:38 +0000] "GET /favicon.ico HTTP/2.0" 404 355 "https://www.sbsc.in/teacher-list.php?Department=8" "Mozilla/5.0 (Windows NT 10.0; Win64; x64) AppleWebKit/537.36 (KHTML, like Gecko) Chrome/109.0.0.0 Safari/537.36" www.sbsc.in 199.79.62.221
49.42.86.237 - - [28/Jan/2023:12:21:40 +0000] "GET / HTTP/2.0" 200 45835 "https://www.google.com/" "Mozilla/5.0 (Linux; Android 10; Redmi Note 9 Pro) AppleWebKit/537.36 (KHTML, like Gecko) Chrome/109.0.0.0 Mobile Safari/537.36" www.sbsc.in 199.79.62.221
114.79.7.70 - - [28/Jan/2023:12:21:42 +0000] "GET /pdf/resources/1587116055_cost_buget1.pdf HTTP/2.0" 404 355 "https://www.google.com/" "Mozilla/5.0 (Linux; Android 11; SM-A105G) AppleWebKit/537.36 (KHTML, like Gecko) Chrome/106.0.0.0 Mobile Safari/537.36" www.sbsc.in 199.79.62.221
114.79.7.70 - - [28/Jan/2023:12:21:43 +0000] "GET /favicon.ico HTTP/1.1" 404 355 "https://www.sbsc.in/pdf/resources/1587116055_cost_buget1.pdf" "Mozilla/5.0 (Linux; Android 11; SM-A105G) AppleWebKit/537.36 (KHTML, like Gecko) Chrome/106.0.0.0 Mobile Safari/537.36" www.sbsc.in 199.79.62.221
103.159.35.101 - - [28/Jan/2023:12:21:47 +0000] "GET /e-data.php?Teacher=42&Dep=8 HTTP/1.1" 200 6794 "https://www.sbsc.in/teacher-list.php?Department=8" "Mozilla/5.0 (Windows NT 10.0; Win64; x64) AppleWebKit/537.36 (KHTML, like Gecko) Chrome/109.0.0.0 Safari/537.36" www.sbsc.in 199.79.62.221
103.159.35.101 - - [28/Jan/2023:12:21:47 +0000] "GET /e-data.php?Teacher=42&Dep=8 HTTP/2.0" 200 6794 "https://www.sbsc.in/teacher-list.php?Department=8" "Mozilla/5.0 (Windows NT 10.0; Win64; x64) AppleWebKit/537.36 (KHTML, like Gecko) Chrome/109.0.0.0 Safari/537.36" www.sbsc.in 199.79.62.221
49.36.177.86 - - [28/Jan/2023:12:21:31 +0000] "GET /uploads/pdf/1674210383_Notice_for_Semester-I_Students.pdf HTTP/2.0" 200 465871 "https://www.google.co.in/" "Mozilla/5.0 (iPhone; CPU iPhone OS 16_0 like Mac OS X) AppleWebKit/605.1.15 (KHTML, like Gecko) Version/16.0 Mobile/15E148 Safari/604.1" www.sbsc.in 199.79.62.221
114.79.7.70 - - [28/Jan/2023:12:21:43 +0000] "GET /favicon.ico HTTP/2.0" 404 355 "https://www.sbsc.in/pdf/resources/1587116055_cost_buget1.pdf" "Mozilla/5.0 (Linux; Android 11; SM-A105G) AppleWebKit/537.36 (KHTML, like Gecko) Chrome/106.0.0.0 Mobile Safari/537.36" www.sbsc.in 199.79.62.221
49.15.138.145 - - [28/Jan/2023:12:21:49 +0000] "GET /pdf/resources/1588766398_AUG14010111.pdf HTTP/2.0" 404 355 "https://www.google.com/" "Mozilla/5.0 (Linux; Android 12; SM-M115F) AppleWebKit/537.36 (KHTML, like Gecko) Chrome/109.0.0.0 Mobile Safari/537.36" www.sbsc.in 199.79.62.221
49.15.138.145 - - [28/Jan/2023:12:21:50 +0000] "GET /favicon.ico HTTP/1.1" 404 355 "https://www.sbsc.in/pdf/resources/1588766398_AUG14010111.pdf" "Mozilla/5.0 (Linux; Android 12; SM-M115F) AppleWebKit/537.36 (KHTML, like Gecko) Chrome/109.0.0.0 Mobile Safari/537.36" www.sbsc.in 199.79.62.221
49.15.138.145 - - [28/Jan/2023:12:21:50 +0000] "GET /favicon.ico HTTP/2.0" 404 355 "https://www.sbsc.in/pdf/resources/1588766398_AUG14010111.pdf" "Mozilla/5.0 (Linux; Android 12; SM-M115F) AppleWebKit/537.36 (KHTML, like Gecko) Chrome/109.0.0.0 Mobile Safari/537.36" www.sbsc.in 199.79.62.221
49.42.86.237 - - [28/Jan/2023:12:20:04 +0000] "GET /pdf/Guidelines%20for%20Screening.pdf HTTP/2.0" 206 2960090 "https://www.sbsc.in/appointment-of-assistant-professors.php" "Mozilla/5.0 (Linux; Android 10; Redmi Note 9 Pro) AppleWebKit/537.36 (KHTML, like Gecko) Chrome/109.0.0.0 Mobile Safari/537.36" www.sbsc.in 199.79.62.221
49.42.86.237 - - [28/Jan/2023:12:20:04 +0000] "GET /pdf/Guidelines%20for%20Screening.pdf HTTP/2.0" 206 1480046 "https://www.sbsc.in/appointment-of-assistant-professors.php" "Mozilla/5.0 (Linux; Android 10; Redmi Note 9 Pro) AppleWebKit/537.36 (KHTML, like Gecko) Chrome/109.0.0.0 Mobile Safari/537.36" www.sbsc.in 199.79.62.221
49.36.177.86 - - [28/Jan/2023:12:22:04 +0000] "GET /uploads/pdf/1535369584_af024502242a5b53a6cffe52a750c4fc.pdf HTTP/2.0" 200 835369 "https://www.google.co.in/" "Mozilla/5.0 (iPhone; CPU iPhone OS 16_0 like Mac OS X) AppleWebKit/605.1.15 (KHTML, like Gecko) Version/16.0 Mobile/15E148 Safari/604.1" sbsc.in 199.79.62.221
49.36.177.86 - - [28/Jan/2023:12:22:42 +0000] "GET /favicon.ico HTTP/1.1" 404 355 "https://sbsc.in/uploads/pdf/1535369584_af024502242a5b53a6cffe52a750c4fc.pdf" "Mozilla/5.0 (iPhone; CPU iPhone OS 16_0 like Mac OS X) AppleWebKit/605.1.15 (KHTML, like Gecko) Version/16.0 Mobile/15E148 Safari/604.1" sbsc.in 199.79.62.221
49.36.177.86 - - [28/Jan/2023:12:22:39 +0000] "GET /favicon.ico HTTP/2.0" 404 355 "https://sbsc.in/uploads/pdf/1535369584_af024502242a5b53a6cffe52a750c4fc.pdf" "Mozilla/5.0 (iPhone; CPU iPhone OS 16_0 like Mac OS X) AppleWebKit/605.1.15 (KHTML, like Gecko) Version/16.0 Mobile/15E148 Safari/604.1" sbsc.in 199.79.62.221
193.186.4.141 - - [28/Jan/2023:12:23:08 +0000] "GET / HTTP/2.0" 200 45835 "-" "Mozilla/5.0 (Linux; Android 10; K) AppleWebKit/537.36 (KHTML, like Gecko) Chrome/109.0.0.0 Mobile Safari/537.36" www.sbsc.in 199.79.62.221
122.161.48.9 - - [28/Jan/2023:12:23:12 +0000] "GET /css/style-new.css HTTP/2.0" 200 352 "https://www.sbsc.in/" "Mozilla/5.0 (Linux; Android 11; GM1901) AppleWebKit/537.36 (KHTML, like Gecko) Chrome/109.0.0.0 Mobile Safari/537.36" www.sbsc.in 199.79.62.221
122.161.48.9 - - [28/Jan/2023:12:23:12 +0000] "GET /cssmenu/styles.css HTTP/2.0" 200 1905 "https://www.sbsc.in/" "Mozilla/5.0 (Linux; Android 11; GM1901) AppleWebKit/537.36 (KHTML, like Gecko) Chrome/109.0.0.0 Mobile Safari/537.36" www.sbsc.in 199.79.62.221
122.161.48.9 - - [28/Jan/2023:12:23:12 +0000] "GET /css/style.css HTTP/2.0" 200 2565 "https://www.sbsc.in/" "Mozilla/5.0 (Linux; Android 11; GM1901) AppleWebKit/537.36 (KHTML, like Gecko) Chrome/109.0.0.0 Mobile Safari/537.36" www.sbsc.in 199.79.62.221
