182.69.180.251 - - [28/Jan/2023:14:15:51 +0000] "GET /images/banner/5.jpg HTTP/2.0" 200 170926 "https://www.sbsc.in/" "Mozilla/5.0 (Windows NT 10.0; Win64; x64) AppleWebKit/537.36 (KHTML, like Gecko) Chrome/109.0.0.0 Safari/537.36" www.sbsc.in 199.79.62.221
182.69.180.251 - - [28/Jan/2023:14:15:51 +0000] "GET /images/banner/3.jpg HTTP/2.0" 200 207968 "https://www.sbsc.in/" "Mozilla/5.0 (Windows NT 10.0; Win64; x64) AppleWebKit/537.36 (KHTML, like Gecko) Chrome/109.0.0.0 Safari/537.36" www.sbsc.in 199.79.62.221
182.69.180.251 - - [28/Jan/2023:14:15:51 +0000] "GET /images/banner/7.jpg HTTP/2.0" 200 179124 "https://www.sbsc.in/" "Mozilla/5.0 (Windows NT 10.0; Win64; x64) AppleWebKit/537.36 (KHTML, like Gecko) Chrome/109.0.0.0 Safari/537.36" www.sbsc.in 199.79.62.221
182.69.180.251 - - [28/Jan/2023:14:15:51 +0000] "GET /images/banner/9.jpg HTTP/2.0" 200 167238 "https://www.sbsc.in/" "Mozilla/5.0 (Windows NT 10.0; Win64; x64) AppleWebKit/537.36 (KHTML, like Gecko) Chrome/109.0.0.0 Safari/537.36" www.sbsc.in 199.79.62.221
103.87.59.138 - - [28/Jan/2023:14:15:48 +0000] "GET /images/banner/3.jpg HTTP/2.0" 200 207968 "https://www.sbsc.in/sports.php" "Mozilla/5.0 (Linux; Android 12; SM-F415F) AppleWebKit/537.36 (KHTML, like Gecko) Chrome/109.0.0.0 Mobile Safari/537.36" www.sbsc.in 199.79.62.221
103.87.59.138 - - [28/Jan/2023:14:15:48 +0000] "GET /images/banner/4.jpg HTTP/2.0" 200 172167 "https://www.sbsc.in/sports.php" "Mozilla/5.0 (Linux; Android 12; SM-F415F) AppleWebKit/537.36 (KHTML, like Gecko) Chrome/109.0.0.0 Mobile Safari/537.36" www.sbsc.in 199.79.62.221
20.92.138.69 - - [28/Jan/2023:14:15:50 +0000] "GET / HTTP/2.0" 200 45835 "-" "Mozilla/5.0 (Windows NT 10.0; Win64; x64; rv:81.0) Gecko/20100101 Firefox/81.0" www.sbsc.in 199.79.62.221
103.87.59.138 - - [28/Jan/2023:14:15:50 +0000] "GET /images/banner/5.jpg HTTP/2.0" 200 170926 "https://www.sbsc.in/sports.php" "Mozilla/5.0 (Linux; Android 12; SM-F415F) AppleWebKit/537.36 (KHTML, like Gecko) Chrome/109.0.0.0 Mobile Safari/537.36" www.sbsc.in 199.79.62.221
66.249.75.108 - - [28/Jan/2023:14:15:52 +0000] "GET /ads.txt HTTP/1.1" 404 355 "-" "Mozilla/5.0 (compatible; Googlebot/2.1; +http://www.google.com/bot.html)" www.sbsc.in 199.79.62.221
66.249.75.108 - - [28/Jan/2023:14:15:52 +0000] "GET /ads.txt HTTP/1.1" 404 355 "-" "Mozilla/5.0 (compatible; Googlebot/2.1; +http://www.google.com/bot.html)" www.sbsc.in 199.79.62.221
103.87.59.138 - - [28/Jan/2023:14:15:51 +0000] "GET /images/banner/6.jpg HTTP/2.0" 200 127037 "https://www.sbsc.in/sports.php" "Mozilla/5.0 (Linux; Android 12; SM-F415F) AppleWebKit/537.36 (KHTML, like Gecko) Chrome/109.0.0.0 Mobile Safari/537.36" www.sbsc.in 199.79.62.221
103.87.59.138 - - [28/Jan/2023:14:15:52 +0000] "GET /images/banner/7.jpg HTTP/2.0" 200 179124 "https://www.sbsc.in/sports.php" "Mozilla/5.0 (Linux; Android 12; SM-F415F) AppleWebKit/537.36 (KHTML, like Gecko) Chrome/109.0.0.0 Mobile Safari/537.36" www.sbsc.in 199.79.62.221
103.87.59.138 - - [28/Jan/2023:14:15:52 +0000] "GET /fonts/glyphicons-halflings-regular.woff HTTP/2.0" 200 23320 "https://www.sbsc.in/css/bootstrap.min.css" "Mozilla/5.0 (Linux; Android 12; SM-F415F) AppleWebKit/537.36 (KHTML, like Gecko) Chrome/109.0.0.0 Mobile Safari/537.36" www.sbsc.in 199.79.62.221
103.87.59.138 - - [28/Jan/2023:14:15:52 +0000] "GET /images/banner/8.jpg HTTP/2.0" 200 156850 "https://www.sbsc.in/sports.php" "Mozilla/5.0 (Linux; Android 12; SM-F415F) AppleWebKit/537.36 (KHTML, like Gecko) Chrome/109.0.0.0 Mobile Safari/537.36" www.sbsc.in 199.79.62.221
182.69.180.251 - - [28/Jan/2023:14:15:51 +0000] "GET /images/banner/12.jpg HTTP/2.0" 200 153729 "https://www.sbsc.in/" "Mozilla/5.0 (Windows NT 10.0; Win64; x64) AppleWebKit/537.36 (KHTML, like Gecko) Chrome/109.0.0.0 Safari/537.36" www.sbsc.in 199.79.62.221
182.69.180.251 - - [28/Jan/2023:14:15:51 +0000] "GET /images/banner/6.jpg HTTP/2.0" 200 127037 "https://www.sbsc.in/" "Mozilla/5.0 (Windows NT 10.0; Win64; x64) AppleWebKit/537.36 (KHTML, like Gecko) Chrome/109.0.0.0 Safari/537.36" www.sbsc.in 199.79.62.221
182.69.180.251 - - [28/Jan/2023:14:15:51 +0000] "GET /images/banner/8.jpg HTTP/2.0" 200 156850 "https://www.sbsc.in/" "Mozilla/5.0 (Windows NT 10.0; Win64; x64) AppleWebKit/537.36 (KHTML, like Gecko) Chrome/109.0.0.0 Safari/537.36" www.sbsc.in 199.79.62.221
103.87.59.138 - - [28/Jan/2023:14:15:52 +0000] "GET /images/banner/9.jpg HTTP/2.0" 200 167238 "https://www.sbsc.in/sports.php" "Mozilla/5.0 (Linux; Android 12; SM-F415F) AppleWebKit/537.36 (KHTML, like Gecko) Chrome/109.0.0.0 Mobile Safari/537.36" www.sbsc.in 199.79.62.221
103.87.59.138 - - [28/Jan/2023:14:15:52 +0000] "GET /images/banner/10.jpg HTTP/2.0" 200 211781 "https://www.sbsc.in/sports.php" "Mozilla/5.0 (Linux; Android 12; SM-F415F) AppleWebKit/537.36 (KHTML, like Gecko) Chrome/109.0.0.0 Mobile Safari/537.36" www.sbsc.in 199.79.62.221
103.87.59.138 - - [28/Jan/2023:14:15:52 +0000] "GET /images/banner/11.jpg HTTP/2.0" 200 186118 "https://www.sbsc.in/sports.php" "Mozilla/5.0 (Linux; Android 12; SM-F415F) AppleWebKit/537.36 (KHTML, like Gecko) Chrome/109.0.0.0 Mobile Safari/537.36" www.sbsc.in 199.79.62.221
103.87.59.138 - - [28/Jan/2023:14:15:52 +0000] "GET /images/sport.jpg HTTP/2.0" 200 79823 "https://www.sbsc.in/sports.php" "Mozilla/5.0 (Linux; Android 12; SM-F415F) AppleWebKit/537.36 (KHTML, like Gecko) Chrome/109.0.0.0 Mobile Safari/537.36" www.sbsc.in 199.79.62.221
103.87.59.138 - - [28/Jan/2023:14:15:52 +0000] "GET /images/banner/12.jpg HTTP/2.0" 200 153729 "https://www.sbsc.in/sports.php" "Mozilla/5.0 (Linux; Android 12; SM-F415F) AppleWebKit/537.36 (KHTML, like Gecko) Chrome/109.0.0.0 Mobile Safari/537.36" www.sbsc.in 199.79.62.221
103.87.59.138 - - [28/Jan/2023:14:15:52 +0000] "GET /images/sport2.jpg HTTP/2.0" 200 71579 "https://www.sbsc.in/sports.php" "Mozilla/5.0 (Linux; Android 12; SM-F415F) AppleWebKit/537.36 (KHTML, like Gecko) Chrome/109.0.0.0 Mobile Safari/537.36" www.sbsc.in 199.79.62.221
103.87.59.138 - - [28/Jan/2023:14:15:52 +0000] "GET /images/sport3.jpg HTTP/2.0" 200 66580 "https://www.sbsc.in/sports.php" "Mozilla/5.0 (Linux; Android 12; SM-F415F) AppleWebKit/537.36 (KHTML, like Gecko) Chrome/109.0.0.0 Mobile Safari/537.36" www.sbsc.in 199.79.62.221
66.249.75.108 - - [28/Jan/2023:14:15:55 +0000] "GET /uploads/pdf/1673867250_Notice.pdf HTTP/1.1" 200 325420 "-" "Mozilla/5.0 (Linux; Android 6.0.1; Nexus 5X Build/MMB29P) AppleWebKit/537.36 (KHTML, like Gecko) Chrome/109.0.5414.101 Mobile Safari/537.36 (compatible; Googlebot/2.1; +http://www.google.com/bot.html)" www.sbsc.in 199.79.62.221
182.69.180.251 - - [28/Jan/2023:14:15:51 +0000] "GET /js/jquery.js HTTP/2.0" 200 42291 "https://www.sbsc.in/" "Mozilla/5.0 (Windows NT 10.0; Win64; x64) AppleWebKit/537.36 (KHTML, like Gecko) Chrome/109.0.0.0 Safari/537.36" www.sbsc.in 199.79.62.221
182.69.180.251 - - [28/Jan/2023:14:15:51 +0000] "GET /images/banner/10.jpg HTTP/2.0" 200 211781 "https://www.sbsc.in/" "Mozilla/5.0 (Windows NT 10.0; Win64; x64) AppleWebKit/537.36 (KHTML, like Gecko) Chrome/109.0.0.0 Safari/537.36" www.sbsc.in 199.79.62.221
182.69.180.251 - - [28/Jan/2023:14:15:51 +0000] "GET /images/banner/11.jpg HTTP/2.0" 200 186118 "https://www.sbsc.in/" "Mozilla/5.0 (Windows NT 10.0; Win64; x64) AppleWebKit/537.36 (KHTML, like Gecko) Chrome/109.0.0.0 Safari/537.36" www.sbsc.in 199.79.62.221
182.69.180.251 - - [28/Jan/2023:14:15:51 +0000] "GET /images/jubliee-img.jpg HTTP/2.0" 200 88706 "https://www.sbsc.in/" "Mozilla/5.0 (Windows NT 10.0; Win64; x64) AppleWebKit/537.36 (KHTML, like Gecko) Chrome/109.0.0.0 Safari/537.36" www.sbsc.in 199.79.62.221
182.69.180.251 - - [28/Jan/2023:14:15:51 +0000] "GET /images/alumini.jpg HTTP/2.0" 200 50947 "https://www.sbsc.in/" "Mozilla/5.0 (Windows NT 10.0; Win64; x64) AppleWebKit/537.36 (KHTML, like Gecko) Chrome/109.0.0.0 Safari/537.36" www.sbsc.in 199.79.62.221
103.87.59.138 - - [28/Jan/2023:14:15:56 +0000] "GET /favicon.ico HTTP/1.1" 404 355 "https://www.sbsc.in/sports.php" "Mozilla/5.0 (Linux; Android 12; SM-F415F) AppleWebKit/537.36 (KHTML, like Gecko) Chrome/109.0.0.0 Mobile Safari/537.36" www.sbsc.in 199.79.62.221
103.87.59.138 - - [28/Jan/2023:14:15:55 +0000] "GET /favicon.ico HTTP/2.0" 404 355 "https://www.sbsc.in/sports.php" "Mozilla/5.0 (Linux; Android 12; SM-F415F) AppleWebKit/537.36 (KHTML, like Gecko) Chrome/109.0.0.0 Mobile Safari/537.36" www.sbsc.in 199.79.62.221
182.69.180.251 - - [28/Jan/2023:14:15:51 +0000] "GET /images/associations.jpg HTTP/2.0" 200 31703 "https://www.sbsc.in/" "Mozilla/5.0 (Windows NT 10.0; Win64; x64) AppleWebKit/537.36 (KHTML, like Gecko) Chrome/109.0.0.0 Safari/537.36" www.sbsc.in 199.79.62.221
182.69.180.251 - - [28/Jan/2023:14:15:51 +0000] "GET /images/tour-img.jpg HTTP/2.0" 200 65976 "https://www.sbsc.in/" "Mozilla/5.0 (Windows NT 10.0; Win64; x64) AppleWebKit/537.36 (KHTML, like Gecko) Chrome/109.0.0.0 Safari/537.36" www.sbsc.in 199.79.62.221
182.69.180.251 - - [28/Jan/2023:14:15:51 +0000] "GET /images/IMG-20210727-WA0011.jpg HTTP/2.0" 200 154646 "https://www.sbsc.in/" "Mozilla/5.0 (Windows NT 10.0; Win64; x64) AppleWebKit/537.36 (KHTML, like Gecko) Chrome/109.0.0.0 Safari/537.36" www.sbsc.in 199.79.62.221
182.69.180.251 - - [28/Jan/2023:14:15:51 +0000] "GET /images/event.jpg HTTP/2.0" 200 3517 "https://www.sbsc.in/" "Mozilla/5.0 (Windows NT 10.0; Win64; x64) AppleWebKit/537.36 (KHTML, like Gecko) Chrome/109.0.0.0 Safari/537.36" www.sbsc.in 199.79.62.221
182.69.180.251 - - [28/Jan/2023:14:15:51 +0000] "GET /images/research-img.jpg HTTP/2.0" 200 3596 "https://www.sbsc.in/" "Mozilla/5.0 (Windows NT 10.0; Win64; x64) AppleWebKit/537.36 (KHTML, like Gecko) Chrome/109.0.0.0 Safari/537.36" www.sbsc.in 199.79.62.221
182.69.180.251 - - [28/Jan/2023:14:15:51 +0000] "GET /images/publication-img.jpg HTTP/2.0" 200 4561 "https://www.sbsc.in/" "Mozilla/5.0 (Windows NT 10.0; Win64; x64) AppleWebKit/537.36 (KHTML, like Gecko) Chrome/109.0.0.0 Safari/537.36" www.sbsc.in 199.79.62.221
182.69.180.251 - - [28/Jan/2023:14:15:51 +0000] "GET /images/latest_news.png HTTP/2.0" 200 2953 "https://www.sbsc.in/" "Mozilla/5.0 (Windows NT 10.0; Win64; x64) AppleWebKit/537.36 (KHTML, like Gecko) Chrome/109.0.0.0 Safari/537.36" sbsc.in 199.79.62.221
182.69.180.251 - - [28/Jan/2023:14:15:51 +0000] "GET /images/Conference.jpg HTTP/2.0" 200 3631 "https://www.sbsc.in/" "Mozilla/5.0 (Windows NT 10.0; Win64; x64) AppleWebKit/537.36 (KHTML, like Gecko) Chrome/109.0.0.0 Safari/537.36" www.sbsc.in 199.79.62.221
182.69.180.251 - - [28/Jan/2023:14:15:51 +0000] "GET /js/bootstrap.min.js HTTP/2.0" 200 13505 "https://www.sbsc.in/" "Mozilla/5.0 (Windows NT 10.0; Win64; x64) AppleWebKit/537.36 (KHTML, like Gecko) Chrome/109.0.0.0 Safari/537.36" www.sbsc.in 199.79.62.221
139.167.250.104 - - [28/Jan/2023:14:15:40 +0000] "GET /images/placement1.JPG HTTP/2.0" 200 11070724 "https://www.sbsc.in/" "Mozilla/5.0 (Windows NT 10.0; Win64; x64) AppleWebKit/537.36 (KHTML, like Gecko) Chrome/109.0.0.0 Safari/537.36" www.sbsc.in 199.79.62.221
49.36.190.46 - - [28/Jan/2023:13:53:27 +0000] "GET /pdf/SBSC_Addvertisement.pdf HTTP/2.0" 206 3985390 "https://www.arnewshindi.in/" "Mozilla/5.0 (Linux; Android 12; vivo 2018) AppleWebKit/537.36 (KHTML, like Gecko) Chrome/109.0.0.0 Mobile Safari/537.36" www.sbsc.in 199.79.62.221
193.186.4.140 - - [28/Jan/2023:14:16:10 +0000] "GET / HTTP/2.0" 200 45835 "-" "Mozilla/5.0 (Linux; Android 10; K) AppleWebKit/537.36 (KHTML, like Gecko) Chrome/109.0.0.0 Mobile Safari/537.36" www.sbsc.in 199.79.62.221
66.249.75.108 - - [28/Jan/2023:14:16:12 +0000] "GET /sports.php HTTP/1.1" 200 44203 "-" "Mozilla/5.0 (Linux; Android 6.0.1; Nexus 5X Build/MMB29P) AppleWebKit/537.36 (KHTML, like Gecko) Chrome/109.0.5414.101 Mobile Safari/537.36 (compatible; Googlebot/2.1; +http://www.google.com/bot.html)" www.sbsc.in 199.79.62.221
66.249.75.108 - - [28/Jan/2023:14:16:12 +0000] "GET /sports.php HTTP/1.1" 200 44203 "-" "Mozilla/5.0 (Linux; Android 6.0.1; Nexus 5X Build/MMB29P) AppleWebKit/537.36 (KHTML, like Gecko) Chrome/109.0.5414.101 Mobile Safari/537.36 (compatible; Googlebot/2.1; +http://www.google.com/bot.html)" www.sbsc.in 199.79.62.221
66.249.75.106 - - [28/Jan/2023:14:16:13 +0000] "GET /images/sport.jpg HTTP/1.1" 200 79823 "https://www.sbsc.in/sports.php" "Mozilla/5.0 (Linux; Android 6.0.1; Nexus 5X Build/MMB29P) AppleWebKit/537.36 (KHTML, like Gecko) Chrome/109.0.5414.101 Mobile Safari/537.36 (compatible; Googlebot/2.1; +http://www.google.com/bot.html)" www.sbsc.in 199.79.62.221
66.249.75.110 - - [28/Jan/2023:14:16:14 +0000] "GET /images/sport2.jpg HTTP/1.1" 200 71579 "https://www.sbsc.in/sports.php" "Mozilla/5.0 (Linux; Android 6.0.1; Nexus 5X Build/MMB29P) AppleWebKit/537.36 (KHTML, like Gecko) Chrome/109.0.5414.101 Mobile Safari/537.36 (compatible; Googlebot/2.1; +http://www.google.com/bot.html)" www.sbsc.in 199.79.62.221
66.249.75.108 - - [28/Jan/2023:14:16:15 +0000] "GET /images/sport3.jpg HTTP/1.1" 200 66580 "https://www.sbsc.in/sports.php" "Mozilla/5.0 (Linux; Android 6.0.1; Nexus 5X Build/MMB29P) AppleWebKit/537.36 (KHTML, like Gecko) Chrome/109.0.5414.101 Mobile Safari/537.36 (compatible; Googlebot/2.1; +http://www.google.com/bot.html)" www.sbsc.in 199.79.62.221
106.76.221.101 - - [28/Jan/2023:14:16:11 +0000] "GET /pdf/SBSC_Addvertisement.pdf HTTP/2.0" 200 5978084 "-" "Mozilla/5.0 (Linux; Android 12; V2152) AppleWebKit/537.36 (KHTML, like Gecko) Chrome/108.0.0.0 Mobile Safari/537.36" www.sbsc.in 199.79.62.221
182.69.180.251 - - [28/Jan/2023:14:15:51 +0000] "GET /images/placement1.JPG HTTP/2.0" 200 2006759 "https://www.sbsc.in/" "Mozilla/5.0 (Windows NT 10.0; Win64; x64) AppleWebKit/537.36 (KHTML, like Gecko) Chrome/109.0.0.0 Safari/537.36" www.sbsc.in 199.79.62.221
106.76.221.101 - - [28/Jan/2023:14:16:12 +0000] "GET /pdf/SBSC_Addvertisement.pdf HTTP/2.0" 206 3985390 "-" "Mozilla/5.0 (Linux; Android 12; V2152) AppleWebKit/537.36 (KHTML, like Gecko) Chrome/108.0.0.0 Mobile Safari/537.36" www.sbsc.in 199.79.62.221
106.206.176.7 - - [28/Jan/2023:14:16:38 +0000] "GET / HTTP/2.0" 200 45835 "android-app://com.google.android.googlequicksearchbox/" "Mozilla/5.0 (Linux; Android 10; SM-A605G) AppleWebKit/537.36 (KHTML, like Gecko) Chrome/108.0.0.0 Mobile Safari/537.36" www.sbsc.in 199.79.62.221
106.76.221.101 - - [28/Jan/2023:14:16:13 +0000] "GET /pdf/SBSC_Addvertisement.pdf HTTP/2.0" 206 1992696 "-" "Mozilla/5.0 (Linux; Android 12; V2152) AppleWebKit/537.36 (KHTML, like Gecko) Chrome/108.0.0.0 Mobile Safari/537.36" www.sbsc.in 199.79.62.221
106.206.176.7 - - [28/Jan/2023:14:16:40 +0000] "GET /css/style.css HTTP/2.0" 200 2565 "https://www.sbsc.in/" "Mozilla/5.0 (Linux; Android 10; SM-A605G) AppleWebKit/537.36 (KHTML, like Gecko) Chrome/108.0.0.0 Mobile Safari/537.36" www.sbsc.in 199.79.62.221
106.206.176.7 - - [28/Jan/2023:14:16:40 +0000] "GET /css/style-new.css HTTP/2.0" 200 352 "https://www.sbsc.in/" "Mozilla/5.0 (Linux; Android 10; SM-A605G) AppleWebKit/537.36 (KHTML, like Gecko) Chrome/108.0.0.0 Mobile Safari/537.36" www.sbsc.in 199.79.62.221
106.206.176.7 - - [28/Jan/2023:14:16:40 +0000] "GET /cssmenu/styles.css HTTP/2.0" 200 1905 "https://www.sbsc.in/" "Mozilla/5.0 (Linux; Android 10; SM-A605G) AppleWebKit/537.36 (KHTML, like Gecko) Chrome/108.0.0.0 Mobile Safari/537.36" www.sbsc.in 199.79.62.221
106.206.176.7 - - [28/Jan/2023:14:16:40 +0000] "GET /js/animation-banner.js HTTP/2.0" 200 964 "https://www.sbsc.in/" "Mozilla/5.0 (Linux; Android 10; SM-A605G) AppleWebKit/537.36 (KHTML, like Gecko) Chrome/108.0.0.0 Mobile Safari/537.36" www.sbsc.in 199.79.62.221
106.206.176.7 - - [28/Jan/2023:14:16:40 +0000] "GET /cssmenu/script.js HTTP/2.0" 200 675 "https://www.sbsc.in/" "Mozilla/5.0 (Linux; Android 10; SM-A605G) AppleWebKit/537.36 (KHTML, like Gecko) Chrome/108.0.0.0 Mobile Safari/537.36" www.sbsc.in 199.79.62.221
106.206.176.7 - - [28/Jan/2023:14:16:40 +0000] "GET /css/bootstrap.min.css HTTP/2.0" 200 27845 "https://www.sbsc.in/" "Mozilla/5.0 (Linux; Android 10; SM-A605G) AppleWebKit/537.36 (KHTML, like Gecko) Chrome/108.0.0.0 Mobile Safari/537.36" www.sbsc.in 199.79.62.221
106.206.176.7 - - [28/Jan/2023:14:16:43 +0000] "GET /js/jquery.js HTTP/2.0" 200 42291 "https://www.sbsc.in/" "Mozilla/5.0 (Linux; Android 10; SM-A605G) AppleWebKit/537.36 (KHTML, like Gecko) Chrome/108.0.0.0 Mobile Safari/537.36" www.sbsc.in 199.79.62.221
106.206.176.7 - - [28/Jan/2023:14:16:43 +0000] "GET /js/bootstrap.min.js HTTP/2.0" 200 13505 "https://www.sbsc.in/" "Mozilla/5.0 (Linux; Android 10; SM-A605G) AppleWebKit/537.36 (KHTML, like Gecko) Chrome/108.0.0.0 Mobile Safari/537.36" www.sbsc.in 199.79.62.221
106.206.176.7 - - [28/Jan/2023:14:16:43 +0000] "GET /paytm.jpg HTTP/2.0" 200 7167 "https://www.sbsc.in/" "Mozilla/5.0 (Linux; Android 10; SM-A605G) AppleWebKit/537.36 (KHTML, like Gecko) Chrome/108.0.0.0 Mobile Safari/537.36" www.sbsc.in 199.79.62.221
106.206.176.7 - - [28/Jan/2023:14:16:43 +0000] "GET /images/email.png HTTP/2.0" 200 1371 "https://www.sbsc.in/" "Mozilla/5.0 (Linux; Android 10; SM-A605G) AppleWebKit/537.36 (KHTML, like Gecko) Chrome/108.0.0.0 Mobile Safari/537.36" www.sbsc.in 199.79.62.221
106.206.176.7 - - [28/Jan/2023:14:16:43 +0000] "GET /images/phone.png HTTP/2.0" 200 1897 "https://www.sbsc.in/" "Mozilla/5.0 (Linux; Android 10; SM-A605G) AppleWebKit/537.36 (KHTML, like Gecko) Chrome/108.0.0.0 Mobile Safari/537.36" www.sbsc.in 199.79.62.221
106.206.176.7 - - [28/Jan/2023:14:16:43 +0000] "GET /images/logo.png HTTP/2.0" 200 36072 "https://www.sbsc.in/" "Mozilla/5.0 (Linux; Android 10; SM-A605G) AppleWebKit/537.36 (KHTML, like Gecko) Chrome/108.0.0.0 Mobile Safari/537.36" www.sbsc.in 199.79.62.221
106.206.176.7 - - [28/Jan/2023:14:16:43 +0000] "GET /images/golden-jubilee-logo.png HTTP/2.0" 200 34899 "https://www.sbsc.in/" "Mozilla/5.0 (Linux; Android 10; SM-A605G) AppleWebKit/537.36 (KHTML, like Gecko) Chrome/108.0.0.0 Mobile Safari/537.36" www.sbsc.in 199.79.62.221
106.206.176.7 - - [28/Jan/2023:14:16:46 +0000] "GET /images/symbol.jpg HTTP/2.0" 200 781 "https://www.sbsc.in/" "Mozilla/5.0 (Linux; Android 10; SM-A605G) AppleWebKit/537.36 (KHTML, like Gecko) Chrome/108.0.0.0 Mobile Safari/537.36" www.sbsc.in 199.79.62.221
106.206.176.7 - - [28/Jan/2023:14:16:46 +0000] "GET /images/new.gif HTTP/2.0" 200 2455 "https://www.sbsc.in/" "Mozilla/5.0 (Linux; Android 10; SM-A605G) AppleWebKit/537.36 (KHTML, like Gecko) Chrome/108.0.0.0 Mobile Safari/537.36" www.sbsc.in 199.79.62.221
106.206.176.7 - - [28/Jan/2023:14:16:47 +0000] "GET /images/banner/1.jpg HTTP/2.0" 200 212471 "https://www.sbsc.in/" "Mozilla/5.0 (Linux; Android 10; SM-A605G) AppleWebKit/537.36 (KHTML, like Gecko) Chrome/108.0.0.0 Mobile Safari/537.36" www.sbsc.in 199.79.62.221
66.249.75.106 - - [28/Jan/2023:14:16:55 +0000] "GET /uploads/pdf/1550050640_NOTICE_inviting_Application_for_Principalship.pdf HTTP/1.1" 200 468528 "-" "Googlebot/2.1 (+http://www.google.com/bot.html)" www.sbsc.in 199.79.62.221
106.206.176.7 - - [28/Jan/2023:14:16:47 +0000] "GET /images/banner/2.jpg HTTP/2.0" 200 197131 "https://www.sbsc.in/" "Mozilla/5.0 (Linux; Android 10; SM-A605G) AppleWebKit/537.36 (KHTML, like Gecko) Chrome/108.0.0.0 Mobile Safari/537.36" www.sbsc.in 199.79.62.221
106.206.176.7 - - [28/Jan/2023:14:16:47 +0000] "GET /images/banner/3.jpg HTTP/2.0" 200 207968 "https://www.sbsc.in/" "Mozilla/5.0 (Linux; Android 10; SM-A605G) AppleWebKit/537.36 (KHTML, like Gecko) Chrome/108.0.0.0 Mobile Safari/537.36" www.sbsc.in 199.79.62.221
106.206.176.7 - - [28/Jan/2023:14:16:47 +0000] "GET /images/banner/4.jpg HTTP/2.0" 200 172167 "https://www.sbsc.in/" "Mozilla/5.0 (Linux; Android 10; SM-A605G) AppleWebKit/537.36 (KHTML, like Gecko) Chrome/108.0.0.0 Mobile Safari/537.36" www.sbsc.in 199.79.62.221
66.249.75.185 - - [28/Jan/2023:14:17:11 +0000] "GET /ads.txt HTTP/1.1" 404 355 "-" "Mozilla/5.0 (compatible; Googlebot/2.1; +http://www.google.com/bot.html)" sbsc.in 199.79.62.221
66.249.75.185 - - [28/Jan/2023:14:17:11 +0000] "GET /ads.txt HTTP/1.1" 404 355 "-" "Mozilla/5.0 (compatible; Googlebot/2.1; +http://www.google.com/bot.html)" sbsc.in 199.79.62.221
106.206.176.7 - - [28/Jan/2023:14:16:47 +0000] "GET /images/banner/5.jpg HTTP/2.0" 200 170926 "https://www.sbsc.in/" "Mozilla/5.0 (Linux; Android 10; SM-A605G) AppleWebKit/537.36 (KHTML, like Gecko) Chrome/108.0.0.0 Mobile Safari/537.36" www.sbsc.in 199.79.62.221
106.206.176.7 - - [28/Jan/2023:14:16:47 +0000] "GET /images/banner/6.jpg HTTP/2.0" 200 127037 "https://www.sbsc.in/" "Mozilla/5.0 (Linux; Android 10; SM-A605G) AppleWebKit/537.36 (KHTML, like Gecko) Chrome/108.0.0.0 Mobile Safari/537.36" www.sbsc.in 199.79.62.221
114.119.134.89 - - [28/Jan/2023:14:17:27 +0000] "GET /pdf/Tuition-Fees-1st-yr.xlsx HTTP/1.1" 406 226 "https://sbsc.in/virtual-tour.php" "Mozilla/5.0 (Linux; Android 7.0;) AppleWebKit/537.36 (KHTML, like Gecko) Mobile Safari/537.36 (compatible; PetalBot;+https://webmaster.petalsearch.com/site/petalbot)" sbsc.in 199.79.62.221
40.77.167.81 - - [28/Jan/2023:14:17:28 +0000] "GET /internal_assessment.php/internalassessment/uploads/pdf/internalassessment/Nov-Dec18/uploads/pdf/1630044568_Notification_Left_Over_Students.pdf HTTP/2.0" 200 43991 "-" "Mozilla/5.0 AppleWebKit/537.36 (KHTML, like Gecko; compatible; bingbot/2.0; +http://www.bing.com/bingbot.htm) Chrome/103.0.5060.134 Safari/537.36" www.sbsc.in 199.79.62.221
106.206.176.7 - - [28/Jan/2023:14:16:47 +0000] "GET /images/banner/7.jpg HTTP/2.0" 200 179124 "https://www.sbsc.in/" "Mozilla/5.0 (Linux; Android 10; SM-A605G) AppleWebKit/537.36 (KHTML, like Gecko) Chrome/108.0.0.0 Mobile Safari/537.36" www.sbsc.in 199.79.62.221
66.249.75.108 - - [28/Jan/2023:14:17:34 +0000] "GET /principal.php HTTP/1.1" 200 43886 "-" "Mozilla/5.0 (Linux; Android 6.0.1; Nexus 5X Build/MMB29P) AppleWebKit/537.36 (KHTML, like Gecko) Chrome/109.0.5414.101 Mobile Safari/537.36 (compatible; Googlebot/2.1; +http://www.google.com/bot.html)" www.sbsc.in 199.79.62.221
66.249.75.108 - - [28/Jan/2023:14:17:36 +0000] "GET /nss.php HTTP/1.1" 200 43022 "-" "Mozilla/5.0 (Linux; Android 6.0.1; Nexus 5X Build/MMB29P) AppleWebKit/537.36 (KHTML, like Gecko) Chrome/109.0.5414.101 Mobile Safari/537.36 (compatible; Googlebot/2.1; +http://www.google.com/bot.html)" www.sbsc.in 199.79.62.221
66.249.75.108 - - [28/Jan/2023:14:17:36 +0000] "GET /nss.php HTTP/1.1" 200 43022 "-" "Mozilla/5.0 (Linux; Android 6.0.1; Nexus 5X Build/MMB29P) AppleWebKit/537.36 (KHTML, like Gecko) Chrome/109.0.5414.101 Mobile Safari/537.36 (compatible; Googlebot/2.1; +http://www.google.com/bot.html)" www.sbsc.in 199.79.62.221
66.249.75.106 - - [28/Jan/2023:14:17:37 +0000] "GET /images/NSS/1.jpg HTTP/1.1" 200 56593 "https://www.sbsc.in/nss.php" "Mozilla/5.0 (Linux; Android 6.0.1; Nexus 5X Build/MMB29P) AppleWebKit/537.36 (KHTML, like Gecko) Chrome/109.0.5414.101 Mobile Safari/537.36 (compatible; Googlebot/2.1; +http://www.google.com/bot.html)" www.sbsc.in 199.79.62.221
66.249.75.106 - - [28/Jan/2023:14:17:37 +0000] "GET /images/NSS/6.jpg HTTP/1.1" 200 46817 "https://www.sbsc.in/nss.php" "Mozilla/5.0 (Linux; Android 6.0.1; Nexus 5X Build/MMB29P) AppleWebKit/537.36 (KHTML, like Gecko) Chrome/109.0.5414.101 Mobile Safari/537.36 (compatible; Googlebot/2.1; +http://www.google.com/bot.html)" www.sbsc.in 199.79.62.221
66.249.75.110 - - [28/Jan/2023:14:17:38 +0000] "GET /images/NSS/3.jpg HTTP/1.1" 200 64344 "https://www.sbsc.in/nss.php" "Mozilla/5.0 (Linux; Android 6.0.1; Nexus 5X Build/MMB29P) AppleWebKit/537.36 (KHTML, like Gecko) Chrome/109.0.5414.101 Mobile Safari/537.36 (compatible; Googlebot/2.1; +http://www.google.com/bot.html)" www.sbsc.in 199.79.62.221
66.249.75.106 - - [28/Jan/2023:14:17:40 +0000] "GET /images/NSS/4.jpg HTTP/1.1" 200 57284 "https://www.sbsc.in/nss.php" "Mozilla/5.0 (Linux; Android 6.0.1; Nexus 5X Build/MMB29P) AppleWebKit/537.36 (KHTML, like Gecko) Chrome/109.0.5414.101 Mobile Safari/537.36 (compatible; Googlebot/2.1; +http://www.google.com/bot.html)" www.sbsc.in 199.79.62.221
66.249.75.108 - - [28/Jan/2023:14:17:42 +0000] "GET /images/NSS/5.jpg HTTP/1.1" 200 34000 "https://www.sbsc.in/nss.php" "Mozilla/5.0 (Linux; Android 6.0.1; Nexus 5X Build/MMB29P) AppleWebKit/537.36 (KHTML, like Gecko) Chrome/109.0.5414.101 Mobile Safari/537.36 (compatible; Googlebot/2.1; +http://www.google.com/bot.html)" www.sbsc.in 199.79.62.221
106.206.176.7 - - [28/Jan/2023:14:17:21 +0000] "GET /images/jubliee-img.jpg HTTP/2.0" 200 88706 "https://www.sbsc.in/" "Mozilla/5.0 (Linux; Android 10; SM-A605G) AppleWebKit/537.36 (KHTML, like Gecko) Chrome/108.0.0.0 Mobile Safari/537.36" www.sbsc.in 199.79.62.221
106.206.176.7 - - [28/Jan/2023:14:16:47 +0000] "GET /images/banner/8.jpg HTTP/2.0" 200 156850 "https://www.sbsc.in/" "Mozilla/5.0 (Linux; Android 10; SM-A605G) AppleWebKit/537.36 (KHTML, like Gecko) Chrome/108.0.0.0 Mobile Safari/537.36" www.sbsc.in 199.79.62.221
106.206.176.7 - - [28/Jan/2023:14:17:03 +0000] "GET /images/banner/9.jpg HTTP/2.0" 200 167238 "https://www.sbsc.in/" "Mozilla/5.0 (Linux; Android 10; SM-A605G) AppleWebKit/537.36 (KHTML, like Gecko) Chrome/108.0.0.0 Mobile Safari/537.36" www.sbsc.in 199.79.62.221
106.206.176.7 - - [28/Jan/2023:14:17:11 +0000] "GET /images/banner/10.jpg HTTP/2.0" 200 211781 "https://www.sbsc.in/" "Mozilla/5.0 (Linux; Android 10; SM-A605G) AppleWebKit/537.36 (KHTML, like Gecko) Chrome/108.0.0.0 Mobile Safari/537.36" www.sbsc.in 199.79.62.221
66.249.75.106 - - [28/Jan/2023:14:17:44 +0000] "GET /images/NSS/7.jpg HTTP/1.1" 200 59098 "https://www.sbsc.in/nss.php" "Mozilla/5.0 (Linux; Android 6.0.1; Nexus 5X Build/MMB29P) AppleWebKit/537.36 (KHTML, like Gecko) Chrome/109.0.5414.101 Mobile Safari/537.36 (compatible; Googlebot/2.1; +http://www.google.com/bot.html)" www.sbsc.in 199.79.62.221
66.249.75.106 - - [28/Jan/2023:14:17:46 +0000] "GET /images/NSS/8.jpg HTTP/1.1" 200 45965 "https://www.sbsc.in/nss.php" "Mozilla/5.0 (Linux; Android 6.0.1; Nexus 5X Build/MMB29P) AppleWebKit/537.36 (KHTML, like Gecko) Chrome/109.0.5414.101 Mobile Safari/537.36 (compatible; Googlebot/2.1; +http://www.google.com/bot.html)" www.sbsc.in 199.79.62.221
66.249.75.106 - - [28/Jan/2023:14:17:48 +0000] "GET /images/NSS/9.jpg HTTP/1.1" 200 70747 "https://www.sbsc.in/nss.php" "Mozilla/5.0 (Linux; Android 6.0.1; Nexus 5X Build/MMB29P) AppleWebKit/537.36 (KHTML, like Gecko) Chrome/109.0.5414.101 Mobile Safari/537.36 (compatible; Googlebot/2.1; +http://www.google.com/bot.html)" www.sbsc.in 199.79.62.221
66.249.75.106 - - [28/Jan/2023:14:17:49 +0000] "GET /images/NSS/10.jpg HTTP/1.1" 200 48398 "https://www.sbsc.in/nss.php" "Mozilla/5.0 (Linux; Android 6.0.1; Nexus 5X Build/MMB29P) AppleWebKit/537.36 (KHTML, like Gecko) Chrome/109.0.5414.101 Mobile Safari/537.36 (compatible; Googlebot/2.1; +http://www.google.com/bot.html)" www.sbsc.in 199.79.62.221
66.249.75.106 - - [28/Jan/2023:14:17:50 +0000] "GET /images/NSS/12.jpg HTTP/1.1" 200 62944 "https://www.sbsc.in/nss.php" "Mozilla/5.0 (Linux; Android 6.0.1; Nexus 5X Build/MMB29P) AppleWebKit/537.36 (KHTML, like Gecko) Chrome/109.0.5414.101 Mobile Safari/537.36 (compatible; Googlebot/2.1; +http://www.google.com/bot.html)" www.sbsc.in 199.79.62.221
66.249.75.106 - - [28/Jan/2023:14:17:51 +0000] "GET /images/NSS/13.jpg HTTP/1.1" 200 57978 "https://www.sbsc.in/nss.php" "Mozilla/5.0 (Linux; Android 6.0.1; Nexus 5X Build/MMB29P) AppleWebKit/537.36 (KHTML, like Gecko) Chrome/109.0.5414.101 Mobile Safari/537.36 (compatible; Googlebot/2.1; +http://www.google.com/bot.html)" www.sbsc.in 199.79.62.221
66.249.75.106 - - [28/Jan/2023:14:17:51 +0000] "GET /images/NSS/14.jpg HTTP/1.1" 200 27406 "https://www.sbsc.in/nss.php" "Mozilla/5.0 (Linux; Android 6.0.1; Nexus 5X Build/MMB29P) AppleWebKit/537.36 (KHTML, like Gecko) Chrome/109.0.5414.101 Mobile Safari/537.36 (compatible; Googlebot/2.1; +http://www.google.com/bot.html)" www.sbsc.in 199.79.62.221
66.249.75.106 - - [28/Jan/2023:14:17:52 +0000] "GET /images/NSS/15.jpg HTTP/1.1" 200 47424 "https://www.sbsc.in/nss.php" "Mozilla/5.0 (Linux; Android 6.0.1; Nexus 5X Build/MMB29P) AppleWebKit/537.36 (KHTML, like Gecko) Chrome/109.0.5414.101 Mobile Safari/537.36 (compatible; Googlebot/2.1; +http://www.google.com/bot.html)" www.sbsc.in 199.79.62.221
66.249.75.106 - - [28/Jan/2023:14:17:52 +0000] "GET /images/NSS/17.jpg HTTP/1.1" 200 36827 "https://www.sbsc.in/nss.php" "Mozilla/5.0 (Linux; Android 6.0.1; Nexus 5X Build/MMB29P) AppleWebKit/537.36 (KHTML, like Gecko) Chrome/109.0.5414.101 Mobile Safari/537.36 (compatible; Googlebot/2.1; +http://www.google.com/bot.html)" www.sbsc.in 199.79.62.221
66.249.75.106 - - [28/Jan/2023:14:17:53 +0000] "GET /images/NSS/18.jpg HTTP/1.1" 200 37951 "https://www.sbsc.in/nss.php" "Mozilla/5.0 (Linux; Android 6.0.1; Nexus 5X Build/MMB29P) AppleWebKit/537.36 (KHTML, like Gecko) Chrome/109.0.5414.101 Mobile Safari/537.36 (compatible; Googlebot/2.1; +http://www.google.com/bot.html)" www.sbsc.in 199.79.62.221
66.249.75.106 - - [28/Jan/2023:14:17:53 +0000] "GET /images/NSS/19.jpg HTTP/1.1" 200 52565 "https://www.sbsc.in/nss.php" "Mozilla/5.0 (Linux; Android 6.0.1; Nexus 5X Build/MMB29P) AppleWebKit/537.36 (KHTML, like Gecko) Chrome/109.0.5414.101 Mobile Safari/537.36 (compatible; Googlebot/2.1; +http://www.google.com/bot.html)" www.sbsc.in 199.79.62.221
66.249.75.106 - - [28/Jan/2023:14:17:54 +0000] "GET /non-teaching-staff.php HTTP/1.1" 200 43338 "-" "Mozilla/5.0 (Linux; Android 6.0.1; Nexus 5X Build/MMB29P) AppleWebKit/537.36 (KHTML, like Gecko) Chrome/109.0.5414.101 Mobile Safari/537.36 (compatible; Googlebot/2.1; +http://www.google.com/bot.html)" www.sbsc.in 199.79.62.221
66.249.75.106 - - [28/Jan/2023:14:17:54 +0000] "GET /non-teaching-staff.php HTTP/1.1" 200 43338 "-" "Mozilla/5.0 (Linux; Android 6.0.1; Nexus 5X Build/MMB29P) AppleWebKit/537.36 (KHTML, like Gecko) Chrome/109.0.5414.101 Mobile Safari/537.36 (compatible; Googlebot/2.1; +http://www.google.com/bot.html)" www.sbsc.in 199.79.62.221
106.206.176.7 - - [28/Jan/2023:14:17:32 +0000] "GET /images/alumini.jpg HTTP/2.0" 200 50947 "https://www.sbsc.in/" "Mozilla/5.0 (Linux; Android 10; SM-A605G) AppleWebKit/537.36 (KHTML, like Gecko) Chrome/108.0.0.0 Mobile Safari/537.36" www.sbsc.in 199.79.62.221
106.206.176.7 - - [28/Jan/2023:14:17:11 +0000] "GET /images/banner/11.jpg HTTP/2.0" 200 186118 "https://www.sbsc.in/" "Mozilla/5.0 (Linux; Android 10; SM-A605G) AppleWebKit/537.36 (KHTML, like Gecko) Chrome/108.0.0.0 Mobile Safari/537.36" www.sbsc.in 199.79.62.221
106.206.176.7 - - [28/Jan/2023:14:17:14 +0000] "GET /images/banner/12.jpg HTTP/2.0" 200 153729 "https://www.sbsc.in/" "Mozilla/5.0 (Linux; Android 10; SM-A605G) AppleWebKit/537.36 (KHTML, like Gecko) Chrome/108.0.0.0 Mobile Safari/537.36" www.sbsc.in 199.79.62.221
42.105.211.163 - - [28/Jan/2023:14:17:58 +0000] "GET /uploads/pdf/1661512239_Notice_(Scholarship).pdf HTTP/2.0" 200 1713150 "-" "Mozilla/5.0 (Linux; Android 11; RMX2180 Build/RP1A.200720.011; wv) AppleWebKit/537.36 (KHTML, like Gecko) Version/4.0 Chrome/109.0.5414.86 Mobile Safari/537.36" www.sbsc.in 199.79.62.221
106.206.176.7 - - [28/Jan/2023:14:17:54 +0000] "GET /images/associations.jpg HTTP/2.0" 200 31703 "https://www.sbsc.in/" "Mozilla/5.0 (Linux; Android 10; SM-A605G) AppleWebKit/537.36 (KHTML, like Gecko) Chrome/108.0.0.0 Mobile Safari/537.36" www.sbsc.in 199.79.62.221
106.206.176.7 - - [28/Jan/2023:14:17:57 +0000] "GET /images/tour-img.jpg HTTP/2.0" 200 65976 "https://www.sbsc.in/" "Mozilla/5.0 (Linux; Android 10; SM-A605G) AppleWebKit/537.36 (KHTML, like Gecko) Chrome/108.0.0.0 Mobile Safari/537.36" www.sbsc.in 199.79.62.221
106.206.176.7 - - [28/Jan/2023:14:18:00 +0000] "GET /images/latest_news.png HTTP/2.0" 200 2953 "https://www.sbsc.in/" "Mozilla/5.0 (Linux; Android 10; SM-A605G) AppleWebKit/537.36 (KHTML, like Gecko) Chrome/108.0.0.0 Mobile Safari/537.36" sbsc.in 199.79.62.221
106.206.176.7 - - [28/Jan/2023:14:18:04 +0000] "GET /images/IMG-20210727-WA0011.jpg HTTP/2.0" 200 154646 "https://www.sbsc.in/" "Mozilla/5.0 (Linux; Android 10; SM-A605G) AppleWebKit/537.36 (KHTML, like Gecko) Chrome/108.0.0.0 Mobile Safari/537.36" www.sbsc.in 199.79.62.221
106.206.176.7 - - [28/Jan/2023:14:18:04 +0000] "GET /images/event.jpg HTTP/2.0" 200 3517 "https://www.sbsc.in/" "Mozilla/5.0 (Linux; Android 10; SM-A605G) AppleWebKit/537.36 (KHTML, like Gecko) Chrome/108.0.0.0 Mobile Safari/537.36" www.sbsc.in 199.79.62.221
106.206.176.7 - - [28/Jan/2023:14:18:04 +0000] "GET /images/research-img.jpg HTTP/2.0" 200 3596 "https://www.sbsc.in/" "Mozilla/5.0 (Linux; Android 10; SM-A605G) AppleWebKit/537.36 (KHTML, like Gecko) Chrome/108.0.0.0 Mobile Safari/537.36" www.sbsc.in 199.79.62.221
106.206.176.7 - - [28/Jan/2023:14:18:04 +0000] "GET /images/publication-img.jpg HTTP/2.0" 200 4561 "https://www.sbsc.in/" "Mozilla/5.0 (Linux; Android 10; SM-A605G) AppleWebKit/537.36 (KHTML, like Gecko) Chrome/108.0.0.0 Mobile Safari/537.36" www.sbsc.in 199.79.62.221
106.206.176.7 - - [28/Jan/2023:14:18:04 +0000] "GET /images/Conference.jpg HTTP/2.0" 200 3631 "https://www.sbsc.in/" "Mozilla/5.0 (Linux; Android 10; SM-A605G) AppleWebKit/537.36 (KHTML, like Gecko) Chrome/108.0.0.0 Mobile Safari/537.36" www.sbsc.in 199.79.62.221
106.206.176.7 - - [28/Jan/2023:14:18:05 +0000] "GET /fonts/glyphicons-halflings-regular.woff HTTP/2.0" 200 23320 "https://www.sbsc.in/css/bootstrap.min.css" "Mozilla/5.0 (Linux; Android 10; SM-A605G) AppleWebKit/537.36 (KHTML, like Gecko) Chrome/108.0.0.0 Mobile Safari/537.36" www.sbsc.in 199.79.62.221
103.147.209.124 - - [28/Jan/2023:14:18:27 +0000] "GET /pdf/resources/1589796735_Unit_7_Human_Population_ethics_and_environment1.pdf HTTP/2.0" 404 355 "https://www.google.com/" "Mozilla/5.0 (Linux; Android 12; Redmi Note 9 Pro Max) AppleWebKit/537.36 (KHTML, like Gecko) Chrome/109.0.0.0 Mobile Safari/537.36" www.sbsc.in 199.79.62.221
103.147.209.124 - - [28/Jan/2023:14:18:27 +0000] "GET /favicon.ico HTTP/1.1" 404 355 "https://www.sbsc.in/pdf/resources/1589796735_Unit_7_Human_Population_ethics_and_environment1.pdf" "Mozilla/5.0 (Linux; Android 12; Redmi Note 9 Pro Max) AppleWebKit/537.36 (KHTML, like Gecko) Chrome/109.0.0.0 Mobile Safari/537.36" www.sbsc.in 199.79.62.221
103.147.209.124 - - [28/Jan/2023:14:18:27 +0000] "GET /favicon.ico HTTP/2.0" 404 355 "https://www.sbsc.in/pdf/resources/1589796735_Unit_7_Human_Population_ethics_and_environment1.pdf" "Mozilla/5.0 (Linux; Android 12; Redmi Note 9 Pro Max) AppleWebKit/537.36 (KHTML, like Gecko) Chrome/109.0.0.0 Mobile Safari/537.36" www.sbsc.in 199.79.62.221
66.249.75.106 - - [28/Jan/2023:14:18:34 +0000] "GET /attendance_committee.php HTTP/1.1" 200 42758 "-" "Mozilla/5.0 (Linux; Android 6.0.1; Nexus 5X Build/MMB29P) AppleWebKit/537.36 (KHTML, like Gecko) Chrome/109.0.5414.101 Mobile Safari/537.36 (compatible; Googlebot/2.1; +http://www.google.com/bot.html)" www.sbsc.in 199.79.62.221
66.249.75.106 - - [28/Jan/2023:14:18:34 +0000] "GET /attendance_committee.php HTTP/1.1" 200 42758 "-" "Mozilla/5.0 (Linux; Android 6.0.1; Nexus 5X Build/MMB29P) AppleWebKit/537.36 (KHTML, like Gecko) Chrome/109.0.5414.101 Mobile Safari/537.36 (compatible; Googlebot/2.1; +http://www.google.com/bot.html)" www.sbsc.in 199.79.62.221
106.76.221.101 - - [28/Jan/2023:14:18:50 +0000] "GET / HTTP/2.0" 200 45835 "-" "Mozilla/5.0 (Linux; Android 12; V2152) AppleWebKit/537.36 (KHTML, like Gecko) Chrome/108.0.0.0 Mobile Safari/537.36" www.sbsc.in 199.79.62.221
106.206.176.7 - - [28/Jan/2023:14:18:46 +0000] "GET /non-teaching-staff.php HTTP/2.0" 200 43338 "https://www.sbsc.in/" "Mozilla/5.0 (Linux; Android 10; SM-A605G) AppleWebKit/537.36 (KHTML, like Gecko) Chrome/108.0.0.0 Mobile Safari/537.36" www.sbsc.in 199.79.62.221
106.76.221.101 - - [28/Jan/2023:14:18:54 +0000] "GET /css/style.css HTTP/2.0" 200 2565 "https://www.sbsc.in/" "Mozilla/5.0 (Linux; Android 12; V2152) AppleWebKit/537.36 (KHTML, like Gecko) Chrome/108.0.0.0 Mobile Safari/537.36" www.sbsc.in 199.79.62.221
106.76.221.101 - - [28/Jan/2023:14:18:54 +0000] "GET /css/style-new.css HTTP/2.0" 200 352 "https://www.sbsc.in/" "Mozilla/5.0 (Linux; Android 12; V2152) AppleWebKit/537.36 (KHTML, like Gecko) Chrome/108.0.0.0 Mobile Safari/537.36" www.sbsc.in 199.79.62.221
106.76.221.101 - - [28/Jan/2023:14:18:54 +0000] "GET /cssmenu/styles.css HTTP/2.0" 200 1905 "https://www.sbsc.in/" "Mozilla/5.0 (Linux; Android 12; V2152) AppleWebKit/537.36 (KHTML, like Gecko) Chrome/108.0.0.0 Mobile Safari/537.36" www.sbsc.in 199.79.62.221
106.76.221.101 - - [28/Jan/2023:14:18:54 +0000] "GET /cssmenu/script.js HTTP/2.0" 200 675 "https://www.sbsc.in/" "Mozilla/5.0 (Linux; Android 12; V2152) AppleWebKit/537.36 (KHTML, like Gecko) Chrome/108.0.0.0 Mobile Safari/537.36" www.sbsc.in 199.79.62.221
106.206.176.7 - - [28/Jan/2023:14:17:44 +0000] "GET /images/placement1.JPG HTTP/2.0" 200 11070724 "https://www.sbsc.in/" "Mozilla/5.0 (Linux; Android 10; SM-A605G) AppleWebKit/537.36 (KHTML, like Gecko) Chrome/108.0.0.0 Mobile Safari/537.36" www.sbsc.in 199.79.62.221
103.147.209.124 - - [28/Jan/2023:14:18:55 +0000] "GET /pdf/resources/1589796735_Unit_7_Human_Population_ethics_and_environment1.pdf HTTP/2.0" 404 355 "https://www.google.com/" "Mozilla/5.0 (Linux; Android 12; Redmi Note 9 Pro Max) AppleWebKit/537.36 (KHTML, like Gecko) Chrome/109.0.0.0 Mobile Safari/537.36" www.sbsc.in 199.79.62.221
66.249.75.106 - - [28/Jan/2023:14:19:00 +0000] "GET /admission-under-sports.php HTTP/1.1" 200 43385 "-" "Mozilla/5.0 (Linux; Android 6.0.1; Nexus 5X Build/MMB29P) AppleWebKit/537.36 (KHTML, like Gecko) Chrome/109.0.5414.101 Mobile Safari/537.36 (compatible; Googlebot/2.1; +http://www.google.com/bot.html)" www.sbsc.in 199.79.62.221
66.249.75.106 - - [28/Jan/2023:14:19:00 +0000] "GET /admission-under-sports.php HTTP/1.1" 200 43385 "-" "Mozilla/5.0 (Linux; Android 6.0.1; Nexus 5X Build/MMB29P) AppleWebKit/537.36 (KHTML, like Gecko) Chrome/109.0.5414.101 Mobile Safari/537.36 (compatible; Googlebot/2.1; +http://www.google.com/bot.html)" www.sbsc.in 199.79.62.221
42.105.211.163 - - [28/Jan/2023:14:19:17 +0000] "GET /uploads/pdf/1661512239_Notice_(Scholarship).pdf HTTP/2.0" 206 1 "-" "Mozilla/5.0 (Linux; Android 11; RMX2180 Build/RP1A.200720.011; wv) AppleWebKit/537.36 (KHTML, like Gecko) Version/4.0 Chrome/109.0.5414.86 Mobile Safari/537.36" www.sbsc.in 199.79.62.221
157.35.7.94 - - [28/Jan/2023:14:19:18 +0000] "GET /uploads/pdf/1649668546_List_of_Medals_and_Scholarship,_Annual_Day.pdf HTTP/2.0" 200 644993 "https://www.google.co.in/" "Mozilla/5.0 (iPhone; CPU iPhone OS 16_2 like Mac OS X) AppleWebKit/605.1.15 (KHTML, like Gecko) Version/16.2 Mobile/15E148 Safari/604.1" www.sbsc.in 199.79.62.221
157.35.7.94 - - [28/Jan/2023:14:19:21 +0000] "GET /favicon.ico HTTP/1.1" 404 355 "https://www.sbsc.in/uploads/pdf/1649668546_List_of_Medals_and_Scholarship,_Annual_Day.pdf" "Mozilla/5.0 (iPhone; CPU iPhone OS 16_2 like Mac OS X) AppleWebKit/605.1.15 (KHTML, like Gecko) Version/16.2 Mobile/15E148 Safari/604.1" www.sbsc.in 199.79.62.221
106.76.221.101 - - [28/Jan/2023:14:18:54 +0000] "GET /js/animation-banner.js HTTP/2.0" 200 964 "https://www.sbsc.in/" "Mozilla/5.0 (Linux; Android 12; V2152) AppleWebKit/537.36 (KHTML, like Gecko) Chrome/108.0.0.0 Mobile Safari/537.36" www.sbsc.in 199.79.62.221
106.76.221.101 - - [28/Jan/2023:14:18:54 +0000] "GET /css/bootstrap.min.css HTTP/2.0" 200 27845 "https://www.sbsc.in/" "Mozilla/5.0 (Linux; Android 12; V2152) AppleWebKit/537.36 (KHTML, like Gecko) Chrome/108.0.0.0 Mobile Safari/537.36" www.sbsc.in 199.79.62.221
20.254.154.148 - - [28/Jan/2023:14:19:24 +0000] "GET /view-all.php HTTP/2.0" 200 74210 "-" "Mozilla/5.0 (Windows NT 10.0; Win64; x64; rv:81.0) Gecko/20100101 Firefox/81.0" www.sbsc.in 199.79.62.221
42.105.211.163 - - [28/Jan/2023:14:19:25 +0000] "GET /uploads/pdf/1661512239_Notice_(Scholarship).pdf HTTP/2.0" 206 1 "-" "Mozilla/5.0 (Linux; Android 11; RMX2180 Build/RP1A.200720.011; wv) AppleWebKit/537.36 (KHTML, like Gecko) Version/4.0 Chrome/109.0.5414.86 Mobile Safari/537.36" www.sbsc.in 199.79.62.221
157.35.7.94 - - [28/Jan/2023:14:19:21 +0000] "GET /favicon.ico HTTP/2.0" 404 355 "https://www.sbsc.in/uploads/pdf/1649668546_List_of_Medals_and_Scholarship,_Annual_Day.pdf" "Mozilla/5.0 (iPhone; CPU iPhone OS 16_2 like Mac OS X) AppleWebKit/605.1.15 (KHTML, like Gecko) Version/16.2 Mobile/15E148 Safari/604.1" www.sbsc.in 199.79.62.221
106.76.221.101 - - [28/Jan/2023:14:19:26 +0000] "GET /js/jquery.js HTTP/2.0" 200 42291 "https://www.sbsc.in/" "Mozilla/5.0 (Linux; Android 12; V2152) AppleWebKit/537.36 (KHTML, like Gecko) Chrome/108.0.0.0 Mobile Safari/537.36" www.sbsc.in 199.79.62.221
42.105.211.163 - - [28/Jan/2023:14:19:25 +0000] "GET /uploads/pdf/1661512239_Notice_(Scholarship).pdf HTTP/2.0" 206 1696870 "-" "Mozilla/5.0 (Linux; Android 11; RMX2180 Build/RP1A.200720.011; wv) AppleWebKit/537.36 (KHTML, like Gecko) Version/4.0 Chrome/109.0.5414.86 Mobile Safari/537.36" www.sbsc.in 199.79.62.221
106.76.221.101 - - [28/Jan/2023:14:19:57 +0000] "GET /paytm.jpg HTTP/2.0" 200 7167 "https://www.sbsc.in/" "Mozilla/5.0 (Linux; Android 12; V2152) AppleWebKit/537.36 (KHTML, like Gecko) Chrome/108.0.0.0 Mobile Safari/537.36" www.sbsc.in 199.79.62.221
106.76.221.101 - - [28/Jan/2023:14:19:57 +0000] "GET /images/phone.png HTTP/2.0" 200 1897 "https://www.sbsc.in/" "Mozilla/5.0 (Linux; Android 12; V2152) AppleWebKit/537.36 (KHTML, like Gecko) Chrome/108.0.0.0 Mobile Safari/537.36" www.sbsc.in 199.79.62.221
106.76.221.101 - - [28/Jan/2023:14:19:57 +0000] "GET /images/new.gif HTTP/2.0" 200 2455 "https://www.sbsc.in/" "Mozilla/5.0 (Linux; Android 12; V2152) AppleWebKit/537.36 (KHTML, like Gecko) Chrome/108.0.0.0 Mobile Safari/537.36" www.sbsc.in 199.79.62.221
106.76.221.101 - - [28/Jan/2023:14:19:57 +0000] "GET /images/logo.png HTTP/2.0" 200 36072 "https://www.sbsc.in/" "Mozilla/5.0 (Linux; Android 12; V2152) AppleWebKit/537.36 (KHTML, like Gecko) Chrome/108.0.0.0 Mobile Safari/537.36" www.sbsc.in 199.79.62.221
106.76.221.101 - - [28/Jan/2023:14:19:57 +0000] "GET /images/symbol.jpg HTTP/2.0" 200 781 "https://www.sbsc.in/" "Mozilla/5.0 (Linux; Android 12; V2152) AppleWebKit/537.36 (KHTML, like Gecko) Chrome/108.0.0.0 Mobile Safari/537.36" www.sbsc.in 199.79.62.221
106.76.221.101 - - [28/Jan/2023:14:19:57 +0000] "GET /images/latest_news.png HTTP/2.0" 200 2953 "https://www.sbsc.in/" "Mozilla/5.0 (Linux; Android 12; V2152) AppleWebKit/537.36 (KHTML, like Gecko) Chrome/108.0.0.0 Mobile Safari/537.36" sbsc.in 199.79.62.221
106.76.221.101 - - [28/Jan/2023:14:19:57 +0000] "GET /js/jquery.js HTTP/2.0" 200 42291 "https://www.sbsc.in/" "Mozilla/5.0 (Linux; Android 12; V2152) AppleWebKit/537.36 (KHTML, like Gecko) Chrome/108.0.0.0 Mobile Safari/537.36" www.sbsc.in 199.79.62.221
106.76.221.101 - - [28/Jan/2023:14:19:57 +0000] "GET /images/email.png HTTP/2.0" 200 1371 "https://www.sbsc.in/" "Mozilla/5.0 (Linux; Android 12; V2152) AppleWebKit/537.36 (KHTML, like Gecko) Chrome/108.0.0.0 Mobile Safari/537.36" www.sbsc.in 199.79.62.221
106.76.221.101 - - [28/Jan/2023:14:19:57 +0000] "GET /images/golden-jubilee-logo.png HTTP/2.0" 200 34899 "https://www.sbsc.in/" "Mozilla/5.0 (Linux; Android 12; V2152) AppleWebKit/537.36 (KHTML, like Gecko) Chrome/108.0.0.0 Mobile Safari/537.36" www.sbsc.in 199.79.62.221
106.76.221.101 - - [28/Jan/2023:14:19:57 +0000] "GET /js/bootstrap.min.js HTTP/2.0" 200 13505 "https://www.sbsc.in/" "Mozilla/5.0 (Linux; Android 12; V2152) AppleWebKit/537.36 (KHTML, like Gecko) Chrome/108.0.0.0 Mobile Safari/537.36" www.sbsc.in 199.79.62.221
106.76.221.101 - - [28/Jan/2023:14:19:57 +0000] "GET /images/publication-img.jpg HTTP/2.0" 200 4561 "https://www.sbsc.in/" "Mozilla/5.0 (Linux; Android 12; V2152) AppleWebKit/537.36 (KHTML, like Gecko) Chrome/108.0.0.0 Mobile Safari/537.36" www.sbsc.in 199.79.62.221
106.76.221.101 - - [28/Jan/2023:14:19:57 +0000] "GET /images/banner/1.jpg HTTP/2.0" 200 212471 "https://www.sbsc.in/" "Mozilla/5.0 (Linux; Android 12; V2152) AppleWebKit/537.36 (KHTML, like Gecko) Chrome/108.0.0.0 Mobile Safari/537.36" www.sbsc.in 199.79.62.221
106.76.221.101 - - [28/Jan/2023:14:19:57 +0000] "GET /images/banner/3.jpg HTTP/2.0" 200 207968 "https://www.sbsc.in/" "Mozilla/5.0 (Linux; Android 12; V2152) AppleWebKit/537.36 (KHTML, like Gecko) Chrome/108.0.0.0 Mobile Safari/537.36" www.sbsc.in 199.79.62.221
106.76.221.101 - - [28/Jan/2023:14:19:57 +0000] "GET /images/alumini.jpg HTTP/2.0" 200 50947 "https://www.sbsc.in/" "Mozilla/5.0 (Linux; Android 12; V2152) AppleWebKit/537.36 (KHTML, like Gecko) Chrome/108.0.0.0 Mobile Safari/537.36" www.sbsc.in 199.79.62.221
106.76.221.101 - - [28/Jan/2023:14:19:57 +0000] "GET /images/jubliee-img.jpg HTTP/2.0" 200 88706 "https://www.sbsc.in/" "Mozilla/5.0 (Linux; Android 12; V2152) AppleWebKit/537.36 (KHTML, like Gecko) Chrome/108.0.0.0 Mobile Safari/537.36" www.sbsc.in 199.79.62.221
106.76.221.101 - - [28/Jan/2023:14:19:57 +0000] "GET /images/banner/12.jpg HTTP/2.0" 200 153729 "https://www.sbsc.in/" "Mozilla/5.0 (Linux; Android 12; V2152) AppleWebKit/537.36 (KHTML, like Gecko) Chrome/108.0.0.0 Mobile Safari/537.36" www.sbsc.in 199.79.62.221
106.76.221.101 - - [28/Jan/2023:14:19:57 +0000] "GET /images/banner/7.jpg HTTP/2.0" 200 179124 "https://www.sbsc.in/" "Mozilla/5.0 (Linux; Android 12; V2152) AppleWebKit/537.36 (KHTML, like Gecko) Chrome/108.0.0.0 Mobile Safari/537.36" www.sbsc.in 199.79.62.221
106.76.221.101 - - [28/Jan/2023:14:19:57 +0000] "GET /images/banner/5.jpg HTTP/2.0" 200 170926 "https://www.sbsc.in/" "Mozilla/5.0 (Linux; Android 12; V2152) AppleWebKit/537.36 (KHTML, like Gecko) Chrome/108.0.0.0 Mobile Safari/537.36" www.sbsc.in 199.79.62.221
106.76.221.101 - - [28/Jan/2023:14:19:57 +0000] "GET /images/banner/9.jpg HTTP/2.0" 200 167238 "https://www.sbsc.in/" "Mozilla/5.0 (Linux; Android 12; V2152) AppleWebKit/537.36 (KHTML, like Gecko) Chrome/108.0.0.0 Mobile Safari/537.36" www.sbsc.in 199.79.62.221
106.76.221.101 - - [28/Jan/2023:14:19:57 +0000] "GET /images/banner/2.jpg HTTP/2.0" 200 197131 "https://www.sbsc.in/" "Mozilla/5.0 (Linux; Android 12; V2152) AppleWebKit/537.36 (KHTML, like Gecko) Chrome/108.0.0.0 Mobile Safari/537.36" www.sbsc.in 199.79.62.221
106.76.221.101 - - [28/Jan/2023:14:19:57 +0000] "GET /images/banner/6.jpg HTTP/2.0" 200 127037 "https://www.sbsc.in/" "Mozilla/5.0 (Linux; Android 12; V2152) AppleWebKit/537.36 (KHTML, like Gecko) Chrome/108.0.0.0 Mobile Safari/537.36" www.sbsc.in 199.79.62.221
106.76.221.101 - - [28/Jan/2023:14:19:57 +0000] "GET /images/banner/11.jpg HTTP/2.0" 200 186118 "https://www.sbsc.in/" "Mozilla/5.0 (Linux; Android 12; V2152) AppleWebKit/537.36 (KHTML, like Gecko) Chrome/108.0.0.0 Mobile Safari/537.36" www.sbsc.in 199.79.62.221
106.76.221.101 - - [28/Jan/2023:14:19:57 +0000] "GET /images/banner/10.jpg HTTP/2.0" 200 211781 "https://www.sbsc.in/" "Mozilla/5.0 (Linux; Android 12; V2152) AppleWebKit/537.36 (KHTML, like Gecko) Chrome/108.0.0.0 Mobile Safari/537.36" www.sbsc.in 199.79.62.221
106.76.221.101 - - [28/Jan/2023:14:19:57 +0000] "GET /images/banner/4.jpg HTTP/2.0" 200 172167 "https://www.sbsc.in/" "Mozilla/5.0 (Linux; Android 12; V2152) AppleWebKit/537.36 (KHTML, like Gecko) Chrome/108.0.0.0 Mobile Safari/537.36" www.sbsc.in 199.79.62.221
106.76.221.101 - - [28/Jan/2023:14:19:57 +0000] "GET /images/banner/8.jpg HTTP/2.0" 200 156850 "https://www.sbsc.in/" "Mozilla/5.0 (Linux; Android 12; V2152) AppleWebKit/537.36 (KHTML, like Gecko) Chrome/108.0.0.0 Mobile Safari/537.36" www.sbsc.in 199.79.62.221
106.76.221.101 - - [28/Jan/2023:14:19:57 +0000] "GET /images/Conference.jpg HTTP/2.0" 200 3631 "https://www.sbsc.in/" "Mozilla/5.0 (Linux; Android 12; V2152) AppleWebKit/537.36 (KHTML, like Gecko) Chrome/108.0.0.0 Mobile Safari/537.36" www.sbsc.in 199.79.62.221
106.76.221.101 - - [28/Jan/2023:14:19:57 +0000] "GET /images/research-img.jpg HTTP/2.0" 200 3596 "https://www.sbsc.in/" "Mozilla/5.0 (Linux; Android 12; V2152) AppleWebKit/537.36 (KHTML, like Gecko) Chrome/108.0.0.0 Mobile Safari/537.36" www.sbsc.in 199.79.62.221
106.76.221.101 - - [28/Jan/2023:14:19:57 +0000] "GET /images/associations.jpg HTTP/2.0" 200 31703 "https://www.sbsc.in/" "Mozilla/5.0 (Linux; Android 12; V2152) AppleWebKit/537.36 (KHTML, like Gecko) Chrome/108.0.0.0 Mobile Safari/537.36" www.sbsc.in 199.79.62.221
106.76.221.101 - - [28/Jan/2023:14:19:57 +0000] "GET /images/tour-img.jpg HTTP/2.0" 200 65976 "https://www.sbsc.in/" "Mozilla/5.0 (Linux; Android 12; V2152) AppleWebKit/537.36 (KHTML, like Gecko) Chrome/108.0.0.0 Mobile Safari/537.36" www.sbsc.in 199.79.62.221
106.76.221.101 - - [28/Jan/2023:14:19:57 +0000] "GET /images/IMG-20210727-WA0011.jpg HTTP/2.0" 200 154646 "https://www.sbsc.in/" "Mozilla/5.0 (Linux; Android 12; V2152) AppleWebKit/537.36 (KHTML, like Gecko) Chrome/108.0.0.0 Mobile Safari/537.36" www.sbsc.in 199.79.62.221
106.76.221.101 - - [28/Jan/2023:14:19:57 +0000] "GET /images/event.jpg HTTP/2.0" 200 3517 "https://www.sbsc.in/" "Mozilla/5.0 (Linux; Android 12; V2152) AppleWebKit/537.36 (KHTML, like Gecko) Chrome/108.0.0.0 Mobile Safari/537.36" www.sbsc.in 199.79.62.221
106.76.221.101 - - [28/Jan/2023:14:19:57 +0000] "GET /fonts/glyphicons-halflings-regular.woff HTTP/2.0" 200 23320 "https://www.sbsc.in/css/bootstrap.min.css" "Mozilla/5.0 (Linux; Android 12; V2152) AppleWebKit/537.36 (KHTML, like Gecko) Chrome/108.0.0.0 Mobile Safari/537.36" www.sbsc.in 199.79.62.221
49.14.157.96 - - [28/Jan/2023:14:20:11 +0000] "GET / HTTP/2.0" 200 45835 "https://www.google.com/" "Mozilla/5.0 (Linux; Android 8.1.0; CPH1803) AppleWebKit/537.36 (KHTML, like Gecko) Chrome/109.0.0.0 Mobile Safari/537.36" www.sbsc.in 199.79.62.221
49.14.157.96 - - [28/Jan/2023:14:20:12 +0000] "GET /css/bootstrap.min.css HTTP/2.0" 200 27845 "https://www.sbsc.in/" "Mozilla/5.0 (Linux; Android 8.1.0; CPH1803) AppleWebKit/537.36 (KHTML, like Gecko) Chrome/109.0.0.0 Mobile Safari/537.36" www.sbsc.in 199.79.62.221
49.14.157.96 - - [28/Jan/2023:14:20:12 +0000] "GET /css/style.css HTTP/2.0" 200 2565 "https://www.sbsc.in/" "Mozilla/5.0 (Linux; Android 8.1.0; CPH1803) AppleWebKit/537.36 (KHTML, like Gecko) Chrome/109.0.0.0 Mobile Safari/537.36" www.sbsc.in 199.79.62.221
