157.39.72.252 - - [28/Jan/2023:15:13:41 +0000] "GET /images/banner/5.jpg HTTP/2.0" 200 170926 "https://www.sbsc.in/" "Mozilla/5.0 (Linux; Android 11; 21061119BI) AppleWebKit/537.36 (KHTML, like Gecko) Chrome/108.0.0.0 Mobile Safari/537.36" www.sbsc.in 199.79.62.221
157.39.72.252 - - [28/Jan/2023:15:13:41 +0000] "GET /images/banner/6.jpg HTTP/2.0" 200 127037 "https://www.sbsc.in/" "Mozilla/5.0 (Linux; Android 11; 21061119BI) AppleWebKit/537.36 (KHTML, like Gecko) Chrome/108.0.0.0 Mobile Safari/537.36" www.sbsc.in 199.79.62.221
157.39.72.252 - - [28/Jan/2023:15:13:41 +0000] "GET /images/banner/7.jpg HTTP/2.0" 200 179124 "https://www.sbsc.in/" "Mozilla/5.0 (Linux; Android 11; 21061119BI) AppleWebKit/537.36 (KHTML, like Gecko) Chrome/108.0.0.0 Mobile Safari/537.36" www.sbsc.in 199.79.62.221
157.39.72.252 - - [28/Jan/2023:15:13:41 +0000] "GET /images/banner/8.jpg HTTP/2.0" 200 156850 "https://www.sbsc.in/" "Mozilla/5.0 (Linux; Android 11; 21061119BI) AppleWebKit/537.36 (KHTML, like Gecko) Chrome/108.0.0.0 Mobile Safari/537.36" www.sbsc.in 199.79.62.221
157.39.72.252 - - [28/Jan/2023:15:13:41 +0000] "GET /images/banner/9.jpg HTTP/2.0" 200 167238 "https://www.sbsc.in/" "Mozilla/5.0 (Linux; Android 11; 21061119BI) AppleWebKit/537.36 (KHTML, like Gecko) Chrome/108.0.0.0 Mobile Safari/537.36" www.sbsc.in 199.79.62.221
157.39.72.252 - - [28/Jan/2023:15:13:41 +0000] "GET /images/banner/10.jpg HTTP/2.0" 200 211781 "https://www.sbsc.in/" "Mozilla/5.0 (Linux; Android 11; 21061119BI) AppleWebKit/537.36 (KHTML, like Gecko) Chrome/108.0.0.0 Mobile Safari/537.36" www.sbsc.in 199.79.62.221
157.39.72.252 - - [28/Jan/2023:15:13:41 +0000] "GET /images/banner/11.jpg HTTP/2.0" 200 186118 "https://www.sbsc.in/" "Mozilla/5.0 (Linux; Android 11; 21061119BI) AppleWebKit/537.36 (KHTML, like Gecko) Chrome/108.0.0.0 Mobile Safari/537.36" www.sbsc.in 199.79.62.221
157.39.72.252 - - [28/Jan/2023:15:13:41 +0000] "GET /images/banner/12.jpg HTTP/2.0" 200 153729 "https://www.sbsc.in/" "Mozilla/5.0 (Linux; Android 11; 21061119BI) AppleWebKit/537.36 (KHTML, like Gecko) Chrome/108.0.0.0 Mobile Safari/537.36" www.sbsc.in 199.79.62.221
157.39.72.252 - - [28/Jan/2023:15:13:41 +0000] "GET /images/jubliee-img.jpg HTTP/2.0" 200 88706 "https://www.sbsc.in/" "Mozilla/5.0 (Linux; Android 11; 21061119BI) AppleWebKit/537.36 (KHTML, like Gecko) Chrome/108.0.0.0 Mobile Safari/537.36" www.sbsc.in 199.79.62.221
157.39.72.252 - - [28/Jan/2023:15:13:41 +0000] "GET /images/alumini.jpg HTTP/2.0" 200 50947 "https://www.sbsc.in/" "Mozilla/5.0 (Linux; Android 11; 21061119BI) AppleWebKit/537.36 (KHTML, like Gecko) Chrome/108.0.0.0 Mobile Safari/537.36" www.sbsc.in 199.79.62.221
157.39.72.252 - - [28/Jan/2023:15:13:41 +0000] "GET /images/associations.jpg HTTP/2.0" 200 31703 "https://www.sbsc.in/" "Mozilla/5.0 (Linux; Android 11; 21061119BI) AppleWebKit/537.36 (KHTML, like Gecko) Chrome/108.0.0.0 Mobile Safari/537.36" www.sbsc.in 199.79.62.221
157.39.72.252 - - [28/Jan/2023:15:13:41 +0000] "GET /images/tour-img.jpg HTTP/2.0" 200 65976 "https://www.sbsc.in/" "Mozilla/5.0 (Linux; Android 11; 21061119BI) AppleWebKit/537.36 (KHTML, like Gecko) Chrome/108.0.0.0 Mobile Safari/537.36" www.sbsc.in 199.79.62.221
157.39.72.252 - - [28/Jan/2023:15:13:41 +0000] "GET /images/IMG-20210727-WA0011.jpg HTTP/2.0" 200 154646 "https://www.sbsc.in/" "Mozilla/5.0 (Linux; Android 11; 21061119BI) AppleWebKit/537.36 (KHTML, like Gecko) Chrome/108.0.0.0 Mobile Safari/537.36" www.sbsc.in 199.79.62.221
157.39.72.252 - - [28/Jan/2023:15:13:41 +0000] "GET /images/event.jpg HTTP/2.0" 200 3517 "https://www.sbsc.in/" "Mozilla/5.0 (Linux; Android 11; 21061119BI) AppleWebKit/537.36 (KHTML, like Gecko) Chrome/108.0.0.0 Mobile Safari/537.36" www.sbsc.in 199.79.62.221
157.39.72.252 - - [28/Jan/2023:15:13:41 +0000] "GET /images/research-img.jpg HTTP/2.0" 200 3596 "https://www.sbsc.in/" "Mozilla/5.0 (Linux; Android 11; 21061119BI) AppleWebKit/537.36 (KHTML, like Gecko) Chrome/108.0.0.0 Mobile Safari/537.36" www.sbsc.in 199.79.62.221
157.39.72.252 - - [28/Jan/2023:15:13:41 +0000] "GET /images/publication-img.jpg HTTP/2.0" 200 4561 "https://www.sbsc.in/" "Mozilla/5.0 (Linux; Android 11; 21061119BI) AppleWebKit/537.36 (KHTML, like Gecko) Chrome/108.0.0.0 Mobile Safari/537.36" www.sbsc.in 199.79.62.221
157.39.72.252 - - [28/Jan/2023:15:13:41 +0000] "GET /images/Conference.jpg HTTP/2.0" 200 3631 "https://www.sbsc.in/" "Mozilla/5.0 (Linux; Android 11; 21061119BI) AppleWebKit/537.36 (KHTML, like Gecko) Chrome/108.0.0.0 Mobile Safari/537.36" www.sbsc.in 199.79.62.221
157.39.72.252 - - [28/Jan/2023:15:13:41 +0000] "GET /images/latest_news.png HTTP/2.0" 200 2953 "https://www.sbsc.in/" "Mozilla/5.0 (Linux; Android 11; 21061119BI) AppleWebKit/537.36 (KHTML, like Gecko) Chrome/108.0.0.0 Mobile Safari/537.36" sbsc.in 199.79.62.221
122.161.50.248 - - [28/Jan/2023:15:13:43 +0000] "GET /images/placement1.JPG HTTP/2.0" 206 1 "https://www.sbsc.in/" "Mozilla/5.0 (Linux; Android 12; CPH2473) AppleWebKit/537.36 (KHTML, like Gecko) Chrome/109.0.0.0 Mobile Safari/537.36" www.sbsc.in 199.79.62.221
157.39.72.252 - - [28/Jan/2023:15:13:42 +0000] "GET /fonts/glyphicons-halflings-regular.woff HTTP/2.0" 200 23320 "https://www.sbsc.in/css/bootstrap.min.css" "Mozilla/5.0 (Linux; Android 11; 21061119BI) AppleWebKit/537.36 (KHTML, like Gecko) Chrome/108.0.0.0 Mobile Safari/537.36" www.sbsc.in 199.79.62.221
157.39.72.252 - - [28/Jan/2023:15:13:41 +0000] "GET /images/placement1.JPG HTTP/2.0" 200 6389479 "https://www.sbsc.in/" "Mozilla/5.0 (Linux; Android 11; 21061119BI) AppleWebKit/537.36 (KHTML, like Gecko) Chrome/108.0.0.0 Mobile Safari/537.36" www.sbsc.in 199.79.62.221
66.249.75.106 - - [28/Jan/2023:15:13:58 +0000] "GET /uploads/pdf/1535372690_4e2ccb3995b4d0fb196b78a324820844.pdf HTTP/1.1" 200 143986 "-" "Googlebot/2.1 (+http://www.google.com/bot.html)" www.sbsc.in 199.79.62.221
49.42.90.238 - - [28/Jan/2023:15:13:12 +0000] "GET /uploads/pdf/1644828689_Marks_504___Bachelor_of_Commerce_(Honours_Course),_3,_SEMESTER,_2021-2022-DECEMBER_REGULAR,_IA.pdf HTTP/1.1" 200 1187724 "-" "Dalvik/2.1.0 (Linux; U; Android 10; RMX1911 Build/QKQ1.200209.002)" www.sbsc.in 199.79.62.221
20.254.138.37 - - [28/Jan/2023:15:14:24 +0000] "GET /view-all.php HTTP/2.0" 200 74210 "-" "Mozilla/5.0 (Windows NT 10.0; Win64; x64; rv:81.0) Gecko/20100101 Firefox/81.0" www.sbsc.in 199.79.62.221
66.249.75.106 - - [28/Jan/2023:15:14:54 +0000] "GET /internal_assessment.php/pdf/internalassessment/internalassessment/uploads/pdf/1565002600_7th_Cutoff_List.pdf HTTP/1.1" 200 43991 "-" "Mozilla/5.0 (Windows NT 10.0; Win64; x64)AppleWebKit/537.36 (KHTML, like Gecko) Chrome/91.0.4472.101 Safari/537.36 (compatible; GoogleOther)" www.sbsc.in 199.79.62.221
122.168.80.21 - - [28/Jan/2023:15:14:55 +0000] "GET / HTTP/1.1" 200 45835 "https://www.google.com/" "Mozilla/5.0 (Windows NT 10.0; Win64; x64) AppleWebKit/537.36 (KHTML, like Gecko) Chrome/109.0.0.0 Safari/537.36" www.sbsc.in 199.79.62.221
122.168.80.21 - - [28/Jan/2023:15:14:55 +0000] "GET / HTTP/2.0" 200 45835 "https://www.google.com/" "Mozilla/5.0 (Windows NT 10.0; Win64; x64) AppleWebKit/537.36 (KHTML, like Gecko) Chrome/109.0.0.0 Safari/537.36" www.sbsc.in 199.79.62.221
66.249.75.108 - - [28/Jan/2023:15:14:56 +0000] "GET /internal_assessment.php/uploads/pdf/1660717868_Updated_B._Com_(pgm)_SEM-_V_TIME_TABLE_WITH_TUTES.pdf HTTP/1.1" 200 43991 "-" "Mozilla/5.0 (Windows NT 10.0; Win64; x64)AppleWebKit/537.36 (KHTML, like Gecko) Chrome/91.0.4472.101 Safari/537.36 (compatible; GoogleOther)" www.sbsc.in 199.79.62.221
122.168.80.21 - - [28/Jan/2023:15:14:56 +0000] "GET /css/style.css HTTP/2.0" 200 2565 "https://www.sbsc.in/" "Mozilla/5.0 (Windows NT 10.0; Win64; x64) AppleWebKit/537.36 (KHTML, like Gecko) Chrome/109.0.0.0 Safari/537.36" www.sbsc.in 199.79.62.221
122.168.80.21 - - [28/Jan/2023:15:14:56 +0000] "GET /css/style-new.css HTTP/2.0" 200 352 "https://www.sbsc.in/" "Mozilla/5.0 (Windows NT 10.0; Win64; x64) AppleWebKit/537.36 (KHTML, like Gecko) Chrome/109.0.0.0 Safari/537.36" www.sbsc.in 199.79.62.221
122.168.80.21 - - [28/Jan/2023:15:14:56 +0000] "GET /cssmenu/styles.css HTTP/2.0" 200 1905 "https://www.sbsc.in/" "Mozilla/5.0 (Windows NT 10.0; Win64; x64) AppleWebKit/537.36 (KHTML, like Gecko) Chrome/109.0.0.0 Safari/537.36" www.sbsc.in 199.79.62.221
122.168.80.21 - - [28/Jan/2023:15:14:56 +0000] "GET /cssmenu/script.js HTTP/2.0" 200 675 "https://www.sbsc.in/" "Mozilla/5.0 (Windows NT 10.0; Win64; x64) AppleWebKit/537.36 (KHTML, like Gecko) Chrome/109.0.0.0 Safari/537.36" www.sbsc.in 199.79.62.221
122.168.80.21 - - [28/Jan/2023:15:14:56 +0000] "GET /js/animation-banner.js HTTP/2.0" 200 964 "https://www.sbsc.in/" "Mozilla/5.0 (Windows NT 10.0; Win64; x64) AppleWebKit/537.36 (KHTML, like Gecko) Chrome/109.0.0.0 Safari/537.36" www.sbsc.in 199.79.62.221
122.168.80.21 - - [28/Jan/2023:15:14:56 +0000] "GET /paytm.jpg HTTP/2.0" 200 7167 "https://www.sbsc.in/" "Mozilla/5.0 (Windows NT 10.0; Win64; x64) AppleWebKit/537.36 (KHTML, like Gecko) Chrome/109.0.0.0 Safari/537.36" www.sbsc.in 199.79.62.221
122.168.80.21 - - [28/Jan/2023:15:14:56 +0000] "GET /images/logo.png HTTP/2.0" 200 36072 "https://www.sbsc.in/" "Mozilla/5.0 (Windows NT 10.0; Win64; x64) AppleWebKit/537.36 (KHTML, like Gecko) Chrome/109.0.0.0 Safari/537.36" www.sbsc.in 199.79.62.221
66.249.75.108 - - [28/Jan/2023:15:14:56 +0000] "GET /internal_assessment.php/internalassessment/assesment-2019/internalassessment/assesment-2021/uploads/pdf/1656060811_Marks_527___Bachelor_of_Arts_(Honours_Course)_(Political_Science),_6,_SEMESTER,_2021-2022-MAY_REGULAR,_IA.pdf HTTP/1.1" 200 43991 "-" "Mozilla/5.0 (Windows NT 10.0; Win64; x64)AppleWebKit/537.36 (KHTML, like Gecko) Chrome/91.0.4472.101 Safari/537.36 (compatible; GoogleOther)" www.sbsc.in 199.79.62.221
122.168.80.21 - - [28/Jan/2023:15:14:56 +0000] "GET /images/phone.png HTTP/2.0" 200 1897 "https://www.sbsc.in/" "Mozilla/5.0 (Windows NT 10.0; Win64; x64) AppleWebKit/537.36 (KHTML, like Gecko) Chrome/109.0.0.0 Safari/537.36" www.sbsc.in 199.79.62.221
122.168.80.21 - - [28/Jan/2023:15:14:56 +0000] "GET /images/email.png HTTP/2.0" 200 1371 "https://www.sbsc.in/" "Mozilla/5.0 (Windows NT 10.0; Win64; x64) AppleWebKit/537.36 (KHTML, like Gecko) Chrome/109.0.0.0 Safari/537.36" www.sbsc.in 199.79.62.221
122.168.80.21 - - [28/Jan/2023:15:14:56 +0000] "GET /images/golden-jubilee-logo.png HTTP/2.0" 200 34899 "https://www.sbsc.in/" "Mozilla/5.0 (Windows NT 10.0; Win64; x64) AppleWebKit/537.36 (KHTML, like Gecko) Chrome/109.0.0.0 Safari/537.36" www.sbsc.in 199.79.62.221
122.168.80.21 - - [28/Jan/2023:15:14:56 +0000] "GET /images/symbol.jpg HTTP/2.0" 200 781 "https://www.sbsc.in/" "Mozilla/5.0 (Windows NT 10.0; Win64; x64) AppleWebKit/537.36 (KHTML, like Gecko) Chrome/109.0.0.0 Safari/537.36" www.sbsc.in 199.79.62.221
122.168.80.21 - - [28/Jan/2023:15:14:56 +0000] "GET /css/bootstrap.min.css HTTP/2.0" 200 27845 "https://www.sbsc.in/" "Mozilla/5.0 (Windows NT 10.0; Win64; x64) AppleWebKit/537.36 (KHTML, like Gecko) Chrome/109.0.0.0 Safari/537.36" www.sbsc.in 199.79.62.221
122.168.80.21 - - [28/Jan/2023:15:14:56 +0000] "GET /images/new.gif HTTP/2.0" 200 2455 "https://www.sbsc.in/" "Mozilla/5.0 (Windows NT 10.0; Win64; x64) AppleWebKit/537.36 (KHTML, like Gecko) Chrome/109.0.0.0 Safari/537.36" www.sbsc.in 199.79.62.221
122.168.80.21 - - [28/Jan/2023:15:14:56 +0000] "GET /images/banner/1.jpg HTTP/2.0" 200 212471 "https://www.sbsc.in/" "Mozilla/5.0 (Windows NT 10.0; Win64; x64) AppleWebKit/537.36 (KHTML, like Gecko) Chrome/109.0.0.0 Safari/537.36" www.sbsc.in 199.79.62.221
66.249.75.106 - - [28/Jan/2023:15:14:57 +0000] "GET /internal_assessment.php/internalassessment/Nov-Dec18/uploads/pdf/internalassessment/assesment-2021/uploads/pdf/1575539197_B.A._(H)_Pol._Science_3rd_Year.pdf HTTP/1.1" 200 43991 "-" "Mozilla/5.0 (Windows NT 10.0; Win64; x64)AppleWebKit/537.36 (KHTML, like Gecko) Chrome/91.0.4472.101 Safari/537.36 (compatible; GoogleOther)" www.sbsc.in 199.79.62.221
66.249.75.108 - - [28/Jan/2023:15:14:57 +0000] "GET /internal_assessment.php/pdf/uploads/pdf/1638185810_Revised_Special_Drive_II_Merit_List_29-11-2021_(UPDATED)_(2).pdf HTTP/1.1" 200 43991 "-" "Mozilla/5.0 (Windows NT 10.0; Win64; x64)AppleWebKit/537.36 (KHTML, like Gecko) Chrome/91.0.4472.101 Safari/537.36 (compatible; GoogleOther)" www.sbsc.in 199.79.62.221
122.168.80.21 - - [28/Jan/2023:15:14:56 +0000] "GET /images/banner/3.jpg HTTP/2.0" 200 207968 "https://www.sbsc.in/" "Mozilla/5.0 (Windows NT 10.0; Win64; x64) AppleWebKit/537.36 (KHTML, like Gecko) Chrome/109.0.0.0 Safari/537.36" www.sbsc.in 199.79.62.221
122.168.80.21 - - [28/Jan/2023:15:14:56 +0000] "GET /images/banner/2.jpg HTTP/2.0" 200 197131 "https://www.sbsc.in/" "Mozilla/5.0 (Windows NT 10.0; Win64; x64) AppleWebKit/537.36 (KHTML, like Gecko) Chrome/109.0.0.0 Safari/537.36" www.sbsc.in 199.79.62.221
122.168.80.21 - - [28/Jan/2023:15:14:56 +0000] "GET /images/banner/4.jpg HTTP/2.0" 200 172167 "https://www.sbsc.in/" "Mozilla/5.0 (Windows NT 10.0; Win64; x64) AppleWebKit/537.36 (KHTML, like Gecko) Chrome/109.0.0.0 Safari/537.36" www.sbsc.in 199.79.62.221
122.168.80.21 - - [28/Jan/2023:15:14:57 +0000] "GET /images/banner/5.jpg HTTP/2.0" 200 170926 "https://www.sbsc.in/" "Mozilla/5.0 (Windows NT 10.0; Win64; x64) AppleWebKit/537.36 (KHTML, like Gecko) Chrome/109.0.0.0 Safari/537.36" www.sbsc.in 199.79.62.221
122.168.80.21 - - [28/Jan/2023:15:15:01 +0000] "GET /images/banner/6.jpg HTTP/2.0" 200 127037 "https://www.sbsc.in/" "Mozilla/5.0 (Windows NT 10.0; Win64; x64) AppleWebKit/537.36 (KHTML, like Gecko) Chrome/109.0.0.0 Safari/537.36" www.sbsc.in 199.79.62.221
193.186.4.136 - - [28/Jan/2023:15:15:07 +0000] "GET / HTTP/2.0" 200 45835 "-" "Mozilla/5.0 (Linux; Android 10; K) AppleWebKit/537.36 (KHTML, like Gecko) Chrome/109.0.0.0 Mobile Safari/537.36" www.sbsc.in 199.79.62.221
66.249.75.106 - - [28/Jan/2023:15:15:13 +0000] "GET /internal_assessment.php/pdf/internalassessment/assesment-2021/uploads/pdf/1625471997_Confidential_Result-2020_compressed.pdf HTTP/1.1" 200 43991 "-" "Mozilla/5.0 (Windows NT 10.0; Win64; x64)AppleWebKit/537.36 (KHTML, like Gecko) Chrome/91.0.4472.101 Safari/537.36 (compatible; GoogleOther)" www.sbsc.in 199.79.62.221
122.168.80.21 - - [28/Jan/2023:15:15:12 +0000] "GET /images/latest_news.png HTTP/2.0" 200 2953 "https://www.sbsc.in/" "Mozilla/5.0 (Windows NT 10.0; Win64; x64) AppleWebKit/537.36 (KHTML, like Gecko) Chrome/109.0.0.0 Safari/537.36" sbsc.in 199.79.62.221
122.168.80.21 - - [28/Jan/2023:15:15:13 +0000] "GET /images/banner/5.jpg HTTP/2.0" 200 170926 "https://www.sbsc.in/" "Mozilla/5.0 (Windows NT 10.0; Win64; x64) AppleWebKit/537.36 (KHTML, like Gecko) Chrome/109.0.0.0 Safari/537.36" www.sbsc.in 199.79.62.221
122.161.50.248 - - [28/Jan/2023:15:15:19 +0000] "GET / HTTP/2.0" 200 45835 "https://www.google.com/" "Mozilla/5.0 (Linux; Android 12; CPH2473) AppleWebKit/537.36 (KHTML, like Gecko) Chrome/109.0.0.0 Mobile Safari/537.36" www.sbsc.in 199.79.62.221
122.168.80.21 - - [28/Jan/2023:15:15:13 +0000] "GET /images/banner/12.jpg HTTP/2.0" 200 153729 "https://www.sbsc.in/" "Mozilla/5.0 (Windows NT 10.0; Win64; x64) AppleWebKit/537.36 (KHTML, like Gecko) Chrome/109.0.0.0 Safari/537.36" www.sbsc.in 199.79.62.221
66.249.75.106 - - [28/Jan/2023:15:15:22 +0000] "GET /internal_assessment.php/pdf/internalassessment/Nov-Dec18/pdf/uploads/pdf/1663583011_Notice.pdf HTTP/1.1" 200 43991 "-" "Mozilla/5.0 (Windows NT 10.0; Win64; x64)AppleWebKit/537.36 (KHTML, like Gecko) Chrome/91.0.4472.101 Safari/537.36 (compatible; GoogleOther)" www.sbsc.in 199.79.62.221
66.249.75.106 - - [28/Jan/2023:15:15:22 +0000] "GET /internal_assessment.php/pdf/pdf/internalassessment/assesment-2021/uploads/pdf/1608979192_B.Com._2nd_Year.pdf HTTP/1.1" 200 43991 "-" "Mozilla/5.0 (Windows NT 10.0; Win64; x64)AppleWebKit/537.36 (KHTML, like Gecko) Chrome/91.0.4472.101 Safari/537.36 (compatible; GoogleOther)" www.sbsc.in 199.79.62.221
122.168.80.21 - - [28/Jan/2023:15:15:13 +0000] "GET /js/jquery.js HTTP/2.0" 200 42291 "https://www.sbsc.in/" "Mozilla/5.0 (Windows NT 10.0; Win64; x64) AppleWebKit/537.36 (KHTML, like Gecko) Chrome/109.0.0.0 Safari/537.36" www.sbsc.in 199.79.62.221
122.168.80.21 - - [28/Jan/2023:15:15:13 +0000] "GET /images/banner/7.jpg HTTP/2.0" 200 179124 "https://www.sbsc.in/" "Mozilla/5.0 (Windows NT 10.0; Win64; x64) AppleWebKit/537.36 (KHTML, like Gecko) Chrome/109.0.0.0 Safari/537.36" www.sbsc.in 199.79.62.221
122.168.80.21 - - [28/Jan/2023:15:15:13 +0000] "GET /images/banner/9.jpg HTTP/2.0" 200 167238 "https://www.sbsc.in/" "Mozilla/5.0 (Windows NT 10.0; Win64; x64) AppleWebKit/537.36 (KHTML, like Gecko) Chrome/109.0.0.0 Safari/537.36" www.sbsc.in 199.79.62.221
122.168.80.21 - - [28/Jan/2023:15:15:13 +0000] "GET /images/tour-img.jpg HTTP/2.0" 200 65976 "https://www.sbsc.in/" "Mozilla/5.0 (Windows NT 10.0; Win64; x64) AppleWebKit/537.36 (KHTML, like Gecko) Chrome/109.0.0.0 Safari/537.36" www.sbsc.in 199.79.62.221
122.168.80.21 - - [28/Jan/2023:15:15:13 +0000] "GET /images/associations.jpg HTTP/2.0" 200 31703 "https://www.sbsc.in/" "Mozilla/5.0 (Windows NT 10.0; Win64; x64) AppleWebKit/537.36 (KHTML, like Gecko) Chrome/109.0.0.0 Safari/537.36" www.sbsc.in 199.79.62.221
122.161.50.248 - - [28/Jan/2023:15:15:24 +0000] "GET /images/placement1.JPG HTTP/2.0" 206 1 "https://www.sbsc.in/" "Mozilla/5.0 (Linux; Android 12; CPH2473) AppleWebKit/537.36 (KHTML, like Gecko) Chrome/109.0.0.0 Mobile Safari/537.36" www.sbsc.in 199.79.62.221
122.168.80.21 - - [28/Jan/2023:15:15:23 +0000] "GET /images/Conference.jpg HTTP/2.0" 200 3631 "https://www.sbsc.in/" "Mozilla/5.0 (Windows NT 10.0; Win64; x64) AppleWebKit/537.36 (KHTML, like Gecko) Chrome/109.0.0.0 Safari/537.36" www.sbsc.in 199.79.62.221
122.168.80.21 - - [28/Jan/2023:15:15:24 +0000] "GET /images/event.jpg HTTP/2.0" 200 3517 "https://www.sbsc.in/" "Mozilla/5.0 (Windows NT 10.0; Win64; x64) AppleWebKit/537.36 (KHTML, like Gecko) Chrome/109.0.0.0 Safari/537.36" www.sbsc.in 199.79.62.221
122.168.80.21 - - [28/Jan/2023:15:15:13 +0000] "GET /images/banner/11.jpg HTTP/2.0" 200 186118 "https://www.sbsc.in/" "Mozilla/5.0 (Windows NT 10.0; Win64; x64) AppleWebKit/537.36 (KHTML, like Gecko) Chrome/109.0.0.0 Safari/537.36" www.sbsc.in 199.79.62.221
122.168.80.21 - - [28/Jan/2023:15:15:13 +0000] "GET /images/IMG-20210727-WA0011.jpg HTTP/2.0" 200 154646 "https://www.sbsc.in/" "Mozilla/5.0 (Windows NT 10.0; Win64; x64) AppleWebKit/537.36 (KHTML, like Gecko) Chrome/109.0.0.0 Safari/537.36" www.sbsc.in 199.79.62.221
122.168.80.21 - - [28/Jan/2023:15:15:13 +0000] "GET /js/bootstrap.min.js HTTP/2.0" 200 13505 "https://www.sbsc.in/" "Mozilla/5.0 (Windows NT 10.0; Win64; x64) AppleWebKit/537.36 (KHTML, like Gecko) Chrome/109.0.0.0 Safari/537.36" www.sbsc.in 199.79.62.221
122.168.80.21 - - [28/Jan/2023:15:15:13 +0000] "GET /images/research-img.jpg HTTP/2.0" 200 3596 "https://www.sbsc.in/" "Mozilla/5.0 (Windows NT 10.0; Win64; x64) AppleWebKit/537.36 (KHTML, like Gecko) Chrome/109.0.0.0 Safari/537.36" www.sbsc.in 199.79.62.221
122.168.80.21 - - [28/Jan/2023:15:15:13 +0000] "GET /images/alumini.jpg HTTP/2.0" 200 50947 "https://www.sbsc.in/" "Mozilla/5.0 (Windows NT 10.0; Win64; x64) AppleWebKit/537.36 (KHTML, like Gecko) Chrome/109.0.0.0 Safari/537.36" www.sbsc.in 199.79.62.221
122.168.80.21 - - [28/Jan/2023:15:15:25 +0000] "GET /images/jubliee-img.jpg HTTP/2.0" 200 88706 "https://www.sbsc.in/" "Mozilla/5.0 (Windows NT 10.0; Win64; x64) AppleWebKit/537.36 (KHTML, like Gecko) Chrome/109.0.0.0 Safari/537.36" www.sbsc.in 199.79.62.221
122.168.80.21 - - [28/Jan/2023:15:15:21 +0000] "GET /images/banner/8.jpg HTTP/2.0" 200 156850 "https://www.sbsc.in/" "Mozilla/5.0 (Windows NT 10.0; Win64; x64) AppleWebKit/537.36 (KHTML, like Gecko) Chrome/109.0.0.0 Safari/537.36" www.sbsc.in 199.79.62.221
122.168.80.21 - - [28/Jan/2023:15:15:25 +0000] "GET /images/banner/6.jpg HTTP/2.0" 200 127037 "https://www.sbsc.in/" "Mozilla/5.0 (Windows NT 10.0; Win64; x64) AppleWebKit/537.36 (KHTML, like Gecko) Chrome/109.0.0.0 Safari/537.36" www.sbsc.in 199.79.62.221
122.168.80.21 - - [28/Jan/2023:15:15:26 +0000] "GET /images/publication-img.jpg HTTP/2.0" 200 4561 "https://www.sbsc.in/" "Mozilla/5.0 (Windows NT 10.0; Win64; x64) AppleWebKit/537.36 (KHTML, like Gecko) Chrome/109.0.0.0 Safari/537.36" www.sbsc.in 199.79.62.221
122.168.80.21 - - [28/Jan/2023:15:15:19 +0000] "GET /images/placement1.JPG HTTP/2.0" 200 343783 "https://www.sbsc.in/" "Mozilla/5.0 (Windows NT 10.0; Win64; x64) AppleWebKit/537.36 (KHTML, like Gecko) Chrome/109.0.0.0 Safari/537.36" www.sbsc.in 199.79.62.221
122.168.80.21 - - [28/Jan/2023:15:15:28 +0000] "GET /images/banner/10.jpg HTTP/2.0" 200 - "https://www.sbsc.in/" "Mozilla/5.0 (Windows NT 10.0; Win64; x64) AppleWebKit/537.36 (KHTML, like Gecko) Chrome/109.0.0.0 Safari/537.36" www.sbsc.in 199.79.62.221
103.155.222.57 - - [28/Jan/2023:15:15:34 +0000] "GET /pdf/resources/1589276839_CONSUMERISM_AND_WASTE_PRODUCTS.pdf HTTP/2.0" 404 355 "https://www.google.com/" "Mozilla/5.0 (Linux; Android 12; moto g52) AppleWebKit/537.36 (KHTML, like Gecko) Chrome/109.0.0.0 Mobile Safari/537.36" www.sbsc.in 199.79.62.221
103.155.222.57 - - [28/Jan/2023:15:15:35 +0000] "GET /favicon.ico HTTP/1.1" 404 355 "https://www.sbsc.in/pdf/resources/1589276839_CONSUMERISM_AND_WASTE_PRODUCTS.pdf" "Mozilla/5.0 (Linux; Android 12; moto g52) AppleWebKit/537.36 (KHTML, like Gecko) Chrome/109.0.0.0 Mobile Safari/537.36" www.sbsc.in 199.79.62.221
72.14.201.140 - - [28/Jan/2023:15:15:35 +0000] "GET / HTTP/2.0" 200 45835 "-" "Mozilla/5.0 (Linux; Android 10; K) AppleWebKit/537.36 (KHTML, like Gecko) Chrome/106.0.0.0 Mobile Safari/537.36" www.sbsc.in 199.79.62.221
103.155.222.57 - - [28/Jan/2023:15:15:35 +0000] "GET /favicon.ico HTTP/2.0" 404 355 "https://www.sbsc.in/pdf/resources/1589276839_CONSUMERISM_AND_WASTE_PRODUCTS.pdf" "Mozilla/5.0 (Linux; Android 12; moto g52) AppleWebKit/537.36 (KHTML, like Gecko) Chrome/109.0.0.0 Mobile Safari/537.36" www.sbsc.in 199.79.62.221
20.70.79.141 - - [28/Jan/2023:15:15:50 +0000] "GET / HTTP/2.0" 200 45835 "-" "Mozilla/5.0 (Windows NT 10.0; Win64; x64; rv:81.0) Gecko/20100101 Firefox/81.0" www.sbsc.in 199.79.62.221
66.249.75.106 - - [28/Jan/2023:15:15:55 +0000] "GET /pdf/resources/1587985025_FINANCIAL_DERIVATIVES.pdf HTTP/1.1" 404 355 "-" "Mozilla/5.0 (Linux; Android 6.0.1; Nexus 5X Build/MMB29P) AppleWebKit/537.36 (KHTML, like Gecko) Chrome/109.0.5414.101 Mobile Safari/537.36 (compatible; Googlebot/2.1; +http://www.google.com/bot.html)" www.sbsc.in 199.79.62.221
122.161.50.248 - - [28/Jan/2023:15:15:25 +0000] "GET /images/placement1.JPG HTTP/2.0" 206 9530909 "https://www.sbsc.in/" "Mozilla/5.0 (Linux; Android 12; CPH2473) AppleWebKit/537.36 (KHTML, like Gecko) Chrome/109.0.0.0 Mobile Safari/537.36" www.sbsc.in 199.79.62.221
95.111.230.143 - - [28/Jan/2023:15:16:22 +0000] "GET / HTTP/1.1" 200 45835 "https://www.sbsc.in/" "Mozilla/5.0 (Windows NT 10.0; WOW64; Rv:50.0) Gecko/20100101 Firefox/50.0" www.sbsc.in 199.79.62.221
95.111.230.143 - - [28/Jan/2023:15:16:22 +0000] "GET / HTTP/1.1" 200 45835 "https://www.sbsc.in/" "Mozilla/5.0 (Windows NT 10.0; WOW64; Rv:50.0) Gecko/20100101 Firefox/50.0" www.sbsc.in 199.79.62.221
66.249.75.110 - - [28/Jan/2023:15:16:29 +0000] "GET /pdf/resources/1587021438_The_classical_Case.ppt HTTP/1.1" 404 355 "-" "Mozilla/5.0 (Linux; Android 6.0.1; Nexus 5X Build/MMB29P) AppleWebKit/537.36 (KHTML, like Gecko) Chrome/109.0.5414.101 Mobile Safari/537.36 (compatible; Googlebot/2.1; +http://www.google.com/bot.html)" www.sbsc.in 199.79.62.221
66.249.75.110 - - [28/Jan/2023:15:16:29 +0000] "GET /pdf/resources/1587021438_The_classical_Case.ppt HTTP/1.1" 404 355 "-" "Mozilla/5.0 (Linux; Android 6.0.1; Nexus 5X Build/MMB29P) AppleWebKit/537.36 (KHTML, like Gecko) Chrome/109.0.5414.101 Mobile Safari/537.36 (compatible; Googlebot/2.1; +http://www.google.com/bot.html)" www.sbsc.in 199.79.62.221
122.161.50.248 - - [28/Jan/2023:15:13:44 +0000] "GET /images/placement1.JPG HTTP/2.0" 206 130753 "https://www.sbsc.in/" "Mozilla/5.0 (Linux; Android 12; CPH2473) AppleWebKit/537.36 (KHTML, like Gecko) Chrome/109.0.0.0 Mobile Safari/537.36" www.sbsc.in 199.79.62.221
193.186.4.138 - - [28/Jan/2023:15:16:54 +0000] "GET /about-library.php HTTP/1.1" 200 6409 "-" "Mozilla/5.0 (Linux; Android 10; K) AppleWebKit/537.36 (KHTML, like Gecko) Chrome/109.0.0.0 Mobile Safari/537.36" www.sbsc.in 199.79.62.221
193.186.4.138 - - [28/Jan/2023:15:16:54 +0000] "GET /about-library.php HTTP/2.0" 200 6409 "-" "Mozilla/5.0 (Linux; Android 10; K) AppleWebKit/537.36 (KHTML, like Gecko) Chrome/109.0.0.0 Mobile Safari/537.36" www.sbsc.in 199.79.62.221
49.42.95.4 - - [28/Jan/2023:15:14:43 +0000] "GET /uploads/pdf/1644828689_Marks_504___Bachelor_of_Commerce_(Honours_Course),_3,_SEMESTER,_2021-2022-DECEMBER_REGULAR,_IA.pdf HTTP/2.0" 206 761974 "https://www.google.com/" "Mozilla/5.0 (Linux; Android 12; M2101K7BI) AppleWebKit/537.36 (KHTML, like Gecko) Chrome/109.0.0.0 Mobile Safari/537.36" www.sbsc.in 199.79.62.221
193.186.4.141 - - [28/Jan/2023:15:16:55 +0000] "GET /library.php HTTP/1.1" 200 46087 "-" "Mozilla/5.0 (Linux; Android 10; K) AppleWebKit/537.36 (KHTML, like Gecko) Chrome/109.0.0.0 Mobile Safari/537.36" www.sbsc.in 199.79.62.221
193.186.4.141 - - [28/Jan/2023:15:16:55 +0000] "GET /library.php HTTP/2.0" 200 46087 "-" "Mozilla/5.0 (Linux; Android 10; K) AppleWebKit/537.36 (KHTML, like Gecko) Chrome/109.0.0.0 Mobile Safari/537.36" www.sbsc.in 199.79.62.221
122.161.50.248 - - [28/Jan/2023:15:16:57 +0000] "GET /department-list.php HTTP/1.1" 200 6937 "https://www.sbsc.in/" "Mozilla/5.0 (Linux; Android 12; CPH2473) AppleWebKit/537.36 (KHTML, like Gecko) Chrome/109.0.0.0 Mobile Safari/537.36" www.sbsc.in 199.79.62.221
122.161.50.248 - - [28/Jan/2023:15:16:57 +0000] "GET /department-list.php HTTP/2.0" 200 6937 "https://www.sbsc.in/" "Mozilla/5.0 (Linux; Android 12; CPH2473) AppleWebKit/537.36 (KHTML, like Gecko) Chrome/109.0.0.0 Mobile Safari/537.36" www.sbsc.in 199.79.62.221
122.161.50.248 - - [28/Jan/2023:15:17:19 +0000] "GET /department-list.php HTTP/1.1" 200 6937 "https://www.sbsc.in/" "Mozilla/5.0 (Linux; Android 12; CPH2473) AppleWebKit/537.36 (KHTML, like Gecko) Chrome/109.0.0.0 Mobile Safari/537.36" www.sbsc.in 199.79.62.221
122.161.50.248 - - [28/Jan/2023:15:17:19 +0000] "GET /department-list.php HTTP/2.0" 200 6937 "https://www.sbsc.in/" "Mozilla/5.0 (Linux; Android 12; CPH2473) AppleWebKit/537.36 (KHTML, like Gecko) Chrome/109.0.0.0 Mobile Safari/537.36" www.sbsc.in 199.79.62.221
122.161.50.248 - - [28/Jan/2023:15:17:26 +0000] "GET /teacher-list.php?Department=10 HTTP/1.1" 200 7919 "https://www.sbsc.in/department-list.php" "Mozilla/5.0 (Linux; Android 12; CPH2473) AppleWebKit/537.36 (KHTML, like Gecko) Chrome/109.0.0.0 Mobile Safari/537.36" www.sbsc.in 199.79.62.221
122.161.50.248 - - [28/Jan/2023:15:17:26 +0000] "GET /teacher-list.php?Department=10 HTTP/2.0" 200 7919 "https://www.sbsc.in/department-list.php" "Mozilla/5.0 (Linux; Android 12; CPH2473) AppleWebKit/537.36 (KHTML, like Gecko) Chrome/109.0.0.0 Mobile Safari/537.36" www.sbsc.in 199.79.62.221
49.42.80.101 - - [28/Jan/2023:15:13:41 +0000] "GET /uploads/pdf/1644828689_Marks_504___Bachelor_of_Commerce_(Honours_Course),_3,_SEMESTER,_2021-2022-DECEMBER_REGULAR,_IA.pdf HTTP/2.0" 200 1187724 "https://www.google.com/" "Mozilla/5.0 (Linux; Android 12; M2101K7BI) AppleWebKit/537.36 (KHTML, like Gecko) Chrome/109.0.0.0 Mobile Safari/537.36" www.sbsc.in 199.79.62.221
103.220.208.42 - - [28/Jan/2023:15:18:27 +0000] "GET /pdf/resources/1589527663_CYBER_CONTRAVENTIONS_AND_OFFENCES.pdf HTTP/2.0" 404 355 "https://www.google.com/" "Mozilla/5.0 (Linux; Android 13; V2130) AppleWebKit/537.36 (KHTML, like Gecko) Chrome/109.0.0.0 Mobile Safari/537.36" www.sbsc.in 199.79.62.221
103.220.208.42 - - [28/Jan/2023:15:18:28 +0000] "GET /favicon.ico HTTP/1.1" 404 355 "https://www.sbsc.in/pdf/resources/1589527663_CYBER_CONTRAVENTIONS_AND_OFFENCES.pdf" "Mozilla/5.0 (Linux; Android 13; V2130) AppleWebKit/537.36 (KHTML, like Gecko) Chrome/109.0.0.0 Mobile Safari/537.36" www.sbsc.in 199.79.62.221
175.176.10.252 - - [28/Jan/2023:15:18:31 +0000] "GET /pdf/resources/1587720767_meaning_and_theories_of_corporate_Governance_by_Dr_Noopur.pdf HTTP/2.0" 404 355 "https://www.google.com/" "Mozilla/5.0 (Linux; Android 12; CPH2477) AppleWebKit/537.36 (KHTML, like Gecko) Chrome/109.0.0.0 Mobile Safari/537.36" www.sbsc.in 199.79.62.221
175.176.10.252 - - [28/Jan/2023:15:18:31 +0000] "GET /favicon.ico HTTP/1.1" 404 355 "https://www.sbsc.in/pdf/resources/1587720767_meaning_and_theories_of_corporate_Governance_by_Dr_Noopur.pdf" "Mozilla/5.0 (Linux; Android 12; CPH2477) AppleWebKit/537.36 (KHTML, like Gecko) Chrome/109.0.0.0 Mobile Safari/537.36" www.sbsc.in 199.79.62.221
103.220.208.42 - - [28/Jan/2023:15:18:28 +0000] "GET /favicon.ico HTTP/2.0" 404 355 "https://www.sbsc.in/pdf/resources/1589527663_CYBER_CONTRAVENTIONS_AND_OFFENCES.pdf" "Mozilla/5.0 (Linux; Android 13; V2130) AppleWebKit/537.36 (KHTML, like Gecko) Chrome/109.0.0.0 Mobile Safari/537.36" www.sbsc.in 199.79.62.221
103.197.227.38 - - [28/Jan/2023:15:18:33 +0000] "GET /pdf/resources/1588766398_AUG14010111.pdf HTTP/2.0" 404 355 "https://www.google.com/" "Mozilla/5.0 (Linux; Android 12; Redmi Note 9 Pro) AppleWebKit/537.36 (KHTML, like Gecko) Chrome/107.0.0.0 Mobile Safari/537.36" www.sbsc.in 199.79.62.221
103.197.227.38 - - [28/Jan/2023:15:18:34 +0000] "GET /favicon.ico HTTP/1.1" 404 355 "https://www.sbsc.in/pdf/resources/1588766398_AUG14010111.pdf" "Mozilla/5.0 (Linux; Android 12; Redmi Note 9 Pro) AppleWebKit/537.36 (KHTML, like Gecko) Chrome/107.0.0.0 Mobile Safari/537.36" www.sbsc.in 199.79.62.221
175.176.10.252 - - [28/Jan/2023:15:18:31 +0000] "GET /favicon.ico HTTP/2.0" 404 355 "https://www.sbsc.in/pdf/resources/1587720767_meaning_and_theories_of_corporate_Governance_by_Dr_Noopur.pdf" "Mozilla/5.0 (Linux; Android 12; CPH2477) AppleWebKit/537.36 (KHTML, like Gecko) Chrome/109.0.0.0 Mobile Safari/537.36" www.sbsc.in 199.79.62.221
103.197.227.38 - - [28/Jan/2023:15:18:34 +0000] "GET /favicon.ico HTTP/2.0" 404 355 "https://www.sbsc.in/pdf/resources/1588766398_AUG14010111.pdf" "Mozilla/5.0 (Linux; Android 12; Redmi Note 9 Pro) AppleWebKit/537.36 (KHTML, like Gecko) Chrome/107.0.0.0 Mobile Safari/537.36" www.sbsc.in 199.79.62.221
66.249.75.108 - - [28/Jan/2023:15:18:43 +0000] "GET /internal_assessment.php/uploads/pdf/internalassessment/assesment-2021/uploads/pdf/1649840491_Notice.pdf HTTP/1.1" 200 43991 "-" "Mozilla/5.0 (Linux; Android 6.0.1; Nexus 5X Build/MMB29P) AppleWebKit/537.36 (KHTML, like Gecko) Chrome/109.0.5414.101 Mobile Safari/537.36 (compatible; Googlebot/2.1; +http://www.google.com/bot.html)" www.sbsc.in 199.79.62.221
122.161.50.248 - - [28/Jan/2023:15:18:57 +0000] "GET /department-list.php HTTP/1.1" 200 6937 "https://www.sbsc.in/" "Mozilla/5.0 (Linux; Android 12; CPH2473) AppleWebKit/537.36 (KHTML, like Gecko) Chrome/109.0.0.0 Mobile Safari/537.36" www.sbsc.in 199.79.62.221
103.220.208.42 - - [28/Jan/2023:15:18:55 +0000] "GET /pdf/resources/1589527663_CYBER_CONTRAVENTIONS_AND_OFFENCES.pdf HTTP/2.0" 404 355 "https://www.google.com/" "Mozilla/5.0 (Linux; Android 13; V2130) AppleWebKit/537.36 (KHTML, like Gecko) Chrome/109.0.0.0 Mobile Safari/537.36" www.sbsc.in 199.79.62.221
122.161.50.248 - - [28/Jan/2023:15:18:57 +0000] "GET /department-list.php HTTP/2.0" 200 6937 "https://www.sbsc.in/" "Mozilla/5.0 (Linux; Android 12; CPH2473) AppleWebKit/537.36 (KHTML, like Gecko) Chrome/109.0.0.0 Mobile Safari/537.36" www.sbsc.in 199.79.62.221
106.203.78.245 - - [28/Jan/2023:15:19:06 +0000] "GET /pdf/resources/1586620838_Job_Costing(Q).pdf HTTP/2.0" 404 355 "https://www.google.com/" "Mozilla/5.0 (iPhone; CPU iPhone OS 16_2 like Mac OS X) AppleWebKit/605.1.15 (KHTML, like Gecko) CriOS/109.0.5414.83 Mobile/15E148 Safari/604.1" www.sbsc.in 199.79.62.221
106.203.78.245 - - [28/Jan/2023:15:19:10 +0000] "GET /favicon.ico HTTP/1.1" 404 355 "-" "Mozilla/5.0 (iPhone; CPU iPhone OS 16_2 like Mac OS X) AppleWebKit/605.1.15 (KHTML, like Gecko) CriOS/109.0.5414.83 Mobile/15E148 Safari/604.1" www.sbsc.in 199.79.62.221
207.46.13.69 - - [28/Jan/2023:15:19:10 +0000] "GET /internal_assessment.php/internalassessment/internalassessment/assesment-2021/pdf/uploads/pdf/1608978493_B.A._(Hons.)_History_2nd_Year.pdf HTTP/2.0" 200 43991 "-" "Mozilla/5.0 AppleWebKit/537.36 (KHTML, like Gecko; compatible; bingbot/2.0; +http://www.bing.com/bingbot.htm) Chrome/103.0.5060.134 Safari/537.36" www.sbsc.in 199.79.62.221
106.203.78.245 - - [28/Jan/2023:15:19:09 +0000] "GET /favicon.ico HTTP/2.0" 404 355 "-" "Mozilla/5.0 (iPhone; CPU iPhone OS 16_2 like Mac OS X) AppleWebKit/605.1.15 (KHTML, like Gecko) CriOS/109.0.5414.83 Mobile/15E148 Safari/604.1" www.sbsc.in 199.79.62.221
66.249.75.108 - - [28/Jan/2023:15:19:22 +0000] "GET /cut-off.php HTTP/1.1" 200 42526 "-" "Mozilla/5.0 (Linux; Android 6.0.1; Nexus 5X Build/MMB29P) AppleWebKit/537.36 (KHTML, like Gecko) Chrome/109.0.5414.101 Mobile Safari/537.36 (compatible; Googlebot/2.1; +http://www.google.com/bot.html)" www.sbsc.in 199.79.62.221
20.66.21.107 - - [28/Jan/2023:15:19:24 +0000] "GET /view-all.php HTTP/2.0" 200 74210 "-" "Mozilla/5.0 (Windows NT 10.0; Win64; x64; rv:81.0) Gecko/20100101 Firefox/81.0" www.sbsc.in 199.79.62.221
66.249.75.106 - - [28/Jan/2023:15:19:57 +0000] "GET /ward-quota.php HTTP/1.1" 200 43031 "-" "Mozilla/5.0 (Linux; Android 6.0.1; Nexus 5X Build/MMB29P) AppleWebKit/537.36 (KHTML, like Gecko) Chrome/109.0.5414.101 Mobile Safari/537.36 (compatible; Googlebot/2.1; +http://www.google.com/bot.html)" www.sbsc.in 199.79.62.221
66.249.75.106 - - [28/Jan/2023:15:19:57 +0000] "GET /ward-quota.php HTTP/1.1" 200 43031 "-" "Mozilla/5.0 (Linux; Android 6.0.1; Nexus 5X Build/MMB29P) AppleWebKit/537.36 (KHTML, like Gecko) Chrome/109.0.5414.101 Mobile Safari/537.36 (compatible; Googlebot/2.1; +http://www.google.com/bot.html)" www.sbsc.in 199.79.62.221
31.148.131.197 - - [28/Jan/2023:15:20:18 +0000] "GET /uploads/pdf/1603035127_Undertaking.pdf HTTP/1.1" 200 322370 "-" "Mozilla/5.0 (Macintosh; Intel Mac OS X 10_14_6) AppleWebKit/537.36 (KHTML, like Gecko) Chrome/105.0.0.0 Safari/537.36 OPR/91.0.4516.77" www.sbsc.in 199.79.62.221
103.220.208.42 - - [28/Jan/2023:15:20:20 +0000] "GET /pdf/resources/1589527663_CYBER_CONTRAVENTIONS_AND_OFFENCES.pdf HTTP/2.0" 404 355 "https://www.google.com/" "Mozilla/5.0 (Linux; Android 13; V2130) AppleWebKit/537.36 (KHTML, like Gecko) Chrome/109.0.0.0 Mobile Safari/537.36" www.sbsc.in 199.79.62.221
103.220.208.42 - - [28/Jan/2023:15:20:39 +0000] "GET /pdf/resources/1589527663_CYBER_CONTRAVENTIONS_AND_OFFENCES.pdf HTTP/2.0" 404 355 "https://www.google.com/" "Mozilla/5.0 (Linux; Android 13; V2130) AppleWebKit/537.36 (KHTML, like Gecko) Chrome/109.0.0.0 Mobile Safari/537.36" www.sbsc.in 199.79.62.221
20.70.79.141 - - [28/Jan/2023:15:20:50 +0000] "GET / HTTP/1.1" 200 45835 "-" "Mozilla/5.0 (Windows NT 10.0; Win64; x64; rv:81.0) Gecko/20100101 Firefox/81.0" www.sbsc.in 199.79.62.221
20.70.79.141 - - [28/Jan/2023:15:20:50 +0000] "GET / HTTP/2.0" 200 45835 "-" "Mozilla/5.0 (Windows NT 10.0; Win64; x64; rv:81.0) Gecko/20100101 Firefox/81.0" www.sbsc.in 199.79.62.221
122.162.145.32 - - [28/Jan/2023:15:21:19 +0000] "GET /pdf/resources/1588295074_ALTERNATIVE_REALITIES_LOVE_IN_THE_LIVES_OF_MUSLIM_WOMEN.pdf HTTP/2.0" 404 355 "-" "Mozilla/5.0 (iPad; CPU OS 12_5_6 like Mac OS X) AppleWebKit/605.1.15 (KHTML, like Gecko) Version/12.1.2 Mobile/15E148 Safari/604.1" www.sbsc.in 199.79.62.221
122.162.145.32 - - [28/Jan/2023:15:21:20 +0000] "GET /apple-touch-icon-152x152-precomposed.png HTTP/2.0" 404 355 "-" "MobileSafari/604.1 CFNetwork/978.0.7 Darwin/18.7.0" www.sbsc.in 199.79.62.221
122.162.145.32 - - [28/Jan/2023:15:21:20 +0000] "GET /apple-touch-icon-152x152.png HTTP/2.0" 404 355 "-" "MobileSafari/604.1 CFNetwork/978.0.7 Darwin/18.7.0" www.sbsc.in 199.79.62.221
122.162.145.32 - - [28/Jan/2023:15:21:21 +0000] "GET /apple-touch-icon-precomposed.png HTTP/2.0" 404 355 "-" "MobileSafari/604.1 CFNetwork/978.0.7 Darwin/18.7.0" www.sbsc.in 199.79.62.221
122.162.145.32 - - [28/Jan/2023:15:21:21 +0000] "GET /apple-touch-icon.png HTTP/2.0" 404 355 "-" "MobileSafari/604.1 CFNetwork/978.0.7 Darwin/18.7.0" www.sbsc.in 199.79.62.221
122.162.145.32 - - [28/Jan/2023:15:21:21 +0000] "GET /favicon.ico HTTP/1.1" 404 355 "-" "MobileSafari/604.1 CFNetwork/978.0.7 Darwin/18.7.0" www.sbsc.in 199.79.62.221
122.162.145.32 - - [28/Jan/2023:15:21:21 +0000] "GET /favicon.ico HTTP/2.0" 404 355 "-" "MobileSafari/604.1 CFNetwork/978.0.7 Darwin/18.7.0" www.sbsc.in 199.79.62.221
122.162.145.32 - - [28/Jan/2023:15:21:22 +0000] "GET /apple-touch-icon-152x152-precomposed.png HTTP/2.0" 404 355 "-" "MobileSafari/604.1 CFNetwork/978.0.7 Darwin/18.7.0" www.sbsc.in 199.79.62.221
122.162.145.32 - - [28/Jan/2023:15:21:22 +0000] "GET /apple-touch-icon-152x152.png HTTP/2.0" 404 355 "-" "MobileSafari/604.1 CFNetwork/978.0.7 Darwin/18.7.0" www.sbsc.in 199.79.62.221
122.162.145.32 - - [28/Jan/2023:15:21:22 +0000] "GET /apple-touch-icon-precomposed.png HTTP/2.0" 404 355 "-" "MobileSafari/604.1 CFNetwork/978.0.7 Darwin/18.7.0" www.sbsc.in 199.79.62.221
122.162.145.32 - - [28/Jan/2023:15:21:22 +0000] "GET /apple-touch-icon.png HTTP/2.0" 404 355 "-" "MobileSafari/604.1 CFNetwork/978.0.7 Darwin/18.7.0" www.sbsc.in 199.79.62.221
122.162.145.32 - - [28/Jan/2023:15:21:23 +0000] "GET /favicon.ico HTTP/1.1" 404 355 "-" "MobileSafari/604.1 CFNetwork/978.0.7 Darwin/18.7.0" www.sbsc.in 199.79.62.221
122.162.145.32 - - [28/Jan/2023:15:21:23 +0000] "GET /favicon.ico HTTP/2.0" 404 355 "-" "MobileSafari/604.1 CFNetwork/978.0.7 Darwin/18.7.0" www.sbsc.in 199.79.62.221
138.246.253.24 - - [28/Jan/2023:15:21:45 +0000] "GET /___proxy_subdomain_webmail/robots.txt HTTP/1.1" 404 - "-" "Mozilla/5.0 (Windows NT 10.0; Win64; x64) AppleWebKit/537.36 (KHTML, like Gecko) Chrome/103.0.5060.134 Safari/537.36" webmail.sbsc.in 199.79.62.221
138.246.253.24 - - [28/Jan/2023:15:21:45 +0000] "GET /robots.txt HTTP/1.1" 404 315 "-" "Mozilla/5.0 (Windows NT 10.0; Win64; x64) AppleWebKit/537.36 (KHTML, like Gecko) Chrome/103.0.5060.134 Safari/537.36" webmail.sbsc.in 199.79.62.221
103.240.234.114 - - [28/Jan/2023:15:22:27 +0000] "GET / HTTP/2.0" 200 45835 "https://www.google.com/" "Mozilla/5.0 (Linux; Android 12; 2201117TI) AppleWebKit/537.36 (KHTML, like Gecko) Chrome/109.0.0.0 Mobile Safari/537.36" www.sbsc.in 199.79.62.221
103.240.234.114 - - [28/Jan/2023:15:22:28 +0000] "GET /css/style.css HTTP/2.0" 200 2565 "https://www.sbsc.in/" "Mozilla/5.0 (Linux; Android 12; 2201117TI) AppleWebKit/537.36 (KHTML, like Gecko) Chrome/109.0.0.0 Mobile Safari/537.36" www.sbsc.in 199.79.62.221
103.240.234.114 - - [28/Jan/2023:15:22:28 +0000] "GET /css/style-new.css HTTP/2.0" 200 352 "https://www.sbsc.in/" "Mozilla/5.0 (Linux; Android 12; 2201117TI) AppleWebKit/537.36 (KHTML, like Gecko) Chrome/109.0.0.0 Mobile Safari/537.36" www.sbsc.in 199.79.62.221
103.240.234.114 - - [28/Jan/2023:15:22:28 +0000] "GET /cssmenu/styles.css HTTP/2.0" 200 1905 "https://www.sbsc.in/" "Mozilla/5.0 (Linux; Android 12; 2201117TI) AppleWebKit/537.36 (KHTML, like Gecko) Chrome/109.0.0.0 Mobile Safari/537.36" www.sbsc.in 199.79.62.221
103.240.234.114 - - [28/Jan/2023:15:22:28 +0000] "GET /css/bootstrap.min.css HTTP/2.0" 200 27845 "https://www.sbsc.in/" "Mozilla/5.0 (Linux; Android 12; 2201117TI) AppleWebKit/537.36 (KHTML, like Gecko) Chrome/109.0.0.0 Mobile Safari/537.36" www.sbsc.in 199.79.62.221
103.240.234.114 - - [28/Jan/2023:15:22:28 +0000] "GET /cssmenu/script.js HTTP/2.0" 200 675 "https://www.sbsc.in/" "Mozilla/5.0 (Linux; Android 12; 2201117TI) AppleWebKit/537.36 (KHTML, like Gecko) Chrome/109.0.0.0 Mobile Safari/537.36" www.sbsc.in 199.79.62.221
103.240.234.114 - - [28/Jan/2023:15:22:28 +0000] "GET /js/animation-banner.js HTTP/2.0" 200 964 "https://www.sbsc.in/" "Mozilla/5.0 (Linux; Android 12; 2201117TI) AppleWebKit/537.36 (KHTML, like Gecko) Chrome/109.0.0.0 Mobile Safari/537.36" www.sbsc.in 199.79.62.221
103.240.234.114 - - [28/Jan/2023:15:22:29 +0000] "GET /js/bootstrap.min.js HTTP/2.0" 200 13505 "https://www.sbsc.in/" "Mozilla/5.0 (Linux; Android 12; 2201117TI) AppleWebKit/537.36 (KHTML, like Gecko) Chrome/109.0.0.0 Mobile Safari/537.36" www.sbsc.in 199.79.62.221
103.240.234.114 - - [28/Jan/2023:15:22:29 +0000] "GET /js/jquery.js HTTP/2.0" 200 42291 "https://www.sbsc.in/" "Mozilla/5.0 (Linux; Android 12; 2201117TI) AppleWebKit/537.36 (KHTML, like Gecko) Chrome/109.0.0.0 Mobile Safari/537.36" www.sbsc.in 199.79.62.221
223.185.143.3 - - [28/Jan/2023:15:23:19 +0000] "GET / HTTP/2.0" 200 45835 "https://www.google.com/" "Mozilla/5.0 (Linux; Android 13; SM-M336BU) AppleWebKit/537.36 (KHTML, like Gecko) Chrome/109.0.0.0 Mobile Safari/537.36" www.sbsc.in 199.79.62.221
223.185.143.3 - - [28/Jan/2023:15:23:20 +0000] "GET /css/bootstrap.min.css HTTP/2.0" 200 27845 "https://www.sbsc.in/" "Mozilla/5.0 (Linux; Android 13; SM-M336BU) AppleWebKit/537.36 (KHTML, like Gecko) Chrome/109.0.0.0 Mobile Safari/537.36" www.sbsc.in 199.79.62.221
223.185.143.3 - - [28/Jan/2023:15:23:20 +0000] "GET /css/style.css HTTP/2.0" 200 2565 "https://www.sbsc.in/" "Mozilla/5.0 (Linux; Android 13; SM-M336BU) AppleWebKit/537.36 (KHTML, like Gecko) Chrome/109.0.0.0 Mobile Safari/537.36" www.sbsc.in 199.79.62.221
223.185.143.3 - - [28/Jan/2023:15:23:20 +0000] "GET /css/style-new.css HTTP/2.0" 200 352 "https://www.sbsc.in/" "Mozilla/5.0 (Linux; Android 13; SM-M336BU) AppleWebKit/537.36 (KHTML, like Gecko) Chrome/109.0.0.0 Mobile Safari/537.36" www.sbsc.in 199.79.62.221
223.185.143.3 - - [28/Jan/2023:15:23:20 +0000] "GET /cssmenu/styles.css HTTP/2.0" 200 1905 "https://www.sbsc.in/" "Mozilla/5.0 (Linux; Android 13; SM-M336BU) AppleWebKit/537.36 (KHTML, like Gecko) Chrome/109.0.0.0 Mobile Safari/537.36" www.sbsc.in 199.79.62.221
223.185.143.3 - - [28/Jan/2023:15:23:20 +0000] "GET /js/animation-banner.js HTTP/2.0" 200 964 "https://www.sbsc.in/" "Mozilla/5.0 (Linux; Android 13; SM-M336BU) AppleWebKit/537.36 (KHTML, like Gecko) Chrome/109.0.0.0 Mobile Safari/537.36" www.sbsc.in 199.79.62.221
223.185.143.3 - - [28/Jan/2023:15:23:20 +0000] "GET /cssmenu/script.js HTTP/2.0" 200 675 "https://www.sbsc.in/" "Mozilla/5.0 (Linux; Android 13; SM-M336BU) AppleWebKit/537.36 (KHTML, like Gecko) Chrome/109.0.0.0 Mobile Safari/537.36" www.sbsc.in 199.79.62.221
223.185.143.3 - - [28/Jan/2023:15:23:22 +0000] "GET /js/jquery.js HTTP/2.0" 200 42291 "https://www.sbsc.in/" "Mozilla/5.0 (Linux; Android 13; SM-M336BU) AppleWebKit/537.36 (KHTML, like Gecko) Chrome/109.0.0.0 Mobile Safari/537.36" www.sbsc.in 199.79.62.221
223.185.143.3 - - [28/Jan/2023:15:23:22 +0000] "GET /js/bootstrap.min.js HTTP/2.0" 200 13505 "https://www.sbsc.in/" "Mozilla/5.0 (Linux; Android 13; SM-M336BU) AppleWebKit/537.36 (KHTML, like Gecko) Chrome/109.0.0.0 Mobile Safari/537.36" www.sbsc.in 199.79.62.221
223.185.143.3 - - [28/Jan/2023:15:23:22 +0000] "GET /paytm.jpg HTTP/2.0" 200 7167 "https://www.sbsc.in/" "Mozilla/5.0 (Linux; Android 13; SM-M336BU) AppleWebKit/537.36 (KHTML, like Gecko) Chrome/109.0.0.0 Mobile Safari/537.36" www.sbsc.in 199.79.62.221
223.185.143.3 - - [28/Jan/2023:15:23:22 +0000] "GET /images/email.png HTTP/2.0" 200 1371 "https://www.sbsc.in/" "Mozilla/5.0 (Linux; Android 13; SM-M336BU) AppleWebKit/537.36 (KHTML, like Gecko) Chrome/109.0.0.0 Mobile Safari/537.36" www.sbsc.in 199.79.62.221
223.185.143.3 - - [28/Jan/2023:15:23:22 +0000] "GET /images/golden-jubilee-logo.png HTTP/2.0" 200 34899 "https://www.sbsc.in/" "Mozilla/5.0 (Linux; Android 13; SM-M336BU) AppleWebKit/537.36 (KHTML, like Gecko) Chrome/109.0.0.0 Mobile Safari/537.36" www.sbsc.in 199.79.62.221
223.185.143.3 - - [28/Jan/2023:15:23:22 +0000] "GET /images/new.gif HTTP/2.0" 200 2455 "https://www.sbsc.in/" "Mozilla/5.0 (Linux; Android 13; SM-M336BU) AppleWebKit/537.36 (KHTML, like Gecko) Chrome/109.0.0.0 Mobile Safari/537.36" www.sbsc.in 199.79.62.221
223.185.143.3 - - [28/Jan/2023:15:23:22 +0000] "GET /images/phone.png HTTP/2.0" 200 1897 "https://www.sbsc.in/" "Mozilla/5.0 (Linux; Android 13; SM-M336BU) AppleWebKit/537.36 (KHTML, like Gecko) Chrome/109.0.0.0 Mobile Safari/537.36" www.sbsc.in 199.79.62.221
223.185.143.3 - - [28/Jan/2023:15:23:22 +0000] "GET /images/logo.png HTTP/2.0" 200 36072 "https://www.sbsc.in/" "Mozilla/5.0 (Linux; Android 13; SM-M336BU) AppleWebKit/537.36 (KHTML, like Gecko) Chrome/109.0.0.0 Mobile Safari/537.36" www.sbsc.in 199.79.62.221
223.185.143.3 - - [28/Jan/2023:15:23:22 +0000] "GET /images/symbol.jpg HTTP/2.0" 200 781 "https://www.sbsc.in/" "Mozilla/5.0 (Linux; Android 13; SM-M336BU) AppleWebKit/537.36 (KHTML, like Gecko) Chrome/109.0.0.0 Mobile Safari/537.36" www.sbsc.in 199.79.62.221
223.185.143.3 - - [28/Jan/2023:15:23:22 +0000] "GET /images/banner/1.jpg HTTP/2.0" 200 212471 "https://www.sbsc.in/" "Mozilla/5.0 (Linux; Android 13; SM-M336BU) AppleWebKit/537.36 (KHTML, like Gecko) Chrome/109.0.0.0 Mobile Safari/537.36" www.sbsc.in 199.79.62.221
223.185.143.3 - - [28/Jan/2023:15:23:22 +0000] "GET /images/banner/2.jpg HTTP/2.0" 200 197131 "https://www.sbsc.in/" "Mozilla/5.0 (Linux; Android 13; SM-M336BU) AppleWebKit/537.36 (KHTML, like Gecko) Chrome/109.0.0.0 Mobile Safari/537.36" www.sbsc.in 199.79.62.221
223.185.143.3 - - [28/Jan/2023:15:23:23 +0000] "GET /images/banner/3.jpg HTTP/2.0" 200 207968 "https://www.sbsc.in/" "Mozilla/5.0 (Linux; Android 13; SM-M336BU) AppleWebKit/537.36 (KHTML, like Gecko) Chrome/109.0.0.0 Mobile Safari/537.36" www.sbsc.in 199.79.62.221
223.185.143.3 - - [28/Jan/2023:15:23:23 +0000] "GET /images/banner/4.jpg HTTP/2.0" 200 172167 "https://www.sbsc.in/" "Mozilla/5.0 (Linux; Android 13; SM-M336BU) AppleWebKit/537.36 (KHTML, like Gecko) Chrome/109.0.0.0 Mobile Safari/537.36" www.sbsc.in 199.79.62.221
223.185.143.3 - - [28/Jan/2023:15:23:24 +0000] "GET /images/banner/5.jpg HTTP/2.0" 200 170926 "https://www.sbsc.in/" "Mozilla/5.0 (Linux; Android 13; SM-M336BU) AppleWebKit/537.36 (KHTML, like Gecko) Chrome/109.0.0.0 Mobile Safari/537.36" www.sbsc.in 199.79.62.221
223.185.143.3 - - [28/Jan/2023:15:23:25 +0000] "GET /images/banner/6.jpg HTTP/2.0" 200 127037 "https://www.sbsc.in/" "Mozilla/5.0 (Linux; Android 13; SM-M336BU) AppleWebKit/537.36 (KHTML, like Gecko) Chrome/109.0.0.0 Mobile Safari/537.36" www.sbsc.in 199.79.62.221
223.185.143.3 - - [28/Jan/2023:15:23:25 +0000] "GET /images/banner/7.jpg HTTP/2.0" 200 179124 "https://www.sbsc.in/" "Mozilla/5.0 (Linux; Android 13; SM-M336BU) AppleWebKit/537.36 (KHTML, like Gecko) Chrome/109.0.0.0 Mobile Safari/537.36" www.sbsc.in 199.79.62.221
223.185.143.3 - - [28/Jan/2023:15:23:26 +0000] "GET /images/banner/8.jpg HTTP/2.0" 200 156850 "https://www.sbsc.in/" "Mozilla/5.0 (Linux; Android 13; SM-M336BU) AppleWebKit/537.36 (KHTML, like Gecko) Chrome/109.0.0.0 Mobile Safari/537.36" www.sbsc.in 199.79.62.221
223.185.143.3 - - [28/Jan/2023:15:23:27 +0000] "GET /images/banner/9.jpg HTTP/2.0" 200 167238 "https://www.sbsc.in/" "Mozilla/5.0 (Linux; Android 13; SM-M336BU) AppleWebKit/537.36 (KHTML, like Gecko) Chrome/109.0.0.0 Mobile Safari/537.36" www.sbsc.in 199.79.62.221
223.185.143.3 - - [28/Jan/2023:15:23:29 +0000] "GET /images/banner/10.jpg HTTP/2.0" 200 211781 "https://www.sbsc.in/" "Mozilla/5.0 (Linux; Android 13; SM-M336BU) AppleWebKit/537.36 (KHTML, like Gecko) Chrome/109.0.0.0 Mobile Safari/537.36" www.sbsc.in 199.79.62.221
223.185.143.3 - - [28/Jan/2023:15:23:31 +0000] "GET /images/banner/11.jpg HTTP/2.0" 200 186118 "https://www.sbsc.in/" "Mozilla/5.0 (Linux; Android 13; SM-M336BU) AppleWebKit/537.36 (KHTML, like Gecko) Chrome/109.0.0.0 Mobile Safari/537.36" www.sbsc.in 199.79.62.221
20.254.156.227 - - [28/Jan/2023:15:24:25 +0000] "GET /view-all.php HTTP/2.0" 200 74210 "-" "Mozilla/5.0 (Windows NT 10.0; Win64; x64; rv:81.0) Gecko/20100101 Firefox/81.0" www.sbsc.in 199.79.62.221
47.31.128.7 - - [28/Jan/2023:15:24:24 +0000] "GET /uploads/pdf/1535352282_SBSC-SELF-STUDY-REPORT-FINAL.pdf HTTP/2.0" 200 5825471 "https://www.google.com/" "Mozilla/5.0 (Linux; Android 11; M2004J19PI) AppleWebKit/537.36 (KHTML, like Gecko) Chrome/109.0.0.0 Mobile Safari/537.36" www.sbsc.in 199.79.62.221
47.31.128.7 - - [28/Jan/2023:15:24:29 +0000] "GET /uploads/pdf/1535352282_SBSC-SELF-STUDY-REPORT-FINAL.pdf HTTP/2.0" 206 3883648 "https://www.google.com/" "Mozilla/5.0 (Linux; Android 11; M2004J19PI) AppleWebKit/537.36 (KHTML, like Gecko) Chrome/109.0.0.0 Mobile Safari/537.36" www.sbsc.in 199.79.62.221
47.31.128.7 - - [28/Jan/2023:15:24:29 +0000] "GET /uploads/pdf/1535352282_SBSC-SELF-STUDY-REPORT-FINAL.pdf HTTP/2.0" 206 1941825 "https://www.google.com/" "Mozilla/5.0 (Linux; Android 11; M2004J19PI) AppleWebKit/537.36 (KHTML, like Gecko) Chrome/109.0.0.0 Mobile Safari/537.36" www.sbsc.in 199.79.62.221
103.95.82.150 - - [28/Jan/2023:15:25:18 +0000] "GET / HTTP/2.0" 200 45835 "https://www.google.com/" "Mozilla/5.0 (Windows NT 6.1; Win64; x64) AppleWebKit/537.36 (KHTML, like Gecko) Chrome/109.0.0.0 Safari/537.36" www.sbsc.in 199.79.62.221
103.95.82.150 - - [28/Jan/2023:15:25:20 +0000] "GET /css/style-new.css HTTP/2.0" 200 352 "https://www.sbsc.in/" "Mozilla/5.0 (Windows NT 6.1; Win64; x64) AppleWebKit/537.36 (KHTML, like Gecko) Chrome/109.0.0.0 Safari/537.36" www.sbsc.in 199.79.62.221
103.95.82.150 - - [28/Jan/2023:15:25:20 +0000] "GET /css/style.css HTTP/2.0" 200 2565 "https://www.sbsc.in/" "Mozilla/5.0 (Windows NT 6.1; Win64; x64) AppleWebKit/537.36 (KHTML, like Gecko) Chrome/109.0.0.0 Safari/537.36" www.sbsc.in 199.79.62.221
103.95.82.150 - - [28/Jan/2023:15:25:20 +0000] "GET /css/bootstrap.min.css HTTP/2.0" 200 27845 "https://www.sbsc.in/" "Mozilla/5.0 (Windows NT 6.1; Win64; x64) AppleWebKit/537.36 (KHTML, like Gecko) Chrome/109.0.0.0 Safari/537.36" www.sbsc.in 199.79.62.221
103.95.82.150 - - [28/Jan/2023:15:25:20 +0000] "GET /cssmenu/styles.css HTTP/2.0" 200 1905 "https://www.sbsc.in/" "Mozilla/5.0 (Windows NT 6.1; Win64; x64) AppleWebKit/537.36 (KHTML, like Gecko) Chrome/109.0.0.0 Safari/537.36" www.sbsc.in 199.79.62.221
