106.223.94.124 - - [28/Jan/2023:14:28:11 +0000] "GET /images/logo.png HTTP/2.0" 200 36072 "https://www.sbsc.in/" "Mozilla/5.0 (Linux; Android 10; SM-J600G) AppleWebKit/537.36 (KHTML, like Gecko) Chrome/107.0.0.0 Mobile Safari/537.36" www.sbsc.in 199.79.62.221
106.223.94.124 - - [28/Jan/2023:14:28:11 +0000] "GET /images/golden-jubilee-logo.png HTTP/2.0" 200 34899 "https://www.sbsc.in/" "Mozilla/5.0 (Linux; Android 10; SM-J600G) AppleWebKit/537.36 (KHTML, like Gecko) Chrome/107.0.0.0 Mobile Safari/537.36" www.sbsc.in 199.79.62.221
106.223.94.124 - - [28/Jan/2023:14:28:11 +0000] "GET /images/banner/1.jpg HTTP/2.0" 200 212471 "https://www.sbsc.in/" "Mozilla/5.0 (Linux; Android 10; SM-J600G) AppleWebKit/537.36 (KHTML, like Gecko) Chrome/107.0.0.0 Mobile Safari/537.36" www.sbsc.in 199.79.62.221
106.223.94.124 - - [28/Jan/2023:14:28:11 +0000] "GET /images/banner/2.jpg HTTP/2.0" 200 197131 "https://www.sbsc.in/" "Mozilla/5.0 (Linux; Android 10; SM-J600G) AppleWebKit/537.36 (KHTML, like Gecko) Chrome/107.0.0.0 Mobile Safari/537.36" www.sbsc.in 199.79.62.221
49.37.171.37 - - [28/Jan/2023:14:26:50 +0000] "GET /images/banner/3.jpg HTTP/2.0" 200 207968 "https://www.sbsc.in/" "Mozilla/5.0 (Windows NT 10.0; Win64; x64) AppleWebKit/537.36 (KHTML, like Gecko) Chrome/109.0.0.0 Safari/537.36 Edg/109.0.1518.69" www.sbsc.in 199.79.62.221
49.37.171.37 - - [28/Jan/2023:14:26:50 +0000] "GET /images/placement1.JPG HTTP/2.0" 200 81639 "https://www.sbsc.in/" "Mozilla/5.0 (Windows NT 10.0; Win64; x64) AppleWebKit/537.36 (KHTML, like Gecko) Chrome/109.0.0.0 Safari/537.36 Edg/109.0.1518.69" www.sbsc.in 199.79.62.221
49.37.171.37 - - [28/Jan/2023:14:26:50 +0000] "GET /images/associations.jpg HTTP/2.0" 200 31703 "https://www.sbsc.in/" "Mozilla/5.0 (Windows NT 10.0; Win64; x64) AppleWebKit/537.36 (KHTML, like Gecko) Chrome/109.0.0.0 Safari/537.36 Edg/109.0.1518.69" www.sbsc.in 199.79.62.221
49.37.171.37 - - [28/Jan/2023:14:26:50 +0000] "GET /images/alumini.jpg HTTP/2.0" 200 50947 "https://www.sbsc.in/" "Mozilla/5.0 (Windows NT 10.0; Win64; x64) AppleWebKit/537.36 (KHTML, like Gecko) Chrome/109.0.0.0 Safari/537.36 Edg/109.0.1518.69" www.sbsc.in 199.79.62.221
49.37.171.37 - - [28/Jan/2023:14:26:50 +0000] "GET /images/jubliee-img.jpg HTTP/2.0" 200 88706 "https://www.sbsc.in/" "Mozilla/5.0 (Windows NT 10.0; Win64; x64) AppleWebKit/537.36 (KHTML, like Gecko) Chrome/109.0.0.0 Safari/537.36 Edg/109.0.1518.69" www.sbsc.in 199.79.62.221
49.37.171.37 - - [28/Jan/2023:14:26:50 +0000] "GET /images/banner/12.jpg HTTP/2.0" 200 153729 "https://www.sbsc.in/" "Mozilla/5.0 (Windows NT 10.0; Win64; x64) AppleWebKit/537.36 (KHTML, like Gecko) Chrome/109.0.0.0 Safari/537.36 Edg/109.0.1518.69" www.sbsc.in 199.79.62.221
49.37.171.37 - - [28/Jan/2023:14:26:50 +0000] "GET /images/banner/11.jpg HTTP/2.0" 200 186118 "https://www.sbsc.in/" "Mozilla/5.0 (Windows NT 10.0; Win64; x64) AppleWebKit/537.36 (KHTML, like Gecko) Chrome/109.0.0.0 Safari/537.36 Edg/109.0.1518.69" www.sbsc.in 199.79.62.221
49.37.171.37 - - [28/Jan/2023:14:26:50 +0000] "GET /images/banner/10.jpg HTTP/2.0" 200 211781 "https://www.sbsc.in/" "Mozilla/5.0 (Windows NT 10.0; Win64; x64) AppleWebKit/537.36 (KHTML, like Gecko) Chrome/109.0.0.0 Safari/537.36 Edg/109.0.1518.69" www.sbsc.in 199.79.62.221
49.37.171.37 - - [28/Jan/2023:14:26:50 +0000] "GET /images/banner/9.jpg HTTP/2.0" 200 167238 "https://www.sbsc.in/" "Mozilla/5.0 (Windows NT 10.0; Win64; x64) AppleWebKit/537.36 (KHTML, like Gecko) Chrome/109.0.0.0 Safari/537.36 Edg/109.0.1518.69" www.sbsc.in 199.79.62.221
49.37.171.37 - - [28/Jan/2023:14:26:50 +0000] "GET /images/banner/8.jpg HTTP/2.0" 200 156850 "https://www.sbsc.in/" "Mozilla/5.0 (Windows NT 10.0; Win64; x64) AppleWebKit/537.36 (KHTML, like Gecko) Chrome/109.0.0.0 Safari/537.36 Edg/109.0.1518.69" www.sbsc.in 199.79.62.221
49.37.171.37 - - [28/Jan/2023:14:26:50 +0000] "GET /images/banner/7.jpg HTTP/2.0" 200 179124 "https://www.sbsc.in/" "Mozilla/5.0 (Windows NT 10.0; Win64; x64) AppleWebKit/537.36 (KHTML, like Gecko) Chrome/109.0.0.0 Safari/537.36 Edg/109.0.1518.69" www.sbsc.in 199.79.62.221
49.37.171.37 - - [28/Jan/2023:14:26:50 +0000] "GET /images/banner/6.jpg HTTP/2.0" 200 127037 "https://www.sbsc.in/" "Mozilla/5.0 (Windows NT 10.0; Win64; x64) AppleWebKit/537.36 (KHTML, like Gecko) Chrome/109.0.0.0 Safari/537.36 Edg/109.0.1518.69" www.sbsc.in 199.79.62.221
49.37.171.37 - - [28/Jan/2023:14:26:50 +0000] "GET /images/banner/5.jpg HTTP/2.0" 200 170926 "https://www.sbsc.in/" "Mozilla/5.0 (Windows NT 10.0; Win64; x64) AppleWebKit/537.36 (KHTML, like Gecko) Chrome/109.0.0.0 Safari/537.36 Edg/109.0.1518.69" www.sbsc.in 199.79.62.221
49.37.171.37 - - [28/Jan/2023:14:26:50 +0000] "GET /images/banner/4.jpg HTTP/2.0" 200 172167 "https://www.sbsc.in/" "Mozilla/5.0 (Windows NT 10.0; Win64; x64) AppleWebKit/537.36 (KHTML, like Gecko) Chrome/109.0.0.0 Safari/537.36 Edg/109.0.1518.69" www.sbsc.in 199.79.62.221
49.37.171.37 - - [28/Jan/2023:14:27:41 +0000] "GET /images/event.jpg HTTP/2.0" 200 3517 "https://www.sbsc.in/" "Mozilla/5.0 (Windows NT 10.0; Win64; x64) AppleWebKit/537.36 (KHTML, like Gecko) Chrome/109.0.0.0 Safari/537.36 Edg/109.0.1518.69" www.sbsc.in 199.79.62.221
49.37.171.37 - - [28/Jan/2023:14:27:09 +0000] "GET /images/IMG-20210727-WA0011.jpg HTTP/2.0" 200 154646 "https://www.sbsc.in/" "Mozilla/5.0 (Windows NT 10.0; Win64; x64) AppleWebKit/537.36 (KHTML, like Gecko) Chrome/109.0.0.0 Safari/537.36 Edg/109.0.1518.69" www.sbsc.in 199.79.62.221
106.223.94.124 - - [28/Jan/2023:14:28:12 +0000] "GET /images/banner/3.jpg HTTP/2.0" 200 207968 "https://www.sbsc.in/" "Mozilla/5.0 (Linux; Android 10; SM-J600G) AppleWebKit/537.36 (KHTML, like Gecko) Chrome/107.0.0.0 Mobile Safari/537.36" www.sbsc.in 199.79.62.221
106.223.94.124 - - [28/Jan/2023:14:28:14 +0000] "GET /images/banner/4.jpg HTTP/2.0" 200 172167 "https://www.sbsc.in/" "Mozilla/5.0 (Linux; Android 10; SM-J600G) AppleWebKit/537.36 (KHTML, like Gecko) Chrome/107.0.0.0 Mobile Safari/537.36" www.sbsc.in 199.79.62.221
106.223.94.124 - - [28/Jan/2023:14:28:14 +0000] "GET /images/banner/5.jpg HTTP/2.0" 200 170926 "https://www.sbsc.in/" "Mozilla/5.0 (Linux; Android 10; SM-J600G) AppleWebKit/537.36 (KHTML, like Gecko) Chrome/107.0.0.0 Mobile Safari/537.36" www.sbsc.in 199.79.62.221
106.223.94.124 - - [28/Jan/2023:14:28:15 +0000] "GET /images/banner/6.jpg HTTP/2.0" 200 127037 "https://www.sbsc.in/" "Mozilla/5.0 (Linux; Android 10; SM-J600G) AppleWebKit/537.36 (KHTML, like Gecko) Chrome/107.0.0.0 Mobile Safari/537.36" www.sbsc.in 199.79.62.221
106.223.94.124 - - [28/Jan/2023:14:28:15 +0000] "GET /images/banner/7.jpg HTTP/2.0" 200 179124 "https://www.sbsc.in/" "Mozilla/5.0 (Linux; Android 10; SM-J600G) AppleWebKit/537.36 (KHTML, like Gecko) Chrome/107.0.0.0 Mobile Safari/537.36" www.sbsc.in 199.79.62.221
106.223.94.124 - - [28/Jan/2023:14:28:15 +0000] "GET /images/banner/8.jpg HTTP/2.0" 200 156850 "https://www.sbsc.in/" "Mozilla/5.0 (Linux; Android 10; SM-J600G) AppleWebKit/537.36 (KHTML, like Gecko) Chrome/107.0.0.0 Mobile Safari/537.36" www.sbsc.in 199.79.62.221
106.223.94.124 - - [28/Jan/2023:14:28:16 +0000] "GET /images/banner/9.jpg HTTP/2.0" 200 167238 "https://www.sbsc.in/" "Mozilla/5.0 (Linux; Android 10; SM-J600G) AppleWebKit/537.36 (KHTML, like Gecko) Chrome/107.0.0.0 Mobile Safari/537.36" www.sbsc.in 199.79.62.221
106.223.94.124 - - [28/Jan/2023:14:28:16 +0000] "GET /images/banner/10.jpg HTTP/2.0" 200 211781 "https://www.sbsc.in/" "Mozilla/5.0 (Linux; Android 10; SM-J600G) AppleWebKit/537.36 (KHTML, like Gecko) Chrome/107.0.0.0 Mobile Safari/537.36" www.sbsc.in 199.79.62.221
106.223.94.124 - - [28/Jan/2023:14:28:16 +0000] "GET /images/banner/11.jpg HTTP/2.0" 200 186118 "https://www.sbsc.in/" "Mozilla/5.0 (Linux; Android 10; SM-J600G) AppleWebKit/537.36 (KHTML, like Gecko) Chrome/107.0.0.0 Mobile Safari/537.36" www.sbsc.in 199.79.62.221
106.223.94.124 - - [28/Jan/2023:14:28:16 +0000] "GET /images/banner/12.jpg HTTP/2.0" 200 153729 "https://www.sbsc.in/" "Mozilla/5.0 (Linux; Android 10; SM-J600G) AppleWebKit/537.36 (KHTML, like Gecko) Chrome/107.0.0.0 Mobile Safari/537.36" www.sbsc.in 199.79.62.221
106.223.94.124 - - [28/Jan/2023:14:28:17 +0000] "GET /images/jubliee-img.jpg HTTP/2.0" 200 88706 "https://www.sbsc.in/" "Mozilla/5.0 (Linux; Android 10; SM-J600G) AppleWebKit/537.36 (KHTML, like Gecko) Chrome/107.0.0.0 Mobile Safari/537.36" www.sbsc.in 199.79.62.221
106.223.94.124 - - [28/Jan/2023:14:28:17 +0000] "GET /images/alumini.jpg HTTP/2.0" 200 50947 "https://www.sbsc.in/" "Mozilla/5.0 (Linux; Android 10; SM-J600G) AppleWebKit/537.36 (KHTML, like Gecko) Chrome/107.0.0.0 Mobile Safari/537.36" www.sbsc.in 199.79.62.221
106.223.94.124 - - [28/Jan/2023:14:28:17 +0000] "GET /images/tour-img.jpg HTTP/2.0" 200 65976 "https://www.sbsc.in/" "Mozilla/5.0 (Linux; Android 10; SM-J600G) AppleWebKit/537.36 (KHTML, like Gecko) Chrome/107.0.0.0 Mobile Safari/537.36" www.sbsc.in 199.79.62.221
106.223.94.124 - - [28/Jan/2023:14:28:17 +0000] "GET /images/associations.jpg HTTP/2.0" 200 31703 "https://www.sbsc.in/" "Mozilla/5.0 (Linux; Android 10; SM-J600G) AppleWebKit/537.36 (KHTML, like Gecko) Chrome/107.0.0.0 Mobile Safari/537.36" www.sbsc.in 199.79.62.221
49.37.171.37 - - [28/Jan/2023:14:28:18 +0000] "GET /images/Conference.jpg HTTP/2.0" 200 3631 "https://www.sbsc.in/" "Mozilla/5.0 (Windows NT 10.0; Win64; x64) AppleWebKit/537.36 (KHTML, like Gecko) Chrome/109.0.0.0 Safari/537.36 Edg/109.0.1518.69" www.sbsc.in 199.79.62.221
49.37.171.37 - - [28/Jan/2023:14:28:18 +0000] "GET /images/publication-img.jpg HTTP/2.0" 200 4561 "https://www.sbsc.in/" "Mozilla/5.0 (Windows NT 10.0; Win64; x64) AppleWebKit/537.36 (KHTML, like Gecko) Chrome/109.0.0.0 Safari/537.36 Edg/109.0.1518.69" www.sbsc.in 199.79.62.221
49.37.171.37 - - [28/Jan/2023:14:28:18 +0000] "GET /images/event.jpg HTTP/2.0" 200 3517 "https://www.sbsc.in/" "Mozilla/5.0 (Windows NT 10.0; Win64; x64) AppleWebKit/537.36 (KHTML, like Gecko) Chrome/109.0.0.0 Safari/537.36 Edg/109.0.1518.69" www.sbsc.in 199.79.62.221
49.37.171.37 - - [28/Jan/2023:14:28:18 +0000] "GET /images/research-img.jpg HTTP/2.0" 200 3596 "https://www.sbsc.in/" "Mozilla/5.0 (Windows NT 10.0; Win64; x64) AppleWebKit/537.36 (KHTML, like Gecko) Chrome/109.0.0.0 Safari/537.36 Edg/109.0.1518.69" www.sbsc.in 199.79.62.221
49.37.171.37 - - [28/Jan/2023:14:28:18 +0000] "GET /appointment-of-assistant-professors.php HTTP/1.1" 200 42596 "https://www.sbsc.in/" "Mozilla/5.0 (Windows NT 10.0; Win64; x64) AppleWebKit/537.36 (KHTML, like Gecko) Chrome/109.0.0.0 Safari/537.36 Edg/109.0.1518.69" www.sbsc.in 199.79.62.221
49.37.171.37 - - [28/Jan/2023:14:28:18 +0000] "GET /appointment-of-assistant-professors.php HTTP/2.0" 200 42596 "https://www.sbsc.in/" "Mozilla/5.0 (Windows NT 10.0; Win64; x64) AppleWebKit/537.36 (KHTML, like Gecko) Chrome/109.0.0.0 Safari/537.36 Edg/109.0.1518.69" www.sbsc.in 199.79.62.221
106.223.94.124 - - [28/Jan/2023:14:28:17 +0000] "GET /images/latest_news.png HTTP/2.0" 200 2953 "https://www.sbsc.in/" "Mozilla/5.0 (Linux; Android 10; SM-J600G) AppleWebKit/537.36 (KHTML, like Gecko) Chrome/107.0.0.0 Mobile Safari/537.36" sbsc.in 199.79.62.221
106.223.94.124 - - [28/Jan/2023:14:28:17 +0000] "GET /images/IMG-20210727-WA0011.jpg HTTP/2.0" 200 154646 "https://www.sbsc.in/" "Mozilla/5.0 (Linux; Android 10; SM-J600G) AppleWebKit/537.36 (KHTML, like Gecko) Chrome/107.0.0.0 Mobile Safari/537.36" www.sbsc.in 199.79.62.221
49.37.171.37 - - [28/Jan/2023:14:28:22 +0000] "GET /images/banner/5.jpg HTTP/2.0" 200 170926 "https://www.sbsc.in/appointment-of-assistant-professors.php" "Mozilla/5.0 (Windows NT 10.0; Win64; x64) AppleWebKit/537.36 (KHTML, like Gecko) Chrome/109.0.0.0 Safari/537.36 Edg/109.0.1518.69" www.sbsc.in 199.79.62.221
66.249.75.110 - - [28/Jan/2023:14:28:35 +0000] "GET /internal_assessment.php/pdf/uploads/pdf/1665749818_Organogram.pdf HTTP/1.1" 200 43991 "-" "Mozilla/5.0 (Linux; Android 6.0.1; Nexus 5X Build/MMB29P) AppleWebKit/537.36 (KHTML, like Gecko) Chrome/109.0.5414.101 Mobile Safari/537.36 (compatible; Googlebot/2.1; +http://www.google.com/bot.html)" www.sbsc.in 199.79.62.221
106.223.94.124 - - [28/Jan/2023:14:28:21 +0000] "GET /images/event.jpg HTTP/2.0" 200 3517 "https://www.sbsc.in/" "Mozilla/5.0 (Linux; Android 10; SM-J600G) AppleWebKit/537.36 (KHTML, like Gecko) Chrome/107.0.0.0 Mobile Safari/537.36" www.sbsc.in 199.79.62.221
106.223.94.124 - - [28/Jan/2023:14:28:21 +0000] "GET /images/research-img.jpg HTTP/2.0" 200 3596 "https://www.sbsc.in/" "Mozilla/5.0 (Linux; Android 10; SM-J600G) AppleWebKit/537.36 (KHTML, like Gecko) Chrome/107.0.0.0 Mobile Safari/537.36" www.sbsc.in 199.79.62.221
106.223.94.124 - - [28/Jan/2023:14:28:21 +0000] "GET /images/publication-img.jpg HTTP/2.0" 200 4561 "https://www.sbsc.in/" "Mozilla/5.0 (Linux; Android 10; SM-J600G) AppleWebKit/537.36 (KHTML, like Gecko) Chrome/107.0.0.0 Mobile Safari/537.36" www.sbsc.in 199.79.62.221
106.223.94.124 - - [28/Jan/2023:14:28:21 +0000] "GET /images/Conference.jpg HTTP/2.0" 200 3631 "https://www.sbsc.in/" "Mozilla/5.0 (Linux; Android 10; SM-J600G) AppleWebKit/537.36 (KHTML, like Gecko) Chrome/107.0.0.0 Mobile Safari/537.36" www.sbsc.in 199.79.62.221
196.191.248.232 - - [28/Jan/2023:14:28:40 +0000] "GET /pdf/resources/1585914664_Soil,_Thermal,_Nuclear_pollution.pdf HTTP/2.0" 404 355 "https://www.google.com/" "Mozilla/5.0 (Linux; Android 11; TECNO KG7h) AppleWebKit/537.36 (KHTML, like Gecko) Chrome/101.0.0.0 Mobile Safari/537.36" www.sbsc.in 199.79.62.221
106.223.94.124 - - [28/Jan/2023:14:28:39 +0000] "GET /fonts/glyphicons-halflings-regular.woff HTTP/2.0" 200 23320 "https://www.sbsc.in/css/bootstrap.min.css" "Mozilla/5.0 (Linux; Android 10; SM-J600G) AppleWebKit/537.36 (KHTML, like Gecko) Chrome/107.0.0.0 Mobile Safari/537.36" www.sbsc.in 199.79.62.221
49.37.171.37 - - [28/Jan/2023:14:28:22 +0000] "GET /images/banner/4.jpg HTTP/2.0" 200 172167 "https://www.sbsc.in/appointment-of-assistant-professors.php" "Mozilla/5.0 (Windows NT 10.0; Win64; x64) AppleWebKit/537.36 (KHTML, like Gecko) Chrome/109.0.0.0 Safari/537.36 Edg/109.0.1518.69" www.sbsc.in 199.79.62.221
49.37.171.37 - - [28/Jan/2023:14:28:22 +0000] "GET /images/banner/3.jpg HTTP/2.0" 206 1 "https://www.sbsc.in/appointment-of-assistant-professors.php" "Mozilla/5.0 (Windows NT 10.0; Win64; x64) AppleWebKit/537.36 (KHTML, like Gecko) Chrome/109.0.0.0 Safari/537.36 Edg/109.0.1518.69" www.sbsc.in 199.79.62.221
66.249.75.108 - - [28/Jan/2023:14:28:50 +0000] "GET /research_projects.php HTTP/1.1" 200 44055 "-" "Mozilla/5.0 (Linux; Android 6.0.1; Nexus 5X Build/MMB29P) AppleWebKit/537.36 (KHTML, like Gecko) Chrome/109.0.5414.101 Mobile Safari/537.36 (compatible; Googlebot/2.1; +http://www.google.com/bot.html)" www.sbsc.in 199.79.62.221
66.249.75.108 - - [28/Jan/2023:14:28:50 +0000] "GET /research_projects.php HTTP/1.1" 200 44055 "-" "Mozilla/5.0 (Linux; Android 6.0.1; Nexus 5X Build/MMB29P) AppleWebKit/537.36 (KHTML, like Gecko) Chrome/109.0.5414.101 Mobile Safari/537.36 (compatible; Googlebot/2.1; +http://www.google.com/bot.html)" www.sbsc.in 199.79.62.221
66.249.75.106 - - [28/Jan/2023:14:28:53 +0000] "GET /cssmenu/styles.css HTTP/1.1" 200 1905 "https://www.sbsc.in/research_projects.php" "Mozilla/5.0 (Linux; Android 6.0.1; Nexus 5X Build/MMB29P) AppleWebKit/537.36 (KHTML, like Gecko) Chrome/109.0.5414.101 Mobile Safari/537.36 (compatible; Googlebot/2.1; +http://www.google.com/bot.html)" www.sbsc.in 199.79.62.221
66.249.75.108 - - [28/Jan/2023:14:28:54 +0000] "GET /css/style.css HTTP/1.1" 200 2565 "https://www.sbsc.in/research_projects.php" "Mozilla/5.0 (Linux; Android 6.0.1; Nexus 5X Build/MMB29P) AppleWebKit/537.36 (KHTML, like Gecko) Chrome/109.0.5414.101 Mobile Safari/537.36 (compatible; Googlebot/2.1; +http://www.google.com/bot.html)" www.sbsc.in 199.79.62.221
66.249.75.106 - - [28/Jan/2023:14:28:55 +0000] "GET /css/style-new.css HTTP/1.1" 200 352 "https://www.sbsc.in/research_projects.php" "Mozilla/5.0 (Linux; Android 6.0.1; Nexus 5X Build/MMB29P) AppleWebKit/537.36 (KHTML, like Gecko) Chrome/109.0.5414.101 Mobile Safari/537.36 (compatible; Googlebot/2.1; +http://www.google.com/bot.html)" www.sbsc.in 199.79.62.221
66.249.75.106 - - [28/Jan/2023:14:28:57 +0000] "GET /css/bootstrap.min.css HTTP/1.1" 200 27845 "https://www.sbsc.in/research_projects.php" "Mozilla/5.0 (Linux; Android 6.0.1; Nexus 5X Build/MMB29P) AppleWebKit/537.36 (KHTML, like Gecko) Chrome/109.0.5414.101 Mobile Safari/537.36 (compatible; Googlebot/2.1; +http://www.google.com/bot.html)" www.sbsc.in 199.79.62.221
66.249.75.106 - - [28/Jan/2023:14:28:59 +0000] "GET /cssmenu/script.js HTTP/1.1" 200 675 "https://www.sbsc.in/research_projects.php" "Mozilla/5.0 (Linux; Android 6.0.1; Nexus 5X Build/MMB29P) AppleWebKit/537.36 (KHTML, like Gecko) Chrome/109.0.5414.101 Mobile Safari/537.36 (compatible; Googlebot/2.1; +http://www.google.com/bot.html)" www.sbsc.in 199.79.62.221
66.249.75.106 - - [28/Jan/2023:14:29:01 +0000] "GET /js/animation-banner.js HTTP/1.1" 200 964 "https://www.sbsc.in/research_projects.php" "Mozilla/5.0 (Linux; Android 6.0.1; Nexus 5X Build/MMB29P) AppleWebKit/537.36 (KHTML, like Gecko) Chrome/109.0.5414.101 Mobile Safari/537.36 (compatible; Googlebot/2.1; +http://www.google.com/bot.html)" www.sbsc.in 199.79.62.221
66.249.75.106 - - [28/Jan/2023:14:29:02 +0000] "GET /js/jquery.js HTTP/1.1" 200 42291 "https://www.sbsc.in/research_projects.php" "Mozilla/5.0 (Linux; Android 6.0.1; Nexus 5X Build/MMB29P) AppleWebKit/537.36 (KHTML, like Gecko) Chrome/109.0.5414.101 Mobile Safari/537.36 (compatible; Googlebot/2.1; +http://www.google.com/bot.html)" www.sbsc.in 199.79.62.221
66.249.75.106 - - [28/Jan/2023:14:29:03 +0000] "GET /js/bootstrap.min.js HTTP/1.1" 200 13505 "https://www.sbsc.in/research_projects.php" "Mozilla/5.0 (Linux; Android 6.0.1; Nexus 5X Build/MMB29P) AppleWebKit/537.36 (KHTML, like Gecko) Chrome/109.0.5414.101 Mobile Safari/537.36 (compatible; Googlebot/2.1; +http://www.google.com/bot.html)" www.sbsc.in 199.79.62.221
66.249.75.106 - - [28/Jan/2023:14:29:03 +0000] "GET /paytm.jpg HTTP/1.1" 200 7167 "https://www.sbsc.in/research_projects.php" "Mozilla/5.0 (Linux; Android 6.0.1; Nexus 5X Build/MMB29P) AppleWebKit/537.36 (KHTML, like Gecko) Chrome/109.0.5414.101 Mobile Safari/537.36 (compatible; Googlebot/2.1; +http://www.google.com/bot.html)" www.sbsc.in 199.79.62.221
66.249.75.106 - - [28/Jan/2023:14:29:04 +0000] "GET /images/email.png HTTP/1.1" 200 1371 "https://www.sbsc.in/research_projects.php" "Mozilla/5.0 (Linux; Android 6.0.1; Nexus 5X Build/MMB29P) AppleWebKit/537.36 (KHTML, like Gecko) Chrome/109.0.5414.101 Mobile Safari/537.36 (compatible; Googlebot/2.1; +http://www.google.com/bot.html)" www.sbsc.in 199.79.62.221
66.249.75.106 - - [28/Jan/2023:14:29:04 +0000] "GET /images/phone.png HTTP/1.1" 200 1897 "https://www.sbsc.in/research_projects.php" "Mozilla/5.0 (Linux; Android 6.0.1; Nexus 5X Build/MMB29P) AppleWebKit/537.36 (KHTML, like Gecko) Chrome/109.0.5414.101 Mobile Safari/537.36 (compatible; Googlebot/2.1; +http://www.google.com/bot.html)" www.sbsc.in 199.79.62.221
66.249.75.106 - - [28/Jan/2023:14:29:05 +0000] "GET /images/logo.png HTTP/1.1" 200 36072 "https://www.sbsc.in/research_projects.php" "Mozilla/5.0 (Linux; Android 6.0.1; Nexus 5X Build/MMB29P) AppleWebKit/537.36 (KHTML, like Gecko) Chrome/109.0.5414.101 Mobile Safari/537.36 (compatible; Googlebot/2.1; +http://www.google.com/bot.html)" www.sbsc.in 199.79.62.221
66.249.75.106 - - [28/Jan/2023:14:29:05 +0000] "GET /images/golden-jubilee-logo.png HTTP/1.1" 200 34899 "https://www.sbsc.in/research_projects.php" "Mozilla/5.0 (Linux; Android 6.0.1; Nexus 5X Build/MMB29P) AppleWebKit/537.36 (KHTML, like Gecko) Chrome/109.0.5414.101 Mobile Safari/537.36 (compatible; Googlebot/2.1; +http://www.google.com/bot.html)" www.sbsc.in 199.79.62.221
66.249.75.106 - - [28/Jan/2023:14:29:06 +0000] "GET /images/symbol.jpg HTTP/1.1" 200 781 "https://www.sbsc.in/research_projects.php" "Mozilla/5.0 (Linux; Android 6.0.1; Nexus 5X Build/MMB29P) AppleWebKit/537.36 (KHTML, like Gecko) Chrome/109.0.5414.101 Mobile Safari/537.36 (compatible; Googlebot/2.1; +http://www.google.com/bot.html)" www.sbsc.in 199.79.62.221
66.249.75.106 - - [28/Jan/2023:14:29:06 +0000] "GET /images/new.gif HTTP/1.1" 200 2455 "https://www.sbsc.in/research_projects.php" "Mozilla/5.0 (Linux; Android 6.0.1; Nexus 5X Build/MMB29P) AppleWebKit/537.36 (KHTML, like Gecko) Chrome/109.0.5414.101 Mobile Safari/537.36 (compatible; Googlebot/2.1; +http://www.google.com/bot.html)" www.sbsc.in 199.79.62.221
49.37.171.37 - - [28/Jan/2023:14:28:49 +0000] "GET /images/banner/6.jpg HTTP/2.0" 200 127037 "https://www.sbsc.in/appointment-of-assistant-professors.php" "Mozilla/5.0 (Windows NT 10.0; Win64; x64) AppleWebKit/537.36 (KHTML, like Gecko) Chrome/109.0.0.0 Safari/537.36 Edg/109.0.1518.69" www.sbsc.in 199.79.62.221
49.37.171.37 - - [28/Jan/2023:14:28:49 +0000] "GET /images/banner/3.jpg HTTP/2.0" 206 60593 "https://www.sbsc.in/appointment-of-assistant-professors.php" "Mozilla/5.0 (Windows NT 10.0; Win64; x64) AppleWebKit/537.36 (KHTML, like Gecko) Chrome/109.0.0.0 Safari/537.36 Edg/109.0.1518.69" www.sbsc.in 199.79.62.221
66.249.75.106 - - [28/Jan/2023:14:29:07 +0000] "GET /images/banner/1.jpg HTTP/1.1" 200 212471 "https://www.sbsc.in/research_projects.php" "Mozilla/5.0 (Linux; Android 6.0.1; Nexus 5X Build/MMB29P) AppleWebKit/537.36 (KHTML, like Gecko) Chrome/109.0.5414.101 Mobile Safari/537.36 (compatible; Googlebot/2.1; +http://www.google.com/bot.html)" www.sbsc.in 199.79.62.221
66.249.75.106 - - [28/Jan/2023:14:29:07 +0000] "GET /images/banner/2.jpg HTTP/1.1" 200 197131 "https://www.sbsc.in/research_projects.php" "Mozilla/5.0 (Linux; Android 6.0.1; Nexus 5X Build/MMB29P) AppleWebKit/537.36 (KHTML, like Gecko) Chrome/109.0.5414.101 Mobile Safari/537.36 (compatible; Googlebot/2.1; +http://www.google.com/bot.html)" www.sbsc.in 199.79.62.221
66.249.75.106 - - [28/Jan/2023:14:29:08 +0000] "GET /images/banner/3.jpg HTTP/1.1" 200 207968 "https://www.sbsc.in/research_projects.php" "Mozilla/5.0 (Linux; Android 6.0.1; Nexus 5X Build/MMB29P) AppleWebKit/537.36 (KHTML, like Gecko) Chrome/109.0.5414.101 Mobile Safari/537.36 (compatible; Googlebot/2.1; +http://www.google.com/bot.html)" www.sbsc.in 199.79.62.221
66.249.75.106 - - [28/Jan/2023:14:29:09 +0000] "GET /images/banner/4.jpg HTTP/1.1" 200 172167 "https://www.sbsc.in/research_projects.php" "Mozilla/5.0 (Linux; Android 6.0.1; Nexus 5X Build/MMB29P) AppleWebKit/537.36 (KHTML, like Gecko) Chrome/109.0.5414.101 Mobile Safari/537.36 (compatible; Googlebot/2.1; +http://www.google.com/bot.html)" www.sbsc.in 199.79.62.221
66.249.75.106 - - [28/Jan/2023:14:29:09 +0000] "GET /images/banner/5.jpg HTTP/1.1" 200 170926 "https://www.sbsc.in/research_projects.php" "Mozilla/5.0 (Linux; Android 6.0.1; Nexus 5X Build/MMB29P) AppleWebKit/537.36 (KHTML, like Gecko) Chrome/109.0.5414.101 Mobile Safari/537.36 (compatible; Googlebot/2.1; +http://www.google.com/bot.html)" www.sbsc.in 199.79.62.221
66.249.75.106 - - [28/Jan/2023:14:29:10 +0000] "GET /images/banner/6.jpg HTTP/1.1" 200 127037 "https://www.sbsc.in/research_projects.php" "Mozilla/5.0 (Linux; Android 6.0.1; Nexus 5X Build/MMB29P) AppleWebKit/537.36 (KHTML, like Gecko) Chrome/109.0.5414.101 Mobile Safari/537.36 (compatible; Googlebot/2.1; +http://www.google.com/bot.html)" www.sbsc.in 199.79.62.221
66.249.75.106 - - [28/Jan/2023:14:29:10 +0000] "GET /images/banner/7.jpg HTTP/1.1" 200 179124 "https://www.sbsc.in/research_projects.php" "Mozilla/5.0 (Linux; Android 6.0.1; Nexus 5X Build/MMB29P) AppleWebKit/537.36 (KHTML, like Gecko) Chrome/109.0.5414.101 Mobile Safari/537.36 (compatible; Googlebot/2.1; +http://www.google.com/bot.html)" www.sbsc.in 199.79.62.221
66.249.75.106 - - [28/Jan/2023:14:29:10 +0000] "GET /images/banner/8.jpg HTTP/1.1" 200 156850 "https://www.sbsc.in/research_projects.php" "Mozilla/5.0 (Linux; Android 6.0.1; Nexus 5X Build/MMB29P) AppleWebKit/537.36 (KHTML, like Gecko) Chrome/109.0.5414.101 Mobile Safari/537.36 (compatible; Googlebot/2.1; +http://www.google.com/bot.html)" www.sbsc.in 199.79.62.221
66.249.75.106 - - [28/Jan/2023:14:29:11 +0000] "GET /images/banner/9.jpg HTTP/1.1" 200 167238 "https://www.sbsc.in/research_projects.php" "Mozilla/5.0 (Linux; Android 6.0.1; Nexus 5X Build/MMB29P) AppleWebKit/537.36 (KHTML, like Gecko) Chrome/109.0.5414.101 Mobile Safari/537.36 (compatible; Googlebot/2.1; +http://www.google.com/bot.html)" www.sbsc.in 199.79.62.221
66.249.75.106 - - [28/Jan/2023:14:29:11 +0000] "GET /images/banner/10.jpg HTTP/1.1" 200 211781 "https://www.sbsc.in/research_projects.php" "Mozilla/5.0 (Linux; Android 6.0.1; Nexus 5X Build/MMB29P) AppleWebKit/537.36 (KHTML, like Gecko) Chrome/109.0.5414.101 Mobile Safari/537.36 (compatible; Googlebot/2.1; +http://www.google.com/bot.html)" www.sbsc.in 199.79.62.221
66.249.75.106 - - [28/Jan/2023:14:29:12 +0000] "GET /images/banner/11.jpg HTTP/1.1" 200 186118 "https://www.sbsc.in/research_projects.php" "Mozilla/5.0 (Linux; Android 6.0.1; Nexus 5X Build/MMB29P) AppleWebKit/537.36 (KHTML, like Gecko) Chrome/109.0.5414.101 Mobile Safari/537.36 (compatible; Googlebot/2.1; +http://www.google.com/bot.html)" www.sbsc.in 199.79.62.221
66.249.75.106 - - [28/Jan/2023:14:29:12 +0000] "GET /images/banner/12.jpg HTTP/1.1" 200 153729 "https://www.sbsc.in/research_projects.php" "Mozilla/5.0 (Linux; Android 6.0.1; Nexus 5X Build/MMB29P) AppleWebKit/537.36 (KHTML, like Gecko) Chrome/109.0.5414.101 Mobile Safari/537.36 (compatible; Googlebot/2.1; +http://www.google.com/bot.html)" www.sbsc.in 199.79.62.221
66.249.75.106 - - [28/Jan/2023:14:29:13 +0000] "GET /fonts/glyphicons-halflings-regular.woff HTTP/1.1" 200 23320 "https://www.sbsc.in/css/bootstrap.min.css" "Mozilla/5.0 (Linux; Android 6.0.1; Nexus 5X Build/MMB29P) AppleWebKit/537.36 (KHTML, like Gecko) Chrome/109.0.5414.101 Mobile Safari/537.36 (compatible; Googlebot/2.1; +http://www.google.com/bot.html)" www.sbsc.in 199.79.62.221
49.37.171.37 - - [28/Jan/2023:14:29:06 +0000] "GET /images/banner/7.jpg HTTP/2.0" 200 179124 "https://www.sbsc.in/appointment-of-assistant-professors.php" "Mozilla/5.0 (Windows NT 10.0; Win64; x64) AppleWebKit/537.36 (KHTML, like Gecko) Chrome/109.0.0.0 Safari/537.36 Edg/109.0.1518.69" www.sbsc.in 199.79.62.221
20.11.128.186 - - [28/Jan/2023:14:29:27 +0000] "GET /view-all.php HTTP/2.0" 200 74210 "-" "Mozilla/5.0 (Windows NT 10.0; Win64; x64; rv:81.0) Gecko/20100101 Firefox/81.0" www.sbsc.in 199.79.62.221
49.37.171.37 - - [28/Jan/2023:14:29:20 +0000] "GET /images/banner/8.jpg HTTP/2.0" 200 156850 "https://www.sbsc.in/appointment-of-assistant-professors.php" "Mozilla/5.0 (Windows NT 10.0; Win64; x64) AppleWebKit/537.36 (KHTML, like Gecko) Chrome/109.0.0.0 Safari/537.36 Edg/109.0.1518.69" www.sbsc.in 199.79.62.221
49.37.171.37 - - [28/Jan/2023:14:29:20 +0000] "GET /images/banner/9.jpg HTTP/2.0" 206 1 "https://www.sbsc.in/appointment-of-assistant-professors.php" "Mozilla/5.0 (Windows NT 10.0; Win64; x64) AppleWebKit/537.36 (KHTML, like Gecko) Chrome/109.0.0.0 Safari/537.36 Edg/109.0.1518.69" www.sbsc.in 199.79.62.221
49.37.171.37 - - [28/Jan/2023:14:29:28 +0000] "GET /images/banner/10.jpg HTTP/2.0" 200 211781 "https://www.sbsc.in/appointment-of-assistant-professors.php" "Mozilla/5.0 (Windows NT 10.0; Win64; x64) AppleWebKit/537.36 (KHTML, like Gecko) Chrome/109.0.0.0 Safari/537.36 Edg/109.0.1518.69" www.sbsc.in 199.79.62.221
49.37.171.37 - - [28/Jan/2023:14:29:28 +0000] "GET /images/banner/9.jpg HTTP/2.0" 206 36238 "https://www.sbsc.in/appointment-of-assistant-professors.php" "Mozilla/5.0 (Windows NT 10.0; Win64; x64) AppleWebKit/537.36 (KHTML, like Gecko) Chrome/109.0.0.0 Safari/537.36 Edg/109.0.1518.69" www.sbsc.in 199.79.62.221
49.206.117.47 - - [28/Jan/2023:14:29:43 +0000] "GET /uploads/pdf/1598865687_CAS_2018_(1).pdf HTTP/1.1" 200 9825086 "-" "Dalvik/2.1.0 (Linux; U; Android 11; Redmi Note 8 Pro Build/RP1A.200720.011)" www.sbsc.in 199.79.62.221
49.37.171.37 - - [28/Jan/2023:14:29:49 +0000] "GET /images/banner/11.jpg HTTP/2.0" 200 186118 "https://www.sbsc.in/appointment-of-assistant-professors.php" "Mozilla/5.0 (Windows NT 10.0; Win64; x64) AppleWebKit/537.36 (KHTML, like Gecko) Chrome/109.0.0.0 Safari/537.36 Edg/109.0.1518.69" www.sbsc.in 199.79.62.221
66.249.75.106 - - [28/Jan/2023:14:30:14 +0000] "GET /library-staff.php HTTP/1.1" 200 43170 "-" "Mozilla/5.0 (Linux; Android 6.0.1; Nexus 5X Build/MMB29P) AppleWebKit/537.36 (KHTML, like Gecko) Chrome/109.0.5414.101 Mobile Safari/537.36 (compatible; Googlebot/2.1; +http://www.google.com/bot.html)" www.sbsc.in 199.79.62.221
66.249.75.106 - - [28/Jan/2023:14:30:14 +0000] "GET /library-staff.php HTTP/1.1" 200 43170 "-" "Mozilla/5.0 (Linux; Android 6.0.1; Nexus 5X Build/MMB29P) AppleWebKit/537.36 (KHTML, like Gecko) Chrome/109.0.5414.101 Mobile Safari/537.36 (compatible; Googlebot/2.1; +http://www.google.com/bot.html)" www.sbsc.in 199.79.62.221
66.249.75.106 - - [28/Jan/2023:14:30:20 +0000] "GET /images/libraryimages/7.jpg HTTP/1.1" 200 36419 "https://www.sbsc.in/library-staff.php" "Mozilla/5.0 (Linux; Android 6.0.1; Nexus 5X Build/MMB29P) AppleWebKit/537.36 (KHTML, like Gecko) Chrome/109.0.5414.101 Mobile Safari/537.36 (compatible; Googlebot/2.1; +http://www.google.com/bot.html)" www.sbsc.in 199.79.62.221
66.249.75.108 - - [28/Jan/2023:14:30:22 +0000] "GET /images/libraryimages/8.jpg HTTP/1.1" 200 49662 "https://www.sbsc.in/library-staff.php" "Mozilla/5.0 (Linux; Android 6.0.1; Nexus 5X Build/MMB29P) AppleWebKit/537.36 (KHTML, like Gecko) Chrome/109.0.5414.101 Mobile Safari/537.36 (compatible; Googlebot/2.1; +http://www.google.com/bot.html)" www.sbsc.in 199.79.62.221
66.249.75.108 - - [28/Jan/2023:14:30:23 +0000] "GET /images/libraryimages/9.jpg HTTP/1.1" 200 42988 "https://www.sbsc.in/library-staff.php" "Mozilla/5.0 (Linux; Android 6.0.1; Nexus 5X Build/MMB29P) AppleWebKit/537.36 (KHTML, like Gecko) Chrome/109.0.5414.101 Mobile Safari/537.36 (compatible; Googlebot/2.1; +http://www.google.com/bot.html)" www.sbsc.in 199.79.62.221
20.11.128.186 - - [28/Jan/2023:14:30:50 +0000] "GET / HTTP/2.0" 200 45835 "-" "Mozilla/5.0 (Windows NT 10.0; Win64; x64; rv:81.0) Gecko/20100101 Firefox/81.0" www.sbsc.in 199.79.62.221
49.37.171.37 - - [28/Jan/2023:14:30:01 +0000] "GET /images/banner/12.jpg HTTP/2.0" 200 153729 "https://www.sbsc.in/appointment-of-assistant-professors.php" "Mozilla/5.0 (Windows NT 10.0; Win64; x64) AppleWebKit/537.36 (KHTML, like Gecko) Chrome/109.0.0.0 Safari/537.36 Edg/109.0.1518.69" www.sbsc.in 199.79.62.221
122.162.149.162 - - [28/Jan/2023:14:31:14 +0000] "GET / HTTP/1.1" 200 45835 "android-app://com.google.android.googlequicksearchbox/" "Mozilla/5.0 (Linux; Android 13; LE2101) AppleWebKit/537.36 (KHTML, like Gecko) Chrome/109.0.0.0 Mobile Safari/537.36" sbsc.in 199.79.62.221
122.162.149.162 - - [28/Jan/2023:14:31:14 +0000] "GET / HTTP/2.0" 200 45835 "android-app://com.google.android.googlequicksearchbox/" "Mozilla/5.0 (Linux; Android 13; LE2101) AppleWebKit/537.36 (KHTML, like Gecko) Chrome/109.0.0.0 Mobile Safari/537.36" sbsc.in 199.79.62.221
122.162.149.162 - - [28/Jan/2023:14:31:14 +0000] "GET /css/style-new.css HTTP/2.0" 200 352 "https://sbsc.in/" "Mozilla/5.0 (Linux; Android 13; LE2101) AppleWebKit/537.36 (KHTML, like Gecko) Chrome/109.0.0.0 Mobile Safari/537.36" sbsc.in 199.79.62.221
122.162.149.162 - - [28/Jan/2023:14:31:14 +0000] "GET /css/style.css HTTP/2.0" 200 2565 "https://sbsc.in/" "Mozilla/5.0 (Linux; Android 13; LE2101) AppleWebKit/537.36 (KHTML, like Gecko) Chrome/109.0.0.0 Mobile Safari/537.36" sbsc.in 199.79.62.221
122.162.149.162 - - [28/Jan/2023:14:31:14 +0000] "GET /js/animation-banner.js HTTP/2.0" 200 964 "https://sbsc.in/" "Mozilla/5.0 (Linux; Android 13; LE2101) AppleWebKit/537.36 (KHTML, like Gecko) Chrome/109.0.0.0 Mobile Safari/537.36" sbsc.in 199.79.62.221
122.162.149.162 - - [28/Jan/2023:14:31:14 +0000] "GET /cssmenu/script.js HTTP/2.0" 200 675 "https://sbsc.in/" "Mozilla/5.0 (Linux; Android 13; LE2101) AppleWebKit/537.36 (KHTML, like Gecko) Chrome/109.0.0.0 Mobile Safari/537.36" sbsc.in 199.79.62.221
122.162.149.162 - - [28/Jan/2023:14:31:14 +0000] "GET /css/bootstrap.min.css HTTP/2.0" 200 27845 "https://sbsc.in/" "Mozilla/5.0 (Linux; Android 13; LE2101) AppleWebKit/537.36 (KHTML, like Gecko) Chrome/109.0.0.0 Mobile Safari/537.36" sbsc.in 199.79.62.221
122.162.149.162 - - [28/Jan/2023:14:31:14 +0000] "GET /cssmenu/styles.css HTTP/2.0" 200 1905 "https://sbsc.in/" "Mozilla/5.0 (Linux; Android 13; LE2101) AppleWebKit/537.36 (KHTML, like Gecko) Chrome/109.0.0.0 Mobile Safari/537.36" sbsc.in 199.79.62.221
122.162.149.162 - - [28/Jan/2023:14:31:15 +0000] "GET /js/jquery.js HTTP/2.0" 200 42291 "https://sbsc.in/" "Mozilla/5.0 (Linux; Android 13; LE2101) AppleWebKit/537.36 (KHTML, like Gecko) Chrome/109.0.0.0 Mobile Safari/537.36" sbsc.in 199.79.62.221
122.162.149.162 - - [28/Jan/2023:14:31:15 +0000] "GET /js/bootstrap.min.js HTTP/2.0" 200 13505 "https://sbsc.in/" "Mozilla/5.0 (Linux; Android 13; LE2101) AppleWebKit/537.36 (KHTML, like Gecko) Chrome/109.0.0.0 Mobile Safari/537.36" sbsc.in 199.79.62.221
122.162.149.162 - - [28/Jan/2023:14:31:15 +0000] "GET /paytm.jpg HTTP/2.0" 200 7167 "https://sbsc.in/" "Mozilla/5.0 (Linux; Android 13; LE2101) AppleWebKit/537.36 (KHTML, like Gecko) Chrome/109.0.0.0 Mobile Safari/537.36" sbsc.in 199.79.62.221
122.162.149.162 - - [28/Jan/2023:14:31:15 +0000] "GET /images/email.png HTTP/2.0" 200 1371 "https://sbsc.in/" "Mozilla/5.0 (Linux; Android 13; LE2101) AppleWebKit/537.36 (KHTML, like Gecko) Chrome/109.0.0.0 Mobile Safari/537.36" sbsc.in 199.79.62.221
122.162.149.162 - - [28/Jan/2023:14:31:15 +0000] "GET /images/phone.png HTTP/2.0" 200 1897 "https://sbsc.in/" "Mozilla/5.0 (Linux; Android 13; LE2101) AppleWebKit/537.36 (KHTML, like Gecko) Chrome/109.0.0.0 Mobile Safari/537.36" sbsc.in 199.79.62.221
122.162.149.162 - - [28/Jan/2023:14:31:15 +0000] "GET /images/logo.png HTTP/2.0" 200 36072 "https://sbsc.in/" "Mozilla/5.0 (Linux; Android 13; LE2101) AppleWebKit/537.36 (KHTML, like Gecko) Chrome/109.0.0.0 Mobile Safari/537.36" sbsc.in 199.79.62.221
122.162.149.162 - - [28/Jan/2023:14:31:15 +0000] "GET /images/new.gif HTTP/2.0" 200 2455 "https://sbsc.in/" "Mozilla/5.0 (Linux; Android 13; LE2101) AppleWebKit/537.36 (KHTML, like Gecko) Chrome/109.0.0.0 Mobile Safari/537.36" sbsc.in 199.79.62.221
122.162.149.162 - - [28/Jan/2023:14:31:15 +0000] "GET /images/symbol.jpg HTTP/2.0" 200 781 "https://sbsc.in/" "Mozilla/5.0 (Linux; Android 13; LE2101) AppleWebKit/537.36 (KHTML, like Gecko) Chrome/109.0.0.0 Mobile Safari/537.36" sbsc.in 199.79.62.221
122.162.149.162 - - [28/Jan/2023:14:31:15 +0000] "GET /images/banner/1.jpg HTTP/2.0" 200 212471 "https://sbsc.in/" "Mozilla/5.0 (Linux; Android 13; LE2101) AppleWebKit/537.36 (KHTML, like Gecko) Chrome/109.0.0.0 Mobile Safari/537.36" sbsc.in 199.79.62.221
122.162.149.162 - - [28/Jan/2023:14:31:15 +0000] "GET /images/golden-jubilee-logo.png HTTP/2.0" 200 34899 "https://sbsc.in/" "Mozilla/5.0 (Linux; Android 13; LE2101) AppleWebKit/537.36 (KHTML, like Gecko) Chrome/109.0.0.0 Mobile Safari/537.36" sbsc.in 199.79.62.221
122.162.149.162 - - [28/Jan/2023:14:31:16 +0000] "GET /images/banner/2.jpg HTTP/2.0" 200 197131 "https://sbsc.in/" "Mozilla/5.0 (Linux; Android 13; LE2101) AppleWebKit/537.36 (KHTML, like Gecko) Chrome/109.0.0.0 Mobile Safari/537.36" sbsc.in 199.79.62.221
207.46.13.111 - - [28/Jan/2023:14:31:17 +0000] "GET /ncc.php HTTP/1.1" 200 44626 "-" "Mozilla/5.0 AppleWebKit/537.36 (KHTML, like Gecko; compatible; bingbot/2.0; +http://www.bing.com/bingbot.htm) Chrome/103.0.5060.134 Safari/537.36" www.sbsc.in 199.79.62.221
49.37.171.37 - - [28/Jan/2023:14:31:18 +0000] "GET /favicon.ico HTTP/1.1" 404 355 "https://www.sbsc.in/pdf/SBSC_Addvertisement.pdf" "Mozilla/5.0 (Windows NT 10.0; Win64; x64) AppleWebKit/537.36 (KHTML, like Gecko) Chrome/109.0.0.0 Safari/537.36 Edg/109.0.1518.69" www.sbsc.in 199.79.62.221
122.162.149.162 - - [28/Jan/2023:14:31:16 +0000] "GET /images/banner/3.jpg HTTP/2.0" 200 207968 "https://sbsc.in/" "Mozilla/5.0 (Linux; Android 13; LE2101) AppleWebKit/537.36 (KHTML, like Gecko) Chrome/109.0.0.0 Mobile Safari/537.36" sbsc.in 199.79.62.221
207.46.13.111 - - [28/Jan/2023:14:31:18 +0000] "GET /internal_assessment.php/internalassessment/uploads/pdf/internalassessment/assesment-2021/uploads/pdf/1591871488_B.A._(Hons.)_Economics_3rd_Year.pdf HTTP/2.0" 200 43991 "-" "Mozilla/5.0 AppleWebKit/537.36 (KHTML, like Gecko; compatible; bingbot/2.0; +http://www.bing.com/bingbot.htm) Chrome/103.0.5060.134 Safari/537.36" www.sbsc.in 199.79.62.221
122.162.149.162 - - [28/Jan/2023:14:31:16 +0000] "GET /fonts/glyphicons-halflings-regular.woff HTTP/2.0" 200 23320 "https://sbsc.in/css/bootstrap.min.css" "Mozilla/5.0 (Linux; Android 13; LE2101) AppleWebKit/537.36 (KHTML, like Gecko) Chrome/109.0.0.0 Mobile Safari/537.36" sbsc.in 199.79.62.221
122.162.149.162 - - [28/Jan/2023:14:31:16 +0000] "GET /images/banner/4.jpg HTTP/2.0" 200 172167 "https://sbsc.in/" "Mozilla/5.0 (Linux; Android 13; LE2101) AppleWebKit/537.36 (KHTML, like Gecko) Chrome/109.0.0.0 Mobile Safari/537.36" sbsc.in 199.79.62.221
207.46.13.111 - - [28/Jan/2023:14:31:17 +0000] "GET /ncc.php HTTP/2.0" 200 44626 "-" "Mozilla/5.0 AppleWebKit/537.36 (KHTML, like Gecko; compatible; bingbot/2.0; +http://www.bing.com/bingbot.htm) Chrome/103.0.5060.134 Safari/537.36" www.sbsc.in 199.79.62.221
122.162.149.162 - - [28/Jan/2023:14:31:16 +0000] "GET /images/banner/5.jpg HTTP/2.0" 200 170926 "https://sbsc.in/" "Mozilla/5.0 (Linux; Android 13; LE2101) AppleWebKit/537.36 (KHTML, like Gecko) Chrome/109.0.0.0 Mobile Safari/537.36" sbsc.in 199.79.62.221
122.162.149.162 - - [28/Jan/2023:14:31:16 +0000] "GET /images/banner/6.jpg HTTP/2.0" 200 127037 "https://sbsc.in/" "Mozilla/5.0 (Linux; Android 13; LE2101) AppleWebKit/537.36 (KHTML, like Gecko) Chrome/109.0.0.0 Mobile Safari/537.36" sbsc.in 199.79.62.221
122.162.149.162 - - [28/Jan/2023:14:31:16 +0000] "GET /images/banner/7.jpg HTTP/2.0" 200 179124 "https://sbsc.in/" "Mozilla/5.0 (Linux; Android 13; LE2101) AppleWebKit/537.36 (KHTML, like Gecko) Chrome/109.0.0.0 Mobile Safari/537.36" sbsc.in 199.79.62.221
122.162.149.162 - - [28/Jan/2023:14:31:16 +0000] "GET /images/banner/8.jpg HTTP/2.0" 200 156850 "https://sbsc.in/" "Mozilla/5.0 (Linux; Android 13; LE2101) AppleWebKit/537.36 (KHTML, like Gecko) Chrome/109.0.0.0 Mobile Safari/537.36" sbsc.in 199.79.62.221
122.162.149.162 - - [28/Jan/2023:14:31:16 +0000] "GET /images/banner/9.jpg HTTP/2.0" 200 167238 "https://sbsc.in/" "Mozilla/5.0 (Linux; Android 13; LE2101) AppleWebKit/537.36 (KHTML, like Gecko) Chrome/109.0.0.0 Mobile Safari/537.36" sbsc.in 199.79.62.221
122.162.149.162 - - [28/Jan/2023:14:31:16 +0000] "GET /images/banner/10.jpg HTTP/2.0" 200 211781 "https://sbsc.in/" "Mozilla/5.0 (Linux; Android 13; LE2101) AppleWebKit/537.36 (KHTML, like Gecko) Chrome/109.0.0.0 Mobile Safari/537.36" sbsc.in 199.79.62.221
122.162.149.162 - - [28/Jan/2023:14:31:16 +0000] "GET /images/banner/11.jpg HTTP/2.0" 200 186118 "https://sbsc.in/" "Mozilla/5.0 (Linux; Android 13; LE2101) AppleWebKit/537.36 (KHTML, like Gecko) Chrome/109.0.0.0 Mobile Safari/537.36" sbsc.in 199.79.62.221
122.162.149.162 - - [28/Jan/2023:14:31:16 +0000] "GET /images/banner/12.jpg HTTP/2.0" 200 153729 "https://sbsc.in/" "Mozilla/5.0 (Linux; Android 13; LE2101) AppleWebKit/537.36 (KHTML, like Gecko) Chrome/109.0.0.0 Mobile Safari/537.36" sbsc.in 199.79.62.221
122.162.149.162 - - [28/Jan/2023:14:31:16 +0000] "GET /images/latest_news.png HTTP/2.0" 200 2953 "https://sbsc.in/" "Mozilla/5.0 (Linux; Android 13; LE2101) AppleWebKit/537.36 (KHTML, like Gecko) Chrome/109.0.0.0 Mobile Safari/537.36" sbsc.in 199.79.62.221
122.162.149.162 - - [28/Jan/2023:14:31:16 +0000] "GET /images/jubliee-img.jpg HTTP/2.0" 200 88706 "https://sbsc.in/" "Mozilla/5.0 (Linux; Android 13; LE2101) AppleWebKit/537.36 (KHTML, like Gecko) Chrome/109.0.0.0 Mobile Safari/537.36" sbsc.in 199.79.62.221
122.162.149.162 - - [28/Jan/2023:14:31:16 +0000] "GET /images/alumini.jpg HTTP/2.0" 200 50947 "https://sbsc.in/" "Mozilla/5.0 (Linux; Android 13; LE2101) AppleWebKit/537.36 (KHTML, like Gecko) Chrome/109.0.0.0 Mobile Safari/537.36" sbsc.in 199.79.62.221
122.162.149.162 - - [28/Jan/2023:14:31:16 +0000] "GET /images/associations.jpg HTTP/2.0" 200 31703 "https://sbsc.in/" "Mozilla/5.0 (Linux; Android 13; LE2101) AppleWebKit/537.36 (KHTML, like Gecko) Chrome/109.0.0.0 Mobile Safari/537.36" sbsc.in 199.79.62.221
122.162.149.162 - - [28/Jan/2023:14:31:16 +0000] "GET /images/tour-img.jpg HTTP/2.0" 200 65976 "https://sbsc.in/" "Mozilla/5.0 (Linux; Android 13; LE2101) AppleWebKit/537.36 (KHTML, like Gecko) Chrome/109.0.0.0 Mobile Safari/537.36" sbsc.in 199.79.62.221
122.162.149.162 - - [28/Jan/2023:14:31:16 +0000] "GET /images/IMG-20210727-WA0011.jpg HTTP/2.0" 200 154646 "https://sbsc.in/" "Mozilla/5.0 (Linux; Android 13; LE2101) AppleWebKit/537.36 (KHTML, like Gecko) Chrome/109.0.0.0 Mobile Safari/537.36" sbsc.in 199.79.62.221
122.162.149.162 - - [28/Jan/2023:14:31:16 +0000] "GET /images/event.jpg HTTP/2.0" 200 3517 "https://sbsc.in/" "Mozilla/5.0 (Linux; Android 13; LE2101) AppleWebKit/537.36 (KHTML, like Gecko) Chrome/109.0.0.0 Mobile Safari/537.36" sbsc.in 199.79.62.221
122.162.149.162 - - [28/Jan/2023:14:31:16 +0000] "GET /images/research-img.jpg HTTP/2.0" 200 3596 "https://sbsc.in/" "Mozilla/5.0 (Linux; Android 13; LE2101) AppleWebKit/537.36 (KHTML, like Gecko) Chrome/109.0.0.0 Mobile Safari/537.36" sbsc.in 199.79.62.221
122.162.149.162 - - [28/Jan/2023:14:31:16 +0000] "GET /images/publication-img.jpg HTTP/2.0" 200 4561 "https://sbsc.in/" "Mozilla/5.0 (Linux; Android 13; LE2101) AppleWebKit/537.36 (KHTML, like Gecko) Chrome/109.0.0.0 Mobile Safari/537.36" sbsc.in 199.79.62.221
122.162.149.162 - - [28/Jan/2023:14:31:16 +0000] "GET /images/Conference.jpg HTTP/2.0" 200 3631 "https://sbsc.in/" "Mozilla/5.0 (Linux; Android 13; LE2101) AppleWebKit/537.36 (KHTML, like Gecko) Chrome/109.0.0.0 Mobile Safari/537.36" sbsc.in 199.79.62.221
223.225.57.109 - - [28/Jan/2023:14:31:27 +0000] "GET / HTTP/2.0" 200 45835 "-" "Mozilla/5.0 (Windows NT 10.0; Win64; x64) AppleWebKit/537.36 (KHTML, like Gecko) Chrome/109.0.0.0 Safari/537.36" sbsc.in 199.79.62.221
122.162.149.162 - - [28/Jan/2023:14:31:16 +0000] "GET /images/placement1.JPG HTTP/2.0" 200 5562087 "https://sbsc.in/" "Mozilla/5.0 (Linux; Android 13; LE2101) AppleWebKit/537.36 (KHTML, like Gecko) Chrome/109.0.0.0 Mobile Safari/537.36" sbsc.in 199.79.62.221
122.162.149.162 - - [28/Jan/2023:14:31:30 +0000] "GET / HTTP/1.1" 200 45835 "android-app://com.google.android.googlequicksearchbox/" "Mozilla/5.0 (Linux; Android 13; LE2101) AppleWebKit/537.36 (KHTML, like Gecko) Chrome/109.0.0.0 Mobile Safari/537.36" sbsc.in 199.79.62.221
223.225.57.109 - - [28/Jan/2023:14:31:29 +0000] "GET / HTTP/2.0" 200 45835 "-" "Mozilla/5.0 (Windows NT 10.0; Win64; x64) AppleWebKit/537.36 (KHTML, like Gecko) Chrome/109.0.0.0 Safari/537.36" www.sbsc.in 199.79.62.221
223.225.57.109 - - [28/Jan/2023:14:31:30 +0000] "GET /css/style-new.css HTTP/2.0" 200 352 "https://www.sbsc.in/" "Mozilla/5.0 (Windows NT 10.0; Win64; x64) AppleWebKit/537.36 (KHTML, like Gecko) Chrome/109.0.0.0 Safari/537.36" www.sbsc.in 199.79.62.221
223.225.57.109 - - [28/Jan/2023:14:31:30 +0000] "GET /css/style.css HTTP/2.0" 200 2565 "https://www.sbsc.in/" "Mozilla/5.0 (Windows NT 10.0; Win64; x64) AppleWebKit/537.36 (KHTML, like Gecko) Chrome/109.0.0.0 Safari/537.36" www.sbsc.in 199.79.62.221
223.225.57.109 - - [28/Jan/2023:14:31:30 +0000] "GET /js/animation-banner.js HTTP/2.0" 200 964 "https://www.sbsc.in/" "Mozilla/5.0 (Windows NT 10.0; Win64; x64) AppleWebKit/537.36 (KHTML, like Gecko) Chrome/109.0.0.0 Safari/537.36" www.sbsc.in 199.79.62.221
223.225.57.109 - - [28/Jan/2023:14:31:30 +0000] "GET /cssmenu/script.js HTTP/2.0" 200 675 "https://www.sbsc.in/" "Mozilla/5.0 (Windows NT 10.0; Win64; x64) AppleWebKit/537.36 (KHTML, like Gecko) Chrome/109.0.0.0 Safari/537.36" www.sbsc.in 199.79.62.221
223.225.57.109 - - [28/Jan/2023:14:31:30 +0000] "GET /cssmenu/styles.css HTTP/2.0" 200 1905 "https://www.sbsc.in/" "Mozilla/5.0 (Windows NT 10.0; Win64; x64) AppleWebKit/537.36 (KHTML, like Gecko) Chrome/109.0.0.0 Safari/537.36" www.sbsc.in 199.79.62.221
122.162.149.162 - - [28/Jan/2023:14:31:29 +0000] "GET / HTTP/2.0" 200 45835 "android-app://com.google.android.googlequicksearchbox/" "Mozilla/5.0 (Linux; Android 13; LE2101) AppleWebKit/537.36 (KHTML, like Gecko) Chrome/109.0.0.0 Mobile Safari/537.36" sbsc.in 199.79.62.221
122.162.149.162 - - [28/Jan/2023:14:31:30 +0000] "GET /images/placement1.JPG HTTP/2.0" 206 1 "https://sbsc.in/" "Mozilla/5.0 (Linux; Android 13; LE2101) AppleWebKit/537.36 (KHTML, like Gecko) Chrome/109.0.0.0 Mobile Safari/537.36" sbsc.in 199.79.62.221
223.225.57.109 - - [28/Jan/2023:14:31:30 +0000] "GET /css/bootstrap.min.css HTTP/2.0" 200 27845 "https://www.sbsc.in/" "Mozilla/5.0 (Windows NT 10.0; Win64; x64) AppleWebKit/537.36 (KHTML, like Gecko) Chrome/109.0.0.0 Safari/537.36" www.sbsc.in 199.79.62.221
223.225.57.109 - - [28/Jan/2023:14:31:31 +0000] "GET /js/jquery.js HTTP/2.0" 200 42291 "https://www.sbsc.in/" "Mozilla/5.0 (Windows NT 10.0; Win64; x64) AppleWebKit/537.36 (KHTML, like Gecko) Chrome/109.0.0.0 Safari/537.36" www.sbsc.in 199.79.62.221
223.225.57.109 - - [28/Jan/2023:14:31:31 +0000] "GET /images/email.png HTTP/2.0" 200 1371 "https://www.sbsc.in/" "Mozilla/5.0 (Windows NT 10.0; Win64; x64) AppleWebKit/537.36 (KHTML, like Gecko) Chrome/109.0.0.0 Safari/537.36" www.sbsc.in 199.79.62.221
223.225.57.109 - - [28/Jan/2023:14:31:31 +0000] "GET /js/bootstrap.min.js HTTP/2.0" 200 13505 "https://www.sbsc.in/" "Mozilla/5.0 (Windows NT 10.0; Win64; x64) AppleWebKit/537.36 (KHTML, like Gecko) Chrome/109.0.0.0 Safari/537.36" www.sbsc.in 199.79.62.221
223.225.57.109 - - [28/Jan/2023:14:31:31 +0000] "GET /paytm.jpg HTTP/2.0" 200 7167 "https://www.sbsc.in/" "Mozilla/5.0 (Windows NT 10.0; Win64; x64) AppleWebKit/537.36 (KHTML, like Gecko) Chrome/109.0.0.0 Safari/537.36" www.sbsc.in 199.79.62.221
223.225.57.109 - - [28/Jan/2023:14:31:31 +0000] "GET /images/phone.png HTTP/2.0" 200 1897 "https://www.sbsc.in/" "Mozilla/5.0 (Windows NT 10.0; Win64; x64) AppleWebKit/537.36 (KHTML, like Gecko) Chrome/109.0.0.0 Safari/537.36" www.sbsc.in 199.79.62.221
223.225.57.109 - - [28/Jan/2023:14:31:31 +0000] "GET /images/logo.png HTTP/2.0" 200 36072 "https://www.sbsc.in/" "Mozilla/5.0 (Windows NT 10.0; Win64; x64) AppleWebKit/537.36 (KHTML, like Gecko) Chrome/109.0.0.0 Safari/537.36" www.sbsc.in 199.79.62.221
223.225.57.109 - - [28/Jan/2023:14:31:31 +0000] "GET /images/latest_news.png HTTP/2.0" 200 2953 "https://www.sbsc.in/" "Mozilla/5.0 (Windows NT 10.0; Win64; x64) AppleWebKit/537.36 (KHTML, like Gecko) Chrome/109.0.0.0 Safari/537.36" sbsc.in 199.79.62.221
223.225.57.109 - - [28/Jan/2023:14:31:31 +0000] "GET /images/golden-jubilee-logo.png HTTP/2.0" 200 34899 "https://www.sbsc.in/" "Mozilla/5.0 (Windows NT 10.0; Win64; x64) AppleWebKit/537.36 (KHTML, like Gecko) Chrome/109.0.0.0 Safari/537.36" www.sbsc.in 199.79.62.221
223.225.57.109 - - [28/Jan/2023:14:31:32 +0000] "GET /images/new.gif HTTP/2.0" 200 2455 "https://www.sbsc.in/" "Mozilla/5.0 (Windows NT 10.0; Win64; x64) AppleWebKit/537.36 (KHTML, like Gecko) Chrome/109.0.0.0 Safari/537.36" www.sbsc.in 199.79.62.221
223.225.57.109 - - [28/Jan/2023:14:31:32 +0000] "GET /images/symbol.jpg HTTP/2.0" 200 781 "https://www.sbsc.in/" "Mozilla/5.0 (Windows NT 10.0; Win64; x64) AppleWebKit/537.36 (KHTML, like Gecko) Chrome/109.0.0.0 Safari/537.36" www.sbsc.in 199.79.62.221
223.225.57.109 - - [28/Jan/2023:14:31:32 +0000] "GET /fonts/glyphicons-halflings-regular.woff HTTP/2.0" 200 23320 "https://www.sbsc.in/css/bootstrap.min.css" "Mozilla/5.0 (Windows NT 10.0; Win64; x64) AppleWebKit/537.36 (KHTML, like Gecko) Chrome/109.0.0.0 Safari/537.36" www.sbsc.in 199.79.62.221
122.162.149.162 - - [28/Jan/2023:14:31:31 +0000] "GET /images/placement1.JPG HTTP/2.0" 206 7810589 "https://sbsc.in/" "Mozilla/5.0 (Linux; Android 13; LE2101) AppleWebKit/537.36 (KHTML, like Gecko) Chrome/109.0.0.0 Mobile Safari/537.36" sbsc.in 199.79.62.221
122.162.149.162 - - [28/Jan/2023:14:31:34 +0000] "GET /favicon.ico HTTP/1.1" 404 355 "https://sbsc.in/" "Mozilla/5.0 (Linux; Android 13; LE2101) AppleWebKit/537.36 (KHTML, like Gecko) Chrome/109.0.0.0 Mobile Safari/537.36" sbsc.in 199.79.62.221
122.162.149.162 - - [28/Jan/2023:14:31:34 +0000] "GET /favicon.ico HTTP/2.0" 404 355 "https://sbsc.in/" "Mozilla/5.0 (Linux; Android 13; LE2101) AppleWebKit/537.36 (KHTML, like Gecko) Chrome/109.0.0.0 Mobile Safari/537.36" sbsc.in 199.79.62.221
205.253.126.0 - - [28/Jan/2023:14:31:42 +0000] "GET / HTTP/2.0" 200 45835 "https://www.google.com/" "Mozilla/5.0 (Windows NT 10.0; Win64; x64) AppleWebKit/537.36 (KHTML, like Gecko) Chrome/109.0.0.0 Safari/537.36" www.sbsc.in 199.79.62.221
49.37.171.37 - - [28/Jan/2023:14:31:18 +0000] "GET /favicon.ico HTTP/2.0" 404 355 "https://www.sbsc.in/pdf/SBSC_Addvertisement.pdf" "Mozilla/5.0 (Windows NT 10.0; Win64; x64) AppleWebKit/537.36 (KHTML, like Gecko) Chrome/109.0.0.0 Safari/537.36 Edg/109.0.1518.69" www.sbsc.in 199.79.62.221
205.253.126.0 - - [28/Jan/2023:14:31:51 +0000] "GET /view-all.php HTTP/2.0" 200 74210 "https://www.sbsc.in/" "Mozilla/5.0 (Windows NT 10.0; Win64; x64) AppleWebKit/537.36 (KHTML, like Gecko) Chrome/109.0.0.0 Safari/537.36" www.sbsc.in 199.79.62.221
205.253.126.0 - - [28/Jan/2023:14:31:53 +0000] "GET /favicon.ico HTTP/1.1" 404 355 "https://www.sbsc.in/view-all.php" "Mozilla/5.0 (Windows NT 10.0; Win64; x64) AppleWebKit/537.36 (KHTML, like Gecko) Chrome/109.0.0.0 Safari/537.36" www.sbsc.in 199.79.62.221
205.253.126.0 - - [28/Jan/2023:14:31:53 +0000] "GET /favicon.ico HTTP/2.0" 404 355 "https://www.sbsc.in/view-all.php" "Mozilla/5.0 (Windows NT 10.0; Win64; x64) AppleWebKit/537.36 (KHTML, like Gecko) Chrome/109.0.0.0 Safari/537.36" www.sbsc.in 199.79.62.221
