57.141.16.3 - - [03/Mar/2026:09:35:08 -0700] "GET /wp-json/oembed/1.0/embed?url=http%3A%2F%2Fwww.icdp.co.in%2Fexploring-golden-winner-demo-a-free-online-casino-experience%2F HTTP/1.1" 200 2468 "-" "meta-externalagent/1.1 (+https://developers.facebook.com/docs/sharing/webmasters/crawler)" 178 **0/178236**
57.141.16.78 - - [03/Mar/2026:09:35:09 -0700] "GET /wp-json/oembed/1.0/embed?url=http%3A%2F%2Fwww.icdp.co.in%2Flacces-tantot-posterieur-ils-font-los-angeles-allemagne-la-suisse-la-pologne-litalie-plusieurs-autres-contrees%2F HTTP/1.1" 200 2778 "-" "meta-externalagent/1.1 (+https://developers.facebook.com/docs/sharing/webmasters/crawler)" 237 **0/237065**
136.243.220.212 - - [03/Mar/2026:09:35:09 -0700] "GET /greatest-5-local-casino-inspired-games-you-could-potentially-play-on-ps5-playstation-world/ HTTP/1.1" 200 72466 "-" "Mozilla/5.0 (compatible; DataForSeoBot/1.0; +https://dataforseo.com/dataforseo-bot)" 417 **0/417905**
185.191.171.19 - - [03/Mar/2026:09:35:14 -0700] "GET /better-percentage-methods-for-prompt-and-you-can-instantaneous-distributions-within-the-canada/ HTTP/1.1" 200 78341 "-" "Mozilla/5.0 (compatible; SemrushBot/7~bl; +http://www.semrush.com/bot.html)" 480 **0/480737**
68.178.232.37 - - [03/Mar/2026:09:35:13 -0700] "POST /wp-cron.php?doing_wp_cron=1772555713.9094200134277343750000 HTTP/1.1" 200 - "http://www.icdp.co.in/wp-cron.php?doing_wp_cron=1772555713.9094200134277343750000" "WordPress/5.7.8; http://www.icdp.co.in" 694 **0/694848**
136.243.220.212 - - [03/Mar/2026:09:35:13 -0700] "GET /baywatch-quick-win-deutschland-boni-online-vortragen/ HTTP/1.1" 200 73298 "-" "Mozilla/5.0 (compatible; DataForSeoBot/1.0; +https://dataforseo.com/dataforseo-bot)" 1052 **1/1052681**
136.243.220.212 - - [03/Mar/2026:09:35:17 -0700] "GET /slottyway-casino-online-pl-logowanie-w-slotyway-21/ HTTP/1.1" 200 71997 "-" "Mozilla/5.0 (compatible; DataForSeoBot/1.0; +https://dataforseo.com/dataforseo-bot)" 352 **0/352443**
185.191.171.11 - - [03/Mar/2026:09:35:19 -0700] "GET /balancing-innovation-and-responsibility-the-evolution-of-slot-game-dynamics-in-the-digital-age/ HTTP/1.1" 200 80069 "-" "Mozilla/5.0 (compatible; SemrushBot/7~bl; +http://www.semrush.com/bot.html)" 302 **0/302865**
136.243.220.212 - - [03/Mar/2026:09:35:21 -0700] "GET /an-educated-no-deposit-added-slot-games-platoon-bonus-casinos-in-the-2025-earn-real-money/ HTTP/1.1" 200 74740 "-" "Mozilla/5.0 (compatible; DataForSeoBot/1.0; +https://dataforseo.com/dataforseo-bot)" 356 **0/356984**
85.208.96.196 - - [03/Mar/2026:09:35:22 -0700] "GET /vintage-table-games-like-black-jack-roulette-and-baccarat-remain-mainstays-in-the-brango-gambling-establishment/ HTTP/1.1" 200 78480 "-" "Mozilla/5.0 (compatible; SemrushBot/7~bl; +http://www.semrush.com/bot.html)" 309 **0/309050**
85.208.96.210 - - [03/Mar/2026:09:35:25 -0700] "GET /sports-betting-is-big-but-theres-a-different-way-to-profit-playing/ HTTP/1.1" 200 78386 "-" "Mozilla/5.0 (compatible; SemrushBot/7~bl; +http://www.semrush.com/bot.html)" 316 **0/316057**
136.243.220.212 - - [03/Mar/2026:09:35:25 -0700] "GET /scourge-of-rome-slot-hace-el-trabajo-regalado/ HTTP/1.1" 200 72917 "-" "Mozilla/5.0 (compatible; DataForSeoBot/1.0; +https://dataforseo.com/dataforseo-bot)" 380 **0/380299**
136.243.220.212 - - [03/Mar/2026:09:35:29 -0700] "GET /leprechauns-fortunate-appeal-slot-remark-spin-they-100percent-free/ HTTP/1.1" 200 72282 "-" "Mozilla/5.0 (compatible; DataForSeoBot/1.0; +https://dataforseo.com/dataforseo-bot)" 370 **0/370480**
136.243.220.212 - - [03/Mar/2026:09:35:33 -0700] "GET /pharaohs-luck-demo-play-totally-free-position-video-game/ HTTP/1.1" 200 71408 "-" "Mozilla/5.0 (compatible; DataForSeoBot/1.0; +https://dataforseo.com/dataforseo-bot)" 314 **0/314371**
216.73.216.40 - - [03/Mar/2026:09:35:35 -0700] "GET /?p=154702 HTTP/1.1" 301 1 "-" "Mozilla/5.0 AppleWebKit/537.36 (KHTML, like Gecko; compatible; ClaudeBot/1.0; +claudebot@anthropic.com)" 113 **0/113391**
216.73.216.40 - - [03/Mar/2026:09:35:36 -0700] "GET /play-over-17000-casino-games-free-of-charge-otherwise-that-have-a-real-income/ HTTP/1.1" 200 71719 "http://www.icdp.co.in/?p=154702" "Mozilla/5.0 AppleWebKit/537.36 (KHTML, like Gecko; compatible; ClaudeBot/1.0; +claudebot@anthropic.com)" 401 **0/401531**
136.243.220.212 - - [03/Mar/2026:09:35:38 -0700] "GET /aztecs-legend-tragamonedas-funciona-sin-cargo-carente-registrarte/ HTTP/1.1" 200 73138 "-" "Mozilla/5.0 (compatible; DataForSeoBot/1.0; +https://dataforseo.com/dataforseo-bot)" 318 **0/318953**
136.243.220.212 - - [03/Mar/2026:09:35:41 -0700] "GET /irish-attention-dos-trial-position-gamble-on-the-web-totally-free-nextgen/ HTTP/1.1" 200 72042 "-" "Mozilla/5.0 (compatible; DataForSeoBot/1.0; +https://dataforseo.com/dataforseo-bot)" 292 **0/292777**
57.141.16.80 - - [03/Mar/2026:09:35:42 -0700] "GET /gbets-pasveikinimo-premija-2025-ybets-lietuva-prisijungti-m-prenumeruokite-ir-gaukite-50-r-statyma-penkiasdesimt-nemokamu-sukimu/feed/ HTTP/1.1" 200 1142 "-" "meta-externalagent/1.1 (+https://developers.facebook.com/docs/sharing/webmasters/crawler)" 152 **0/152119**
136.243.220.212 - - [03/Mar/2026:09:35:45 -0700] "GET /cold-wilds-slot-machine-%E1%97%8E-enjoy-free-local-casino-game-online-by-the-igt/ HTTP/1.1" 200 73021 "-" "Mozilla/5.0 (compatible; DataForSeoBot/1.0; +https://dataforseo.com/dataforseo-bot)" 286 **0/286842**
17.22.237.177 - - [03/Mar/2026:09:35:46 -0700] "GET /25-freispiele-noviline-video-slots-spiele-abzuglich-einzahlung-im-spinia-casino-provision-code-200/ HTTP/1.1" 404 - "-" "Mozilla/5.0 (Macintosh; Intel Mac OS X 10_15_7) AppleWebKit/605.1.15 (KHTML, like Gecko) Version/17.4 Safari/605.1.15 (Applebot/0.1; +http://www.apple.com/go/applebot)" 132 **0/132572**
136.243.220.212 - - [03/Mar/2026:09:35:50 -0700] "GET /gametwist-kostenlose-twists-fur-blagen-flashdash-app-download-fur-android-diese-aufrichtigkeit/ HTTP/1.1" 200 73912 "-" "Mozilla/5.0 (compatible; DataForSeoBot/1.0; +https://dataforseo.com/dataforseo-bot)" 288 **0/288929**
136.243.220.212 - - [03/Mar/2026:09:35:53 -0700] "GET /disfruta-de-tus-tragamonedas-favoritas-en-phoenix-reborn-paypal-argentina/ HTTP/1.1" 200 74226 "-" "Mozilla/5.0 (compatible; DataForSeoBot/1.0; +https://dataforseo.com/dataforseo-bot)" 322 **0/322051**
68.178.232.37 - - [03/Mar/2026:09:35:56 -0700] "POST /wp-cron.php?doing_wp_cron=1772555756.8119120597839355468750 HTTP/1.1" 200 - "http://www.icdp.co.in/wp-cron.php?doing_wp_cron=1772555756.8119120597839355468750" "WordPress/5.7.8; http://www.icdp.co.in" 213 **0/213207**
57.141.16.79 - - [03/Mar/2026:09:35:56 -0700] "GET /wp-json/wp/v2/posts/147013 HTTP/1.1" 200 14297 "-" "meta-externalagent/1.1 (+https://developers.facebook.com/docs/sharing/webmasters/crawler)" 383 **0/383858**
136.243.220.212 - - [03/Mar/2026:09:35:57 -0700] "GET /greatest-online-blackjack-websites-better-casino-slots-online-real-cash-black-jack-2025/ HTTP/1.1" 200 73920 "-" "Mozilla/5.0 (compatible; DataForSeoBot/1.0; +https://dataforseo.com/dataforseo-bot)" 329 **0/329849**
136.243.220.212 - - [03/Mar/2026:09:36:02 -0700] "GET /tragamonedas-de-rtg-1win-mexico-bonificaciones-desplazandolo-hacia-el-pelo-juegos-exclusivos/ HTTP/1.1" 200 73684 "-" "Mozilla/5.0 (compatible; DataForSeoBot/1.0; +https://dataforseo.com/dataforseo-bot)" 458 **0/458095**
136.243.220.212 - - [03/Mar/2026:09:36:05 -0700] "GET /beste-erreichbar-spybet-schweiz-casinos-uneingeschrankt-2025-topliste/ HTTP/1.1" 200 73901 "-" "Mozilla/5.0 (compatible; DataForSeoBot/1.0; +https://dataforseo.com/dataforseo-bot)" 341 **0/341663**
136.243.220.212 - - [03/Mar/2026:09:36:10 -0700] "GET /starburst-position-netent-try-100-percent-free-trial/ HTTP/1.1" 200 72539 "-" "Mozilla/5.0 (compatible; DataForSeoBot/1.0; +https://dataforseo.com/dataforseo-bot)" 353 **0/353903**
136.243.220.212 - - [03/Mar/2026:09:36:14 -0700] "GET /10-finest-real-cash-web-based-casinos-to-possess-us-professionals-inside-the-2025/ HTTP/1.1" 200 72185 "-" "Mozilla/5.0 (compatible; DataForSeoBot/1.0; +https://dataforseo.com/dataforseo-bot)" 301 **0/301774**
136.243.220.212 - - [03/Mar/2026:09:36:17 -0700] "GET /download-authoritative-apk/ HTTP/1.1" 200 71828 "-" "Mozilla/5.0 (compatible; DataForSeoBot/1.0; +https://dataforseo.com/dataforseo-bot)" 280 **0/280133**
68.178.232.37 - - [03/Mar/2026:09:36:22 -0700] "POST /wp-cron.php?doing_wp_cron=1772555781.8739650249481201171875 HTTP/1.1" 200 - "http://www.icdp.co.in/wp-cron.php?doing_wp_cron=1772555781.8739650249481201171875" "WordPress/5.7.8; http://www.icdp.co.in" 663 **0/663079**
136.243.220.212 - - [03/Mar/2026:09:36:21 -0700] "GET /myvegas-ports-no-deposit-bonus-get-3000000-free-chips/ HTTP/1.1" 200 72077 "-" "Mozilla/5.0 (compatible; DataForSeoBot/1.0; +https://dataforseo.com/dataforseo-bot)" 1442 **1/1442766**
136.243.220.212 - - [03/Mar/2026:09:36:25 -0700] "GET /better-100-percent-free-potato-chips-bonuses-play-chance-100-percent-free-and-you-can-victory-real-money/ HTTP/1.1" 200 72228 "-" "Mozilla/5.0 (compatible; DataForSeoBot/1.0; +https://dataforseo.com/dataforseo-bot)" 420 **0/420119**
136.243.220.212 - - [03/Mar/2026:09:36:30 -0700] "GET /on-line-zodiac-free-no-deposit-spins-poker/ HTTP/1.1" 200 74119 "-" "Mozilla/5.0 (compatible; DataForSeoBot/1.0; +https://dataforseo.com/dataforseo-bot)" 374 **0/374406**
136.243.220.212 - - [03/Mar/2026:09:36:33 -0700] "GET /pinco-online-kazino-azrbaycanda-srtli-dnilr-v-127/ HTTP/1.1" 200 72731 "-" "Mozilla/5.0 (compatible; DataForSeoBot/1.0; +https://dataforseo.com/dataforseo-bot)" 314 **0/314672**
216.73.216.40 - - [03/Mar/2026:09:36:34 -0700] "GET /mostbet-platformasnn-struktur-v-funksional-2 HTTP/1.1" 301 1 "-" "Mozilla/5.0 AppleWebKit/537.36 (KHTML, like Gecko; compatible; ClaudeBot/1.0; +claudebot@anthropic.com)" 140 **0/140989**
216.73.216.40 - - [03/Mar/2026:09:36:35 -0700] "GET /mostbet-platformasnn-struktur-v-funksional-2/ HTTP/1.1" 200 75454 "http://www.icdp.co.in/mostbet-platformasnn-struktur-v-funksional-2" "Mozilla/5.0 AppleWebKit/537.36 (KHTML, like Gecko; compatible; ClaudeBot/1.0; +claudebot@anthropic.com)" 305 **0/305698**
136.243.220.212 - - [03/Mar/2026:09:36:37 -0700] "GET /rockylodge/ HTTP/1.1" 200 73715 "-" "Mozilla/5.0 (compatible; DataForSeoBot/1.0; +https://dataforseo.com/dataforseo-bot)" 357 **0/357097**
57.141.16.42 - - [03/Mar/2026:09:36:40 -0700] "GET /wp-json/wp/v2/posts/144584 HTTP/1.1" 200 5756 "-" "meta-externalagent/1.1 (+https://developers.facebook.com/docs/sharing/webmasters/crawler)" 157 **0/157102**
57.141.16.23 - - [03/Mar/2026:09:36:42 -0700] "GET /ports-kingdom-has-been-inviting-you-members-featuring-its-medieval-theme-because-the-2019/feed/ HTTP/1.1" 200 1012 "-" "meta-externalagent/1.1 (+https://developers.facebook.com/docs/sharing/webmasters/crawler)" 147 **0/147162**
57.141.16.15 - - [03/Mar/2026:09:36:47 -0700] "GET /?p=145795 HTTP/1.1" 301 - "-" "meta-externalagent/1.1 (+https://developers.facebook.com/docs/sharing/webmasters/crawler)" 162 **0/162401**
17.22.245.135 - - [03/Mar/2026:09:37:12 -0700] "GET /wp-includes/js/wp-emoji-release.min.js?ver=5.7.8 HTTP/1.1" 200 4662 "http://www.icdp.co.in/category/blazer-bet-152/" "Mozilla/5.0 (Macintosh; Intel Mac OS X 10_15_7) AppleWebKit/605.1.15 (KHTML, like Gecko) Version/17.4 Safari/605.1.15 (Applebot/0.1; +http://www.apple.com/go/applebot)" 5 **0/5383**
17.22.245.216 - - [03/Mar/2026:09:37:13 -0700] "GET /wp-content/themes/astra/assets/css/minified/menu-animation.min.css?ver=3.2.0 HTTP/1.1" 200 379 "http://www.icdp.co.in/category/blazer-bet-152/" "Mozilla/5.0 (Macintosh; Intel Mac OS X 10_15_7) AppleWebKit/605.1.15 (KHTML, like Gecko) Version/17.4 Safari/605.1.15 (Applebot/0.1; +http://www.apple.com/go/applebot)" 7 **0/7770**
17.22.237.52 - - [03/Mar/2026:09:37:15 -0700] "GET /wp-content/themes/astra/assets/css/minified/frontend.min.css?ver=3.2.0 HTTP/1.1" 200 12426 "http://www.icdp.co.in/category/blazer-bet-152/" "Mozilla/5.0 (Macintosh; Intel Mac OS X 10_15_7) AppleWebKit/605.1.15 (KHTML, like Gecko) Version/17.4 Safari/605.1.15 (Applebot/0.1; +http://www.apple.com/go/applebot)" 10 **0/10411**
216.73.216.40 - - [03/Mar/2026:09:37:15 -0700] "GET /revolves-approved-since-the-twenty-five-revolves-big-date-upon-log-on-to-have-ten-months HTTP/1.1" 301 1 "-" "Mozilla/5.0 AppleWebKit/537.36 (KHTML, like Gecko; compatible; ClaudeBot/1.0; +claudebot@anthropic.com)" 171 **0/171826**
57.141.16.3 - - [03/Mar/2026:09:37:16 -0700] "GET /?p=144125 HTTP/1.1" 301 - "-" "meta-externalagent/1.1 (+https://developers.facebook.com/docs/sharing/webmasters/crawler)" 126 **0/126016**
216.73.216.40 - - [03/Mar/2026:09:37:16 -0700] "GET /?p=156035 HTTP/1.1" 301 1 "-" "Mozilla/5.0 AppleWebKit/537.36 (KHTML, like Gecko; compatible; ClaudeBot/1.0; +claudebot@anthropic.com)" 137 **0/137853**
17.22.245.28 - - [03/Mar/2026:09:37:16 -0700] "GET /wp-includes/css/dist/block-library/style.min.css?ver=5.7.8 HTTP/1.1" 200 8685 "http://www.icdp.co.in/category/blazer-bet-152/" "Mozilla/5.0 (Macintosh; Intel Mac OS X 10_15_7) AppleWebKit/605.1.15 (KHTML, like Gecko) Version/17.4 Safari/605.1.15 (Applebot/0.1; +http://www.apple.com/go/applebot)" 8 **0/8277**
216.73.216.40 - - [03/Mar/2026:09:37:16 -0700] "GET /angeschlossen-kasino-freispiele-2026-spielen-sie-ali-babas-riches-slot-online-ohne-download-fur-nusse-vortragen/ HTTP/1.1" 200 72617 "http://www.icdp.co.in/?p=156035" "Mozilla/5.0 AppleWebKit/537.36 (KHTML, like Gecko; compatible; ClaudeBot/1.0; +claudebot@anthropic.com)" 307 **0/307405**
216.73.216.40 - - [03/Mar/2026:09:37:17 -0700] "GET /revolves-approved-since-the-twenty-five-revolves-big-date-upon-log-on-to-have-ten-months/ HTTP/1.1" 200 70412 "http://www.icdp.co.in/revolves-approved-since-the-twenty-five-revolves-big-date-upon-log-on-to-have-ten-months" "Mozilla/5.0 AppleWebKit/537.36 (KHTML, like Gecko; compatible; ClaudeBot/1.0; +claudebot@anthropic.com)" 310 **0/310266**
17.22.237.208 - - [03/Mar/2026:09:37:18 -0700] "GET /wp-content/themes/astra/assets/js/minified/frontend.min.js?ver=3.2.0 HTTP/1.1" 200 3749 "http://www.icdp.co.in/category/blazer-bet-152/" "Mozilla/5.0 (Macintosh; Intel Mac OS X 10_15_7) AppleWebKit/605.1.15 (KHTML, like Gecko) Version/17.4 Safari/605.1.15 (Applebot/0.1; +http://www.apple.com/go/applebot)" 9 **0/9360**
17.22.253.189 - - [03/Mar/2026:09:37:19 -0700] "GET /wp-content/plugins/coblocks/dist/js/coblocks-animation.js?ver=2.9.1 HTTP/1.1" 200 628 "http://www.icdp.co.in/category/blazer-bet-152/" "Mozilla/5.0 (Macintosh; Intel Mac OS X 10_15_7) AppleWebKit/605.1.15 (KHTML, like Gecko) Version/17.4 Safari/605.1.15 (Applebot/0.1; +http://www.apple.com/go/applebot)" 7 **0/7500**
17.22.253.150 - - [03/Mar/2026:09:37:21 -0700] "GET /wp-includes/js/wp-embed.min.js?ver=5.7.8 HTTP/1.1" 200 765 "http://www.icdp.co.in/category/blazer-bet-152/" "Mozilla/5.0 (Macintosh; Intel Mac OS X 10_15_7) AppleWebKit/605.1.15 (KHTML, like Gecko) Version/17.4 Safari/605.1.15 (Applebot/0.1; +http://www.apple.com/go/applebot)" 7 **0/7176**
113.204.79.230 - - [03/Mar/2026:09:37:21 -0700] "GET /exploring-bc-game-the-ultimate-online-casino-3/ HTTP/1.0" 200 351977 "-" "Mozilla/5.0 (Windows NT 10.0; WOW64) AppleWebKit/537.36 (KHTML, like Gecko) Chrome/114.0.0.0 Safari/537.36 Vivaldi/5.3.2679.68" 341 **0/341360**
216.244.66.241 - - [03/Mar/2026:09:37:25 -0700] "GET /nederlandse-codes-pro-gokhal-bonussen-behalve-storting-pro-bezoek-hun-site-2026/ HTTP/1.1" 200 346578 "-" "Mozilla/5.0 (compatible; DotBot/1.2; +https://opensiteexplorer.org/dotbot; help@moz.com)" 341 **0/341190**
136.243.220.212 - - [03/Mar/2026:09:37:28 -0700] "GET /choy-sunshine-doa-position-a-real-income-100-percent-free-gamble-online-aristocrat/ HTTP/1.1" 200 72204 "-" "Mozilla/5.0 (compatible; DataForSeoBot/1.0; +https://dataforseo.com/dataforseo-bot)" 336 **0/336187**
136.243.220.212 - - [03/Mar/2026:09:37:33 -0700] "GET /8-6-jacks-spinfest-bonus-code-otherwise-greatest-10-gamble-greatest-x-approach/ HTTP/1.1" 200 73861 "-" "Mozilla/5.0 (compatible; DataForSeoBot/1.0; +https://dataforseo.com/dataforseo-bot)" 338 **0/338983**
57.141.16.99 - - [03/Mar/2026:09:37:34 -0700] "GET /fifty-no-deposit-totally-free-spins-2025-gambling-enterprise-added-bonus-sites/feed/ HTTP/1.1" 200 979 "-" "meta-externalagent/1.1 (+https://developers.facebook.com/docs/sharing/webmasters/crawler)" 141 **0/141326**
136.243.220.212 - - [03/Mar/2026:09:37:36 -0700] "GET /on-transferring-at-least-%ef%bf%bdten-your-bank-account-was-credited-that-have-an-advantage-worthy-of-%ef%bf%bd5/ HTTP/1.1" 200 71094 "-" "Mozilla/5.0 (compatible; DataForSeoBot/1.0; +https://dataforseo.com/dataforseo-bot)" 308 **0/308913**
136.243.220.212 - - [03/Mar/2026:09:37:40 -0700] "GET /an-educated-blueprint-playing-ports-best-online-real-money-lobstermania-slot-better-uk-casinos-to-play-at-the-inside-the-2025/ HTTP/1.1" 200 72706 "-" "Mozilla/5.0 (compatible; DataForSeoBot/1.0; +https://dataforseo.com/dataforseo-bot)" 326 **0/326279**
216.244.66.241 - - [03/Mar/2026:09:37:44 -0700] "GET /old-thai-flower-slot-egypt-classic-pragmatic-play-demo-and-position-review/ HTTP/1.1" 200 348201 "-" "Mozilla/5.0 (compatible; DotBot/1.2; +https://opensiteexplorer.org/dotbot; help@moz.com)" 316 **0/316283**
136.243.220.212 - - [03/Mar/2026:09:37:44 -0700] "GET /georgia-technology-vs-duke-opportunity-selections-forecasts-finest-wagers-away-from-proven-model/ HTTP/1.1" 200 72875 "-" "Mozilla/5.0 (compatible; DataForSeoBot/1.0; +https://dataforseo.com/dataforseo-bot)" 344 **0/344180**
17.241.219.116 - - [03/Mar/2026:09:37:48 -0700] "GET /roulette-bonus-casino-ein-expertenleitfaden-fur-spieler/ HTTP/1.1" 200 76546 "-" "Mozilla/5.0 (Macintosh; Intel Mac OS X 10_15_7) AppleWebKit/605.1.15 (KHTML, like Gecko) Version/17.4 Safari/605.1.15 (Applebot/0.1; +http://www.apple.com/go/applebot)" 329 **0/329996**
136.243.220.212 - - [03/Mar/2026:09:37:48 -0700] "GET /diamond-vapor-position-remark/ HTTP/1.1" 200 74059 "-" "Mozilla/5.0 (compatible; DataForSeoBot/1.0; +https://dataforseo.com/dataforseo-bot)" 343 **0/343457**
136.243.220.212 - - [03/Mar/2026:09:37:52 -0700] "GET /blackjack-21step-three-side-choice-odds-earnings-biggest-no-deposit-24-casino-how-it-operates/ HTTP/1.1" 200 74515 "-" "Mozilla/5.0 (compatible; DataForSeoBot/1.0; +https://dataforseo.com/dataforseo-bot)" 374 **0/374856**
68.178.232.37 - - [03/Mar/2026:09:37:56 -0700] "POST /wp-cron.php?doing_wp_cron=1772555876.1101350784301757812500 HTTP/1.1" 200 - "http://www.icdp.co.in/wp-cron.php?doing_wp_cron=1772555876.1101350784301757812500" "WordPress/5.7.8; http://www.icdp.co.in" 184 **0/184454**
57.141.16.34 - - [03/Mar/2026:09:37:55 -0700] "GET /wp-json/oembed/1.0/embed?url=http%3A%2F%2Fwww.icdp.co.in%2Ffortune-favors-the-bold-secure-your-share-of%2F HTTP/1.1" 200 2484 "-" "meta-externalagent/1.1 (+https://developers.facebook.com/docs/sharing/webmasters/crawler)" 346 **0/346371**
136.243.220.212 - - [03/Mar/2026:09:37:56 -0700] "GET /handmade-cards-come-across-sign-beetle-frenzy-slot-machine-up-for-credit-cards-on-the-internet-during-the-bank-out-of-the-united-states/ HTTP/1.1" 200 74212 "-" "Mozilla/5.0 (compatible; DataForSeoBot/1.0; +https://dataforseo.com/dataforseo-bot)" 389 **0/389954**
136.243.220.212 - - [03/Mar/2026:09:38:01 -0700] "GET /180-online-black-jack-video-free-mecca-bingo-spins-no-deposit-game-and-no-obtain-%EF%B8%8F/ HTTP/1.1" 200 73951 "-" "Mozilla/5.0 (compatible; DataForSeoBot/1.0; +https://dataforseo.com/dataforseo-bot)" 574 **0/574067**
136.243.220.212 - - [03/Mar/2026:09:38:04 -0700] "GET /soccer-legends-kostenloses-sportspiel-pille-bros/ HTTP/1.1" 200 74390 "-" "Mozilla/5.0 (compatible; DataForSeoBot/1.0; +https://dataforseo.com/dataforseo-bot)" 306 **0/306181**
216.244.66.241 - - [03/Mar/2026:09:38:06 -0700] "GET /lucky-pharaoh/ HTTP/1.1" 200 343373 "-" "Mozilla/5.0 (compatible; DotBot/1.2; +https://opensiteexplorer.org/dotbot; help@moz.com)" 281 **0/281542**
136.243.220.212 - - [03/Mar/2026:09:38:09 -0700] "GET /frumzi-casino-wird-welcher-ausfuhrlichen-leistungsnachweis-durch-ebendiese-objektives-kollektiv-von-spielcasino-analyszen/ HTTP/1.1" 200 72043 "-" "Mozilla/5.0 (compatible; DataForSeoBot/1.0; +https://dataforseo.com/dataforseo-bot)" 304 **0/304242**
136.243.220.212 - - [03/Mar/2026:09:38:12 -0700] "GET /komm-casino-wings-of-gold-slot-und-partie-via-uns/ HTTP/1.1" 200 72315 "-" "Mozilla/5.0 (compatible; DataForSeoBot/1.0; +https://dataforseo.com/dataforseo-bot)" 295 **0/295697**
57.141.16.54 - - [03/Mar/2026:09:38:13 -0700] "GET /wp-json/oembed/1.0/embed?url=http%3A%2F%2Fwww.icdp.co.in%2Fhow-to-choose-suitable-local-casino-for-alive-local-casino-incentives%2F HTTP/1.1" 200 2510 "-" "meta-externalagent/1.1 (+https://developers.facebook.com/docs/sharing/webmasters/crawler)" 174 **0/174187**
136.243.220.212 - - [03/Mar/2026:09:38:17 -0700] "GET /scorching-deluxe-slot-opinion-play-100-percent-free-demo-2025/ HTTP/1.1" 200 72183 "-" "Mozilla/5.0 (compatible; DataForSeoBot/1.0; +https://dataforseo.com/dataforseo-bot)" 476 **0/476182**
57.141.16.13 - - [03/Mar/2026:09:38:18 -0700] "GET /wp-json/wp/v2/posts/148980 HTTP/1.1" 200 8148 "-" "meta-externalagent/1.1 (+https://developers.facebook.com/docs/sharing/webmasters/crawler)" 152 **0/152670**
136.243.220.212 - - [03/Mar/2026:09:38:20 -0700] "GET /angeschlossen-baccarat-auffuhren-kostenlose-baccara-kritischer-link-kartenspiele/ HTTP/1.1" 200 73451 "-" "Mozilla/5.0 (compatible; DataForSeoBot/1.0; +https://dataforseo.com/dataforseo-bot)" 301 **0/301891**
136.243.220.212 - - [03/Mar/2026:09:38:24 -0700] "GET /les-tendances-du-casino-en-ligne-nouveau-a-explorer-cette-annee/ HTTP/1.1" 200 72045 "-" "Mozilla/5.0 (compatible; DataForSeoBot/1.0; +https://dataforseo.com/dataforseo-bot)" 270 **0/270266**
136.243.220.212 - - [03/Mar/2026:09:38:28 -0700] "GET /igrat-v-onlajn-pinco-casino-oficialnyj-sajt-3104/ HTTP/1.1" 200 73552 "-" "Mozilla/5.0 (compatible; DataForSeoBot/1.0; +https://dataforseo.com/dataforseo-bot)" 302 **0/302985**
136.243.220.212 - - [03/Mar/2026:09:38:32 -0700] "GET /erreichbar-online-casino-boni-spielbank-teutonia-tagesordnungspunkt-versorger-fur-jedes-2025-inoffizieller-mitarbeiter-erprobung/ HTTP/1.1" 200 73384 "-" "Mozilla/5.0 (compatible; DataForSeoBot/1.0; +https://dataforseo.com/dataforseo-bot)" 299 **0/299134**
57.141.16.53 - - [03/Mar/2026:09:38:36 -0700] "GET /wp-json/wp/v2/posts/144037 HTTP/1.1" 200 7497 "-" "meta-externalagent/1.1 (+https://developers.facebook.com/docs/sharing/webmasters/crawler)" 144 **0/144161**
136.243.220.212 - - [03/Mar/2026:09:38:36 -0700] "GET /greatest-online-zeus-1000-rtp-slot-machine-real-money-slots-games-the-real-deal-cash-in-2025-ten-finest-gambling-enterprise-websites/ HTTP/1.1" 200 73889 "-" "Mozilla/5.0 (compatible; DataForSeoBot/1.0; +https://dataforseo.com/dataforseo-bot)" 303 **0/303919**
216.244.66.241 - - [03/Mar/2026:09:38:37 -0700] "GET /triple-diamond-demonstration-play-free-position-games/ HTTP/1.1" 200 344227 "-" "Mozilla/5.0 (compatible; DotBot/1.2; +https://opensiteexplorer.org/dotbot; help@moz.com)" 285 **0/285171**
136.243.220.212 - - [03/Mar/2026:09:38:40 -0700] "GET /12bet-india-bet-on-activities-enjoy-online-casino-games-on-the-internet/ HTTP/1.1" 200 73173 "-" "Mozilla/5.0 (compatible; DataForSeoBot/1.0; +https://dataforseo.com/dataforseo-bot)" 340 **0/340635**
57.141.16.3 - - [03/Mar/2026:09:38:42 -0700] "GET /wp-json/wp/v2/posts/146047 HTTP/1.1" 200 8182 "-" "meta-externalagent/1.1 (+https://developers.facebook.com/docs/sharing/webmasters/crawler)" 139 **0/139589**
136.243.220.212 - - [03/Mar/2026:09:38:44 -0700] "GET /an-educated-no-deposit-extra-casinos-within-the-2025-win-a-real-income/ HTTP/1.1" 200 72151 "-" "Mozilla/5.0 (compatible; DataForSeoBot/1.0; +https://dataforseo.com/dataforseo-bot)" 296 **0/296458**
136.243.220.212 - - [03/Mar/2026:09:38:48 -0700] "GET /jackpot-block-party-harbors-play-online-slot-machines/ HTTP/1.1" 200 71639 "-" "Mozilla/5.0 (compatible; DataForSeoBot/1.0; +https://dataforseo.com/dataforseo-bot)" 323 **0/323195**
136.243.220.212 - - [03/Mar/2026:09:38:53 -0700] "GET /roulette-as-part-of-online-casinos-had-been-eltern-via-angeschlossen-roulettespiele-kennen-mussen/ HTTP/1.1" 200 73268 "-" "Mozilla/5.0 (compatible; DataForSeoBot/1.0; +https://dataforseo.com/dataforseo-bot)" 349 **0/349551**
216.73.216.40 - - [03/Mar/2026:09:38:53 -0700] "GET /mostbet-mobil-ttbiqi-2030-cu-llrin-texnoloji HTTP/1.1" 301 1 "-" "Mozilla/5.0 AppleWebKit/537.36 (KHTML, like Gecko; compatible; ClaudeBot/1.0; +claudebot@anthropic.com)" 140 **0/140972**
216.73.216.40 - - [03/Mar/2026:09:38:53 -0700] "GET /mostbet-mobil-ttbiqi-2030-cu-llrin-texnoloji/ HTTP/1.1" 200 75570 "http://www.icdp.co.in/mostbet-mobil-ttbiqi-2030-cu-llrin-texnoloji" "Mozilla/5.0 AppleWebKit/537.36 (KHTML, like Gecko; compatible; ClaudeBot/1.0; +claudebot@anthropic.com)" 335 **0/335066**
68.178.232.37 - - [03/Mar/2026:09:38:56 -0700] "POST /wp-cron.php?doing_wp_cron=1772555936.4782888889312744140625 HTTP/1.1" 200 - "http://www.icdp.co.in/wp-cron.php?doing_wp_cron=1772555936.4782888889312744140625" "WordPress/5.7.8; http://www.icdp.co.in" 147 **0/147976**
136.243.220.212 - - [03/Mar/2026:09:38:56 -0700] "GET /greatest-internet-yebo-casino-poker-a-real-income-web-sites-1-5m-competitions-cash-games-far-more-inform/ HTTP/1.1" 200 73770 "-" "Mozilla/5.0 (compatible; DataForSeoBot/1.0; +https://dataforseo.com/dataforseo-bot)" 452 **0/452801**
57.141.16.37 - - [03/Mar/2026:09:38:59 -0700] "GET /wp-json/oembed/1.0/embed?url=http%3A%2F%2Fwww.icdp.co.in%2Fjeux-de-hasard-sur-route-des-poulets-2%2F HTTP/1.1" 200 2355 "-" "meta-externalagent/1.1 (+https://developers.facebook.com/docs/sharing/webmasters/crawler)" 152 **0/152244**
136.243.220.212 - - [03/Mar/2026:09:39:00 -0700] "GET /onlajn-gama-casino-online-9734-2/ HTTP/1.1" 200 72779 "-" "Mozilla/5.0 (compatible; DataForSeoBot/1.0; +https://dataforseo.com/dataforseo-bot)" 377 **0/377734**
104.207.60.147 - - [03/Mar/2026:09:39:01 -0700] "GET /1xbet-thailand-download-app-a-complete-guide-9/ HTTP/1.1" 404 1 "http://www.icdp.co.in/" "Mozilla/5.0 (X11; Linux x86_64) AppleWebKit/537.36 (KHTML, like Gecko) Chrome/114.0.0.0 Safari/537.36" 271 **0/271247**
104.207.60.147 - - [03/Mar/2026:09:39:02 -0700] "GET / HTTP/1.1" 200 8588 "-" "Mozilla/5.0 (X11; Linux x86_64) AppleWebKit/537.36 (KHTML, like Gecko) Chrome/114.0.0.0 Safari/537.36" 313 **0/313206**
136.243.220.212 - - [03/Mar/2026:09:39:04 -0700] "GET /paypal-online-casinos-better-online-casinos-you-to-definitely-undertake-paypal/ HTTP/1.1" 200 72058 "-" "Mozilla/5.0 (compatible; DataForSeoBot/1.0; +https://dataforseo.com/dataforseo-bot)" 470 **0/470295**
104.207.60.147 - - [03/Mar/2026:09:39:06 -0700] "GET /wp-login.php?action=register HTTP/1.1" 302 1 "http://www.icdp.co.in" "Mozilla/5.0 (Windows NT 6.3; Win64; x64) AppleWebKit/537.36 (KHTML, like Gecko) Chrome/103.0.0.0 Safari/537.36" 224 **0/224374**
104.207.60.147 - - [03/Mar/2026:09:39:07 -0700] "GET /wp-login.php?registration=disabled HTTP/1.1" 200 2063 "http://www.icdp.co.in/wp-login.php?action=register" "Mozilla/5.0 (Windows NT 6.3; Win64; x64) AppleWebKit/537.36 (KHTML, like Gecko) Chrome/103.0.0.0 Safari/537.36" 166 **0/166585**
136.243.220.212 - - [03/Mar/2026:09:39:08 -0700] "GET /incentive-deuces-wild-cafe-bitcoin-casino-%EF%B8%8F-electronic-poker-on-the-web-the-real-deal-currency/ HTTP/1.1" 200 73797 "-" "Mozilla/5.0 (compatible; DataForSeoBot/1.0; +https://dataforseo.com/dataforseo-bot)" 322 **0/322394**
136.243.220.212 - - [03/Mar/2026:09:39:12 -0700] "GET /newcastle-3-0-benfica-harvey-barnes-double-sees-magpies-listing-back-to-back-1xbet-app-champions-league-gains-the-very-first-time-inside-the-22-ages-sports-information/ HTTP/1.1" 200 74864 "-" "Mozilla/5.0 (compatible; DataForSeoBot/1.0; +https://dataforseo.com/dataforseo-bot)" 368 **0/368515**
136.243.220.212 - - [03/Mar/2026:09:39:16 -0700] "GET /finest-baccarat-web-based-no-deposit-goslotty-for-online-casinos-casinos-2025/ HTTP/1.1" 200 72827 "-" "Mozilla/5.0 (compatible; DataForSeoBot/1.0; +https://dataforseo.com/dataforseo-bot)" 464 **0/464281**
216.244.66.241 - - [03/Mar/2026:09:39:19 -0700] "GET /hinsichtlich-gentleman-angewandten-maklercourtage-abzuglich-einzahlung-in-einem-verbunden-spielsalon-erreicht/ HTTP/1.1" 200 343848 "-" "Mozilla/5.0 (compatible; DotBot/1.2; +https://opensiteexplorer.org/dotbot; help@moz.com)" 343 **0/343059**
136.243.220.212 - - [03/Mar/2026:09:39:20 -0700] "GET /twice-5-deposit-casino-cleopatra-hack-exposure-blackjack-explained/ HTTP/1.1" 200 73663 "-" "Mozilla/5.0 (compatible; DataForSeoBot/1.0; +https://dataforseo.com/dataforseo-bot)" 384 **0/384327**
136.243.220.212 - - [03/Mar/2026:09:39:24 -0700] "GET /quickest-withdrawal-casinos-united-kingdom-below-one-hour-same-day/ HTTP/1.1" 200 71542 "-" "Mozilla/5.0 (compatible; DataForSeoBot/1.0; +https://dataforseo.com/dataforseo-bot)" 392 **0/392141**
136.243.220.212 - - [03/Mar/2026:09:39:29 -0700] "GET /large-lord-of-the-ocean-legal-slot-machine-limit-blackjack/ HTTP/1.1" 200 72951 "-" "Mozilla/5.0 (compatible; DataForSeoBot/1.0; +https://dataforseo.com/dataforseo-bot)" 315 **0/315344**
136.243.220.212 - - [03/Mar/2026:09:39:32 -0700] "GET /play-rhyming-reels-dated-queen-cole-video-clips-ports-totally-free/ HTTP/1.1" 200 71771 "-" "Mozilla/5.0 (compatible; DataForSeoBot/1.0; +https://dataforseo.com/dataforseo-bot)" 320 **0/320323**
136.243.220.212 - - [03/Mar/2026:09:39:36 -0700] "GET /currency-current-silver-notices-biggest-you-to-day-diving-inside-the-12-decades-half-a-million-britons-to-get-significant-pay-go-up/ HTTP/1.1" 200 71797 "-" "Mozilla/5.0 (compatible; DataForSeoBot/1.0; +https://dataforseo.com/dataforseo-bot)" 304 **0/304833**
136.243.220.212 - - [03/Mar/2026:09:39:40 -0700] "GET /rise-for-the-wings-such-eagles-trusting-within-the-gods-power-youngsters-classification-lesson-for-youths-isaiah-4030/ HTTP/1.1" 200 72145 "-" "Mozilla/5.0 (compatible; DataForSeoBot/1.0; +https://dataforseo.com/dataforseo-bot)" 323 **0/323020**
65.109.104.153 - - [03/Mar/2026:09:39:41 -0700] "GET /kupit-diplom-v-orle-vash-nadezhnyj-pomoshhnik-v/ HTTP/1.1" 200 72095 "-" "Mozilla/5.0 (Windows NT 10.0; WOW64) AppleWebKit/537.36 (KHTML, like Gecko) Chrome/114.0.0.0 Safari/537.36 Vivaldi/5.3.2679.68" 293 **0/293298**
136.243.220.212 - - [03/Mar/2026:09:39:44 -0700] "GET /garage-slot-machine-on-line-free-of-charge/ HTTP/1.1" 200 72019 "-" "Mozilla/5.0 (compatible; DataForSeoBot/1.0; +https://dataforseo.com/dataforseo-bot)" 291 **0/291270**
216.73.216.40 - - [03/Mar/2026:09:39:45 -0700] "GET /mostbet-platformasnn-analitik-bax-mlumatlar-v HTTP/1.1" 301 1 "-" "Mozilla/5.0 AppleWebKit/537.36 (KHTML, like Gecko; compatible; ClaudeBot/1.0; +claudebot@anthropic.com)" 114 **0/114836**
216.73.216.40 - - [03/Mar/2026:09:39:47 -0700] "GET /mostbet-platformasnn-analitik-bax-mlumatlar-v/ HTTP/1.1" 200 75127 "http://www.icdp.co.in/mostbet-platformasnn-analitik-bax-mlumatlar-v" "Mozilla/5.0 AppleWebKit/537.36 (KHTML, like Gecko; compatible; ClaudeBot/1.0; +claudebot@anthropic.com)" 330 **0/330977**
136.243.220.212 - - [03/Mar/2026:09:39:48 -0700] "GET /9-greatest-crypto-gaming-azrabah-casino-platinum-reels-casino-mr-choice-live-wants-step-one-lay-institution-to-experience-betting-you-websites-2024-blj-occupation-academy-a-good-blj-step-to-have-eli/ HTTP/1.1" 200 74791 "-" "Mozilla/5.0 (compatible; DataForSeoBot/1.0; +https://dataforseo.com/dataforseo-bot)" 328 **0/328406**
216.244.66.241 - - [03/Mar/2026:09:39:48 -0700] "GET /token-30-250-100-free-spins-out-of-pub-user-gambling-establishment/ HTTP/1.1" 200 342812 "-" "Mozilla/5.0 (compatible; DotBot/1.2; +https://opensiteexplorer.org/dotbot; help@moz.com)" 268 **0/268148**
17.241.227.187 - - [03/Mar/2026:09:39:51 -0700] "GET /operacion-de-oportunidades-estadisticas/ HTTP/1.1" 200 82522 "-" "Mozilla/5.0 (Macintosh; Intel Mac OS X 10_15_7) AppleWebKit/605.1.15 (KHTML, like Gecko) Version/17.4 Safari/605.1.15 (Applebot/0.1; +http://www.apple.com/go/applebot)" 259 **0/259184**
136.243.220.212 - - [03/Mar/2026:09:39:53 -0700] "GET /baccaratsuper-trinocasino-apk-login-com-play-100-percent-free-otherwise-real-money-casino-games/ HTTP/1.1" 200 74145 "-" "Mozilla/5.0 (compatible; DataForSeoBot/1.0; +https://dataforseo.com/dataforseo-bot)" 313 **0/313117**
68.178.232.37 - - [03/Mar/2026:09:39:56 -0700] "POST /wp-cron.php?doing_wp_cron=1772555996.8188390731811523437500 HTTP/1.1" 200 - "http://www.icdp.co.in/wp-cron.php?doing_wp_cron=1772555996.8188390731811523437500" "WordPress/5.7.8; http://www.icdp.co.in" 163 **0/163335**
136.243.220.212 - - [03/Mar/2026:09:39:56 -0700] "GET /greatest-bookmakers-for-esports-2025/ HTTP/1.1" 200 73317 "-" "Mozilla/5.0 (compatible; DataForSeoBot/1.0; +https://dataforseo.com/dataforseo-bot)" 465 **0/465119**
57.141.16.56 - - [03/Mar/2026:09:39:57 -0700] "GET /wp-json/wp/v2/posts/147375 HTTP/1.1" 200 7641 "-" "meta-externalagent/1.1 (+https://developers.facebook.com/docs/sharing/webmasters/crawler)" 147 **0/147282**
136.243.220.212 - - [03/Mar/2026:09:40:00 -0700] "GET /erreichbar-spielsaal-giropay-zahlungen-anleitung-top-10-300-shields-casino-2023/ HTTP/1.1" 200 73354 "-" "Mozilla/5.0 (compatible; DataForSeoBot/1.0; +https://dataforseo.com/dataforseo-bot)" 383 **0/383904**
57.141.16.45 - - [03/Mar/2026:09:40:01 -0700] "GET /ouvrage-les-thematiques-de-jeu-i%ef%bf%bd-du-casino-bet-zino/feed/ HTTP/1.1" 200 921 "-" "meta-externalagent/1.1 (+https://developers.facebook.com/docs/sharing/webmasters/crawler)" 528 **0/528017**
85.208.96.195 - - [03/Mar/2026:09:40:03 -0700] "GET /ios-kasino-spielotheken-software-fur-jedes-iphone-ipad/ HTTP/1.1" 200 79092 "-" "Mozilla/5.0 (compatible; SemrushBot/7~bl; +http://www.semrush.com/bot.html)" 501 **0/501734**
136.243.220.212 - - [03/Mar/2026:09:40:04 -0700] "GET /spell-of-odin-slot-machine-game-review-zero-deposit-slots-news/ HTTP/1.1" 200 73892 "-" "Mozilla/5.0 (compatible; DataForSeoBot/1.0; +https://dataforseo.com/dataforseo-bot)" 493 **0/493732**
185.191.171.11 - - [03/Mar/2026:09:40:06 -0700] "GET /a-no-cost-spins-give-is-pretty-prominent-in-the-a-real-online-gambling-establishment-within-the-florida/ HTTP/1.1" 200 78282 "-" "Mozilla/5.0 (compatible; SemrushBot/7~bl; +http://www.semrush.com/bot.html)" 389 **0/389735**
136.243.220.212 - - [03/Mar/2026:09:40:08 -0700] "GET /casinos-con-el-pasar-del-tiempo-mas-grandes-tragaperras-de-2025-realiza-tomb-raider-cinco-deposito-nuestro-labor-por-dinero-favorable/ HTTP/1.1" 200 74275 "-" "Mozilla/5.0 (compatible; DataForSeoBot/1.0; +https://dataforseo.com/dataforseo-bot)" 375 **0/375766**
185.191.171.5 - - [03/Mar/2026:09:40:12 -0700] "GET /discovering-top-mail-order-bride-sites/ HTTP/1.1" 200 77929 "-" "Mozilla/5.0 (compatible; SemrushBot/7~bl; +http://www.semrush.com/bot.html)" 329 **0/329237**
136.243.220.212 - - [03/Mar/2026:09:40:12 -0700] "GET /erreichbar-kasino-maklercourtage-2025-beste-free-spins-casino-nordicbet-boni-uber-blos-einzahlung/ HTTP/1.1" 200 73556 "-" "Mozilla/5.0 (compatible; DataForSeoBot/1.0; +https://dataforseo.com/dataforseo-bot)" 335 **0/335540**
136.243.220.212 - - [03/Mar/2026:09:40:16 -0700] "GET /live-spielsaal-casinoseiten-die-paypal-akzeptieren-maklercourtage-abzuglich-einzahlung/ HTTP/1.1" 200 73762 "-" "Mozilla/5.0 (compatible; DataForSeoBot/1.0; +https://dataforseo.com/dataforseo-bot)" 294 **0/294908**
85.208.96.198 - - [03/Mar/2026:09:40:17 -0700] "GET /%CE%B2%CE%B1%CF%83%CE%B9%CE%BB%CE%B9%CE%AC%CF%82-%CF%84%CE%BF%CF%85-%CE%B4%CE%B9%CE%BA%CE%BF%CF%8D-%CF%83%CE%B1%CF%82-%CE%BD%CE%B5%CE%AF%CE%BB%CE%BF%CF%85-100-%CE%B4%CF%89%CF%81%CE%B5%CE%AC%CE%BD/ HTTP/1.1" 200 80170 "-" "Mozilla/5.0 (compatible; SemrushBot/7~bl; +http://www.semrush.com/bot.html)" 395 **0/395699**
136.243.220.212 - - [03/Mar/2026:09:40:20 -0700] "GET /buvette-dans-baie-boisson-place-application-bruce-bet-de-bon-carnot-ambitionner-quelque-peu/ HTTP/1.1" 200 71827 "-" "Mozilla/5.0 (compatible; DataForSeoBot/1.0; +https://dataforseo.com/dataforseo-bot)" 384 **0/384412**
17.246.15.203 - - [03/Mar/2026:09:40:22 -0700] "GET /rhino-bet-review-210/ HTTP/1.1" 200 84886 "-" "Mozilla/5.0 (Macintosh; Intel Mac OS X 10_15_7) AppleWebKit/605.1.15 (KHTML, like Gecko) Version/17.4 Safari/605.1.15 (Applebot/0.1; +http://www.apple.com/go/applebot)" 267 **0/267278**
57.141.16.22 - - [03/Mar/2026:09:40:24 -0700] "GET /wp-json/oembed/1.0/embed?url=http%3A%2F%2Fwww.icdp.co.in%2Fjust-how-to-set-up-an-epic-gambling-establishment-nights-group%2F HTTP/1.1" 200 2475 "-" "meta-externalagent/1.1 (+https://developers.facebook.com/docs/sharing/webmasters/crawler)" 120 **0/120596**
136.243.220.212 - - [03/Mar/2026:09:40:24 -0700] "GET /neospin-casino-australia-bonus-up-to-5500-a/ HTTP/1.1" 200 71868 "-" "Mozilla/5.0 (compatible; DataForSeoBot/1.0; +https://dataforseo.com/dataforseo-bot)" 311 **0/311942**
136.243.220.212 - - [03/Mar/2026:09:40:28 -0700] "GET /internet-poker-no-deposit-bonus-casino-goodwin-wikipedia/ HTTP/1.1" 200 74193 "-" "Mozilla/5.0 (compatible; DataForSeoBot/1.0; +https://dataforseo.com/dataforseo-bot)" 340 **0/340591**
17.22.253.62 - - [03/Mar/2026:09:40:29 -0700] "GET /sign-up-during-the-mr-bet-and-take-advantage-of-several-attributes-particularly-the-brand-new-mr-wager-withdrawal-the-brand-new-zealand/ HTTP/1.1" 200 78654 "-" "Mozilla/5.0 (Macintosh; Intel Mac OS X 10_15_7) AppleWebKit/605.1.15 (KHTML, like Gecko) Version/17.4 Safari/605.1.15 (Applebot/0.1; +http://www.apple.com/go/applebot)" 681 **0/681606**
136.243.220.212 - - [03/Mar/2026:09:40:32 -0700] "GET /da-vinci-expensive-diamonds-position-game-trial-gamble-free-spins/ HTTP/1.1" 200 72609 "-" "Mozilla/5.0 (compatible; DataForSeoBot/1.0; +https://dataforseo.com/dataforseo-bot)" 320 **0/320681**
85.208.96.198 - - [03/Mar/2026:09:40:33 -0700] "GET /your-ultimate-guide-to-mostbet-sports-betting-3/ HTTP/1.1" 200 80269 "-" "Mozilla/5.0 (compatible; SemrushBot/7~bl; +http://www.semrush.com/bot.html)" 279 **0/279934**
136.243.220.212 - - [03/Mar/2026:09:40:36 -0700] "GET /3-genie-desires-rtp-free-revolves-position-recommendations/ HTTP/1.1" 200 72064 "-" "Mozilla/5.0 (compatible; DataForSeoBot/1.0; +https://dataforseo.com/dataforseo-bot)" 291 **0/291998**
136.243.220.212 - - [03/Mar/2026:09:40:40 -0700] "GET /best-on-primebetz-sign-up-bonus-line-bingo-websites-inside-canada-2025-gamble-genuine-bingo/ HTTP/1.1" 200 74061 "-" "Mozilla/5.0 (compatible; DataForSeoBot/1.0; +https://dataforseo.com/dataforseo-bot)" 341 **0/341883**
57.141.16.36 - - [03/Mar/2026:09:40:43 -0700] "GET /wp-json/oembed/1.0/embed?url=http%3A%2F%2Fwww.icdp.co.in%2Fbetclic-vos-retraits-rapides-et-mien-avalanche-avec-paris-sportifs-avec-votre-casino%2F HTTP/1.1" 200 2591 "-" "meta-externalagent/1.1 (+https://developers.facebook.com/docs/sharing/webmasters/crawler)" 122 **0/122903**
136.243.220.212 - - [03/Mar/2026:09:40:44 -0700] "GET /bingo-the-uk-local-casino-opinion-sincere-local-casino-remark-and-you-will-incentives-out-of-allslotsonlinecasino/ HTTP/1.1" 200 72102 "-" "Mozilla/5.0 (compatible; DataForSeoBot/1.0; +https://dataforseo.com/dataforseo-bot)" 404 **0/404411**
17.241.227.162 - - [03/Mar/2026:09:40:48 -0700] "GET /1win-bahis-737/ HTTP/1.1" 200 83661 "-" "Mozilla/5.0 (Macintosh; Intel Mac OS X 10_15_7) AppleWebKit/605.1.15 (KHTML, like Gecko) Version/17.4 Safari/605.1.15 (Applebot/0.1; +http://www.apple.com/go/applebot)" 328 **0/328761**
136.243.220.212 - - [03/Mar/2026:09:40:48 -0700] "GET /finest-crypto-betting-other-sites-casinos-on-the-internet-in-the-usa-charming-ladies-sign-on-british-to-have-2025-smyrna-pulmonary-and-you-can-bed-partners/ HTTP/1.1" 200 72056 "-" "Mozilla/5.0 (compatible; DataForSeoBot/1.0; +https://dataforseo.com/dataforseo-bot)" 363 **0/363155**
57.141.16.60 - - [03/Mar/2026:09:40:50 -0700] "GET /wp-json/oembed/1.0/embed?url=http%3A%2F%2Fwww.icdp.co.in%2Fthe-list-of-an-informed-bitcoin-gambling-establishment-no-deposit-bonus%2F HTTP/1.1" 200 2520 "-" "meta-externalagent/1.1 (+https://developers.facebook.com/docs/sharing/webmasters/crawler)" 163 **0/163554**
136.243.220.212 - - [03/Mar/2026:09:40:52 -0700] "GET /greatest-black-jack-casino-slot-ultra-hot-deluxe-web-sites-2025-best-internet-sites-playing-real-money-black-jack-online/ HTTP/1.1" 200 73837 "-" "Mozilla/5.0 (compatible; DataForSeoBot/1.0; +https://dataforseo.com/dataforseo-bot)" 355 **0/355862**
68.178.232.37 - - [03/Mar/2026:09:40:56 -0700] "POST /wp-cron.php?doing_wp_cron=1772556056.8855669498443603515625 HTTP/1.1" 200 - "http://www.icdp.co.in/wp-cron.php?doing_wp_cron=1772556056.8855669498443603515625" "WordPress/5.7.8; http://www.icdp.co.in" 191 **0/191786**
136.243.220.212 - - [03/Mar/2026:09:40:56 -0700] "GET /better-step-1-put-casinos-canada-2025-step-1-dollars-deposit-internet-sites/ HTTP/1.1" 200 72180 "-" "Mozilla/5.0 (compatible; DataForSeoBot/1.0; +https://dataforseo.com/dataforseo-bot)" 517 **0/517965**
136.243.220.212 - - [03/Mar/2026:09:41:01 -0700] "GET /erreichbar-spielsaal-zahlungsmethoden-fur-casino-leovegas-mobil-einzahlungen-auszahlungen/ HTTP/1.1" 200 73487 "-" "Mozilla/5.0 (compatible; DataForSeoBot/1.0; +https://dataforseo.com/dataforseo-bot)" 381 **0/381994**
136.243.220.212 - - [03/Mar/2026:09:41:04 -0700] "GET /enjoy-sprunki-game-which-have-chilled-beats-on-new-casino-no-deposit-24-casino-the-internet/ HTTP/1.1" 200 74339 "-" "Mozilla/5.0 (compatible; DataForSeoBot/1.0; +https://dataforseo.com/dataforseo-bot)" 310 **0/310193**
136.243.220.212 - - [03/Mar/2026:09:41:08 -0700] "GET /sepang-around-the-world-routine-official-site/ HTTP/1.1" 200 73342 "-" "Mozilla/5.0 (compatible; DataForSeoBot/1.0; +https://dataforseo.com/dataforseo-bot)" 446 **0/446127**
136.243.220.212 - - [03/Mar/2026:09:41:12 -0700] "GET /100-percent-free-ports-gamble-32178-slot-demonstrations-zero-install/ HTTP/1.1" 200 72022 "-" "Mozilla/5.0 (compatible; DataForSeoBot/1.0; +https://dataforseo.com/dataforseo-bot)" 365 **0/365048**
136.243.220.212 - - [03/Mar/2026:09:41:16 -0700] "GET /blackjackpro-montecarlo-singlehand-status-promo-codes-for-1xslot-comment-incentive-full-declaration-conditions/ HTTP/1.1" 200 75004 "-" "Mozilla/5.0 (compatible; DataForSeoBot/1.0; +https://dataforseo.com/dataforseo-bot)" 331 **0/331711**
136.243.220.212 - - [03/Mar/2026:09:41:21 -0700] "GET /home/ HTTP/1.1" 200 74088 "-" "Mozilla/5.0 (compatible; DataForSeoBot/1.0; +https://dataforseo.com/dataforseo-bot)" 311 **0/311981**
136.243.220.212 - - [03/Mar/2026:09:41:24 -0700] "GET /beetle-mania-egyptian-eclipse-slot-roulettino-cashback-keine-einzahlung-deluxe-spielautomaten-demonstration-von-novomatic/ HTTP/1.1" 200 72661 "-" "Mozilla/5.0 (compatible; DataForSeoBot/1.0; +https://dataforseo.com/dataforseo-bot)" 301 **0/301746**
136.243.220.212 - - [03/Mar/2026:09:41:28 -0700] "GET /cashmio-rezension-neue-erreichbar-casinos-casino-apps-gewinnen-echtes-geld-2020/ HTTP/1.1" 200 73924 "-" "Mozilla/5.0 (compatible; DataForSeoBot/1.0; +https://dataforseo.com/dataforseo-bot)" 363 **0/363163**
136.243.220.212 - - [03/Mar/2026:09:41:32 -0700] "GET /galapagos-isles/ HTTP/1.1" 200 71940 "-" "Mozilla/5.0 (compatible; DataForSeoBot/1.0; +https://dataforseo.com/dataforseo-bot)" 296 **0/296485**
136.243.220.212 - - [03/Mar/2026:09:41:36 -0700] "GET /keno-resultater-2023-idraet-vederlagsfri-immerion-casino-app-download-til-iphone-med-bonusser-indtil-det-sjove-idraetsgren/ HTTP/1.1" 200 72567 "-" "Mozilla/5.0 (compatible; DataForSeoBot/1.0; +https://dataforseo.com/dataforseo-bot)" 358 **0/358762**
136.243.220.212 - - [03/Mar/2026:09:41:41 -0700] "GET /casinos-bedingungslos-2025-kein-5-reel-drive-1-kaution-einzahlungs-einsatzlimit/ HTTP/1.1" 200 73261 "-" "Mozilla/5.0 (compatible; DataForSeoBot/1.0; +https://dataforseo.com/dataforseo-bot)" 316 **0/316020**
57.141.16.99 - - [03/Mar/2026:09:41:42 -0700] "GET /wp-json/wp/v2/posts/150393 HTTP/1.1" 200 7695 "-" "meta-externalagent/1.1 (+https://developers.facebook.com/docs/sharing/webmasters/crawler)" 140 **0/140146**
216.244.66.241 - - [03/Mar/2026:09:41:44 -0700] "GET /1win-tj-skachat-178/ HTTP/1.1" 200 359062 "-" "Mozilla/5.0 (compatible; DotBot/1.2; +https://opensiteexplorer.org/dotbot; help@moz.com)" 350 **0/350549**
136.243.220.212 - - [03/Mar/2026:09:41:45 -0700] "GET /mega-moolah-slot-remark-finest-mega-moolah-sites-2025/ HTTP/1.1" 200 72101 "-" "Mozilla/5.0 (compatible; DataForSeoBot/1.0; +https://dataforseo.com/dataforseo-bot)" 479 **0/479129**
216.73.216.40 - - [03/Mar/2026:09:41:47 -0700] "GET /play-over-17000-casino-games-free-of-charge-otherwise-that-have-a-real-income/feed HTTP/1.1" 301 1 "-" "Mozilla/5.0 AppleWebKit/537.36 (KHTML, like Gecko; compatible; ClaudeBot/1.0; +claudebot@anthropic.com)" 150 **0/150654**
216.73.216.40 - - [03/Mar/2026:09:41:47 -0700] "GET /play-over-17000-casino-games-free-of-charge-otherwise-that-have-a-real-income/feed/ HTTP/1.1" 200 431 "http://www.icdp.co.in/play-over-17000-casino-games-free-of-charge-otherwise-that-have-a-real-income/feed" "Mozilla/5.0 AppleWebKit/537.36 (KHTML, like Gecko; compatible; ClaudeBot/1.0; +claudebot@anthropic.com)" 125 **0/125818**
216.73.216.40 - - [03/Mar/2026:09:41:47 -0700] "GET /spor-bahisleri-vip-kripto-casino HTTP/1.1" 301 1 "-" "Mozilla/5.0 AppleWebKit/537.36 (KHTML, like Gecko; compatible; ClaudeBot/1.0; +claudebot@anthropic.com)" 134 **0/134019**
216.73.216.40 - - [03/Mar/2026:09:41:48 -0700] "GET /spor-bahisleri-vip-kripto-casino/ HTTP/1.1" 200 71987 "http://www.icdp.co.in/spor-bahisleri-vip-kripto-casino" "Mozilla/5.0 AppleWebKit/537.36 (KHTML, like Gecko; compatible; ClaudeBot/1.0; +claudebot@anthropic.com)" 331 **0/331271**
136.243.220.212 - - [03/Mar/2026:09:41:48 -0700] "GET /5-credit-santa-paws-rtp-slot-machine-real-money-mark-laws-authoritative-laws-and-regulations-of-five-cards-mark-poker/ HTTP/1.1" 200 74493 "-" "Mozilla/5.0 (compatible; DataForSeoBot/1.0; +https://dataforseo.com/dataforseo-bot)" 327 **0/327845**
216.73.216.40 - - [03/Mar/2026:09:41:51 -0700] "GET /angeschlossen-kasino-freispiele-2026-spielen-sie-ali-babas-riches-slot-online-ohne-download-fur-nusse-vortragen/feed HTTP/1.1" 301 1 "-" "Mozilla/5.0 AppleWebKit/537.36 (KHTML, like Gecko; compatible; ClaudeBot/1.0; +claudebot@anthropic.com)" 138 **0/138434**
216.73.216.40 - - [03/Mar/2026:09:41:53 -0700] "GET /angeschlossen-kasino-freispiele-2026-spielen-sie-ali-babas-riches-slot-online-ohne-download-fur-nusse-vortragen/feed/ HTTP/1.1" 200 475 "http://www.icdp.co.in/angeschlossen-kasino-freispiele-2026-spielen-sie-ali-babas-riches-slot-online-ohne-download-fur-nusse-vortragen/feed" "Mozilla/5.0 AppleWebKit/537.36 (KHTML, like Gecko; compatible; ClaudeBot/1.0; +claudebot@anthropic.com)" 133 **0/133804**
136.243.220.212 - - [03/Mar/2026:09:41:53 -0700] "GET /fortune-five-position-local-casino/ HTTP/1.1" 200 72731 "-" "Mozilla/5.0 (compatible; DataForSeoBot/1.0; +https://dataforseo.com/dataforseo-bot)" 332 **0/332188**
216.73.216.40 - - [03/Mar/2026:09:41:53 -0700] "GET /gioco-dazzardo-ardente-roulette-fiamma HTTP/1.1" 301 1 "-" "Mozilla/5.0 AppleWebKit/537.36 (KHTML, like Gecko; compatible; ClaudeBot/1.0; +claudebot@anthropic.com)" 155 **0/155268**
216.73.216.40 - - [03/Mar/2026:09:41:53 -0700] "GET /gioco-dazzardo-ardente-roulette-fiamma/ HTTP/1.1" 200 72248 "http://www.icdp.co.in/gioco-dazzardo-ardente-roulette-fiamma" "Mozilla/5.0 AppleWebKit/537.36 (KHTML, like Gecko; compatible; ClaudeBot/1.0; +claudebot@anthropic.com)" 334 **0/334053**
68.178.232.37 - - [03/Mar/2026:09:41:56 -0700] "POST /wp-cron.php?doing_wp_cron=1772556116.1837160587310791015625 HTTP/1.1" 200 - "http://www.icdp.co.in/wp-cron.php?doing_wp_cron=1772556116.1837160587310791015625" "WordPress/5.7.8; http://www.icdp.co.in" 172 **0/172781**
57.141.16.15 - - [03/Mar/2026:09:41:56 -0700] "GET /?p=146199 HTTP/1.1" 301 - "-" "meta-externalagent/1.1 (+https://developers.facebook.com/docs/sharing/webmasters/crawler)" 367 **0/367549**
136.243.220.212 - - [03/Mar/2026:09:41:56 -0700] "GET /best-dominance-game-variations-to-possess-family-enjoyable/ HTTP/1.1" 200 71683 "-" "Mozilla/5.0 (compatible; DataForSeoBot/1.0; +https://dataforseo.com/dataforseo-bot)" 307 **0/307802**
17.241.75.168 - - [03/Mar/2026:09:41:59 -0700] "GET /op-zoek-naar-wild-888-online-slot-een-10-euro-put-gambling-establishment-bekijk-ze-snel/ HTTP/1.1" 200 80250 "-" "Mozilla/5.0 (Macintosh; Intel Mac OS X 10_15_7) AppleWebKit/605.1.15 (KHTML, like Gecko) Version/17.4 Safari/605.1.15 (Applebot/0.1; +http://www.apple.com/go/applebot)" 311 **0/311063**
136.243.220.212 - - [03/Mar/2026:09:42:00 -0700] "GET /better-100-percent-free-spins-bonuses-winnings-real-money-united-states-2025/ HTTP/1.1" 200 71872 "-" "Mozilla/5.0 (compatible; DataForSeoBot/1.0; +https://dataforseo.com/dataforseo-bot)" 390 **0/390902**
57.141.16.3 - - [03/Mar/2026:09:42:04 -0700] "GET /?p=148382 HTTP/1.1" 301 - "-" "meta-externalagent/1.1 (+https://developers.facebook.com/docs/sharing/webmasters/crawler)" 160 **0/160954**
136.243.220.212 - - [03/Mar/2026:09:42:04 -0700] "GET /greatest-internet-poker-royalgame-app-update-sites-for-all-of-us-players-2025-modify/ HTTP/1.1" 200 73986 "-" "Mozilla/5.0 (compatible; DataForSeoBot/1.0; +https://dataforseo.com/dataforseo-bot)" 326 **0/326194**
136.243.220.212 - - [03/Mar/2026:09:42:08 -0700] "GET /the-brand-new-3000-greeting-bundle-are-preceded-by-the-an-excellent-twenty-five-no-deposit-bonus-at-the-sector777-gambling-enterprise/ HTTP/1.1" 200 71874 "-" "Mozilla/5.0 (compatible; DataForSeoBot/1.0; +https://dataforseo.com/dataforseo-bot)" 309 **0/309847**
57.141.16.1 - - [03/Mar/2026:09:42:09 -0700] "GET /wp-json/wp/v2/posts/149132 HTTP/1.1" 200 9109 "-" "meta-externalagent/1.1 (+https://developers.facebook.com/docs/sharing/webmasters/crawler)" 158 **0/158035**
216.244.66.241 - - [03/Mar/2026:09:42:10 -0700] "GET /you-can-yet-not-ice-skate-for-the-regal-caribbeans-retreat-class-freedom-category-and-you-may-voyager-classification-vessels/ HTTP/1.1" 200 342562 "-" "Mozilla/5.0 (compatible; DotBot/1.2; +https://opensiteexplorer.org/dotbot; help@moz.com)" 383 **0/383966**
