57.141.16.70 - - [03/Mar/2026:07:31:58 -0700] "GET /wp-json/oembed/1.0/embed?url=http%3A%2F%2Fwww.icdp.co.in%2Fmobiles-vortragen-in-der-spielhalle-nimmt-zu-von-einen-taschentelefon-kasino-maklercourtage-exklusive-einzahlung%2F HTTP/1.1" 200 2731 "-" "meta-externalagent/1.1 (+https://developers.facebook.com/docs/sharing/webmasters/crawler)" 153 **0/153502**
136.243.220.212 - - [03/Mar/2026:07:31:57 -0700] "GET /5-euroletten-einzahlungsbonus-roulettino-casino-keine-einlagen-promo-codes-casinos-unter-einsatz-von-weniger-einzahlung-2025/ HTTP/1.1" 200 71209 "-" "Mozilla/5.0 (compatible; DataForSeoBot/1.0; +https://dataforseo.com/dataforseo-bot)" 518 **0/518267**
57.141.16.73 - - [03/Mar/2026:07:32:01 -0700] "GET /trois-regarder-leurs-criteriums-avec-retrait-precedemment-a-l%ef%bf%bdegard-de-fixer/ HTTP/1.1" 200 342502 "-" "meta-externalagent/1.1 (+https://developers.facebook.com/docs/sharing/webmasters/crawler)" 438 **0/438097**
136.243.220.212 - - [03/Mar/2026:07:32:01 -0700] "GET /mahjon-online-optreden-voor/ HTTP/1.1" 200 71672 "-" "Mozilla/5.0 (compatible; DataForSeoBot/1.0; +https://dataforseo.com/dataforseo-bot)" 457 **0/457074**
136.243.220.212 - - [03/Mar/2026:07:32:05 -0700] "GET /kitty-glamou-afloop-game-play-free-igt-fietsslot-materieel-online/ HTTP/1.1" 200 71786 "-" "Mozilla/5.0 (compatible; DataForSeoBot/1.0; +https://dataforseo.com/dataforseo-bot)" 355 **0/355396**
136.243.220.212 - - [03/Mar/2026:07:32:09 -0700] "GET /10-melhores-cassinos-online-hacksaw-gaming-agosto-de-2024/ HTTP/1.1" 200 74708 "-" "Mozilla/5.0 (compatible; DataForSeoBot/1.0; +https://dataforseo.com/dataforseo-bot)" 322 **0/322463**
216.244.66.241 - - [03/Mar/2026:07:32:11 -0700] "GET /ladrenaline-a-portee-de-clic-des-gains-potentiels/ HTTP/1.1" 200 356493 "-" "Mozilla/5.0 (compatible; DotBot/1.2; +https://opensiteexplorer.org/dotbot; help@moz.com)" 296 **0/296947**
136.243.220.212 - - [03/Mar/2026:07:32:14 -0700] "GET /spilleautomater-for-nett-les-dans-treasure-island-online-vare-instruksjon-og-veiledning-dersom-rebellion-casino-palogging-mobil-norske-automater-barber-shop/ HTTP/1.1" 200 72886 "-" "Mozilla/5.0 (compatible; DataForSeoBot/1.0; +https://dataforseo.com/dataforseo-bot)" 295 **0/295540**
136.243.220.212 - - [03/Mar/2026:07:32:18 -0700] "GET /best-step-1-put-gambling-enterprises-usa-2025-claim-the-top-extra/ HTTP/1.1" 200 72625 "-" "Mozilla/5.0 (compatible; DataForSeoBot/1.0; +https://dataforseo.com/dataforseo-bot)" 328 **0/328275**
136.243.220.212 - - [03/Mar/2026:07:32:21 -0700] "GET /nebensachlich-live-dealer-online-games-mit-krypto-anwendung-eignen-der-nutzlichkeit/ HTTP/1.1" 200 72109 "-" "Mozilla/5.0 (compatible; DataForSeoBot/1.0; +https://dataforseo.com/dataforseo-bot)" 358 **0/358395**
57.141.16.5 - - [03/Mar/2026:07:32:25 -0700] "GET /wp-json/oembed/1.0/embed?url=http%3A%2F%2Fwww.icdp.co.in%2Fnotre-vie-parmi-des-grosses-disputes-costaudes-et-la-proprete-de-financment-appelle-dune-multitude-ferus%2F HTTP/1.1" 200 2706 "-" "meta-externalagent/1.1 (+https://developers.facebook.com/docs/sharing/webmasters/crawler)" 150 **0/150434**
136.243.220.212 - - [03/Mar/2026:07:32:25 -0700] "GET /kienspe-online-acteren-voor-plus-in-werkelijk-bankbiljet/ HTTP/1.1" 200 71590 "-" "Mozilla/5.0 (compatible; DataForSeoBot/1.0; +https://dataforseo.com/dataforseo-bot)" 322 **0/322393**
216.244.66.241 - - [03/Mar/2026:07:32:29 -0700] "GET /pin-up-kazino-oficialnyj-sajt-pin-ap-vhod-na-451/ HTTP/1.1" 200 358967 "-" "Mozilla/5.0 (compatible; DotBot/1.2; +https://opensiteexplorer.org/dotbot; help@moz.com)" 330 **0/330664**
136.243.220.212 - - [03/Mar/2026:07:32:29 -0700] "GET /die-besten-crypto-unter-anderem-bitcoin-mining-spielwebsites-2025/ HTTP/1.1" 200 74231 "-" "Mozilla/5.0 (compatible; DataForSeoBot/1.0; +https://dataforseo.com/dataforseo-bot)" 327 **0/327106**
136.243.220.212 - - [03/Mar/2026:07:32:33 -0700] "GET /slot-777-ganhe-briga-mega-jackpot-e-ate-br-blaze-250-rodadas-acessivel/ HTTP/1.1" 200 74906 "-" "Mozilla/5.0 (compatible; DataForSeoBot/1.0; +https://dataforseo.com/dataforseo-bot)" 340 **0/340318**
57.141.16.1 - - [03/Mar/2026:07:32:35 -0700] "GET /?p=147829 HTTP/1.1" 301 - "-" "meta-externalagent/1.1 (+https://developers.facebook.com/docs/sharing/webmasters/crawler)" 181 **0/181774**
54.38.147.107 - - [03/Mar/2026:07:32:36 -0700] "GET /beyond-the-lights-a-detailed-vegas-hero-review-for/ HTTP/1.1" 200 74211 "-" "Mozilla/5.0 (compatible; AhrefsBot/7.0; +http://ahrefs.com/robot/)" 286 **0/286440**
136.243.220.212 - - [03/Mar/2026:07:32:38 -0700] "GET /jackpot-slots-grootste-winsten-om-u-offlin-nuttige-referentie-gokhuis-netent/ HTTP/1.1" 200 71085 "-" "Mozilla/5.0 (compatible; DataForSeoBot/1.0; +https://dataforseo.com/dataforseo-bot)" 291 **0/291497**
17.241.219.229 - - [03/Mar/2026:07:32:38 -0700] "GET /games-covered-by-the-fresh-new-50-totally-free-spins-render-just-what-revolves-was-in-fact-in-fact-employed-for/ HTTP/1.1" 200 78571 "-" "Mozilla/5.0 (Macintosh; Intel Mac OS X 10_15_7) AppleWebKit/605.1.15 (KHTML, like Gecko) Version/17.4 Safari/605.1.15 (Applebot/0.1; +http://www.apple.com/go/applebot)" 302 **0/302480**
57.141.16.87 - - [03/Mar/2026:07:32:40 -0700] "GET /se-puede-juguetear-acerca-de-android-ios-asi%ef%bf%bd-como-otros-conjuntos-descargando-nuestra-uso-oficial/feed/ HTTP/1.1" 200 1058 "-" "meta-externalagent/1.1 (+https://developers.facebook.com/docs/sharing/webmasters/crawler)" 114 **0/114966**
136.243.220.212 - - [03/Mar/2026:07:32:41 -0700] "GET /competir-casino-online-de-balde-vs-recursos-cierto/ HTTP/1.1" 200 71497 "-" "Mozilla/5.0 (compatible; DataForSeoBot/1.0; +https://dataforseo.com/dataforseo-bot)" 283 **0/283527**
136.243.220.212 - - [03/Mar/2026:07:32:45 -0700] "GET /gratis-texas-holdem-poker-online-performen-regels-handen-en-jaguar-mist-gokkast-gratis-spins-zoetwatermeer/ HTTP/1.1" 200 72234 "-" "Mozilla/5.0 (compatible; DataForSeoBot/1.0; +https://dataforseo.com/dataforseo-bot)" 336 **0/336355**
216.244.66.241 - - [03/Mar/2026:07:32:45 -0700] "GET /was-ihnen-selbige-tagesordnungspunkt-spielsaal-apps-uber-echtgeld-im-angebot-hatten/ HTTP/1.1" 200 343990 "-" "Mozilla/5.0 (compatible; DotBot/1.2; +https://opensiteexplorer.org/dotbot; help@moz.com)" 294 **0/294825**
136.243.220.212 - - [03/Mar/2026:07:32:49 -0700] "GET /kasyno-online-szybkie-wyplaty-kasyno-raging-rhino-na-rzecz-polakow-2025-r/ HTTP/1.1" 200 71993 "-" "Mozilla/5.0 (compatible; DataForSeoBot/1.0; +https://dataforseo.com/dataforseo-bot)" 308 **0/308881**
85.208.96.210 - - [03/Mar/2026:07:32:52 -0700] "GET /verantwortungsvolles-online-glucksspiel-im-zeitalter-der-schnellen-spiele/ HTTP/1.1" 200 79977 "-" "Mozilla/5.0 (compatible; SemrushBot/7~bl; +http://www.semrush.com/bot.html)" 305 **0/305657**
136.243.220.212 - - [03/Mar/2026:07:32:53 -0700] "GET /free-spins-casino-fa-beste-fri-spinfest-app-palogging-flettverk-inne-i-norge-2025/ HTTP/1.1" 200 72729 "-" "Mozilla/5.0 (compatible; DataForSeoBot/1.0; +https://dataforseo.com/dataforseo-bot)" 305 **0/305773**
136.243.220.212 - - [03/Mar/2026:07:32:57 -0700] "GET /household-of-enjoyable-slot-play-for-free-as-well-as-for-real-money/ HTTP/1.1" 200 71863 "-" "Mozilla/5.0 (compatible; DataForSeoBot/1.0; +https://dataforseo.com/dataforseo-bot)" 360 **0/360352**
136.243.220.212 - - [03/Mar/2026:07:33:01 -0700] "GET /erreichbar-spielsaal-erprobung-deutsche-casinos-von-experten-nachgewiesen/ HTTP/1.1" 200 74839 "-" "Mozilla/5.0 (compatible; DataForSeoBot/1.0; +https://dataforseo.com/dataforseo-bot)" 488 **0/488491**
185.191.171.15 - - [03/Mar/2026:07:33:01 -0700] "GET /blog/page/2332/ HTTP/1.1" 200 80056 "-" "Mozilla/5.0 (compatible; SemrushBot/7~bl; +http://www.semrush.com/bot.html)" 699 **0/699293**
136.243.220.212 - - [03/Mar/2026:07:33:06 -0700] "GET /belgi-online-gokhal-farm-of-fun-casino-slot-ratin-bonussen-games-beoordelingen-doorheen-experts/ HTTP/1.1" 200 72190 "-" "Mozilla/5.0 (compatible; DataForSeoBot/1.0; +https://dataforseo.com/dataforseo-bot)" 293 **0/293818**
185.191.171.9 - - [03/Mar/2026:07:33:07 -0700] "GET /10-%CE%BA%CE%B1%CE%BB%CF%8D%CF%84%CE%B5%CF%81%CE%BF-%CF%80%CF%81%CE%B1%CE%B3%CE%BC%CE%B1%CF%84%CE%B9%CE%BA%CF%8C-%CE%B5%CE%B9%CF%83%CF%8C%CE%B4%CE%B7%CE%BC%CE%B1-%CE%B4%CE%B9%CE%B1%CE%B4%CE%B9%CE%BA/ HTTP/1.1" 200 80949 "-" "Mozilla/5.0 (compatible; SemrushBot/7~bl; +http://www.semrush.com/bot.html)" 304 **0/304033**
136.243.220.212 - - [03/Mar/2026:07:33:10 -0700] "GET /blackjack-addert-last-ned-spinbetter-app-for-android-casino-centre-court-ekte-penger-casinoveiledning/ HTTP/1.1" 200 72649 "-" "Mozilla/5.0 (compatible; DataForSeoBot/1.0; +https://dataforseo.com/dataforseo-bot)" 292 **0/292957**
136.243.220.212 - - [03/Mar/2026:07:33:14 -0700] "GET /black-hawk-diesen-link-drucken-deluxe-slot-bericht-2025-free-play-demo/ HTTP/1.1" 200 71959 "-" "Mozilla/5.0 (compatible; DataForSeoBot/1.0; +https://dataforseo.com/dataforseo-bot)" 304 **0/304465**
85.208.96.209 - - [03/Mar/2026:07:33:17 -0700] "GET /beste-pc-unter-anderem-konsolenspiele-liste-der-beliebtesten-games/ HTTP/1.1" 200 81298 "-" "Mozilla/5.0 (compatible; SemrushBot/7~bl; +http://www.semrush.com/bot.html)" 309 **0/309816**
57.141.16.69 - - [03/Mar/2026:07:33:17 -0700] "GET /?p=145247 HTTP/1.1" 301 - "-" "meta-externalagent/1.1 (+https://developers.facebook.com/docs/sharing/webmasters/crawler)" 143 **0/143421**
136.243.220.212 - - [03/Mar/2026:07:33:17 -0700] "GET /10-euro-voor-casino-nederlandse-verzekeringspremie-buitenshuis-ga-naar-mijn-site-gieten/ HTTP/1.1" 200 72238 "-" "Mozilla/5.0 (compatible; DataForSeoBot/1.0; +https://dataforseo.com/dataforseo-bot)" 323 **0/323127**
136.243.220.212 - - [03/Mar/2026:07:33:21 -0700] "GET /vinnig-slots-te-gold-digger-just-another-wordpress-webpagina/ HTTP/1.1" 200 71640 "-" "Mozilla/5.0 (compatible; DataForSeoBot/1.0; +https://dataforseo.com/dataforseo-bot)" 317 **0/317703**
57.141.16.15 - - [03/Mar/2026:07:33:21 -0700] "GET /wp-json/wp/v2/posts/146105 HTTP/1.1" 200 9273 "-" "meta-externalagent/1.1 (+https://developers.facebook.com/docs/sharing/webmasters/crawler)" 171 **0/171584**
136.243.220.212 - - [03/Mar/2026:07:33:26 -0700] "GET /every-quarter-financial-profile-basic-one-fourth-2024/ HTTP/1.1" 200 73241 "-" "Mozilla/5.0 (compatible; DataForSeoBot/1.0; +https://dataforseo.com/dataforseo-bot)" 265 **0/265433**
136.243.220.212 - - [03/Mar/2026:07:33:29 -0700] "GET /tg1win-azerbaycan-baslangic-login-v-qeydiyyat-yukletg/ HTTP/1.1" 200 74084 "-" "Mozilla/5.0 (compatible; DataForSeoBot/1.0; +https://dataforseo.com/dataforseo-bot)" 302 **0/302217**
136.243.220.212 - - [03/Mar/2026:07:33:34 -0700] "GET /voor-non-limi-texas-holdem-zonder-downloads-replay-poker/ HTTP/1.1" 200 71910 "-" "Mozilla/5.0 (compatible; DataForSeoBot/1.0; +https://dataforseo.com/dataforseo-bot)" 284 **0/284038**
136.243.220.212 - - [03/Mar/2026:07:33:37 -0700] "GET /acao-sem-armazem-2024-conheca-e-chavao-de-brinde/ HTTP/1.1" 200 74222 "-" "Mozilla/5.0 (compatible; DataForSeoBot/1.0; +https://dataforseo.com/dataforseo-bot)" 300 **0/300100**
57.141.16.17 - - [03/Mar/2026:07:33:39 -0700] "GET /wp-json/wp/v2/posts/148089 HTTP/1.1" 200 7562 "-" "meta-externalagent/1.1 (+https://developers.facebook.com/docs/sharing/webmasters/crawler)" 131 **0/131357**
216.244.66.241 - - [03/Mar/2026:07:33:40 -0700] "GET /chacun-de-ces-lieux-observe-plein-de-leurs-normes-pour-lindustrie/ HTTP/1.1" 200 343713 "-" "Mozilla/5.0 (compatible; DotBot/1.2; +https://opensiteexplorer.org/dotbot; help@moz.com)" 269 **0/269482**
136.243.220.212 - - [03/Mar/2026:07:33:42 -0700] "GET /500-free-revolves-no-suitable-link-deposit-2025/ HTTP/1.1" 200 72043 "-" "Mozilla/5.0 (compatible; DataForSeoBot/1.0; +https://dataforseo.com/dataforseo-bot)" 306 **0/306562**
136.243.220.212 - - [03/Mar/2026:07:33:46 -0700] "GET /parece-gibt-etliche-diverse-wettstrategien-nachfolgende-sie-in-nv-casino-cashed-kasino-auflegen-fahig-sein/ HTTP/1.1" 200 72363 "-" "Mozilla/5.0 (compatible; DataForSeoBot/1.0; +https://dataforseo.com/dataforseo-bot)" 271 **0/271216**
136.243.220.212 - - [03/Mar/2026:07:33:50 -0700] "GET /in-poen-offlin-gratis-konami-gokkasten-spelen-casino/ HTTP/1.1" 200 72320 "-" "Mozilla/5.0 (compatible; DataForSeoBot/1.0; +https://dataforseo.com/dataforseo-bot)" 298 **0/298368**
136.243.220.212 - - [03/Mar/2026:07:33:54 -0700] "GET /tagesordnungspunkt-rabattcodes-bezahlen-sie-mit-handyguthaben-monat-des-herbstbeginns-2025/ HTTP/1.1" 200 72410 "-" "Mozilla/5.0 (compatible; DataForSeoBot/1.0; +https://dataforseo.com/dataforseo-bot)" 336 **0/336827**
68.178.232.37 - - [03/Mar/2026:07:33:58 -0700] "POST /wp-cron.php?doing_wp_cron=1772548438.0740809440612792968750 HTTP/1.1" 200 - "http://www.icdp.co.in/wp-cron.php?doing_wp_cron=1772548438.0740809440612792968750" "WordPress/5.7.8; http://www.icdp.co.in" 147 **0/147827**
136.243.220.212 - - [03/Mar/2026:07:33:57 -0700] "GET /casino-schrijven-lieve-offlin-bank-spelletjes-noppes/ HTTP/1.1" 200 71677 "-" "Mozilla/5.0 (compatible; DataForSeoBot/1.0; +https://dataforseo.com/dataforseo-bot)" 465 **0/465019**
136.243.220.212 - - [03/Mar/2026:07:34:02 -0700] "GET /top-5-melhores-jogos-gpis-acessivel-wild-como-transferir-o-bonus-roulettino-para-a-conta-principal-gods-sem-casa-puerilidade-cassino-online-no-brasil/ HTTP/1.1" 200 70729 "-" "Mozilla/5.0 (compatible; DataForSeoBot/1.0; +https://dataforseo.com/dataforseo-bot)" 474 **0/474284**
136.243.220.212 - - [03/Mar/2026:07:34:05 -0700] "GET /avaliacoes-de-pop-age-of-the-gods-ruler-of-the-dead-para-bagarote-real-casinos-online-portugal/ HTTP/1.1" 200 74624 "-" "Mozilla/5.0 (compatible; DataForSeoBot/1.0; +https://dataforseo.com/dataforseo-bot)" 289 **0/289491**
136.243.220.212 - - [03/Mar/2026:07:34:09 -0700] "GET /playson-gokhuis-yoyospins-promo-schrijven/ HTTP/1.1" 200 72262 "-" "Mozilla/5.0 (compatible; DataForSeoBot/1.0; +https://dataforseo.com/dataforseo-bot)" 266 **0/266261**
136.243.220.212 - - [03/Mar/2026:07:34:14 -0700] "GET /bonus-jogue-online-extra-bingo-sem-casa-ultra-hot-slot-online-2025/ HTTP/1.1" 200 72000 "-" "Mozilla/5.0 (compatible; DataForSeoBot/1.0; +https://dataforseo.com/dataforseo-bot)" 274 **0/274419**
136.243.220.212 - - [03/Mar/2026:07:34:17 -0700] "GET /bet3000-keine-deutsche-slot-king-arthur-erlaubniskarte-aug-2025/ HTTP/1.1" 200 71800 "-" "Mozilla/5.0 (compatible; DataForSeoBot/1.0; +https://dataforseo.com/dataforseo-bot)" 268 **0/268491**
136.243.220.212 - - [03/Mar/2026:07:34:21 -0700] "GET /angeschlossen-kasino-pramie-beste-provision-angebote-im-vergleich-2025/ HTTP/1.1" 200 74322 "-" "Mozilla/5.0 (compatible; DataForSeoBot/1.0; +https://dataforseo.com/dataforseo-bot)" 276 **0/276163**
136.243.220.212 - - [03/Mar/2026:07:34:25 -0700] "GET /lieve-uitbetalende-bank-2025-casinos-met-eveneens-rtp/ HTTP/1.1" 200 70587 "-" "Mozilla/5.0 (compatible; DataForSeoBot/1.0; +https://dataforseo.com/dataforseo-bot)" 299 **0/299374**
136.243.220.212 - - [03/Mar/2026:07:34:29 -0700] "GET /solicite-os-online-speed-baccarat-b-melhores-bonus-sem-depositos-2025-apk-do-aplicativo-galera-bet-abicar-brasil-pictureline/ HTTP/1.1" 200 72219 "-" "Mozilla/5.0 (compatible; DataForSeoBot/1.0; +https://dataforseo.com/dataforseo-bot)" 278 **0/278883**
136.243.220.212 - - [03/Mar/2026:07:34:33 -0700] "GET /kronos-by-wms-examinar-este-sitio-slot-demo-entretenimiento-tragamonedas-sin-cargo/ HTTP/1.1" 200 73639 "-" "Mozilla/5.0 (compatible; DataForSeoBot/1.0; +https://dataforseo.com/dataforseo-bot)" 276 **0/276524**
136.243.220.212 - - [03/Mar/2026:07:34:37 -0700] "GET /rodadas-dado-sem-deposito-melhores-cassinos-com-giros-pixbet-apostas-moveis-acostumado-em-2025/ HTTP/1.1" 200 72395 "-" "Mozilla/5.0 (compatible; DataForSeoBot/1.0; +https://dataforseo.com/dataforseo-bot)" 321 **0/321350**
136.243.220.212 - - [03/Mar/2026:07:34:41 -0700] "GET /zabawy-777-wyjawszy-logowania-uciechy-urzadzenia-automaty-siodemki-sloty-777-online/ HTTP/1.1" 200 71741 "-" "Mozilla/5.0 (compatible; DataForSeoBot/1.0; +https://dataforseo.com/dataforseo-bot)" 330 **0/330060**
136.243.220.212 - - [03/Mar/2026:07:34:45 -0700] "GET /damit-die-besten-echtgeld-spielbank-smartphone-apps-hinten-finden-probieren-wir-alles/ HTTP/1.1" 200 71926 "-" "Mozilla/5.0 (compatible; DataForSeoBot/1.0; +https://dataforseo.com/dataforseo-bot)" 268 **0/268705**
57.141.16.5 - - [03/Mar/2026:07:34:49 -0700] "GET /beyond-the-crash-point-multiply-your-stakes-with/feed/ HTTP/1.1" 200 920 "-" "meta-externalagent/1.1 (+https://developers.facebook.com/docs/sharing/webmasters/crawler)" 125 **0/125695**
136.243.220.212 - - [03/Mar/2026:07:34:50 -0700] "GET /betsafe-2025-slot-marco-polo-canadian-players-element-by-factor-research-bonus-value/ HTTP/1.1" 200 71081 "-" "Mozilla/5.0 (compatible; DataForSeoBot/1.0; +https://dataforseo.com/dataforseo-bot)" 282 **0/282547**
136.243.220.212 - - [03/Mar/2026:07:34:54 -0700] "GET /bonus-criancice-safari-bonus-esporte-da-sorte-como-usar-heat-giros-livres-de-slot-cassino-afinar-brasil-2025-tudo-arruii-que-voce-precisa-concepcao/ HTTP/1.1" 200 71819 "-" "Mozilla/5.0 (compatible; DataForSeoBot/1.0; +https://dataforseo.com/dataforseo-bot)" 266 **0/266984**
136.243.220.212 - - [03/Mar/2026:07:34:57 -0700] "GET /lieve-uitbetalende-offlin-gokhal-wie-bank-heef-u-meest-rtp/ HTTP/1.1" 200 71512 "-" "Mozilla/5.0 (compatible; DataForSeoBot/1.0; +https://dataforseo.com/dataforseo-bot)" 297 **0/297987**
136.243.220.212 - - [03/Mar/2026:07:35:02 -0700] "GET /darmowe-spiny-spinsamurai-logowanie-pobieranie-aplikacji-w-calej-rodzimych-kasynach-2025-kody-w-free-spins/ HTTP/1.1" 200 72678 "-" "Mozilla/5.0 (compatible; DataForSeoBot/1.0; +https://dataforseo.com/dataforseo-bot)" 819 **0/819450**
136.243.220.212 - - [03/Mar/2026:07:35:06 -0700] "GET /la-iron-man-2-un-tanque-filon-sobre-suerte-tragamonedas-juego-tragamonedas-marco-polo-regalado-en-internet-%E5%AE%8F%E4%B8%80%E7%99%BC%E5%B1%95%E6%9C%89%E9%99%90%E5%85%AC%E5%8F%B8/ HTTP/1.1" 200 74128 "-" "Mozilla/5.0 (compatible; DataForSeoBot/1.0; +https://dataforseo.com/dataforseo-bot)" 451 **0/451896**
136.243.220.212 - - [03/Mar/2026:07:35:10 -0700] "GET /offlin-gokhuis-farm-of-fun-1-storting-eigenlijk-geld-2024-offlin-speculeren-pro-geld/ HTTP/1.1" 200 72314 "-" "Mozilla/5.0 (compatible; DataForSeoBot/1.0; +https://dataforseo.com/dataforseo-bot)" 385 **0/385454**
136.243.220.212 - - [03/Mar/2026:07:35:14 -0700] "GET /principales-casinos-moviles-los-mas-grandes-plataformas-de-casino-online-free-casino-slots-iphone/ HTTP/1.1" 200 73789 "-" "Mozilla/5.0 (compatible; DataForSeoBot/1.0; +https://dataforseo.com/dataforseo-bot)" 1534 **1/1534037**
136.243.220.212 - - [03/Mar/2026:07:35:17 -0700] "GET /siberian-storm-apostar-download-do-aplicativo-de-login-pikebit-online-dado-ou-por-bagarote-golden-games-80-giros-acostumado-contemporaneo/ HTTP/1.1" 200 72201 "-" "Mozilla/5.0 (compatible; DataForSeoBot/1.0; +https://dataforseo.com/dataforseo-bot)" 449 **0/449384**
136.243.220.212 - - [03/Mar/2026:07:35:21 -0700] "GET /tutte-le-nuovissime-slot-gratuitamente/ HTTP/1.1" 200 72994 "-" "Mozilla/5.0 (compatible; DataForSeoBot/1.0; +https://dataforseo.com/dataforseo-bot)" 366 **0/366162**
136.243.220.212 - - [03/Mar/2026:07:35:25 -0700] "GET /betify-casino-en-ligne-jouez-sur-betify-avec-1000-4136/ HTTP/1.1" 200 73437 "-" "Mozilla/5.0 (compatible; DataForSeoBot/1.0; +https://dataforseo.com/dataforseo-bot)" 311 **0/311975**
136.243.220.212 - - [03/Mar/2026:07:35:29 -0700] "GET /gokspellen-online-activiteit-classic-retro-gokkast-online-gokhuis-2024/ HTTP/1.1" 200 72202 "-" "Mozilla/5.0 (compatible; DataForSeoBot/1.0; +https://dataforseo.com/dataforseo-bot)" 374 **0/374144**
136.243.220.212 - - [03/Mar/2026:07:35:34 -0700] "GET /secret-of-the-stones-50-aplicativo-pagbet-para-android-rodadas-gratis-sem-entreposto-drinking-roleta-online-game/ HTTP/1.1" 200 72203 "-" "Mozilla/5.0 (compatible; DataForSeoBot/1.0; +https://dataforseo.com/dataforseo-bot)" 315 **0/315170**
136.243.220.212 - - [03/Mar/2026:07:35:38 -0700] "GET /las-superiores-juegos-resena-del-casino-1xslot-de-tragamonedas-online-2025-hace-el-trabajo-para-recursos-positivo/ HTTP/1.1" 200 73294 "-" "Mozilla/5.0 (compatible; DataForSeoBot/1.0; +https://dataforseo.com/dataforseo-bot)" 360 **0/360950**
136.243.220.212 - - [03/Mar/2026:07:35:41 -0700] "GET /comeon-spielsaal-2025-test-ferner-erfahrungen-25-euroletten-bonus/ HTTP/1.1" 200 73304 "-" "Mozilla/5.0 (compatible; DataForSeoBot/1.0; +https://dataforseo.com/dataforseo-bot)" 305 **0/305734**
17.22.237.141 - - [03/Mar/2026:07:35:41 -0700] "GET /mr-bet-25-freispiele-ohne-einzahlung-casino-slotty-vegas-wie-konnte-man-diese-erhalten-pictureline/ HTTP/1.1" 404 - "-" "Mozilla/5.0 (Macintosh; Intel Mac OS X 10_15_7) AppleWebKit/605.1.15 (KHTML, like Gecko) Version/17.4 Safari/605.1.15 (Applebot/0.1; +http://www.apple.com/go/applebot)" 149 **0/149526**
185.191.171.14 - - [03/Mar/2026:07:35:44 -0700] "GET /1win-casino-270/ HTTP/1.1" 200 82997 "-" "Mozilla/5.0 (compatible; SemrushBot/7~bl; +http://www.semrush.com/bot.html)" 292 **0/292048**
136.243.220.212 - - [03/Mar/2026:07:35:45 -0700] "GET /columbus-deluxe-kasteel-2024-play-citadel-free-controleer-mijn-referentie-offlin-god/ HTTP/1.1" 200 72392 "-" "Mozilla/5.0 (compatible; DataForSeoBot/1.0; +https://dataforseo.com/dataforseo-bot)" 283 **0/283792**
85.208.96.205 - - [03/Mar/2026:07:35:49 -0700] "GET /faculte-machines-pour-thunes-tomb-raider-free-80-tours-absous-strategies-sur-les-gaming-pour-appareil-vers-thunes/ HTTP/1.1" 200 79984 "-" "Mozilla/5.0 (compatible; SemrushBot/7~bl; +http://www.semrush.com/bot.html)" 297 **0/297021**
136.243.220.212 - - [03/Mar/2026:07:35:49 -0700] "GET /deze-10-besten-online-blackjack-seiten-belangrijke-hyperlink-mit-echtgeld-2024/ HTTP/1.1" 200 72211 "-" "Mozilla/5.0 (compatible; DataForSeoBot/1.0; +https://dataforseo.com/dataforseo-bot)" 313 **0/313064**
130.51.23.22 - - [03/Mar/2026:07:35:49 -0700] "GET /casino-utan-svensk-licens-de-basta-alternativen/ HTTP/1.1" 200 73101 "-" "Mozilla/5.0 (Windows NT 10.0; WOW64) AppleWebKit/537.36 (KHTML, like Gecko) Chrome/114.0.0.0 Safari/537.36 Vivaldi/5.3.2679.68" 333 **0/333359**
185.191.171.13 - - [03/Mar/2026:07:35:52 -0700] "GET /better-on-the-internet-pokies-around-australia-2026-see-better-aussie-slots/ HTTP/1.1" 200 79178 "-" "Mozilla/5.0 (compatible; SemrushBot/7~bl; +http://www.semrush.com/bot.html)" 289 **0/289091**
136.243.220.212 - - [03/Mar/2026:07:35:53 -0700] "GET /uitgelezene-online-casinos-afwisselend-nederlan-2024-bergtop-maand-golden-dragon-slot-uitbetaling-nederlandse-sites/ HTTP/1.1" 200 72237 "-" "Mozilla/5.0 (compatible; DataForSeoBot/1.0; +https://dataforseo.com/dataforseo-bot)" 350 **0/350463**
57.141.16.80 - - [03/Mar/2026:07:35:54 -0700] "GET /decoding-the-digital-casino-a-deep-dive-for-the-discerning-irish-gambler/feed/ HTTP/1.1" 200 962 "-" "meta-externalagent/1.1 (+https://developers.facebook.com/docs/sharing/webmasters/crawler)" 136 **0/136704**
68.178.232.37 - - [03/Mar/2026:07:35:58 -0700] "POST /wp-cron.php?doing_wp_cron=1772548558.0031430721282958984375 HTTP/1.1" 200 - "http://www.icdp.co.in/wp-cron.php?doing_wp_cron=1772548558.0031430721282958984375" "WordPress/5.7.8; http://www.icdp.co.in" 162 **0/162025**
57.141.16.49 - - [03/Mar/2026:07:35:57 -0700] "GET /wp-json/oembed/1.0/embed?url=http%3A%2F%2Fwww.icdp.co.in%2Fbei-der-einander-immer-wieder-weiterentwickelnden-globus-des-erreichbar-glucksspiels-haben-are-living-spielbank-spiele-die-umschwung-ausgelost%2F HTTP/1.1" 200 2875 "-" "meta-externalagent/1.1 (+https://developers.facebook.com/docs/sharing/webmasters/crawler)" 309 **0/309407**
136.243.220.212 - - [03/Mar/2026:07:35:57 -0700] "GET /vinnig-waarderen-het-liefste-gokkasten-te-een-blueprint-gokhuis/ HTTP/1.1" 200 71476 "-" "Mozilla/5.0 (compatible; DataForSeoBot/1.0; +https://dataforseo.com/dataforseo-bot)" 318 **0/318261**
57.141.16.97 - - [03/Mar/2026:07:36:00 -0700] "GET /if-you-use-fanduel-internet-casino-you-are-sure-that-youll-be-able-to-withdraw-the-profits-having-lightning-price/ HTTP/1.1" 200 342676 "-" "meta-externalagent/1.1 (+https://developers.facebook.com/docs/sharing/webmasters/crawler)" 498 **0/498542**
136.243.220.212 - - [03/Mar/2026:07:36:02 -0700] "GET /analutikos-odegos-strategikes-kai-mponous/ HTTP/1.1" 200 75899 "-" "Mozilla/5.0 (compatible; DataForSeoBot/1.0; +https://dataforseo.com/dataforseo-bot)" 392 **0/392229**
51.83.11.108 - - [03/Mar/2026:07:36:03 -0700] "GET /robots.txt HTTP/1.1" 200 114 "-" "Mozilla/5.0 (compatible; MJ12bot/v1.4.8; http://mj12bot.com/)" 168 **0/168006**
185.191.171.18 - - [03/Mar/2026:07:36:04 -0700] "GET /brabet-paga-mesmo-794/ HTTP/1.1" 200 83996 "-" "Mozilla/5.0 (compatible; SemrushBot/7~bl; +http://www.semrush.com/bot.html)" 276 **0/276739**
51.83.11.108 - - [03/Mar/2026:07:36:05 -0700] "GET /%CF%84%CE%B1-%CE%BA%CE%B1%CE%BB%CF%8D%CF%84%CE%B5%CF%81%CE%B1-online-%CE%BA%CE%B1%CE%B6%CE%AF%CE%BD%CE%BF-%CE%BC%CF%80%CE%B1%CE%BA%CE%B1%CF%81%CE%AC-%CE%B7-%CF%80%CF%81%CE%B1%CE%B3%CE%BC%CE%B1%CF%84/ HTTP/1.1" 200 72038 "-" "Mozilla/5.0 (compatible; MJ12bot/v1.4.8; http://mj12bot.com/)" 296 **0/296417**
136.243.220.212 - - [03/Mar/2026:07:36:06 -0700] "GET /the-fresh-zero-gambling-establishment-halloween-witch-put-bonus-rules/ HTTP/1.1" 200 71830 "-" "Mozilla/5.0 (compatible; DataForSeoBot/1.0; +https://dataforseo.com/dataforseo-bot)" 310 **0/310896**
185.191.171.8 - - [03/Mar/2026:07:36:06 -0700] "GET /cellular-betting-applications-feature-affiliate-friendly-interfaces-while-making-navigation-and-thrills-away-from-favourite-games-smoother/ HTTP/1.1" 200 78474 "-" "Mozilla/5.0 (compatible; SemrushBot/7~bl; +http://www.semrush.com/bot.html)" 278 **0/278822**
51.83.11.108 - - [03/Mar/2026:07:36:07 -0700] "GET /%D8%AA%D8%AD%D9%85%D9%8A%D9%84-mostbet-116/ HTTP/1.1" 200 74184 "-" "Mozilla/5.0 (compatible; MJ12bot/v1.4.8; http://mj12bot.com/)" 288 **0/288087**
136.243.220.212 - - [03/Mar/2026:07:36:09 -0700] "GET /giros-acessivel-download-do-aplicativo-de-atualizacao-betnacional-em-cassinos-online-descubra-as-melhores-opcoes/ HTTP/1.1" 200 70769 "-" "Mozilla/5.0 (compatible; DataForSeoBot/1.0; +https://dataforseo.com/dataforseo-bot)" 265 **0/265604**
136.243.220.212 - - [03/Mar/2026:07:36:14 -0700] "GET /casino-egyptian-riches-gokkast-gratis-spins-slots-online-gokkasten-spelen/ HTTP/1.1" 200 71161 "-" "Mozilla/5.0 (compatible; DataForSeoBot/1.0; +https://dataforseo.com/dataforseo-bot)" 301 **0/301097**
85.208.96.212 - - [03/Mar/2026:07:36:15 -0700] "GET /obstawiajacy-moze-polegac-na-darmowe-spiny-gotowke-splata-czesci-przegranych-srodkow-z-kasynie/ HTTP/1.1" 200 78595 "-" "Mozilla/5.0 (compatible; SemrushBot/7~bl; +http://www.semrush.com/bot.html)" 286 **0/286235**
51.83.11.108 - - [03/Mar/2026:07:36:16 -0700] "GET /1win-%EB%A8%B9%ED%8A%80-786/ HTTP/1.1" 200 73929 "-" "Mozilla/5.0 (compatible; MJ12bot/v1.4.8; http://mj12bot.com/)" 308 **0/308673**
57.141.16.12 - - [03/Mar/2026:07:36:17 -0700] "GET /bizzo-casino-opiniones-de-los-juegos-de-caja-de-ahorros-disponibles/feed/ HTTP/1.1" 200 946 "-" "meta-externalagent/1.1 (+https://developers.facebook.com/docs/sharing/webmasters/crawler)" 144 **0/144151**
136.243.220.212 - - [03/Mar/2026:07:36:17 -0700] "GET /eurogrand-bank-closed-wegens-nova-wild-wolf-winnen-2021/ HTTP/1.1" 200 72064 "-" "Mozilla/5.0 (compatible; DataForSeoBot/1.0; +https://dataforseo.com/dataforseo-bot)" 273 **0/273112**
85.208.96.196 - - [03/Mar/2026:07:36:20 -0700] "GET /don%EF%BF%BDt-winnings-anything-and-you-will-trying-personal-your-bank-account-is-we-huge-misson/ HTTP/1.1" 200 78587 "-" "Mozilla/5.0 (compatible; SemrushBot/7~bl; +http://www.semrush.com/bot.html)" 326 **0/326812**
136.243.220.212 - - [03/Mar/2026:07:36:21 -0700] "GET /grand-jester-jack-and-the-beanstalk-kostenlose-spins-keine-einzahlung-kostenlose-spins-silver-of-ra-keine-einzahlung-fur-jedes-nusse-spielen-sie-pharaos-riches-taktik-slot-online-auffuhren-alleinig-an/ HTTP/1.1" 200 71059 "-" "Mozilla/5.0 (compatible; DataForSeoBot/1.0; +https://dataforseo.com/dataforseo-bot)" 278 **0/278843**
136.243.220.212 - - [03/Mar/2026:07:36:25 -0700] "GET /euromillions-hinblattern-and-quoten-in-gewinnzahlen-com/ HTTP/1.1" 200 74243 "-" "Mozilla/5.0 (compatible; DataForSeoBot/1.0; +https://dataforseo.com/dataforseo-bot)" 271 **0/271557**
57.141.16.50 - - [03/Mar/2026:07:36:27 -0700] "GET /?p=147965 HTTP/1.1" 301 - "-" "meta-externalagent/1.1 (+https://developers.facebook.com/docs/sharing/webmasters/crawler)" 136 **0/136298**
136.243.220.212 - - [03/Mar/2026:07:36:29 -0700] "GET /50-rotiri-gratuite-dar-depunere-2025-cazinouri-cel-mai-mare-fara-depozit-fairspin-cand-rotiri-gratuite/ HTTP/1.1" 200 71857 "-" "Mozilla/5.0 (compatible; DataForSeoBot/1.0; +https://dataforseo.com/dataforseo-bot)" 313 **0/313280**
85.208.96.203 - - [03/Mar/2026:07:36:31 -0700] "GET /so-why-do-the-site-i-say-cool-income/ HTTP/1.1" 200 80680 "-" "Mozilla/5.0 (compatible; SemrushBot/7~bl; +http://www.semrush.com/bot.html)" 262 **0/262056**
51.83.11.108 - - [03/Mar/2026:07:36:31 -0700] "GET /category/1win-bet-796/ HTTP/1.1" 200 70048 "-" "Mozilla/5.0 (compatible; MJ12bot/v1.4.8; http://mj12bot.com/)" 364 **0/364854**
57.141.16.58 - - [03/Mar/2026:07:36:32 -0700] "GET /wp-json/oembed/1.0/embed?url=http%3A%2F%2Fwww.icdp.co.in%2Ftherell-be-no-problems-registering-and-work-out-a-deposit-and-you-may-establishing-wagers-to-your-gambling-games%2F HTTP/1.1" 200 2749 "-" "meta-externalagent/1.1 (+https://developers.facebook.com/docs/sharing/webmasters/crawler)" 116 **0/116475**
136.243.220.212 - - [03/Mar/2026:07:36:33 -0700] "GET /bezplatne-spiny-wyjawszy-depozytu-2025-dochody-z-w-ciagu-rejestracje/ HTTP/1.1" 200 72450 "-" "Mozilla/5.0 (compatible; DataForSeoBot/1.0; +https://dataforseo.com/dataforseo-bot)" 339 **0/339916**
51.83.11.108 - - [03/Mar/2026:07:36:35 -0700] "GET /category/jeetbuzz-%E0%A6%85%E0%A7%8D%E0%A6%AF%E0%A6%BE%E0%A6%AA-320/ HTTP/1.1" 200 70042 "-" "Mozilla/5.0 (compatible; MJ12bot/v1.4.8; http://mj12bot.com/)" 412 **0/412718**
57.141.16.5 - - [03/Mar/2026:07:36:36 -0700] "GET /befify-casino/feed/ HTTP/1.1" 200 784 "-" "meta-externalagent/1.1 (+https://developers.facebook.com/docs/sharing/webmasters/crawler)" 134 **0/134446**
136.243.220.212 - - [03/Mar/2026:07:36:37 -0700] "GET /kasyno-spin-city-trzydziestu-bezplatnych-spinow-z-brakiem-depozytu-otrzymaj-w-tej-chwili/ HTTP/1.1" 200 72554 "-" "Mozilla/5.0 (compatible; DataForSeoBot/1.0; +https://dataforseo.com/dataforseo-bot)" 275 **0/275457**
51.83.11.108 - - [03/Mar/2026:07:36:37 -0700] "GET /category/mostbet-%D8%AA%D9%86%D8%B2%D9%8A%D9%84-44/ HTTP/1.1" 200 70174 "-" "Mozilla/5.0 (compatible; MJ12bot/v1.4.8; http://mj12bot.com/)" 389 **0/389643**
51.83.11.108 - - [03/Mar/2026:07:36:40 -0700] "GET /cazinouri-online-care-octavian-gaming-conectati-va-immerion-casino-sloturi-de-jocuri-mize-mici-%E1%97%8E-topul-site/ HTTP/1.1" 200 73189 "-" "Mozilla/5.0 (compatible; MJ12bot/v1.4.8; http://mj12bot.com/)" 320 **0/320000**
85.208.96.200 - - [03/Mar/2026:07:36:41 -0700] "GET /great-things-about-have-fun-with-from-the-winport-gambling-establishment-100-no-deposit-extra/ HTTP/1.1" 200 78963 "-" "Mozilla/5.0 (compatible; SemrushBot/7~bl; +http://www.semrush.com/bot.html)" 279 **0/279603**
136.243.220.212 - - [03/Mar/2026:07:36:41 -0700] "GET /rozrywki-hot-spot-przez-internet-za-darmo-victorious-jackpot-slot-bez-zarejestrowania-sie-hot-spot-777/ HTTP/1.1" 200 72346 "-" "Mozilla/5.0 (compatible; DataForSeoBot/1.0; +https://dataforseo.com/dataforseo-bot)" 310 **0/310290**
136.243.220.212 - - [03/Mar/2026:07:36:46 -0700] "GET /playbonds-50-nenhum-50-giros-gratis-box-of-ra-armazem-download-do-aplicativo-do-parceiro-trinocasino-apk-gira-wild-lotus-charm-5-deposito-trucks-the-art-of-vastu-living/ HTTP/1.1" 200 72248 "-" "Mozilla/5.0 (compatible; DataForSeoBot/1.0; +https://dataforseo.com/dataforseo-bot)" 330 **0/330602**
185.191.171.13 - - [03/Mar/2026:07:36:46 -0700] "GET /flamin-7s-kolikkopelin-mielipide-pelaa-tata-pelia-iwinfortune-150-bonus-ilmaiseksi-verkossa/ HTTP/1.1" 200 78898 "-" "Mozilla/5.0 (compatible; SemrushBot/7~bl; +http://www.semrush.com/bot.html)" 318 **0/318190**
136.243.220.212 - - [03/Mar/2026:07:36:49 -0700] "GET /busca-niquel-show-ball-3-blaze-fazer-login-acostumado-bingo-online-dicas/ HTTP/1.1" 200 72223 "-" "Mozilla/5.0 (compatible; DataForSeoBot/1.0; +https://dataforseo.com/dataforseo-bot)" 270 **0/270892**
185.191.171.10 - - [03/Mar/2026:07:36:49 -0700] "GET /blog/page/5679/ HTTP/1.1" 200 80156 "-" "Mozilla/5.0 (compatible; SemrushBot/7~bl; +http://www.semrush.com/bot.html)" 432 **0/432233**
85.208.96.201 - - [03/Mar/2026:07:36:51 -0700] "GET /respons-zahlst-000-euro-ein-und-erhaltst-zu-diesem-zweck-angewandten-100000-provision-upon-traktandum/ HTTP/1.1" 200 78438 "-" "Mozilla/5.0 (compatible; SemrushBot/7~bl; +http://www.semrush.com/bot.html)" 275 **0/275446**
136.243.220.212 - - [03/Mar/2026:07:36:53 -0700] "GET /schapenhoeder-vinnig-jou-recht-baccarat-simpele-speluitleg/ HTTP/1.1" 200 71881 "-" "Mozilla/5.0 (compatible; DataForSeoBot/1.0; +https://dataforseo.com/dataforseo-bot)" 355 **0/355582**
85.208.96.198 - - [03/Mar/2026:07:36:53 -0700] "GET /better-cellular-casinos-to-possess-new-iphone-4-android-december-2025/ HTTP/1.1" 200 80066 "-" "Mozilla/5.0 (compatible; SemrushBot/7~bl; +http://www.semrush.com/bot.html)" 287 **0/287308**
57.141.16.45 - - [03/Mar/2026:07:36:57 -0700] "GET /wp-json/oembed/1.0/embed?url=http%3A%2F%2Fwww.icdp.co.in%2Fsince-the-its-launch-inside-2020-because-of-the-white-star-b%2F HTTP/1.1" 200 2465 "-" "meta-externalagent/1.1 (+https://developers.facebook.com/docs/sharing/webmasters/crawler)" 179 **0/179133**
136.243.220.212 - - [03/Mar/2026:07:36:57 -0700] "GET /echtes-cartier-love-bracelet-armband-unter-anderem-fake-wie-gleichfalls-geliebt-bares-sehr-ordentlich-angezogen-plan/ HTTP/1.1" 200 74421 "-" "Mozilla/5.0 (compatible; DataForSeoBot/1.0; +https://dataforseo.com/dataforseo-bot)" 344 **0/344123**
85.208.96.193 - - [03/Mar/2026:07:36:59 -0700] "GET /what-are-the-better-bitcoin-casinos-with-100-free-spins-to-gamble-in-the-2025/ HTTP/1.1" 200 78263 "-" "Mozilla/5.0 (compatible; SemrushBot/7~bl; +http://www.semrush.com/bot.html)" 250 **0/250188**
136.243.220.212 - - [03/Mar/2026:07:37:02 -0700] "GET /offlin-1-storting-grand-monarch-gissen-afwisselend-belgi-2024-ben-beste-offlin-gokwebsites/ HTTP/1.1" 200 72259 "-" "Mozilla/5.0 (compatible; DataForSeoBot/1.0; +https://dataforseo.com/dataforseo-bot)" 379 **0/379110**
136.243.220.212 - - [03/Mar/2026:07:37:05 -0700] "GET /abendland-play-welches-neue-europartners-playtech-casino-pro-brd/ HTTP/1.1" 200 74747 "-" "Mozilla/5.0 (compatible; DataForSeoBot/1.0; +https://dataforseo.com/dataforseo-bot)" 308 **0/308918**
185.191.171.13 - - [03/Mar/2026:07:37:08 -0700] "GET /blog/page/5437/ HTTP/1.1" 200 79785 "-" "Mozilla/5.0 (compatible; SemrushBot/7~bl; +http://www.semrush.com/bot.html)" 460 **0/460750**
136.243.220.212 - - [03/Mar/2026:07:37:09 -0700] "GET /dolphins-pearl-deluxe-blue-heart-slot-echtes-bimbes-neue-casino-vergleichen-vari-ion-jedweder-wazdan-slot-spiele-der-slot-bei-novomatic-refgen-biyoteknoloji/ HTTP/1.1" 200 72540 "-" "Mozilla/5.0 (compatible; DataForSeoBot/1.0; +https://dataforseo.com/dataforseo-bot)" 300 **0/300213**
85.208.96.196 - - [03/Mar/2026:07:37:12 -0700] "GET /2025/10/page/611/ HTTP/1.1" 200 79814 "-" "Mozilla/5.0 (compatible; SemrushBot/7~bl; +http://www.semrush.com/bot.html)" 467 **0/467311**
136.243.220.212 - - [03/Mar/2026:07:37:13 -0700] "GET /comment-les-casinos-live-en-ligne-sadaptent-aux-nouvelles-tendances/ HTTP/1.1" 200 71625 "-" "Mozilla/5.0 (compatible; DataForSeoBot/1.0; +https://dataforseo.com/dataforseo-bot)" 329 **0/329276**
57.141.16.93 - - [03/Mar/2026:07:37:14 -0700] "GET /wp-json/oembed/1.0/embed?url=http%3A%2F%2Fwww.icdp.co.in%2Fla-proprete-automatiquement-fascinants-24h-24-chez-night-casino-un-brin%2F HTTP/1.1" 200 2523 "-" "meta-externalagent/1.1 (+https://developers.facebook.com/docs/sharing/webmasters/crawler)" 132 **0/132491**
85.208.96.208 - - [03/Mar/2026:07:37:15 -0700] "GET /pin-up-867-2/ HTTP/1.1" 200 83044 "-" "Mozilla/5.0 (compatible; SemrushBot/7~bl; +http://www.semrush.com/bot.html)" 313 **0/313384**
85.208.96.212 - - [03/Mar/2026:07:37:17 -0700] "GET /zeus-casino-slot-games-release-to-help-you-20-free-to-gamble-zeus-harbors-online/ HTTP/1.1" 200 81422 "-" "Mozilla/5.0 (compatible; SemrushBot/7~bl; +http://www.semrush.com/bot.html)" 288 **0/288480**
136.243.220.212 - - [03/Mar/2026:07:37:17 -0700] "GET /goldielocks-spilleautomat-besiktigelse-ut-alt-bjornene-hvilken-blir-gjort-dersom-booi-kontopalogging-for-hver-wilds/ HTTP/1.1" 200 72795 "-" "Mozilla/5.0 (compatible; DataForSeoBot/1.0; +https://dataforseo.com/dataforseo-bot)" 330 **0/330666**
136.243.220.212 - - [03/Mar/2026:07:37:21 -0700] "GET /sweet-win-spinomenal-revise-jogue-online-gratuitamente-rtp-958/ HTTP/1.1" 200 74442 "-" "Mozilla/5.0 (compatible; DataForSeoBot/1.0; +https://dataforseo.com/dataforseo-bot)" 360 **0/360124**
198.244.242.200 - - [03/Mar/2026:07:37:24 -0700] "GET /2024/10/ HTTP/1.1" 200 70309 "-" "Mozilla/5.0 (compatible; AhrefsBot/7.0; +http://ahrefs.com/robot/)" 487 **0/487417**
136.243.220.212 - - [03/Mar/2026:07:37:25 -0700] "GET /diese-besten-bruce-bet-pc-login-erreichbar-casinos-qua-bonus-ohne-einzahlung-unsrige-traktandum-empfehlungen/ HTTP/1.1" 200 72170 "-" "Mozilla/5.0 (compatible; DataForSeoBot/1.0; +https://dataforseo.com/dataforseo-bot)" 315 **0/315648**
136.243.220.212 - - [03/Mar/2026:07:37:29 -0700] "GET /baliza-aquele-aparelhar-jewel-magic-apple-casino-fortune-box/ HTTP/1.1" 200 73320 "-" "Mozilla/5.0 (compatible; DataForSeoBot/1.0; +https://dataforseo.com/dataforseo-bot)" 393 **0/393084**
57.141.16.2 - - [03/Mar/2026:07:37:30 -0700] "GET /wp-json/oembed/1.0/embed?url=http%3A%2F%2Fwww.icdp.co.in%2Fmanuscrit-vos-series-de-gaming-au-salle-de-jeu-bet-zino%2F HTTP/1.1" 200 2440 "-" "meta-externalagent/1.1 (+https://developers.facebook.com/docs/sharing/webmasters/crawler)" 185 **0/185152**
136.243.220.212 - - [03/Mar/2026:07:37:33 -0700] "GET /noppes-casinospellen-speel-recht-afwisselend-jouw-browser/ HTTP/1.1" 200 72029 "-" "Mozilla/5.0 (compatible; DataForSeoBot/1.0; +https://dataforseo.com/dataforseo-bot)" 296 **0/296409**
136.243.220.212 - - [03/Mar/2026:07:37:37 -0700] "GET /bonus-casino-winner-boas-vindas-hot-seven-slot-machine-%EF%B8%8F-constituicao-promocional-casino-winner-bonus-anteriormente-deposito-portugal-fevereiro-2025/ HTTP/1.1" 200 73336 "-" "Mozilla/5.0 (compatible; DataForSeoBot/1.0; +https://dataforseo.com/dataforseo-bot)" 292 **0/292532**
136.243.220.212 - - [03/Mar/2026:07:37:42 -0700] "GET /apostar-gratuitamente-gryphons-gold-jogos-de-caca-niqueis-wild-turkey-deluxe-online/ HTTP/1.1" 200 73564 "-" "Mozilla/5.0 (compatible; DataForSeoBot/1.0; +https://dataforseo.com/dataforseo-bot)" 284 **0/284019**
136.243.220.212 - - [03/Mar/2026:07:37:46 -0700] "GET /bestes-spielbank-tor-zur-welt-offizielle-slot-spiele-online-website/ HTTP/1.1" 200 72035 "-" "Mozilla/5.0 (compatible; DataForSeoBot/1.0; +https://dataforseo.com/dataforseo-bot)" 299 **0/299481**
136.243.220.212 - - [03/Mar/2026:07:37:50 -0700] "GET /verbunden-kasino-freispiele-aktuelle-angebote-bruce-bet-login-mobile-download-2025/ HTTP/1.1" 200 72094 "-" "Mozilla/5.0 (compatible; DataForSeoBot/1.0; +https://dataforseo.com/dataforseo-bot)" 274 **0/274767**
136.243.220.212 - - [03/Mar/2026:07:37:53 -0700] "GET /8-fruitkasten-mythology-gokkasten-online-gratis-spelen-toelichtingen-om-jouw-bries-mogelijkheid-te-opvoeren/ HTTP/1.1" 200 72257 "-" "Mozilla/5.0 (compatible; DataForSeoBot/1.0; +https://dataforseo.com/dataforseo-bot)" 274 **0/274470**
68.178.232.37 - - [03/Mar/2026:07:37:57 -0700] "POST /wp-cron.php?doing_wp_cron=1772548677.8539459705352783203125 HTTP/1.1" 200 - "http://www.icdp.co.in/wp-cron.php?doing_wp_cron=1772548677.8539459705352783203125" "WordPress/5.7.8; http://www.icdp.co.in" 152 **0/152920**
136.243.220.212 - - [03/Mar/2026:07:37:57 -0700] "GET /57-lieve-fre-offlin-movie-streaming-sites-deze-link-wegens-2024-tested/ HTTP/1.1" 200 72065 "-" "Mozilla/5.0 (compatible; DataForSeoBot/1.0; +https://dataforseo.com/dataforseo-bot)" 437 **0/437371**
57.141.16.27 - - [03/Mar/2026:07:37:58 -0700] "GET /wp-json/wp/v2/posts/146301 HTTP/1.1" 200 7840 "-" "meta-externalagent/1.1 (+https://developers.facebook.com/docs/sharing/webmasters/crawler)" 153 **0/153015**
57.141.16.42 - - [03/Mar/2026:07:38:00 -0700] "GET /?p=150880 HTTP/1.1" 301 - "-" "meta-externalagent/1.1 (+https://developers.facebook.com/docs/sharing/webmasters/crawler)" 138 **0/138087**
136.243.220.212 - - [03/Mar/2026:07:38:01 -0700] "GET /play-halloween-luck-on-line-position-during-the-ports-paradise/ HTTP/1.1" 200 71738 "-" "Mozilla/5.0 (compatible; DataForSeoBot/1.0; +https://dataforseo.com/dataforseo-bot)" 431 **0/431718**
209.50.180.169 - - [03/Mar/2026:07:38:03 -0700] "GET /1xbet-apostas-e-oportunidades-na-era-digital/ HTTP/1.1" 200 73059 "http://www.icdp.co.in/" "Mozilla/5.0 (Windows NT 10.0; Win64; x64) AppleWebKit/537.36 (KHTML, like Gecko) Chrome/114.0.0.0 Safari/537.36 Edg/114.0.1264.71" 344 **0/344475**
17.22.237.17 - - [03/Mar/2026:07:38:04 -0700] "GET /better-bingo-play-50-000-pyramid-slot-online-no-deposit-added-bonus-in-the-2025/ HTTP/1.1" 200 80511 "-" "Mozilla/5.0 (Macintosh; Intel Mac OS X 10_15_7) AppleWebKit/605.1.15 (KHTML, like Gecko) Version/17.4 Safari/605.1.15 (Applebot/0.1; +http://www.apple.com/go/applebot)" 314 **0/314003**
209.50.180.169 - - [03/Mar/2026:07:38:04 -0700] "GET /wp-content/themes/astra/assets/css/minified/frontend.min.css?ver=3.2.0 HTTP/1.1" 200 11719 "http://www.icdp.co.in/1xbet-apostas-e-oportunidades-na-era-digital/" "Mozilla/5.0 (Windows NT 10.0; Win64; x64) AppleWebKit/537.36 (KHTML, like Gecko) Chrome/143.0.0.0 Safari/537.36" 15 **0/15301**
209.50.180.169 - - [03/Mar/2026:07:38:05 -0700] "GET /wp-content/themes/astra/assets/css/minified/menu-animation.min.css?ver=3.2.0 HTTP/1.1" 200 340 "http://www.icdp.co.in/1xbet-apostas-e-oportunidades-na-era-digital/" "Mozilla/5.0 (Windows NT 10.0; Win64; x64) AppleWebKit/537.36 (KHTML, like Gecko) Chrome/143.0.0.0 Safari/537.36" 5 **0/5795**
209.50.180.169 - - [03/Mar/2026:07:38:06 -0700] "GET /wp-includes/css/dist/block-library/style.min.css?ver=5.7.8 HTTP/1.1" 200 8155 "http://www.icdp.co.in/1xbet-apostas-e-oportunidades-na-era-digital/" "Mozilla/5.0 (Windows NT 10.0; Win64; x64) AppleWebKit/537.36 (KHTML, like Gecko) Chrome/143.0.0.0 Safari/537.36" 14 **0/14943**
136.243.220.212 - - [03/Mar/2026:07:38:05 -0700] "GET /casinos-com-bagarote-mais-dicas-real-acimade-portugal-inventario-puerilidade-casinos-infantilidade-2025/ HTTP/1.1" 200 71818 "-" "Mozilla/5.0 (compatible; DataForSeoBot/1.0; +https://dataforseo.com/dataforseo-bot)" 357 **0/357263**
209.50.180.169 - - [03/Mar/2026:07:38:06 -0700] "POST /wp-comments-post.php HTTP/1.1" 404 1 "http://www.icdp.co.in/1xbet-apostas-e-oportunidades-na-era-digital/" "Mozilla/5.0 (Windows NT 10.0; Win64; x64) AppleWebKit/537.36 (KHTML, like Gecko) Chrome/114.0.0.0 Safari/537.36 Edg/114.0.1264.71" 434 **0/434937**
209.50.180.169 - - [03/Mar/2026:07:38:07 -0700] "POST /wp-comments-post.php HTTP/1.1" 404 1 "http://www.icdp.co.in/1xbet-apostas-e-oportunidades-na-era-digital/" "Mozilla/5.0 (Windows NT 10.0; Win64; x64) AppleWebKit/537.36 (KHTML, like Gecko) Chrome/114.0.0.0 Safari/537.36 Edg/114.0.1264.71" 164 **0/164044**
209.50.180.169 - - [03/Mar/2026:07:38:08 -0700] "POST /wp-comments-post.php HTTP/1.1" 404 1 "http://www.icdp.co.in/1xbet-apostas-e-oportunidades-na-era-digital/" "Mozilla/5.0 (Windows NT 10.0; Win64; x64) AppleWebKit/537.36 (KHTML, like Gecko) Chrome/114.0.0.0 Safari/537.36 Edg/114.0.1264.71" 123 **0/123218**
209.50.180.169 - - [03/Mar/2026:07:38:08 -0700] "POST /wp-comments-post.php HTTP/1.1" 404 1 "http://www.icdp.co.in/1xbet-apostas-e-oportunidades-na-era-digital/" "Mozilla/5.0 (Windows NT 10.0; Win64; x64) AppleWebKit/537.36 (KHTML, like Gecko) Chrome/114.0.0.0 Safari/537.36 Edg/114.0.1264.71" 142 **0/142209**
209.50.180.169 - - [03/Mar/2026:07:38:09 -0700] "GET /1xbet-apostas-e-oportunidades-na-era-digital/ HTTP/1.1" 200 73059 "-" "Mozilla/5.0 (Windows NT 10.0; Win64; x64) AppleWebKit/537.36 (KHTML, like Gecko) Chrome/114.0.0.0 Safari/537.36 Edg/114.0.1264.71" 297 **0/297283**
136.243.220.212 - - [03/Mar/2026:07:38:09 -0700] "GET /apocalypse-quest-pachinko-3-slot-100-partidas-gratis-vera-john-promo-code-brasil/ HTTP/1.1" 200 73565 "-" "Mozilla/5.0 (compatible; DataForSeoBot/1.0; +https://dataforseo.com/dataforseo-bot)" 292 **0/292371**
57.141.16.84 - - [03/Mar/2026:07:38:12 -0700] "GET /wp-json/oembed/1.0/embed?url=http%3A%2F%2Fwww.icdp.co.in%2Ftips-automate-the-latest-commission-procedure-within-canadian-fast-commission-gambling-enterprises%2F HTTP/1.1" 200 2655 "-" "meta-externalagent/1.1 (+https://developers.facebook.com/docs/sharing/webmasters/crawler)" 158 **0/158289**
136.243.220.212 - - [03/Mar/2026:07:38:14 -0700] "GET /15-sportwetten-bonus-angebote-die-du-2025-kennen-musst/ HTTP/1.1" 200 74537 "-" "Mozilla/5.0 (compatible; DataForSeoBot/1.0; +https://dataforseo.com/dataforseo-bot)" 319 **0/319530**
136.243.220.212 - - [03/Mar/2026:07:38:17 -0700] "GET /koi-princess-van-netent-2024-geen-aanbetaling-xon-bet-review-raden-apprecieren-ben-japans/ HTTP/1.1" 200 72185 "-" "Mozilla/5.0 (compatible; DataForSeoBot/1.0; +https://dataforseo.com/dataforseo-bot)" 308 **0/308909**
136.243.220.212 - - [03/Mar/2026:07:38:21 -0700] "GET /aviatrix-i-tillegg-til-autentisk-aktiva-crash-slot-med-umiddelbare-viktig-lenke-runder/ HTTP/1.1" 200 71530 "-" "Mozilla/5.0 (compatible; DataForSeoBot/1.0; +https://dataforseo.com/dataforseo-bot)" 302 **0/302602**
136.243.220.212 - - [03/Mar/2026:07:38:26 -0700] "GET /automatenspiele-anleitung-casino-trustly-100-freie-spins-glucksspiel-app-echtes-bares/ HTTP/1.1" 200 70776 "-" "Mozilla/5.0 (compatible; DataForSeoBot/1.0; +https://dataforseo.com/dataforseo-bot)" 343 **0/343985**
136.243.220.212 - - [03/Mar/2026:07:38:30 -0700] "GET /mahjong-wizard-of-oz-ruby-slippers-spelen-voor-de-lol-88-kasteel-gratis-performen-plu-review/ HTTP/1.1" 200 72266 "-" "Mozilla/5.0 (compatible; DataForSeoBot/1.0; +https://dataforseo.com/dataforseo-bot)" 372 **0/372386**
136.243.220.212 - - [03/Mar/2026:07:38:34 -0700] "GET /kienspe-met-aztec-gold-casino-uitbetalin-ziezo-kundigheid-jou-kienspe-acteren-en-geld-uitbetalen/ HTTP/1.1" 200 71990 "-" "Mozilla/5.0 (compatible; DataForSeoBot/1.0; +https://dataforseo.com/dataforseo-bot)" 317 **0/317458**
209.50.180.169 - - [03/Mar/2026:07:38:36 -0700] "GET /1xbet-apostas-e-oportunidades-na-era-digital/ HTTP/1.1" 200 73059 "-" "Mozilla/5.0 (Windows NT 10.0; WOW64) AppleWebKit/537.36 (KHTML, like Gecko) Chrome/114.0.0.0 Safari/537.36 Vivaldi/5.3.2679.68" 318 **0/318942**
136.243.220.212 - - [03/Mar/2026:07:38:37 -0700] "GET /jocurile-50-rotiri-gratuite-ci-sedimen-plenty-of-fortune-spre-aparate/ HTTP/1.1" 200 74027 "-" "Mozilla/5.0 (compatible; DataForSeoBot/1.0; +https://dataforseo.com/dataforseo-bot)" 275 **0/275737**
136.243.220.212 - - [03/Mar/2026:07:38:42 -0700] "GET /tomb-raide-i-iii-remastered-starring-lar-croft-aankoop/ HTTP/1.1" 200 72060 "-" "Mozilla/5.0 (compatible; DataForSeoBot/1.0; +https://dataforseo.com/dataforseo-bot)" 307 **0/307499**
136.243.220.212 - - [03/Mar/2026:07:38:46 -0700] "GET /tragaperras-golden-goddess-juego-regalado-giros-y-bonos-mira-esto-aqui-2025/ HTTP/1.1" 200 73408 "-" "Mozilla/5.0 (compatible; DataForSeoBot/1.0; +https://dataforseo.com/dataforseo-bot)" 304 **0/304596**
136.243.220.212 - - [03/Mar/2026:07:38:50 -0700] "GET /verlangen-eltern-nun-deren-alleinig-nachzahlung/ HTTP/1.1" 200 72916 "-" "Mozilla/5.0 (compatible; DataForSeoBot/1.0; +https://dataforseo.com/dataforseo-bot)" 270 **0/270617**
57.141.16.5 - - [03/Mar/2026:07:38:54 -0700] "GET /wp-json/oembed/1.0/embed?url=http%3A%2F%2Fwww.icdp.co.in%2Fabracardabra-bet-on-line-me-gusta-1-no-me-fascina-3-apostar-sin-cargo-cargando-mirada-previa%2F HTTP/1.1" 200 2643 "-" "meta-externalagent/1.1 (+https://developers.facebook.com/docs/sharing/webmasters/crawler)" 116 **0/116357**
136.243.220.212 - - [03/Mar/2026:07:38:54 -0700] "GET /deposit-vergeleken-bergtop-10-western-belles-1-storting-aller-deposito-interest/ HTTP/1.1" 200 71863 "-" "Mozilla/5.0 (compatible; DataForSeoBot/1.0; +https://dataforseo.com/dataforseo-bot)" 278 **0/278730**
136.243.220.212 - - [03/Mar/2026:07:38:59 -0700] "GET /le-bandit-slot-review-demo-2025-where-you-justforthewin-slot-machines-games-can-enjoy-le-bandit/ HTTP/1.1" 200 71407 "-" "Mozilla/5.0 (compatible; DataForSeoBot/1.0; +https://dataforseo.com/dataforseo-bot)" 314 **0/314943**
130.51.23.22 - - [03/Mar/2026:07:39:03 -0700] "GET /unlock-big-bonuses-with-betwinner-a-comprehensive/ HTTP/1.1" 200 73115 "-" "Mozilla/5.0 (Windows NT 10.0; WOW64) AppleWebKit/537.36 (KHTML, like Gecko) Chrome/114.0.0.0 Safari/537.36 Vivaldi/5.3.2679.68" 482 **0/482170**
136.243.220.212 - - [03/Mar/2026:07:39:03 -0700] "GET /roulette-online-voor-ofwel-voor-spinbetter-online-casino-poen-spelen-live-bank/ HTTP/1.1" 200 71992 "-" "Mozilla/5.0 (compatible; DataForSeoBot/1.0; +https://dataforseo.com/dataforseo-bot)" 465 **0/465388**
136.243.220.212 - - [03/Mar/2026:07:39:06 -0700] "GET /klassiker-genau-so-wie-blackjack-game-of-chance-und-stay-casinos-werden-dieser-tage-keineswegs-verfugbar/ HTTP/1.1" 200 72162 "-" "Mozilla/5.0 (compatible; DataForSeoBot/1.0; +https://dataforseo.com/dataforseo-bot)" 313 **0/313809**
136.243.220.212 - - [03/Mar/2026:07:39:10 -0700] "GET /top-7-contra-waagstuk-software-pro-de-controleer-mijn-referentie-afsluiten-va-online-goksites/ HTTP/1.1" 200 71089 "-" "Mozilla/5.0 (compatible; DataForSeoBot/1.0; +https://dataforseo.com/dataforseo-bot)" 284 **0/284438**
57.141.16.71 - - [03/Mar/2026:07:39:12 -0700] "GET /wp-json/oembed/1.0/embed?url=http%3A%2F%2Fwww.icdp.co.in%2Fmise-a-jour-ma-semble-annonce-de-euphorie-en-mon-remaniement-absolue-de-son-site-web%2F HTTP/1.1" 200 2612 "-" "meta-externalagent/1.1 (+https://developers.facebook.com/docs/sharing/webmasters/crawler)" 121 **0/121527**
