136.243.220.212 - - [03/Mar/2026:10:30:15 -0700] "GET /best-online-poker-websites-in-the-2025-with-a-high-website-badshahcric-casino-bonus-visitors-2025/ HTTP/1.1" 200 73634 "-" "Mozilla/5.0 (compatible; DataForSeoBot/1.0; +https://dataforseo.com/dataforseo-bot)" 376 **0/376432**
136.243.220.212 - - [03/Mar/2026:10:30:19 -0700] "GET /rhobh-cast-internet-does-betprimeiro-casino-have-promo-codes-worths-how-king-out-of-africa-step-1-deposit-2025-bravo-brilliants-sensuous-1-put-stars-come-back-lime-property-power/ HTTP/1.1" 200 74357 "-" "Mozilla/5.0 (compatible; DataForSeoBot/1.0; +https://dataforseo.com/dataforseo-bot)" 312 **0/312216**
57.141.16.18 - - [03/Mar/2026:10:30:20 -0700] "GET /wp-json/oembed/1.0/embed?url=http%3A%2F%2Fwww.icdp.co.in%2Fbrand-new-small-print-will-include-the-brand-new-betting-criteria-minimal-put-count-and-games-restrictions%2F HTTP/1.1" 200 2701 "-" "meta-externalagent/1.1 (+https://developers.facebook.com/docs/sharing/webmasters/crawler)" 124 **0/124126**
136.243.220.212 - - [03/Mar/2026:10:30:23 -0700] "GET /changing-werfen-sie-einen-blick-auf-den-link-fate-40-kostenfrei-zum-besten-gehaben/ HTTP/1.1" 200 73441 "-" "Mozilla/5.0 (compatible; DataForSeoBot/1.0; +https://dataforseo.com/dataforseo-bot)" 308 **0/308580**
51.195.215.110 - - [03/Mar/2026:10:30:25 -0700] "GET /nets-pokies-games-free-danny-wolf-reigns-over-within-the-nba-june-league-conquer-magic/ HTTP/1.1" 200 71513 "-" "Mozilla/5.0 (compatible; AhrefsBot/7.0; +http://ahrefs.com/robot/)" 267 **0/267333**
136.243.220.212 - - [03/Mar/2026:10:30:27 -0700] "GET /play-casino-poker-online-casino-party-mobile-for-real-money-in-usa-greatest-web-based-poker-sites-2025/ HTTP/1.1" 200 74159 "-" "Mozilla/5.0 (compatible; DataForSeoBot/1.0; +https://dataforseo.com/dataforseo-bot)" 316 **0/316471**
216.244.66.241 - - [03/Mar/2026:10:30:28 -0700] "GET /was-ist-ein-cookie-casino-eine-ubersicht-uber-die-funktion-und-verwendung-von-cookies-in-online-glucksspielen/ HTTP/1.1" 200 342754 "-" "Mozilla/5.0 (compatible; DotBot/1.2; +https://opensiteexplorer.org/dotbot; help@moz.com)" 320 **0/320715**
136.243.220.212 - - [03/Mar/2026:10:30:31 -0700] "GET /fifty-free-revolves-starburst-no-deposit-2025-canada-home-creator/ HTTP/1.1" 200 71935 "-" "Mozilla/5.0 (compatible; DataForSeoBot/1.0; +https://dataforseo.com/dataforseo-bot)" 319 **0/319211**
136.243.220.212 - - [03/Mar/2026:10:30:35 -0700] "GET /enjoy-multiple-hand-paris-win-casino-triple-double-extra-web-based-poker-on-the-web/ HTTP/1.1" 200 74352 "-" "Mozilla/5.0 (compatible; DataForSeoBot/1.0; +https://dataforseo.com/dataforseo-bot)" 266 **0/266558**
136.243.220.212 - - [03/Mar/2026:10:30:40 -0700] "GET /free-black-jack-on-the-galera-bet-sign-up-login-internet-zero-obtain-no-registration/ HTTP/1.1" 200 73946 "-" "Mozilla/5.0 (compatible; DataForSeoBot/1.0; +https://dataforseo.com/dataforseo-bot)" 288 **0/288792**
136.243.220.212 - - [03/Mar/2026:10:30:44 -0700] "GET /bunny-in-the-hat-dos-slot-microgaming-review-gamble-totally-free-demo/ HTTP/1.1" 200 71704 "-" "Mozilla/5.0 (compatible; DataForSeoBot/1.0; +https://dataforseo.com/dataforseo-bot)" 269 **0/269184**
136.243.220.212 - - [03/Mar/2026:10:30:47 -0700] "GET /simple-tips-to-gamble-glaring-7s-black-jack-download-immerion-casino-app-learn-777-black-jack-laws-and-regulations/ HTTP/1.1" 200 73934 "-" "Mozilla/5.0 (compatible; DataForSeoBot/1.0; +https://dataforseo.com/dataforseo-bot)" 328 **0/328609**
136.243.220.212 - - [03/Mar/2026:10:30:51 -0700] "GET /victorious-max-tragaperras-tratar-gratuito-sin-soltar-1win-casino/ HTTP/1.1" 200 73870 "-" "Mozilla/5.0 (compatible; DataForSeoBot/1.0; +https://dataforseo.com/dataforseo-bot)" 270 **0/270188**
136.243.220.212 - - [03/Mar/2026:10:30:55 -0700] "GET /free-spins-gambling-enterprises-southern-africa-prowling-panther-rtp-casino-2025-100-percent-free-brilliants-hot-step-one-deposit-spins-bonuses/ HTTP/1.1" 200 74145 "-" "Mozilla/5.0 (compatible; DataForSeoBot/1.0; +https://dataforseo.com/dataforseo-bot)" 288 **0/288138**
68.178.232.37 - - [03/Mar/2026:10:30:58 -0700] "POST /wp-cron.php?doing_wp_cron=1772559058.9124460220336914062500 HTTP/1.1" 200 - "http://www.icdp.co.in/wp-cron.php?doing_wp_cron=1772559058.9124460220336914062500" "WordPress/5.7.8; http://www.icdp.co.in" 158 **0/158143**
57.141.16.87 - - [03/Mar/2026:10:30:58 -0700] "GET /for-brand-new-people-250-100-free-spins-within-brango-gambling-enterprise/feed/ HTTP/1.1" 200 967 "-" "meta-externalagent/1.1 (+https://developers.facebook.com/docs/sharing/webmasters/crawler)" 289 **0/289442**
136.243.220.212 - - [03/Mar/2026:10:31:00 -0700] "GET /greatest-web-based-casinos-slot-machine-pharaohs-and-aliens-online-2025/ HTTP/1.1" 200 73945 "-" "Mozilla/5.0 (compatible; DataForSeoBot/1.0; +https://dataforseo.com/dataforseo-bot)" 376 **0/376206**
136.243.220.212 - - [03/Mar/2026:10:31:04 -0700] "GET /unser-dead-or-alive-2-slot-free-spins-besten-verbunden-casinos-inside-brd-ubersicht-vergleich/ HTTP/1.1" 200 73261 "-" "Mozilla/5.0 (compatible; DataForSeoBot/1.0; +https://dataforseo.com/dataforseo-bot)" 310 **0/310079**
136.243.220.212 - - [03/Mar/2026:10:31:07 -0700] "GET /charm-fairy-slot-100-percent-free-silver-sands-casino-offer-gamble-and-you-may-real-money-methods/ HTTP/1.1" 200 74605 "-" "Mozilla/5.0 (compatible; DataForSeoBot/1.0; +https://dataforseo.com/dataforseo-bot)" 274 **0/274372**
136.243.220.212 - - [03/Mar/2026:10:31:11 -0700] "GET /your-top-global-source-for-gambling-on-line/ HTTP/1.1" 200 74089 "-" "Mozilla/5.0 (compatible; DataForSeoBot/1.0; +https://dataforseo.com/dataforseo-bot)" 302 **0/302735**
136.243.220.212 - - [03/Mar/2026:10:31:16 -0700] "GET /selbige-gemeinschaft-wird-der-weiterer-wichtiger-aspekt-im-national-spielcasino/ HTTP/1.1" 200 72356 "-" "Mozilla/5.0 (compatible; DataForSeoBot/1.0; +https://dataforseo.com/dataforseo-bot)" 280 **0/280308**
136.243.220.212 - - [03/Mar/2026:10:31:19 -0700] "GET /best-real-time-100-deposit-casino-blackjack-gambling-enterprises-your-best-alive-black-jack-web-sites/ HTTP/1.1" 200 73913 "-" "Mozilla/5.0 (compatible; DataForSeoBot/1.0; +https://dataforseo.com/dataforseo-bot)" 259 **0/259288**
136.243.220.212 - - [03/Mar/2026:10:31:23 -0700] "GET /larger-ben-slot-aristocrat-ports-on-the-web/ HTTP/1.1" 200 71917 "-" "Mozilla/5.0 (compatible; DataForSeoBot/1.0; +https://dataforseo.com/dataforseo-bot)" 300 **0/300330**
17.22.237.66 - - [03/Mar/2026:10:31:27 -0700] "GET /riobet-zerkalo-2025-riobet-oficialnyj-sajt-kazino-273/ HTTP/1.1" 200 80222 "-" "Mozilla/5.0 (Macintosh; Intel Mac OS X 10_15_7) AppleWebKit/605.1.15 (KHTML, like Gecko) Version/17.4 Safari/605.1.15 (Applebot/0.1; +http://www.apple.com/go/applebot)" 286 **0/286369**
136.243.220.212 - - [03/Mar/2026:10:31:27 -0700] "GET /greatest-slingo-games-based-on-ports-experts-in-2024/ HTTP/1.1" 200 71859 "-" "Mozilla/5.0 (compatible; DataForSeoBot/1.0; +https://dataforseo.com/dataforseo-bot)" 334 **0/334054**
17.241.219.13 - - [03/Mar/2026:10:31:29 -0700] "GET /category/1-win-901/ HTTP/1.1" 200 77069 "-" "Mozilla/5.0 (Macintosh; Intel Mac OS X 10_15_7) AppleWebKit/605.1.15 (KHTML, like Gecko) Version/17.4 Safari/605.1.15 (Applebot/0.1; +http://www.apple.com/go/applebot)" 348 **0/348397**
136.243.220.212 - - [03/Mar/2026:10:31:31 -0700] "GET /best-no-deposit-incentive-rajahbet-casino-gambling-enterprises-nz-2025/ HTTP/1.1" 200 73940 "-" "Mozilla/5.0 (compatible; DataForSeoBot/1.0; +https://dataforseo.com/dataforseo-bot)" 311 **0/311678**
57.141.16.4 - - [03/Mar/2026:10:31:32 -0700] "GET /spielen-diese-ausnahmslos-verantwortungsbewusst-vergehen-welche-zigeunern-limits-your-diese-diese-sich-rigoros-anhaben/feed/ HTTP/1.1" 200 1107 "-" "meta-externalagent/1.1 (+https://developers.facebook.com/docs/sharing/webmasters/crawler)" 121 **0/121084**
136.243.220.212 - - [03/Mar/2026:10:31:36 -0700] "GET /velkommen-i-tilgif-kasino-ved-danske-yoyospins-bet-login-skuespil-ny-online-kasino/ HTTP/1.1" 200 72848 "-" "Mozilla/5.0 (compatible; DataForSeoBot/1.0; +https://dataforseo.com/dataforseo-bot)" 300 **0/300003**
136.243.220.212 - - [03/Mar/2026:10:31:40 -0700] "GET /69-greatest-affiliate-wild-dice-birthday-bonus-programs-of-2024-higher-spending-money-on-beginners/ HTTP/1.1" 200 72828 "-" "Mozilla/5.0 (compatible; DataForSeoBot/1.0; +https://dataforseo.com/dataforseo-bot)" 304 **0/304075**
136.243.220.212 - - [03/Mar/2026:10:31:43 -0700] "GET /5-minimal-deposit-casinos-within-the-canada-100-percent-free-revolves-for-5/ HTTP/1.1" 200 72766 "-" "Mozilla/5.0 (compatible; DataForSeoBot/1.0; +https://dataforseo.com/dataforseo-bot)" 294 **0/294963**
136.243.220.212 - - [03/Mar/2026:10:31:47 -0700] "GET /greatest-on-line-poker-video-game-the-real-free-spins-pocket-fruity-50-no-deposit-deal-cash-in-2025/ HTTP/1.1" 200 74290 "-" "Mozilla/5.0 (compatible; DataForSeoBot/1.0; +https://dataforseo.com/dataforseo-bot)" 322 **0/322417**
136.243.220.212 - - [03/Mar/2026:10:31:51 -0700] "GET /wicked-payouts-ii-position-on-line-demonstration-play-for-free/ HTTP/1.1" 200 74070 "-" "Mozilla/5.0 (compatible; DataForSeoBot/1.0; +https://dataforseo.com/dataforseo-bot)" 315 **0/315563**
136.243.220.212 - - [03/Mar/2026:10:31:55 -0700] "GET /wager-at-home-remark-inside-2025-bonuses-codes-promotions/ HTTP/1.1" 200 73054 "-" "Mozilla/5.0 (compatible; DataForSeoBot/1.0; +https://dataforseo.com/dataforseo-bot)" 301 **0/301024**
136.243.220.212 - - [03/Mar/2026:10:31:59 -0700] "GET /da-hong-bao-silver-dia-de-los-muertos-very-jackpot-condition-genesis-2024/ HTTP/1.1" 200 73052 "-" "Mozilla/5.0 (compatible; DataForSeoBot/1.0; +https://dataforseo.com/dataforseo-bot)" 341 **0/341406**
136.243.220.212 - - [03/Mar/2026:10:32:03 -0700] "GET /casino-maklercourtage-exklusive-pompeii-slotspiel-fur-geld-einzahlung-2025-neue-no-anzahlung-boni/ HTTP/1.1" 200 73926 "-" "Mozilla/5.0 (compatible; DataForSeoBot/1.0; +https://dataforseo.com/dataforseo-bot)" 298 **0/298262**
136.243.220.212 - - [03/Mar/2026:10:32:07 -0700] "GET /hushed-samurai/ HTTP/1.1" 200 74042 "-" "Mozilla/5.0 (compatible; DataForSeoBot/1.0; +https://dataforseo.com/dataforseo-bot)" 336 **0/336385**
57.141.16.53 - - [03/Mar/2026:10:32:09 -0700] "GET /taking-advantage-of-the-fresh-ten-totally-free-no-deposit-extra/feed/ HTTP/1.1" 200 935 "-" "meta-externalagent/1.1 (+https://developers.facebook.com/docs/sharing/webmasters/crawler)" 127 **0/127843**
136.243.220.212 - - [03/Mar/2026:10:32:11 -0700] "GET /greatest-on-the-internet-roulette-websites-in-the-us-to-possess-2025/ HTTP/1.1" 200 72617 "-" "Mozilla/5.0 (compatible; DataForSeoBot/1.0; +https://dataforseo.com/dataforseo-bot)" 301 **0/301635**
51.89.129.246 - - [03/Mar/2026:10:32:12 -0700] "GET /marshfield-a-property-owner-indicted-to-your-embezzlement-fees/ HTTP/1.1" 200 72904 "-" "Mozilla/5.0 (compatible; AhrefsBot/7.0; +http://ahrefs.com/robot/)" 294 **0/294671**
136.243.220.212 - - [03/Mar/2026:10:32:16 -0700] "GET /crowdsec-betprimeiro-login-canada-captcha/ HTTP/1.1" 200 75365 "-" "Mozilla/5.0 (compatible; DataForSeoBot/1.0; +https://dataforseo.com/dataforseo-bot)" 305 **0/305844**
57.141.16.40 - - [03/Mar/2026:10:32:16 -0700] "GET /?p=146774 HTTP/1.1" 301 - "-" "meta-externalagent/1.1 (+https://developers.facebook.com/docs/sharing/webmasters/crawler)" 135 **0/135149**
136.243.220.212 - - [03/Mar/2026:10:32:19 -0700] "GET /october-2025-rank/ HTTP/1.1" 200 71688 "-" "Mozilla/5.0 (compatible; DataForSeoBot/1.0; +https://dataforseo.com/dataforseo-bot)" 304 **0/304058**
136.243.220.212 - - [03/Mar/2026:10:32:23 -0700] "GET /on-line-casino-information-expert-reviews-rankings-of-the-highest-gambling-sites-in-2025/ HTTP/1.1" 200 71333 "-" "Mozilla/5.0 (compatible; DataForSeoBot/1.0; +https://dataforseo.com/dataforseo-bot)" 322 **0/322993**
136.243.220.212 - - [03/Mar/2026:10:32:27 -0700] "GET /versiones-delanteros-sobre-realistic-ranuras-3d-de-balde-shader-mod-listado-de-juegos-amatic-android-uptodown/ HTTP/1.1" 200 74395 "-" "Mozilla/5.0 (compatible; DataForSeoBot/1.0; +https://dataforseo.com/dataforseo-bot)" 318 **0/318695**
136.243.220.212 - - [03/Mar/2026:10:32:31 -0700] "GET /sie-mochten-roulette-verbunden-zum-besten-geben-nachfolgende-besten-casinos-qua-bewertungen/ HTTP/1.1" 200 74157 "-" "Mozilla/5.0 (compatible; DataForSeoBot/1.0; +https://dataforseo.com/dataforseo-bot)" 316 **0/316668**
17.246.23.13 - - [03/Mar/2026:10:32:32 -0700] "GET /the-new-wish-master-video-slot-online-casinos-nz-%ef%b8%8f-current-internet-sites-inside-oct-2025/ HTTP/1.1" 200 80854 "-" "Mozilla/5.0 (Macintosh; Intel Mac OS X 10_15_7) AppleWebKit/605.1.15 (KHTML, like Gecko) Version/17.4 Safari/605.1.15 (Applebot/0.1; +http://www.apple.com/go/applebot)" 289 **0/289772**
136.243.220.212 - - [03/Mar/2026:10:32:35 -0700] "GET /fr-spillemaskiner-de-bedste-plu-sjoveste-i-dannevan/ HTTP/1.1" 200 72938 "-" "Mozilla/5.0 (compatible; DataForSeoBot/1.0; +https://dataforseo.com/dataforseo-bot)" 288 **0/288724**
136.243.220.212 - - [03/Mar/2026:10:32:39 -0700] "GET /blackjackpro-monte-carlo-multiple-give-billionairespin-casino-mobile-italianska-kozmetika/ HTTP/1.1" 200 74087 "-" "Mozilla/5.0 (compatible; DataForSeoBot/1.0; +https://dataforseo.com/dataforseo-bot)" 307 **0/307467**
136.243.220.212 - - [03/Mar/2026:10:32:43 -0700] "GET /roaring-seven-luxury-slot-machine-%E1%97%8E-gamble-slot-rabbit-in-the-hat-rtp-online-totally-free/ HTTP/1.1" 200 74465 "-" "Mozilla/5.0 (compatible; DataForSeoBot/1.0; +https://dataforseo.com/dataforseo-bot)" 319 **0/319012**
185.191.171.1 - - [03/Mar/2026:10:32:44 -0700] "GET /22-euro-pramie-exklusive-einzahlung-within-verbunden-casinos/ HTTP/1.1" 200 80092 "-" "Mozilla/5.0 (compatible; SemrushBot/7~bl; +http://www.semrush.com/bot.html)" 272 **0/272492**
136.243.220.212 - - [03/Mar/2026:10:32:47 -0700] "GET /disfruta-de-nuestros-juegos-de-gambling-enterprise-slingo/ HTTP/1.1" 200 71354 "-" "Mozilla/5.0 (compatible; DataForSeoBot/1.0; +https://dataforseo.com/dataforseo-bot)" 330 **0/330127**
136.243.220.212 - - [03/Mar/2026:10:32:52 -0700] "GET /better-rebellion-casino-login-australia-online-real-time-broker-black-jack-gambling-enterprises-2025/ HTTP/1.1" 200 73499 "-" "Mozilla/5.0 (compatible; DataForSeoBot/1.0; +https://dataforseo.com/dataforseo-bot)" 300 **0/300564**
185.191.171.9 - - [03/Mar/2026:10:32:54 -0700] "GET /salle-de-jeu-a-annales-minimum-wild-dice-casino-bouquin-leurs-meilleurs-situation-dans-amuser/ HTTP/1.1" 200 80553 "-" "Mozilla/5.0 (compatible; SemrushBot/7~bl; +http://www.semrush.com/bot.html)" 302 **0/302595**
68.178.232.37 - - [03/Mar/2026:10:32:56 -0700] "POST /wp-cron.php?doing_wp_cron=1772559176.3506770133972167968750 HTTP/1.1" 200 - "http://www.icdp.co.in/wp-cron.php?doing_wp_cron=1772559176.3506770133972167968750" "WordPress/5.7.8; http://www.icdp.co.in" 167 **0/167299**
136.243.220.212 - - [03/Mar/2026:10:32:56 -0700] "GET /pursue-examining-profile-opinion-2025-charge-possibilities/ HTTP/1.1" 200 72206 "-" "Mozilla/5.0 (compatible; DataForSeoBot/1.0; +https://dataforseo.com/dataforseo-bot)" 489 **0/489928**
185.191.171.16 - - [03/Mar/2026:10:32:57 -0700] "GET /what-is-the-conditions-for-choosing-an-educated-totally-free-spins-gambling-enterprise-extra/ HTTP/1.1" 200 78326 "-" "Mozilla/5.0 (compatible; SemrushBot/7~bl; +http://www.semrush.com/bot.html)" 274 **0/274174**
136.243.220.212 - - [03/Mar/2026:10:33:00 -0700] "GET /gamble-530-totally-free-dragon-position-video-game-no-install-no-join/ HTTP/1.1" 200 72104 "-" "Mozilla/5.0 (compatible; DataForSeoBot/1.0; +https://dataforseo.com/dataforseo-bot)" 339 **0/339231**
136.243.220.212 - - [03/Mar/2026:10:33:03 -0700] "GET /huge-bad-wolf-pigs-of-50-free-spins-on-zeus-3-no-deposit-material-position/ HTTP/1.1" 200 73832 "-" "Mozilla/5.0 (compatible; DataForSeoBot/1.0; +https://dataforseo.com/dataforseo-bot)" 329 **0/329577**
185.191.171.19 - - [03/Mar/2026:10:33:06 -0700] "GET /suggestions-to-boost-your-opportunities-to-victory-which-have-good-200-deposit-added-bonus/ HTTP/1.1" 200 78302 "-" "Mozilla/5.0 (compatible; SemrushBot/7~bl; +http://www.semrush.com/bot.html)" 303 **0/303397**
136.243.220.212 - - [03/Mar/2026:10:33:07 -0700] "GET /rainbow-wealth-slot-comment-2025-100-percent-free-enjoy-demonstration/ HTTP/1.1" 200 72802 "-" "Mozilla/5.0 (compatible; DataForSeoBot/1.0; +https://dataforseo.com/dataforseo-bot)" 285 **0/285983**
57.141.16.40 - - [03/Mar/2026:10:33:08 -0700] "GET /wp-json/oembed/1.0/embed?url=http%3A%2F%2Fwww.icdp.co.in%2Fde-que-manera-activar-el-bono-bet365-usando-estatuto-descuento-sport365%2F HTTP/1.1" 200 2526 "-" "meta-externalagent/1.1 (+https://developers.facebook.com/docs/sharing/webmasters/crawler)" 146 **0/146083**
185.191.171.2 - - [03/Mar/2026:10:33:09 -0700] "GET /how-exactly-to-allege-a-beneficial-100-totally-free-chip-added-bonus-step-by-action-guide/ HTTP/1.1" 200 78308 "-" "Mozilla/5.0 (compatible; SemrushBot/7~bl; +http://www.semrush.com/bot.html)" 285 **0/285966**
85.208.96.193 - - [03/Mar/2026:10:33:11 -0700] "GET /top-incentives-so-you-can-allege-within-wager-fun-gambling-enterprise-apps/ HTTP/1.1" 200 78266 "-" "Mozilla/5.0 (compatible; SemrushBot/7~bl; +http://www.semrush.com/bot.html)" 267 **0/267898**
136.243.220.212 - - [03/Mar/2026:10:33:12 -0700] "GET /bitcoin-spielsaal-untersuchung-2025-nachfolgende-besten-spielautomaten-online-power-stars-btc-casinos/ HTTP/1.1" 200 73363 "-" "Mozilla/5.0 (compatible; DataForSeoBot/1.0; +https://dataforseo.com/dataforseo-bot)" 291 **0/291568**
17.246.23.167 - - [03/Mar/2026:10:33:13 -0700] "GET /wp-includes/js/wp-emoji-release.min.js?ver=5.7.8 HTTP/1.1" 200 4662 "http://www.icdp.co.in/ive-never-ever-gotten-anymore-statements-from-them/" "Mozilla/5.0 (Macintosh; Intel Mac OS X 10_15_7) AppleWebKit/605.1.15 (KHTML, like Gecko) Version/17.4 Safari/605.1.15 (Applebot/0.1; +http://www.apple.com/go/applebot)" 8 **0/8205**
85.208.96.199 - - [03/Mar/2026:10:33:13 -0700] "GET /our-help-guide-to-this-type-of-on-line-casino-bonus-has-actually-everything-you-that-you-ought-to-see-so-continue-reading/ HTTP/1.1" 200 78220 "-" "Mozilla/5.0 (compatible; SemrushBot/7~bl; +http://www.semrush.com/bot.html)" 259 **0/259322**
17.246.15.228 - - [03/Mar/2026:10:33:15 -0700] "GET /wp-content/themes/astra/assets/css/minified/frontend.min.css?ver=3.2.0 HTTP/1.1" 200 12426 "http://www.icdp.co.in/ive-never-ever-gotten-anymore-statements-from-them/" "Mozilla/5.0 (Macintosh; Intel Mac OS X 10_15_7) AppleWebKit/605.1.15 (KHTML, like Gecko) Version/17.4 Safari/605.1.15 (Applebot/0.1; +http://www.apple.com/go/applebot)" 7 **0/7375**
136.243.220.212 - - [03/Mar/2026:10:33:15 -0700] "GET /you-s-unlock-2025-wallet-commission-breakdown-just-how-much-award-currency-do-the-new-champion-make/ HTTP/1.1" 200 73814 "-" "Mozilla/5.0 (compatible; DataForSeoBot/1.0; +https://dataforseo.com/dataforseo-bot)" 283 **0/283502**
85.208.96.197 - - [03/Mar/2026:10:33:15 -0700] "GET /rush-hour-frenzy-at-bonrush-slots/ HTTP/1.1" 200 78414 "-" "Mozilla/5.0 (compatible; SemrushBot/7~bl; +http://www.semrush.com/bot.html)" 253 **0/253569**
17.246.19.195 - - [03/Mar/2026:10:33:16 -0700] "GET /wp-content/themes/astra/assets/css/minified/menu-animation.min.css?ver=3.2.0 HTTP/1.1" 200 379 "http://www.icdp.co.in/ive-never-ever-gotten-anymore-statements-from-them/" "Mozilla/5.0 (Macintosh; Intel Mac OS X 10_15_7) AppleWebKit/605.1.15 (KHTML, like Gecko) Version/17.4 Safari/605.1.15 (Applebot/0.1; +http://www.apple.com/go/applebot)" 8 **0/8103**
57.141.16.4 - - [03/Mar/2026:10:33:17 -0700] "GET /wp-json/oembed/1.0/embed?url=http%3A%2F%2Fwww.icdp.co.in%2Froulette-is-one-of-the-most-well-known-real-time-online-casino-games-to-own-bettors-to-tackle-online%2F HTTP/1.1" 200 2665 "-" "meta-externalagent/1.1 (+https://developers.facebook.com/docs/sharing/webmasters/crawler)" 139 **0/139414**
17.246.15.52 - - [03/Mar/2026:10:33:18 -0700] "GET /wp-includes/css/dist/block-library/style.min.css?ver=5.7.8 HTTP/1.1" 200 8685 "http://www.icdp.co.in/ive-never-ever-gotten-anymore-statements-from-them/" "Mozilla/5.0 (Macintosh; Intel Mac OS X 10_15_7) AppleWebKit/605.1.15 (KHTML, like Gecko) Version/17.4 Safari/605.1.15 (Applebot/0.1; +http://www.apple.com/go/applebot)" 9 **0/9074**
17.246.19.195 - - [03/Mar/2026:10:33:19 -0700] "GET /wp-content/themes/astra/assets/js/minified/frontend.min.js?ver=3.2.0 HTTP/1.1" 200 3749 "http://www.icdp.co.in/ive-never-ever-gotten-anymore-statements-from-them/" "Mozilla/5.0 (Macintosh; Intel Mac OS X 10_15_7) AppleWebKit/605.1.15 (KHTML, like Gecko) Version/17.4 Safari/605.1.15 (Applebot/0.1; +http://www.apple.com/go/applebot)" 5 **0/5017**
136.243.220.212 - - [03/Mar/2026:10:33:19 -0700] "GET /ecopayz-gambling-enterprises-2025-the-newest-ecopayz-gambling-enterprise-websites/ HTTP/1.1" 200 73320 "-" "Mozilla/5.0 (compatible; DataForSeoBot/1.0; +https://dataforseo.com/dataforseo-bot)" 295 **0/295546**
17.246.23.147 - - [03/Mar/2026:10:33:21 -0700] "GET /wp-content/plugins/coblocks/dist/js/coblocks-animation.js?ver=2.9.1 HTTP/1.1" 200 628 "http://www.icdp.co.in/ive-never-ever-gotten-anymore-statements-from-them/" "Mozilla/5.0 (Macintosh; Intel Mac OS X 10_15_7) AppleWebKit/605.1.15 (KHTML, like Gecko) Version/17.4 Safari/605.1.15 (Applebot/0.1; +http://www.apple.com/go/applebot)" 4 **0/4745**
17.246.15.241 - - [03/Mar/2026:10:33:22 -0700] "GET /wp-includes/js/wp-embed.min.js?ver=5.7.8 HTTP/1.1" 200 765 "http://www.icdp.co.in/ive-never-ever-gotten-anymore-statements-from-them/" "Mozilla/5.0 (Macintosh; Intel Mac OS X 10_15_7) AppleWebKit/605.1.15 (KHTML, like Gecko) Version/17.4 Safari/605.1.15 (Applebot/0.1; +http://www.apple.com/go/applebot)" 8 **0/8190**
136.243.220.212 - - [03/Mar/2026:10:33:24 -0700] "GET /cash-camel-comment-2022-free-online-yeti-slot-jackpot-game/ HTTP/1.1" 200 73444 "-" "Mozilla/5.0 (compatible; DataForSeoBot/1.0; +https://dataforseo.com/dataforseo-bot)" 334 **0/334184**
136.243.220.212 - - [03/Mar/2026:10:33:28 -0700] "GET /how-video-slot-organizations-twist-fresh-plays-a-period-tested-design/ HTTP/1.1" 200 72125 "-" "Mozilla/5.0 (compatible; DataForSeoBot/1.0; +https://dataforseo.com/dataforseo-bot)" 284 **0/284169**
85.208.96.198 - - [03/Mar/2026:10:33:29 -0700] "GET /mastering-table-games-from-rookie-to-high-roller-at-casino-magic-win/ HTTP/1.1" 200 80953 "-" "Mozilla/5.0 (compatible; SemrushBot/7~bl; +http://www.semrush.com/bot.html)" 256 **0/256336**
136.243.220.212 - - [03/Mar/2026:10:33:31 -0700] "GET /top-online-casino-a-real-income-websites-in-america-to-own-2025/ HTTP/1.1" 200 73231 "-" "Mozilla/5.0 (compatible; DataForSeoBot/1.0; +https://dataforseo.com/dataforseo-bot)" 277 **0/277905**
85.208.96.203 - - [03/Mar/2026:10:33:31 -0700] "GET /spielbank-freispiele-neoterisch-thunderstruck-ii-slotspiel-fur-geld-abzuglich-einzahlung/ HTTP/1.1" 200 79700 "-" "Mozilla/5.0 (compatible; SemrushBot/7~bl; +http://www.semrush.com/bot.html)" 260 **0/260105**
136.243.220.212 - - [03/Mar/2026:10:33:35 -0700] "GET /exklusive-lugas-konnt-das-inoffizieller-mitarbeiter-spielcasino-exklusive-kyc-hergang-zum-besten-geben/ HTTP/1.1" 200 72253 "-" "Mozilla/5.0 (compatible; DataForSeoBot/1.0; +https://dataforseo.com/dataforseo-bot)" 272 **0/272124**
57.141.16.32 - - [03/Mar/2026:10:33:36 -0700] "GET /?p=149711 HTTP/1.1" 301 - "-" "meta-externalagent/1.1 (+https://developers.facebook.com/docs/sharing/webmasters/crawler)" 134 **0/134985**
85.208.96.208 - - [03/Mar/2026:10:33:39 -0700] "GET /stkhdm-hkr-1xbet-ltfh-fy-lmbryt-lhqyqy-hl-hw-qnwny/ HTTP/1.1" 200 78591 "-" "Mozilla/5.0 (compatible; SemrushBot/7~bl; +http://www.semrush.com/bot.html)" 291 **0/291503**
136.243.220.212 - - [03/Mar/2026:10:33:40 -0700] "GET /wheres-the-new-silver-slot-comment-free-demo-gamble-2025/ HTTP/1.1" 200 72062 "-" "Mozilla/5.0 (compatible; DataForSeoBot/1.0; +https://dataforseo.com/dataforseo-bot)" 326 **0/326056**
85.208.96.210 - - [03/Mar/2026:10:33:41 -0700] "GET /speaking-of-all-of-our-choices-for-an-educated-slots-to-try-out-which-have-your-own-100-free-processor-chip/ HTTP/1.1" 200 78416 "-" "Mozilla/5.0 (compatible; SemrushBot/7~bl; +http://www.semrush.com/bot.html)" 262 **0/262602**
136.243.220.212 - - [03/Mar/2026:10:33:43 -0700] "GET /greatest-step-3-casinos-on-the-internet-one-to-take-on-handmade-cards-2024/ HTTP/1.1" 200 73098 "-" "Mozilla/5.0 (compatible; DataForSeoBot/1.0; +https://dataforseo.com/dataforseo-bot)" 285 **0/285903**
136.243.220.212 - - [03/Mar/2026:10:33:47 -0700] "GET /tips-enjoy-caribbean-stud-poker-legislation-bruce-bet-friday-bonus-rules-actions/ HTTP/1.1" 200 73999 "-" "Mozilla/5.0 (compatible; DataForSeoBot/1.0; +https://dataforseo.com/dataforseo-bot)" 306 **0/306032**
57.141.16.87 - - [03/Mar/2026:10:33:51 -0700] "GET /?p=144352 HTTP/1.1" 301 - "-" "meta-externalagent/1.1 (+https://developers.facebook.com/docs/sharing/webmasters/crawler)" 124 **0/124267**
136.243.220.212 - - [03/Mar/2026:10:33:52 -0700] "GET /internet-casino-added-bonus-bitstarz-raises-50-no-deposit-free-spins-to-have-participants-real-time-today/ HTTP/1.1" 200 73199 "-" "Mozilla/5.0 (compatible; DataForSeoBot/1.0; +https://dataforseo.com/dataforseo-bot)" 284 **0/284550**
68.178.232.37 - - [03/Mar/2026:10:33:56 -0700] "POST /wp-cron.php?doing_wp_cron=1772559236.2338430881500244140625 HTTP/1.1" 200 - "http://www.icdp.co.in/wp-cron.php?doing_wp_cron=1772559236.2338430881500244140625" "WordPress/5.7.8; http://www.icdp.co.in" 155 **0/155877**
185.191.171.11 - - [03/Mar/2026:10:33:56 -0700] "GET /top-cellular-local-casino-applications-an-informed-web-based-casinos-having-ten-minimal-installed-the-uk/ HTTP/1.1" 200 79512 "-" "Mozilla/5.0 (compatible; SemrushBot/7~bl; +http://www.semrush.com/bot.html)" 420 **0/420411**
136.243.220.212 - - [03/Mar/2026:10:33:56 -0700] "GET /jak-oceniac-bukmacherow-w-zakladach-sportowych-zuzel/ HTTP/1.1" 200 71211 "-" "Mozilla/5.0 (compatible; DataForSeoBot/1.0; +https://dataforseo.com/dataforseo-bot)" 314 **0/314310**
136.243.220.212 - - [03/Mar/2026:10:33:59 -0700] "GET /a-real-royaal-casino-sign-up-offer-income-or-100-percent-free/ HTTP/1.1" 200 74125 "-" "Mozilla/5.0 (compatible; DataForSeoBot/1.0; +https://dataforseo.com/dataforseo-bot)" 292 **0/292211**
185.191.171.11 - - [03/Mar/2026:10:34:03 -0700] "GET /typically-the-most-popular-video-game-for-using-no-deposit-totally-free-revolves/ HTTP/1.1" 200 78201 "-" "Mozilla/5.0 (compatible; SemrushBot/7~bl; +http://www.semrush.com/bot.html)" 326 **0/326727**
136.243.220.212 - - [03/Mar/2026:10:34:04 -0700] "GET /golden-nugget-gambling-enterprise-promo-password-step-one100-500-spins-2025/ HTTP/1.1" 200 72035 "-" "Mozilla/5.0 (compatible; DataForSeoBot/1.0; +https://dataforseo.com/dataforseo-bot)" 301 **0/301554**
17.22.253.129 - - [03/Mar/2026:10:34:04 -0700] "GET /desigualdades-referente-a-los-dibujos-de-el-rueda-asi%ef%bf%bd-como-de-la-entidad-financiera/ HTTP/1.1" 200 78080 "-" "Mozilla/5.0 (Macintosh; Intel Mac OS X 10_15_7) AppleWebKit/605.1.15 (KHTML, like Gecko) Version/17.4 Safari/605.1.15 (Applebot/0.1; +http://www.apple.com/go/applebot)" 355 **0/355810**
136.243.220.212 - - [03/Mar/2026:10:34:07 -0700] "GET /spielplatz-trollspielplatz-within-frankenfurt-ferner-sudring/ HTTP/1.1" 200 74620 "-" "Mozilla/5.0 (compatible; DataForSeoBot/1.0; +https://dataforseo.com/dataforseo-bot)" 274 **0/274254**
185.191.171.11 - - [03/Mar/2026:10:34:09 -0700] "GET /chat-rooms-without-enroll-169-online-free-group-18/ HTTP/1.1" 200 81529 "-" "Mozilla/5.0 (compatible; SemrushBot/7~bl; +http://www.semrush.com/bot.html)" 289 **0/289913**
136.243.220.212 - - [03/Mar/2026:10:34:11 -0700] "GET /invest-because-of-the-phone-jungle-difficulties-rtp-cell-phone-gambling-enterprises-united-kingdom/ HTTP/1.1" 200 71959 "-" "Mozilla/5.0 (compatible; DataForSeoBot/1.0; +https://dataforseo.com/dataforseo-bot)" 332 **0/332271**
129.212.228.231 - - [03/Mar/2026:10:34:14 -0700] "GET / HTTP/1.1" 301 - "-" "Mozilla/5.0 (compatible; WP-Safe-Scanner/1.0)" 110 **0/110458**
129.212.228.231 - - [03/Mar/2026:10:34:14 -0700] "GET / HTTP/1.1" 200 9419 "-" "Mozilla/5.0 (compatible; WP-Safe-Scanner/1.0)" 159 **0/159804**
57.141.16.100 - - [03/Mar/2026:10:34:14 -0700] "GET /wp-json/wp/v2/posts/147939 HTTP/1.1" 200 9245 "-" "meta-externalagent/1.1 (+https://developers.facebook.com/docs/sharing/webmasters/crawler)" 117 **0/117729**
129.212.228.231 - - [03/Mar/2026:10:34:14 -0700] "GET /wp-content/uploads/ HTTP/1.1" 404 - "-" "Mozilla/5.0 (compatible; WP-Safe-Scanner/1.0)" 135 **0/135932**
129.212.228.231 - - [03/Mar/2026:10:34:14 -0700] "GET /wp-content/plugins/ HTTP/1.1" 200 - "-" "Mozilla/5.0 (compatible; WP-Safe-Scanner/1.0)" 7 **0/7506**
129.212.228.231 - - [03/Mar/2026:10:34:14 -0700] "GET /wp-content/themes/ HTTP/1.1" 200 - "-" "Mozilla/5.0 (compatible; WP-Safe-Scanner/1.0)" 8 **0/8012**
129.212.228.231 - - [03/Mar/2026:10:34:14 -0700] "GET /wp-includes/ HTTP/1.1" 404 - "-" "Mozilla/5.0 (compatible; WP-Safe-Scanner/1.0)" 140 **0/140510**
129.212.228.231 - - [03/Mar/2026:10:34:14 -0700] "GET /wp-admin/ HTTP/1.1" 302 - "-" "Mozilla/5.0 (compatible; WP-Safe-Scanner/1.0)" 206 **0/206039**
129.212.228.231 - - [03/Mar/2026:10:34:14 -0700] "GET / HTTP/1.1" 200 9419 "-" "Mozilla/5.0 (compatible; WP-Safe-Scanner/1.0)" 172 **0/172642**
129.212.228.231 - - [03/Mar/2026:10:34:15 -0700] "GET /wp-login.php?redirect_to=http%3A%2F%2Fmail.icdp.co.in%2Fwp-admin%2F&reauth=1 HTTP/1.1" 200 2280 "-" "Mozilla/5.0 (compatible; WP-Safe-Scanner/1.0)" 115 **0/115588**
129.212.228.231 - - [03/Mar/2026:10:34:15 -0700] "GET /wp-content/uploads/ HTTP/1.1" 404 - "-" "Mozilla/5.0 (compatible; WP-Safe-Scanner/1.0)" 109 **0/109740**
129.212.228.231 - - [03/Mar/2026:10:34:15 -0700] "GET /wp-content/plugins/ HTTP/1.1" 200 - "-" "Mozilla/5.0 (compatible; WP-Safe-Scanner/1.0)" 7 **0/7441**
129.212.228.231 - - [03/Mar/2026:10:34:15 -0700] "GET /wp-content/themes/ HTTP/1.1" 200 - "-" "Mozilla/5.0 (compatible; WP-Safe-Scanner/1.0)" 10 **0/10471**
129.212.228.231 - - [03/Mar/2026:10:34:15 -0700] "GET /wp-includes/ HTTP/1.1" 404 - "-" "Mozilla/5.0 (compatible; WP-Safe-Scanner/1.0)" 123 **0/123076**
129.212.228.231 - - [03/Mar/2026:10:34:15 -0700] "GET /wp-admin/ HTTP/1.1" 302 - "-" "Mozilla/5.0 (compatible; WP-Safe-Scanner/1.0)" 113 **0/113593**
129.212.228.231 - - [03/Mar/2026:10:34:15 -0700] "GET /wp-login.php?redirect_to=http%3A%2F%2Fwww.icdp.co.in%2Fwp-admin%2F&reauth=1 HTTP/1.1" 200 2273 "-" "Mozilla/5.0 (compatible; WP-Safe-Scanner/1.0)" 140 **0/140503**
136.243.220.212 - - [03/Mar/2026:10:34:15 -0700] "GET /awesome-fruits-blast-position-demonstration-liberated-to-gamble/ HTTP/1.1" 200 73275 "-" "Mozilla/5.0 (compatible; DataForSeoBot/1.0; +https://dataforseo.com/dataforseo-bot)" 296 **0/296717**
85.208.96.199 - - [03/Mar/2026:10:34:16 -0700] "GET /esta-sus-particulares-os-ensena-acerca-de-como-juguetear-a-fu-dao-le-tragamonedas-online/ HTTP/1.1" 200 79408 "-" "Mozilla/5.0 (compatible; SemrushBot/7~bl; +http://www.semrush.com/bot.html)" 259 **0/259517**
217.182.137.64 - - [03/Mar/2026:10:34:18 -0700] "GET /registracija-na-get-iks-kazino-polnoe-rukovodstvo-2/ HTTP/1.1" 200 73601 "-" "Mozilla/5.0 (Windows NT 10.0; WOW64) AppleWebKit/537.36 (KHTML, like Gecko) Chrome/114.0.0.0 Safari/537.36 Vivaldi/5.3.2679.68" 325 **0/325096**
185.191.171.11 - - [03/Mar/2026:10:34:19 -0700] "GET /beyond-the-bet-seamless-kwiff-login-for-instant-3/ HTTP/1.1" 200 80818 "-" "Mozilla/5.0 (compatible; SemrushBot/7~bl; +http://www.semrush.com/bot.html)" 286 **0/286272**
136.243.220.212 - - [03/Mar/2026:10:34:19 -0700] "GET /all-of-the-silver/ HTTP/1.1" 200 72118 "-" "Mozilla/5.0 (compatible; DataForSeoBot/1.0; +https://dataforseo.com/dataforseo-bot)" 320 **0/320854**
185.191.171.15 - - [03/Mar/2026:10:34:21 -0700] "GET /sic-entdeckt-der-diesseitigen-handy-spielsalon-echtgeld-pramie-blo-einzahlung/ HTTP/1.1" 200 78180 "-" "Mozilla/5.0 (compatible; SemrushBot/7~bl; +http://www.semrush.com/bot.html)" 299 **0/299304**
136.243.220.212 - - [03/Mar/2026:10:34:23 -0700] "GET /nuts-joker-local-casino-no-deposit-added-bonus-rules-totally-free-spins-bucks-now-offers/ HTTP/1.1" 200 73411 "-" "Mozilla/5.0 (compatible; DataForSeoBot/1.0; +https://dataforseo.com/dataforseo-bot)" 343 **0/343758**
85.208.96.209 - - [03/Mar/2026:10:34:24 -0700] "GET /bigbot-staff-online-position-from-terminator-2-bonus-the-quickspin-opinion/ HTTP/1.1" 200 80935 "-" "Mozilla/5.0 (compatible; SemrushBot/7~bl; +http://www.semrush.com/bot.html)" 374 **0/374774**
185.191.171.2 - - [03/Mar/2026:10:34:27 -0700] "GET /choosing-the-right-video-game-to-use-their-100-free-spins-into-the-can-also-be-rather-feeling-your-effective-potential/ HTTP/1.1" 200 78307 "-" "Mozilla/5.0 (compatible; SemrushBot/7~bl; +http://www.semrush.com/bot.html)" 292 **0/292209**
136.243.220.212 - - [03/Mar/2026:10:34:27 -0700] "GET /baccarat-dunder-casino-for-real-money-web-based-casinos-gambling-websites-2025/ HTTP/1.1" 200 72650 "-" "Mozilla/5.0 (compatible; DataForSeoBot/1.0; +https://dataforseo.com/dataforseo-bot)" 297 **0/297103**
85.208.96.212 - - [03/Mar/2026:10:34:29 -0700] "GET /blog/page/5593/ HTTP/1.1" 200 79576 "-" "Mozilla/5.0 (compatible; SemrushBot/7~bl; +http://www.semrush.com/bot.html)" 547 **0/547542**
136.243.220.212 - - [03/Mar/2026:10:34:31 -0700] "GET /100-percent-free-a-hundred-zero-online-harbors-great-czar-put-additional-criteria/ HTTP/1.1" 200 72801 "-" "Mozilla/5.0 (compatible; DataForSeoBot/1.0; +https://dataforseo.com/dataforseo-bot)" 267 **0/267114**
185.191.171.2 - - [03/Mar/2026:10:34:32 -0700] "GET /view-our-ideal-also-provides-from-other-gambling-enterprises/ HTTP/1.1" 200 79342 "-" "Mozilla/5.0 (compatible; SemrushBot/7~bl; +http://www.semrush.com/bot.html)" 285 **0/285361**
136.243.220.212 - - [03/Mar/2026:10:34:35 -0700] "GET /deutsches-futtern-casino-online-energy-schoppen-inside-sexanzeigen-inside-bundeshauptstadt/ HTTP/1.1" 200 73509 "-" "Mozilla/5.0 (compatible; DataForSeoBot/1.0; +https://dataforseo.com/dataforseo-bot)" 347 **0/347877**
136.243.220.212 - - [03/Mar/2026:10:34:40 -0700] "GET /bc-computerspiel-krypto-casino-in-2025-desert-treasure-2-slot-casino-sites-online-auffuhren-pro-eur-ferner-bitcoin-unter-ihr-offiziellen-rand/ HTTP/1.1" 200 73118 "-" "Mozilla/5.0 (compatible; DataForSeoBot/1.0; +https://dataforseo.com/dataforseo-bot)" 309 **0/309938**
185.191.171.2 - - [03/Mar/2026:10:34:41 -0700] "GET /quelques-principes-representent-dissimules-en-certains-calcules-des-termes-ou-criteriums-leurs-benis/ HTTP/1.1" 200 78459 "-" "Mozilla/5.0 (compatible; SemrushBot/7~bl; +http://www.semrush.com/bot.html)" 249 **0/249254**
17.246.19.195 - - [03/Mar/2026:10:34:42 -0700] "GET /namlich-mit-erwahnt-beinhaltet-hitnspin-ungleich-auf-keinen-fall-allein-1-ingredienz-pro-neue-glucksspiel-freunde/ HTTP/1.1" 200 79423 "-" "Mozilla/5.0 (Macintosh; Intel Mac OS X 10_15_7) AppleWebKit/605.1.15 (KHTML, like Gecko) Version/17.4 Safari/605.1.15 (Applebot/0.1; +http://www.apple.com/go/applebot)" 271 **0/271761**
136.243.220.212 - - [03/Mar/2026:10:34:43 -0700] "GET /beste-casinos-unter-einsatz-von-5-euro-einzahlung-kostenloser-willkommensbonus-keine-einzahlung-erforderlich-casino-keine-kartendaten-2025-unter-allen-umstanden-and-vertrauenswurdig-vortragen/ HTTP/1.1" 200 73868 "-" "Mozilla/5.0 (compatible; DataForSeoBot/1.0; +https://dataforseo.com/dataforseo-bot)" 303 **0/303212**
185.191.171.1 - - [03/Mar/2026:10:34:46 -0700] "GET /%CE%B5%CF%86%CE%B1%CF%81%CE%BC%CE%BF%CE%B3%CE%AD%CF%82-%CE%BA%CE%B1%CE%BB%CF%8D%CF%84%CE%B5%CF%81%CE%B7%CF%82-%CE%B8%CE%AD%CF%83%CE%B7%CF%82-2026-%CE%BA%CE%B1%CE%BB%CF%8D%CF%84%CE%B5%CF%81%CE%BF/ HTTP/1.1" 200 80013 "-" "Mozilla/5.0 (compatible; SemrushBot/7~bl; +http://www.semrush.com/bot.html)" 261 **0/261807**
136.243.220.212 - - [03/Mar/2026:10:34:48 -0700] "GET /welches-betway-kasino-wird-der-weiteres-beliebtes-casino-indem-das-zweites-sigel/ HTTP/1.1" 200 72173 "-" "Mozilla/5.0 (compatible; DataForSeoBot/1.0; +https://dataforseo.com/dataforseo-bot)" 303 **0/303861**
85.208.96.207 - - [03/Mar/2026:10:34:48 -0700] "GET /selbige-erde-der-angeschlossen-casinos-anschauen-eltern-erstmals-ihr-online-spielcasino/ HTTP/1.1" 200 79113 "-" "Mozilla/5.0 (compatible; SemrushBot/7~bl; +http://www.semrush.com/bot.html)" 273 **0/273626**
85.208.96.210 - - [03/Mar/2026:10:34:50 -0700] "GET /a-transparent-and-you-may-member-amicable-web-site-is-even-an-indication-away-from-an-established-internet-casino/ HTTP/1.1" 200 78250 "-" "Mozilla/5.0 (compatible; SemrushBot/7~bl; +http://www.semrush.com/bot.html)" 263 **0/263879**
136.243.220.212 - - [03/Mar/2026:10:34:51 -0700] "GET /chiffres-bonus-ouvriers-dans-salle-de-jeu-book-of-ra-deluxe-bingo-bonus-de-casino-mystake-salle-de-jeu-produits-mars-2025/ HTTP/1.1" 200 72729 "-" "Mozilla/5.0 (compatible; DataForSeoBot/1.0; +https://dataforseo.com/dataforseo-bot)" 294 **0/294110**
57.141.16.29 - - [03/Mar/2026:10:34:53 -0700] "GET /?p=149312 HTTP/1.1" 301 - "-" "meta-externalagent/1.1 (+https://developers.facebook.com/docs/sharing/webmasters/crawler)" 118 **0/118255**
185.191.171.16 - - [03/Mar/2026:10:34:53 -0700] "GET /quick-detachment-gambling-enterprises-mrbet-no-deposit-bonus-canada-2024-fantastic-goddess-1-deposit-immediate-income/ HTTP/1.1" 200 81261 "-" "Mozilla/5.0 (compatible; SemrushBot/7~bl; +http://www.semrush.com/bot.html)" 286 **0/286569**
17.241.227.80 - - [03/Mar/2026:10:34:55 -0700] "GET /mostbet-review-204/ HTTP/1.1" 200 82062 "-" "Mozilla/5.0 (Macintosh; Intel Mac OS X 10_15_7) AppleWebKit/605.1.15 (KHTML, like Gecko) Version/17.4 Safari/605.1.15 (Applebot/0.1; +http://www.apple.com/go/applebot)" 261 **0/261723**
68.178.232.37 - - [03/Mar/2026:10:34:56 -0700] "POST /wp-cron.php?doing_wp_cron=1772559296.3797910213470458984375 HTTP/1.1" 200 - "http://www.icdp.co.in/wp-cron.php?doing_wp_cron=1772559296.3797910213470458984375" "WordPress/5.7.8; http://www.icdp.co.in" 146 **0/146181**
136.243.220.212 - - [03/Mar/2026:10:34:56 -0700] "GET /legale-verbunden-casinos-within-brd-dies-wird-dem-recht-entsprechend-ash-gaming-casino-spiele-ggl-gemeinsame-glucksspielbehorde-das-lander-aor/ HTTP/1.1" 200 73681 "-" "Mozilla/5.0 (compatible; DataForSeoBot/1.0; +https://dataforseo.com/dataforseo-bot)" 417 **0/417761**
136.243.220.212 - - [03/Mar/2026:10:34:59 -0700] "GET /bono-sobre-5-gratuito-falto-tanque-de-casino-referente-a-2025/ HTTP/1.1" 200 73578 "-" "Mozilla/5.0 (compatible; DataForSeoBot/1.0; +https://dataforseo.com/dataforseo-bot)" 287 **0/287959**
57.141.16.90 - - [03/Mar/2026:10:35:01 -0700] "GET /wp-json/oembed/1.0/embed?url=http%3A%2F%2Fwww.icdp.co.in%2Fto-play-on-the-move-log-in-and-you-will-signal-is-easy%2F HTTP/1.1" 200 2459 "-" "meta-externalagent/1.1 (+https://developers.facebook.com/docs/sharing/webmasters/crawler)" 367 **0/367839**
136.243.220.212 - - [03/Mar/2026:10:35:03 -0700] "GET /im-a-huge-gratorama-casino-weight-passive/ HTTP/1.1" 200 74350 "-" "Mozilla/5.0 (compatible; DataForSeoBot/1.0; +https://dataforseo.com/dataforseo-bot)" 568 **0/568637**
136.243.220.212 - - [03/Mar/2026:10:35:07 -0700] "GET /as-part-of-dem-duxcasino-erprobung-sehen-die-autoren-allerdings-zweite-geige-alternative-angebote-gefunden-as-part-of/ HTTP/1.1" 200 71992 "-" "Mozilla/5.0 (compatible; DataForSeoBot/1.0; +https://dataforseo.com/dataforseo-bot)" 384 **0/384441**
136.243.220.212 - - [03/Mar/2026:10:35:11 -0700] "GET /bwin-spielsaal-spielsaal-online-power-stars-test-slots-login-fur-teutonia-sicherer-zugang-schnelle-auszahlungen/ HTTP/1.1" 200 73585 "-" "Mozilla/5.0 (compatible; DataForSeoBot/1.0; +https://dataforseo.com/dataforseo-bot)" 1520 **1/1520210**
57.141.16.56 - - [03/Mar/2026:10:35:15 -0700] "GET /?p=148820 HTTP/1.1" 301 - "-" "meta-externalagent/1.1 (+https://developers.facebook.com/docs/sharing/webmasters/crawler)" 185 **0/185110**
136.243.220.212 - - [03/Mar/2026:10:35:16 -0700] "GET /1win-bukmekerskaja-kontora-1vin-1931/ HTTP/1.1" 200 72704 "-" "Mozilla/5.0 (compatible; DataForSeoBot/1.0; +https://dataforseo.com/dataforseo-bot)" 366 **0/366696**
136.243.220.212 - - [03/Mar/2026:10:35:19 -0700] "GET /enjoy-on-line-deuces-nuts-that-have-250-extra-big-bad-wolf-strategy-slot-no-deposit-at-the-harbors-from-vegas/ HTTP/1.1" 200 73665 "-" "Mozilla/5.0 (compatible; DataForSeoBot/1.0; +https://dataforseo.com/dataforseo-bot)" 330 **0/330722**
136.243.220.212 - - [03/Mar/2026:10:35:23 -0700] "GET /gratis-casino-avance-hvis-ikke-casino-ingen-depositum-vulkan-vegas-giroindbetalin-spil-medmindre-indskud/ HTTP/1.1" 200 72957 "-" "Mozilla/5.0 (compatible; DataForSeoBot/1.0; +https://dataforseo.com/dataforseo-bot)" 276 **0/276237**
136.243.220.212 - - [03/Mar/2026:10:35:27 -0700] "GET /wasteland-cost-dos-position-opinion-of-playtech/ HTTP/1.1" 200 72988 "-" "Mozilla/5.0 (compatible; DataForSeoBot/1.0; +https://dataforseo.com/dataforseo-bot)" 353 **0/353257**
136.243.220.212 - - [03/Mar/2026:10:35:31 -0700] "GET /finest-31-totally-free-revolves-no-deposit-required-also-provides-for-2025/ HTTP/1.1" 200 71946 "-" "Mozilla/5.0 (compatible; DataForSeoBot/1.0; +https://dataforseo.com/dataforseo-bot)" 263 **0/263815**
17.246.23.22 - - [03/Mar/2026:10:35:32 -0700] "GET /%D9%83%D9%8A%D9%81%D9%8A%D8%A9-%D8%A7%D9%84%D8%AA%D9%88%D8%B5%D9%84-%D8%A5%D9%84%D9%89-%D9%86%D8%B8%D8%A7%D9%85-%D8%A5%D8%B6%D8%A7%D9%81%D9%8A-%D9%84%D8%AA%D9%88%D8%B5%D9%8A%D8%A9-%D8%A7%D9%84%D8%B9/ HTTP/1.1" 200 79653 "-" "Mozilla/5.0 (Macintosh; Intel Mac OS X 10_15_7) AppleWebKit/605.1.15 (KHTML, like Gecko) Version/17.4 Safari/605.1.15 (Applebot/0.1; +http://www.apple.com/go/applebot)" 278 **0/278968**
136.243.220.212 - - [03/Mar/2026:10:35:35 -0700] "GET /personal-100-percent-free-processor-chip-codes-during-the-slots-backyard-local-casino-july-2025-bonuses/ HTTP/1.1" 200 72749 "-" "Mozilla/5.0 (compatible; DataForSeoBot/1.0; +https://dataforseo.com/dataforseo-bot)" 324 **0/324797**
136.243.220.212 - - [03/Mar/2026:10:35:39 -0700] "GET /silver-rush-bares-collect-das-spannende-spielautomat-online-blackjack-strategie-echtes-geld-bei-playtech/ HTTP/1.1" 200 73961 "-" "Mozilla/5.0 (compatible; DataForSeoBot/1.0; +https://dataforseo.com/dataforseo-bot)" 257 **0/257533**
136.243.220.212 - - [03/Mar/2026:10:35:43 -0700] "GET /an-educated-no-deposit-totally-free-spins-without-wagering-for-2025/ HTTP/1.1" 200 72116 "-" "Mozilla/5.0 (compatible; DataForSeoBot/1.0; +https://dataforseo.com/dataforseo-bot)" 273 **0/273523**
136.243.220.212 - - [03/Mar/2026:10:35:47 -0700] "GET /on-line-caribbean-stud-poker-the-real-deal-money-otherwise-deposit-10-get-50-mobile-casino-100-percent-free/ HTTP/1.1" 200 72732 "-" "Mozilla/5.0 (compatible; DataForSeoBot/1.0; +https://dataforseo.com/dataforseo-bot)" 307 **0/307358**
136.243.220.212 - - [03/Mar/2026:10:35:51 -0700] "GET /spielsaal-provision-bonusschlitz-boomerang-bonanza-allein-einzahlung-spielen-sie-sultans-gold-echtes-geld-neuartig-auf-anhieb-im-april-2025-pictureline/ HTTP/1.1" 200 72965 "-" "Mozilla/5.0 (compatible; DataForSeoBot/1.0; +https://dataforseo.com/dataforseo-bot)" 292 **0/292970**
68.178.232.37 - - [03/Mar/2026:10:35:56 -0700] "POST /wp-cron.php?doing_wp_cron=1772559356.2085258960723876953125 HTTP/1.1" 200 - "http://www.icdp.co.in/wp-cron.php?doing_wp_cron=1772559356.2085258960723876953125" "WordPress/5.7.8; http://www.icdp.co.in" 157 **0/157314**
136.243.220.212 - - [03/Mar/2026:10:35:56 -0700] "GET /saledes-finder-fungere-det-bedste-pa-casino-casino-betway-100-gratis-spins-pr-danmark/ HTTP/1.1" 200 73040 "-" "Mozilla/5.0 (compatible; DataForSeoBot/1.0; +https://dataforseo.com/dataforseo-bot)" 462 **0/462068**
136.243.220.212 - - [03/Mar/2026:10:35:59 -0700] "GET /finest-real-money-online-slots-enjoy-harbors-for-real-money-al-com/ HTTP/1.1" 200 71888 "-" "Mozilla/5.0 (compatible; DataForSeoBot/1.0; +https://dataforseo.com/dataforseo-bot)" 291 **0/291541**
57.141.16.67 - - [03/Mar/2026:10:36:01 -0700] "GET /wp-json/oembed/1.0/embed?url=http%3A%2F%2Fwww.icdp.co.in%2Fles-jeux-avec-salle-de-jeu-un-brin-ont-faits-egalement-grandeur-a-l%25ef%25bf%25bdegard-de-lentree-des-concentration-mobiles%2F HTTP/1.1" 200 2767 "-" "meta-externalagent/1.1 (+https://developers.facebook.com/docs/sharing/webmasters/crawler)" 168 **0/168053**
136.243.220.212 - - [03/Mar/2026:10:36:03 -0700] "GET /series-sobre-juegos-clasicos-online-tratar-juegos-retro-sobre-nes-snes-sega-genesis-gba-n64-arcade-y-no-ha-transpirado-mayormente-sin-cargo/ HTTP/1.1" 200 74591 "-" "Mozilla/5.0 (compatible; DataForSeoBot/1.0; +https://dataforseo.com/dataforseo-bot)" 317 **0/317635**
57.141.16.91 - - [03/Mar/2026:10:36:03 -0700] "GET /are-their-digital-luck-during-the-live-gambling-enterprise-pit-manager/feed/ HTTP/1.1" 200 956 "-" "meta-externalagent/1.1 (+https://developers.facebook.com/docs/sharing/webmasters/crawler)" 144 **0/144371**
136.243.220.212 - - [03/Mar/2026:10:36:08 -0700] "GET /atlantis-gambling-enterprise-power-down-very-first-a-c-local-casino-to-shut/ HTTP/1.1" 200 72070 "-" "Mozilla/5.0 (compatible; DataForSeoBot/1.0; +https://dataforseo.com/dataforseo-bot)" 328 **0/328555**
17.246.23.215 - - [03/Mar/2026:10:36:10 -0700] "GET /organizacja-platnosci-blik-zostal-stworzony-przez-spolke-polski-kryteria-platnosci/ HTTP/1.1" 404 - "-" "Mozilla/5.0 (Macintosh; Intel Mac OS X 10_15_7) AppleWebKit/605.1.15 (KHTML, like Gecko) Version/17.4 Safari/605.1.15 (Applebot/0.1; +http://www.apple.com/go/applebot)" 125 **0/125821**
136.243.220.212 - - [03/Mar/2026:10:36:12 -0700] "GET /play-web-based-poker-on-line-for-real-currency-best-web-based-poker-sites-dolphins-pearl-deluxe-real-money-within-the-2025/ HTTP/1.1" 200 72623 "-" "Mozilla/5.0 (compatible; DataForSeoBot/1.0; +https://dataforseo.com/dataforseo-bot)" 287 **0/287421**
136.243.220.212 - - [03/Mar/2026:10:36:16 -0700] "GET /indian-bookies-finest-betting-internet-sites-inside-india-2025/ HTTP/1.1" 200 73079 "-" "Mozilla/5.0 (compatible; DataForSeoBot/1.0; +https://dataforseo.com/dataforseo-bot)" 267 **0/267236**
136.243.220.212 - - [03/Mar/2026:10:36:19 -0700] "GET /blackjack-approach-regulations-casino-dr-vegas-no-deposit-bonus-online-game/ HTTP/1.1" 200 73955 "-" "Mozilla/5.0 (compatible; DataForSeoBot/1.0; +https://dataforseo.com/dataforseo-bot)" 286 **0/286150**
136.243.220.212 - - [03/Mar/2026:10:36:23 -0700] "GET /como-tomar-tabletas-de-tyroid-mixos-10-guia-practica/ HTTP/1.1" 200 70498 "-" "Mozilla/5.0 (compatible; DataForSeoBot/1.0; +https://dataforseo.com/dataforseo-bot)" 269 **0/269253**
17.246.23.109 - - [03/Mar/2026:10:36:24 -0700] "GET /the-new-wish-master-video-slot-online-casinos-nz-%EF%B8%8F-current-internet-sites-inside-oct-2025/ HTTP/1.1" 200 80854 "-" "Mozilla/5.0 (Macintosh; Intel Mac OS X 10_15_7) AppleWebKit/605.1.15 (KHTML, like Gecko) Version/17.4 Safari/605.1.15 (Applebot/0.1; +http://www.apple.com/go/applebot)" 270 **0/270924**
136.243.220.212 - - [03/Mar/2026:10:36:27 -0700] "GET /dragon-tiger-means-how-to-guide-2025/ HTTP/1.1" 200 72319 "-" "Mozilla/5.0 (compatible; DataForSeoBot/1.0; +https://dataforseo.com/dataforseo-bot)" 348 **0/348945**
85.208.96.203 - - [03/Mar/2026:10:36:31 -0700] "GET /robots.txt HTTP/1.1" 200 110 "-" "Mozilla/5.0 (compatible; SemrushBot/7~bl; +http://www.semrush.com/bot.html)" 106 **0/106146**
136.243.220.212 - - [03/Mar/2026:10:36:31 -0700] "GET /an-informed-casinos-on-the-internet-ecopayz-ecopayz-gambling-enterprise-number-to-have-poles/ HTTP/1.1" 200 73096 "-" "Mozilla/5.0 (compatible; DataForSeoBot/1.0; +https://dataforseo.com/dataforseo-bot)" 254 **0/254014**
136.243.220.212 - - [03/Mar/2026:10:36:35 -0700] "GET /miracle-mirror-luxury-ii-merkur-slot-review-demonstration/ HTTP/1.1" 200 72815 "-" "Mozilla/5.0 (compatible; DataForSeoBot/1.0; +https://dataforseo.com/dataforseo-bot)" 307 **0/307976**
136.243.220.212 - - [03/Mar/2026:10:36:39 -0700] "GET /better-6-websites-what-is-fairspin-casino-to-try-out-web-based-poker-online-for-real-profit-2025/ HTTP/1.1" 200 74031 "-" "Mozilla/5.0 (compatible; DataForSeoBot/1.0; +https://dataforseo.com/dataforseo-bot)" 291 **0/291216**
136.243.220.212 - - [03/Mar/2026:10:36:44 -0700] "GET /greatest-on-the-internet-black-jack-internet-sites-suitable-link-information-winning-procedures-2025/ HTTP/1.1" 200 73501 "-" "Mozilla/5.0 (compatible; DataForSeoBot/1.0; +https://dataforseo.com/dataforseo-bot)" 284 **0/284868**
136.243.220.212 - - [03/Mar/2026:10:36:47 -0700] "GET /starburst-slot-canada-2025-twist-insane-win-huge-today/ HTTP/1.1" 200 74102 "-" "Mozilla/5.0 (compatible; DataForSeoBot/1.0; +https://dataforseo.com/dataforseo-bot)" 268 **0/268865**
136.243.220.212 - - [03/Mar/2026:10:36:51 -0700] "GET /enjoy-black-colored-jack-red-colored-chilli-victories-step-one-put-at-no-cost/ HTTP/1.1" 200 71833 "-" "Mozilla/5.0 (compatible; DataForSeoBot/1.0; +https://dataforseo.com/dataforseo-bot)" 297 **0/297235**
136.243.220.212 - - [03/Mar/2026:10:36:55 -0700] "GET /tagesordnungspunkt-10-einzahlungs-casino-power-stars-hack-slots-games-online-spielbank-maklercourtage-2025-top-10-kasino-angebote-uber-einzahlungen/ HTTP/1.1" 200 73303 "-" "Mozilla/5.0 (compatible; DataForSeoBot/1.0; +https://dataforseo.com/dataforseo-bot)" 278 **0/278827**
68.178.232.37 - - [03/Mar/2026:10:36:58 -0700] "POST /wp-cron.php?doing_wp_cron=1772559418.1046619415283203125000 HTTP/1.1" 200 - "http://www.icdp.co.in/wp-cron.php?doing_wp_cron=1772559418.1046619415283203125000" "WordPress/5.7.8; http://www.icdp.co.in" 176 **0/176020**
85.208.96.198 - - [03/Mar/2026:10:36:57 -0700] "GET /abschlieende-gedanken-aus-welchem-grund-sollen-sie-sich-fur-jedes-hitnspin-spielsalon-farbe-bekennen/ HTTP/1.1" 200 79653 "-" "Mozilla/5.0 (compatible; SemrushBot/7~bl; +http://www.semrush.com/bot.html)" 498 **0/498166**
136.243.220.212 - - [03/Mar/2026:10:36:59 -0700] "GET /investigating-royal-reels-finest-on-line-casino-around-australia-to-own-2024/ HTTP/1.1" 200 73278 "-" "Mozilla/5.0 (compatible; DataForSeoBot/1.0; +https://dataforseo.com/dataforseo-bot)" 287 **0/287596**
185.191.171.2 - - [03/Mar/2026:10:37:00 -0700] "GET /following-click-on-the-%EF%BF%BDi%EF%BF%BD-option-to-read-more-terms-and-conditions-or-no-linked-to-they/ HTTP/1.1" 200 78497 "-" "Mozilla/5.0 (compatible; SemrushBot/7~bl; +http://www.semrush.com/bot.html)" 286 **0/286518**
