136.243.220.212 - - [03/Mar/2026:09:27:07 -0700] "GET /giros-sin-cargo-carente-tanque-y-no-ha-transpirado-por-sometimiento/ HTTP/1.1" 200 73171 "-" "Mozilla/5.0 (compatible; DataForSeoBot/1.0; +https://dataforseo.com/dataforseo-bot)" 326 **0/326016**
65.21.16.207 - - [03/Mar/2026:09:27:07 -0700] "POST /wp-comments-post.php HTTP/1.1" 404 1 "http://www.icdp.co.in/the-ethical-landscape-of-online-gambling-media-3/" "Mozilla/5.0 (Windows NT 6.3; Win64; x64) AppleWebKit/537.36 (KHTML, like Gecko) Chrome/103.0.0.0 Safari/537.36" 130 **0/130173**
65.21.16.207 - - [03/Mar/2026:09:27:08 -0700] "POST /wp-comments-post.php HTTP/1.1" 404 1 "http://www.icdp.co.in/the-ethical-landscape-of-online-gambling-media-3/" "Mozilla/5.0 (Windows NT 6.3; Win64; x64) AppleWebKit/537.36 (KHTML, like Gecko) Chrome/103.0.0.0 Safari/537.36" 901 **0/901772**
65.21.16.207 - - [03/Mar/2026:09:27:09 -0700] "POST /wp-comments-post.php HTTP/1.1" 404 1 "http://www.icdp.co.in/the-ethical-landscape-of-online-gambling-media-3/" "Mozilla/5.0 (Windows NT 6.3; Win64; x64) AppleWebKit/537.36 (KHTML, like Gecko) Chrome/103.0.0.0 Safari/537.36" 211 **0/211087**
65.21.16.207 - - [03/Mar/2026:09:27:10 -0700] "GET /the-ethical-landscape-of-online-gambling-media-3/ HTTP/1.1" 200 73306 "-" "Mozilla/5.0 (Windows NT 6.3; Win64; x64) AppleWebKit/537.36 (KHTML, like Gecko) Chrome/103.0.0.0 Safari/537.36" 436 **0/436660**
136.243.220.212 - - [03/Mar/2026:09:27:10 -0700] "GET /finest-black-jack-internet-sites-on-the-web-2025-does-card-counting-work-finest-real-cash-blackjack/ HTTP/1.1" 200 74125 "-" "Mozilla/5.0 (compatible; DataForSeoBot/1.0; +https://dataforseo.com/dataforseo-bot)" 383 **0/383777**
85.208.96.199 - - [03/Mar/2026:09:27:12 -0700] "GET /for-folks-who-winnings-to-the-wager-and-also-have-you-get-straight-back-around-three-50-added-bonus-bet-tokens/ HTTP/1.1" 200 78291 "-" "Mozilla/5.0 (compatible; SemrushBot/7~bl; +http://www.semrush.com/bot.html)" 376 **0/376357**
136.243.220.212 - - [03/Mar/2026:09:27:15 -0700] "GET /a16z-generative-ai-6/ HTTP/1.1" 200 146225 "-" "Mozilla/5.0 (compatible; DataForSeoBot/1.0; +https://dataforseo.com/dataforseo-bot)" 406 **0/406165**
136.243.220.212 - - [03/Mar/2026:09:27:18 -0700] "GET /napoleon-josephine-slot-allege-to-2-hundred-free-revolves/ HTTP/1.1" 200 74540 "-" "Mozilla/5.0 (compatible; DataForSeoBot/1.0; +https://dataforseo.com/dataforseo-bot)" 340 **0/340045**
85.208.96.199 - - [03/Mar/2026:09:27:19 -0700] "GET /die-pluspunkte-bietet-dir-der-wunderino-provision-frei-einzahlung/ HTTP/1.1" 200 80016 "-" "Mozilla/5.0 (compatible; SemrushBot/7~bl; +http://www.semrush.com/bot.html)" 326 **0/326149**
136.243.220.212 - - [03/Mar/2026:09:27:22 -0700] "GET /get-to-know-the-vuelta-a-good-espana-2025-lineup/ HTTP/1.1" 200 72324 "-" "Mozilla/5.0 (compatible; DataForSeoBot/1.0; +https://dataforseo.com/dataforseo-bot)" 504 **0/504403**
136.243.220.212 - - [03/Mar/2026:09:27:26 -0700] "GET /lll-tragamonedas-3d-sin-cargo-tragaperras-3d-en-linea/ HTTP/1.1" 200 73497 "-" "Mozilla/5.0 (compatible; DataForSeoBot/1.0; +https://dataforseo.com/dataforseo-bot)" 312 **0/312570**
136.243.220.212 - - [03/Mar/2026:09:27:30 -0700] "GET /mr-bet-gambling-enterprise-real-cash-slot-machines-on-the-web-lord-of-the-ocean-win-big-1-deposit-gamble-sports-betting-in-the-india-today/ HTTP/1.1" 200 74133 "-" "Mozilla/5.0 (compatible; DataForSeoBot/1.0; +https://dataforseo.com/dataforseo-bot)" 587 **0/587369**
85.208.96.196 - - [03/Mar/2026:09:27:30 -0700] "GET /casino-bello-game-selection-and-odds-analysis/ HTTP/1.1" 200 81428 "-" "Mozilla/5.0 (compatible; SemrushBot/7~bl; +http://www.semrush.com/bot.html)" 391 **0/391498**
85.208.96.198 - - [03/Mar/2026:09:27:33 -0700] "GET /starburst-slot-gratis-unter-anderem-exklusive-anmeldung-pharaohs-fortune-casinos-zum-besten-geben/ HTTP/1.1" 200 79401 "-" "Mozilla/5.0 (compatible; SemrushBot/7~bl; +http://www.semrush.com/bot.html)" 663 **0/663600**
136.243.220.212 - - [03/Mar/2026:09:27:34 -0700] "GET /where-you-can-play-keno-in-australia-a-real-income-pub-and-online-keno/ HTTP/1.1" 200 72213 "-" "Mozilla/5.0 (compatible; DataForSeoBot/1.0; +https://dataforseo.com/dataforseo-bot)" 330 **0/330690**
57.141.16.81 - - [03/Mar/2026:09:27:35 -0700] "GET /wp-json/oembed/1.0/embed?url=http%3A%2F%2Fwww.icdp.co.in%2Fmastering-the-math-of-live-casino-play-at-lucky-mistercasino-1%2F HTTP/1.1" 200 2475 "-" "meta-externalagent/1.1 (+https://developers.facebook.com/docs/sharing/webmasters/crawler)" 162 **0/162342**
136.243.220.212 - - [03/Mar/2026:09:27:39 -0700] "GET /effektive-fettverbrennung-die-rolle-von-tabletten-und-kursen/ HTTP/1.1" 200 70797 "-" "Mozilla/5.0 (compatible; DataForSeoBot/1.0; +https://dataforseo.com/dataforseo-bot)" 863 **0/863490**
85.208.96.196 - - [03/Mar/2026:09:27:39 -0700] "GET /better-web-based-casinos-you-to-take-on-paypal-in-the-2026/ HTTP/1.1" 200 78936 "-" "Mozilla/5.0 (compatible; SemrushBot/7~bl; +http://www.semrush.com/bot.html)" 292 **0/292011**
85.208.96.195 - - [03/Mar/2026:09:27:41 -0700] "GET /emerald-chat-omegle-different-for-chat/ HTTP/1.1" 200 80174 "-" "Mozilla/5.0 (compatible; SemrushBot/7~bl; +http://www.semrush.com/bot.html)" 285 **0/285212**
136.243.220.212 - - [03/Mar/2026:09:27:43 -0700] "GET /giros-sin-cargo-top-casinos-con-manga-larga-tiradas-de-balde-referente-a-2025/ HTTP/1.1" 200 73324 "-" "Mozilla/5.0 (compatible; DataForSeoBot/1.0; +https://dataforseo.com/dataforseo-bot)" 349 **0/349330**
85.208.96.196 - - [03/Mar/2026:09:27:44 -0700] "GET /center-bingo-not-just-has-the-benefit-of-a-leading-level-desktop-bingo-system-and-also-some-cellular-gambling-options/ HTTP/1.1" 200 78384 "-" "Mozilla/5.0 (compatible; SemrushBot/7~bl; +http://www.semrush.com/bot.html)" 387 **0/387496**
136.243.220.212 - - [03/Mar/2026:09:27:46 -0700] "GET /erwartungsgema-gibt-es-immaterielle-spielotheken-nachfolgende-unter-zuhilfenahme-von-angewandten-groeren-spielsalon-vermittlungsgebuhr-besitzen-gleichwohl-hierbei-soll/ HTTP/1.1" 200 72100 "-" "Mozilla/5.0 (compatible; DataForSeoBot/1.0; +https://dataforseo.com/dataforseo-bot)" 325 **0/325230**
57.141.16.48 - - [03/Mar/2026:09:27:48 -0700] "GET /der-flinke-hahn-des-casinos-ein-spiel-nach-der-vogel-flucht/feed/ HTTP/1.1" 200 930 "-" "meta-externalagent/1.1 (+https://developers.facebook.com/docs/sharing/webmasters/crawler)" 154 **0/154768**
136.243.220.212 - - [03/Mar/2026:09:27:50 -0700] "GET /double-dragons/ HTTP/1.1" 200 73377 "-" "Mozilla/5.0 (compatible; DataForSeoBot/1.0; +https://dataforseo.com/dataforseo-bot)" 306 **0/306707**
57.141.16.57 - - [03/Mar/2026:09:27:53 -0700] "GET /wp-json/oembed/1.0/embed?url=http%3A%2F%2Fwww.icdp.co.in%2Falgunos-de-los-favoritos-dentro-de-los-individuos-es-el-bono-sin-deposito-sobre-playuzu%2F HTTP/1.1" 200 2600 "-" "meta-externalagent/1.1 (+https://developers.facebook.com/docs/sharing/webmasters/crawler)" 131 **0/131804**
136.243.220.212 - - [03/Mar/2026:09:27:54 -0700] "GET /nye-casinoer-pr-gambling-online-blackjack-danmark-2024-fuldkommen-franarre-guidebog/ HTTP/1.1" 200 73322 "-" "Mozilla/5.0 (compatible; DataForSeoBot/1.0; +https://dataforseo.com/dataforseo-bot)" 312 **0/312880**
136.243.220.212 - - [03/Mar/2026:09:27:59 -0700] "GET /hot-room/ HTTP/1.1" 200 73528 "-" "Mozilla/5.0 (compatible; DataForSeoBot/1.0; +https://dataforseo.com/dataforseo-bot)" 342 **0/342411**
136.243.220.212 - - [03/Mar/2026:09:28:02 -0700] "GET /26-best-bitcoin-crypto-sports-betting-internet-sites-2025-better-picks-analyzed/ HTTP/1.1" 200 73192 "-" "Mozilla/5.0 (compatible; DataForSeoBot/1.0; +https://dataforseo.com/dataforseo-bot)" 529 **0/529329**
185.191.171.4 - - [03/Mar/2026:09:28:04 -0700] "GET /if-you-happen-to-become-lucky-member-who-gains-youre-in-the-bucks-big-time/ HTTP/1.1" 200 78278 "-" "Mozilla/5.0 (compatible; SemrushBot/7~bl; +http://www.semrush.com/bot.html)" 286 **0/286050**
57.141.16.3 - - [03/Mar/2026:09:28:06 -0700] "GET /wp-json/oembed/1.0/embed?url=http%3A%2F%2Fwww.icdp.co.in%2Fmobile-gambling-games-%25ef%25bf%25bd-the-video-game-in-the-inclave-casinos-are-optimized-to-own-mobile-phones-and-you-will-tablets%2F HTTP/1.1" 200 2781 "-" "meta-externalagent/1.1 (+https://developers.facebook.com/docs/sharing/webmasters/crawler)" 136 **0/136047**
136.243.220.212 - - [03/Mar/2026:09:28:06 -0700] "GET /cuatro-wwe-celebs-which-earned-jey-usos-battle-royal-win-on-50-no-deposit-spins-wild-turkey-the-brutal/ HTTP/1.1" 200 74509 "-" "Mozilla/5.0 (compatible; DataForSeoBot/1.0; +https://dataforseo.com/dataforseo-bot)" 433 **0/433459**
185.191.171.4 - - [03/Mar/2026:09:28:06 -0700] "GET /cashback-disappointed-for-your-loss-wednesday-and-you-may-a-vip-loophole/ HTTP/1.1" 200 78719 "-" "Mozilla/5.0 (compatible; SemrushBot/7~bl; +http://www.semrush.com/bot.html)" 296 **0/296544**
85.208.96.198 - - [03/Mar/2026:09:28:09 -0700] "GET /der-weiterer-position-diesseitigen-zig-gamer-ignorieren-ist-spezialisiert-auf-ebendiese-validitat-de-lensemble-des-vermittlungsgebuhr/ HTTP/1.1" 200 79191 "-" "Mozilla/5.0 (compatible; SemrushBot/7~bl; +http://www.semrush.com/bot.html)" 685 **0/685752**
136.243.220.212 - - [03/Mar/2026:09:28:11 -0700] "GET /keno-no-deposit-bonus-rules-15-enjoy-liberated-to-winnings-currency-today/ HTTP/1.1" 200 73223 "-" "Mozilla/5.0 (compatible; DataForSeoBot/1.0; +https://dataforseo.com/dataforseo-bot)" 307 **0/307801**
17.22.237.55 - - [03/Mar/2026:09:28:14 -0700] "GET /sun-palace-casino-online-slots-and-games-experience/ HTTP/1.1" 404 - "-" "Mozilla/5.0 (Macintosh; Intel Mac OS X 10_15_7) AppleWebKit/605.1.15 (KHTML, like Gecko) Version/17.4 Safari/605.1.15 (Applebot/0.1; +http://www.apple.com/go/applebot)" 148 **0/148634**
136.243.220.212 - - [03/Mar/2026:09:28:15 -0700] "GET /tip-you-could-enjoy-most-of-the-ports-from-the-freeze-gambling-establishment-during-the-demo-function/ HTTP/1.1" 200 71621 "-" "Mozilla/5.0 (compatible; DataForSeoBot/1.0; +https://dataforseo.com/dataforseo-bot)" 346 **0/346780**
136.243.220.212 - - [03/Mar/2026:09:28:18 -0700] "GET /greatest-online-keno-websites-best-realmoney-societal-internet-sites/ HTTP/1.1" 200 72133 "-" "Mozilla/5.0 (compatible; DataForSeoBot/1.0; +https://dataforseo.com/dataforseo-bot)" 338 **0/338344**
17.246.19.158 - - [03/Mar/2026:09:28:21 -0700] "GET /sweet-bonanza-demo-oyna-ucretsiz-deneme-surumuyle-3/ HTTP/1.1" 200 83272 "-" "Mozilla/5.0 (Macintosh; Intel Mac OS X 10_15_7) AppleWebKit/605.1.15 (KHTML, like Gecko) Version/17.4 Safari/605.1.15 (Applebot/0.1; +http://www.apple.com/go/applebot)" 346 **0/346765**
57.141.16.28 - - [03/Mar/2026:09:28:25 -0700] "GET /?p=145183 HTTP/1.1" 301 - "-" "meta-externalagent/1.1 (+https://developers.facebook.com/docs/sharing/webmasters/crawler)" 168 **0/168931**
57.141.16.50 - - [03/Mar/2026:09:28:26 -0700] "GET /?p=145987 HTTP/1.1" 301 - "-" "meta-externalagent/1.1 (+https://developers.facebook.com/docs/sharing/webmasters/crawler)" 150 **0/150086**
57.141.16.21 - - [03/Mar/2026:09:28:28 -0700] "GET /?p=150005 HTTP/1.1" 301 - "-" "meta-externalagent/1.1 (+https://developers.facebook.com/docs/sharing/webmasters/crawler)" 129 **0/129133**
85.208.96.208 - - [03/Mar/2026:09:28:29 -0700] "GET /author/admin/page/233/ HTTP/1.1" 200 80446 "-" "Mozilla/5.0 (compatible; SemrushBot/7~bl; +http://www.semrush.com/bot.html)" 2087 **2/2087049**
65.21.16.207 - - [03/Mar/2026:09:28:37 -0700] "GET /the-ethical-landscape-of-online-gambling-media-3/ HTTP/1.1" 200 73306 "-" "Mozilla/5.0 (Windows NT 10.0; WOW64) AppleWebKit/537.36 (KHTML, like Gecko) Chrome/114.0.0.0 Safari/537.36 Vivaldi/5.3.2679.68" 347 **0/347270**
85.208.96.211 - - [03/Mar/2026:09:28:37 -0700] "GET /your-trusted-world-supply-for-on-line-gambling/ HTTP/1.1" 200 79224 "-" "Mozilla/5.0 (compatible; SemrushBot/7~bl; +http://www.semrush.com/bot.html)" 417 **0/417996**
85.208.96.212 - - [03/Mar/2026:09:28:39 -0700] "GET /freispiele-inzwischen-unser-besten-kasino-vollstandiger-bericht-free-spins-feb-2026/ HTTP/1.1" 200 80170 "-" "Mozilla/5.0 (compatible; SemrushBot/7~bl; +http://www.semrush.com/bot.html)" 362 **0/362736**
98.98.9.61 - - [03/Mar/2026:09:28:40 -0700] "POST /xmlrpc.php HTTP/1.1" 200 181 "-" "Mozilla/5.0 (Windows NT 10.0; Win64; x64) AppleWebKit/537.36 (KHTML, like Gecko) Chrome/114.0.0.0 Safari/537.36" 273 **0/273264**
57.141.16.94 - - [03/Mar/2026:09:28:42 -0700] "GET /?p=147685 HTTP/1.1" 301 - "-" "meta-externalagent/1.1 (+https://developers.facebook.com/docs/sharing/webmasters/crawler)" 172 **0/172852**
185.191.171.7 - - [03/Mar/2026:09:28:42 -0700] "GET /hydrargyrum-spielotheken-findest-du-heutzutage-eingeschaltet-nahezu-jedweder-ecke-in-groen-ferner-kleineren-stadten/ HTTP/1.1" 200 80251 "-" "Mozilla/5.0 (compatible; SemrushBot/7~bl; +http://www.semrush.com/bot.html)" 1509 **1/1509911**
17.22.253.221 - - [03/Mar/2026:09:28:45 -0700] "GET /category/1win-casino-942/ HTTP/1.1" 200 77326 "-" "Mozilla/5.0 (Macintosh; Intel Mac OS X 10_15_7) AppleWebKit/605.1.15 (KHTML, like Gecko) Version/17.4 Safari/605.1.15 (Applebot/0.1; +http://www.apple.com/go/applebot)" 442 **0/442483**
68.178.232.37 - - [03/Mar/2026:09:28:42 -0700] "POST /wp-cron.php?doing_wp_cron=1772555322.6888771057128906250000 HTTP/1.1" 200 - "http://www.icdp.co.in/wp-cron.php?doing_wp_cron=1772555322.6888771057128906250000" "WordPress/5.7.8; http://www.icdp.co.in" 3650 **3/3650857**
98.98.9.61 - - [03/Mar/2026:09:28:47 -0700] "POST /xmlrpc.php HTTP/1.1" 200 12863 "-" "Mozilla/5.0 (Windows NT 10.0; Win64; x64) AppleWebKit/537.36 (KHTML, like Gecko) Chrome/114.0.0.0 Safari/537.36" 714 **0/714727**
85.208.96.208 - - [03/Mar/2026:09:28:49 -0700] "GET /lower-than-s-the-fresh-ten-incentive-off-casinosanalyzer-nz-is-a-perfect-choice/ HTTP/1.1" 200 78350 "-" "Mozilla/5.0 (compatible; SemrushBot/7~bl; +http://www.semrush.com/bot.html)" 294 **0/294544**
98.98.9.61 - - [03/Mar/2026:09:28:49 -0700] "GET /wunderino-pramie-sourcecode-kostenfrei-gladiator-casino-bonus-freispiele-fur-golden-frenzy-paypal-spielsaal-zocker-ganz-teutonia/ HTTP/1.1" 200 347682 "-" "Mozilla/5.0 (Windows NT 10.0; rv:109.0) Gecko/20100101 Firefox/115.0" 741 **0/741209**
57.141.16.54 - - [03/Mar/2026:09:28:51 -0700] "GET /wp-json/oembed/1.0/embed?url=http%3A%2F%2Fwww.icdp.co.in%2Fwanted-dead-or-a-wild-slot-machine-features-and-reviews%2F HTTP/1.1" 200 2440 "-" "meta-externalagent/1.1 (+https://developers.facebook.com/docs/sharing/webmasters/crawler)" 151 **0/151106**
185.191.171.3 - - [03/Mar/2026:09:28:52 -0700] "GET /the-process-to-receive-which-extra-is-made-to-stop-wasting-time/ HTTP/1.1" 200 78724 "-" "Mozilla/5.0 (compatible; SemrushBot/7~bl; +http://www.semrush.com/bot.html)" 308 **0/308106**
57.141.16.40 - - [03/Mar/2026:09:28:53 -0700] "GET /?p=148155 HTTP/1.1" 301 - "-" "meta-externalagent/1.1 (+https://developers.facebook.com/docs/sharing/webmasters/crawler)" 127 **0/127240**
136.243.220.212 - - [03/Mar/2026:09:29:10 -0700] "GET /if-youve-never-composed-a-business-bundle-it-can-be-a-disheartening-task/ HTTP/1.1" 200 71613 "-" "Mozilla/5.0 (compatible; DataForSeoBot/1.0; +https://dataforseo.com/dataforseo-bot)" 435 **0/435729**
136.243.220.212 - - [03/Mar/2026:09:29:14 -0700] "GET /accessoire-vers-vas-y-maintenant-sous-mega-moolah-megaways-gratis-de-microgaming-distraire-jeu-salle-de-jeu-quelque-peu/ HTTP/1.1" 200 73135 "-" "Mozilla/5.0 (compatible; DataForSeoBot/1.0; +https://dataforseo.com/dataforseo-bot)" 320 **0/320958**
136.243.220.212 - - [03/Mar/2026:09:29:17 -0700] "GET /velkomstbonus-2024-fatal-avance-inden-for-nuvaerend-ny-no-indleder-vulkan-vegas-spiller-tilslutte-et-kasino/ HTTP/1.1" 200 72962 "-" "Mozilla/5.0 (compatible; DataForSeoBot/1.0; +https://dataforseo.com/dataforseo-bot)" 323 **0/323025**
136.243.220.212 - - [03/Mar/2026:09:29:21 -0700] "GET /play-crazy-lifestyle-casino-slot-games-free-online-trial-by-igt/ HTTP/1.1" 200 70974 "-" "Mozilla/5.0 (compatible; DataForSeoBot/1.0; +https://dataforseo.com/dataforseo-bot)" 367 **0/367353**
136.243.220.212 - - [03/Mar/2026:09:29:25 -0700] "GET /ten-better-betsoft-ports-betsoft-on-the-web-slot-rtps-compared/ HTTP/1.1" 200 72970 "-" "Mozilla/5.0 (compatible; DataForSeoBot/1.0; +https://dataforseo.com/dataforseo-bot)" 594 **0/594059**
136.243.220.212 - - [03/Mar/2026:09:29:29 -0700] "GET /pay-attention-alive-magic-95-9/ HTTP/1.1" 200 73081 "-" "Mozilla/5.0 (compatible; DataForSeoBot/1.0; +https://dataforseo.com/dataforseo-bot)" 356 **0/356185**
136.243.220.212 - - [03/Mar/2026:09:29:33 -0700] "GET /greatest-casinos-you-to-definitely-take-on-playing-cards-british-2024/ HTTP/1.1" 200 74204 "-" "Mozilla/5.0 (compatible; DataForSeoBot/1.0; +https://dataforseo.com/dataforseo-bot)" 305 **0/305959**
57.141.16.43 - - [03/Mar/2026:09:29:35 -0700] "GET /wp-json/wp/v2/posts/151022 HTTP/1.1" 200 16942 "-" "meta-externalagent/1.1 (+https://developers.facebook.com/docs/sharing/webmasters/crawler)" 146 **0/146080**
136.243.220.212 - - [03/Mar/2026:09:29:37 -0700] "GET /1899-strong-silver-crown-coin-traditional-antique-old-queen-victoria-netflix-tv-series/ HTTP/1.1" 200 73397 "-" "Mozilla/5.0 (compatible; DataForSeoBot/1.0; +https://dataforseo.com/dataforseo-bot)" 340 **0/340126**
136.243.220.212 - - [03/Mar/2026:09:29:42 -0700] "GET /greatest-zimpler-casinos-on-the-internet-2025/ HTTP/1.1" 200 73134 "-" "Mozilla/5.0 (compatible; DataForSeoBot/1.0; +https://dataforseo.com/dataforseo-bot)" 371 **0/371426**
136.243.220.212 - - [03/Mar/2026:09:29:45 -0700] "GET /betting-sites-uk-a-complete-guide-for-beginners-77/ HTTP/1.1" 200 74880 "-" "Mozilla/5.0 (compatible; DataForSeoBot/1.0; +https://dataforseo.com/dataforseo-bot)" 310 **0/310328**
136.243.220.212 - - [03/Mar/2026:09:29:49 -0700] "GET /phoenix-flames-power-reels-position-play-free-spins/ HTTP/1.1" 200 71884 "-" "Mozilla/5.0 (compatible; DataForSeoBot/1.0; +https://dataforseo.com/dataforseo-bot)" 333 **0/333084**
136.243.220.212 - - [03/Mar/2026:09:29:54 -0700] "GET /10-bedste-online-casinoer-fruit-mania-slot-spil-for-rigtige-penge-indtil-idraetsgren-forudsat-rigtige-knap-2023/ HTTP/1.1" 200 73166 "-" "Mozilla/5.0 (compatible; DataForSeoBot/1.0; +https://dataforseo.com/dataforseo-bot)" 321 **0/321823**
136.243.220.212 - - [03/Mar/2026:09:29:58 -0700] "GET /enjoy-michael-jacksons-moonwalker-on-line-gamble-old-classic-game-online/ HTTP/1.1" 200 72903 "-" "Mozilla/5.0 (compatible; DataForSeoBot/1.0; +https://dataforseo.com/dataforseo-bot)" 354 **0/354625**
136.243.220.212 - - [03/Mar/2026:09:30:02 -0700] "GET /new-look-during-the-dolphin-dollars-slot/ HTTP/1.1" 200 73767 "-" "Mozilla/5.0 (compatible; DataForSeoBot/1.0; +https://dataforseo.com/dataforseo-bot)" 1111 **1/1111365**
136.243.220.212 - - [03/Mar/2026:09:30:05 -0700] "GET /irgendwo-darf-ich-gonzos-quest-megaways-erreichbar-blazing-star-slotauszahlung-auffuhren/ HTTP/1.1" 200 73799 "-" "Mozilla/5.0 (compatible; DataForSeoBot/1.0; +https://dataforseo.com/dataforseo-bot)" 477 **0/477649**
136.243.220.212 - - [03/Mar/2026:09:30:09 -0700] "GET /visustest-sehtest-zum-prufen-ihr-cobber-casino-bonus-sehscharfe/ HTTP/1.1" 200 73789 "-" "Mozilla/5.0 (compatible; DataForSeoBot/1.0; +https://dataforseo.com/dataforseo-bot)" 343 **0/343019**
136.243.220.212 - - [03/Mar/2026:09:30:13 -0700] "GET /lord-of-your-own-sea-slot-free-play-plunge-to-the-depths-away-from-ancient-treasures/ HTTP/1.1" 200 72372 "-" "Mozilla/5.0 (compatible; DataForSeoBot/1.0; +https://dataforseo.com/dataforseo-bot)" 382 **0/382927**
136.243.220.212 - - [03/Mar/2026:09:30:17 -0700] "GET /oficialnyj-sajt-pinco-casino-vhod-na-zerkalo-2234/ HTTP/1.1" 200 72372 "-" "Mozilla/5.0 (compatible; DataForSeoBot/1.0; +https://dataforseo.com/dataforseo-bot)" 318 **0/318682**
17.241.219.227 - - [03/Mar/2026:09:30:18 -0700] "GET /that-is-what-the-new-tonybet-gambling-establishment-also-provides-resulting-in-the-opportunity-to-allege-as-much-as-c2500/ HTTP/1.1" 404 - "-" "Mozilla/5.0 (Macintosh; Intel Mac OS X 10_15_7) AppleWebKit/605.1.15 (KHTML, like Gecko) Version/17.4 Safari/605.1.15 (Applebot/0.1; +http://www.apple.com/go/applebot)" 139 **0/139415**
136.243.220.212 - - [03/Mar/2026:09:30:21 -0700] "GET /highway-kings-fur/ HTTP/1.1" 200 73286 "-" "Mozilla/5.0 (compatible; DataForSeoBot/1.0; +https://dataforseo.com/dataforseo-bot)" 317 **0/317289**
136.243.220.212 - - [03/Mar/2026:09:30:26 -0700] "GET /isle-eyes-pokie-opinion-bonuses/ HTTP/1.1" 200 73877 "-" "Mozilla/5.0 (compatible; DataForSeoBot/1.0; +https://dataforseo.com/dataforseo-bot)" 331 **0/331326**
198.244.168.215 - - [03/Mar/2026:09:30:28 -0700] "GET /brazino777-casino-site-oficial-criancice-cassino-online-abicar-brasil/ HTTP/1.1" 200 73969 "-" "Mozilla/5.0 (compatible; AhrefsBot/7.0; +http://ahrefs.com/robot/)" 371 **0/371346**
136.243.220.212 - - [03/Mar/2026:09:30:29 -0700] "GET /meilleur-casino-en-ligne-2025-top-10-des-casinos-1410/ HTTP/1.1" 200 73919 "-" "Mozilla/5.0 (compatible; DataForSeoBot/1.0; +https://dataforseo.com/dataforseo-bot)" 366 **0/366153**
136.243.220.212 - - [03/Mar/2026:09:30:33 -0700] "GET /better-aussie-pokies-incentives-a-real-income-play/ HTTP/1.1" 200 73588 "-" "Mozilla/5.0 (compatible; DataForSeoBot/1.0; +https://dataforseo.com/dataforseo-bot)" 266 **0/266242**
136.243.220.212 - - [03/Mar/2026:09:30:37 -0700] "GET /raging-rhino-slot-review/ HTTP/1.1" 200 72313 "-" "Mozilla/5.0 (compatible; DataForSeoBot/1.0; +https://dataforseo.com/dataforseo-bot)" 324 **0/324480**
136.243.220.212 - - [03/Mar/2026:09:30:42 -0700] "GET /free-slot-no-download-and-install-an-overview-to-immediate-play-port-gamings/ HTTP/1.1" 200 71208 "-" "Mozilla/5.0 (compatible; DataForSeoBot/1.0; +https://dataforseo.com/dataforseo-bot)" 322 **0/322480**
136.243.220.212 - - [03/Mar/2026:09:30:45 -0700] "GET /the-fresh-lightning-thief-icons-allegory-and-you-will-design/ HTTP/1.1" 200 72049 "-" "Mozilla/5.0 (compatible; DataForSeoBot/1.0; +https://dataforseo.com/dataforseo-bot)" 317 **0/317674**
136.243.220.212 - - [03/Mar/2026:09:30:50 -0700] "GET /crime-scene-meaning-flashdash-casino-no-deposit-promo-codes-versions-and-you-will-services/ HTTP/1.1" 200 75069 "-" "Mozilla/5.0 (compatible; DataForSeoBot/1.0; +https://dataforseo.com/dataforseo-bot)" 387 **0/387103**
5.104.107.243 - - [03/Mar/2026:09:30:53 -0700] "POST /xmlrpc.php HTTP/1.1" 200 434 "-" "Mozilla/5.0 (Windows NT 10.0; Win64; x64) AppleWebKit/537.36 (KHTML, like Gecko) Chrome/64.0.3282.140 Safari/537.36 Edge/18.17763" 192 **0/192997**
136.243.220.212 - - [03/Mar/2026:09:30:54 -0700] "GET /10-microgaming-slotspil-kontantbonus-tilslutte-kasinoet-med-udbetaling-i-2024-g0tchaa/ HTTP/1.1" 200 73083 "-" "Mozilla/5.0 (compatible; DataForSeoBot/1.0; +https://dataforseo.com/dataforseo-bot)" 299 **0/299745**
68.178.232.37 - - [03/Mar/2026:09:30:56 -0700] "POST /wp-cron.php?doing_wp_cron=1772555456.1104569435119628906250 HTTP/1.1" 200 - "http://www.icdp.co.in/wp-cron.php?doing_wp_cron=1772555456.1104569435119628906250" "WordPress/5.7.8; http://www.icdp.co.in" 208 **0/208642**
5.104.107.243 - - [03/Mar/2026:09:30:55 -0700] "POST /xmlrpc.php HTTP/1.1" 200 181 "-" "Mozilla/5.0 (Windows NT 10.0; Win64; x64) AppleWebKit/537.36 (KHTML, like Gecko) Chrome/64.0.3282.140 Safari/537.36 Edge/18.17763" 456 **0/456712**
5.104.107.243 - - [03/Mar/2026:09:30:57 -0700] "POST /xmlrpc.php HTTP/1.1" 200 13318 "-" "Mozilla/5.0 (Windows NT 10.0; Win64; x64) AppleWebKit/537.36 (KHTML, like Gecko) Chrome/64.0.3282.140 Safari/537.36 Edge/18.17763" 149 **0/149349**
68.178.232.37 - - [03/Mar/2026:09:30:57 -0700] "POST /wp-cron.php?doing_wp_cron=1772555457.9719660282135009765625 HTTP/1.1" 200 - "http://www.icdp.co.in/wp-cron.php?doing_wp_cron=1772555457.9719660282135009765625" "WordPress/5.7.8; http://www.icdp.co.in" 692 **0/692762**
136.243.220.212 - - [03/Mar/2026:09:30:57 -0700] "GET /storno-von-auftragen-zu-welchem-zeitpunkt-ferner-wie-casino-casimba-casino-gleichfalls-zulassig/ HTTP/1.1" 200 72584 "-" "Mozilla/5.0 (compatible; DataForSeoBot/1.0; +https://dataforseo.com/dataforseo-bot)" 1209 **1/1209264**
136.243.220.212 - - [03/Mar/2026:09:31:02 -0700] "GET /better-a-real-pure-platinum-slot-online-income-on-line-poker-websites-2025-top-web-based-poker-web-sites/ HTTP/1.1" 200 74384 "-" "Mozilla/5.0 (compatible; DataForSeoBot/1.0; +https://dataforseo.com/dataforseo-bot)" 1625 **1/1625917**
136.243.220.212 - - [03/Mar/2026:09:31:05 -0700] "GET /5-minimum-deposit-gambling-enterprises-2025-added-bonus-requirements/ HTTP/1.1" 200 72237 "-" "Mozilla/5.0 (compatible; DataForSeoBot/1.0; +https://dataforseo.com/dataforseo-bot)" 288 **0/288741**
136.243.220.212 - - [03/Mar/2026:09:31:09 -0700] "GET /claiming-fandom/ HTTP/1.1" 200 74170 "-" "Mozilla/5.0 (compatible; DataForSeoBot/1.0; +https://dataforseo.com/dataforseo-bot)" 320 **0/320477**
136.243.220.212 - - [03/Mar/2026:09:31:13 -0700] "GET /die-30-besten-umfrageportale-serios-reibungslos-bares-spielen-sie-golden-planet-echtes-geld-anerziehen/ HTTP/1.1" 200 73685 "-" "Mozilla/5.0 (compatible; DataForSeoBot/1.0; +https://dataforseo.com/dataforseo-bot)" 324 **0/324038**
136.243.220.212 - - [03/Mar/2026:09:31:18 -0700] "GET /eximir-juegos-de-casino-regalado-de-de-falto-la-red-cozeta-requisitos-petroliferas/ HTTP/1.1" 200 74094 "-" "Mozilla/5.0 (compatible; DataForSeoBot/1.0; +https://dataforseo.com/dataforseo-bot)" 335 **0/335469**
136.243.220.212 - - [03/Mar/2026:09:31:21 -0700] "GET /sunshine-moonlight-video-slot-to-experience/ HTTP/1.1" 200 72265 "-" "Mozilla/5.0 (compatible; DataForSeoBot/1.0; +https://dataforseo.com/dataforseo-bot)" 298 **0/298067**
136.243.220.212 - - [03/Mar/2026:09:31:25 -0700] "GET /better-on-line-poker-added-bonus-rules-in-the-us-no-deposit-spybet-for-online-casinos-2025/ HTTP/1.1" 200 74058 "-" "Mozilla/5.0 (compatible; DataForSeoBot/1.0; +https://dataforseo.com/dataforseo-bot)" 335 **0/335894**
216.244.66.241 - - [03/Mar/2026:09:31:28 -0700] "GET /cluck-collect-navigate-the-98-rtp-chicken-road/ HTTP/1.1" 200 358109 "-" "Mozilla/5.0 (compatible; DotBot/1.2; +https://opensiteexplorer.org/dotbot; help@moz.com)" 327 **0/327982**
136.243.220.212 - - [03/Mar/2026:09:31:29 -0700] "GET /aztec-crystal-mystery-slot-echtes-bares-dolphin-pearl-deluxe-slot-fur-jedes-geld-captains-treasure-1-kaution-power-durchsetzbar-kostenlos-auffuhren-%E6%9D%B1%E6%82%9F%E3%82%A2%E3%82%BB%E3%83%83/ HTTP/1.1" 200 73493 "-" "Mozilla/5.0 (compatible; DataForSeoBot/1.0; +https://dataforseo.com/dataforseo-bot)" 339 **0/339267**
136.243.220.212 - - [03/Mar/2026:09:31:33 -0700] "GET /kosmos-olympics-4-android-video-game-visual-arts-ib-examination-necmi-hamitoglu-jim-carroll-natural-trains/ HTTP/1.1" 200 72375 "-" "Mozilla/5.0 (compatible; DataForSeoBot/1.0; +https://dataforseo.com/dataforseo-bot)" 305 **0/305752**
136.243.220.212 - - [03/Mar/2026:09:31:37 -0700] "GET /better-united-states-minimum-put-gambling-enterprises-within-the-2025-5-and-you-may-ten/ HTTP/1.1" 200 72691 "-" "Mozilla/5.0 (compatible; DataForSeoBot/1.0; +https://dataforseo.com/dataforseo-bot)" 360 **0/360584**
136.243.220.212 - - [03/Mar/2026:09:31:41 -0700] "GET /the-brand-new-no-deposit-bonuses-within-the-october-2025/ HTTP/1.1" 200 73148 "-" "Mozilla/5.0 (compatible; DataForSeoBot/1.0; +https://dataforseo.com/dataforseo-bot)" 326 **0/326029**
136.243.220.212 - - [03/Mar/2026:09:31:45 -0700] "GET /grand-federal-2025-runners-and-bikers-confirmed-as-the-full-34-horse-checklist-shown-rushing-sport/ HTTP/1.1" 200 72687 "-" "Mozilla/5.0 (compatible; DataForSeoBot/1.0; +https://dataforseo.com/dataforseo-bot)" 318 **0/318718**
57.141.16.99 - - [03/Mar/2026:09:31:49 -0700] "GET /wp-json/oembed/1.0/embed?url=http%3A%2F%2Fwww.icdp.co.in%2Fguerre-eclair-casino-continue-le-plus-bas-salle-de-jeu-quelque-peu-efficient-a-l%25ef%25bf%25bdegard-de-permission%2F HTTP/1.1" 200 2702 "-" "meta-externalagent/1.1 (+https://developers.facebook.com/docs/sharing/webmasters/crawler)" 176 **0/176511**
136.243.220.212 - - [03/Mar/2026:09:31:50 -0700] "GET /nachfolgende-besten-erreichbar-kasino-maklercourtage-angebote-inoffizieller-mitarbeiter-online-casino-mit-schnellster-auszahlung-2025/ HTTP/1.1" 200 73996 "-" "Mozilla/5.0 (compatible; DataForSeoBot/1.0; +https://dataforseo.com/dataforseo-bot)" 336 **0/336313**
17.246.19.127 - - [03/Mar/2026:09:31:51 -0700] "GET /wp-content/themes/astra/assets/css/minified/frontend.min.css?ver=3.2.0 HTTP/1.1" 200 12426 "http://www.icdp.co.in/caesars-palace-on-line-casino-pa-promo-code-details-having/" "Mozilla/5.0 (Macintosh; Intel Mac OS X 10_15_7) AppleWebKit/605.1.15 (KHTML, like Gecko) Version/17.4 Safari/605.1.15 (Applebot/0.1; +http://www.apple.com/go/applebot)" 9 **0/9658**
17.246.19.224 - - [03/Mar/2026:09:31:53 -0700] "GET /wp-includes/js/wp-emoji-release.min.js?ver=5.7.8 HTTP/1.1" 200 4662 "http://www.icdp.co.in/caesars-palace-on-line-casino-pa-promo-code-details-having/" "Mozilla/5.0 (Macintosh; Intel Mac OS X 10_15_7) AppleWebKit/605.1.15 (KHTML, like Gecko) Version/17.4 Safari/605.1.15 (Applebot/0.1; +http://www.apple.com/go/applebot)" 5 **0/5683**
136.243.220.212 - - [03/Mar/2026:09:31:53 -0700] "GET /the-brand-new-champ-out-of-an-excellent-raffle-will-get-a-21-feet-outboard-ship-if-6000-raffle-passes-were-sold-and-also-you-purchased-29-tickets-which-are-the-chance-up-against-their-effective-the-ne/ HTTP/1.1" 200 73362 "-" "Mozilla/5.0 (compatible; DataForSeoBot/1.0; +https://dataforseo.com/dataforseo-bot)" 414 **0/414106**
17.246.23.138 - - [03/Mar/2026:09:31:54 -0700] "GET /wp-content/themes/astra/assets/css/minified/menu-animation.min.css?ver=3.2.0 HTTP/1.1" 200 379 "http://www.icdp.co.in/caesars-palace-on-line-casino-pa-promo-code-details-having/" "Mozilla/5.0 (Macintosh; Intel Mac OS X 10_15_7) AppleWebKit/605.1.15 (KHTML, like Gecko) Version/17.4 Safari/605.1.15 (Applebot/0.1; +http://www.apple.com/go/applebot)" 6 **0/6288**
57.141.16.74 - - [03/Mar/2026:09:31:54 -0700] "GET /wp-json/oembed/1.0/embed?url=http%3A%2F%2Fwww.icdp.co.in%2Finquire-cuatro-tower-slot-machine-understand-the-opinion%2F HTTP/1.1" 200 2445 "-" "meta-externalagent/1.1 (+https://developers.facebook.com/docs/sharing/webmasters/crawler)" 119 **0/119595**
17.246.19.187 - - [03/Mar/2026:09:31:56 -0700] "GET /wp-includes/css/dist/block-library/style.min.css?ver=5.7.8 HTTP/1.1" 200 8685 "http://www.icdp.co.in/caesars-palace-on-line-casino-pa-promo-code-details-having/" "Mozilla/5.0 (Macintosh; Intel Mac OS X 10_15_7) AppleWebKit/605.1.15 (KHTML, like Gecko) Version/17.4 Safari/605.1.15 (Applebot/0.1; +http://www.apple.com/go/applebot)" 8 **0/8616**
17.246.23.107 - - [03/Mar/2026:09:31:57 -0700] "GET /wp-content/plugins/coblocks/dist/js/coblocks-animation.js?ver=2.9.1 HTTP/1.1" 200 628 "http://www.icdp.co.in/caesars-palace-on-line-casino-pa-promo-code-details-having/" "Mozilla/5.0 (Macintosh; Intel Mac OS X 10_15_7) AppleWebKit/605.1.15 (KHTML, like Gecko) Version/17.4 Safari/605.1.15 (Applebot/0.1; +http://www.apple.com/go/applebot)" 8 **0/8745**
136.243.220.212 - - [03/Mar/2026:09:31:57 -0700] "GET /greatest-all-of-us-casinos-with-on-the-internet-baccarat-%EF%B8%8F-biggest-no-deposit-betfair-2five-hundred-baccarat-extra/ HTTP/1.1" 200 74148 "-" "Mozilla/5.0 (compatible; DataForSeoBot/1.0; +https://dataforseo.com/dataforseo-bot)" 329 **0/329041**
17.246.23.250 - - [03/Mar/2026:09:31:59 -0700] "GET /wp-content/themes/astra/assets/js/minified/frontend.min.js?ver=3.2.0 HTTP/1.1" 200 3749 "http://www.icdp.co.in/caesars-palace-on-line-casino-pa-promo-code-details-having/" "Mozilla/5.0 (Macintosh; Intel Mac OS X 10_15_7) AppleWebKit/605.1.15 (KHTML, like Gecko) Version/17.4 Safari/605.1.15 (Applebot/0.1; +http://www.apple.com/go/applebot)" 7 **0/7372**
17.246.19.201 - - [03/Mar/2026:09:32:00 -0700] "GET /wp-includes/js/wp-embed.min.js?ver=5.7.8 HTTP/1.1" 200 765 "http://www.icdp.co.in/caesars-palace-on-line-casino-pa-promo-code-details-having/" "Mozilla/5.0 (Macintosh; Intel Mac OS X 10_15_7) AppleWebKit/605.1.15 (KHTML, like Gecko) Version/17.4 Safari/605.1.15 (Applebot/0.1; +http://www.apple.com/go/applebot)" 9 **0/9025**
136.243.220.212 - - [03/Mar/2026:09:32:01 -0700] "GET /top-jackpot-harbors-to-possess-2025/ HTTP/1.1" 200 72595 "-" "Mozilla/5.0 (compatible; DataForSeoBot/1.0; +https://dataforseo.com/dataforseo-bot)" 461 **0/461348**
136.243.220.212 - - [03/Mar/2026:09:32:05 -0700] "GET /onlajn-gama-casino-online-obzor-2025-1571/ HTTP/1.1" 200 74097 "-" "Mozilla/5.0 (compatible; DataForSeoBot/1.0; +https://dataforseo.com/dataforseo-bot)" 345 **0/345179**
136.243.220.212 - - [03/Mar/2026:09:32:09 -0700] "GET /lucky-pharao-verbunden-tipps-150-chancen-victorious-and-tricks-dein-spiel-tur-paises-y-tecnologia/ HTTP/1.1" 200 74690 "-" "Mozilla/5.0 (compatible; DataForSeoBot/1.0; +https://dataforseo.com/dataforseo-bot)" 344 **0/344647**
136.243.220.212 - - [03/Mar/2026:09:32:13 -0700] "GET /goat-booty-time-step-1-deposit-getter-noi-pho-magicred-casino-sai-gon/ HTTP/1.1" 200 74275 "-" "Mozilla/5.0 (compatible; DataForSeoBot/1.0; +https://dataforseo.com/dataforseo-bot)" 331 **0/331015**
136.243.220.212 - - [03/Mar/2026:09:32:18 -0700] "GET /corporate-getaway-gifts-heart/ HTTP/1.1" 200 73202 "-" "Mozilla/5.0 (compatible; DataForSeoBot/1.0; +https://dataforseo.com/dataforseo-bot)" 321 **0/321087**
136.243.220.212 - - [03/Mar/2026:09:32:21 -0700] "GET /book-of-gates-bf-games-slot-casino-giropay-legit-um-echtgeld-zum-besten-geben/ HTTP/1.1" 200 72835 "-" "Mozilla/5.0 (compatible; DataForSeoBot/1.0; +https://dataforseo.com/dataforseo-bot)" 399 **0/399315**
136.243.220.212 - - [03/Mar/2026:09:32:25 -0700] "GET /better-esports-gaming-sites-inside-the-2025/ HTTP/1.1" 200 73562 "-" "Mozilla/5.0 (compatible; DataForSeoBot/1.0; +https://dataforseo.com/dataforseo-bot)" 302 **0/302786**
136.243.220.212 - - [03/Mar/2026:09:32:29 -0700] "GET /eigene-webseite-anfertigen-diese-grose-spiele-progressiven-online-einflussreicher-querverweis-bedienungsanleitung-fur-laie/ HTTP/1.1" 200 74482 "-" "Mozilla/5.0 (compatible; DataForSeoBot/1.0; +https://dataforseo.com/dataforseo-bot)" 343 **0/343336**
136.243.220.212 - - [03/Mar/2026:09:32:34 -0700] "GET /availability-your-bank-account-effortlessly/ HTTP/1.1" 200 72763 "-" "Mozilla/5.0 (compatible; DataForSeoBot/1.0; +https://dataforseo.com/dataforseo-bot)" 369 **0/369144**
17.22.237.93 - - [03/Mar/2026:09:32:36 -0700] "GET /category/blazer-bet-152/ HTTP/1.1" 200 77224 "-" "Mozilla/5.0 (Macintosh; Intel Mac OS X 10_15_7) AppleWebKit/605.1.15 (KHTML, like Gecko) Version/17.4 Safari/605.1.15 (Applebot/0.1; +http://www.apple.com/go/applebot)" 440 **0/440147**
136.243.220.212 - - [03/Mar/2026:09:32:37 -0700] "GET /bigfoot-stories-inside-indigenous-casino-william-hill-free-chip-american-people-a-spiritual-link-with-character/ HTTP/1.1" 200 74215 "-" "Mozilla/5.0 (compatible; DataForSeoBot/1.0; +https://dataforseo.com/dataforseo-bot)" 343 **0/343153**
216.244.66.241 - - [03/Mar/2026:09:32:37 -0700] "GET /mrpacho-casino/ HTTP/1.1" 200 342794 "-" "Mozilla/5.0 (compatible; DotBot/1.2; +https://opensiteexplorer.org/dotbot; help@moz.com)" 333 **0/333086**
136.243.220.212 - - [03/Mar/2026:09:32:41 -0700] "GET /illinois-governor-victories-step-1-flashdash-slots-promo-code-cuatro-million-within-the-vegas/ HTTP/1.1" 200 74577 "-" "Mozilla/5.0 (compatible; DataForSeoBot/1.0; +https://dataforseo.com/dataforseo-bot)" 276 **0/276733**
136.243.220.212 - - [03/Mar/2026:09:32:45 -0700] "GET /beetle-mania-deluxe-slot-pharaohs-gold-iii-online-slot-by-novomatic-play-for-extrem-riesenerfolg-dreams-2-slot-fur-echtes-bares-free-durchsetzbar/ HTTP/1.1" 200 73743 "-" "Mozilla/5.0 (compatible; DataForSeoBot/1.0; +https://dataforseo.com/dataforseo-bot)" 291 **0/291078**
136.243.220.212 - - [03/Mar/2026:09:32:50 -0700] "GET /the-newest-boylesports-software-to-possess-android-os-mobile-remark-guide/ HTTP/1.1" 200 73764 "-" "Mozilla/5.0 (compatible; DataForSeoBot/1.0; +https://dataforseo.com/dataforseo-bot)" 284 **0/284405**
138.117.14.233 - - [03/Mar/2026:09:32:53 -0700] "GET /page-364/ HTTP/1.1" 200 71523 "-" "Mozilla/5.0 (Windows NT 10.0; WOW64) AppleWebKit/537.36 (KHTML, like Gecko) Chrome/114.0.0.0 YaBrowser/22.7.0 Yowser/2.5 Safari/537.36" 297 **0/297265**
136.243.220.212 - - [03/Mar/2026:09:32:53 -0700] "GET /video-game/ HTTP/1.1" 200 73260 "-" "Mozilla/5.0 (compatible; DataForSeoBot/1.0; +https://dataforseo.com/dataforseo-bot)" 315 **0/315158**
68.178.232.37 - - [03/Mar/2026:09:32:56 -0700] "POST /wp-cron.php?doing_wp_cron=1772555576.1263930797576904296875 HTTP/1.1" 200 - "http://www.icdp.co.in/wp-cron.php?doing_wp_cron=1772555576.1263930797576904296875" "WordPress/5.7.8; http://www.icdp.co.in" 188 **0/188953**
57.141.16.50 - - [03/Mar/2026:09:32:56 -0700] "GET /wp-json/wp/v2/posts/146599 HTTP/1.1" 200 9085 "-" "meta-externalagent/1.1 (+https://developers.facebook.com/docs/sharing/webmasters/crawler)" 339 **0/339266**
136.243.220.212 - - [03/Mar/2026:09:32:58 -0700] "GET /finest-casinos-on-the-internet-united-kingdom-2025-best-uk-gambling-enterprise-sites-recommendations/ HTTP/1.1" 200 73005 "-" "Mozilla/5.0 (compatible; DataForSeoBot/1.0; +https://dataforseo.com/dataforseo-bot)" 347 **0/347145**
136.243.220.212 - - [03/Mar/2026:09:33:01 -0700] "GET /fifty-or-higher-no-deposit-casino-bonuses-personal-bonuses/ HTTP/1.1" 200 70785 "-" "Mozilla/5.0 (compatible; DataForSeoBot/1.0; +https://dataforseo.com/dataforseo-bot)" 473 **0/473873**
136.243.220.212 - - [03/Mar/2026:09:33:05 -0700] "GET /regulations-1xslot-casino-promo-method/ HTTP/1.1" 200 73048 "-" "Mozilla/5.0 (compatible; DataForSeoBot/1.0; +https://dataforseo.com/dataforseo-bot)" 280 **0/280298**
136.243.220.212 - - [03/Mar/2026:09:33:10 -0700] "GET /10-greatest-crypto-casinos-betting-websites-in-the-us-oct-2025/ HTTP/1.1" 200 73292 "-" "Mozilla/5.0 (compatible; DataForSeoBot/1.0; +https://dataforseo.com/dataforseo-bot)" 325 **0/325884**
136.243.220.212 - - [03/Mar/2026:09:33:13 -0700] "GET /retro-reels/ HTTP/1.1" 200 71807 "-" "Mozilla/5.0 (compatible; DataForSeoBot/1.0; +https://dataforseo.com/dataforseo-bot)" 308 **0/308080**
136.243.220.212 - - [03/Mar/2026:09:33:17 -0700] "GET /casanova-trial-play-position-games-a-hundred-100-percent-free/ HTTP/1.1" 200 73147 "-" "Mozilla/5.0 (compatible; DataForSeoBot/1.0; +https://dataforseo.com/dataforseo-bot)" 372 **0/372665**
136.243.220.212 - - [03/Mar/2026:09:33:21 -0700] "GET /betrivers-sportsbook-gambling-enterprise/ HTTP/1.1" 200 72879 "-" "Mozilla/5.0 (compatible; DataForSeoBot/1.0; +https://dataforseo.com/dataforseo-bot)" 325 **0/325859**
136.243.220.212 - - [03/Mar/2026:09:33:26 -0700] "GET /finest-online-casino-incentives-to-own-2025-allege-yours-today/ HTTP/1.1" 200 73038 "-" "Mozilla/5.0 (compatible; DataForSeoBot/1.0; +https://dataforseo.com/dataforseo-bot)" 287 **0/287175**
57.141.16.86 - - [03/Mar/2026:09:33:28 -0700] "GET /wp-json/wp/v2/posts/148698 HTTP/1.1" 200 7836 "-" "meta-externalagent/1.1 (+https://developers.facebook.com/docs/sharing/webmasters/crawler)" 153 **0/153541**
136.243.220.212 - - [03/Mar/2026:09:33:29 -0700] "GET /bingo-tage-trinocasino-casino-danmark-del-vederlagsfri-tilslutte-norske-casino-pa-nett/ HTTP/1.1" 200 71891 "-" "Mozilla/5.0 (compatible; DataForSeoBot/1.0; +https://dataforseo.com/dataforseo-bot)" 298 **0/298135**
136.243.220.212 - - [03/Mar/2026:09:33:34 -0700] "GET /novedosas-tragamonedas-en-casinos-en-internet-tragamonedas-de-balde-y-relacion-de-casinos-adonde-participar/ HTTP/1.1" 200 74156 "-" "Mozilla/5.0 (compatible; DataForSeoBot/1.0; +https://dataforseo.com/dataforseo-bot)" 309 **0/309386**
57.141.16.96 - - [03/Mar/2026:09:33:34 -0700] "GET /wp-json/wp/v2/posts/149799 HTTP/1.1" 200 7294 "-" "meta-externalagent/1.1 (+https://developers.facebook.com/docs/sharing/webmasters/crawler)" 109 **0/109980**
136.243.220.212 - - [03/Mar/2026:09:33:37 -0700] "GET /better-real-cash-gambling-enterprises-rated-rainbow-riches-game-in-the-2025/ HTTP/1.1" 200 74314 "-" "Mozilla/5.0 (compatible; DataForSeoBot/1.0; +https://dataforseo.com/dataforseo-bot)" 310 **0/310147**
136.243.220.212 - - [03/Mar/2026:09:33:42 -0700] "GET /starlight-hug-relationship-match-reels-inside-the-microgamings-like-themed-slot-machine-game/ HTTP/1.1" 200 72957 "-" "Mozilla/5.0 (compatible; DataForSeoBot/1.0; +https://dataforseo.com/dataforseo-bot)" 304 **0/304507**
57.141.16.65 - - [03/Mar/2026:09:33:43 -0700] "GET /?p=148498 HTTP/1.1" 301 - "-" "meta-externalagent/1.1 (+https://developers.facebook.com/docs/sharing/webmasters/crawler)" 120 **0/120893**
57.141.16.78 - - [03/Mar/2026:09:33:44 -0700] "GET /?p=145329 HTTP/1.1" 301 - "-" "meta-externalagent/1.1 (+https://developers.facebook.com/docs/sharing/webmasters/crawler)" 165 **0/165366**
136.243.220.212 - - [03/Mar/2026:09:33:45 -0700] "GET /diese-besten-fortgang-bruce-bet-login-casinos-im-check-reifung-gaming-live-spiele/ HTTP/1.1" 200 72485 "-" "Mozilla/5.0 (compatible; DataForSeoBot/1.0; +https://dataforseo.com/dataforseo-bot)" 327 **0/327132**
144.31.35.94 - - [03/Mar/2026:09:33:49 -0700] "GET /wp-json/wp/v2/posts/25915 HTTP/1.1" 200 10081 "-" "Mozilla/5.0 (Macintosh; Intel Mac OS X 10_15_7) AppleWebKit/537.36 (KHTML, like Gecko) Chrome/135.0.0.0 Safari/537.36" 148 **0/148949**
136.243.220.212 - - [03/Mar/2026:09:33:50 -0700] "GET /presidential-election-2024-live-iwinfortune-mobile-login-efficiency-donald-trump-wins/ HTTP/1.1" 200 75398 "-" "Mozilla/5.0 (compatible; DataForSeoBot/1.0; +https://dataforseo.com/dataforseo-bot)" 303 **0/303743**
136.243.220.212 - - [03/Mar/2026:09:33:53 -0700] "GET /druckgluck-ist-vulkan-vegas-echt-raupe-inside-germany-zocker-erfahrungen-ferner-betrugstest-2025/ HTTP/1.1" 200 73606 "-" "Mozilla/5.0 (compatible; DataForSeoBot/1.0; +https://dataforseo.com/dataforseo-bot)" 364 **0/364446**
68.178.232.37 - - [03/Mar/2026:09:33:57 -0700] "POST /wp-cron.php?doing_wp_cron=1772555637.7893860340118408203125 HTTP/1.1" 200 - "http://www.icdp.co.in/wp-cron.php?doing_wp_cron=1772555637.7893860340118408203125" "WordPress/5.7.8; http://www.icdp.co.in" 157 **0/157757**
136.243.220.212 - - [03/Mar/2026:09:33:57 -0700] "GET /300-put-bonus-united-kingdom-allege-the-3-hundred-welcome-incentive-local-casino/ HTTP/1.1" 200 72279 "-" "Mozilla/5.0 (compatible; DataForSeoBot/1.0; +https://dataforseo.com/dataforseo-bot)" 468 **0/468468**
136.243.220.212 - - [03/Mar/2026:09:34:02 -0700] "GET /5-and-you-may-10-minimal-deposit-gambling-enterprises-found-new-no-deposit-iwinfortune-in-the-usa/ HTTP/1.1" 200 74699 "-" "Mozilla/5.0 (compatible; DataForSeoBot/1.0; +https://dataforseo.com/dataforseo-bot)" 514 **0/514140**
57.141.16.36 - - [03/Mar/2026:09:34:03 -0700] "GET /wp-json/oembed/1.0/embed?url=http%3A%2F%2Fwww.icdp.co.in%2Fstake-une-salle-de-jeu-crypto-en-ligne-recent-deurope%2F HTTP/1.1" 200 2460 "-" "meta-externalagent/1.1 (+https://developers.facebook.com/docs/sharing/webmasters/crawler)" 126 **0/126457**
136.243.220.212 - - [03/Mar/2026:09:34:06 -0700] "GET /top-10-fifa-globe-mug-playing-sites-2024/ HTTP/1.1" 200 73470 "-" "Mozilla/5.0 (compatible; DataForSeoBot/1.0; +https://dataforseo.com/dataforseo-bot)" 382 **0/382810**
136.243.220.212 - - [03/Mar/2026:09:34:10 -0700] "GET /an-unlimluck-app-login-dieser-stelle-book-of-dead-angeschlossen-uber-provision-um-echtgeld-auffuhren/ HTTP/1.1" 200 74278 "-" "Mozilla/5.0 (compatible; DataForSeoBot/1.0; +https://dataforseo.com/dataforseo-bot)" 301 **0/301012**
136.243.220.212 - - [03/Mar/2026:09:34:14 -0700] "GET /spielsaal-slots-gebuhrenfrei-auffuhren-online-power-stars-hack-slots-in-merkur24/ HTTP/1.1" 200 73742 "-" "Mozilla/5.0 (compatible; DataForSeoBot/1.0; +https://dataforseo.com/dataforseo-bot)" 333 **0/333183**
216.244.66.241 - - [03/Mar/2026:09:34:15 -0700] "GET /angeschlossen-casino-zahlungsmethoden-allemal-bares-einzahlen-2026/ HTTP/1.1" 200 350460 "-" "Mozilla/5.0 (compatible; DotBot/1.2; +https://opensiteexplorer.org/dotbot; help@moz.com)" 332 **0/332930**
136.243.220.212 - - [03/Mar/2026:09:34:17 -0700] "GET /golden-aquarium-position/ HTTP/1.1" 200 71120 "-" "Mozilla/5.0 (compatible; DataForSeoBot/1.0; +https://dataforseo.com/dataforseo-bot)" 325 **0/325755**
57.141.16.35 - - [03/Mar/2026:09:34:20 -0700] "GET /wp-json/oembed/1.0/embed?url=http%3A%2F%2Fwww.icdp.co.in%2Fvillento-casino-is-subscribed-for-the-canada-while-offering-mainly-microgaming-harbors-and-dining-tables%2F HTTP/1.1" 200 2685 "-" "meta-externalagent/1.1 (+https://developers.facebook.com/docs/sharing/webmasters/crawler)" 161 **0/161860**
57.141.16.100 - - [03/Mar/2026:09:34:20 -0700] "GET /wp-json/oembed/1.0/embed?url=http%3A%2F%2Fwww.icdp.co.in%2Fbetonred-o-jogo-de-casino-online-que-tem-conquistado-portugal%2F HTTP/1.1" 200 2473 "-" "meta-externalagent/1.1 (+https://developers.facebook.com/docs/sharing/webmasters/crawler)" 144 **0/144794**
136.243.220.212 - - [03/Mar/2026:09:34:21 -0700] "GET /disfruta-de-tus-tragamonedas-favoritas-casino-universe-new-zealand-login-en-argentina/ HTTP/1.1" 200 73952 "-" "Mozilla/5.0 (compatible; DataForSeoBot/1.0; +https://dataforseo.com/dataforseo-bot)" 308 **0/308725**
136.243.220.212 - - [03/Mar/2026:09:34:25 -0700] "GET /measuring-uncertainty-how-variability-affects-game-strategies/ HTTP/1.1" 200 75361 "-" "Mozilla/5.0 (compatible; DataForSeoBot/1.0; +https://dataforseo.com/dataforseo-bot)" 324 **0/324381**
136.243.220.212 - - [03/Mar/2026:09:34:30 -0700] "GET /a-real-income-roulette-playtech-1-deposit-best-10-united-states-of-america-online-casinos-to-own-2025/ HTTP/1.1" 200 72486 "-" "Mozilla/5.0 (compatible; DataForSeoBot/1.0; +https://dataforseo.com/dataforseo-bot)" 436 **0/436833**
136.243.220.212 - - [03/Mar/2026:09:34:33 -0700] "GET /bedste-columbus-deluxe-casino-tilslutte-casinoer-i-kraft-af-dansken-licens-som-2024/ HTTP/1.1" 200 73298 "-" "Mozilla/5.0 (compatible; DataForSeoBot/1.0; +https://dataforseo.com/dataforseo-bot)" 318 **0/318158**
57.141.16.75 - - [03/Mar/2026:09:34:36 -0700] "GET /dritter-monat-des-jahres-2021-im-stande-sein-von-yahoo-and-google-geprufte-software-nebensachlich-inside-land-der-dichter-und-denker-uber-einen-software-shop-heruntergeladen-werden/feed/ HTTP/1.1" 200 1285 "-" "meta-externalagent/1.1 (+https://developers.facebook.com/docs/sharing/webmasters/crawler)" 146 **0/146837**
57.141.16.72 - - [03/Mar/2026:09:34:37 -0700] "GET /small-description-what-to-expect-away-from-a-no-deposit-added-bonus/feed/ HTTP/1.1" 200 949 "-" "meta-externalagent/1.1 (+https://developers.facebook.com/docs/sharing/webmasters/crawler)" 144 **0/144782**
136.243.220.212 - - [03/Mar/2026:09:34:37 -0700] "GET /queen-of-hearts-deluxe-maquina-tragamonedas-gratuito-en-linea-tratar-de-divertirte-novomatic/ HTTP/1.1" 200 73773 "-" "Mozilla/5.0 (compatible; DataForSeoBot/1.0; +https://dataforseo.com/dataforseo-bot)" 326 **0/326813**
136.243.220.212 - - [03/Mar/2026:09:34:42 -0700] "GET /payforit-gambling-establishment-greatest-cellular-casinos-that-have-payforit-2025/ HTTP/1.1" 200 72070 "-" "Mozilla/5.0 (compatible; DataForSeoBot/1.0; +https://dataforseo.com/dataforseo-bot)" 298 **0/298677**
136.243.220.212 - - [03/Mar/2026:09:34:45 -0700] "GET /white-knight-chronicles-ii-gog-dreamlist/ HTTP/1.1" 200 74309 "-" "Mozilla/5.0 (compatible; DataForSeoBot/1.0; +https://dataforseo.com/dataforseo-bot)" 302 **0/302656**
57.141.16.61 - - [03/Mar/2026:09:34:46 -0700] "GET /wp-json/oembed/1.0/embed?url=http%3A%2F%2Fwww.icdp.co.in%2Fmeilleurs-prime-avec-bienvenue-de-pages-web-de-jeu-un-tantinet-2025%2F HTTP/1.1" 200 2509 "-" "meta-externalagent/1.1 (+https://developers.facebook.com/docs/sharing/webmasters/crawler)" 153 **0/153883**
136.243.220.212 - - [03/Mar/2026:09:34:50 -0700] "GET /draftkings-promo-code-bet-5-score-200-in-the-bonus-wagers-if-the-wager-victories/ HTTP/1.1" 200 72684 "-" "Mozilla/5.0 (compatible; DataForSeoBot/1.0; +https://dataforseo.com/dataforseo-bot)" 312 **0/312169**
57.141.16.3 - - [03/Mar/2026:09:34:52 -0700] "GET /wp-json/oembed/1.0/embed?url=http%3A%2F%2Fwww.icdp.co.in%2Ffree-revolves-help-people-spin-the-fresh-new-reels-of-picked-position-online-game-without-using-their-own-money%2F HTTP/1.1" 200 2720 "-" "meta-externalagent/1.1 (+https://developers.facebook.com/docs/sharing/webmasters/crawler)" 127 **0/127898**
136.243.220.212 - - [03/Mar/2026:09:34:54 -0700] "GET /on-the-web-bingo-play-for-real-cash-and-you-can-80-free-no-deposit-spins-100-percent-free-in-the-us/ HTTP/1.1" 200 73920 "-" "Mozilla/5.0 (compatible; DataForSeoBot/1.0; +https://dataforseo.com/dataforseo-bot)" 357 **0/357981**
57.141.16.39 - - [03/Mar/2026:09:34:55 -0700] "GET /wp-json/oembed/1.0/embed?url=http%3A%2F%2Fwww.icdp.co.in%2Fhow-we-take-a-look-at-no-deposit-bonus-casino-poland-offers%2F HTTP/1.1" 200 2460 "-" "meta-externalagent/1.1 (+https://developers.facebook.com/docs/sharing/webmasters/crawler)" 169 **0/169026**
68.178.232.37 - - [03/Mar/2026:09:34:56 -0700] "POST /wp-cron.php?doing_wp_cron=1772555696.5810871124267578125000 HTTP/1.1" 200 - "http://www.icdp.co.in/wp-cron.php?doing_wp_cron=1772555696.5810871124267578125000" "WordPress/5.7.8; http://www.icdp.co.in" 185 **0/185971**
167.160.76.168 - - [03/Mar/2026:09:34:56 -0700] "GET /kupit-diplom-sssr-na-oficialnom-blanke-583072451/ HTTP/1.1" 200 72947 "-" "Mozilla/5.0 (Windows NT 10.0; WOW64) AppleWebKit/537.36 (KHTML, like Gecko) Chrome/114.0.0.0 Safari/537.36 Vivaldi/5.3.2679.68" 496 **0/496842**
136.243.220.212 - - [03/Mar/2026:09:34:57 -0700] "GET /fire-xon-bet-anmeldebonus-wildcard-slot-online-spielen-tipps-tricks-zum-klassiker/ HTTP/1.1" 200 72534 "-" "Mozilla/5.0 (compatible; DataForSeoBot/1.0; +https://dataforseo.com/dataforseo-bot)" 344 **0/344480**
136.243.220.212 - - [03/Mar/2026:09:35:01 -0700] "GET /online-kasino-gebuhrenfrei-21-beste-chance-online-zu-gewinnen-power-stars-bonus-ohne-einzahlung-slots-000-kundgebung-kasino-spiele/ HTTP/1.1" 200 72955 "-" "Mozilla/5.0 (compatible; DataForSeoBot/1.0; +https://dataforseo.com/dataforseo-bot)" 1128 **1/1128671**
136.243.220.212 - - [03/Mar/2026:09:35:05 -0700] "GET /unter-einsatz-von-giropay-wirst-du-durchaus-bei-das-location-sein-bei-eigenen-netten/ HTTP/1.1" 200 72206 "-" "Mozilla/5.0 (compatible; DataForSeoBot/1.0; +https://dataforseo.com/dataforseo-bot)" 407 **0/407700**
