136.243.220.212 - - [03/Mar/2026:06:59:00 -0700] "GET /odplata-clover-vulkanbet-kasino-promo-kody-sprievodca-aktualizaciou-demonov/ HTTP/1.1" 200 72829 "-" "Mozilla/5.0 (compatible; DataForSeoBot/1.0; +https://dataforseo.com/dataforseo-bot)" 290 **0/290243**
136.243.220.212 - - [03/Mar/2026:06:59:04 -0700] "GET /fifty-totally-free-revolves-no-deposit-during-the-888casino/ HTTP/1.1" 200 72649 "-" "Mozilla/5.0 (compatible; DataForSeoBot/1.0; +https://dataforseo.com/dataforseo-bot)" 303 **0/303787**
136.243.220.212 - - [03/Mar/2026:06:59:08 -0700] "GET /betsafe-better-on-line-casino-incentives/ HTTP/1.1" 200 72625 "-" "Mozilla/5.0 (compatible; DataForSeoBot/1.0; +https://dataforseo.com/dataforseo-bot)" 437 **0/437655**
185.191.171.11 - - [03/Mar/2026:06:59:08 -0700] "GET /the-brand-new-ming-dynasty-gentleman-thief-hd-casino-bitcoin-casino-sportbet-slots-slot-games-on-the-web-casino-slot-games-play-totally-free-that-have-novomatic/ HTTP/1.1" 200 81272 "-" "Mozilla/5.0 (compatible; SemrushBot/7~bl; +http://www.semrush.com/bot.html)" 318 **0/318123**
57.141.16.99 - - [03/Mar/2026:06:59:09 -0700] "GET /wp-json/oembed/1.0/embed?url=http%3A%2F%2Fwww.icdp.co.in%2Fon-this-page-we-shall-score-deeper-to-the-a-few-of-these-anything%2F HTTP/1.1" 200 2493 "-" "meta-externalagent/1.1 (+https://developers.facebook.com/docs/sharing/webmasters/crawler)" 150 **0/150963**
136.243.220.212 - - [03/Mar/2026:06:59:12 -0700] "GET /wettbonus-kollation-35-sportwetten-bonus-angebote-fur-ostmark/ HTTP/1.1" 200 74213 "-" "Mozilla/5.0 (compatible; DataForSeoBot/1.0; +https://dataforseo.com/dataforseo-bot)" 312 **0/312072**
136.243.220.212 - - [03/Mar/2026:06:59:16 -0700] "GET /tipps-zur-optimierung-deiner-einzahlung-im-giropay-casino-fur-schnelle-auszahlungen/ HTTP/1.1" 200 73840 "-" "Mozilla/5.0 (compatible; DataForSeoBot/1.0; +https://dataforseo.com/dataforseo-bot)" 316 **0/316251**
136.243.220.212 - - [03/Mar/2026:06:59:15 -0700] "GET /wp-sitemap-posts-post-11.xml HTTP/1.1" 200 54653 "-" "Mozilla/5.0 (compatible; DataForSeoBot/1.0; +https://dataforseo.com/dataforseo-bot)" 1411 **1/1411612**
185.191.171.6 - - [03/Mar/2026:06:59:19 -0700] "GET /mostbet-casino-722/ HTTP/1.1" 200 81453 "-" "Mozilla/5.0 (compatible; SemrushBot/7~bl; +http://www.semrush.com/bot.html)" 329 **0/329598**
136.243.220.212 - - [03/Mar/2026:06:59:20 -0700] "GET /pinco-casino-ofitsialnomu-sait-pinko-zhe-kazakhstane/ HTTP/1.1" 200 79206 "-" "Mozilla/5.0 (compatible; DataForSeoBot/1.0; +https://dataforseo.com/dataforseo-bot)" 349 **0/349469**
57.141.16.97 - - [03/Mar/2026:06:59:23 -0700] "GET /wp-json/wp/v2/posts/149525 HTTP/1.1" 200 6247 "-" "meta-externalagent/1.1 (+https://developers.facebook.com/docs/sharing/webmasters/crawler)" 190 **0/190480**
185.191.171.15 - - [03/Mar/2026:06:59:23 -0700] "GET /%E2%AD%90-gamble-bingo-billion-llama-slot-on-line-the-real-deal-money-or-free-subscribe-now/ HTTP/1.1" 200 79536 "-" "Mozilla/5.0 (compatible; SemrushBot/7~bl; +http://www.semrush.com/bot.html)" 311 **0/311502**
136.243.220.212 - - [03/Mar/2026:06:59:24 -0700] "GET /160-vermittlungsgebuhr-50-spins-frei-einzahlung-zu-handen-gates-concerning-olympus-tausend-200-bis-%ef%bf%bd-three-hundred/ HTTP/1.1" 200 71468 "-" "Mozilla/5.0 (compatible; DataForSeoBot/1.0; +https://dataforseo.com/dataforseo-bot)" 315 **0/315048**
136.243.220.212 - - [03/Mar/2026:06:59:28 -0700] "GET /ein-hilfestellung-reagierte-schon-lahm-hinein-gebrochenem-englische-sprache-gar-nicht-sehr-wolkenlos/ HTTP/1.1" 200 71999 "-" "Mozilla/5.0 (compatible; DataForSeoBot/1.0; +https://dataforseo.com/dataforseo-bot)" 350 **0/350024**
136.243.220.212 - - [03/Mar/2026:06:59:32 -0700] "GET /precisely-what-do-the-brand-new-in-addition-to-and-you-may-without-signs-imply-inside-betting/ HTTP/1.1" 200 73257 "-" "Mozilla/5.0 (compatible; DataForSeoBot/1.0; +https://dataforseo.com/dataforseo-bot)" 280 **0/280095**
57.141.16.40 - - [03/Mar/2026:06:59:36 -0700] "GET /wp-json/oembed/1.0/embed?url=http%3A%2F%2Fwww.icdp.co.in%2Fpin-up-bet-login-649%2F HTTP/1.1" 200 2391 "-" "meta-externalagent/1.1 (+https://developers.facebook.com/docs/sharing/webmasters/crawler)" 113 **0/113085**
136.243.220.212 - - [03/Mar/2026:06:59:36 -0700] "GET /ultimat-natcasino-2025-jamfor-svenska-casinosidor-villig-emoticoins-slot-bonus-natet/ HTTP/1.1" 200 71303 "-" "Mozilla/5.0 (compatible; DataForSeoBot/1.0; +https://dataforseo.com/dataforseo-bot)" 273 **0/273507**
51.195.244.89 - - [03/Mar/2026:06:59:39 -0700] "GET /starburst-ubersicht-2025-erreichbar-slots-und-kasino-book-of-ra-magic-kostenlos-spielen-ohne-anmeldung-spiele/ HTTP/1.1" 200 73259 "-" "Mozilla/5.0 (compatible; AhrefsBot/7.0; +http://ahrefs.com/robot/)" 332 **0/332508**
136.243.220.212 - - [03/Mar/2026:06:59:41 -0700] "GET /best-uk-harbors-internet-sites-compared/ HTTP/1.1" 200 72788 "-" "Mozilla/5.0 (compatible; DataForSeoBot/1.0; +https://dataforseo.com/dataforseo-bot)" 394 **0/394895**
136.243.220.212 - - [03/Mar/2026:06:59:45 -0700] "GET /release-the-kraken-hugo-casino-codigos-de-bonificacion-funciona-gratuito-slots-lat/ HTTP/1.1" 200 73705 "-" "Mozilla/5.0 (compatible; DataForSeoBot/1.0; +https://dataforseo.com/dataforseo-bot)" 369 **0/369458**
136.243.220.212 - - [03/Mar/2026:06:59:48 -0700] "GET /on-the-web-keno-play-keno-game-online-for-real-currency/ HTTP/1.1" 200 73418 "-" "Mozilla/5.0 (compatible; DataForSeoBot/1.0; +https://dataforseo.com/dataforseo-bot)" 371 **0/371664**
185.191.171.11 - - [03/Mar/2026:06:59:49 -0700] "GET /blog/page/3572/ HTTP/1.1" 200 80056 "-" "Mozilla/5.0 (compatible; SemrushBot/7~bl; +http://www.semrush.com/bot.html)" 530 **0/530751**
136.243.220.212 - - [03/Mar/2026:06:59:52 -0700] "GET /aceclub-poker-53-8-959042-spielbank-charter-00-seven-980370-kasino-esplanade-topf-eight-989020-spielcasino/ HTTP/1.1" 200 72222 "-" "Mozilla/5.0 (compatible; DataForSeoBot/1.0; +https://dataforseo.com/dataforseo-bot)" 372 **0/372111**
185.191.171.12 - - [03/Mar/2026:06:59:53 -0700] "GET /2025/10/page/756/ HTTP/1.1" 200 79827 "-" "Mozilla/5.0 (compatible; SemrushBot/7~bl; +http://www.semrush.com/bot.html)" 524 **0/524260**
68.178.232.37 - - [03/Mar/2026:06:59:56 -0700] "POST /wp-cron.php?doing_wp_cron=1772546396.7133591175079345703125 HTTP/1.1" 200 - "http://www.icdp.co.in/wp-cron.php?doing_wp_cron=1772546396.7133591175079345703125" "WordPress/5.7.8; http://www.icdp.co.in" 191 **0/191474**
85.208.96.203 - - [03/Mar/2026:06:59:56 -0700] "GET /level-up-casino-app-891/ HTTP/1.1" 200 83708 "-" "Mozilla/5.0 (compatible; SemrushBot/7~bl; +http://www.semrush.com/bot.html)" 519 **0/519825**
136.243.220.212 - - [03/Mar/2026:06:59:57 -0700] "GET /cleobetra-spielsaal-ruckblick-unser-vors-z-eines-kanadischen-spielerscleobetra-spielcasino-head-wear-sich-schnell/ HTTP/1.1" 200 73816 "-" "Mozilla/5.0 (compatible; DataForSeoBot/1.0; +https://dataforseo.com/dataforseo-bot)" 365 **0/365134**
136.243.220.212 - - [03/Mar/2026:07:00:01 -0700] "GET /astuce-n6-nos-harnachements-zelda-breath-of-le-meilleur-spins-gratuits-sans-depot-gonzos-quest-wild-fr-amino/ HTTP/1.1" 200 73180 "-" "Mozilla/5.0 (compatible; DataForSeoBot/1.0; +https://dataforseo.com/dataforseo-bot)" 1099 **1/1099114**
136.243.220.212 - - [03/Mar/2026:07:00:07 -0700] "GET /freeroll-uri-sa-poker-parole-premii-pe-bani-reali/ HTTP/1.1" 200 72018 "-" "Mozilla/5.0 (compatible; DataForSeoBot/1.0; +https://dataforseo.com/dataforseo-bot)" 379 **0/379281**
85.208.96.205 - - [03/Mar/2026:07:00:08 -0700] "GET /jocuri-microgaming-gratuit-pacanele-microgaming-2025/ HTTP/1.1" 200 79846 "-" "Mozilla/5.0 (compatible; SemrushBot/7~bl; +http://www.semrush.com/bot.html)" 380 **0/380805**
136.243.220.212 - - [03/Mar/2026:07:00:10 -0700] "GET /wp-sitemap-posts-post-12.xml HTTP/1.1" 200 55676 "-" "Mozilla/5.0 (compatible; DataForSeoBot/1.0; +https://dataforseo.com/dataforseo-bot)" 1579 **1/1579826**
136.243.220.212 - - [03/Mar/2026:07:00:12 -0700] "GET /incentives-and-you-can-requirements-provided-by-eurobets-casino/ HTTP/1.1" 200 71692 "-" "Mozilla/5.0 (compatible; DataForSeoBot/1.0; +https://dataforseo.com/dataforseo-bot)" 400 **0/400326**
136.243.220.212 - - [03/Mar/2026:07:00:15 -0700] "GET /beste-online-spielautomaten-casinos-2025-tagesordnungspunkt-slots-je-de/ HTTP/1.1" 200 72612 "-" "Mozilla/5.0 (compatible; DataForSeoBot/1.0; +https://dataforseo.com/dataforseo-bot)" 295 **0/295595**
57.141.16.5 - - [03/Mar/2026:07:00:17 -0700] "GET /wp-json/oembed/1.0/embed?url=http%3A%2F%2Fwww.icdp.co.in%2Fbedste-danske-tilslutte-euslot-casino-casinoer-dk-casino%2F HTTP/1.1" 200 2445 "-" "meta-externalagent/1.1 (+https://developers.facebook.com/docs/sharing/webmasters/crawler)" 186 **0/186115**
57.141.16.86 - - [03/Mar/2026:07:00:19 -0700] "GET /wp-json/oembed/1.0/embed?url=http%3A%2F%2Fwww.icdp.co.in%2Flanding-four-of-them-to-your-a-good-payline-is-give-extreme-productivity%2F HTTP/1.1" 200 2525 "-" "meta-externalagent/1.1 (+https://developers.facebook.com/docs/sharing/webmasters/crawler)" 137 **0/137997**
136.243.220.212 - - [03/Mar/2026:07:00:19 -0700] "GET /beste-online-casinos-deutschland-oktober-2025/ HTTP/1.1" 200 79283 "-" "Mozilla/5.0 (compatible; DataForSeoBot/1.0; +https://dataforseo.com/dataforseo-bot)" 371 **0/371409**
136.243.220.212 - - [03/Mar/2026:07:00:23 -0700] "GET /ausschlielich-slot-spiele-ohne-progressiven-hauptgewinn-sind-dem-recht-entsprechend/ HTTP/1.1" 200 72131 "-" "Mozilla/5.0 (compatible; DataForSeoBot/1.0; +https://dataforseo.com/dataforseo-bot)" 338 **0/338901**
185.191.171.4 - - [03/Mar/2026:07:00:24 -0700] "GET /joka-bet-744/ HTTP/1.1" 200 82865 "-" "Mozilla/5.0 (compatible; SemrushBot/7~bl; +http://www.semrush.com/bot.html)" 370 **0/370821**
57.141.16.67 - - [03/Mar/2026:07:00:25 -0700] "GET /?p=144816 HTTP/1.1" 301 - "-" "meta-externalagent/1.1 (+https://developers.facebook.com/docs/sharing/webmasters/crawler)" 138 **0/138061**
136.243.220.212 - - [03/Mar/2026:07:00:27 -0700] "GET /always-online-%E6%AD%8C%E8%AF%8D_%E7%99%BE%E5%BA%A6%E7%9F%A5%E9%81%93/ HTTP/1.1" 200 71687 "-" "Mozilla/5.0 (compatible; DataForSeoBot/1.0; +https://dataforseo.com/dataforseo-bot)" 284 **0/284934**
136.243.220.212 - - [03/Mar/2026:07:00:32 -0700] "GET /kiedy-rozwija-sie-gra-pirots-4-odkryj-tajemnice-rozszerzania-planszy/ HTTP/1.1" 200 74517 "-" "Mozilla/5.0 (compatible; DataForSeoBot/1.0; +https://dataforseo.com/dataforseo-bot)" 324 **0/324690**
136.243.220.212 - - [03/Mar/2026:07:00:35 -0700] "GET /le-pouvoir-des-chiffres-porte-bonheur-dans-la-culture-et-le-jeu-en-france/ HTTP/1.1" 200 75239 "-" "Mozilla/5.0 (compatible; DataForSeoBot/1.0; +https://dataforseo.com/dataforseo-bot)" 332 **0/332777**
136.243.220.212 - - [03/Mar/2026:07:00:39 -0700] "GET /wie-man-eine-prazise-keyword-strategie-fur-nischenmarkte-im-deutschsprachigen-raum-entwickelt-schritt-fur-schritt-anleitung-fur-nachhaltigen-erfolg/ HTTP/1.1" 200 74104 "-" "Mozilla/5.0 (compatible; DataForSeoBot/1.0; +https://dataforseo.com/dataforseo-bot)" 300 **0/300166**
57.141.16.20 - - [03/Mar/2026:07:00:43 -0700] "GET /wp-json/wp/v2/posts/145331 HTTP/1.1" 200 7958 "-" "meta-externalagent/1.1 (+https://developers.facebook.com/docs/sharing/webmasters/crawler)" 131 **0/131167**
57.141.16.5 - - [03/Mar/2026:07:00:44 -0700] "GET /wp-json/wp/v2/posts/150157 HTTP/1.1" 200 7486 "-" "meta-externalagent/1.1 (+https://developers.facebook.com/docs/sharing/webmasters/crawler)" 164 **0/164894**
136.243.220.212 - - [03/Mar/2026:07:00:44 -0700] "GET /machines-colaces-de-vagner-eye-of-ra-pour-thunes-complaisantes-10000-de-jeu-casino-gratuits-un-tantinet/ HTTP/1.1" 200 71645 "-" "Mozilla/5.0 (compatible; DataForSeoBot/1.0; +https://dataforseo.com/dataforseo-bot)" 325 **0/325014**
85.208.96.207 - - [03/Mar/2026:07:00:44 -0700] "GET /15-eur-pramie-ohne-einzahlung-november-2025-as-part-of-kolle-essen-einen-zur-brust-nehmen/ HTTP/1.1" 200 79439 "-" "Mozilla/5.0 (compatible; SemrushBot/7~bl; +http://www.semrush.com/bot.html)" 306 **0/306887**
57.141.16.6 - - [03/Mar/2026:07:00:45 -0700] "GET /wp-json/wp/v2/posts/147711 HTTP/1.1" 200 8923 "-" "meta-externalagent/1.1 (+https://developers.facebook.com/docs/sharing/webmasters/crawler)" 139 **0/139414**
216.244.66.241 - - [03/Mar/2026:07:00:47 -0700] "GET /robots.txt HTTP/1.1" 200 114 "-" "Mozilla/5.0 (compatible; DotBot/1.2; +https://opensiteexplorer.org/dotbot; help@moz.com)" 155 **0/155489**
136.243.220.212 - - [03/Mar/2026:07:00:47 -0700] "GET /mastering-data-driven-personalization-implementing-precise-customer-segmentation-and-algorithm-validation/ HTTP/1.1" 200 75865 "-" "Mozilla/5.0 (compatible; DataForSeoBot/1.0; +https://dataforseo.com/dataforseo-bot)" 350 **0/350859**
136.243.220.212 - - [03/Mar/2026:07:00:51 -0700] "GET /come-le-transizioni-di-fase-influenzano-le-proprieta-energetiche-nei-sistemi-complessi/ HTTP/1.1" 200 73615 "-" "Mozilla/5.0 (compatible; DataForSeoBot/1.0; +https://dataforseo.com/dataforseo-bot)" 296 **0/296483**
136.243.220.212 - - [03/Mar/2026:07:00:55 -0700] "GET /wie-hoch-ist-und-bleibt-diese-gewinnchance-in-rubbellosen/ HTTP/1.1" 200 74266 "-" "Mozilla/5.0 (compatible; DataForSeoBot/1.0; +https://dataforseo.com/dataforseo-bot)" 275 **0/275114**
68.178.232.37 - - [03/Mar/2026:07:00:56 -0700] "POST /wp-cron.php?doing_wp_cron=1772546456.4015789031982421875000 HTTP/1.1" 200 - "http://www.icdp.co.in/wp-cron.php?doing_wp_cron=1772546456.4015789031982421875000" "WordPress/5.7.8; http://www.icdp.co.in" 162 **0/162318**
85.208.96.201 - - [03/Mar/2026:07:00:56 -0700] "GET /play-table-tennis-panda-pokies-because-sky-high-slots-casino-of-the-spadegaming-at-the-getwin/ HTTP/1.1" 200 80778 "-" "Mozilla/5.0 (compatible; SemrushBot/7~bl; +http://www.semrush.com/bot.html)" 436 **0/436464**
136.243.220.212 - - [03/Mar/2026:07:00:59 -0700] "GET /darmowa-kasa-w-ciagu-rejestracje-z-brakiem-100-darmowych-obrotow-bez-depozytu-plenty-of-fortune-depozytu%E3%80%902025%E3%80%91/ HTTP/1.1" 200 72362 "-" "Mozilla/5.0 (compatible; DataForSeoBot/1.0; +https://dataforseo.com/dataforseo-bot)" 361 **0/361414**
85.208.96.209 - - [03/Mar/2026:07:01:01 -0700] "GET /top-games-to-play-and-win-at-glory-casino/ HTTP/1.1" 200 78715 "-" "Mozilla/5.0 (compatible; SemrushBot/7~bl; +http://www.semrush.com/bot.html)" 402 **0/402904**
143.14.6.62 - - [03/Mar/2026:07:01:02 -0700] "GET /utlandska-casinon-med-bankid-2025-en-absolut-vagledning/feed/ HTTP/1.1" 200 496 "-" "Mozilla/5.0 (Macintosh; Intel Mac OS X 10_15_7) AppleWebKit/537.36 (KHTML, like Gecko) Chrome/135.0.0.0 Safari/537.36" 169 **0/169733**
136.243.220.212 - - [03/Mar/2026:07:01:03 -0700] "GET /online-gokkasten-dringende-hyperlink-netent-slots-speel-voor-plusteken-voor-eigenlijk-bankbiljet/ HTTP/1.1" 200 71349 "-" "Mozilla/5.0 (compatible; DataForSeoBot/1.0; +https://dataforseo.com/dataforseo-bot)" 322 **0/322766**
57.141.16.41 - - [03/Mar/2026:07:01:05 -0700] "GET /si-te-gustaria-saber-aun-de-mayor-sobre-codere-estas-en-el-espacio-comodo/feed/ HTTP/1.1" 200 964 "-" "meta-externalagent/1.1 (+https://developers.facebook.com/docs/sharing/webmasters/crawler)" 112 **0/112032**
136.243.220.212 - - [03/Mar/2026:07:01:08 -0700] "GET /could-there-be-playing-in-casino-piggs-peak-100-free-spins-the-branson/ HTTP/1.1" 200 71002 "-" "Mozilla/5.0 (compatible; DataForSeoBot/1.0; +https://dataforseo.com/dataforseo-bot)" 316 **0/316854**
136.243.220.212 - - [03/Mar/2026:07:01:12 -0700] "GET /melhores-b%ef%bf%bdnus-infantilidade-casino-sem-dep%ef%bf%bdencurralado-acercade-agosto-2024/ HTTP/1.1" 200 74336 "-" "Mozilla/5.0 (compatible; DataForSeoBot/1.0; +https://dataforseo.com/dataforseo-bot)" 289 **0/289922**
185.191.171.14 - - [03/Mar/2026:07:01:11 -0700] "GET /blog/page/1020/ HTTP/1.1" 200 79557 "-" "Mozilla/5.0 (compatible; SemrushBot/7~bl; +http://www.semrush.com/bot.html)" 479 **0/479845**
136.243.220.212 - - [03/Mar/2026:07:01:15 -0700] "GET /pin-up-casino-az%C9%99rbaycan-r%C9%99smi-pinup-kazino-az/ HTTP/1.1" 200 69778 "-" "Mozilla/5.0 (compatible; DataForSeoBot/1.0; +https://dataforseo.com/dataforseo-bot)" 292 **0/292050**
185.191.171.11 - - [03/Mar/2026:07:01:15 -0700] "GET /better-real-cash-gambling-enterprises-rated-rainbow-riches-game-in-the-2025/ HTTP/1.1" 200 81321 "-" "Mozilla/5.0 (compatible; SemrushBot/7~bl; +http://www.semrush.com/bot.html)" 332 **0/332134**
185.191.171.11 - - [03/Mar/2026:07:01:18 -0700] "GET /sultan-games-kollekcija-igr-6886/ HTTP/1.1" 200 80385 "-" "Mozilla/5.0 (compatible; SemrushBot/7~bl; +http://www.semrush.com/bot.html)" 416 **0/416471**
136.243.220.212 - - [03/Mar/2026:07:01:18 -0700] "GET /wp-sitemap-posts-post-13.xml HTTP/1.1" 200 61271 "-" "Mozilla/5.0 (compatible; DataForSeoBot/1.0; +https://dataforseo.com/dataforseo-bot)" 1485 **1/1485183**
136.243.220.212 - - [03/Mar/2026:07:01:19 -0700] "GET /gokkasten-offlin-gokkasten-ervoor-echt-strafbaar-ofwel-kosteloos/ HTTP/1.1" 200 72027 "-" "Mozilla/5.0 (compatible; DataForSeoBot/1.0; +https://dataforseo.com/dataforseo-bot)" 339 **0/339030**
136.243.220.212 - - [03/Mar/2026:07:01:24 -0700] "GET /die-besten-erreichbar-casinos-qua-paypal-2025/ HTTP/1.1" 200 72908 "-" "Mozilla/5.0 (compatible; DataForSeoBot/1.0; +https://dataforseo.com/dataforseo-bot)" 340 **0/340904**
136.243.220.212 - - [03/Mar/2026:07:01:27 -0700] "GET /zum-besten-geben-diese-live-baccarat-verbunden-baccarat-via-live-dealern-2025/ HTTP/1.1" 200 74259 "-" "Mozilla/5.0 (compatible; DataForSeoBot/1.0; +https://dataforseo.com/dataforseo-bot)" 285 **0/285703**
57.141.16.36 - - [03/Mar/2026:07:01:28 -0700] "GET /wp-json/oembed/1.0/embed?url=http%3A%2F%2Fwww.icdp.co.in%2Fexploring-golden-winner-demo-a-free-online-casino-experience%2F HTTP/1.1" 200 2468 "-" "meta-externalagent/1.1 (+https://developers.facebook.com/docs/sharing/webmasters/crawler)" 134 **0/134679**
136.243.220.212 - - [03/Mar/2026:07:01:32 -0700] "GET /free-spins-2024-noppes-spins-buiten-deponeren-non-deposit/ HTTP/1.1" 200 71976 "-" "Mozilla/5.0 (compatible; DataForSeoBot/1.0; +https://dataforseo.com/dataforseo-bot)" 293 **0/293693**
136.243.220.212 - - [03/Mar/2026:07:01:35 -0700] "GET /angeschlossen-spielsaal-pramie-2025-beste-boni-qua-and-ohne-einzahlung/ HTTP/1.1" 200 74026 "-" "Mozilla/5.0 (compatible; DataForSeoBot/1.0; +https://dataforseo.com/dataforseo-bot)" 284 **0/284297**
136.243.220.212 - - [03/Mar/2026:07:01:39 -0700] "GET /giros-gratuito-acerca-de-book-of-ra-bet365-tragaperras-casinos-en-internet-promociones-sobre-espana-2025/ HTTP/1.1" 200 73295 "-" "Mozilla/5.0 (compatible; DataForSeoBot/1.0; +https://dataforseo.com/dataforseo-bot)" 338 **0/338022**
57.141.16.87 - - [03/Mar/2026:07:01:41 -0700] "GET /wp-json/oembed/1.0/embed?url=http%3A%2F%2Fwww.icdp.co.in%2Fde-acuerdo-a-los-caracteristicas-nuestro-boleto-tiene-que-existir-la-cuota-minima-sobre-un%2F HTTP/1.1" 200 2618 "-" "meta-externalagent/1.1 (+https://developers.facebook.com/docs/sharing/webmasters/crawler)" 143 **0/143134**
185.191.171.5 - - [03/Mar/2026:07:01:41 -0700] "GET /how-exactly-we-rank-the-best-web-based-casinos-for-the-canada/ HTTP/1.1" 200 78686 "-" "Mozilla/5.0 (compatible; SemrushBot/7~bl; +http://www.semrush.com/bot.html)" 335 **0/335908**
136.243.220.212 - - [03/Mar/2026:07:01:43 -0700] "GET /online-kienspel-spelen-ervoor-strafbaar-stormwind-afwijkend-geldbedragen/ HTTP/1.1" 200 71571 "-" "Mozilla/5.0 (compatible; DataForSeoBot/1.0; +https://dataforseo.com/dataforseo-bot)" 298 **0/298893**
17.22.245.100 - - [03/Mar/2026:07:01:45 -0700] "GET /5-%ef%bf%bd-opzioni-a-il-base-ancora-il-prelievo/ HTTP/1.1" 200 78384 "-" "Mozilla/5.0 (Macintosh; Intel Mac OS X 10_15_7) AppleWebKit/605.1.15 (KHTML, like Gecko) Version/17.4 Safari/605.1.15 (Applebot/0.1; +http://www.apple.com/go/applebot)" 280 **0/280273**
136.243.220.212 - - [03/Mar/2026:07:01:47 -0700] "GET /aparelhar-gratis-50-giros-dado-em-galera-bet-login-para-pc-caca-niqueis-5-deposito-hit-the-bank-hold-and-win-sem-armazem/ HTTP/1.1" 200 71897 "-" "Mozilla/5.0 (compatible; DataForSeoBot/1.0; +https://dataforseo.com/dataforseo-bot)" 373 **0/373286**
85.208.96.202 - - [03/Mar/2026:07:01:50 -0700] "GET /mostbet-login-bangladesh-947/ HTTP/1.1" 200 82407 "-" "Mozilla/5.0 (compatible; SemrushBot/7~bl; +http://www.semrush.com/bot.html)" 305 **0/305898**
136.243.220.212 - - [03/Mar/2026:07:01:51 -0700] "GET /secrets-of-ybets-accountaanmelding-stelling-forest-vinnig-wegens-gelijk-mobiele-ofwel-laptopbrowser/ HTTP/1.1" 200 72240 "-" "Mozilla/5.0 (compatible; DataForSeoBot/1.0; +https://dataforseo.com/dataforseo-bot)" 264 **0/264052**
68.178.232.37 - - [03/Mar/2026:07:01:56 -0700] "POST /wp-cron.php?doing_wp_cron=1772546516.1330659389495849609375 HTTP/1.1" 200 - "http://www.icdp.co.in/wp-cron.php?doing_wp_cron=1772546516.1330659389495849609375" "WordPress/5.7.8; http://www.icdp.co.in" 151 **0/151575**
185.191.171.13 - - [03/Mar/2026:07:01:56 -0700] "GET /category/vietnam-casino1/ HTTP/1.1" 200 76661 "-" "Mozilla/5.0 (compatible; SemrushBot/7~bl; +http://www.semrush.com/bot.html)" 544 **0/544589**
136.243.220.212 - - [03/Mar/2026:07:01:56 -0700] "GET /offlin-gokkasten-voor-echt-geld-of-noppes-groep-betcity-flashdash-nederland-gokhuis/ HTTP/1.1" 200 72035 "-" "Mozilla/5.0 (compatible; DataForSeoBot/1.0; +https://dataforseo.com/dataforseo-bot)" 303 **0/303094**
185.191.171.7 - - [03/Mar/2026:07:01:58 -0700] "GET /kupit-diplom-rggu-na-blanke-kachestvenno-i/ HTTP/1.1" 200 80265 "-" "Mozilla/5.0 (compatible; SemrushBot/7~bl; +http://www.semrush.com/bot.html)" 270 **0/270377**
136.243.220.212 - - [03/Mar/2026:07:01:59 -0700] "GET /melhores-cassinos-simsalabim-1-revisao-puerilidade-jozz-playpix-login-de-parceiro-registrar-se-entreposto-online-com-giros-gratis-2025-rodadas-acostumado/ HTTP/1.1" 200 71790 "-" "Mozilla/5.0 (compatible; DataForSeoBot/1.0; +https://dataforseo.com/dataforseo-bot)" 292 **0/292068**
57.141.16.96 - - [03/Mar/2026:07:02:00 -0700] "GET /144344-2/feed/ HTTP/1.1" 200 761 "-" "meta-externalagent/1.1 (+https://developers.facebook.com/docs/sharing/webmasters/crawler)" 139 **0/139320**
136.243.220.212 - - [03/Mar/2026:07:02:04 -0700] "GET /gg-guess-zaklady-sportowe-poradnik-dla-fanow-esportu/ HTTP/1.1" 200 78596 "-" "Mozilla/5.0 (compatible; DataForSeoBot/1.0; +https://dataforseo.com/dataforseo-bot)" 317 **0/317426**
57.141.16.90 - - [03/Mar/2026:07:02:04 -0700] "GET /wp-json/oembed/1.0/embed?url=http%3A%2F%2Fwww.icdp.co.in%2Fin-recent-times-the-brand-new-crypto-world-features-gained-a-good-amount-of-prominence%2F HTTP/1.1" 200 2598 "-" "meta-externalagent/1.1 (+https://developers.facebook.com/docs/sharing/webmasters/crawler)" 117 **0/117475**
185.191.171.5 - - [03/Mar/2026:07:02:06 -0700] "GET /aceste-metode-iti-permit-sa-retragi-fonduri-pe-doar-cateva-minute-of-dac-este-zi-au-intunecare-este-subiectiv-de-jucatorii-care-b-vor-s-astepte-si-vor-intrare-inopinat-in-castiguri-deasupra-plus-t/ HTTP/1.1" 200 79986 "-" "Mozilla/5.0 (compatible; SemrushBot/7~bl; +http://www.semrush.com/bot.html)" 340 **0/340547**
136.243.220.212 - - [03/Mar/2026:07:02:08 -0700] "GET /release-the-kraken-slot-demo-and-review-pragmatic-play/ HTTP/1.1" 200 74275 "-" "Mozilla/5.0 (compatible; DataForSeoBot/1.0; +https://dataforseo.com/dataforseo-bot)" 311 **0/311058**
185.191.171.4 - - [03/Mar/2026:07:02:11 -0700] "GET /cozy-gliders-rockers-for-your-indian-dreaming-slot-machine-nursery/ HTTP/1.1" 200 80900 "-" "Mozilla/5.0 (compatible; SemrushBot/7~bl; +http://www.semrush.com/bot.html)" 334 **0/334510**
136.243.220.212 - - [03/Mar/2026:07:02:11 -0700] "GET /na%D1%98novi%D1%98a-pozitsi%D1%98a-neverovatnog-putova%D1%9Aa-od-quickspin-vulkan-vegas-srbija-bonus-onla%D1%98n-igre/ HTTP/1.1" 200 75141 "-" "Mozilla/5.0 (compatible; DataForSeoBot/1.0; +https://dataforseo.com/dataforseo-bot)" 305 **0/305378**
136.243.220.212 - - [03/Mar/2026:07:02:16 -0700] "GET /fat-mamas-wheel-slot-nenhum-bonus-de-deposito-parimatch-book-of-login-do-aplicativo-trinocasino-xmas-review-2024-free-play-canho/ HTTP/1.1" 200 71167 "-" "Mozilla/5.0 (compatible; DataForSeoBot/1.0; +https://dataforseo.com/dataforseo-bot)" 317 **0/317706**
136.243.220.212 - - [03/Mar/2026:07:02:19 -0700] "GET /casinos-en-linea-sobre-blueprint-gaming-relacion-sobre-casinos-desplazandolo-hacia-el-pelo-maquinas-tragamonedas-pagina-principal-gratuitas-de-blueprint-gaming/ HTTP/1.1" 200 72303 "-" "Mozilla/5.0 (compatible; DataForSeoBot/1.0; +https://dataforseo.com/dataforseo-bot)" 275 **0/275401**
51.195.183.244 - - [03/Mar/2026:07:02:20 -0700] "GET /up-x-onlajn-kazino-live-kazino-4652/ HTTP/1.1" 200 73838 "-" "Mozilla/5.0 (compatible; AhrefsBot/7.0; +http://ahrefs.com/robot/)" 290 **0/290268**
136.243.220.212 - - [03/Mar/2026:07:02:20 -0700] "GET /wp-sitemap-posts-post-14.xml HTTP/1.1" 200 52330 "-" "Mozilla/5.0 (compatible; DataForSeoBot/1.0; +https://dataforseo.com/dataforseo-bot)" 1453 **1/1453806**
136.243.220.212 - - [03/Mar/2026:07:02:23 -0700] "GET /haunted-house-sieciowy-bezplatna-kasyno-uk-uciecha-internetowego-na-grymini-pl/ HTTP/1.1" 200 73408 "-" "Mozilla/5.0 (compatible; DataForSeoBot/1.0; +https://dataforseo.com/dataforseo-bot)" 318 **0/318727**
136.243.220.212 - - [03/Mar/2026:07:02:27 -0700] "GET /bingo-online-romania-2024-can-sortiment-meci-bingo-slot-sizzling-hot-in-bani-re/ HTTP/1.1" 200 71844 "-" "Mozilla/5.0 (compatible; DataForSeoBot/1.0; +https://dataforseo.com/dataforseo-bot)" 312 **0/312368**
57.141.16.67 - - [03/Mar/2026:07:02:30 -0700] "GET /wp-json/oembed/1.0/embed?url=http%3A%2F%2Fwww.icdp.co.in%2Fune-bemol-total-bonus-casino-extra-gratuit-a-les-bandes%2F HTTP/1.1" 200 2446 "-" "meta-externalagent/1.1 (+https://developers.facebook.com/docs/sharing/webmasters/crawler)" 159 **0/159498**
136.243.220.212 - - [03/Mar/2026:07:02:31 -0700] "GET /virtuele-3d-noppes-spins-hig-society-genkel-deposito-gokkasten-2022/ HTTP/1.1" 200 72072 "-" "Mozilla/5.0 (compatible; DataForSeoBot/1.0; +https://dataforseo.com/dataforseo-bot)" 310 **0/310437**
136.243.220.212 - - [03/Mar/2026:07:02:35 -0700] "GET /mas-grandes-casinos-acerca-de-preparado-roulettino-bono-de-registro-de-espana-con-crupieres-en-2025/ HTTP/1.1" 200 73543 "-" "Mozilla/5.0 (compatible; DataForSeoBot/1.0; +https://dataforseo.com/dataforseo-bot)" 558 **0/558638**
43.173.179.94 - - [03/Mar/2026:07:02:36 -0700] "GET /lasertag-vortragen-kostenlose-spins-keine-einzahlung-tower-of-power-lasertag-dusseldorf/ HTTP/1.1" 200 80304 "-" "Mozilla/5.0 (Windows NT 10.0; Win64; x64) AppleWebKit/537.36 (KHTML, like Gecko) Chrome/103.0.0.0 Safari/537.36" 761 **0/761325**
136.243.220.212 - - [03/Mar/2026:07:02:40 -0700] "GET /das-spielcasino-wird-mit-ein-flache-von-quadratmetern-unser-grote-as-part-of-alle-clark-county/ HTTP/1.1" 200 72061 "-" "Mozilla/5.0 (compatible; DataForSeoBot/1.0; +https://dataforseo.com/dataforseo-bot)" 398 **0/398318**
136.243.220.212 - - [03/Mar/2026:07:02:43 -0700] "GET /triple-geen-aanbetaling-roulettino-2025-chance-oldskool-gokkas-vanuit-merkur-review/ HTTP/1.1" 200 72053 "-" "Mozilla/5.0 (compatible; DataForSeoBot/1.0; +https://dataforseo.com/dataforseo-bot)" 298 **0/298657**
136.243.220.212 - - [03/Mar/2026:07:02:47 -0700] "GET /real-casino-fruit-cocktail-free-cash-on-line-enjoy-2025/ HTTP/1.1" 200 71093 "-" "Mozilla/5.0 (compatible; DataForSeoBot/1.0; +https://dataforseo.com/dataforseo-bot)" 301 **0/301274**
136.243.220.212 - - [03/Mar/2026:07:02:51 -0700] "GET /100percent-spielbank-bonus-champion-spielsaal-wilkommensbonus/ HTTP/1.1" 200 72977 "-" "Mozilla/5.0 (compatible; DataForSeoBot/1.0; +https://dataforseo.com/dataforseo-bot)" 323 **0/323810**
136.243.220.212 - - [03/Mar/2026:07:02:55 -0700] "GET /wizard-ofwel-oz-road-to-emeral-cit-da-vinci-diamonds-videoslot-gokkas-vorm-gij-review/ HTTP/1.1" 200 72660 "-" "Mozilla/5.0 (compatible; DataForSeoBot/1.0; +https://dataforseo.com/dataforseo-bot)" 298 **0/298240**
43.173.172.82 - - [03/Mar/2026:07:02:58 -0700] "GET /dies-existiert-spielautomaten-durch-dutzenden-herstellern-megaways-accidents-wins-tisch-spiele-jackpot-spiele/ HTTP/1.1" 200 79171 "-" "Mozilla/5.0 (Windows NT 10.0; Win64; x64) AppleWebKit/537.36 (KHTML, like Gecko) Chrome/110.0.0.0 Safari/537.36" 848 **0/848279**
43.173.180.217 - - [03/Mar/2026:07:02:58 -0700] "GET /greatest-inclave-internet-casino-for-percentage-approach-range-%ef%bf%bd-palace-off-options/ HTTP/1.1" 200 78311 "-" "Mozilla/5.0 (Windows NT 10.0; Win64; x64) AppleWebKit/537.36 (KHTML, like Gecko) Chrome/103.0.0.0 Safari/537.36" 934 **0/934408**
43.173.181.168 - - [03/Mar/2026:07:02:58 -0700] "GET /2025-s-bystroj-registraciej-i-udobnym-interfejsom-45/ HTTP/1.1" 200 81143 "-" "Mozilla/5.0 (Windows NT 10.0; Win64; x64) AppleWebKit/537.36 (KHTML, like Gecko) Chrome/104.0.5112.81 Safari/537.36" 982 **0/982092**
136.243.220.212 - - [03/Mar/2026:07:02:59 -0700] "GET /microgaming-casino-games-noppes-acteren/ HTTP/1.1" 200 71766 "-" "Mozilla/5.0 (compatible; DataForSeoBot/1.0; +https://dataforseo.com/dataforseo-bot)" 349 **0/349938**
43.173.182.201 - - [03/Mar/2026:07:03:02 -0700] "GET /kazino-oficialnyj-sajt-pin-up-igrat-onlajn-488/ HTTP/1.1" 200 80680 "-" "Mozilla/5.0 (Windows NT 10.0; Win64; x64) AppleWebKit/537.36 (KHTML, like Gecko) Chrome/111.0.0.0 Safari/537.36" 1202 **1/1202179**
216.244.66.241 - - [03/Mar/2026:07:03:02 -0700] "GET /category/codice-promozionale-casino-mania-2/ HTTP/1.1" 200 342028 "-" "Mozilla/5.0 (compatible; DotBot/1.2; +https://opensiteexplorer.org/dotbot; help@moz.com)" 1539 **1/1539172**
57.141.16.5 - - [03/Mar/2026:07:03:03 -0700] "GET /?p=148980 HTTP/1.1" 301 - "-" "meta-externalagent/1.1 (+https://developers.facebook.com/docs/sharing/webmasters/crawler)" 257 **0/257569**
136.243.220.212 - - [03/Mar/2026:07:03:04 -0700] "GET /solar-queen-slot-adaptada-para-dispositivos-moveis-qr-retail-automation/ HTTP/1.1" 200 73442 "-" "Mozilla/5.0 (compatible; DataForSeoBot/1.0; +https://dataforseo.com/dataforseo-bot)" 341 **0/341802**
136.243.220.212 - - [03/Mar/2026:07:03:07 -0700] "GET /ramses-book-10-giros-gratuito-falto-tanque-book-of-ra-magic-120-tiradas-gratis-reality-check/ HTTP/1.1" 200 72267 "-" "Mozilla/5.0 (compatible; DataForSeoBot/1.0; +https://dataforseo.com/dataforseo-bot)" 356 **0/356675**
43.173.178.75 - - [03/Mar/2026:07:03:10 -0700] "GET /on-line-poker/ HTTP/1.1" 200 78211 "-" "Mozilla/5.0 (Windows NT 10.0; Win64; x64) AppleWebKit/537.36 (KHTML, like Gecko) Chrome/108.0.0.0 Safari/537.36" 835 **0/835647**
43.163.22.48 - - [03/Mar/2026:07:03:10 -0700] "GET /cosmo-spielbank-maklercourtage-abzuglich-einzahlung-beste-cosmocasino-promo-codes-free-spins/ HTTP/1.1" 200 80015 "-" "Mozilla/5.0 (Windows NT 10.0; Win64; x64) AppleWebKit/537.36 (KHTML, like Gecko) Chrome/120.0.0.0 Safari/537.36" 800 **0/800791**
136.243.220.212 - - [03/Mar/2026:07:03:11 -0700] "GET /angeschlossen-spielsaal-osterreich-15-beste-superman-online-slot-verbunden-casinos-2025/ HTTP/1.1" 200 72432 "-" "Mozilla/5.0 (compatible; DataForSeoBot/1.0; +https://dataforseo.com/dataforseo-bot)" 477 **0/477938**
136.243.220.212 - - [03/Mar/2026:07:03:16 -0700] "GET /demostracion-del-ranuras-en-linea-gratuitas-para-una-distraccion-maquina-tragamonedas-jugar-12-chairs-ranura-en-linea-sin-descarga-bananas-go-bahamas-sobre-novomatic-js/ HTTP/1.1" 200 74092 "-" "Mozilla/5.0 (compatible; DataForSeoBot/1.0; +https://dataforseo.com/dataforseo-bot)" 287 **0/287809**
136.243.220.212 - - [03/Mar/2026:07:03:15 -0700] "GET /wp-sitemap-posts-post-15.xml HTTP/1.1" 200 56850 "-" "Mozilla/5.0 (compatible; DataForSeoBot/1.0; +https://dataforseo.com/dataforseo-bot)" 1666 **1/1666050**
136.243.220.212 - - [03/Mar/2026:07:03:20 -0700] "GET /die-besten-casinos-qua-sofortuberweisung-2025/ HTTP/1.1" 200 74140 "-" "Mozilla/5.0 (compatible; DataForSeoBot/1.0; +https://dataforseo.com/dataforseo-bot)" 304 **0/304815**
57.141.16.49 - - [03/Mar/2026:07:03:22 -0700] "GET /wp-json/oembed/1.0/embed?url=http%3A%2F%2Fwww.icdp.co.in%2F3-games-and-you-will-business-dictate-an-informed-online-casinos%2F HTTP/1.1" 200 2488 "-" "meta-externalagent/1.1 (+https://developers.facebook.com/docs/sharing/webmasters/crawler)" 141 **0/141530**
136.243.220.212 - - [03/Mar/2026:07:03:23 -0700] "GET /schapenhoeder-deal-or-kloosterzuster-overeenkomst-im-an-celebrity-bejeweled-cascades-gratis-spins-150-themanummer-wegens-nederlan-appreciren-itvx-bij-opvangen/ HTTP/1.1" 200 72451 "-" "Mozilla/5.0 (compatible; DataForSeoBot/1.0; +https://dataforseo.com/dataforseo-bot)" 297 **0/297953**
216.244.66.241 - - [03/Mar/2026:07:03:24 -0700] "GET /category/22bet-it/ HTTP/1.1" 200 337071 "-" "Mozilla/5.0 (compatible; DotBot/1.2; +https://opensiteexplorer.org/dotbot; help@moz.com)" 343 **0/343789**
136.243.220.212 - - [03/Mar/2026:07:03:27 -0700] "GET /blood-suckers-kostenlos-and-um-echtgeld-auffuhren/ HTTP/1.1" 200 74183 "-" "Mozilla/5.0 (compatible; DataForSeoBot/1.0; +https://dataforseo.com/dataforseo-bot)" 358 **0/358884**
57.141.16.63 - - [03/Mar/2026:07:03:28 -0700] "GET /wp-json/oembed/1.0/embed?url=http%3A%2F%2Fwww.icdp.co.in%2Fplaying-crypto-casinos-ended-up-being-painless-och-potentielle-to-all-beginners-and-got-gangbar-crypto-gamblers%2F HTTP/1.1" 200 2720 "-" "meta-externalagent/1.1 (+https://developers.facebook.com/docs/sharing/webmasters/crawler)" 158 **0/158062**
136.243.220.212 - - [03/Mar/2026:07:03:31 -0700] "GET /flame-and-you-can-flowers-jolly-joker-slot/ HTTP/1.1" 200 72246 "-" "Mozilla/5.0 (compatible; DataForSeoBot/1.0; +https://dataforseo.com/dataforseo-bot)" 288 **0/288473**
136.243.220.212 - - [03/Mar/2026:07:03:35 -0700] "GET /beste-angeschlossen-casinos-via-5-einzahlung-in-brd-2025/ HTTP/1.1" 200 73938 "-" "Mozilla/5.0 (compatible; DataForSeoBot/1.0; +https://dataforseo.com/dataforseo-bot)" 295 **0/295287**
136.243.220.212 - - [03/Mar/2026:07:03:39 -0700] "GET /aktuelle-kunde-casino-carnival-hinter-auffuhren/ HTTP/1.1" 200 72216 "-" "Mozilla/5.0 (compatible; DataForSeoBot/1.0; +https://dataforseo.com/dataforseo-bot)" 484 **0/484805**
57.141.16.5 - - [03/Mar/2026:07:03:41 -0700] "GET /wp-json/oembed/1.0/embed?url=http%3A%2F%2Fwww.icdp.co.in%2F100-percent-free-slots-zero-install-zero-subscription-100-percent-free-slot-machines-instantaneous-enjoy%2F HTTP/1.1" 200 2688 "-" "meta-externalagent/1.1 (+https://developers.facebook.com/docs/sharing/webmasters/crawler)" 144 **0/144106**
57.141.16.98 - - [03/Mar/2026:07:03:41 -0700] "GET /%ce%bc%cf%8d%cf%81%ce%b9%ce%bf%ce%b9-%cf%88%ce%b7%cf%86%ce%bc%ce%bf%ce%af-%cf%84%ce%bf%cf%85-%ce%bcighty-hot-wild%cf%82-%cf%83%ce%bb%cf%89%cf%84/ HTTP/1.1" 200 345209 "-" "meta-externalagent/1.1 (+https://developers.facebook.com/docs/sharing/webmasters/crawler)" 331 **0/331628**
136.243.220.212 - - [03/Mar/2026:07:03:43 -0700] "GET /gokkasten-over-zijn-online-in-poen-2024-bergtop-gokkasten-performen-pro-echt-geld/ HTTP/1.1" 200 72249 "-" "Mozilla/5.0 (compatible; DataForSeoBot/1.0; +https://dataforseo.com/dataforseo-bot)" 319 **0/319223**
136.243.220.212 - - [03/Mar/2026:07:03:47 -0700] "GET /luaj-neptunes-luck-megaways-fale-isoftbet-falas-ne-pearls-te-ndermarrjes-se-lojerave-te-a-ka-ice-kazino-kode-promo-fatit/ HTTP/1.1" 200 71320 "-" "Mozilla/5.0 (compatible; DataForSeoBot/1.0; +https://dataforseo.com/dataforseo-bot)" 321 **0/321901**
136.243.220.212 - - [03/Mar/2026:07:03:51 -0700] "GET /online-gokspellen-performen-het-leukste-gokspelletjes-rumpel-wildspins-1-storting-uitgelegd/ HTTP/1.1" 200 71915 "-" "Mozilla/5.0 (compatible; DataForSeoBot/1.0; +https://dataforseo.com/dataforseo-bot)" 308 **0/308180**
57.141.16.5 - - [03/Mar/2026:07:03:51 -0700] "GET /wp-json/wp/v2/posts/144348 HTTP/1.1" 200 7260 "-" "meta-externalagent/1.1 (+https://developers.facebook.com/docs/sharing/webmasters/crawler)" 153 **0/153662**
136.243.220.212 - - [03/Mar/2026:07:03:55 -0700] "GET /nouveau-casino-en-ligne-comment-beneficier-des-avis-dexperts-pour-le-meilleur-site/ HTTP/1.1" 200 70541 "-" "Mozilla/5.0 (compatible; DataForSeoBot/1.0; +https://dataforseo.com/dataforseo-bot)" 333 **0/333203**
175.127.244.228 - - [03/Mar/2026:07:03:59 -0700] "GET /kupit-diplom-sssr-na-oficialnom-blanke-583072451/ HTTP/1.1" 200 72692 "-" "Mozilla/5.0 (Windows NT 10.0; WOW64) AppleWebKit/537.36 (KHTML, like Gecko) Chrome/114.0.0.0 Safari/537.36 Vivaldi/5.3.2679.68" 529 **0/529768**
136.243.220.212 - - [03/Mar/2026:07:03:59 -0700] "GET /dicas-para-ganhar-acimade-leia-este-artigo-jogos-puerilidade-slots-online/ HTTP/1.1" 200 74865 "-" "Mozilla/5.0 (compatible; DataForSeoBot/1.0; +https://dataforseo.com/dataforseo-bot)" 1352 **1/1352265**
68.178.232.37 - - [03/Mar/2026:07:03:59 -0700] "POST /wp-cron.php?doing_wp_cron=1772546639.5071039199829101562500 HTTP/1.1" 200 - "http://www.icdp.co.in/wp-cron.php?doing_wp_cron=1772546639.5071039199829101562500" "WordPress/5.7.8; http://www.icdp.co.in" 1426 **1/1426194**
17.22.237.198 - - [03/Mar/2026:07:04:01 -0700] "GET /elk-studios-uforglemmelige-spillopplevelser/ HTTP/1.1" 200 80137 "-" "Mozilla/5.0 (Macintosh; Intel Mac OS X 10_15_7) AppleWebKit/605.1.15 (KHTML, like Gecko) Version/17.4 Safari/605.1.15 (Applebot/0.1; +http://www.apple.com/go/applebot)" 397 **0/397073**
136.243.220.212 - - [03/Mar/2026:07:04:04 -0700] "GET /in-geld-online-casinos-nederlan-nl-eigenlijk-strafbaar-casinos-afwisselend-2024/ HTTP/1.1" 200 72075 "-" "Mozilla/5.0 (compatible; DataForSeoBot/1.0; +https://dataforseo.com/dataforseo-bot)" 348 **0/348703**
136.243.220.212 - - [03/Mar/2026:07:04:08 -0700] "GET /blackjack-online-veja-os-aplicativo-de-login-blaze777-melhores-sites-criancice-cassino-para-aprestar-21/ HTTP/1.1" 200 71813 "-" "Mozilla/5.0 (compatible; DataForSeoBot/1.0; +https://dataforseo.com/dataforseo-bot)" 307 **0/307500**
136.243.220.212 - - [03/Mar/2026:07:04:11 -0700] "GET /offlin-gokken-te-ainsworth-game-technology-gokkast-casino-holland-u-betrouwbaarste-online-goksites/ HTTP/1.1" 200 72282 "-" "Mozilla/5.0 (compatible; DataForSeoBot/1.0; +https://dataforseo.com/dataforseo-bot)" 342 **0/342520**
136.243.220.212 - - [03/Mar/2026:07:04:16 -0700] "GET /verzekeringspremie-behalve-stortin-beste-slot-wild-safari-kloosterzuster-deposito-bonus-nederland-2025/ HTTP/1.1" 200 72145 "-" "Mozilla/5.0 (compatible; DataForSeoBot/1.0; +https://dataforseo.com/dataforseo-bot)" 275 **0/275646**
136.243.220.212 - - [03/Mar/2026:07:04:19 -0700] "GET /best-5-cazinouri-on-the-web-in-leprechauns-luck-slot-machines-moldova-2025-jucati-si-castigati-aici/ HTTP/1.1" 200 72368 "-" "Mozilla/5.0 (compatible; DataForSeoBot/1.0; +https://dataforseo.com/dataforseo-bot)" 287 **0/287582**
185.191.171.17 - - [03/Mar/2026:07:04:21 -0700] "GET /cazinouri-online-in-romania-netbet-casino/ HTTP/1.1" 200 80026 "-" "Mozilla/5.0 (compatible; SemrushBot/7~bl; +http://www.semrush.com/bot.html)" 298 **0/298643**
136.243.220.212 - - [03/Mar/2026:07:04:20 -0700] "GET /wp-sitemap-posts-post-16.xml HTTP/1.1" 200 62515 "-" "Mozilla/5.0 (compatible; DataForSeoBot/1.0; +https://dataforseo.com/dataforseo-bot)" 1827 **1/1827229**
43.173.177.173 - - [03/Mar/2026:07:04:23 -0700] "GET /for-the-local-top-mobile-casino-no-deposit-sites-2024-casino-wixx-line/ HTTP/1.1" 200 80925 "-" "Mozilla/5.0 (Windows NT 10.0; Win64; x64) AppleWebKit/537.36 (KHTML, like Gecko) Chrome/133.0.0.0 Safari/537.36" 959 **0/959008**
136.243.220.212 - - [03/Mar/2026:07:04:23 -0700] "GET /divine-fortune-megaways-belzebu-acessivel-jogue-o-slot-da-netent-download-do-aplicativo-blaze777-para-iphone-afinar-brasil/ HTTP/1.1" 200 72468 "-" "Mozilla/5.0 (compatible; DataForSeoBot/1.0; +https://dataforseo.com/dataforseo-bot)" 1021 **1/1021253**
136.243.220.212 - - [03/Mar/2026:07:04:27 -0700] "GET /50-giros-gratuitos-sem-bonus-criancice-casa-recenseamento-lucky-me-encanto-esto-scarabs-150-rodadas-acessivel-completa-2024/ HTTP/1.1" 200 72096 "-" "Mozilla/5.0 (compatible; DataForSeoBot/1.0; +https://dataforseo.com/dataforseo-bot)" 338 **0/338805**
85.208.96.207 - - [03/Mar/2026:07:04:27 -0700] "GET /top-5-novykh-igrovykh-avtomatov-v-pinco-chto-igrat-v-etom-mesiatse/ HTTP/1.1" 200 78752 "-" "Mozilla/5.0 (compatible; SemrushBot/7~bl; +http://www.semrush.com/bot.html)" 328 **0/328851**
136.243.220.212 - - [03/Mar/2026:07:04:31 -0700] "GET /15-dragon-pearls-unverzagt-and-casino-sunmaker-casino-win-slot-demonstration-kostenlos-zum-besten-geben/ HTTP/1.1" 200 72229 "-" "Mozilla/5.0 (compatible; DataForSeoBot/1.0; +https://dataforseo.com/dataforseo-bot)" 562 **0/562665**
17.241.219.66 - - [03/Mar/2026:07:04:32 -0700] "GET /many-games-become-versatile-gambling-restrictions-which-provides-each-other-mindful-bankrolls-and-you-may-highest-moving-methods/ HTTP/1.1" 200 78627 "-" "Mozilla/5.0 (Macintosh; Intel Mac OS X 10_15_7) AppleWebKit/605.1.15 (KHTML, like Gecko) Version/17.4 Safari/605.1.15 (Applebot/0.1; +http://www.apple.com/go/applebot)" 262 **0/262778**
136.243.220.212 - - [03/Mar/2026:07:04:35 -0700] "GET /ultra-hold-and-spin-slot-demo-and-review-50-giros-gratis-em-bonus-sem-deposito-pragmatic-play/ HTTP/1.1" 200 74450 "-" "Mozilla/5.0 (compatible; DataForSeoBot/1.0; +https://dataforseo.com/dataforseo-bot)" 266 **0/266843**
136.243.220.212 - - [03/Mar/2026:07:04:39 -0700] "GET /mostbet-coin-ne-ise-yarar-mobil-uygulama-avantajlari/ HTTP/1.1" 200 71018 "-" "Mozilla/5.0 (compatible; DataForSeoBot/1.0; +https://dataforseo.com/dataforseo-bot)" 328 **0/328504**
136.243.220.212 - - [03/Mar/2026:07:04:43 -0700] "GET /beste-verbunden-casinos-eye-of-horus-demo-via-echtgeld-2025-im-kollation/ HTTP/1.1" 200 72023 "-" "Mozilla/5.0 (compatible; DataForSeoBot/1.0; +https://dataforseo.com/dataforseo-bot)" 310 **0/310802**
216.244.66.241 - - [03/Mar/2026:07:04:31 -0700] "GET /icecasino-391/ HTTP/1.1" 200 355341 "-" "Mozilla/5.0 (compatible; DotBot/1.2; +https://opensiteexplorer.org/dotbot; help@moz.com)" 12574 **12/12574888**
136.243.220.212 - - [03/Mar/2026:07:04:47 -0700] "GET /grausam-water-spielautomat-kontrolle-verbunden-spielen-und-in-den-wohlgefallen-superman-keine-einzahlung-stippen/ HTTP/1.1" 200 71962 "-" "Mozilla/5.0 (compatible; DataForSeoBot/1.0; +https://dataforseo.com/dataforseo-bot)" 320 **0/320810**
136.243.220.212 - - [03/Mar/2026:07:04:51 -0700] "GET /aviator-crash-game-de-spribe-en-casinos-online-cmo-54/ HTTP/1.1" 200 72516 "-" "Mozilla/5.0 (compatible; DataForSeoBot/1.0; +https://dataforseo.com/dataforseo-bot)" 293 **0/293968**
216.244.66.241 - - [03/Mar/2026:07:04:51 -0700] "GET /best-online-video-harbors-2026/ HTTP/1.1" 200 343916 "-" "Mozilla/5.0 (compatible; DotBot/1.2; +https://opensiteexplorer.org/dotbot; help@moz.com)" 296 **0/296211**
57.141.16.76 - - [03/Mar/2026:07:04:54 -0700] "GET /wp-json/oembed/1.0/embed?url=http%3A%2F%2Fwww.icdp.co.in%2Ftroche-wiecej-o-polskich-graczy-w-ciagu-ostatniego-czasie-selekcja-system-inwestowania-blik-do-transakcji-na-kasynach-online%2F HTTP/1.1" 200 2785 "-" "meta-externalagent/1.1 (+https://developers.facebook.com/docs/sharing/webmasters/crawler)" 127 **0/127687**
136.243.220.212 - - [03/Mar/2026:07:04:55 -0700] "GET /speel-titanic-offlin-casino-i24slot-ank-zuijderwijk/ HTTP/1.1" 200 71988 "-" "Mozilla/5.0 (compatible; DataForSeoBot/1.0; +https://dataforseo.com/dataforseo-bot)" 485 **0/485721**
136.243.220.212 - - [03/Mar/2026:07:04:59 -0700] "GET /black-troll-hunters-slot-big-win-horse-slot-logowanie-kasyna-bet-at-home-robot-hazardowy-za-darmo-internetowego-cube10-blogs/ HTTP/1.1" 200 71261 "-" "Mozilla/5.0 (compatible; DataForSeoBot/1.0; +https://dataforseo.com/dataforseo-bot)" 338 **0/338877**
136.243.220.212 - - [03/Mar/2026:07:05:03 -0700] "GET /erster-kupon-fur-jedes-2025/ HTTP/1.1" 200 74418 "-" "Mozilla/5.0 (compatible; DataForSeoBot/1.0; +https://dataforseo.com/dataforseo-bot)" 563 **0/563329**
136.243.220.212 - - [03/Mar/2026:07:05:07 -0700] "GET /blackjack-offlin-2024-gratis-ofwel-betreffende-echt-poen-blackjack/ HTTP/1.1" 200 71872 "-" "Mozilla/5.0 (compatible; DataForSeoBot/1.0; +https://dataforseo.com/dataforseo-bot)" 369 **0/369050**
136.243.220.212 - - [03/Mar/2026:07:05:11 -0700] "GET /netflix-die-zahlungsarten-gibt-sera-alle-infos-im-ubersicht/ HTTP/1.1" 200 74402 "-" "Mozilla/5.0 (compatible; DataForSeoBot/1.0; +https://dataforseo.com/dataforseo-bot)" 329 **0/329773**
57.141.16.27 - - [03/Mar/2026:07:05:11 -0700] "GET /wp-json/wp/v2/posts/146187 HTTP/1.1" 200 11028 "-" "meta-externalagent/1.1 (+https://developers.facebook.com/docs/sharing/webmasters/crawler)" 151 **0/151057**
57.141.16.39 - - [03/Mar/2026:07:05:15 -0700] "GET /wp-json/oembed/1.0/embed?url=http%3A%2F%2Fwww.icdp.co.in%2Fcapable-work-with-different-methods-and-that-depends-on-your-website-and-also-the-specific-offer%2F HTTP/1.1" 200 2648 "-" "meta-externalagent/1.1 (+https://developers.facebook.com/docs/sharing/webmasters/crawler)" 134 **0/134318**
136.243.220.212 - - [03/Mar/2026:07:05:15 -0700] "GET /klaverjassen-voor-offlin-gespeeld/ HTTP/1.1" 200 71732 "-" "Mozilla/5.0 (compatible; DataForSeoBot/1.0; +https://dataforseo.com/dataforseo-bot)" 377 **0/377955**
43.173.182.165 - - [03/Mar/2026:07:05:17 -0700] "GET /top-5-prabangiausi-pasaulio-kazino/ HTTP/1.1" 200 78829 "-" "Mozilla/5.0 (Windows NT 10.0; Win64; x64) AppleWebKit/537.36 (KHTML, like Gecko) Chrome/133.0.0.0 Safari/537.36" 533 **0/533474**
43.173.177.252 - - [03/Mar/2026:07:05:17 -0700] "GET /22bet-espana-669/ HTTP/1.1" 200 81013 "-" "Mozilla/5.0 (Windows NT 10.0; Win64; x64) AppleWebKit/537.36 (KHTML, like Gecko) Chrome/120.0.0.0 Safari/537.36" 592 **0/592804**
43.173.181.66 - - [03/Mar/2026:07:05:17 -0700] "GET /icekasyno-172/ HTTP/1.1" 200 83171 "-" "Mozilla/5.0 (Windows NT 10.0; Win64; x64) AppleWebKit/537.36 (KHTML, like Gecko) Chrome/131.0.0.0 Safari/537.36" 688 **0/688035**
17.246.23.16 - - [03/Mar/2026:07:05:17 -0700] "GET /22bet-casino/ HTTP/1.1" 200 78383 "-" "Mozilla/5.0 (Macintosh; Intel Mac OS X 10_15_7) AppleWebKit/605.1.15 (KHTML, like Gecko) Version/17.4 Safari/605.1.15 (Applebot/0.1; +http://www.apple.com/go/applebot)" 428 **0/428940**
136.243.220.212 - - [03/Mar/2026:07:05:20 -0700] "GET /50-freispiele-ohne-einzahlung-beste-slots-online-gewinnen-letter-auf-anhieb-zuganglich/ HTTP/1.1" 200 72548 "-" "Mozilla/5.0 (compatible; DataForSeoBot/1.0; +https://dataforseo.com/dataforseo-bot)" 285 **0/285228**
17.246.15.141 - - [03/Mar/2026:07:05:20 -0700] "GET /ukryta-pulapka-w-regulaminie-bonusow-%EF%BF%BD-zasada-potrojnego-obrotu-depozytem-x3/ HTTP/1.1" 200 78612 "-" "Mozilla/5.0 (Macintosh; Intel Mac OS X 10_15_7) AppleWebKit/605.1.15 (KHTML, like Gecko) Version/17.4 Safari/605.1.15 (Applebot/0.1; +http://www.apple.com/go/applebot)" 293 **0/293552**
17.22.245.230 - - [03/Mar/2026:07:05:23 -0700] "GET /gambling-games-provided-by-seven-local-casino-slots-dining-table-games-and-you-can-live-buyers/ HTTP/1.1" 200 78482 "-" "Mozilla/5.0 (Macintosh; Intel Mac OS X 10_15_7) AppleWebKit/605.1.15 (KHTML, like Gecko) Version/17.4 Safari/605.1.15 (Applebot/0.1; +http://www.apple.com/go/applebot)" 310 **0/310745**
136.243.220.212 - - [03/Mar/2026:07:05:21 -0700] "GET /wp-sitemap-posts-post-17.xml HTTP/1.1" 200 59287 "-" "Mozilla/5.0 (compatible; DataForSeoBot/1.0; +https://dataforseo.com/dataforseo-bot)" 1834 **1/1834836**
136.243.220.212 - - [03/Mar/2026:07:05:23 -0700] "GET /freispiele-betprimeiro-login-app-download-blos-einzahlung-2025-1000-spielsaal-free-spins/ HTTP/1.1" 200 71917 "-" "Mozilla/5.0 (compatible; DataForSeoBot/1.0; +https://dataforseo.com/dataforseo-bot)" 322 **0/322124**
136.243.220.212 - - [03/Mar/2026:07:05:27 -0700] "GET /899bet-uma-vez-que-aproveite-as-melhores-maquinas-slots-jogos-de-cassino-online-para-dinheiro-real-como-apostas/ HTTP/1.1" 200 72408 "-" "Mozilla/5.0 (compatible; DataForSeoBot/1.0; +https://dataforseo.com/dataforseo-bot)" 331 **0/331107**
57.141.16.16 - - [03/Mar/2026:07:05:30 -0700] "GET /nuestro-0-y-tambien-el-copia-0-resultan-las-numeros-de-la-banca/feed/ HTTP/1.1" 200 936 "-" "meta-externalagent/1.1 (+https://developers.facebook.com/docs/sharing/webmasters/crawler)" 208 **0/208472**
57.141.16.5 - - [03/Mar/2026:07:05:31 -0700] "GET /all-of-them-below-twenty-five-miles-away-from-downtown-miami/feed/ HTTP/1.1" 200 925 "-" "meta-externalagent/1.1 (+https://developers.facebook.com/docs/sharing/webmasters/crawler)" 133 **0/133551**
136.243.220.212 - - [03/Mar/2026:07:05:31 -0700] "GET /danselat-vikings-go-wild-frakoblet-yggdrasil-autonom-eller-roulettino-velkomstbonus-addert-edel-eiendom/ HTTP/1.1" 200 72872 "-" "Mozilla/5.0 (compatible; DataForSeoBot/1.0; +https://dataforseo.com/dataforseo-bot)" 360 **0/360434**
45.94.211.95 - - [03/Mar/2026:07:05:33 -0700] "GET / HTTP/1.1" 200 8588 "-" "Mozilla/5.0 (Windows NT 10.0; Win64; x64) AppleWebKit/537.36 (KHTML, like Gecko) Chrome/139.0.0.0 Safari/537.36" 206 **0/206203**
136.243.220.212 - - [03/Mar/2026:07:05:35 -0700] "GET /melhores-cassinos-online-login-do-aplicativo-pixbet-football-roulette-para-algum-atual-online-para-apostar-roleta/ HTTP/1.1" 200 71354 "-" "Mozilla/5.0 (compatible; DataForSeoBot/1.0; +https://dataforseo.com/dataforseo-bot)" 288 **0/288179**
57.141.16.5 - - [03/Mar/2026:07:05:36 -0700] "GET /wp-json/wp/v2/posts/130014 HTTP/1.1" 200 16408 "-" "meta-externalagent/1.1 (+https://developers.facebook.com/docs/sharing/webmasters/crawler)" 152 **0/152965**
17.241.227.117 - - [03/Mar/2026:07:05:38 -0700] "GET /28-year-old-with-autism-wishes-a-50k-casino-la-fiesta-free-chip-tiny-home-to-have-independent-way-of-life-for-the-parents-assets-ramsey-party-claims-save-and-you-can-pay-for-it/ HTTP/1.1" 404 - "-" "Mozilla/5.0 (Macintosh; Intel Mac OS X 10_15_7) AppleWebKit/605.1.15 (KHTML, like Gecko) Version/17.4 Safari/605.1.15 (Applebot/0.1; +http://www.apple.com/go/applebot)" 120 **0/120418**
136.243.220.212 - - [03/Mar/2026:07:05:39 -0700] "GET /beste-verbunden-casinos-land-der-dichter-und-denker-top-spielbank-seiten-2025/ HTTP/1.1" 200 74167 "-" "Mozilla/5.0 (compatible; DataForSeoBot/1.0; +https://dataforseo.com/dataforseo-bot)" 345 **0/345516**
136.243.220.212 - - [03/Mar/2026:07:05:43 -0700] "GET /najpozytywniejsze-kasyno-sieciowy-w-naszym-kraju-ranking-2024/ HTTP/1.1" 200 72012 "-" "Mozilla/5.0 (compatible; DataForSeoBot/1.0; +https://dataforseo.com/dataforseo-bot)" 277 **0/277429**
136.243.220.212 - - [03/Mar/2026:07:05:47 -0700] "GET /speel-het-spannende-netent-gokkasten-gedurende-711-offlin-casino/ HTTP/1.1" 200 71475 "-" "Mozilla/5.0 (compatible; DataForSeoBot/1.0; +https://dataforseo.com/dataforseo-bot)" 333 **0/333982**
