74.248.24.167 - - [03/Mar/2026:09:49:08 -0700] "GET /cs.php HTTP/1.1" 404 - "-" "-" 151 **0/151105**
74.248.24.167 - - [03/Mar/2026:09:49:08 -0700] "GET /xnty.php HTTP/1.1" 404 - "-" "-" 127 **0/127856**
74.248.24.167 - - [03/Mar/2026:09:49:08 -0700] "GET /w2025.php HTTP/1.1" 404 - "-" "-" 196 **0/196967**
136.243.220.212 - - [03/Mar/2026:09:49:08 -0700] "GET /wild-bazaar-slots-gamble-today-netent-100-percent-free-slots-online/ HTTP/1.1" 200 72197 "-" "Mozilla/5.0 (compatible; DataForSeoBot/1.0; +https://dataforseo.com/dataforseo-bot)" 376 **0/376647**
74.248.24.167 - - [03/Mar/2026:09:49:09 -0700] "GET /foxr.php HTTP/1.1" 404 - "-" "-" 141 **0/141293**
74.248.24.167 - - [03/Mar/2026:09:49:09 -0700] "GET /xv23.php HTTP/1.1" 404 - "-" "-" 137 **0/137053**
74.248.24.167 - - [03/Mar/2026:09:49:09 -0700] "GET /swallowable.php HTTP/1.1" 404 - "-" "-" 112 **0/112422**
74.248.24.167 - - [03/Mar/2026:09:49:10 -0700] "GET /claw.php HTTP/1.1" 404 - "-" "-" 114 **0/114523**
74.248.24.167 - - [03/Mar/2026:09:49:10 -0700] "GET /fvvff.php HTTP/1.1" 404 - "-" "-" 107 **0/107174**
74.248.24.167 - - [03/Mar/2026:09:49:10 -0700] "GET /a2.php HTTP/1.1" 404 - "-" "-" 117 **0/117485**
74.248.24.167 - - [03/Mar/2026:09:49:11 -0700] "GET /sty.php HTTP/1.1" 404 - "-" "-" 135 **0/135311**
74.248.24.167 - - [03/Mar/2026:09:49:11 -0700] "GET /xxxx.php HTTP/1.1" 404 - "-" "-" 151 **0/151196**
74.248.24.167 - - [03/Mar/2026:09:49:11 -0700] "GET //h.php HTTP/1.1" 301 - "-" "-" 141 **0/141265**
74.248.24.167 - - [03/Mar/2026:09:49:11 -0700] "GET /h.php HTTP/1.1" 404 - "-" "-" 141 **0/141210**
74.248.24.167 - - [03/Mar/2026:09:49:12 -0700] "GET /g.php HTTP/1.1" 404 - "-" "-" 136 **0/136159**
74.248.24.167 - - [03/Mar/2026:09:49:12 -0700] "GET /pp.php HTTP/1.1" 404 - "-" "-" 137 **0/137514**
74.248.24.167 - - [03/Mar/2026:09:49:12 -0700] "GET //sys.php HTTP/1.1" 301 - "-" "-" 107 **0/107872**
74.248.24.167 - - [03/Mar/2026:09:49:13 -0700] "GET /sys.php HTTP/1.1" 404 - "-" "-" 136 **0/136257**
136.243.220.212 - - [03/Mar/2026:09:49:13 -0700] "GET /wagering-opportunity-traces-selections-development-2025/ HTTP/1.1" 200 72940 "-" "Mozilla/5.0 (compatible; DataForSeoBot/1.0; +https://dataforseo.com/dataforseo-bot)" 311 **0/311833**
74.248.24.167 - - [03/Mar/2026:09:49:13 -0700] "GET /txets.php HTTP/1.1" 404 - "-" "-" 139 **0/139484**
74.248.24.167 - - [03/Mar/2026:09:49:13 -0700] "GET /tt.php HTTP/1.1" 404 - "-" "-" 163 **0/163890**
74.248.24.167 - - [03/Mar/2026:09:49:14 -0700] "GET /wp9.php HTTP/1.1" 404 - "-" "-" 130 **0/130676**
74.248.24.167 - - [03/Mar/2026:09:49:14 -0700] "GET /path.php HTTP/1.1" 404 - "-" "-" 140 **0/140340**
74.248.24.167 - - [03/Mar/2026:09:49:14 -0700] "GET /wdf.php HTTP/1.1" 404 - "-" "-" 142 **0/142172**
74.248.24.167 - - [03/Mar/2026:09:49:15 -0700] "GET //2.php HTTP/1.1" 301 - "-" "-" 129 **0/129729**
74.248.24.167 - - [03/Mar/2026:09:49:15 -0700] "GET /2.php HTTP/1.1" 404 - "-" "-" 119 **0/119144**
74.248.24.167 - - [03/Mar/2026:09:49:15 -0700] "GET /mga.php HTTP/1.1" 404 - "-" "-" 116 **0/116524**
74.248.24.167 - - [03/Mar/2026:09:49:15 -0700] "GET /maxro.php HTTP/1.1" 404 - "-" "-" 112 **0/112781**
74.248.24.167 - - [03/Mar/2026:09:49:16 -0700] "GET /agg.php HTTP/1.1" 404 - "-" "-" 118 **0/118865**
74.248.24.167 - - [03/Mar/2026:09:49:16 -0700] "GET /pass4.php HTTP/1.1" 404 - "-" "-" 124 **0/124024**
136.243.220.212 - - [03/Mar/2026:09:49:16 -0700] "GET /best-bank-card-gambling-enterprises-2025-greatest-gambling-enterprises-you-to-bring-charge-card/ HTTP/1.1" 200 72004 "-" "Mozilla/5.0 (compatible; DataForSeoBot/1.0; +https://dataforseo.com/dataforseo-bot)" 285 **0/285617**
74.248.24.167 - - [03/Mar/2026:09:49:16 -0700] "GET /wsvvs.php HTTP/1.1" 404 - "-" "-" 120 **0/120439**
74.248.24.167 - - [03/Mar/2026:09:49:17 -0700] "GET /G-In.php HTTP/1.1" 404 - "-" "-" 132 **0/132911**
74.248.24.167 - - [03/Mar/2026:09:49:17 -0700] "GET //edit.php HTTP/1.1" 301 - "-" "-" 149 **0/149443**
74.248.24.167 - - [03/Mar/2026:09:49:17 -0700] "GET /edit.php HTTP/1.1" 404 - "-" "-" 142 **0/142950**
74.248.24.167 - - [03/Mar/2026:09:49:17 -0700] "GET /ioxi-o.php HTTP/1.1" 404 - "-" "-" 127 **0/127995**
57.141.16.86 - - [03/Mar/2026:09:49:18 -0700] "GET /wp-json/wp/v2/posts/148786 HTTP/1.1" 200 6956 "-" "meta-externalagent/1.1 (+https://developers.facebook.com/docs/sharing/webmasters/crawler)" 148 **0/148652**
74.248.24.167 - - [03/Mar/2026:09:49:18 -0700] "GET /wp-content/admin.php HTTP/1.1" 404 - "-" "-" 139 **0/139689**
74.248.24.167 - - [03/Mar/2026:09:49:18 -0700] "GET /66.php HTTP/1.1" 404 - "-" "-" 151 **0/151759**
74.248.24.167 - - [03/Mar/2026:09:49:19 -0700] "GET //wp-includes/js/tinymce/themes/inlite/ HTTP/1.1" 301 - "-" "-" 148 **0/148318**
74.248.24.167 - - [03/Mar/2026:09:49:19 -0700] "GET /wp-includes/js/tinymce/themes/inlite/ HTTP/1.1" 404 - "-" "-" 139 **0/139676**
74.248.24.167 - - [03/Mar/2026:09:49:19 -0700] "GET /gifclass.php HTTP/1.1" 404 - "-" "-" 132 **0/132278**
74.248.24.167 - - [03/Mar/2026:09:49:20 -0700] "GET /wp-includes/assets/index.php HTTP/1.1" 301 - "-" "-" 143 **0/143781**
74.248.24.167 - - [03/Mar/2026:09:49:20 -0700] "GET /wp-includes/assets/ HTTP/1.1" 404 - "-" "-" 145 **0/145686**
136.243.220.212 - - [03/Mar/2026:09:49:20 -0700] "GET /asus-rog-xbox-friend-x-opinion-delivering-a-grip-on-the-screen-betting/ HTTP/1.1" 200 73432 "-" "Mozilla/5.0 (compatible; DataForSeoBot/1.0; +https://dataforseo.com/dataforseo-bot)" 331 **0/331752**
74.248.24.167 - - [03/Mar/2026:09:49:20 -0700] "GET //wp-admin/images/wp-conflg.php?p= HTTP/1.1" 301 - "-" "-" 137 **0/137889**
74.248.24.167 - - [03/Mar/2026:09:49:21 -0700] "GET /wp-admin/images/wp-conflg.php HTTP/1.1" 404 - "-" "-" 141 **0/141200**
74.248.24.167 - - [03/Mar/2026:09:49:21 -0700] "GET /wp-content/plugins/index.php?p= HTTP/1.1" 200 - "-" "-" 11 **0/11895**
57.141.16.93 - - [03/Mar/2026:09:49:21 -0700] "GET /wp-json/wp/v2/posts/150858 HTTP/1.1" 200 15470 "-" "meta-externalagent/1.1 (+https://developers.facebook.com/docs/sharing/webmasters/crawler)" 154 **0/154342**
74.248.24.167 - - [03/Mar/2026:09:49:21 -0700] "GET //assets/css/index.php HTTP/1.1" 301 - "-" "-" 140 **0/140591**
74.248.24.167 - - [03/Mar/2026:09:49:21 -0700] "GET /assets/css/ HTTP/1.1" 404 - "-" "-" 135 **0/135009**
74.248.24.167 - - [03/Mar/2026:09:49:22 -0700] "GET /sc.php HTTP/1.1" 404 - "-" "-" 154 **0/154147**
74.248.24.167 - - [03/Mar/2026:09:49:22 -0700] "GET /xmlrpc.php HTTP/1.1" 405 42 "-" "-" 132 **0/132714**
74.248.24.167 - - [03/Mar/2026:09:49:22 -0700] "GET /ol.php HTTP/1.1" 404 - "-" "-" 132 **0/132843**
74.248.24.167 - - [03/Mar/2026:09:49:23 -0700] "GET //f6.php HTTP/1.1" 301 - "-" "-" 137 **0/137414**
74.248.24.167 - - [03/Mar/2026:09:49:23 -0700] "GET /f6.php HTTP/1.1" 404 - "-" "-" 122 **0/122062**
74.248.24.167 - - [03/Mar/2026:09:49:23 -0700] "GET //inputs.php HTTP/1.1" 301 - "-" "-" 143 **0/143235**
74.248.24.167 - - [03/Mar/2026:09:49:24 -0700] "GET /inputs.php HTTP/1.1" 404 - "-" "-" 128 **0/128285**
74.248.24.167 - - [03/Mar/2026:09:49:24 -0700] "GET /style.php HTTP/1.1" 404 - "-" "-" 128 **0/128364**
57.141.16.13 - - [03/Mar/2026:09:49:24 -0700] "GET /lo-que-seri%ef%bf%bda-cualquier-bono-sin-tanque-del-poker-en-internet/feed/ HTTP/1.1" 200 948 "-" "meta-externalagent/1.1 (+https://developers.facebook.com/docs/sharing/webmasters/crawler)" 143 **0/143910**
74.248.24.167 - - [03/Mar/2026:09:49:24 -0700] "GET /bgymj.php HTTP/1.1" 404 - "-" "-" 118 **0/118256**
136.243.220.212 - - [03/Mar/2026:09:49:24 -0700] "GET /giropay-spielbank-bei-keramiken-kannst-du-dies-valuta-verwenden/ HTTP/1.1" 200 74487 "-" "Mozilla/5.0 (compatible; DataForSeoBot/1.0; +https://dataforseo.com/dataforseo-bot)" 352 **0/352968**
74.248.24.167 - - [03/Mar/2026:09:49:24 -0700] "GET //aa.php HTTP/1.1" 301 - "-" "-" 153 **0/153733**
74.248.24.167 - - [03/Mar/2026:09:49:25 -0700] "GET /aa.php HTTP/1.1" 404 - "-" "-" 113 **0/113279**
74.248.24.167 - - [03/Mar/2026:09:49:25 -0700] "GET //1.php HTTP/1.1" 301 - "-" "-" 129 **0/129456**
17.22.253.22 - - [03/Mar/2026:09:49:25 -0700] "GET /online-casinos-unter-einsatz-von-paysafe-effizienz-%ef%bf%bd-auf-diese-weise-wie-am-schnurchen-geht-eres/ HTTP/1.1" 200 78711 "-" "Mozilla/5.0 (Macintosh; Intel Mac OS X 10_15_7) AppleWebKit/605.1.15 (KHTML, like Gecko) Version/17.4 Safari/605.1.15 (Applebot/0.1; +http://www.apple.com/go/applebot)" 272 **0/272590**
74.248.24.167 - - [03/Mar/2026:09:49:25 -0700] "GET /1.php HTTP/1.1" 404 - "-" "-" 115 **0/115247**
74.248.24.167 - - [03/Mar/2026:09:49:26 -0700] "GET //sc.php HTTP/1.1" 301 - "-" "-" 109 **0/109173**
74.248.24.167 - - [03/Mar/2026:09:49:26 -0700] "GET /sc.php HTTP/1.1" 404 - "-" "-" 111 **0/111621**
74.248.24.167 - - [03/Mar/2026:09:49:26 -0700] "GET //av.php HTTP/1.1" 301 - "-" "-" 156 **0/156372**
74.248.24.167 - - [03/Mar/2026:09:49:27 -0700] "GET /av.php HTTP/1.1" 404 - "-" "-" 103 **0/103017**
74.248.24.167 - - [03/Mar/2026:09:49:27 -0700] "GET /file.php? HTTP/1.1" 404 - "-" "-" 104 **0/104561**
17.241.227.174 - - [03/Mar/2026:09:49:27 -0700] "GET /wp-includes/js/wp-emoji-release.min.js?ver=5.7.8 HTTP/1.1" 200 4662 "http://www.icdp.co.in/category/23/" "Mozilla/5.0 (Macintosh; Intel Mac OS X 10_15_7) AppleWebKit/605.1.15 (KHTML, like Gecko) Version/17.4 Safari/605.1.15 (Applebot/0.1; +http://www.apple.com/go/applebot)" 6 **0/6236**
74.248.24.167 - - [03/Mar/2026:09:49:27 -0700] "GET /666.php HTTP/1.1" 404 - "-" "-" 115 **0/115128**
74.248.24.167 - - [03/Mar/2026:09:49:27 -0700] "GET /file59.php HTTP/1.1" 404 - "-" "-" 114 **0/114011**
74.248.24.167 - - [03/Mar/2026:09:49:28 -0700] "GET /bless.php HTTP/1.1" 200 - "-" "-" 6 **0/6296**
74.248.24.167 - - [03/Mar/2026:09:49:28 -0700] "GET /wp9.php HTTP/1.1" 404 - "-" "-" 120 **0/120405**
74.248.24.167 - - [03/Mar/2026:09:49:28 -0700] "GET /wp-act.php HTTP/1.1" 404 - "-" "-" 158 **0/158998**
136.243.220.212 - - [03/Mar/2026:09:49:28 -0700] "GET /enjoyable-slots-bonuses-for-bettors/ HTTP/1.1" 200 71869 "-" "Mozilla/5.0 (compatible; DataForSeoBot/1.0; +https://dataforseo.com/dataforseo-bot)" 334 **0/334749**
74.248.24.167 - - [03/Mar/2026:09:49:28 -0700] "GET /class-t.api.php HTTP/1.1" 200 - "-" "-" 7 **0/7319**
17.241.227.190 - - [03/Mar/2026:09:49:29 -0700] "GET /wp-content/themes/astra/assets/css/minified/frontend.min.css?ver=3.2.0 HTTP/1.1" 200 12426 "http://www.icdp.co.in/category/23/" "Mozilla/5.0 (Macintosh; Intel Mac OS X 10_15_7) AppleWebKit/605.1.15 (KHTML, like Gecko) Version/17.4 Safari/605.1.15 (Applebot/0.1; +http://www.apple.com/go/applebot)" 6 **0/6822**
74.248.24.167 - - [03/Mar/2026:09:49:29 -0700] "GET /xqq.php HTTP/1.1" 404 - "-" "-" 109 **0/109463**
74.248.24.167 - - [03/Mar/2026:09:49:29 -0700] "GET /wp-admin/css/bolt.php HTTP/1.1" 404 - "-" "-" 117 **0/117115**
74.248.24.167 - - [03/Mar/2026:09:49:29 -0700] "GET /a.php?p= HTTP/1.1" 301 - "-" "-" 127 **0/127653**
74.248.24.167 - - [03/Mar/2026:09:49:29 -0700] "GET /a.php HTTP/1.1" 404 - "-" "-" 108 **0/108539**
74.248.24.167 - - [03/Mar/2026:09:49:30 -0700] "GET /06.php HTTP/1.1" 404 - "-" "-" 138 **0/138934**
17.241.227.202 - - [03/Mar/2026:09:49:30 -0700] "GET /wp-content/plugins/coblocks/dist/coblocks-style.css?ver=d491038ff7d61a43598729a4c5ab5aae HTTP/1.1" 200 22929 "http://www.icdp.co.in/category/23/" "Mozilla/5.0 (Macintosh; Intel Mac OS X 10_15_7) AppleWebKit/605.1.15 (KHTML, like Gecko) Version/17.4 Safari/605.1.15 (Applebot/0.1; +http://www.apple.com/go/applebot)" 12 **0/12956**
74.248.24.167 - - [03/Mar/2026:09:49:30 -0700] "GET /plss3.php HTTP/1.1" 404 - "-" "-" 146 **0/146964**
74.248.24.167 - - [03/Mar/2026:09:49:30 -0700] "GET /aaa.php?p= HTTP/1.1" 301 - "-" "-" 121 **0/121516**
85.208.96.208 - - [03/Mar/2026:09:49:30 -0700] "GET /vergleich-5-zoom-alternativen-und-datenschutz-was-23/ HTTP/1.1" 200 81452 "-" "Mozilla/5.0 (compatible; SemrushBot/7~bl; +http://www.semrush.com/bot.html)" 300 **0/300939**
74.248.24.167 - - [03/Mar/2026:09:49:31 -0700] "GET /aaa.php HTTP/1.1" 404 - "-" "-" 119 **0/119515**
74.248.24.167 - - [03/Mar/2026:09:49:31 -0700] "GET /classwithtostring.php?p= HTTP/1.1" 301 - "-" "-" 125 **0/125332**
74.248.24.167 - - [03/Mar/2026:09:49:31 -0700] "GET /classwithtostring.php HTTP/1.1" 404 - "-" "-" 126 **0/126295**
74.248.24.167 - - [03/Mar/2026:09:49:32 -0700] "GET /wp-content/themes/index.php HTTP/1.1" 200 - "-" "-" 12 **0/12718**
17.241.219.131 - - [03/Mar/2026:09:49:32 -0700] "GET /wp-content/themes/astra/assets/css/minified/menu-animation.min.css?ver=3.2.0 HTTP/1.1" 200 379 "http://www.icdp.co.in/category/23/" "Mozilla/5.0 (Macintosh; Intel Mac OS X 10_15_7) AppleWebKit/605.1.15 (KHTML, like Gecko) Version/17.4 Safari/605.1.15 (Applebot/0.1; +http://www.apple.com/go/applebot)" 7 **0/7180**
74.248.24.167 - - [03/Mar/2026:09:49:32 -0700] "GET /tinyfilemanager.php?p= HTTP/1.1" 301 - "-" "-" 123 **0/123899**
74.248.24.167 - - [03/Mar/2026:09:49:32 -0700] "GET /tinyfilemanager.php HTTP/1.1" 404 - "-" "-" 127 **0/127505**
136.243.220.212 - - [03/Mar/2026:09:49:32 -0700] "GET /c-what-exactly-is-an-adjustable-having-double/ HTTP/1.1" 200 73888 "-" "Mozilla/5.0 (compatible; DataForSeoBot/1.0; +https://dataforseo.com/dataforseo-bot)" 311 **0/311316**
74.248.24.167 - - [03/Mar/2026:09:49:32 -0700] "GET //x.php HTTP/1.1" 301 - "-" "-" 146 **0/146116**
74.248.24.167 - - [03/Mar/2026:09:49:33 -0700] "GET /x.php HTTP/1.1" 404 - "-" "-" 120 **0/120072**
74.248.24.167 - - [03/Mar/2026:09:49:33 -0700] "GET /ms.php HTTP/1.1" 404 - "-" "-" 128 **0/128098**
17.241.227.22 - - [03/Mar/2026:09:49:33 -0700] "GET /wp-includes/css/dist/block-library/style.min.css?ver=5.7.8 HTTP/1.1" 200 8685 "http://www.icdp.co.in/category/23/" "Mozilla/5.0 (Macintosh; Intel Mac OS X 10_15_7) AppleWebKit/605.1.15 (KHTML, like Gecko) Version/17.4 Safari/605.1.15 (Applebot/0.1; +http://www.apple.com/go/applebot)" 6 **0/6111**
74.248.24.167 - - [03/Mar/2026:09:49:33 -0700] "GET //wp-content/plugins/erinyani/ HTTP/1.1" 301 - "-" "-" 118 **0/118700**
74.248.24.167 - - [03/Mar/2026:09:49:33 -0700] "GET /wp-content/plugins/erinyani/ HTTP/1.1" 404 - "-" "-" 138 **0/138365**
74.248.24.167 - - [03/Mar/2026:09:49:34 -0700] "GET /wdf.php HTTP/1.1" 404 - "-" "-" 133 **0/133667**
74.248.24.167 - - [03/Mar/2026:09:49:34 -0700] "GET /wp-update.php HTTP/1.1" 404 - "-" "-" 121 **0/121294**
74.248.24.167 - - [03/Mar/2026:09:49:34 -0700] "GET /sbhu.php HTTP/1.1" 404 - "-" "-" 121 **0/121067**
17.241.75.230 - - [03/Mar/2026:09:49:35 -0700] "GET /wp-content/themes/astra/assets/js/minified/frontend.min.js?ver=3.2.0 HTTP/1.1" 200 3749 "http://www.icdp.co.in/category/23/" "Mozilla/5.0 (Macintosh; Intel Mac OS X 10_15_7) AppleWebKit/605.1.15 (KHTML, like Gecko) Version/17.4 Safari/605.1.15 (Applebot/0.1; +http://www.apple.com/go/applebot)" 8 **0/8117**
74.248.24.167 - - [03/Mar/2026:09:49:35 -0700] "GET /x/ HTTP/1.1" 404 - "-" "-" 126 **0/126610**
74.248.24.167 - - [03/Mar/2026:09:49:35 -0700] "GET /wp-blog.php HTTP/1.1" 200 - "-" "-" 9 **0/9191**
74.248.24.167 - - [03/Mar/2026:09:49:35 -0700] "GET /test1.php HTTP/1.1" 404 - "-" "-" 138 **0/138582**
74.248.24.167 - - [03/Mar/2026:09:49:35 -0700] "GET //wp-includes/js/jquery/ HTTP/1.1" 301 - "-" "-" 126 **0/126152**
74.248.24.167 - - [03/Mar/2026:09:49:36 -0700] "GET /wp-includes/js/jquery/ HTTP/1.1" 404 - "-" "-" 133 **0/133858**
17.241.75.213 - - [03/Mar/2026:09:49:36 -0700] "GET /wp-content/plugins/coblocks/dist/js/coblocks-animation.js?ver=2.9.1 HTTP/1.1" 200 628 "http://www.icdp.co.in/category/23/" "Mozilla/5.0 (Macintosh; Intel Mac OS X 10_15_7) AppleWebKit/605.1.15 (KHTML, like Gecko) Version/17.4 Safari/605.1.15 (Applebot/0.1; +http://www.apple.com/go/applebot)" 6 **0/6560**
74.248.24.167 - - [03/Mar/2026:09:49:36 -0700] "GET /166.php HTTP/1.1" 404 - "-" "-" 131 **0/131653**
74.248.24.167 - - [03/Mar/2026:09:49:36 -0700] "GET /fleen.php?p= HTTP/1.1" 301 - "-" "-" 120 **0/120303**
74.248.24.167 - - [03/Mar/2026:09:49:37 -0700] "GET /fleen.php HTTP/1.1" 404 - "-" "-" 131 **0/131229**
74.248.24.167 - - [03/Mar/2026:09:49:37 -0700] "GET //wp-content/admin.php HTTP/1.1" 301 - "-" "-" 136 **0/136937**
136.243.220.212 - - [03/Mar/2026:09:49:37 -0700] "GET /finest-casinos-on-the-internet-2025/ HTTP/1.1" 200 73544 "-" "Mozilla/5.0 (compatible; DataForSeoBot/1.0; +https://dataforseo.com/dataforseo-bot)" 313 **0/313569**
74.248.24.167 - - [03/Mar/2026:09:49:37 -0700] "GET /wp-content/admin.php HTTP/1.1" 404 - "-" "-" 117 **0/117796**
17.241.75.122 - - [03/Mar/2026:09:49:38 -0700] "GET /wp-includes/js/wp-embed.min.js?ver=5.7.8 HTTP/1.1" 200 765 "http://www.icdp.co.in/category/23/" "Mozilla/5.0 (Macintosh; Intel Mac OS X 10_15_7) AppleWebKit/605.1.15 (KHTML, like Gecko) Version/17.4 Safari/605.1.15 (Applebot/0.1; +http://www.apple.com/go/applebot)" 7 **0/7322**
74.248.24.167 - - [03/Mar/2026:09:49:38 -0700] "GET /ms-edit.php HTTP/1.1" 404 - "-" "-" 109 **0/109443**
74.248.24.167 - - [03/Mar/2026:09:49:38 -0700] "GET //adminfuns.php HTTP/1.1" 301 - "-" "-" 123 **0/123124**
74.248.24.167 - - [03/Mar/2026:09:49:38 -0700] "GET /adminfuns.php HTTP/1.1" 404 - "-" "-" 124 **0/124908**
74.248.24.167 - - [03/Mar/2026:09:49:38 -0700] "GET /goods.php HTTP/1.1" 404 - "-" "-" 110 **0/110408**
74.248.24.167 - - [03/Mar/2026:09:49:39 -0700] "GET /ms-edit.php HTTP/1.1" 404 - "-" "-" 115 **0/115248**
74.248.24.167 - - [03/Mar/2026:09:49:39 -0700] "GET /222.php HTTP/1.1" 404 - "-" "-" 106 **0/106335**
74.248.24.167 - - [03/Mar/2026:09:49:39 -0700] "GET /plugins.php?p= HTTP/1.1" 301 - "-" "-" 123 **0/123080**
74.248.24.167 - - [03/Mar/2026:09:49:40 -0700] "GET /plugins.php HTTP/1.1" 404 - "-" "-" 118 **0/118168**
74.248.24.167 - - [03/Mar/2026:09:49:40 -0700] "GET //cgi-bin/index.php HTTP/1.1" 301 - "-" "-" 111 **0/111352**
74.248.24.167 - - [03/Mar/2026:09:49:40 -0700] "GET /cgi-bin/ HTTP/1.1" 404 - "-" "-" 167 **0/167453**
74.248.24.167 - - [03/Mar/2026:09:49:40 -0700] "GET //wp-includes/js/dist/ HTTP/1.1" 301 - "-" "-" 151 **0/151869**
136.243.220.212 - - [03/Mar/2026:09:49:40 -0700] "GET /vuelta-a-good-espana-2025-agenda-levels-schedules-and-you-may-times/ HTTP/1.1" 200 73457 "-" "Mozilla/5.0 (compatible; DataForSeoBot/1.0; +https://dataforseo.com/dataforseo-bot)" 311 **0/311517**
74.248.24.167 - - [03/Mar/2026:09:49:41 -0700] "GET /wp-includes/js/dist/ HTTP/1.1" 404 - "-" "-" 140 **0/140176**
74.248.24.167 - - [03/Mar/2026:09:49:41 -0700] "GET /ff1.php HTTP/1.1" 404 - "-" "-" 112 **0/112116**
74.248.24.167 - - [03/Mar/2026:09:49:41 -0700] "GET /fff.php HTTP/1.1" 404 - "-" "-" 106 **0/106175**
74.248.24.167 - - [03/Mar/2026:09:49:42 -0700] "GET /wp-content/ HTTP/1.1" 200 - "-" "-" 12 **0/12343**
74.248.24.167 - - [03/Mar/2026:09:49:42 -0700] "GET /goat.php HTTP/1.1" 404 - "-" "-" 138 **0/138314**
74.248.24.167 - - [03/Mar/2026:09:49:42 -0700] "GET /155.php HTTP/1.1" 404 - "-" "-" 146 **0/146202**
74.248.24.167 - - [03/Mar/2026:09:49:42 -0700] "GET /we.php HTTP/1.1" 404 - "-" "-" 135 **0/135907**
74.248.24.167 - - [03/Mar/2026:09:49:43 -0700] "GET /alpha.php HTTP/1.1" 404 - "-" "-" 137 **0/137269**
74.248.24.167 - - [03/Mar/2026:09:49:43 -0700] "GET /makeasmtp.php?p= HTTP/1.1" 301 - "-" "-" 137 **0/137414**
74.248.24.167 - - [03/Mar/2026:09:49:43 -0700] "GET /makeasmtp.php HTTP/1.1" 404 - "-" "-" 131 **0/131137**
74.248.24.167 - - [03/Mar/2026:09:49:44 -0700] "GET /wp-michan.php HTTP/1.1" 404 - "-" "-" 136 **0/136212**
74.248.24.167 - - [03/Mar/2026:09:49:44 -0700] "GET //wp-content/cong.php HTTP/1.1" 301 - "-" "-" 138 **0/138706**
74.248.24.167 - - [03/Mar/2026:09:49:44 -0700] "GET /wp-content/cong.php HTTP/1.1" 404 - "-" "-" 130 **0/130083**
57.141.16.65 - - [03/Mar/2026:09:49:44 -0700] "GET /the-way-we-rates-online-casinos-that-have-300-free-chip-no-deposit-bonus-codes/feed/ HTTP/1.1" 200 980 "-" "meta-externalagent/1.1 (+https://developers.facebook.com/docs/sharing/webmasters/crawler)" 157 **0/157031**
136.243.220.212 - - [03/Mar/2026:09:49:44 -0700] "GET /salle-de-jeu-un-tantinet-canada-classe-deux-casino-pour-classe-avec-deux/ HTTP/1.1" 200 71775 "-" "Mozilla/5.0 (compatible; DataForSeoBot/1.0; +https://dataforseo.com/dataforseo-bot)" 366 **0/366534**
74.248.24.167 - - [03/Mar/2026:09:49:45 -0700] "GET /wp-the.php HTTP/1.1" 404 - "-" "-" 120 **0/120947**
74.248.24.167 - - [03/Mar/2026:09:49:45 -0700] "GET //wp-includes/css/dist/ HTTP/1.1" 301 - "-" "-" 152 **0/152319**
74.248.24.167 - - [03/Mar/2026:09:49:45 -0700] "GET /wp-includes/css/dist/ HTTP/1.1" 404 - "-" "-" 119 **0/119653**
74.248.24.167 - - [03/Mar/2026:09:49:45 -0700] "GET /BDKR28WP.php HTTP/1.1" 404 - "-" "-" 121 **0/121346**
74.248.24.167 - - [03/Mar/2026:09:49:46 -0700] "GET //wp-includes/l10n/ HTTP/1.1" 301 - "-" "-" 125 **0/125964**
74.248.24.167 - - [03/Mar/2026:09:49:46 -0700] "GET /wp-includes/l10n/ HTTP/1.1" 404 - "-" "-" 107 **0/107934**
74.248.24.167 - - [03/Mar/2026:09:49:46 -0700] "GET /wp.php HTTP/1.1" 404 - "-" "-" 137 **0/137080**
74.248.24.167 - - [03/Mar/2026:09:49:47 -0700] "GET //assets/css/index.php?p= HTTP/1.1" 301 - "-" "-" 135 **0/135400**
74.248.24.167 - - [03/Mar/2026:09:49:47 -0700] "GET /assets/css/ HTTP/1.1" 404 - "-" "-" 117 **0/117242**
74.248.24.167 - - [03/Mar/2026:09:49:47 -0700] "GET /w4.php HTTP/1.1" 404 - "-" "-" 134 **0/134255**
74.248.24.167 - - [03/Mar/2026:09:49:48 -0700] "GET //wp-admin/js/widgets/index.php HTTP/1.1" 301 - "-" "-" 128 **0/128325**
74.248.24.167 - - [03/Mar/2026:09:49:48 -0700] "GET /wp-admin/js/widgets/ HTTP/1.1" 404 - "-" "-" 141 **0/141326**
74.248.24.167 - - [03/Mar/2026:09:49:48 -0700] "GET /ok.php HTTP/1.1" 404 - "-" "-" 138 **0/138983**
74.248.24.167 - - [03/Mar/2026:09:49:49 -0700] "GET //about.php HTTP/1.1" 301 - "-" "-" 126 **0/126733**
74.248.24.167 - - [03/Mar/2026:09:49:49 -0700] "GET /about.php HTTP/1.1" 404 - "-" "-" 128 **0/128366**
136.243.220.212 - - [03/Mar/2026:09:49:49 -0700] "GET /dead-island-2-zombies-nach-das-stern-kaliforniens/ HTTP/1.1" 200 74897 "-" "Mozilla/5.0 (compatible; DataForSeoBot/1.0; +https://dataforseo.com/dataforseo-bot)" 264 **0/264966**
74.248.24.167 - - [03/Mar/2026:09:49:49 -0700] "GET /tymn.php?p= HTTP/1.1" 301 - "-" "-" 126 **0/126372**
74.248.24.167 - - [03/Mar/2026:09:49:49 -0700] "GET /tymn.php HTTP/1.1" 404 - "-" "-" 122 **0/122110**
74.248.24.167 - - [03/Mar/2026:09:49:50 -0700] "GET //bak.php HTTP/1.1" 301 - "-" "-" 110 **0/110515**
74.248.24.167 - - [03/Mar/2026:09:49:50 -0700] "GET /bak.php HTTP/1.1" 404 - "-" "-" 121 **0/121299**
74.248.24.167 - - [03/Mar/2026:09:49:50 -0700] "GET /wp-admin/js/fi.php HTTP/1.1" 404 - "-" "-" 105 **0/105854**
74.248.24.167 - - [03/Mar/2026:09:49:51 -0700] "GET /fe5.php HTTP/1.1" 404 - "-" "-" 120 **0/120437**
74.248.24.167 - - [03/Mar/2026:09:49:51 -0700] "GET /kj.php HTTP/1.1" 404 - "-" "-" 134 **0/134913**
74.248.24.167 - - [03/Mar/2026:09:49:51 -0700] "GET //wp-content/uploads/2021/02/index.php HTTP/1.1" 301 - "-" "-" 125 **0/125457**
74.248.24.167 - - [03/Mar/2026:09:49:51 -0700] "GET /wp-content/uploads/2021/02/ HTTP/1.1" 404 - "-" "-" 118 **0/118575**
74.248.24.167 - - [03/Mar/2026:09:49:52 -0700] "GET /av.php HTTP/1.1" 404 - "-" "-" 125 **0/125803**
74.248.24.167 - - [03/Mar/2026:09:49:52 -0700] "GET /abcd.php HTTP/1.1" 404 - "-" "-" 150 **0/150186**
136.243.220.212 - - [03/Mar/2026:09:49:52 -0700] "GET /payforit-corrida-galera-bet-live-support-relationship-deluxe-1-deposit-gambling-enterprises-2025-best-other-sites-one-to-deal-with-payforit/ HTTP/1.1" 200 74822 "-" "Mozilla/5.0 (compatible; DataForSeoBot/1.0; +https://dataforseo.com/dataforseo-bot)" 359 **0/359345**
74.248.24.167 - - [03/Mar/2026:09:49:52 -0700] "GET /init.php HTTP/1.1" 404 - "-" "-" 139 **0/139528**
74.248.24.167 - - [03/Mar/2026:09:49:53 -0700] "GET /fi.php HTTP/1.1" 404 - "-" "-" 141 **0/141999**
74.248.24.167 - - [03/Mar/2026:09:49:53 -0700] "GET //a1.php HTTP/1.1" 301 - "-" "-" 147 **0/147862**
74.248.24.167 - - [03/Mar/2026:09:49:53 -0700] "GET /a1.php HTTP/1.1" 404 - "-" "-" 141 **0/141537**
74.248.24.167 - - [03/Mar/2026:09:49:54 -0700] "GET /update/f35.php HTTP/1.1" 404 - "-" "-" 126 **0/126048**
74.248.24.167 - - [03/Mar/2026:09:49:54 -0700] "GET /wp-includes/Text/Diff/Engine/about.php HTTP/1.1" 404 - "-" "-" 131 **0/131801**
74.248.24.167 - - [03/Mar/2026:09:49:54 -0700] "GET /f35.php HTTP/1.1" 404 - "-" "-" 160 **0/160657**
74.248.24.167 - - [03/Mar/2026:09:49:54 -0700] "GET /hi.php HTTP/1.1" 404 - "-" "-" 127 **0/127117**
74.248.24.167 - - [03/Mar/2026:09:49:55 -0700] "GET //lala.php HTTP/1.1" 301 - "-" "-" 123 **0/123327**
74.248.24.167 - - [03/Mar/2026:09:49:55 -0700] "GET /lala.php HTTP/1.1" 404 - "-" "-" 135 **0/135820**
74.248.24.167 - - [03/Mar/2026:09:49:55 -0700] "GET /lb.php HTTP/1.1" 404 - "-" "-" 112 **0/112744**
68.178.232.37 - - [03/Mar/2026:09:49:56 -0700] "POST /wp-cron.php?doing_wp_cron=1772556596.3170840740203857421875 HTTP/1.1" 200 - "http://www.icdp.co.in/wp-cron.php?doing_wp_cron=1772556596.3170840740203857421875" "WordPress/5.7.8; http://www.icdp.co.in" 145 **0/145834**
74.248.24.167 - - [03/Mar/2026:09:49:56 -0700] "GET //wp-includes/css/index.php?p= HTTP/1.1" 301 - "-" "-" 306 **0/306006**
74.248.24.167 - - [03/Mar/2026:09:49:56 -0700] "GET /wp-includes/css/ HTTP/1.1" 404 - "-" "-" 162 **0/162556**
136.243.220.212 - - [03/Mar/2026:09:49:56 -0700] "GET /mirax-gambling-enterprise-remark-2025-sixty-revolves-no-deposit-incentive/ HTTP/1.1" 200 71765 "-" "Mozilla/5.0 (compatible; DataForSeoBot/1.0; +https://dataforseo.com/dataforseo-bot)" 282 **0/282267**
74.248.24.167 - - [03/Mar/2026:09:49:56 -0700] "GET /0.php HTTP/1.1" 404 - "-" "-" 135 **0/135579**
74.248.24.167 - - [03/Mar/2026:09:49:57 -0700] "GET /core.php HTTP/1.1" 404 - "-" "-" 119 **0/119626**
74.248.24.167 - - [03/Mar/2026:09:49:57 -0700] "GET /autogooey.php HTTP/1.1" 404 - "-" "-" 129 **0/129341**
74.248.24.167 - - [03/Mar/2026:09:49:57 -0700] "GET /wp-includes/SimplePie/ HTTP/1.1" 404 - "-" "-" 188 **0/188892**
74.248.24.167 - - [03/Mar/2026:09:49:58 -0700] "GET /prv8.php HTTP/1.1" 404 - "-" "-" 156 **0/156366**
74.248.24.167 - - [03/Mar/2026:09:49:58 -0700] "GET /k.php HTTP/1.1" 404 - "-" "-" 119 **0/119382**
74.248.24.167 - - [03/Mar/2026:09:49:58 -0700] "GET /dev.php HTTP/1.1" 404 - "-" "-" 113 **0/113150**
74.248.24.167 - - [03/Mar/2026:09:49:59 -0700] "GET /x123x.php HTTP/1.1" 404 - "-" "-" 107 **0/107607**
74.248.24.167 - - [03/Mar/2026:09:49:59 -0700] "GET /bal.php HTTP/1.1" 404 - "-" "-" 147 **0/147434**
74.248.24.167 - - [03/Mar/2026:09:49:59 -0700] "GET /in.php HTTP/1.1" 404 - "-" "-" 121 **0/121427**
74.248.24.167 - - [03/Mar/2026:09:50:00 -0700] "GET /gssdd.php HTTP/1.1" 404 - "-" "-" 138 **0/138105**
74.248.24.167 - - [03/Mar/2026:09:50:00 -0700] "GET /motu.php HTTP/1.1" 404 - "-" "-" 143 **0/143360**
136.243.220.212 - - [03/Mar/2026:09:50:00 -0700] "GET /better-1-put-casinos-canada-2025-play-for-step-1-casinohub365/ HTTP/1.1" 200 71829 "-" "Mozilla/5.0 (compatible; DataForSeoBot/1.0; +https://dataforseo.com/dataforseo-bot)" 337 **0/337661**
74.248.24.167 - - [03/Mar/2026:09:50:00 -0700] "GET /bs1.php HTTP/1.1" 404 - "-" "-" 152 **0/152011**
74.248.24.167 - - [03/Mar/2026:09:50:00 -0700] "GET /bengi.php HTTP/1.1" 404 - "-" "-" 130 **0/130608**
74.248.24.167 - - [03/Mar/2026:09:50:01 -0700] "GET /miansha.php HTTP/1.1" 404 - "-" "-" 167 **0/167754**
57.141.16.61 - - [03/Mar/2026:09:50:01 -0700] "GET /?p=150371 HTTP/1.1" 301 - "-" "meta-externalagent/1.1 (+https://developers.facebook.com/docs/sharing/webmasters/crawler)" 158 **0/158393**
74.248.24.167 - - [03/Mar/2026:09:50:01 -0700] "GET //erty.php HTTP/1.1" 301 - "-" "-" 405 **0/405092**
74.248.24.167 - - [03/Mar/2026:09:50:02 -0700] "GET /erty.php HTTP/1.1" 404 - "-" "-" 401 **0/401919**
57.141.16.56 - - [03/Mar/2026:09:50:01 -0700] "GET /wp-json/oembed/1.0/embed?url=http%3A%2F%2Fwww.icdp.co.in%2Fjak-grac-w-lotkowa-aviator-u-kasyna-online%2F HTTP/1.1" 200 2405 "-" "meta-externalagent/1.1 (+https://developers.facebook.com/docs/sharing/webmasters/crawler)" 794 **0/794590**
74.248.24.167 - - [03/Mar/2026:09:50:02 -0700] "GET /wp-content/plugins/pwnd/as.php HTTP/1.1" 404 - "-" "-" 480 **0/480275**
74.248.24.167 - - [03/Mar/2026:09:50:03 -0700] "GET /X57.php HTTP/1.1" 404 - "-" "-" 226 **0/226255**
74.248.24.167 - - [03/Mar/2026:09:50:03 -0700] "GET /axx.php HTTP/1.1" 404 - "-" "-" 191 **0/191473**
74.248.24.167 - - [03/Mar/2026:09:50:04 -0700] "GET /alfashell.php HTTP/1.1" 404 - "-" "-" 224 **0/224575**
74.248.24.167 - - [03/Mar/2026:09:50:04 -0700] "GET /re.php HTTP/1.1" 404 - "-" "-" 182 **0/182420**
74.248.24.167 - - [03/Mar/2026:09:50:04 -0700] "GET /styll.php HTTP/1.1" 404 - "-" "-" 198 **0/198714**
74.248.24.167 - - [03/Mar/2026:09:50:05 -0700] "GET /flower.php HTTP/1.1" 404 - "-" "-" 194 **0/194454**
136.243.220.212 - - [03/Mar/2026:09:50:05 -0700] "GET /ofrece-wolf-thunder-slot-belatra-games-casino-online/ HTTP/1.1" 200 72900 "-" "Mozilla/5.0 (compatible; DataForSeoBot/1.0; +https://dataforseo.com/dataforseo-bot)" 476 **0/476284**
74.248.24.167 - - [03/Mar/2026:09:50:05 -0700] "GET /flower2.php HTTP/1.1" 404 - "-" "-" 178 **0/178398**
74.248.24.167 - - [03/Mar/2026:09:50:06 -0700] "GET /4h.php HTTP/1.1" 404 - "-" "-" 149 **0/149431**
74.248.24.167 - - [03/Mar/2026:09:50:06 -0700] "GET /gettest.php HTTP/1.1" 404 - "-" "-" 170 **0/170856**
74.248.24.167 - - [03/Mar/2026:09:50:06 -0700] "GET /acp.php HTTP/1.1" 404 - "-" "-" 174 **0/174509**
74.248.24.167 - - [03/Mar/2026:09:50:07 -0700] "GET /database.php HTTP/1.1" 404 - "-" "-" 173 **0/173468**
136.243.220.212 - - [03/Mar/2026:09:50:08 -0700] "GET /duckyluck-casino-honest-remark-2025-incentives-online-game-faqs/ HTTP/1.1" 200 73784 "-" "Mozilla/5.0 (compatible; DataForSeoBot/1.0; +https://dataforseo.com/dataforseo-bot)" 372 **0/372528**
136.243.220.212 - - [03/Mar/2026:09:50:13 -0700] "GET /sikkim-recreation-login-step-by-step-information-for-straightforward-entry/ HTTP/1.1" 200 71230 "-" "Mozilla/5.0 (compatible; DataForSeoBot/1.0; +https://dataforseo.com/dataforseo-bot)" 346 **0/346375**
57.141.16.22 - - [03/Mar/2026:09:50:15 -0700] "GET /read-more-on-the-our-rating-methodology-for-the-how-we-rates-and-you-can-remark-gambling-enterprises/feed/ HTTP/1.1" 200 1045 "-" "meta-externalagent/1.1 (+https://developers.facebook.com/docs/sharing/webmasters/crawler)" 110 **0/110155**
136.243.220.212 - - [03/Mar/2026:09:50:16 -0700] "GET /the-best-alive-broker-on-line-use-the-web-blackjackpro-montecarlo-singlehand-casinos-look-black-colored-22bet-casino-play-online-possessed-services-enterprises/ HTTP/1.1" 200 72945 "-" "Mozilla/5.0 (compatible; DataForSeoBot/1.0; +https://dataforseo.com/dataforseo-bot)" 343 **0/343216**
57.141.16.45 - - [03/Mar/2026:09:50:17 -0700] "GET /wp-json/oembed/1.0/embed?url=http%3A%2F%2Fwww.icdp.co.in%2Freel-from-inside-the-award-factors-and-cash-bonuses-every-time-one-of-your-friends-suits-and-you-will-takes-on-in-the-slotslv%2F HTTP/1.1" 200 2790 "-" "meta-externalagent/1.1 (+https://developers.facebook.com/docs/sharing/webmasters/crawler)" 127 **0/127141**
136.243.220.212 - - [03/Mar/2026:09:50:20 -0700] "GET /quickest-withdrawal-gambling-enterprises-united-kingdom-less-than-60-minutes-same-day/ HTTP/1.1" 200 73071 "-" "Mozilla/5.0 (compatible; DataForSeoBot/1.0; +https://dataforseo.com/dataforseo-bot)" 318 **0/318164**
136.243.220.212 - - [03/Mar/2026:09:50:24 -0700] "GET /stash-of-ones-titans-slot-game-remark-100-percent-free-enjoy-extra/ HTTP/1.1" 200 72311 "-" "Mozilla/5.0 (compatible; DataForSeoBot/1.0; +https://dataforseo.com/dataforseo-bot)" 306 **0/306797**
136.243.220.212 - - [03/Mar/2026:09:50:29 -0700] "GET /free-spins-casinos-australia-best-no-deposit-pokies-2025/ HTTP/1.1" 200 71321 "-" "Mozilla/5.0 (compatible; DataForSeoBot/1.0; +https://dataforseo.com/dataforseo-bot)" 268 **0/268888**
136.243.220.212 - - [03/Mar/2026:09:50:32 -0700] "GET /32red-sport-opinion-bettingsos-totally-free-revolves-no-deposit-mobile-gambling-enterprise/ HTTP/1.1" 200 73002 "-" "Mozilla/5.0 (compatible; DataForSeoBot/1.0; +https://dataforseo.com/dataforseo-bot)" 321 **0/321567**
136.243.220.212 - - [03/Mar/2026:09:50:36 -0700] "GET /hrajte-automaty-zdarma-nebo-za-penize/ HTTP/1.1" 200 73237 "-" "Mozilla/5.0 (compatible; DataForSeoBot/1.0; +https://dataforseo.com/dataforseo-bot)" 303 **0/303265**
136.243.220.212 - - [03/Mar/2026:09:50:40 -0700] "GET /calcules-prime-domesticite-dans-salle-de-jeu-mystake-salle-de-jeu-articles-janvier-2025/ HTTP/1.1" 200 71397 "-" "Mozilla/5.0 (compatible; DataForSeoBot/1.0; +https://dataforseo.com/dataforseo-bot)" 333 **0/333918**
18.203.84.147 - - [03/Mar/2026:09:50:41 -0700] "POST /xmlrpc.php HTTP/1.1" 200 1494497 "-" "Mozilla/5.0 (Macintosh; Intel Mac OS X 12_5) AppleWebKit/537.36 (KHTML, like Gecko) Chrome/114.0.0.0 YaBrowser/22.7.0 Yowser/2.5 Safari/537.36" 1064 **1/1064773**
136.243.220.212 - - [03/Mar/2026:09:50:44 -0700] "GET /bonuscodes-casino-no-einzahlung-hitnspin-exklusive-einzahlung-kasino-help-teutonia/ HTTP/1.1" 200 73211 "-" "Mozilla/5.0 (compatible; DataForSeoBot/1.0; +https://dataforseo.com/dataforseo-bot)" 302 **0/302827**
136.243.220.212 - - [03/Mar/2026:09:50:48 -0700] "GET /so-many-taxpayers-becomes-up-to-1eight-hundred-regarding-the-irs-npr/ HTTP/1.1" 200 73926 "-" "Mozilla/5.0 (compatible; DataForSeoBot/1.0; +https://dataforseo.com/dataforseo-bot)" 288 **0/288065**
18.203.84.147 - - [03/Mar/2026:09:50:48 -0700] "POST /xmlrpc.php HTTP/1.1" 200 181 "-" "Mozilla/5.0 (Macintosh; Intel Mac OS X 12_5) AppleWebKit/537.36 (KHTML, like Gecko) Chrome/114.0.0.0 YaBrowser/22.7.0 Yowser/2.5 Safari/537.36" 243 **0/243842**
68.178.232.37 - - [03/Mar/2026:09:50:52 -0700] "POST /wp-cron.php?doing_wp_cron=1772556652.4753201007843017578125 HTTP/1.1" 200 - "http://www.icdp.co.in/wp-cron.php?doing_wp_cron=1772556652.4753201007843017578125" "WordPress/5.7.8; http://www.icdp.co.in" 649 **0/649908**
18.203.84.147 - - [03/Mar/2026:09:50:52 -0700] "POST /xmlrpc.php HTTP/1.1" 200 13129 "-" "Mozilla/5.0 (Macintosh; Intel Mac OS X 12_5) AppleWebKit/537.36 (KHTML, like Gecko) Chrome/114.0.0.0 YaBrowser/22.7.0 Yowser/2.5 Safari/537.36" 815 **0/815712**
136.243.220.212 - - [03/Mar/2026:09:50:53 -0700] "GET /10-bedste-pa-casinoer-oven-i-kobet-idraet-omkring-rigtige-login-til-richville-casino-gysser-2023/ HTTP/1.1" 200 72917 "-" "Mozilla/5.0 (compatible; DataForSeoBot/1.0; +https://dataforseo.com/dataforseo-bot)" 504 **0/504468**
68.178.232.37 - - [03/Mar/2026:09:50:56 -0700] "POST /wp-cron.php?doing_wp_cron=1772556656.5399620532989501953125 HTTP/1.1" 200 - "http://www.icdp.co.in/wp-cron.php?doing_wp_cron=1772556656.5399620532989501953125" "WordPress/5.7.8; http://www.icdp.co.in" 189 **0/189496**
136.243.220.212 - - [03/Mar/2026:09:50:56 -0700] "GET /blood-suckers-position-comment-2025-bonuses-rtp-and-you-can-game-play/ HTTP/1.1" 200 71934 "-" "Mozilla/5.0 (compatible; DataForSeoBot/1.0; +https://dataforseo.com/dataforseo-bot)" 515 **0/515438**
17.241.227.212 - - [03/Mar/2026:09:50:58 -0700] "GET /1win-bet-621/ HTTP/1.1" 200 82045 "-" "Mozilla/5.0 (Macintosh; Intel Mac OS X 10_15_7) AppleWebKit/605.1.15 (KHTML, like Gecko) Version/17.4 Safari/605.1.15 (Applebot/0.1; +http://www.apple.com/go/applebot)" 290 **0/290689**
136.243.220.212 - - [03/Mar/2026:09:51:00 -0700] "GET /beste-casino-no-einzahlung-iwinfortune-erreichbar-casinos-2025-nachfolgende-top-100-testberichte/ HTTP/1.1" 200 74021 "-" "Mozilla/5.0 (compatible; DataForSeoBot/1.0; +https://dataforseo.com/dataforseo-bot)" 331 **0/331714**
57.141.16.65 - - [03/Mar/2026:09:51:03 -0700] "GET /?p=150874 HTTP/1.1" 301 - "-" "meta-externalagent/1.1 (+https://developers.facebook.com/docs/sharing/webmasters/crawler)" 147 **0/147367**
57.141.16.20 - - [03/Mar/2026:09:51:03 -0700] "GET /4-pots-riches-hold-and-win-slot/feed/ HTTP/1.1" 200 839 "-" "meta-externalagent/1.1 (+https://developers.facebook.com/docs/sharing/webmasters/crawler)" 133 **0/133162**
136.243.220.212 - - [03/Mar/2026:09:51:04 -0700] "GET /cleopatra-video-slot-opinion-modern-jackpot/ HTTP/1.1" 200 71979 "-" "Mozilla/5.0 (compatible; DataForSeoBot/1.0; +https://dataforseo.com/dataforseo-bot)" 292 **0/292874**
136.243.220.212 - - [03/Mar/2026:09:51:08 -0700] "GET /fortunate-twins-5-minimum-deposit-gambling-enterprise-get-5-no-deposit-extra/ HTTP/1.1" 200 72658 "-" "Mozilla/5.0 (compatible; DataForSeoBot/1.0; +https://dataforseo.com/dataforseo-bot)" 322 **0/322285**
136.243.220.212 - - [03/Mar/2026:09:51:12 -0700] "GET /mostbet-onlayn-kazino-ozbekistonda-mijozlarni-495/ HTTP/1.1" 200 72315 "-" "Mozilla/5.0 (compatible; DataForSeoBot/1.0; +https://dataforseo.com/dataforseo-bot)" 303 **0/303860**
136.243.220.212 - - [03/Mar/2026:09:51:16 -0700] "GET /casino-provision-blos-einzahlung-ubersicht-alle-willkommensbonus-angebote-je-angeschlossen-casinos-exklusive-einzahlung-inoffizieller-mitarbeiter-unlimluck-slots-promo-november-2025-fix-erfassen/ HTTP/1.1" 200 73252 "-" "Mozilla/5.0 (compatible; DataForSeoBot/1.0; +https://dataforseo.com/dataforseo-bot)" 304 **0/304923**
57.141.16.55 - - [03/Mar/2026:09:51:20 -0700] "GET /wp-json/wp/v2/posts/147313 HTTP/1.1" 200 7532 "-" "meta-externalagent/1.1 (+https://developers.facebook.com/docs/sharing/webmasters/crawler)" 139 **0/139854**
136.243.220.212 - - [03/Mar/2026:09:51:21 -0700] "GET /free-spins-i-nyttige-tip-dag-2024-fa-370-fr-spins-dags-dat/ HTTP/1.1" 200 73087 "-" "Mozilla/5.0 (compatible; DataForSeoBot/1.0; +https://dataforseo.com/dataforseo-bot)" 307 **0/307965**
136.243.220.212 - - [03/Mar/2026:09:51:25 -0700] "GET /les-jeux-les-plus-populaires-sur-les-plateformes-de-live-casino-online-2025/ HTTP/1.1" 200 71853 "-" "Mozilla/5.0 (compatible; DataForSeoBot/1.0; +https://dataforseo.com/dataforseo-bot)" 290 **0/290661**
136.243.220.212 - - [03/Mar/2026:09:51:29 -0700] "GET /greatest-santas-wild-drive-2-log-on-british-electronic-poker-possibility/ HTTP/1.1" 200 72993 "-" "Mozilla/5.0 (compatible; DataForSeoBot/1.0; +https://dataforseo.com/dataforseo-bot)" 346 **0/346802**
136.243.220.212 - - [03/Mar/2026:09:51:32 -0700] "GET /large-wonky-wabbits-mobile/ HTTP/1.1" 200 73915 "-" "Mozilla/5.0 (compatible; DataForSeoBot/1.0; +https://dataforseo.com/dataforseo-bot)" 284 **0/284837**
85.208.96.195 - - [03/Mar/2026:09:51:35 -0700] "GET /quelles-accrocs-les-salle-de-jeu-legerement-a-decrochement-image-accablent-ces-derniers/ HTTP/1.1" 200 78378 "-" "Mozilla/5.0 (compatible; SemrushBot/7~bl; +http://www.semrush.com/bot.html)" 278 **0/278410**
136.243.220.212 - - [03/Mar/2026:09:51:36 -0700] "GET /unser-besten-wie-man-bonus-in-royalgame-bekommt-erreichbar-casinos-via-lastschrift/ HTTP/1.1" 200 73701 "-" "Mozilla/5.0 (compatible; DataForSeoBot/1.0; +https://dataforseo.com/dataforseo-bot)" 341 **0/341083**
85.208.96.195 - - [03/Mar/2026:09:51:37 -0700] "GET /che-valutiamo-bookmakers-indeterminatamente-di-scorsa-di-nuovo-guadagno/ HTTP/1.1" 200 78373 "-" "Mozilla/5.0 (compatible; SemrushBot/7~bl; +http://www.semrush.com/bot.html)" 283 **0/283449**
85.208.96.195 - - [03/Mar/2026:09:51:39 -0700] "GET /in-advance-of-playing-which-have-a-real-income-into-the-online-slots-games-its-a-good-idea-to-apply-earliest/ HTTP/1.1" 200 78025 "-" "Mozilla/5.0 (compatible; SemrushBot/7~bl; +http://www.semrush.com/bot.html)" 251 **0/251722**
136.243.220.212 - - [03/Mar/2026:09:51:41 -0700] "GET /garageporte-vulkan-vegas-danmark-plu-detalje-indtil-bestille-priser/ HTTP/1.1" 200 72707 "-" "Mozilla/5.0 (compatible; DataForSeoBot/1.0; +https://dataforseo.com/dataforseo-bot)" 332 **0/332262**
136.243.220.212 - - [03/Mar/2026:09:51:44 -0700] "GET /tilslutte-casino-ma-kitty-glitter-slot-free-spins-bedste-danske-casinoer/ HTTP/1.1" 200 72934 "-" "Mozilla/5.0 (compatible; DataForSeoBot/1.0; +https://dataforseo.com/dataforseo-bot)" 275 **0/275921**
85.208.96.195 - - [03/Mar/2026:09:51:44 -0700] "GET /smooth-playing-to-your-eight-waters-todays-world-motions-timely/ HTTP/1.1" 200 78872 "-" "Mozilla/5.0 (compatible; SemrushBot/7~bl; +http://www.semrush.com/bot.html)" 256 **0/256598**
136.243.220.212 - - [03/Mar/2026:09:51:48 -0700] "GET /15-legitimate-games-you-to-spend-real-cash-instantaneously-the-testing/ HTTP/1.1" 200 72545 "-" "Mozilla/5.0 (compatible; DataForSeoBot/1.0; +https://dataforseo.com/dataforseo-bot)" 342 **0/342028**
136.243.220.212 - - [03/Mar/2026:09:51:52 -0700] "GET /onlajn-kazino-aktualnoe-zerkalo-dlja-vhoda-na-16/ HTTP/1.1" 200 71698 "-" "Mozilla/5.0 (compatible; DataForSeoBot/1.0; +https://dataforseo.com/dataforseo-bot)" 271 **0/271468**
185.191.171.15 - - [03/Mar/2026:09:51:54 -0700] "GET /boost-your-online-slots-games-real-money-sense-our-biggest-information/ HTTP/1.1" 200 78066 "-" "Mozilla/5.0 (compatible; SemrushBot/7~bl; +http://www.semrush.com/bot.html)" 273 **0/273840**
68.178.232.37 - - [03/Mar/2026:09:51:57 -0700] "POST /wp-cron.php?doing_wp_cron=1772556717.0159800052642822265625 HTTP/1.1" 200 - "http://www.icdp.co.in/wp-cron.php?doing_wp_cron=1772556717.0159800052642822265625" "WordPress/5.7.8; http://www.icdp.co.in" 176 **0/176828**
136.243.220.212 - - [03/Mar/2026:09:51:56 -0700] "GET /da-hong-bao-silver-glpl/ HTTP/1.1" 200 72156 "-" "Mozilla/5.0 (compatible; DataForSeoBot/1.0; +https://dataforseo.com/dataforseo-bot)" 472 **0/472656**
136.243.220.212 - - [03/Mar/2026:09:52:00 -0700] "GET /kasino-afkast-medmindre-giroindbetalin-fr-kasino-imperativt-hyperlink-bonusser/ HTTP/1.1" 200 72745 "-" "Mozilla/5.0 (compatible; DataForSeoBot/1.0; +https://dataforseo.com/dataforseo-bot)" 335 **0/335034**
57.141.16.31 - - [03/Mar/2026:09:52:02 -0700] "GET /wp-json/wp/v2/posts/145729 HTTP/1.1" 200 7541 "-" "meta-externalagent/1.1 (+https://developers.facebook.com/docs/sharing/webmasters/crawler)" 200 **0/200054**
136.243.220.212 - - [03/Mar/2026:09:52:04 -0700] "GET /colin-the-new-pet-position-play-the-beonbet-lite-login-local-casino-video-game-free-of-charge/ HTTP/1.1" 200 72933 "-" "Mozilla/5.0 (compatible; DataForSeoBot/1.0; +https://dataforseo.com/dataforseo-bot)" 273 **0/273282**
136.243.220.212 - - [03/Mar/2026:09:52:09 -0700] "GET /greatest-31-web-based-casinos-that-have-slingo/ HTTP/1.1" 200 72885 "-" "Mozilla/5.0 (compatible; DataForSeoBot/1.0; +https://dataforseo.com/dataforseo-bot)" 297 **0/297195**
57.141.16.83 - - [03/Mar/2026:09:52:11 -0700] "GET /wp-json/oembed/1.0/embed?url=http%3A%2F%2Fwww.icdp.co.in%2Fthe-ultimate-guide-to-mostbet-casino-your-key-to%2F HTTP/1.1" 200 2447 "-" "meta-externalagent/1.1 (+https://developers.facebook.com/docs/sharing/webmasters/crawler)" 118 **0/118619**
85.208.96.195 - - [03/Mar/2026:09:52:12 -0700] "GET /online-slot-online-game-might-have-been-being-among-the-most-needed-online-game-online/ HTTP/1.1" 200 78066 "-" "Mozilla/5.0 (compatible; SemrushBot/7~bl; +http://www.semrush.com/bot.html)" 272 **0/272348**
136.243.220.212 - - [03/Mar/2026:09:52:13 -0700] "GET /sultans-chance-on-the-internet-slot-games-remark-100-percent-free-gamble/ HTTP/1.1" 200 71943 "-" "Mozilla/5.0 (compatible; DataForSeoBot/1.0; +https://dataforseo.com/dataforseo-bot)" 277 **0/277401**
185.191.171.10 - - [03/Mar/2026:09:52:14 -0700] "GET /whats-chatroulette/ HTTP/1.1" 200 80929 "-" "Mozilla/5.0 (compatible; SemrushBot/7~bl; +http://www.semrush.com/bot.html)" 270 **0/270773**
136.243.220.212 - - [03/Mar/2026:09:52:17 -0700] "GET /pinco-online-kazino-azrbaycanda-srtli-dnilr-v-127-2/ HTTP/1.1" 200 72762 "-" "Mozilla/5.0 (compatible; DataForSeoBot/1.0; +https://dataforseo.com/dataforseo-bot)" 294 **0/294374**
17.22.245.85 - - [03/Mar/2026:09:52:18 -0700] "GET /free-plats-arctic-adventure-spins-inte-med-insattning-mata-pa-casinon-inte-me-svensk-person-licens/ HTTP/1.1" 200 78863 "-" "Mozilla/5.0 (Macintosh; Intel Mac OS X 10_15_7) AppleWebKit/605.1.15 (KHTML, like Gecko) Version/17.4 Safari/605.1.15 (Applebot/0.1; +http://www.apple.com/go/applebot)" 250 **0/250794**
136.243.220.212 - - [03/Mar/2026:09:52:20 -0700] "GET /antique-creme-anglaise-meal-vanilla-utile-link-custard-sauce/ HTTP/1.1" 200 74321 "-" "Mozilla/5.0 (compatible; DataForSeoBot/1.0; +https://dataforseo.com/dataforseo-bot)" 276 **0/276999**
185.191.171.12 - - [03/Mar/2026:09:52:21 -0700] "GET /angeschlossen-spielsaal-pramie-angebote-unter-einsatz-von-cashback-sie-sind-auf-dem-vormarsch/ HTTP/1.1" 200 79043 "-" "Mozilla/5.0 (compatible; SemrushBot/7~bl; +http://www.semrush.com/bot.html)" 274 **0/274787**
57.141.16.25 - - [03/Mar/2026:09:52:23 -0700] "GET /wp-json/oembed/1.0/embed?url=http%3A%2F%2Fwww.icdp.co.in%2Fkumar-siteleri-trkiye-hzl-kayt-ve-kolay-kullanm-37%2F HTTP/1.1" 200 2508 "-" "meta-externalagent/1.1 (+https://developers.facebook.com/docs/sharing/webmasters/crawler)" 112 **0/112956**
85.208.96.197 - - [03/Mar/2026:09:52:23 -0700] "GET /fesselnde-plinko-game-action-dein-weg-zu/ HTTP/1.1" 200 82109 "-" "Mozilla/5.0 (compatible; SemrushBot/7~bl; +http://www.semrush.com/bot.html)" 264 **0/264778**
136.243.220.212 - - [03/Mar/2026:09:52:24 -0700] "GET /greatest-x-bitcoin-casino-bitkong-100-free-spins-poker/ HTTP/1.1" 200 72737 "-" "Mozilla/5.0 (compatible; DataForSeoBot/1.0; +https://dataforseo.com/dataforseo-bot)" 305 **0/305653**
136.243.220.212 - - [03/Mar/2026:09:52:28 -0700] "GET /online-casino-websites-pro-ratings-for-oct-2025/ HTTP/1.1" 200 72863 "-" "Mozilla/5.0 (compatible; DataForSeoBot/1.0; +https://dataforseo.com/dataforseo-bot)" 304 **0/304200**
136.243.220.212 - - [03/Mar/2026:09:52:32 -0700] "GET /16-internet-casino-zimpler-ten-buck-best-nsfw-other-sites-to-help-you-provides-people-best-pornography-websites-regarding-the-2025/ HTTP/1.1" 200 73501 "-" "Mozilla/5.0 (compatible; DataForSeoBot/1.0; +https://dataforseo.com/dataforseo-bot)" 338 **0/338563**
185.191.171.15 - - [03/Mar/2026:09:52:35 -0700] "GET /hinein-meinem-bonus-zu-tun-sein-die-leser-noch-nicht-die-bohne-nach-der-unschlussig-zocken/ HTTP/1.1" 200 78995 "-" "Mozilla/5.0 (compatible; SemrushBot/7~bl; +http://www.semrush.com/bot.html)" 291 **0/291218**
136.243.220.212 - - [03/Mar/2026:09:52:36 -0700] "GET /incentive-deuces-wild-slot-casino-playfortuna-on-the-web-enjoy-bonus-deuces-insane-demonstration/ HTTP/1.1" 200 74031 "-" "Mozilla/5.0 (compatible; DataForSeoBot/1.0; +https://dataforseo.com/dataforseo-bot)" 339 **0/339382**
57.141.16.20 - - [03/Mar/2026:09:52:37 -0700] "GET /wp-json/oembed/1.0/embed?url=http%3A%2F%2Fwww.icdp.co.in%2Ftraining-is-actually-electricity-get-aquainted-that-have-the-new-ports-by-to-play-for-free%2F HTTP/1.1" 200 2627 "-" "meta-externalagent/1.1 (+https://developers.facebook.com/docs/sharing/webmasters/crawler)" 141 **0/141823**
185.191.171.15 - - [03/Mar/2026:09:52:38 -0700] "GET /dos-proposicion-sobre-juegos-casino-apuestas-y-no-ha-transpirado-juegos-exclusivos/ HTTP/1.1" 200 78418 "-" "Mozilla/5.0 (compatible; SemrushBot/7~bl; +http://www.semrush.com/bot.html)" 323 **0/323046**
136.243.220.212 - - [03/Mar/2026:09:52:41 -0700] "GET /will-set-you-back-handling-choices-da-hong-bao-silver-1-put-for-everybody-business/ HTTP/1.1" 200 73211 "-" "Mozilla/5.0 (compatible; DataForSeoBot/1.0; +https://dataforseo.com/dataforseo-bot)" 305 **0/305544**
85.208.96.205 - - [03/Mar/2026:09:52:42 -0700] "GET /assortiment-attitre-afin-dacceder-au-activite-majeur-i%EF%BF%BD-propos-des-heler/ HTTP/1.1" 200 78482 "-" "Mozilla/5.0 (compatible; SemrushBot/7~bl; +http://www.semrush.com/bot.html)" 257 **0/257885**
85.208.96.207 - - [03/Mar/2026:09:52:44 -0700] "GET /%CF%80%CE%B1%CE%AF%CE%BE%CF%84%CE%B5-%CF%80%CE%B1%CE%B9%CF%87%CE%BD%CE%AF%CE%B4%CE%B9%CE%B1-%CE%BA%CE%B1%CE%B6%CE%AF%CE%BD%CE%BF-%CE%BA%CE%B1%CE%B9-%CF%83%CF%84%CE%BF%CE%B9%CF%87%CE%B7%CE%BC%CE%B1/ HTTP/1.1" 200 80873 "-" "Mozilla/5.0 (compatible; SemrushBot/7~bl; +http://www.semrush.com/bot.html)" 275 **0/275091**
136.243.220.212 - - [03/Mar/2026:09:52:44 -0700] "GET /intercasino-bis-zu-1-euro-einzahlung-casino-online-900-willkommensbonus-unter-anderem-110-freispiele/ HTTP/1.1" 200 73611 "-" "Mozilla/5.0 (compatible; DataForSeoBot/1.0; +https://dataforseo.com/dataforseo-bot)" 307 **0/307535**
136.243.220.212 - - [03/Mar/2026:09:52:48 -0700] "GET /starburst-slot-demonstration-wager-totally-free-earn-each-other-suggests/ HTTP/1.1" 200 73897 "-" "Mozilla/5.0 (compatible; DataForSeoBot/1.0; +https://dataforseo.com/dataforseo-bot)" 285 **0/285807**
57.141.16.21 - - [03/Mar/2026:09:52:51 -0700] "GET /wp-json/oembed/1.0/embed?url=http%3A%2F%2Fwww.icdp.co.in%2Fwhat-type-of-slots-will-we-like-to-relax-and-play-one-particular%2F HTTP/1.1" 200 2488 "-" "meta-externalagent/1.1 (+https://developers.facebook.com/docs/sharing/webmasters/crawler)" 117 **0/117626**
136.243.220.212 - - [03/Mar/2026:09:52:53 -0700] "GET /slot-machine-gratis-online-privato-di-deporre-5000-demo/ HTTP/1.1" 200 71716 "-" "Mozilla/5.0 (compatible; DataForSeoBot/1.0; +https://dataforseo.com/dataforseo-bot)" 282 **0/282247**
57.141.16.77 - - [03/Mar/2026:09:52:53 -0700] "GET /wp-json/oembed/1.0/embed?url=http%3A%2F%2Fwww.icdp.co.in%2Fexactly-what-instructions-you-objective-opinions-and-also-the-pledge-to-help-you-participants%2F HTTP/1.1" 200 2639 "-" "meta-externalagent/1.1 (+https://developers.facebook.com/docs/sharing/webmasters/crawler)" 139 **0/139678**
68.178.232.37 - - [03/Mar/2026:09:52:57 -0700] "POST /wp-cron.php?doing_wp_cron=1772556777.0079529285430908203125 HTTP/1.1" 200 - "http://www.icdp.co.in/wp-cron.php?doing_wp_cron=1772556777.0079529285430908203125" "WordPress/5.7.8; http://www.icdp.co.in" 178 **0/178206**
136.243.220.212 - - [03/Mar/2026:09:52:56 -0700] "GET /nostradamus-prophecy-ideas-on-how-to-withdraw-bonus-money-from-red-colored-package-casino-prophetic-on-the-web-status/ HTTP/1.1" 200 72824 "-" "Mozilla/5.0 (compatible; DataForSeoBot/1.0; +https://dataforseo.com/dataforseo-bot)" 513 **0/513061**
136.243.220.212 - - [03/Mar/2026:09:53:01 -0700] "GET /clubriches-extra-requirements-no-put-7-sins-1-put-2025-sizzling-hot-games-for-mac-casino-now-offers-upgraded-2025/ HTTP/1.1" 200 75242 "-" "Mozilla/5.0 (compatible; DataForSeoBot/1.0; +https://dataforseo.com/dataforseo-bot)" 371 **0/371982**
136.243.220.212 - - [03/Mar/2026:09:53:04 -0700] "GET /greatest-mobile-online-casinos-the-real-deal-money-in-2025/ HTTP/1.1" 200 73575 "-" "Mozilla/5.0 (compatible; DataForSeoBot/1.0; +https://dataforseo.com/dataforseo-bot)" 318 **0/318129**
