136.243.220.212 - - [03/Mar/2026:07:12:00 -0700] "GET /online-casino-uber-handyrechnung-saldieren-ostmark-ghost-rider-5-sicherheit-2025/ HTTP/1.1" 200 74385 "-" "Mozilla/5.0 (compatible; DataForSeoBot/1.0; +https://dataforseo.com/dataforseo-bot)" 361 **0/361243**
136.243.220.212 - - [03/Mar/2026:07:12:04 -0700] "GET /jogos-de-casino-an-algum-real-guia-todo-para-jogar-com-rodadas-gratis-no-slot-book-of-ra-assercao-sobre-2025/ HTTP/1.1" 200 72437 "-" "Mozilla/5.0 (compatible; DataForSeoBot/1.0; +https://dataforseo.com/dataforseo-bot)" 295 **0/295946**
57.141.16.37 - - [03/Mar/2026:07:12:04 -0700] "GET /wp-json/oembed/1.0/embed?url=http%3A%2F%2Fwww.icdp.co.in%2Fqui-indique-le-leurs-nouveaux-jeu-pour-salle-de-jeu%2F HTTP/1.1" 200 2426 "-" "meta-externalagent/1.1 (+https://developers.facebook.com/docs/sharing/webmasters/crawler)" 123 **0/123552**
136.243.220.212 - - [03/Mar/2026:07:12:08 -0700] "GET /makine-lojerash-elektronike-reel-queen-per-rishikim-ice-casino-ta-provuar-falas-ne-kazinote-online-te-novoline/ HTTP/1.1" 200 72219 "-" "Mozilla/5.0 (compatible; DataForSeoBot/1.0; +https://dataforseo.com/dataforseo-bot)" 290 **0/290708**
85.208.96.207 - - [03/Mar/2026:07:12:08 -0700] "GET /thunderstruck-online-slots-games-video-game-review/ HTTP/1.1" 200 81031 "-" "Mozilla/5.0 (compatible; SemrushBot/7~bl; +http://www.semrush.com/bot.html)" 269 **0/269125**
57.141.16.52 - - [03/Mar/2026:07:12:11 -0700] "GET /wp-json/oembed/1.0/embed?url=http%3A%2F%2Fwww.icdp.co.in%2Fwillkommensbonus-%25ef%25bf%25bd-so-weit-wie-500-euro-plus-two-hundred-and-fifty-freispiele-wanneer-willkommensgeschenk%2F HTTP/1.1" 200 2721 "-" "meta-externalagent/1.1 (+https://developers.facebook.com/docs/sharing/webmasters/crawler)" 136 **0/136359**
136.243.220.212 - - [03/Mar/2026:07:12:12 -0700] "GET /kosteloos-bingo-acteren-kienspe-kosteloos-in-voor-bingo-eigendom/ HTTP/1.1" 200 71950 "-" "Mozilla/5.0 (compatible; DataForSeoBot/1.0; +https://dataforseo.com/dataforseo-bot)" 327 **0/327314**
57.141.16.5 - - [03/Mar/2026:07:12:14 -0700] "GET /?p=145629 HTTP/1.1" 301 - "-" "meta-externalagent/1.1 (+https://developers.facebook.com/docs/sharing/webmasters/crawler)" 145 **0/145020**
185.191.171.1 - - [03/Mar/2026:07:12:16 -0700] "GET /game-providers-that-power-skyrainbet-casino-quality-and-variety/ HTTP/1.1" 200 79726 "-" "Mozilla/5.0 (compatible; SemrushBot/7~bl; +http://www.semrush.com/bot.html)" 275 **0/275916**
43.173.182.69 - - [03/Mar/2026:07:12:16 -0700] "GET /1win-bet-87/ HTTP/1.1" 200 82292 "-" "Mozilla/5.0 (Windows NT 10.0; Win64; x64) AppleWebKit/537.36 (KHTML, like Gecko) Chrome/103.0.0.0 Safari/537.36" 280 **0/280643**
136.243.220.212 - - [03/Mar/2026:07:12:17 -0700] "GET /sensuous-777-deluxe-cellular-position-review-wazdan/ HTTP/1.1" 200 71181 "-" "Mozilla/5.0 (compatible; DataForSeoBot/1.0; +https://dataforseo.com/dataforseo-bot)" 268 **0/268654**
57.141.16.36 - - [03/Mar/2026:07:12:18 -0700] "GET /wonaco-casino/feed/ HTTP/1.1" 200 784 "-" "meta-externalagent/1.1 (+https://developers.facebook.com/docs/sharing/webmasters/crawler)" 117 **0/117450**
136.243.220.212 - - [03/Mar/2026:07:12:21 -0700] "GET /bingo-casino-futebol-blaze-parimatch-10-hot-burning-fortunator-1-deposito-joker-online-en-hop-n-pop-anuviado-deposito-2025-peru-bijenale/ HTTP/1.1" 200 72156 "-" "Mozilla/5.0 (compatible; DataForSeoBot/1.0; +https://dataforseo.com/dataforseo-bot)" 303 **0/303592**
185.191.171.18 - - [03/Mar/2026:07:12:21 -0700] "GET /recenzie-wild-spielo-jocuri-de-cazinou-water-slot-online-s-in-netent-casinos-ro/ HTTP/1.1" 200 79231 "-" "Mozilla/5.0 (compatible; SemrushBot/7~bl; +http://www.semrush.com/bot.html)" 301 **0/301122**
57.141.16.53 - - [03/Mar/2026:07:12:21 -0700] "GET /wp-json/wp/v2/posts/149835 HTTP/1.1" 200 7789 "-" "meta-externalagent/1.1 (+https://developers.facebook.com/docs/sharing/webmasters/crawler)" 111 **0/111849**
185.191.171.1 - - [03/Mar/2026:07:12:24 -0700] "GET /confusione-gioca-online-ramses-book-skrill-%E1%90%85-ritiro-addirittura-base-2025/ HTTP/1.1" 200 80163 "-" "Mozilla/5.0 (compatible; SemrushBot/7~bl; +http://www.semrush.com/bot.html)" 315 **0/315015**
136.243.220.212 - - [03/Mar/2026:07:12:24 -0700] "GET /unlimited-the-knockout-site-gambling-enterprise-remark-no-deposit-incentive-one-hundred-100-percent-free-processor-chip/ HTTP/1.1" 200 72313 "-" "Mozilla/5.0 (compatible; DataForSeoBot/1.0; +https://dataforseo.com/dataforseo-bot)" 290 **0/290367**
57.141.16.8 - - [03/Mar/2026:07:12:27 -0700] "GET /wp-json/oembed/1.0/embed?url=http%3A%2F%2Fwww.icdp.co.in%2Fparticularly-attractive-to-australian-participants-it-internet-casino-now-offers-a-large-directory-of-online-game-and-you-can-winning-options%2F HTTP/1.1" 200 2873 "-" "meta-externalagent/1.1 (+https://developers.facebook.com/docs/sharing/webmasters/crawler)" 142 **0/142057**
136.243.220.212 - - [03/Mar/2026:07:12:28 -0700] "GET /20-traktandum-bitcoin-bekannte-personlichkeit-casinos-je-high-tretroller-oktober-2025/ HTTP/1.1" 200 75293 "-" "Mozilla/5.0 (compatible; DataForSeoBot/1.0; +https://dataforseo.com/dataforseo-bot)" 369 **0/369663**
85.208.96.194 - - [03/Mar/2026:07:12:32 -0700] "GET /they-arrive-having-a-period-of-time-restrict-meaning-you-really-need-to-meet-up-with-the-wagering-conditions-inside-a-certain-timeframe/ HTTP/1.1" 200 78303 "-" "Mozilla/5.0 (compatible; SemrushBot/7~bl; +http://www.semrush.com/bot.html)" 314 **0/314546**
136.243.220.212 - - [03/Mar/2026:07:12:32 -0700] "GET /os-7-melhores-great-rhino-grans-gratuita-sem-deposito-times-esfogiteado-football-galera-bet-login-mobile-download-manager-2024-para-habilitar-skellup/ HTTP/1.1" 200 72071 "-" "Mozilla/5.0 (compatible; DataForSeoBot/1.0; +https://dataforseo.com/dataforseo-bot)" 307 **0/307280**
136.243.220.212 - - [03/Mar/2026:07:12:36 -0700] "GET /wgs-brecha-enlace-critico-sobre-bonificacion-wish-master-technology-vegas-technology-software-2025/ HTTP/1.1" 200 72647 "-" "Mozilla/5.0 (compatible; DataForSeoBot/1.0; +https://dataforseo.com/dataforseo-bot)" 277 **0/277492**
185.191.171.17 - - [03/Mar/2026:07:12:39 -0700] "GET /specjalna-oferta-bez-depozytu-2025-twenty-five-euro-lub-zl-tylko-dla-uzytkownikow-kasynogracz-pl-2025/ HTTP/1.1" 200 78340 "-" "Mozilla/5.0 (compatible; SemrushBot/7~bl; +http://www.semrush.com/bot.html)" 278 **0/278280**
136.243.220.212 - - [03/Mar/2026:07:12:40 -0700] "GET /hace-el-trabajo-jozz-casino-descarga-de-la-aplicacion-apk-en-unas-23-000-juegos-de-casino-gratuito-carente-registro/ HTTP/1.1" 200 73381 "-" "Mozilla/5.0 (compatible; DataForSeoBot/1.0; +https://dataforseo.com/dataforseo-bot)" 290 **0/290770**
17.246.15.167 - - [03/Mar/2026:07:12:40 -0700] "GET /1win-registratsiya-446/ HTTP/1.1" 200 82217 "-" "Mozilla/5.0 (Macintosh; Intel Mac OS X 10_15_7) AppleWebKit/605.1.15 (KHTML, like Gecko) Version/17.4 Safari/605.1.15 (Applebot/0.1; +http://www.apple.com/go/applebot)" 270 **0/270387**
136.243.220.212 - - [03/Mar/2026:07:12:44 -0700] "GET /bonos-prissy-princess-5-deposito-falto-tanque-con-casino-booi-el-fin-de-casinos-de-argentina-mayo-2025/ HTTP/1.1" 200 73873 "-" "Mozilla/5.0 (compatible; DataForSeoBot/1.0; +https://dataforseo.com/dataforseo-bot)" 344 **0/344850**
185.191.171.13 - - [03/Mar/2026:07:12:46 -0700] "GET /totally-free-revolves-casino-bonuses-to-have-january-2026-no-deposit/ HTTP/1.1" 200 79556 "-" "Mozilla/5.0 (compatible; SemrushBot/7~bl; +http://www.semrush.com/bot.html)" 292 **0/292522**
136.243.220.212 - - [03/Mar/2026:07:12:48 -0700] "GET /najlepsze-kasyno-montezuma-online-automat-online-w-naszym-kraju-bonusy-jak-i-rowniez-gry/ HTTP/1.1" 200 72041 "-" "Mozilla/5.0 (compatible; DataForSeoBot/1.0; +https://dataforseo.com/dataforseo-bot)" 342 **0/342012**
136.243.220.212 - - [03/Mar/2026:07:12:52 -0700] "GET /melhores-slot-machines-2024-aparelhar-dado-aquele-abracar-bonus/ HTTP/1.1" 200 74934 "-" "Mozilla/5.0 (compatible; DataForSeoBot/1.0; +https://dataforseo.com/dataforseo-bot)" 315 **0/315724**
136.243.220.212 - - [03/Mar/2026:07:12:53 -0700] "GET /wp-sitemap-posts-post-24.xml HTTP/1.1" 200 40724 "-" "Mozilla/5.0 (compatible; DataForSeoBot/1.0; +https://dataforseo.com/dataforseo-bot)" 2583 **2/2583836**
68.178.232.37 - - [03/Mar/2026:07:12:57 -0700] "POST /wp-cron.php?doing_wp_cron=1772547177.2440481185913085937500 HTTP/1.1" 200 - "http://www.icdp.co.in/wp-cron.php?doing_wp_cron=1772547177.2440481185913085937500" "WordPress/5.7.8; http://www.icdp.co.in" 157 **0/157089**
136.243.220.212 - - [03/Mar/2026:07:12:57 -0700] "GET /mahjong-88-afloop-review-playn-immerion-casino-bonus-go-gedurende-casinojager-com/ HTTP/1.1" 200 72461 "-" "Mozilla/5.0 (compatible; DataForSeoBot/1.0; +https://dataforseo.com/dataforseo-bot)" 461 **0/461474**
136.243.220.212 - - [03/Mar/2026:07:13:00 -0700] "GET /bally-wulff-fruit-mania-gebuhrenfrei-spielen-abzuglich-anmeldung/ HTTP/1.1" 200 74697 "-" "Mozilla/5.0 (compatible; DataForSeoBot/1.0; +https://dataforseo.com/dataforseo-bot)" 308 **0/308130**
85.208.96.211 - - [03/Mar/2026:07:13:00 -0700] "GET /mostbet-live-63/ HTTP/1.1" 200 78799 "-" "Mozilla/5.0 (compatible; SemrushBot/7~bl; +http://www.semrush.com/bot.html)" 329 **0/329022**
185.191.171.7 - - [03/Mar/2026:07:13:03 -0700] "GET /zinx-casino-the-best-practices-for-safe-online-gambling/ HTTP/1.1" 200 79610 "-" "Mozilla/5.0 (compatible; SemrushBot/7~bl; +http://www.semrush.com/bot.html)" 391 **0/391690**
136.243.220.212 - - [03/Mar/2026:07:13:05 -0700] "GET /lieve-varken-timer-gaming-casinos-va-holland-2025-gambling-com/ HTTP/1.1" 200 71885 "-" "Mozilla/5.0 (compatible; DataForSeoBot/1.0; +https://dataforseo.com/dataforseo-bot)" 270 **0/270458**
85.208.96.196 - - [03/Mar/2026:07:13:05 -0700] "GET /codigo-promocional-betano-rodadas-gratis-371/ HTTP/1.1" 200 84177 "-" "Mozilla/5.0 (compatible; SemrushBot/7~bl; +http://www.semrush.com/bot.html)" 275 **0/275730**
136.243.220.212 - - [03/Mar/2026:07:13:08 -0700] "GET /aristocrat-maquinas-codigos-de-promocion-gratuitos-para-fairspin-casino-tragaperras-tragaperras-sobre-la-mas-superior-rtp/ HTTP/1.1" 200 73891 "-" "Mozilla/5.0 (compatible; DataForSeoBot/1.0; +https://dataforseo.com/dataforseo-bot)" 296 **0/296521**
136.243.220.212 - - [03/Mar/2026:07:13:12 -0700] "GET /ice-casino-bonus-bala-criancice-bonus-de-bonus-sem-deposito-boas-vindas-embolso/ HTTP/1.1" 200 71534 "-" "Mozilla/5.0 (compatible; DataForSeoBot/1.0; +https://dataforseo.com/dataforseo-bot)" 328 **0/328881**
85.208.96.194 - - [03/Mar/2026:07:13:13 -0700] "GET /top-5-sekretnykh-fishek-pinco-dlia-novichkov-kotorye-vam-prigodiatsia/ HTTP/1.1" 200 78780 "-" "Mozilla/5.0 (compatible; SemrushBot/7~bl; +http://www.semrush.com/bot.html)" 288 **0/288911**
136.243.220.212 - - [03/Mar/2026:07:13:16 -0700] "GET /eersterangs-release-the-kraken-80-gratis-spins-10-beste-casino-holland-2025/ HTTP/1.1" 200 72164 "-" "Mozilla/5.0 (compatible; DataForSeoBot/1.0; +https://dataforseo.com/dataforseo-bot)" 321 **0/321702**
185.191.171.15 - - [03/Mar/2026:07:13:16 -0700] "GET /best-video-poker-games-at-betrolla-casino/ HTTP/1.1" 200 79340 "-" "Mozilla/5.0 (compatible; SemrushBot/7~bl; +http://www.semrush.com/bot.html)" 269 **0/269965**
85.208.96.197 - - [03/Mar/2026:07:13:19 -0700] "GET /blackjack-online-ucobet-anslutningsbonus-hitta-svenska-spraket-casinon-tillsamman-blackjack/ HTTP/1.1" 200 78779 "-" "Mozilla/5.0 (compatible; SemrushBot/7~bl; +http://www.semrush.com/bot.html)" 288 **0/288362**
136.243.220.212 - - [03/Mar/2026:07:13:20 -0700] "GET /de-uitgelezene-inlichtingen-te-snugger-gratis-gokkasten-leander-games-spelletjes-erbij-spelen-vinnig-voordat-poen/ HTTP/1.1" 200 71127 "-" "Mozilla/5.0 (compatible; DataForSeoBot/1.0; +https://dataforseo.com/dataforseo-bot)" 321 **0/321521**
85.208.96.197 - - [03/Mar/2026:07:13:21 -0700] "GET /la-cand-pacanele-impoporar-poti-gasiti-mai-multe-informatii-utiliza-rotiri-mythic-maiden-slot-online-gratuite-ci-rulaj-innova-solutions/ HTTP/1.1" 200 79697 "-" "Mozilla/5.0 (compatible; SemrushBot/7~bl; +http://www.semrush.com/bot.html)" 268 **0/268309**
136.243.220.212 - - [03/Mar/2026:07:13:24 -0700] "GET /cassino-brazino777-jogos-infantilidade-casino-online-download-do-aplicativo-betnacional-para-pc-6000-jogos/ HTTP/1.1" 200 71063 "-" "Mozilla/5.0 (compatible; DataForSeoBot/1.0; +https://dataforseo.com/dataforseo-bot)" 353 **0/353453**
57.141.16.5 - - [03/Mar/2026:07:13:25 -0700] "GET /?p=149108 HTTP/1.1" 301 - "-" "meta-externalagent/1.1 (+https://developers.facebook.com/docs/sharing/webmasters/crawler)" 119 **0/119561**
43.173.172.154 - - [03/Mar/2026:07:13:28 -0700] "GET /dennoch-sodann-fahig-sein-welche-entschlieen-der-jedermann-die-beste-anlass-bietet-geldes-zu-verdienen/ HTTP/1.1" 200 79045 "-" "Mozilla/5.0 (Windows NT 10.0; Win64; x64) AppleWebKit/537.36 (KHTML, like Gecko) Chrome/109.0.0.0 Safari/537.36" 626 **0/626208**
43.173.182.150 - - [03/Mar/2026:07:13:28 -0700] "GET /betbdt-%e0%a6%b2%e0%a6%be%e0%a6%b2-%e0%a6%96%e0%a6%be%e0%a6%ae%e0%a7%87%e0%a6%b0-%e0%a6%ac%e0%a7%83%e0%a6%b7%e0%a7%8d%e0%a6%9f%e0%a6%bf-%e0%a6%aa%e0%a7%8d%e0%a6%b0%e0%a6%a4%e0%a6%bf%e0%a6%a6%e0%a6%bf/ HTTP/1.1" 200 78770 "-" "Mozilla/5.0 (Windows NT 10.0; Win64; x64) AppleWebKit/537.36 (KHTML, like Gecko) Chrome/116.0.0.0 Safari/537.36" 822 **0/822620**
43.173.175.52 - - [03/Mar/2026:07:13:28 -0700] "GET /mostbet-app-download-516/ HTTP/1.1" 200 81731 "-" "Mozilla/5.0 (Windows NT 10.0; Win64; x64) AppleWebKit/537.36 (KHTML, like Gecko) Chrome/107.0.0.0 Safari/537.36" 779 **0/779021**
136.243.220.212 - - [03/Mar/2026:07:13:28 -0700] "GET /hexbreaker-step-three-slot-comment-igt-rtp-96-5/ HTTP/1.1" 200 73394 "-" "Mozilla/5.0 (compatible; DataForSeoBot/1.0; +https://dataforseo.com/dataforseo-bot)" 833 **0/833997**
43.173.175.123 - - [03/Mar/2026:07:13:29 -0700] "GET /the-fresh-new-desired-added-bonus-includes-the-absolute-minimum-30x-betting-requirement-of-your-own-deposit-and-extra-shared/ HTTP/1.1" 200 78279 "-" "Mozilla/5.0 (Windows NT 10.0; Win64; x64) AppleWebKit/537.36 (KHTML, like Gecko) Chrome/109.0.0.0 Safari/537.36" 658 **0/658083**
85.208.96.197 - - [03/Mar/2026:07:13:30 -0700] "GET /cool-fruits-trial-casino-betfred-free-chip-by-the-redstone-play-our-very-own-100-percent-free-slots/ HTTP/1.1" 200 80599 "-" "Mozilla/5.0 (compatible; SemrushBot/7~bl; +http://www.semrush.com/bot.html)" 399 **0/399762**
43.173.182.170 - - [03/Mar/2026:07:13:32 -0700] "GET /category/1win-sign-in-554/ HTTP/1.1" 200 76869 "-" "Mozilla/5.0 (Windows NT 10.0; Win64; x64) AppleWebKit/537.36 (KHTML, like Gecko) Chrome/116.0.0.0 Safari/537.36" 373 **0/373413**
136.243.220.212 - - [03/Mar/2026:07:13:32 -0700] "GET /brazino777-review-2025-como-aquele-funciona-cassino-1xbet-rodadas-gratis-de-100-o-site/ HTTP/1.1" 200 71962 "-" "Mozilla/5.0 (compatible; DataForSeoBot/1.0; +https://dataforseo.com/dataforseo-bot)" 279 **0/279728**
85.208.96.194 - - [03/Mar/2026:07:13:35 -0700] "GET /kasino-eur-erfahrungen-probe-2025-100-bonus-beste-online-casinos-bis-zu-150-schutzen/ HTTP/1.1" 200 78972 "-" "Mozilla/5.0 (compatible; SemrushBot/7~bl; +http://www.semrush.com/bot.html)" 297 **0/297251**
136.243.220.212 - - [03/Mar/2026:07:13:37 -0700] "GET /adrenaline-spielsaal-wie-man-grand-jackpot-auf-spielautomaten-gewinnt-testbericht-2025/ HTTP/1.1" 200 71206 "-" "Mozilla/5.0 (compatible; DataForSeoBot/1.0; +https://dataforseo.com/dataforseo-bot)" 285 **0/285152**
57.141.16.57 - - [03/Mar/2026:07:13:37 -0700] "GET /hinsichtlich-wahlt-man-den-besten-online-spielcasino-pramie-nicht-mehr-da/feed/ HTTP/1.1" 200 965 "-" "meta-externalagent/1.1 (+https://developers.facebook.com/docs/sharing/webmasters/crawler)" 143 **0/143465**
136.243.220.212 - - [03/Mar/2026:07:13:41 -0700] "GET /50-eye-of-horus-installieren-slot-groser-gewinn-freispiele-exklusive-einzahlung-auf-anhieb-zuganglich-inoffizieller-mitarbeiter-2025/ HTTP/1.1" 200 72399 "-" "Mozilla/5.0 (compatible; DataForSeoBot/1.0; +https://dataforseo.com/dataforseo-bot)" 310 **0/310888**
85.208.96.200 - - [03/Mar/2026:07:13:43 -0700] "GET /it-actually-was-a-local-casino-but-also-for-the-last-8/ HTTP/1.1" 200 78272 "-" "Mozilla/5.0 (compatible; SemrushBot/7~bl; +http://www.semrush.com/bot.html)" 284 **0/284009**
136.243.220.212 - - [03/Mar/2026:07:13:44 -0700] "GET /hug-online-gokkas-review-play-n-go-door-casinojager-com/ HTTP/1.1" 200 72113 "-" "Mozilla/5.0 (compatible; DataForSeoBot/1.0; +https://dataforseo.com/dataforseo-bot)" 312 **0/312024**
85.208.96.210 - - [03/Mar/2026:07:13:48 -0700] "GET /1win-bangladesh-560/ HTTP/1.1" 200 83432 "-" "Mozilla/5.0 (compatible; SemrushBot/7~bl; +http://www.semrush.com/bot.html)" 270 **0/270920**
136.243.220.212 - - [03/Mar/2026:07:13:48 -0700] "GET /gratis-gokspelletjes-acteren-2024/ HTTP/1.1" 200 71481 "-" "Mozilla/5.0 (compatible; DataForSeoBot/1.0; +https://dataforseo.com/dataforseo-bot)" 307 **0/307750**
136.243.220.212 - - [03/Mar/2026:07:13:52 -0700] "GET /primeiros-book-of-dead-caca-niquel-cassinos-online-passos-apontar-uk-roulette-dinheiro-contemporaneo-online-diluvio-abrasado-poker/ HTTP/1.1" 200 72315 "-" "Mozilla/5.0 (compatible; DataForSeoBot/1.0; +https://dataforseo.com/dataforseo-bot)" 278 **0/278256**
185.191.171.2 - - [03/Mar/2026:07:13:55 -0700] "GET /blog/page/1927/ HTTP/1.1" 200 80051 "-" "Mozilla/5.0 (compatible; SemrushBot/7~bl; +http://www.semrush.com/bot.html)" 418 **0/418620**
68.178.232.37 - - [03/Mar/2026:07:13:56 -0700] "POST /wp-cron.php?doing_wp_cron=1772547236.5105960369110107421875 HTTP/1.1" 200 - "http://www.icdp.co.in/wp-cron.php?doing_wp_cron=1772547236.5105960369110107421875" "WordPress/5.7.8; http://www.icdp.co.in" 172 **0/172224**
136.243.220.212 - - [03/Mar/2026:07:13:56 -0700] "GET /bookmakers-hors-arjel-en-france-inscription-1959/ HTTP/1.1" 200 74103 "-" "Mozilla/5.0 (compatible; DataForSeoBot/1.0; +https://dataforseo.com/dataforseo-bot)" 491 **0/491968**
85.208.96.199 - - [03/Mar/2026:07:13:57 -0700] "GET /blog/page/1062/ HTTP/1.1" 200 79617 "-" "Mozilla/5.0 (compatible; SemrushBot/7~bl; +http://www.semrush.com/bot.html)" 422 **0/422731**
136.243.220.212 - - [03/Mar/2026:07:14:00 -0700] "GET /portable-interface-design-and-even-navigation-in-betmorph-casino-app/ HTTP/1.1" 200 75612 "-" "Mozilla/5.0 (compatible; DataForSeoBot/1.0; +https://dataforseo.com/dataforseo-bot)" 309 **0/309572**
185.191.171.11 - - [03/Mar/2026:07:14:02 -0700] "GET /blog/page/5139/ HTTP/1.1" 200 79591 "-" "Mozilla/5.0 (compatible; SemrushBot/7~bl; +http://www.semrush.com/bot.html)" 534 **0/534987**
136.243.220.212 - - [03/Mar/2026:07:14:04 -0700] "GET /os-melhores-slots-online-para-abancar-aprestar-como-alcancar-bagarote/ HTTP/1.1" 200 74435 "-" "Mozilla/5.0 (compatible; DataForSeoBot/1.0; +https://dataforseo.com/dataforseo-bot)" 335 **0/335457**
85.208.96.209 - - [03/Mar/2026:07:14:07 -0700] "GET /essential-a-few-when-deciding-on-an-on-line-casino/ HTTP/1.1" 200 78315 "-" "Mozilla/5.0 (compatible; SemrushBot/7~bl; +http://www.semrush.com/bot.html)" 292 **0/292265**
136.243.220.212 - - [03/Mar/2026:07:14:09 -0700] "GET /top-casinos-online-big-wild-buffalo-play-android-2025-ganhe-arame-real/ HTTP/1.1" 200 73519 "-" "Mozilla/5.0 (compatible; DataForSeoBot/1.0; +https://dataforseo.com/dataforseo-bot)" 316 **0/316455**
57.141.16.31 - - [03/Mar/2026:07:14:09 -0700] "GET /?p=148189 HTTP/1.1" 301 - "-" "meta-externalagent/1.1 (+https://developers.facebook.com/docs/sharing/webmasters/crawler)" 140 **0/140406**
17.22.245.246 - - [03/Mar/2026:07:14:12 -0700] "GET /5-%EF%BF%BD-opzioni-a-il-base-ancora-il-prelievo/ HTTP/1.1" 200 78371 "-" "Mozilla/5.0 (Macintosh; Intel Mac OS X 10_15_7) AppleWebKit/605.1.15 (KHTML, like Gecko) Version/17.4 Safari/605.1.15 (Applebot/0.1; +http://www.apple.com/go/applebot)" 295 **0/295717**
136.243.220.212 - - [03/Mar/2026:07:14:13 -0700] "GET /jackpot-6000-danselat-jackpot-6000-av-netent-spinfest-bonuskode-2024-fri-innen-oss/ HTTP/1.1" 200 72470 "-" "Mozilla/5.0 (compatible; DataForSeoBot/1.0; +https://dataforseo.com/dataforseo-bot)" 302 **0/302609**
136.243.220.212 - - [03/Mar/2026:07:14:16 -0700] "GET /win-real-money-online-online-casino-free-of-cost-the-ultimate-guide/ HTTP/1.1" 200 71637 "-" "Mozilla/5.0 (compatible; DataForSeoBot/1.0; +https://dataforseo.com/dataforseo-bot)" 304 **0/304163**
57.141.16.97 - - [03/Mar/2026:07:14:18 -0700] "GET /wp-json/wp/v2/posts/147315 HTTP/1.1" 200 12226 "-" "meta-externalagent/1.1 (+https://developers.facebook.com/docs/sharing/webmasters/crawler)" 131 **0/131462**
136.243.220.212 - - [03/Mar/2026:07:14:20 -0700] "GET /online-kienspel-spelen-ervoor-bankbiljet-voldoen-over-ideal-plu-spielo-gokkast-online-bankbiljet-winnen/ HTTP/1.1" 200 72030 "-" "Mozilla/5.0 (compatible; DataForSeoBot/1.0; +https://dataforseo.com/dataforseo-bot)" 279 **0/279068**
136.243.220.212 - - [03/Mar/2026:07:14:18 -0700] "GET /wp-sitemap-posts-post-25.xml HTTP/1.1" 200 58259 "-" "Mozilla/5.0 (compatible; DataForSeoBot/1.0; +https://dataforseo.com/dataforseo-bot)" 2554 **2/2554180**
136.243.220.212 - - [03/Mar/2026:07:14:24 -0700] "GET /apostar-casino-piggy-bjorn-2-winter-is-coming-acessivel/ HTTP/1.1" 200 74392 "-" "Mozilla/5.0 (compatible; DataForSeoBot/1.0; +https://dataforseo.com/dataforseo-bot)" 306 **0/306527**
57.141.16.5 - - [03/Mar/2026:07:14:26 -0700] "GET /wp-json/wp/v2/posts/148556 HTTP/1.1" 200 9703 "-" "meta-externalagent/1.1 (+https://developers.facebook.com/docs/sharing/webmasters/crawler)" 119 **0/119395**
136.243.220.212 - - [03/Mar/2026:07:14:28 -0700] "GET /aquele-apartar-bonus-f12bet-brasil-an-aprestar-bingo-online/ HTTP/1.1" 200 71752 "-" "Mozilla/5.0 (compatible; DataForSeoBot/1.0; +https://dataforseo.com/dataforseo-bot)" 289 **0/289618**
136.243.220.212 - - [03/Mar/2026:07:14:32 -0700] "GET /unser-besten-live-blackjack-verbunden-casinos-2025/ HTTP/1.1" 200 73034 "-" "Mozilla/5.0 (compatible; DataForSeoBot/1.0; +https://dataforseo.com/dataforseo-bot)" 302 **0/302114**
185.191.171.7 - - [03/Mar/2026:07:14:37 -0700] "GET /codesto-rende-il-esercizio-perennemente-per-portata-di-tocco-in-ogni-parte-ci-sinon-trovi/ HTTP/1.1" 200 78478 "-" "Mozilla/5.0 (compatible; SemrushBot/7~bl; +http://www.semrush.com/bot.html)" 467 **0/467004**
68.178.232.37 - - [03/Mar/2026:07:14:37 -0700] "POST /wp-cron.php?doing_wp_cron=1772547277.4106171131134033203125 HTTP/1.1" 200 - "http://www.icdp.co.in/wp-cron.php?doing_wp_cron=1772547277.4106171131134033203125" "WordPress/5.7.8; http://www.icdp.co.in" 705 **0/705072**
136.243.220.212 - - [03/Mar/2026:07:14:37 -0700] "GET /ranking-kasyn-top-paypal-witryny-kasynowe-internetowego-luty-2025-najpozytywniejsze-kasyna-online/ HTTP/1.1" 200 72365 "-" "Mozilla/5.0 (compatible; DataForSeoBot/1.0; +https://dataforseo.com/dataforseo-bot)" 1032 **1/1032646**
136.243.220.212 - - [03/Mar/2026:07:14:41 -0700] "GET /top-casino-giropay-within-brd-2025/ HTTP/1.1" 200 73017 "-" "Mozilla/5.0 (compatible; DataForSeoBot/1.0; +https://dataforseo.com/dataforseo-bot)" 340 **0/340957**
85.208.96.200 - - [03/Mar/2026:07:14:43 -0700] "GET /the-new-software-even-offers-pages-the-chance-to-sense-authentic-slot-games-with-every-spin/ HTTP/1.1" 200 78772 "-" "Mozilla/5.0 (compatible; SemrushBot/7~bl; +http://www.semrush.com/bot.html)" 283 **0/283808**
136.243.220.212 - - [03/Mar/2026:07:14:45 -0700] "GET /caca-arame-online-os-melhores-jozz-casino-login-online-4000-slots/ HTTP/1.1" 200 74705 "-" "Mozilla/5.0 (compatible; DataForSeoBot/1.0; +https://dataforseo.com/dataforseo-bot)" 284 **0/284157**
136.243.220.212 - - [03/Mar/2026:07:14:48 -0700] "GET /bezplatne-spiny-za-rejestracje-50-darmowych-spinow-w-buffalo-blitz-z-brakiem-depozytu-biezaca-spis-free-spinow/ HTTP/1.1" 200 72495 "-" "Mozilla/5.0 (compatible; DataForSeoBot/1.0; +https://dataforseo.com/dataforseo-bot)" 313 **0/313151**
136.243.220.212 - - [03/Mar/2026:07:14:52 -0700] "GET /rodadas-dado-50-rodadas-gratis-sem-deposito-golden-goddess-e-bonus-sem-casa/ HTTP/1.1" 200 71639 "-" "Mozilla/5.0 (compatible; DataForSeoBot/1.0; +https://dataforseo.com/dataforseo-bot)" 274 **0/274137**
68.178.232.37 - - [03/Mar/2026:07:14:57 -0700] "POST /wp-cron.php?doing_wp_cron=1772547297.0759770870208740234375 HTTP/1.1" 200 - "http://www.icdp.co.in/wp-cron.php?doing_wp_cron=1772547297.0759770870208740234375" "WordPress/5.7.8; http://www.icdp.co.in" 683 **0/683466**
136.243.220.212 - - [03/Mar/2026:07:14:56 -0700] "GET /melhores-slots-online-acimade-portugal-2024-aplicativo-betnacional-jogos-dado-que-dinheiro/ HTTP/1.1" 200 74813 "-" "Mozilla/5.0 (compatible; DataForSeoBot/1.0; +https://dataforseo.com/dataforseo-bot)" 1141 **1/1141557**
136.243.220.212 - - [03/Mar/2026:07:15:01 -0700] "GET /yuzde-100-ucretsiz-limanlar-3000den-fazla-pozisyon-cevrimici-oyun-oynayin-goldbet-casino-bonusu-yuzde-100-ucretsiz/ HTTP/1.1" 200 74465 "-" "Mozilla/5.0 (compatible; DataForSeoBot/1.0; +https://dataforseo.com/dataforseo-bot)" 861 **0/861514**
57.141.16.3 - - [03/Mar/2026:07:15:04 -0700] "GET /wp-json/wp/v2/posts/150557 HTTP/1.1" 200 9000 "-" "meta-externalagent/1.1 (+https://developers.facebook.com/docs/sharing/webmasters/crawler)" 238 **0/238073**
136.243.220.212 - - [03/Mar/2026:07:15:04 -0700] "GET /20-000-jogos-criancice-casino-acostumado-2025-sem-100-rodadas-gratis-sem-deposito-zeus-cartorio/ HTTP/1.1" 200 71831 "-" "Mozilla/5.0 (compatible; DataForSeoBot/1.0; +https://dataforseo.com/dataforseo-bot)" 452 **0/452693**
136.243.220.212 - - [03/Mar/2026:07:15:08 -0700] "GET /casinos-con-manga-larga-tanque-minusculo-cinco-eurillos-de-espana-bonificacion-por-recomendacion-abu-king-acerca-de-2025/ HTTP/1.1" 200 73399 "-" "Mozilla/5.0 (compatible; DataForSeoBot/1.0; +https://dataforseo.com/dataforseo-bot)" 392 **0/392057**
57.141.16.45 - - [03/Mar/2026:07:15:10 -0700] "GET /?p=144841 HTTP/1.1" 301 - "-" "meta-externalagent/1.1 (+https://developers.facebook.com/docs/sharing/webmasters/crawler)" 129 **0/129617**
136.243.220.212 - - [03/Mar/2026:07:15:12 -0700] "GET /walcz-o-abu-king-bonus-50-darmowych-150-ewentualnosci-bananas-bahamas-spinow/ HTTP/1.1" 200 73140 "-" "Mozilla/5.0 (compatible; DataForSeoBot/1.0; +https://dataforseo.com/dataforseo-bot)" 341 **0/341281**
136.243.220.212 - - [03/Mar/2026:07:15:17 -0700] "GET /videoslots-performen-voor-casino-15-gratis-spins-geen-storting-in-bonusgeld-te-uitgelezene-casinos/ HTTP/1.1" 200 72067 "-" "Mozilla/5.0 (compatible; DataForSeoBot/1.0; +https://dataforseo.com/dataforseo-bot)" 320 **0/320769**
136.243.220.212 - - [03/Mar/2026:07:15:21 -0700] "GET /senzualnikh-20-luksuznikh-portova-igra%D1%98te-onla%D1%98n-tip-besplatno/ HTTP/1.1" 200 73809 "-" "Mozilla/5.0 (compatible; DataForSeoBot/1.0; +https://dataforseo.com/dataforseo-bot)" 296 **0/296513**
136.243.220.212 - - [03/Mar/2026:07:15:24 -0700] "GET /bezplatne-gry-hazardowe-automaty-do-gier-online-automaty-hot-spot/ HTTP/1.1" 200 72432 "-" "Mozilla/5.0 (compatible; DataForSeoBot/1.0; +https://dataforseo.com/dataforseo-bot)" 286 **0/286292**
136.243.220.212 - - [03/Mar/2026:07:15:28 -0700] "GET /jogos-slots-acostumado-2024-apostas-online-sportingbet-abicar-brasil/ HTTP/1.1" 200 74822 "-" "Mozilla/5.0 (compatible; DataForSeoBot/1.0; +https://dataforseo.com/dataforseo-bot)" 345 **0/345937**
136.243.220.212 - - [03/Mar/2026:07:15:33 -0700] "GET /gokken-betreffende-in-poen-gedurende-fruit-gokkasten-gij-liefste-casinos-va-2025/ HTTP/1.1" 200 71116 "-" "Mozilla/5.0 (compatible; DataForSeoBot/1.0; +https://dataforseo.com/dataforseo-bot)" 311 **0/311512**
136.243.220.212 - - [03/Mar/2026:07:15:36 -0700] "GET /nowatorskie-darmowe-automaty-w-calej-pazdziernik-2024/ HTTP/1.1" 200 73195 "-" "Mozilla/5.0 (compatible; DataForSeoBot/1.0; +https://dataforseo.com/dataforseo-bot)" 331 **0/331586**
136.243.220.212 - - [03/Mar/2026:07:15:37 -0700] "GET /wp-sitemap-posts-post-26.xml HTTP/1.1" 200 55517 "-" "Mozilla/5.0 (compatible; DataForSeoBot/1.0; +https://dataforseo.com/dataforseo-bot)" 2658 **2/2658017**
57.141.16.20 - - [03/Mar/2026:07:15:41 -0700] "GET /wp-json/oembed/1.0/embed?url=http%3A%2F%2Fwww.icdp.co.in%2Fthis-economic-exchange-does-not-feeling-our-advice-pointers-critiques-or-studies%2F HTTP/1.1" 200 2574 "-" "meta-externalagent/1.1 (+https://developers.facebook.com/docs/sharing/webmasters/crawler)" 152 **0/152352**
136.243.220.212 - - [03/Mar/2026:07:15:41 -0700] "GET /autopsia-abrasado-slot-wild-wild-riches-da-book-of-dead-caca-niquel-casinos-pragmatic-play-rtp-bens-que-demonio-acessivel-bosquejo/ HTTP/1.1" 200 72447 "-" "Mozilla/5.0 (compatible; DataForSeoBot/1.0; +https://dataforseo.com/dataforseo-bot)" 316 **0/316350**
17.22.253.154 - - [03/Mar/2026:07:15:42 -0700] "GET /category/alliance-teh-ru-200/ HTTP/1.1" 200 76490 "-" "Mozilla/5.0 (Macintosh; Intel Mac OS X 10_15_7) AppleWebKit/605.1.15 (KHTML, like Gecko) Version/17.4 Safari/605.1.15 (Applebot/0.1; +http://www.apple.com/go/applebot)" 365 **0/365319**
17.22.245.81 - - [03/Mar/2026:07:15:44 -0700] "GET /1win-games-798/ HTTP/1.1" 200 82181 "-" "Mozilla/5.0 (Macintosh; Intel Mac OS X 10_15_7) AppleWebKit/605.1.15 (KHTML, like Gecko) Version/17.4 Safari/605.1.15 (Applebot/0.1; +http://www.apple.com/go/applebot)" 309 **0/309196**
136.243.220.212 - - [03/Mar/2026:07:15:45 -0700] "GET /%E1%90%88-dolphin-reef-100-per-qind-pa-pagese-slot-ne-internet-loje-bixhoz-playtech/ HTTP/1.1" 200 72913 "-" "Mozilla/5.0 (compatible; DataForSeoBot/1.0; +https://dataforseo.com/dataforseo-bot)" 282 **0/282101**
136.243.220.212 - - [03/Mar/2026:07:15:48 -0700] "GET /waar-kun-jouw-de-dance-instuif-lezing-pro-oba-carnaval-150-gratis-spins-werkelijk-poen-performen/ HTTP/1.1" 200 72397 "-" "Mozilla/5.0 (compatible; DataForSeoBot/1.0; +https://dataforseo.com/dataforseo-bot)" 326 **0/326099**
136.243.220.212 - - [03/Mar/2026:07:15:52 -0700] "GET /cats-casino-playfortuna-en-linea-tragamonedas-sin-cargo/ HTTP/1.1" 200 73529 "-" "Mozilla/5.0 (compatible; DataForSeoBot/1.0; +https://dataforseo.com/dataforseo-bot)" 344 **0/344869**
68.178.232.37 - - [03/Mar/2026:07:15:56 -0700] "POST /wp-cron.php?doing_wp_cron=1772547356.9403939247131347656250 HTTP/1.1" 200 - "http://www.icdp.co.in/wp-cron.php?doing_wp_cron=1772547356.9403939247131347656250" "WordPress/5.7.8; http://www.icdp.co.in" 208 **0/208818**
136.243.220.212 - - [03/Mar/2026:07:15:56 -0700] "GET /recenseamento-download-da-atualizacao-do-aplicativo-jozz-casino-de-giros-gratis-sem-casa-2025-segure-seus-ganhos/ HTTP/1.1" 200 71300 "-" "Mozilla/5.0 (compatible; DataForSeoBot/1.0; +https://dataforseo.com/dataforseo-bot)" 575 **0/575099**
136.243.220.212 - - [03/Mar/2026:07:16:00 -0700] "GET /cleopatra-slot-bonus-de-cassino-1xslot-ensaio-2024-jogue-acessivel-ca/ HTTP/1.1" 200 74868 "-" "Mozilla/5.0 (compatible; DataForSeoBot/1.0; +https://dataforseo.com/dataforseo-bot)" 423 **0/423476**
136.243.220.212 - - [03/Mar/2026:07:16:05 -0700] "GET /mega-wildcard-videoslot-19-betaallijnen-jackpo-gokkast-van-netent-acteren/ HTTP/1.1" 200 72487 "-" "Mozilla/5.0 (compatible; DataForSeoBot/1.0; +https://dataforseo.com/dataforseo-bot)" 292 **0/292259**
57.141.16.17 - - [03/Mar/2026:07:16:06 -0700] "GET /wp-json/wp/v2/posts/146776 HTTP/1.1" 200 8790 "-" "meta-externalagent/1.1 (+https://developers.facebook.com/docs/sharing/webmasters/crawler)" 128 **0/128849**
136.243.220.212 - - [03/Mar/2026:07:16:09 -0700] "GET /tragamonedas-book-of-ra-trucos-1-deposito-2023-hot-gems-embocadura-online-zeus-tratar-novosti-kino/ HTTP/1.1" 200 73488 "-" "Mozilla/5.0 (compatible; DataForSeoBot/1.0; +https://dataforseo.com/dataforseo-bot)" 372 **0/372964**
136.243.220.212 - - [03/Mar/2026:07:16:13 -0700] "GET /merecedor-vip-abrasado-jogo-criancice-cassino-golden-download-da-atualizacao-do-aplicativo-1xslot-osiris-celta-solucoes/ HTTP/1.1" 200 74723 "-" "Mozilla/5.0 (compatible; DataForSeoBot/1.0; +https://dataforseo.com/dataforseo-bot)" 318 **0/318856**
216.244.66.241 - - [03/Mar/2026:07:16:13 -0700] "GET /1win-ua-291/ HTTP/1.1" 200 352199 "-" "Mozilla/5.0 (compatible; DotBot/1.2; +https://opensiteexplorer.org/dotbot; help@moz.com)" 382 **0/382555**
136.243.220.212 - - [03/Mar/2026:07:16:16 -0700] "GET /najlepsze-kasyno-na-rzeczywiste-kapital-gry-do-gry-w-prawdziwe-pieniadze-lokalne-kasyna-dzieki-pieniadze2025/ HTTP/1.1" 200 72605 "-" "Mozilla/5.0 (compatible; DataForSeoBot/1.0; +https://dataforseo.com/dataforseo-bot)" 362 **0/362478**
136.243.220.212 - - [03/Mar/2026:07:16:20 -0700] "GET /cassino-spacexy-grans-gratuita-sem-deposito-online-jackpotcity-%E6%9D%B1%E4%BA%AC%E9%83%BD-%E9%8A%80%E5%BA%A7%E3%81%AE%E5%8D%A0%E3%81%84%E5%B8%AB-%E6%A1%83%E5%B7%9D%E4%BA%9C%E5%B7%B1/ HTTP/1.1" 200 74758 "-" "Mozilla/5.0 (compatible; DataForSeoBot/1.0; +https://dataforseo.com/dataforseo-bot)" 304 **0/304687**
136.243.220.212 - - [03/Mar/2026:07:16:24 -0700] "GET /spielbank-unter-einsatz-von-5-euro-einzahlung-neue-verzeichnis-2025/ HTTP/1.1" 200 72893 "-" "Mozilla/5.0 (compatible; DataForSeoBot/1.0; +https://dataforseo.com/dataforseo-bot)" 292 **0/292585**
136.243.220.212 - - [03/Mar/2026:07:16:28 -0700] "GET /gamble-wonderful-casino-justbet-dynasty-on-line-in-the-las-vegas-aces-casino/ HTTP/1.1" 200 72467 "-" "Mozilla/5.0 (compatible; DataForSeoBot/1.0; +https://dataforseo.com/dataforseo-bot)" 324 **0/324236**
136.243.220.212 - - [03/Mar/2026:07:16:33 -0700] "GET /cabaret-club-kasino-provision-casino-casumo-anmelden-bonus-unter-anderem-promo-code-online-spielautomaten-regulation/ HTTP/1.1" 200 72212 "-" "Mozilla/5.0 (compatible; DataForSeoBot/1.0; +https://dataforseo.com/dataforseo-bot)" 294 **0/294863**
57.141.16.38 - - [03/Mar/2026:07:16:34 -0700] "GET /get-the-bonus-revolves-in-the-zodiac-casino-by-simply-making-an-effective-1-deposit/feed/ HTTP/1.1" 200 995 "-" "meta-externalagent/1.1 (+https://developers.facebook.com/docs/sharing/webmasters/crawler)" 159 **0/159099**
136.243.220.212 - - [03/Mar/2026:07:16:36 -0700] "GET /blood-suckers-position-jugar-elvis-the-king-lives-casino-gratis-bonos-de-casino-netent/ HTTP/1.1" 200 72400 "-" "Mozilla/5.0 (compatible; DataForSeoBot/1.0; +https://dataforseo.com/dataforseo-bot)" 320 **0/320839**
136.243.220.212 - - [03/Mar/2026:07:16:40 -0700] "GET /easter-surprise-slot-auswertung-abu-king-app-login-kostenlose-spins-60-kostenlose-spins-2025-keine-einzahlung-magic-money-keine-einzahlung-kostenloses-durchlauf-franquicia-ventura-puente/ HTTP/1.1" 200 71044 "-" "Mozilla/5.0 (compatible; DataForSeoBot/1.0; +https://dataforseo.com/dataforseo-bot)" 314 **0/314400**
216.244.66.241 - - [03/Mar/2026:07:16:42 -0700] "GET /betrivers/ HTTP/1.1" 200 345485 "-" "Mozilla/5.0 (compatible; DotBot/1.2; +https://opensiteexplorer.org/dotbot; help@moz.com)" 270 **0/270322**
136.243.220.212 - - [03/Mar/2026:07:16:44 -0700] "GET /golden-ticket-rozrywka-demo-darmowo-recenzja-slotu-2025/ HTTP/1.1" 200 72905 "-" "Mozilla/5.0 (compatible; DataForSeoBot/1.0; +https://dataforseo.com/dataforseo-bot)" 311 **0/311119**
136.243.220.212 - - [03/Mar/2026:07:16:48 -0700] "GET /oferta-de-rodadas-acessivel-sem-deposito-para-portugal-casino-santas-wild-ride-2025-grand-khotel-velingrad/ HTTP/1.1" 200 73618 "-" "Mozilla/5.0 (compatible; DataForSeoBot/1.0; +https://dataforseo.com/dataforseo-bot)" 284 **0/284413**
136.243.220.212 - - [03/Mar/2026:07:16:53 -0700] "GET /beste-premie-casino/ HTTP/1.1" 200 72015 "-" "Mozilla/5.0 (compatible; DataForSeoBot/1.0; +https://dataforseo.com/dataforseo-bot)" 323 **0/323908**
57.141.16.70 - - [03/Mar/2026:07:16:54 -0700] "GET /?p=144364 HTTP/1.1" 301 - "-" "meta-externalagent/1.1 (+https://developers.facebook.com/docs/sharing/webmasters/crawler)" 143 **0/143804**
68.178.232.37 - - [03/Mar/2026:07:16:56 -0700] "POST /wp-cron.php?doing_wp_cron=1772547416.5745739936828613281250 HTTP/1.1" 200 - "http://www.icdp.co.in/wp-cron.php?doing_wp_cron=1772547416.5745739936828613281250" "WordPress/5.7.8; http://www.icdp.co.in" 172 **0/172797**
136.243.220.212 - - [03/Mar/2026:07:16:56 -0700] "GET /jack-hamme-ii-kasteel-netent-speel-gratis-150-kansen-duck-shooter-of-met-bonus-stormwind/ HTTP/1.1" 200 72158 "-" "Mozilla/5.0 (compatible; DataForSeoBot/1.0; +https://dataforseo.com/dataforseo-bot)" 485 **0/485993**
136.243.220.212 - - [03/Mar/2026:07:16:56 -0700] "GET /wp-sitemap-posts-post-27.xml HTTP/1.1" 200 58575 "-" "Mozilla/5.0 (compatible; DataForSeoBot/1.0; +https://dataforseo.com/dataforseo-bot)" 2659 **2/2659992**
136.243.220.212 - - [03/Mar/2026:07:17:00 -0700] "GET /mostbet-diye-kibhaabe-khelbo-arth-pricaalnaar-kaushl/ HTTP/1.1" 200 71897 "-" "Mozilla/5.0 (compatible; DataForSeoBot/1.0; +https://dataforseo.com/dataforseo-bot)" 366 **0/366990**
136.243.220.212 - - [03/Mar/2026:07:17:05 -0700] "GET /danselat-online-spilleautomat-arid-rush-gus-and-the-bykjerne-of-riches-igang-autentisk-penger/ HTTP/1.1" 200 72643 "-" "Mozilla/5.0 (compatible; DataForSeoBot/1.0; +https://dataforseo.com/dataforseo-bot)" 282 **0/282067**
85.208.96.210 - - [03/Mar/2026:07:17:07 -0700] "GET /w-klientow-lokalu-pomoc-sa-niezla-biblioteka-programow-gier-popularnych-obecnie-gatunkow/ HTTP/1.1" 200 78950 "-" "Mozilla/5.0 (compatible; SemrushBot/7~bl; +http://www.semrush.com/bot.html)" 347 **0/347761**
136.243.220.212 - - [03/Mar/2026:07:17:09 -0700] "GET /rodadas-gratis-como-bonus-aplicativo-playpix-sem-armazem/ HTTP/1.1" 200 71631 "-" "Mozilla/5.0 (compatible; DataForSeoBot/1.0; +https://dataforseo.com/dataforseo-bot)" 331 **0/331331**
57.141.16.62 - - [03/Mar/2026:07:17:11 -0700] "GET /wagering-conditions-helps-make-or-crack-the-new-playing-feel-from-the-gambling-establishment/feed/ HTTP/1.1" 200 1021 "-" "meta-externalagent/1.1 (+https://developers.facebook.com/docs/sharing/webmasters/crawler)" 121 **0/121395**
136.243.220.212 - - [03/Mar/2026:07:17:12 -0700] "GET /donde-competir-en-el-poker-en-bier-haus-ranura-giros-gratis-linea-joviales-amistades/ HTTP/1.1" 200 73256 "-" "Mozilla/5.0 (compatible; DataForSeoBot/1.0; +https://dataforseo.com/dataforseo-bot)" 301 **0/301260**
185.191.171.9 - - [03/Mar/2026:07:17:14 -0700] "GET /greatest-casinos-on-the-internet-around-kaboo-casino-welcome-bonus-australia-better-real-money-casinos-inside-the-2026/ HTTP/1.1" 200 80964 "-" "Mozilla/5.0 (compatible; SemrushBot/7~bl; +http://www.semrush.com/bot.html)" 275 **0/275423**
185.191.171.14 - - [03/Mar/2026:07:17:16 -0700] "GET /excelentes-25-giros-gratuito-desprovisto-tanque-sobre-tratar-mi-cuenta-booi-online-videopoker-brecha-john-wayne-mexico-2025-novyy-ritm/ HTTP/1.1" 200 79548 "-" "Mozilla/5.0 (compatible; SemrushBot/7~bl; +http://www.semrush.com/bot.html)" 300 **0/300874**
136.243.220.212 - - [03/Mar/2026:07:17:16 -0700] "GET /kreditkarte-uber-kreditrahmen-dies-sie-sind-casino-eurogrand-100-kostenlose-spins-die-karten-unter-einsatz-von-einen-hochsten-limits/ HTTP/1.1" 200 70963 "-" "Mozilla/5.0 (compatible; DataForSeoBot/1.0; +https://dataforseo.com/dataforseo-bot)" 300 **0/300222**
185.191.171.2 - - [03/Mar/2026:07:17:18 -0700] "GET /1win-site-oficial-478/ HTTP/1.1" 200 83750 "-" "Mozilla/5.0 (compatible; SemrushBot/7~bl; +http://www.semrush.com/bot.html)" 326 **0/326408**
136.243.220.212 - - [03/Mar/2026:07:17:20 -0700] "GET /william-hill-casino-argentina-consejos-pagina-principal-desplazandolo-hacia-el-pelo-demostracion-2025/ HTTP/1.1" 200 73482 "-" "Mozilla/5.0 (compatible; DataForSeoBot/1.0; +https://dataforseo.com/dataforseo-bot)" 344 **0/344674**
57.141.16.0 - - [03/Mar/2026:07:17:21 -0700] "GET /?p=144119 HTTP/1.1" 301 - "-" "meta-externalagent/1.1 (+https://developers.facebook.com/docs/sharing/webmasters/crawler)" 120 **0/120207**
57.141.16.84 - - [03/Mar/2026:07:17:24 -0700] "GET /wp-json/oembed/1.0/embed?url=http%3A%2F%2Fwww.icdp.co.in%2Fspecial450-claim-the-latest-eight-hundred-slots-desired-bonus-good-75-100-free-chip-which-have-crypto%2F HTTP/1.1" 200 2688 "-" "meta-externalagent/1.1 (+https://developers.facebook.com/docs/sharing/webmasters/crawler)" 223 **0/223900**
136.243.220.212 - - [03/Mar/2026:07:17:24 -0700] "GET /prezentabil-ati-strain-deasupra-site-ul-me-dedicat-celor-apasator-bune-cazinouri-descarcarea-aplicatiei-immerion-casino-din-romania/ HTTP/1.1" 200 71745 "-" "Mozilla/5.0 (compatible; DataForSeoBot/1.0; +https://dataforseo.com/dataforseo-bot)" 304 **0/304208**
185.191.171.15 - - [03/Mar/2026:07:17:24 -0700] "GET /10bet-erfahrungen-2024-big-wins-einzahlungsbonus-abzocke-vertrauenswurdig-zum-test/ HTTP/1.1" 200 78835 "-" "Mozilla/5.0 (compatible; SemrushBot/7~bl; +http://www.semrush.com/bot.html)" 308 **0/308568**
136.243.220.212 - - [03/Mar/2026:07:17:28 -0700] "GET /william-hill-vegas-casino-erfahrungen-william-hill-vegas-spielbank-bewertungen/ HTTP/1.1" 200 74118 "-" "Mozilla/5.0 (compatible; DataForSeoBot/1.0; +https://dataforseo.com/dataforseo-bot)" 298 **0/298057**
185.191.171.18 - - [03/Mar/2026:07:17:29 -0700] "GET /author/admin/page/5696/ HTTP/1.1" 200 80292 "-" "Mozilla/5.0 (compatible; SemrushBot/7~bl; +http://www.semrush.com/bot.html)" 1666 **1/1666097**
136.243.220.212 - - [03/Mar/2026:07:17:32 -0700] "GET /s-s-taxonomyname-60-on-line-casino-uygulamasi-2024-guncellendi/ HTTP/1.1" 200 77482 "-" "Mozilla/5.0 (compatible; DataForSeoBot/1.0; +https://dataforseo.com/dataforseo-bot)" 302 **0/302592**
136.243.220.212 - - [03/Mar/2026:07:17:36 -0700] "GET /mijngroeve-naam-e-mail-plu-webpagin-bewaren-te-die-browser-ervoor-gij-volgende-keerpunt-eentje-ik-zeker-aanmerking-ander-volledig-huidig-begrip-ego-deze-gij-verzekeringspremie-actief-grondig-niet-sp/ HTTP/1.1" 200 71528 "-" "Mozilla/5.0 (compatible; DataForSeoBot/1.0; +https://dataforseo.com/dataforseo-bot)" 357 **0/357971**
185.191.171.18 - - [03/Mar/2026:07:17:38 -0700] "GET /nextgen-casino-online-casino-7red-casino-13-in-casinohex-stransa/ HTTP/1.1" 200 79865 "-" "Mozilla/5.0 (compatible; SemrushBot/7~bl; +http://www.semrush.com/bot.html)" 283 **0/283276**
136.243.220.212 - - [03/Mar/2026:07:17:40 -0700] "GET /lucky-little-devil-reglas-de-50-tiradas-gratis-sin-deposito-12-chairs-esparcimiento-lucky-little-devil-rebaja-de-conveniente/ HTTP/1.1" 200 73984 "-" "Mozilla/5.0 (compatible; DataForSeoBot/1.0; +https://dataforseo.com/dataforseo-bot)" 297 **0/297035**
185.191.171.4 - - [03/Mar/2026:07:17:41 -0700] "GET /erezd-a-langolo-izgalmat-a-hotslots-jatekok/ HTTP/1.1" 200 81319 "-" "Mozilla/5.0 (compatible; SemrushBot/7~bl; +http://www.semrush.com/bot.html)" 267 **0/267524**
136.243.220.212 - - [03/Mar/2026:07:17:44 -0700] "GET /excelentes-bonos-dolly-parton-ranura-giros-gratis-de-jack-hammer-1-tanque-visita-sobre-casinos-espanoles-2025-casinojugador/ HTTP/1.1" 200 73943 "-" "Mozilla/5.0 (compatible; DataForSeoBot/1.0; +https://dataforseo.com/dataforseo-bot)" 337 **0/337424**
136.243.220.212 - - [03/Mar/2026:07:17:48 -0700] "GET /betfair-wettbonus-bedingungen-2025-maklercourtage-kode-ohne-wettsteuer/ HTTP/1.1" 200 74054 "-" "Mozilla/5.0 (compatible; DataForSeoBot/1.0; +https://dataforseo.com/dataforseo-bot)" 318 **0/318640**
85.208.96.205 - - [03/Mar/2026:07:17:51 -0700] "GET /paxabet-uma-vez-que-jogo-de-slot-diamond-dogs-ensaio-completa-infantilidade-cassino-online/ HTTP/1.1" 200 80581 "-" "Mozilla/5.0 (compatible; SemrushBot/7~bl; +http://www.semrush.com/bot.html)" 301 **0/301628**
136.243.220.212 - - [03/Mar/2026:07:17:52 -0700] "GET /jeden-monat-konnte-die-gesamtheit-kunde-bei-diesem-speziellen-dux-casino-pramie-pro-taller-tretroller-gewinnen/ HTTP/1.1" 200 71956 "-" "Mozilla/5.0 (compatible; DataForSeoBot/1.0; +https://dataforseo.com/dataforseo-bot)" 335 **0/335029**
185.191.171.18 - - [03/Mar/2026:07:17:54 -0700] "GET /durchaus-sind-nicht-hier-nur-nachfolgende-animierten-statt-beilaufig-selbige-stay-spiele-mit-aufgelistet/ HTTP/1.1" 200 78872 "-" "Mozilla/5.0 (compatible; SemrushBot/7~bl; +http://www.semrush.com/bot.html)" 334 **0/334297**
68.178.232.37 - - [03/Mar/2026:07:17:56 -0700] "POST /wp-cron.php?doing_wp_cron=1772547476.7161118984222412109375 HTTP/1.1" 200 - "http://www.icdp.co.in/wp-cron.php?doing_wp_cron=1772547476.7161118984222412109375" "WordPress/5.7.8; http://www.icdp.co.in" 183 **0/183872**
136.243.220.212 - - [03/Mar/2026:07:17:56 -0700] "GET /football-stars-graj-przez-internet-za-darmo-pod-pacogames-com/ HTTP/1.1" 200 72750 "-" "Mozilla/5.0 (compatible; DataForSeoBot/1.0; +https://dataforseo.com/dataforseo-bot)" 504 **0/504416**
185.191.171.18 - - [03/Mar/2026:07:17:59 -0700] "GET /these-types-of-has-the-benefit-of-may-vary-anywhere-between-fifty-and-you-may-250-cost-free-revolves/ HTTP/1.1" 200 78288 "-" "Mozilla/5.0 (compatible; SemrushBot/7~bl; +http://www.semrush.com/bot.html)" 256 **0/256217**
136.243.220.212 - - [03/Mar/2026:07:18:01 -0700] "GET /voor-gokhuis-schrijven-offlin-performen-ontdek-oefen-stormwind/ HTTP/1.1" 200 71515 "-" "Mozilla/5.0 (compatible; DataForSeoBot/1.0; +https://dataforseo.com/dataforseo-bot)" 437 **0/437383**
185.191.171.4 - - [03/Mar/2026:07:18:02 -0700] "GET /the-offer-is-finest-notch-simply-because-of-its-x1-rollover-with-no-withdrawal-amount-limitations/ HTTP/1.1" 200 78456 "-" "Mozilla/5.0 (compatible; SemrushBot/7~bl; +http://www.semrush.com/bot.html)" 431 **0/431585**
136.243.220.212 - - [03/Mar/2026:07:18:04 -0700] "GET /cardplayer-com-billionairespin-casino-spellen-jou-1-aanhef-voor-iedereen-afgelopen-poker-plusteken-speculeren/ HTTP/1.1" 200 72521 "-" "Mozilla/5.0 (compatible; DataForSeoBot/1.0; +https://dataforseo.com/dataforseo-bot)" 339 **0/339059**
185.191.171.1 - - [03/Mar/2026:07:18:05 -0700] "GET /2025/10/page/994/ HTTP/1.1" 200 79708 "-" "Mozilla/5.0 (compatible; SemrushBot/7~bl; +http://www.semrush.com/bot.html)" 438 **0/438703**
136.243.220.212 - - [03/Mar/2026:07:18:09 -0700] "GET /online-bingo-vinnig-gratis-chuzzle-gokkast-voor-werkelijk-poen-bingo/ HTTP/1.1" 200 72262 "-" "Mozilla/5.0 (compatible; DataForSeoBot/1.0; +https://dataforseo.com/dataforseo-bot)" 336 **0/336600**
136.243.220.212 - - [03/Mar/2026:07:18:13 -0700] "GET /nadprogram-bez-depozytu-w-calej-rolling-slots-pochodzace-z-kodem-bonusowym-portal-archives/ HTTP/1.1" 200 72587 "-" "Mozilla/5.0 (compatible; DataForSeoBot/1.0; +https://dataforseo.com/dataforseo-bot)" 324 **0/324544**
136.243.220.212 - - [03/Mar/2026:07:18:16 -0700] "GET /kasyno-bonus-bez-50-darmowych-obrotow-bez-depozytu-island-depozytu-%E1%90%89-premia-zbytnio-rejestracje-2025/ HTTP/1.1" 200 72557 "-" "Mozilla/5.0 (compatible; DataForSeoBot/1.0; +https://dataforseo.com/dataforseo-bot)" 330 **0/330458**
17.241.219.43 - - [03/Mar/2026:07:18:17 -0700] "GET /nv-casino-login-570/ HTTP/1.1" 200 81955 "-" "Mozilla/5.0 (Macintosh; Intel Mac OS X 10_15_7) AppleWebKit/605.1.15 (KHTML, like Gecko) Version/17.4 Safari/605.1.15 (Applebot/0.1; +http://www.apple.com/go/applebot)" 335 **0/335815**
57.141.16.20 - - [03/Mar/2026:07:18:20 -0700] "GET /required-united-kingdom-casinos-which-have-10-free-no-deposit-bonuses/feed/ HTTP/1.1" 200 953 "-" "meta-externalagent/1.1 (+https://developers.facebook.com/docs/sharing/webmasters/crawler)" 144 **0/144523**
136.243.220.212 - - [03/Mar/2026:07:18:20 -0700] "GET /de-lieve-eigenlijk-strafbaar-gokhuis-aquarium-gokkast-belgie-2025/ HTTP/1.1" 200 72222 "-" "Mozilla/5.0 (compatible; DataForSeoBot/1.0; +https://dataforseo.com/dataforseo-bot)" 286 **0/286792**
185.191.171.13 - - [03/Mar/2026:07:18:22 -0700] "GET /never-miss-out-subscribe-and-royalgame-slots-promo-now-have-the-latest-local-casino-bonuses-all-of-the-week/ HTTP/1.1" 200 80981 "-" "Mozilla/5.0 (compatible; SemrushBot/7~bl; +http://www.semrush.com/bot.html)" 298 **0/298552**
136.243.220.212 - - [03/Mar/2026:07:18:22 -0700] "GET /wp-sitemap-posts-post-28.xml HTTP/1.1" 200 55658 "-" "Mozilla/5.0 (compatible; DataForSeoBot/1.0; +https://dataforseo.com/dataforseo-bot)" 3067 **3/3067457**
136.243.220.212 - - [03/Mar/2026:07:18:24 -0700] "GET /bonus-sem-casa-legacy-of-egypt-80-giros-acostumado-top-sites-aplicativo-unlimluck-unlimluck-uma-vez-que-bonus-acostumado-em-2024-reality-check/ HTTP/1.1" 200 71107 "-" "Mozilla/5.0 (compatible; DataForSeoBot/1.0; +https://dataforseo.com/dataforseo-bot)" 568 **0/568600**
57.141.16.23 - - [03/Mar/2026:07:18:28 -0700] "GET /wp-json/oembed/1.0/embed?url=http%3A%2F%2Fwww.icdp.co.in%2Fthere-are-some-other-gambling-enterprises-for-example-casino-months-you-could-have-fun-with-as-the-alternatives%2F HTTP/1.1" 200 2720 "-" "meta-externalagent/1.1 (+https://developers.facebook.com/docs/sharing/webmasters/crawler)" 149 **0/149300**
136.243.220.212 - - [03/Mar/2026:07:18:29 -0700] "GET /slot-gladiator-trucchi-che-calcare-raffica-lapk-dellapplicazione-i24slot-qualora-giocare/ HTTP/1.1" 200 72930 "-" "Mozilla/5.0 (compatible; DataForSeoBot/1.0; +https://dataforseo.com/dataforseo-bot)" 326 **0/326080**
136.243.220.212 - - [03/Mar/2026:07:18:32 -0700] "GET /beste-online-gokhal-sites-voor-playson-gokkasten-holland/ HTTP/1.1" 200 72082 "-" "Mozilla/5.0 (compatible; DataForSeoBot/1.0; +https://dataforseo.com/dataforseo-bot)" 288 **0/288300**
136.243.220.212 - - [03/Mar/2026:07:18:36 -0700] "GET /pharaohs-fortune-slot-machine-by-igt-free-to-play-online-laboratorios-tic-tac-take-slot-grande-vitoria-dai/ HTTP/1.1" 200 73688 "-" "Mozilla/5.0 (compatible; DataForSeoBot/1.0; +https://dataforseo.com/dataforseo-bot)" 285 **0/285862**
136.243.220.212 - - [03/Mar/2026:07:18:40 -0700] "GET /blood-bezplatny-automat-od-momentu-apollo-games-zagraj-sieciowy-przy-demo-darmowo/ HTTP/1.1" 200 72527 "-" "Mozilla/5.0 (compatible; DataForSeoBot/1.0; +https://dataforseo.com/dataforseo-bot)" 348 **0/348409**
17.246.15.92 - - [03/Mar/2026:07:18:41 -0700] "GET /nebenbei-bemerkt-erfolg-sobald-dies-gluck-uff-eurer-rand-sei-typischerweise-euch-hier-das-400-fache-eures-einsatzes/ HTTP/1.1" 200 78817 "-" "Mozilla/5.0 (Macintosh; Intel Mac OS X 10_15_7) AppleWebKit/605.1.15 (KHTML, like Gecko) Version/17.4 Safari/605.1.15 (Applebot/0.1; +http://www.apple.com/go/applebot)" 307 **0/307903**
17.246.15.92 - - [03/Mar/2026:07:18:42 -0700] "GET /die-regulierung-von-sms-casinospielen-ein-zentraler-baustein-fur-verantwortungsvolles-glucksspiel/ HTTP/1.1" 200 80267 "-" "Mozilla/5.0 (Macintosh; Intel Mac OS X 10_15_7) AppleWebKit/605.1.15 (KHTML, like Gecko) Version/17.4 Safari/605.1.15 (Applebot/0.1; +http://www.apple.com/go/applebot)" 334 **0/334412**
136.243.220.212 - - [03/Mar/2026:07:18:44 -0700] "GET /sizzling-fun-which-have-hot-777-a-vintage-slot-online-game-football/ HTTP/1.1" 200 72528 "-" "Mozilla/5.0 (compatible; DataForSeoBot/1.0; +https://dataforseo.com/dataforseo-bot)" 302 **0/302620**
