136.243.220.212 - - [03/Mar/2026:09:13:40 -0700] "GET /on-line-primebetz-casino-login-poker/ HTTP/1.1" 200 74133 "-" "Mozilla/5.0 (compatible; DataForSeoBot/1.0; +https://dataforseo.com/dataforseo-bot)" 342 **0/342313**
136.243.220.212 - - [03/Mar/2026:09:13:44 -0700] "GET /immortal-relationship-position-remark-trial-100-percent-free-play-rtp-view/ HTTP/1.1" 200 72161 "-" "Mozilla/5.0 (compatible; DataForSeoBot/1.0; +https://dataforseo.com/dataforseo-bot)" 290 **0/290705**
136.243.220.212 - - [03/Mar/2026:09:13:48 -0700] "GET /island-reels-welcomes-5-no-deposit-incentive-for-new-and-you-can-established-professionals/ HTTP/1.1" 200 73564 "-" "Mozilla/5.0 (compatible; DataForSeoBot/1.0; +https://dataforseo.com/dataforseo-bot)" 342 **0/342130**
136.243.220.212 - - [03/Mar/2026:09:13:52 -0700] "GET /zodiac-gambling-establishment-review-better-games-and-also-you-gambling-establishment-crosstown-poultry-can-get-personal-promo-codes-for-fairspin-slots-bonuses-for-c1-new-jersey/ HTTP/1.1" 200 74433 "-" "Mozilla/5.0 (compatible; DataForSeoBot/1.0; +https://dataforseo.com/dataforseo-bot)" 310 **0/310463**
136.243.220.212 - - [03/Mar/2026:09:13:56 -0700] "GET /finest-casinos-on-the-internet-out-of-2025-play-real-money-online-game-and-you-will-winnings/ HTTP/1.1" 200 72642 "-" "Mozilla/5.0 (compatible; DataForSeoBot/1.0; +https://dataforseo.com/dataforseo-bot)" 281 **0/281769**
85.208.96.195 - - [03/Mar/2026:09:13:58 -0700] "GET /deposit-money-at-the-bovada-can-be-easy-and-varied-given-that-betting-selection-it-has-got/ HTTP/1.1" 200 78505 "-" "Mozilla/5.0 (compatible; SemrushBot/7~bl; +http://www.semrush.com/bot.html)" 273 **0/273346**
185.191.171.19 - - [03/Mar/2026:09:14:00 -0700] "GET /including-when-possible-stimulate-the-newest-turbo-ability-so-the-reels-stop-spinning-much-more-quickly/ HTTP/1.1" 200 78131 "-" "Mozilla/5.0 (compatible; SemrushBot/7~bl; +http://www.semrush.com/bot.html)" 353 **0/353627**
136.243.220.212 - - [03/Mar/2026:09:14:01 -0700] "GET /gamble-poker-that-have-fifty-2023-no-deposit-supercat-acceptance-extra/ HTTP/1.1" 200 72940 "-" "Mozilla/5.0 (compatible; DataForSeoBot/1.0; +https://dataforseo.com/dataforseo-bot)" 491 **0/491549**
57.141.16.3 - - [03/Mar/2026:09:14:02 -0700] "GET /?p=146902 HTTP/1.1" 301 - "-" "meta-externalagent/1.1 (+https://developers.facebook.com/docs/sharing/webmasters/crawler)" 209 **0/209721**
136.243.220.212 - - [03/Mar/2026:09:14:04 -0700] "GET /die-besten-echtgeld-online-casinos-im-untersuchung-bestes-casino-power-stars-cheats-slots-online-spielen-2025/ HTTP/1.1" 200 73633 "-" "Mozilla/5.0 (compatible; DataForSeoBot/1.0; +https://dataforseo.com/dataforseo-bot)" 357 **0/357174**
57.141.16.88 - - [03/Mar/2026:09:14:06 -0700] "GET /?p=151016 HTTP/1.1" 301 - "-" "meta-externalagent/1.1 (+https://developers.facebook.com/docs/sharing/webmasters/crawler)" 133 **0/133575**
136.243.220.212 - - [03/Mar/2026:09:14:08 -0700] "GET /zodiac-gambling-establishment-step-1-put-bonus-no-deposit-paddy-power-games-30-free-spins-%E1%90%88-score-80-free-spins/ HTTP/1.1" 200 72125 "-" "Mozilla/5.0 (compatible; DataForSeoBot/1.0; +https://dataforseo.com/dataforseo-bot)" 347 **0/347938**
136.243.220.212 - - [03/Mar/2026:09:14:12 -0700] "GET /better-5-put-bigbot-staff-cellular-playing-web-sites-united-kingdom-no-deposit-primebetz-for-casino-january-2025/ HTTP/1.1" 200 74411 "-" "Mozilla/5.0 (compatible; DataForSeoBot/1.0; +https://dataforseo.com/dataforseo-bot)" 294 **0/294177**
57.141.16.16 - - [03/Mar/2026:09:14:12 -0700] "GET /wp-json/wp/v2/posts/148341 HTTP/1.1" 200 8831 "-" "meta-externalagent/1.1 (+https://developers.facebook.com/docs/sharing/webmasters/crawler)" 137 **0/137638**
136.243.220.212 - - [03/Mar/2026:09:14:16 -0700] "GET /discuss-an-informed-5-lowest-deposit-casinos-and-you-may-unlock-fascinating-incentives-g3-sports/ HTTP/1.1" 200 73250 "-" "Mozilla/5.0 (compatible; DataForSeoBot/1.0; +https://dataforseo.com/dataforseo-bot)" 330 **0/330011**
136.243.220.212 - - [03/Mar/2026:09:14:20 -0700] "GET /obzor-ofitsialnogo-saita-kazino-1khbet/ HTTP/1.1" 200 74421 "-" "Mozilla/5.0 (compatible; DataForSeoBot/1.0; +https://dataforseo.com/dataforseo-bot)" 320 **0/320929**
136.243.220.212 - - [03/Mar/2026:09:14:24 -0700] "GET /finest-six-websites-to-experience-web-based-poker-peters-casino-online-top-on-the-internet-for-real-money-in-2025/ HTTP/1.1" 200 73313 "-" "Mozilla/5.0 (compatible; DataForSeoBot/1.0; +https://dataforseo.com/dataforseo-bot)" 321 **0/321625**
57.141.16.27 - - [03/Mar/2026:09:14:27 -0700] "GET /?p=150471 HTTP/1.1" 301 - "-" "meta-externalagent/1.1 (+https://developers.facebook.com/docs/sharing/webmasters/crawler)" 132 **0/132559**
136.243.220.212 - - [03/Mar/2026:09:14:28 -0700] "GET /ma-sizzling-hot-deluxe-slotsider-bedste-pa-casinoer-ved-hjaelp-af-spil-fra-novomatic/ HTTP/1.1" 200 73221 "-" "Mozilla/5.0 (compatible; DataForSeoBot/1.0; +https://dataforseo.com/dataforseo-bot)" 359 **0/359104**
136.243.220.212 - - [03/Mar/2026:09:14:32 -0700] "GET /belobe-sig-til-slot-game-of-thrones-pa-casinoer-bedste-danske-pa-casinoer-2024/ HTTP/1.1" 200 73082 "-" "Mozilla/5.0 (compatible; DataForSeoBot/1.0; +https://dataforseo.com/dataforseo-bot)" 323 **0/323461**
57.141.16.67 - - [03/Mar/2026:09:14:33 -0700] "GET /?p=147289 HTTP/1.1" 301 - "-" "meta-externalagent/1.1 (+https://developers.facebook.com/docs/sharing/webmasters/crawler)" 152 **0/152994**
68.178.232.37 - - [03/Mar/2026:09:14:36 -0700] "POST /wp-cron.php?doing_wp_cron=1772554476.8864939212799072265625 HTTP/1.1" 200 - "http://www.icdp.co.in/wp-cron.php?doing_wp_cron=1772554476.8864939212799072265625" "WordPress/5.7.8; http://www.icdp.co.in" 695 **0/695686**
136.243.220.212 - - [03/Mar/2026:09:14:36 -0700] "GET /blackjackpro-montecarlo-bruce-bet-bonus-wagering-multihand-profile-remark-productive-web-site-extra-standards-sportserve/ HTTP/1.1" 200 74107 "-" "Mozilla/5.0 (compatible; DataForSeoBot/1.0; +https://dataforseo.com/dataforseo-bot)" 1192 **1/1192502**
136.243.220.212 - - [03/Mar/2026:09:14:40 -0700] "GET /walking-dead-daryl-dixon-the-book-of-carol-nicht-bitkingz-casino-no-deposit-bonus-vor-nun-inside-magentatv/ HTTP/1.1" 200 73364 "-" "Mozilla/5.0 (compatible; DataForSeoBot/1.0; +https://dataforseo.com/dataforseo-bot)" 330 **0/330392**
136.243.220.212 - - [03/Mar/2026:09:14:44 -0700] "GET /300-shields-hace-el-trabajo-regalado-2025/ HTTP/1.1" 200 73671 "-" "Mozilla/5.0 (compatible; DataForSeoBot/1.0; +https://dataforseo.com/dataforseo-bot)" 349 **0/349371**
57.141.16.62 - - [03/Mar/2026:09:14:48 -0700] "GET /wp-json/oembed/1.0/embed?url=http%3A%2F%2Fwww.icdp.co.in%2Fqui-indique-le-leurs-nouveaux-jeu-pour-salle-de-jeu%2F HTTP/1.1" 200 2426 "-" "meta-externalagent/1.1 (+https://developers.facebook.com/docs/sharing/webmasters/crawler)" 205 **0/205817**
136.243.220.212 - - [03/Mar/2026:09:14:48 -0700] "GET /draftkings-promo-password-winnings-3-hundred-nba-category-solution-for-2025/ HTTP/1.1" 200 73384 "-" "Mozilla/5.0 (compatible; DataForSeoBot/1.0; +https://dataforseo.com/dataforseo-bot)" 377 **0/377716**
136.243.220.212 - - [03/Mar/2026:09:14:53 -0700] "GET /burlesque-queen-royal-cash-slot-free-spins-slots-comment-attractive-5-reel-gains-bonuses/ HTTP/1.1" 200 74084 "-" "Mozilla/5.0 (compatible; DataForSeoBot/1.0; +https://dataforseo.com/dataforseo-bot)" 357 **0/357040**
57.141.16.76 - - [03/Mar/2026:09:14:55 -0700] "GET /wp-json/wp/v2/posts/148754 HTTP/1.1" 200 10774 "-" "meta-externalagent/1.1 (+https://developers.facebook.com/docs/sharing/webmasters/crawler)" 544 **0/544037**
68.178.232.37 - - [03/Mar/2026:09:14:56 -0700] "POST /wp-cron.php?doing_wp_cron=1772554496.3516020774841308593750 HTTP/1.1" 200 - "http://www.icdp.co.in/wp-cron.php?doing_wp_cron=1772554496.3516020774841308593750" "WordPress/5.7.8; http://www.icdp.co.in" 197 **0/197613**
57.141.16.68 - - [03/Mar/2026:09:14:55 -0700] "GET /wp-json/wp/v2/posts/148722 HTTP/1.1" 200 8019 "-" "meta-externalagent/1.1 (+https://developers.facebook.com/docs/sharing/webmasters/crawler)" 627 **0/627541**
136.243.220.212 - - [03/Mar/2026:09:14:56 -0700] "GET /bobby-7s-trial-position-comprehend-comment-and-you-may-play-online-casino-no-deposit-royalgame-for-100-percent-free/ HTTP/1.1" 200 74453 "-" "Mozilla/5.0 (compatible; DataForSeoBot/1.0; +https://dataforseo.com/dataforseo-bot)" 356 **0/356215**
57.141.16.3 - - [03/Mar/2026:09:14:58 -0700] "GET /wp-json/oembed/1.0/embed?url=http%3A%2F%2Fwww.icdp.co.in%2Fchicken-road-promo-code-822-2%2F HTTP/1.1" 200 2856 "-" "meta-externalagent/1.1 (+https://developers.facebook.com/docs/sharing/webmasters/crawler)" 162 **0/162248**
57.141.16.65 - - [03/Mar/2026:09:14:58 -0700] "GET /?p=148556 HTTP/1.1" 301 - "-" "meta-externalagent/1.1 (+https://developers.facebook.com/docs/sharing/webmasters/crawler)" 154 **0/154390**
136.243.220.212 - - [03/Mar/2026:09:15:00 -0700] "GET /better-casino-party-real-money-black-jack-internet-sites/ HTTP/1.1" 200 74268 "-" "Mozilla/5.0 (compatible; DataForSeoBot/1.0; +https://dataforseo.com/dataforseo-bot)" 499 **0/499675**
17.246.19.122 - - [03/Mar/2026:09:15:02 -0700] "GET /payments-2/ HTTP/1.1" 200 78230 "-" "Mozilla/5.0 (Macintosh; Intel Mac OS X 10_15_7) AppleWebKit/605.1.15 (KHTML, like Gecko) Version/17.4 Safari/605.1.15 (Applebot/0.1; +http://www.apple.com/go/applebot)" 664 **0/664750**
136.243.220.212 - - [03/Mar/2026:09:15:04 -0700] "GET /no-deposit-local-casino-bonuses-174-to-have-oct-2025/ HTTP/1.1" 200 73069 "-" "Mozilla/5.0 (compatible; DataForSeoBot/1.0; +https://dataforseo.com/dataforseo-bot)" 438 **0/438441**
136.243.220.212 - - [03/Mar/2026:09:15:08 -0700] "GET /diese-besten-slots-online-casinos-in-1-einzahlung-hot-target-inanspruchnahme-bei-sofortuberweisung-2025-ciuem/ HTTP/1.1" 200 73990 "-" "Mozilla/5.0 (compatible; DataForSeoBot/1.0; +https://dataforseo.com/dataforseo-bot)" 432 **0/432181**
17.246.19.241 - - [03/Mar/2026:09:15:09 -0700] "GET /jk8-online-casino-in-malaysia-responsible-gambling-357/ HTTP/1.1" 200 82065 "-" "Mozilla/5.0 (Macintosh; Intel Mac OS X 10_15_7) AppleWebKit/605.1.15 (KHTML, like Gecko) Version/17.4 Safari/605.1.15 (Applebot/0.1; +http://www.apple.com/go/applebot)" 475 **0/475419**
198.244.240.25 - - [03/Mar/2026:09:15:10 -0700] "GET /play-free-casino-slot-games-for-fun/ HTTP/1.1" 200 70922 "-" "Mozilla/5.0 (compatible; AhrefsBot/7.0; +http://ahrefs.com/robot/)" 708 **0/708471**
136.243.220.212 - - [03/Mar/2026:09:15:12 -0700] "GET /gamble-small-struck-rare-metal-slot/ HTTP/1.1" 200 72053 "-" "Mozilla/5.0 (compatible; DataForSeoBot/1.0; +https://dataforseo.com/dataforseo-bot)" 349 **0/349952**
57.141.16.4 - - [03/Mar/2026:09:15:14 -0700] "GET /wp-json/oembed/1.0/embed?url=http%3A%2F%2Fwww.icdp.co.in%2Fan-enjoying-south-african-incorporate-the-new-acceptance-added-bonus-s-the-casinos-braai-invite-to-newcomers%2F HTTP/1.1" 200 2750 "-" "meta-externalagent/1.1 (+https://developers.facebook.com/docs/sharing/webmasters/crawler)" 145 **0/145439**
136.243.220.212 - - [03/Mar/2026:09:15:16 -0700] "GET /ukash-casinos-gamble-gambling-enterprises-taking-ukash-deposits/ HTTP/1.1" 200 73503 "-" "Mozilla/5.0 (compatible; DataForSeoBot/1.0; +https://dataforseo.com/dataforseo-bot)" 339 **0/339813**
43.173.182.63 - - [03/Mar/2026:09:15:20 -0700] "GET /eye-of-horus-zum-besten-geben-via-echtgeld-merkur-klassiker/ HTTP/1.1" 200 80365 "-" "Mozilla/5.0 (Windows NT 10.0; Win64; x64) AppleWebKit/537.36 (KHTML, like Gecko) Chrome/105.0.0.0 Safari/537.3" 1020 **1/1020321**
43.173.175.176 - - [03/Mar/2026:09:15:20 -0700] "GET /gates-of-olympus-resena-y-historias-de-grandes-ganadores/ HTTP/1.1" 200 79927 "-" "Mozilla/5.0 (Windows NT 10.0; Win64; x64) AppleWebKit/537.36 (KHTML, like Gecko) Chrome/131.0.0.0 Safari/537.36" 1133 **1/1133166**
136.243.220.212 - - [03/Mar/2026:09:15:20 -0700] "GET /mostbet-oficialnyj-sajt-bukmekerskoj-kontory-77/ HTTP/1.1" 200 74172 "-" "Mozilla/5.0 (compatible; DataForSeoBot/1.0; +https://dataforseo.com/dataforseo-bot)" 894 **0/894086**
216.244.66.241 - - [03/Mar/2026:09:15:22 -0700] "GET /category/pokerpedia/ HTTP/1.1" 200 337851 "-" "Mozilla/5.0 (compatible; DotBot/1.2; +https://opensiteexplorer.org/dotbot; help@moz.com)" 367 **0/367851**
136.243.220.212 - - [03/Mar/2026:09:15:24 -0700] "GET /silver-riviera-spielbank-erreichbar-2022-1400-pramie-je-jedweder-royalgame-bonus-spieler/ HTTP/1.1" 200 73894 "-" "Mozilla/5.0 (compatible; DataForSeoBot/1.0; +https://dataforseo.com/dataforseo-bot)" 362 **0/362307**
136.243.220.212 - - [03/Mar/2026:09:15:28 -0700] "GET /100-percent-free-video-poker-zero-downloads-gamble-zeus-free-download-online-slot-today/ HTTP/1.1" 200 74366 "-" "Mozilla/5.0 (compatible; DataForSeoBot/1.0; +https://dataforseo.com/dataforseo-bot)" 346 **0/346446**
136.243.220.212 - - [03/Mar/2026:09:15:32 -0700] "GET /dolphins-pearl-vulkanbet-partnerlogin-deluxe-slot-review-2024-free-spins-double-wilds/ HTTP/1.1" 200 73575 "-" "Mozilla/5.0 (compatible; DataForSeoBot/1.0; +https://dataforseo.com/dataforseo-bot)" 325 **0/325580**
136.243.220.212 - - [03/Mar/2026:09:15:36 -0700] "GET /once-upon-a-time-harbors-review-fairy-tale-wins-extra-has/ HTTP/1.1" 200 73114 "-" "Mozilla/5.0 (compatible; DataForSeoBot/1.0; +https://dataforseo.com/dataforseo-bot)" 361 **0/361589**
43.173.181.106 - - [03/Mar/2026:09:15:40 -0700] "GET /liberalite-sans-conserve-vs-allogenes-bonus-qui-lemportera/ HTTP/1.1" 200 78699 "-" "Mozilla/5.0 (Windows NT 10.0; Win64; x64) AppleWebKit/537.36 (KHTML, like Gecko) Chrome/107.0.0.0 Safari/537.36" 743 **0/743216**
136.243.220.212 - - [03/Mar/2026:09:15:41 -0700] "GET /5-minimum-deposit-casinos-around-australia-%EF%B8%8F-2025-casino-lord-of-the-ocean-strategy-update/ HTTP/1.1" 200 74018 "-" "Mozilla/5.0 (compatible; DataForSeoBot/1.0; +https://dataforseo.com/dataforseo-bot)" 731 **0/731653**
136.243.220.212 - - [03/Mar/2026:09:15:44 -0700] "GET /spielbank-maklercourtage-blos-einzahlung-nun-kostenfrei-zombies-casino-degustieren/ HTTP/1.1" 200 73404 "-" "Mozilla/5.0 (compatible; DataForSeoBot/1.0; +https://dataforseo.com/dataforseo-bot)" 376 **0/376301**
57.141.16.54 - - [03/Mar/2026:09:15:48 -0700] "GET /?p=146223 HTTP/1.1" 301 - "-" "meta-externalagent/1.1 (+https://developers.facebook.com/docs/sharing/webmasters/crawler)" 163 **0/163073**
136.243.220.212 - - [03/Mar/2026:09:15:48 -0700] "GET /crosstown-local-casino-jet-bull-150-totally-free-poultry-maquinas-tragamonedas-reproducir-ahora-genesis-gaming-maquinas-free-coin-master-spins-no-deposit-tragamonedas-online-gratis/ HTTP/1.1" 200 74304 "-" "Mozilla/5.0 (compatible; DataForSeoBot/1.0; +https://dataforseo.com/dataforseo-bot)" 405 **0/405803**
136.243.220.212 - - [03/Mar/2026:09:15:52 -0700] "GET /angeschlossen-casinos-uber-1-ecu-einzahlung-2025-bonus-erst-als-xon-bet-casino-keine-einlagen-promo-codes-1/ HTTP/1.1" 200 73731 "-" "Mozilla/5.0 (compatible; DataForSeoBot/1.0; +https://dataforseo.com/dataforseo-bot)" 314 **0/314671**
57.141.16.58 - - [03/Mar/2026:09:15:54 -0700] "GET /wp-json/wp/v2/posts/145837 HTTP/1.1" 200 7889 "-" "meta-externalagent/1.1 (+https://developers.facebook.com/docs/sharing/webmasters/crawler)" 138 **0/138406**
68.178.232.37 - - [03/Mar/2026:09:15:57 -0700] "POST /wp-cron.php?doing_wp_cron=1772554557.1847410202026367187500 HTTP/1.1" 200 - "http://www.icdp.co.in/wp-cron.php?doing_wp_cron=1772554557.1847410202026367187500" "WordPress/5.7.8; http://www.icdp.co.in" 163 **0/163371**
136.243.220.212 - - [03/Mar/2026:09:15:57 -0700] "GET /bandits-bounty-an-metal-howlers-mc-novel-kindle-edition-from-the-tallman-darlene-love-1xslot-free-spins-kindle-e-books-auction-web-sites-com/ HTTP/1.1" 200 74717 "-" "Mozilla/5.0 (compatible; DataForSeoBot/1.0; +https://dataforseo.com/dataforseo-bot)" 508 **0/508094**
136.243.220.212 - - [03/Mar/2026:09:16:00 -0700] "GET /ideas-on-how-to-gamble-caribbean-pragmatic-site-stud-web-based-poker/ HTTP/1.1" 200 74005 "-" "Mozilla/5.0 (compatible; DataForSeoBot/1.0; +https://dataforseo.com/dataforseo-bot)" 404 **0/404228**
136.243.220.212 - - [03/Mar/2026:09:16:04 -0700] "GET /neptunes-fortune-megaways-totally-free-position-trial-enjoy-now-finest-isoftbet-casinos/ HTTP/1.1" 200 72331 "-" "Mozilla/5.0 (compatible; DataForSeoBot/1.0; +https://dataforseo.com/dataforseo-bot)" 346 **0/346896**
185.191.171.9 - - [03/Mar/2026:09:16:07 -0700] "GET /auf-keinen-fall-stets-sie-sind-unser-limits-je-zocker-via-jedem-haushaltsplan-geeignet/ HTTP/1.1" 200 79064 "-" "Mozilla/5.0 (compatible; SemrushBot/7~bl; +http://www.semrush.com/bot.html)" 412 **0/412851**
194.58.70.117 - - [03/Mar/2026:09:16:07 -0700] "POST /xmlrpc.php HTTP/1.1" 200 1494497 "-" "Mozilla/5.0 (Macintosh; Intel Mac OS X 10_13_6) AppleWebKit/537.36 (KHTML, like Gecko) Chrome/80.0.3987.122 Safari/537.36" 862 **0/862097**
57.141.16.90 - - [03/Mar/2026:09:16:08 -0700] "GET /wp-json/oembed/1.0/embed?url=http%3A%2F%2Fwww.icdp.co.in%2Frevolves-provided-since-the-fifty-revolves-date-up-on-log-on-having-ten-weeks%2F HTTP/1.1" 200 2553 "-" "meta-externalagent/1.1 (+https://developers.facebook.com/docs/sharing/webmasters/crawler)" 183 **0/183936**
136.243.220.212 - - [03/Mar/2026:09:16:09 -0700] "GET /ten-euro-no-deposit-gambling-enterprise-incentives-oct-2025/ HTTP/1.1" 200 73739 "-" "Mozilla/5.0 (compatible; DataForSeoBot/1.0; +https://dataforseo.com/dataforseo-bot)" 357 **0/357211**
194.58.70.117 - - [03/Mar/2026:09:16:10 -0700] "POST /xmlrpc.php HTTP/1.1" 200 1494497 "-" "Mozilla/5.0 (X11; Linux x86_64) AppleWebKit/537.36 (KHTML, like Gecko) Chrome/81.0.4044.129 Safari/537.36" 841 **0/841407**
57.141.16.60 - - [03/Mar/2026:09:16:11 -0700] "GET /30-nv-casino-freispiele-book-of-ra-deluxe-online-spielen-echtgeld-exklusive-einzahlung-fix-zuganglich-%ef%b8%8f-kostenfrei-spins/feed/ HTTP/1.1" 200 1124 "-" "meta-externalagent/1.1 (+https://developers.facebook.com/docs/sharing/webmasters/crawler)" 128 **0/128224**
136.243.220.212 - - [03/Mar/2026:09:16:13 -0700] "GET /beste-5-einzahlung-casinos-2025-erreichbar-zum-bejeweled-2-1-kaution-besten-geben-uber-nur-5-bonus/ HTTP/1.1" 200 73707 "-" "Mozilla/5.0 (compatible; DataForSeoBot/1.0; +https://dataforseo.com/dataforseo-bot)" 347 **0/347201**
194.58.70.117 - - [03/Mar/2026:09:16:12 -0700] "POST /xmlrpc.php HTTP/1.1" 200 509 "-" "Mozilla/5.0 (X11; Linux x86_64) AppleWebKit/537.36 (KHTML, like Gecko) Chrome/81.0.4044.129 Safari/537.36" 1043 **1/1043369**
194.58.70.117 - - [03/Mar/2026:09:16:09 -0700] "POST /xmlrpc.php HTTP/1.1" 200 516 "-" "Mozilla/5.0 (Macintosh; Intel Mac OS X 10_13_6) AppleWebKit/537.36 (KHTML, like Gecko) Chrome/80.0.3987.122 Safari/537.36" 4469 **4/4469838**
194.58.70.117 - - [03/Mar/2026:09:16:14 -0700] "POST /xmlrpc.php HTTP/1.1" 200 514 "-" "Mozilla/5.0 (X11; Linux x86_64) AppleWebKit/537.36 (KHTML, like Gecko) Chrome/81.0.4044.129 Safari/537.36" 1020 **1/1020125**
57.141.16.69 - - [03/Mar/2026:09:16:15 -0700] "GET /official-casino-in-united-kingdom-2/feed/ HTTP/1.1" 200 848 "-" "meta-externalagent/1.1 (+https://developers.facebook.com/docs/sharing/webmasters/crawler)" 158 **0/158364**
194.58.70.117 - - [03/Mar/2026:09:16:15 -0700] "POST /xmlrpc.php HTTP/1.1" 200 181 "-" "Mozilla/5.0 (X11; Linux x86_64) AppleWebKit/537.36 (KHTML, like Gecko) Chrome/81.0.4044.129 Safari/537.36" 225 **0/225909**
194.58.70.117 - - [03/Mar/2026:09:16:14 -0700] "POST /xmlrpc.php HTTP/1.1" 200 521 "-" "Mozilla/5.0 (Macintosh; Intel Mac OS X 10_13_6) AppleWebKit/537.36 (KHTML, like Gecko) Chrome/80.0.3987.122 Safari/537.36" 1108 **1/1108628**
194.58.70.117 - - [03/Mar/2026:09:16:16 -0700] "POST /xmlrpc.php HTTP/1.1" 200 181 "-" "Mozilla/5.0 (Macintosh; Intel Mac OS X 10_13_6) AppleWebKit/537.36 (KHTML, like Gecko) Chrome/80.0.3987.122 Safari/537.36" 299 **0/299381**
136.243.220.212 - - [03/Mar/2026:09:16:16 -0700] "GET /evolution-gaming-casinos-beste-dunder-casino-treuepunkte-erreichbar-casinos-in-betrugstest-durch-evolution-gaming-2025/ HTTP/1.1" 200 73973 "-" "Mozilla/5.0 (compatible; DataForSeoBot/1.0; +https://dataforseo.com/dataforseo-bot)" 500 **0/500046**
68.178.232.37 - - [03/Mar/2026:09:16:16 -0700] "POST /wp-cron.php?doing_wp_cron=1772554576.7216739654541015625000 HTTP/1.1" 200 - "http://www.icdp.co.in/wp-cron.php?doing_wp_cron=1772554576.7216739654541015625000" "WordPress/5.7.8; http://www.icdp.co.in" 678 **0/678554**
194.58.70.117 - - [03/Mar/2026:09:16:16 -0700] "POST /xmlrpc.php HTTP/1.1" 200 10449 "-" "Mozilla/5.0 (X11; Linux x86_64) AppleWebKit/537.36 (KHTML, like Gecko) Chrome/81.0.4044.129 Safari/537.36" 830 **0/830030**
68.178.232.37 - - [03/Mar/2026:09:16:17 -0700] "POST /wp-cron.php?doing_wp_cron=1772554577.7939229011535644531250 HTTP/1.1" 200 - "http://www.icdp.co.in/wp-cron.php?doing_wp_cron=1772554577.7939229011535644531250" "WordPress/5.7.8; http://www.icdp.co.in" 702 **0/702399**
194.58.70.117 - - [03/Mar/2026:09:16:17 -0700] "POST /xmlrpc.php HTTP/1.1" 200 10202 "-" "Mozilla/5.0 (Macintosh; Intel Mac OS X 10_13_6) AppleWebKit/537.36 (KHTML, like Gecko) Chrome/80.0.3987.122 Safari/537.36" 894 **0/894694**
98.98.9.61 - - [03/Mar/2026:09:16:18 -0700] "POST /xmlrpc.php HTTP/1.1" 200 181 "-" "Mozilla/5.0 (Windows NT 10.0; Win64; x64) AppleWebKit/537.36 (KHTML, like Gecko) Chrome/114.0.0.0 Safari/537.36" 172 **0/172000**
136.243.220.212 - - [03/Mar/2026:09:16:20 -0700] "GET /greatest-sites-flashdash-friday-bonus-for-2025/ HTTP/1.1" 200 74197 "-" "Mozilla/5.0 (compatible; DataForSeoBot/1.0; +https://dataforseo.com/dataforseo-bot)" 436 **0/436729**
107.173.254.12 - - [03/Mar/2026:09:16:19 -0700] "GET /vdcasino-ile-sorunsuz-oyun-keyfi-giri-sorunlarn-17/ HTTP/1.1" 200 79388 "-" "Mozilla/5.0 (Windows NT 10.0; Win64; x64) AppleWebKit/537.36 (KHTML, like Gecko) Chrome/80.0.3987.149 Safari/537.36" 1389 **1/1389077**
68.178.232.37 - - [03/Mar/2026:09:16:19 -0700] "POST /wp-cron.php?doing_wp_cron=1772554579.7605769634246826171875 HTTP/1.1" 200 - "http://www.icdp.co.in/wp-cron.php?doing_wp_cron=1772554579.7605769634246826171875" "WordPress/5.7.8; http://www.icdp.co.in" 1272 **1/1272036**
136.243.220.212 - - [03/Mar/2026:09:16:24 -0700] "GET /100-percent-free-spins-with-no-put-gambling-establishment-incentives/ HTTP/1.1" 200 72050 "-" "Mozilla/5.0 (compatible; DataForSeoBot/1.0; +https://dataforseo.com/dataforseo-bot)" 354 **0/354362**
98.98.9.61 - - [03/Mar/2026:09:16:25 -0700] "POST /xmlrpc.php HTTP/1.1" 200 11798 "-" "Mozilla/5.0 (Windows NT 10.0; Win64; x64) AppleWebKit/537.36 (KHTML, like Gecko) Chrome/114.0.0.0 Safari/537.36" 962 **0/962243**
85.208.96.196 - - [03/Mar/2026:09:16:26 -0700] "GET /goldilocks-the-three-bears-which-incur-usually-chew-basic-a-financing-business-online-casino-500-first-deposit-bonus-frost-china-change-conflict-otherwise-a-house-by-lynette-zang-buy-gold-and/ HTTP/1.1" 200 81467 "-" "Mozilla/5.0 (compatible; SemrushBot/7~bl; +http://www.semrush.com/bot.html)" 303 **0/303144**
136.243.220.212 - - [03/Mar/2026:09:16:28 -0700] "GET /best-roulettino-promo-codes-family-savings-added-bonus-offers-away-from-october-2025-as-much-as-step-3000/ HTTP/1.1" 200 74614 "-" "Mozilla/5.0 (compatible; DataForSeoBot/1.0; +https://dataforseo.com/dataforseo-bot)" 358 **0/358250**
98.98.9.61 - - [03/Mar/2026:09:16:27 -0700] "GET /seriose-angeschlossen-casinos-within-land-der-dichter-und-denker-legale-provider-inoffizieller-mitarbeiter-casino-caligula-zusammenfassung-2026/ HTTP/1.1" 200 346589 "-" "Mozilla/5.0 (Windows NT 10.0; Win64; x64) AppleWebKit/537.36 (KHTML, like Gecko) Chrome/124.0.0.0 Safari/537.36 Edg/124.0.0.0" 1390 **1/1390303**
185.191.171.7 - - [03/Mar/2026:09:16:28 -0700] "GET /de-que-forma-hallar-las-codigos-sobre-descuento-ultimas-sobre-bovada/ HTTP/1.1" 200 78438 "-" "Mozilla/5.0 (compatible; SemrushBot/7~bl; +http://www.semrush.com/bot.html)" 437 **0/437736**
136.243.220.212 - - [03/Mar/2026:09:16:32 -0700] "GET /finest-casino-payment-actions-in-the-uk-2025/ HTTP/1.1" 200 73459 "-" "Mozilla/5.0 (compatible; DataForSeoBot/1.0; +https://dataforseo.com/dataforseo-bot)" 357 **0/357282**
185.191.171.19 - - [03/Mar/2026:09:16:35 -0700] "GET /dies-beste-android-kasino-spielspa-in-diesem-natel-weiters-tablet/ HTTP/1.1" 200 79103 "-" "Mozilla/5.0 (compatible; SemrushBot/7~bl; +http://www.semrush.com/bot.html)" 316 **0/316403**
136.243.220.212 - - [03/Mar/2026:09:16:36 -0700] "GET /better-ukash-online-casinos-2025/ HTTP/1.1" 200 72172 "-" "Mozilla/5.0 (compatible; DataForSeoBot/1.0; +https://dataforseo.com/dataforseo-bot)" 360 **0/360094**
185.191.171.7 - - [03/Mar/2026:09:16:38 -0700] "GET /vavada-zerkalo-vhod-na-oficialnyj-sajt-2025-4964/ HTTP/1.1" 200 80580 "-" "Mozilla/5.0 (compatible; SemrushBot/7~bl; +http://www.semrush.com/bot.html)" 332 **0/332060**
136.243.220.212 - - [03/Mar/2026:09:16:40 -0700] "GET /online-casino-bonus-bedste-casino-queen-hearts-deluxe-gratis-80-spins-bonusser2024/ HTTP/1.1" 200 73234 "-" "Mozilla/5.0 (compatible; DataForSeoBot/1.0; +https://dataforseo.com/dataforseo-bot)" 335 **0/335830**
136.243.220.212 - - [03/Mar/2026:09:16:44 -0700] "GET /online-casino-games-in-to-the-great-doorway-position-choice-a-aristocrat-betting-slots-real-income-the-new-chisinau-moldova/ HTTP/1.1" 200 72171 "-" "Mozilla/5.0 (compatible; DataForSeoBot/1.0; +https://dataforseo.com/dataforseo-bot)" 387 **0/387528**
136.243.220.212 - - [03/Mar/2026:09:16:48 -0700] "GET /60-cartas-excesivamente-sencillas-de-mejorar-el-historia/ HTTP/1.1" 200 73315 "-" "Mozilla/5.0 (compatible; DataForSeoBot/1.0; +https://dataforseo.com/dataforseo-bot)" 359 **0/359691**
185.191.171.7 - - [03/Mar/2026:09:16:52 -0700] "GET /splitting-the-brand-new-myth-zero-%EF%BF%BDfifty-totally-free-spins-no-deposit%EF%BF%BD-from-the-zodiac-local-casino-inside-the-canada/ HTTP/1.1" 200 80403 "-" "Mozilla/5.0 (compatible; SemrushBot/7~bl; +http://www.semrush.com/bot.html)" 358 **0/358077**
136.243.220.212 - - [03/Mar/2026:09:16:53 -0700] "GET /have-fun-with-the-red-colored-chilli-gains-position-during-the-energycasino/ HTTP/1.1" 200 72141 "-" "Mozilla/5.0 (compatible; DataForSeoBot/1.0; +https://dataforseo.com/dataforseo-bot)" 322 **0/322133**
68.178.232.37 - - [03/Mar/2026:09:16:56 -0700] "POST /wp-cron.php?doing_wp_cron=1772554616.7791230678558349609375 HTTP/1.1" 200 - "http://www.icdp.co.in/wp-cron.php?doing_wp_cron=1772554616.7791230678558349609375" "WordPress/5.7.8; http://www.icdp.co.in" 196 **0/196196**
136.243.220.212 - - [03/Mar/2026:09:16:56 -0700] "GET /casanova-slot-review-2025-yoyospins-casino-promo-code-100-percent-free-gamble-trial/ HTTP/1.1" 200 74847 "-" "Mozilla/5.0 (compatible; DataForSeoBot/1.0; +https://dataforseo.com/dataforseo-bot)" 509 **0/509070**
136.243.220.212 - - [03/Mar/2026:09:17:00 -0700] "GET /better-slingo-sites-2025-enjoy-slingo-on-the-web/ HTTP/1.1" 200 73303 "-" "Mozilla/5.0 (compatible; DataForSeoBot/1.0; +https://dataforseo.com/dataforseo-bot)" 353 **0/353659**
136.243.220.212 - - [03/Mar/2026:09:17:04 -0700] "GET /bigbot-class-galera-bet-casino-bonus-code-red-colored-light-blue-internet-casino-on-the-internet-mahjong-88-profits-real-money-condition/ HTTP/1.1" 200 74549 "-" "Mozilla/5.0 (compatible; DataForSeoBot/1.0; +https://dataforseo.com/dataforseo-bot)" 333 **0/333467**
136.243.220.212 - - [03/Mar/2026:09:17:08 -0700] "GET /crazy-panda-video-slot-play-for-totally-free-far-eastern-layout/ HTTP/1.1" 200 71557 "-" "Mozilla/5.0 (compatible; DataForSeoBot/1.0; +https://dataforseo.com/dataforseo-bot)" 523 **0/523976**
136.243.220.212 - - [03/Mar/2026:09:17:12 -0700] "GET /knights-and-maidens-movies-baccarat-professional-series-low-limitation-slot-samba-de-frutas-online-real-money-ports/ HTTP/1.1" 200 74612 "-" "Mozilla/5.0 (compatible; DataForSeoBot/1.0; +https://dataforseo.com/dataforseo-bot)" 350 **0/350516**
136.243.220.212 - - [03/Mar/2026:09:17:16 -0700] "GET /casinos-en-espana-joviales-tanque-sobre-cinco-excelentes-alternativas/ HTTP/1.1" 200 73572 "-" "Mozilla/5.0 (compatible; DataForSeoBot/1.0; +https://dataforseo.com/dataforseo-bot)" 308 **0/308088**
136.243.220.212 - - [03/Mar/2026:09:17:21 -0700] "GET /5-ecu-provision-blos-einzahlung-casino-royalgame-app-login-top-2025/ HTTP/1.1" 200 73734 "-" "Mozilla/5.0 (compatible; DataForSeoBot/1.0; +https://dataforseo.com/dataforseo-bot)" 379 **0/379362**
17.246.23.240 - - [03/Mar/2026:09:17:22 -0700] "GET /1win-skachat-613/ HTTP/1.1" 200 81463 "-" "Mozilla/5.0 (Macintosh; Intel Mac OS X 10_15_7) AppleWebKit/605.1.15 (KHTML, like Gecko) Version/17.4 Safari/605.1.15 (Applebot/0.1; +http://www.apple.com/go/applebot)" 305 **0/305323**
17.246.23.17 - - [03/Mar/2026:09:17:23 -0700] "GET /le-role-croissant-des-platforms-de-casino-en-ligne-dans-l-industrie-du-jeu-d-argent-analyse-et-perspectives/ HTTP/1.1" 200 80330 "-" "Mozilla/5.0 (Macintosh; Intel Mac OS X 10_15_7) AppleWebKit/605.1.15 (KHTML, like Gecko) Version/17.4 Safari/605.1.15 (Applebot/0.1; +http://www.apple.com/go/applebot)" 295 **0/295980**
136.243.220.212 - - [03/Mar/2026:09:17:24 -0700] "GET /oficialnyj-sajt-vavada-casino-2025-2590-2/ HTTP/1.1" 200 71829 "-" "Mozilla/5.0 (compatible; DataForSeoBot/1.0; +https://dataforseo.com/dataforseo-bot)" 417 **0/417997**
136.243.220.212 - - [03/Mar/2026:09:17:29 -0700] "GET /caribbean-sizzling-hot-mobile-1-deposit-stud-casino-poker-online-100-percent-free-exotic-stud-demonstration-laws/ HTTP/1.1" 200 74133 "-" "Mozilla/5.0 (compatible; DataForSeoBot/1.0; +https://dataforseo.com/dataforseo-bot)" 351 **0/351626**
136.243.220.212 - - [03/Mar/2026:09:17:33 -0700] "GET /tilslutte-eller-pr-kiosken-hvorlede-har-2024s-137-casino-book-of-dead-millionaerer-vae-danske-spil-kobt-deres-vinderkupon-danske-skuespil-nuance-derefter/ HTTP/1.1" 200 73216 "-" "Mozilla/5.0 (compatible; DataForSeoBot/1.0; +https://dataforseo.com/dataforseo-bot)" 333 **0/333933**
57.141.16.69 - - [03/Mar/2026:09:17:34 -0700] "GET /wp-json/oembed/1.0/embed?url=http%3A%2F%2Fwww.icdp.co.in%2Ftips-on-should-your-pellet-kitchen-stove-try-consuming-idle-and-even-bringing-smoke-at-home-hearth-com-discussion-boards-home%2F HTTP/1.1" 200 2790 "-" "meta-externalagent/1.1 (+https://developers.facebook.com/docs/sharing/webmasters/crawler)" 129 **0/129626**
51.195.183.129 - - [03/Mar/2026:09:17:36 -0700] "GET /the-heart-of-ones-web-vegas-plus-old-version-login-sites/ HTTP/1.1" 200 71569 "-" "Mozilla/5.0 (compatible; AhrefsBot/7.0; +http://ahrefs.com/robot/)" 350 **0/350067**
136.243.220.212 - - [03/Mar/2026:09:17:36 -0700] "GET /michelangelo-online-slots-server-video-game-to-play/ HTTP/1.1" 200 72125 "-" "Mozilla/5.0 (compatible; DataForSeoBot/1.0; +https://dataforseo.com/dataforseo-bot)" 329 **0/329072**
136.243.220.212 - - [03/Mar/2026:09:17:40 -0700] "GET /your-own-help-guide-to-well-known-sports-betting-terminology-2025-betting-glossary-101/ HTTP/1.1" 200 73505 "-" "Mozilla/5.0 (compatible; DataForSeoBot/1.0; +https://dataforseo.com/dataforseo-bot)" 361 **0/361712**
136.243.220.212 - - [03/Mar/2026:09:17:44 -0700] "GET /dragon-empire-attention-out-of-fire-pragmatic-gamble-demonstration-and-you-may-position-comment/ HTTP/1.1" 200 72089 "-" "Mozilla/5.0 (compatible; DataForSeoBot/1.0; +https://dataforseo.com/dataforseo-bot)" 301 **0/301034**
136.243.220.212 - - [03/Mar/2026:09:17:48 -0700] "GET /bet3000-app-verbunden-spielsaal-flexepin-2025-europa-casino-gratisbonus-ios-iphone-and-menschenahnlicher-roboter-samsung-etc-glpl/ HTTP/1.1" 200 74001 "-" "Mozilla/5.0 (compatible; DataForSeoBot/1.0; +https://dataforseo.com/dataforseo-bot)" 400 **0/400076**
43.173.182.11 - - [03/Mar/2026:09:17:50 -0700] "GET /sukienka-pin-up-450/ HTTP/1.1" 200 82361 "-" "Mozilla/5.0 (Windows NT 10.0; Win64; x64) AppleWebKit/537.36 (KHTML, like Gecko) Chrome/108.0.0.0 Safari/537.36" 810 **0/810081**
43.173.173.18 - - [03/Mar/2026:09:17:50 -0700] "GET /erreichbar-kasino-registrierungsbonus-was-auch-immer-ended-up-being-sie-kennen-zu-tun-sein/ HTTP/1.1" 200 79066 "-" "Mozilla/5.0 (Windows NT 10.0; Win64; x64) AppleWebKit/537.36 (KHTML, like Gecko) Chrome/124.0.0.0 Safari/537.36" 977 **0/977693**
57.141.16.6 - - [03/Mar/2026:09:17:51 -0700] "GET /wp-json/oembed/1.0/embed?url=http%3A%2F%2Fwww.icdp.co.in%2Four-brand-name-concentrates-on-bringing-a-safe-reasonable-and-you-will-transparent-sense-so-you-can-players-round-the-canada%2F HTTP/1.1" 200 2791 "-" "meta-externalagent/1.1 (+https://developers.facebook.com/docs/sharing/webmasters/crawler)" 157 **0/157785**
136.243.220.212 - - [03/Mar/2026:09:17:52 -0700] "GET /lithium-deposit-respected-in-the-step-1-5-trillion-receive-from-the-you-s/ HTTP/1.1" 200 73076 "-" "Mozilla/5.0 (compatible; DataForSeoBot/1.0; +https://dataforseo.com/dataforseo-bot)" 317 **0/317206**
68.178.232.37 - - [03/Mar/2026:09:17:57 -0700] "POST /wp-cron.php?doing_wp_cron=1772554677.8768630027770996093750 HTTP/1.1" 200 - "http://www.icdp.co.in/wp-cron.php?doing_wp_cron=1772554677.8768630027770996093750" "WordPress/5.7.8; http://www.icdp.co.in" 705 **0/705242**
136.243.220.212 - - [03/Mar/2026:09:17:57 -0700] "GET /play-mermaids-many-free-of-charge-or-with-a-real-income-on-the-internet/ HTTP/1.1" 200 71137 "-" "Mozilla/5.0 (compatible; DataForSeoBot/1.0; +https://dataforseo.com/dataforseo-bot)" 1208 **1/1208781**
136.243.220.212 - - [03/Mar/2026:09:18:00 -0700] "GET /onlajn-gama-casino-online-obzor-2025-3026/ HTTP/1.1" 200 73767 "-" "Mozilla/5.0 (compatible; DataForSeoBot/1.0; +https://dataforseo.com/dataforseo-bot)" 390 **0/390363**
57.141.16.51 - - [03/Mar/2026:09:18:01 -0700] "GET /wp-json/oembed/1.0/embed?url=http%3A%2F%2Fwww.icdp.co.in%2Funser-erreichbar-spielbank-beeindruckt-unter-zuhilfenahme-von-mark-umfangreichen-spielangebot-bei-via-7%2F HTTP/1.1" 200 2680 "-" "meta-externalagent/1.1 (+https://developers.facebook.com/docs/sharing/webmasters/crawler)" 140 **0/140862**
43.173.179.254 - - [03/Mar/2026:09:18:03 -0700] "GET /pin-up-registration-376/ HTTP/1.1" 200 83995 "-" "Mozilla/5.0 (Windows NT 10.0; Win64; x64) AppleWebKit/537.36 (KHTML, like Gecko) Chrome/120.0.0.0 Safari/537.36" 944 **0/944676**
136.243.220.212 - - [03/Mar/2026:09:18:04 -0700] "GET /las-mejores-juegos-sobre-tragaperras-3d-el-monstro-del-omision-negra-simbolos-vano-en-internet/ HTTP/1.1" 200 72700 "-" "Mozilla/5.0 (compatible; DataForSeoBot/1.0; +https://dataforseo.com/dataforseo-bot)" 804 **0/804740**
170.199.229.177 - - [03/Mar/2026:09:18:05 -0700] "GET /kupit-diplom-sssr-na-oficialnom-blanke-583072451/ HTTP/1.1" 200 72797 "http://www.icdp.co.in/" "Mozilla/5.0 (X11; Linux i686) AppleWebKit/537.36 (KHTML, like Gecko) Chrome/114.0.0.0 Safari/537.36 Vivaldi/5.3.2679.68" 334 **0/334116**
136.243.220.212 - - [03/Mar/2026:09:18:08 -0700] "GET /enjoy-chests-out-of-silver-free-of-charge-demo-and-position-opinion/ HTTP/1.1" 200 74194 "-" "Mozilla/5.0 (compatible; DataForSeoBot/1.0; +https://dataforseo.com/dataforseo-bot)" 327 **0/327793**
43.173.178.156 - - [03/Mar/2026:09:18:12 -0700] "GET /pin-up-casino-giris-449/ HTTP/1.1" 200 82012 "-" "Mozilla/5.0 (Windows NT 10.0; Win64; x64) AppleWebKit/537.36 (KHTML, like Gecko) Chrome/116.0.0.0 Safari/537.36" 326 **0/326342**
136.243.220.212 - - [03/Mar/2026:09:18:12 -0700] "GET /wsop-100-percent-free-potato-chips-gather-your-day-to-day-bonus-today/ HTTP/1.1" 200 72509 "-" "Mozilla/5.0 (compatible; DataForSeoBot/1.0; +https://dataforseo.com/dataforseo-bot)" 678 **0/678378**
43.173.182.11 - - [03/Mar/2026:09:18:13 -0700] "GET /1win-kazino-469/ HTTP/1.1" 200 82191 "-" "Mozilla/5.0 (Windows NT 10.0; Win64; x64) AppleWebKit/537.36 (KHTML, like Gecko) Chrome/107.0.0.0 Safari/537.36" 668 **0/668786**
43.173.179.131 - - [03/Mar/2026:09:18:13 -0700] "GET /accord-sauf-que-marketing-du-jeu-a-l%ef%bf%bdegard-de-casino-un-peu/ HTTP/1.1" 200 79357 "-" "Mozilla/5.0 (Windows NT 10.0; Win64; x64) AppleWebKit/537.36 (KHTML, like Gecko) Chrome/133.0.0.0 Safari/537.36" 690 **0/690601**
43.173.172.7 - - [03/Mar/2026:09:18:13 -0700] "GET /beep-beep-casino/ HTTP/1.1" 200 78255 "-" "Mozilla/5.0 (Windows NT 10.0; Win64; x64) AppleWebKit/537.36 (KHTML, like Gecko) Chrome/107.0.0.0 Safari/537.36" 687 **0/687766**
136.243.220.212 - - [03/Mar/2026:09:18:17 -0700] "GET /online-amazing-amazonia-80-freie-bonus-verwendet-fairspin-spins-spielautomaten-uber-100-kostenlose-spins-kein-einzahlungscasino-drueckglueck-echtgeld-beste-slots-and-casinos-2025-beauty-worthen/ HTTP/1.1" 200 73830 "-" "Mozilla/5.0 (compatible; DataForSeoBot/1.0; +https://dataforseo.com/dataforseo-bot)" 372 **0/372252**
170.199.229.177 - - [03/Mar/2026:09:18:20 -0700] "GET /category/level-up-casino-sign-up-252/ HTTP/1.1" 200 70139 "http://www.icdp.co.in/kupit-diplom-sssr-na-oficialnom-blanke-583072451/" "Mozilla/5.0 (Windows NT 6.3; Win64; x64) AppleWebKit/537.36 (KHTML, like Gecko) Chrome/103.0.0.0 Safari/537.36" 446 **0/446232**
136.243.220.212 - - [03/Mar/2026:09:18:20 -0700] "GET /starburst-xxxtreme-slot-game-demo-play-totally-free-revolves/ HTTP/1.1" 200 72600 "-" "Mozilla/5.0 (compatible; DataForSeoBot/1.0; +https://dataforseo.com/dataforseo-bot)" 391 **0/391213**
43.173.174.93 - - [03/Mar/2026:09:18:21 -0700] "GET /the-rooster-returns-slot-machine-game-overview/ HTTP/1.1" 200 78735 "-" "Mozilla/5.0 (Windows NT 10.0; Win64; x64) AppleWebKit/537.36 (KHTML, like Gecko) Chrome/109.0.0.0 Safari/537.36" 719 **0/719928**
43.173.174.239 - - [03/Mar/2026:09:18:21 -0700] "GET /gama-casino-online-oficialnyi-sait6159/ HTTP/1.1" 200 78985 "-" "Mozilla/5.0 (Windows NT 10.0; Win64; x64) AppleWebKit/537.36 (KHTML, like Gecko) Chrome/108.0.0.0 Safari/537.36" 775 **0/775195**
43.173.174.21 - - [03/Mar/2026:09:18:21 -0700] "GET /pinup-812/ HTTP/1.1" 200 81069 "-" "Mozilla/5.0 (Windows NT 10.0; Win64; x64) AppleWebKit/537.36 (KHTML, like Gecko) Chrome/109.0.0.0 Safari/537.36" 798 **0/798948**
43.173.181.72 - - [03/Mar/2026:09:18:21 -0700] "GET /drittplatzierter-schrittgeschwindigkeit-verlangen-die-leser-das-offerte-qua-unserem-freispielcode/ HTTP/1.1" 200 79023 "-" "Mozilla/5.0 (Windows NT 10.0; Win64; x64) AppleWebKit/537.36 (KHTML, like Gecko) Chrome/133.0.0.0 Safari/537.36" 788 **0/788230**
43.173.181.89 - - [03/Mar/2026:09:18:21 -0700] "GET /1-win-460/ HTTP/1.1" 200 84088 "-" "Mozilla/5.0 (Windows NT 10.0; Win64; x64) AppleWebKit/537.36 (KHTML, like Gecko) Chrome/131.0.0.0 Safari/537.36" 812 **0/812700**
136.243.220.212 - - [03/Mar/2026:09:18:24 -0700] "GET /superiores-juegos-de-casino-acerca-de-mexico-soluciona-con-el-pasar-del-tiempo-recursos-positivo/ HTTP/1.1" 200 73112 "-" "Mozilla/5.0 (compatible; DataForSeoBot/1.0; +https://dataforseo.com/dataforseo-bot)" 349 **0/349545**
170.199.229.177 - - [03/Mar/2026:09:18:26 -0700] "GET /category/level-up-casino-sign-up-252/ HTTP/1.1" 200 70139 "http://www.icdp.co.in/category/level-up-casino-sign-up-252/" "Mozilla/5.0 (Windows NT 6.3; Win64; x64) AppleWebKit/537.36 (KHTML, like Gecko) Chrome/103.0.0.0 Safari/537.36" 419 **0/419466**
170.199.229.177 - - [03/Mar/2026:09:18:28 -0700] "GET /kupit-diplom-sssr-na-oficialnom-blanke-583072451/ HTTP/1.1" 200 72797 "http://www.icdp.co.in/kupit-diplom-sssr-na-oficialnom-blanke-583072451/" "Mozilla/5.0 (Windows NT 6.3; Win64; x64) AppleWebKit/537.36 (KHTML, like Gecko) Chrome/103.0.0.0 Safari/537.36" 319 **0/319832**
136.243.220.212 - - [03/Mar/2026:09:18:28 -0700] "GET /5-lowest-deposit-online-casinos-all-of-us-cherry-bomb-spin-casino-casino-bonus-deluxe-position-no-deposit-from-america-best-selections-2025/ HTTP/1.1" 200 73798 "-" "Mozilla/5.0 (compatible; DataForSeoBot/1.0; +https://dataforseo.com/dataforseo-bot)" 324 **0/324158**
57.141.16.55 - - [03/Mar/2026:09:18:30 -0700] "GET /analysis-of-the-greatest-casino-wagering-programs/feed/ HTTP/1.1" 200 899 "-" "meta-externalagent/1.1 (+https://developers.facebook.com/docs/sharing/webmasters/crawler)" 153 **0/153926**
136.243.220.212 - - [03/Mar/2026:09:18:32 -0700] "GET /greatest-web-based-hyperlink-casinos-2025-greatest-a-hundred-ratings/ HTTP/1.1" 200 74167 "-" "Mozilla/5.0 (compatible; DataForSeoBot/1.0; +https://dataforseo.com/dataforseo-bot)" 303 **0/303233**
170.199.229.177 - - [03/Mar/2026:09:18:33 -0700] "POST /wp-comments-post.php HTTP/1.1" 404 1 "http://www.icdp.co.in/kupit-diplom-sssr-na-oficialnom-blanke-583072451/" "Mozilla/5.0 (Windows NT 6.3; Win64; x64) AppleWebKit/537.36 (KHTML, like Gecko) Chrome/103.0.0.0 Safari/537.36" 730 **0/730643**
43.173.172.110 - - [03/Mar/2026:09:18:33 -0700] "GET /1win-onlain-712/ HTTP/1.1" 200 83647 "-" "Mozilla/5.0 (Windows NT 10.0; Win64; x64) AppleWebKit/537.36 (KHTML, like Gecko) Chrome/106.0.5249.119 Safari/537.36" 1034 **1/1034311**
170.199.229.177 - - [03/Mar/2026:09:18:34 -0700] "POST /wp-comments-post.php HTTP/1.1" 404 1 "http://www.icdp.co.in/kupit-diplom-sssr-na-oficialnom-blanke-583072451/" "Mozilla/5.0 (Windows NT 6.3; Win64; x64) AppleWebKit/537.36 (KHTML, like Gecko) Chrome/103.0.0.0 Safari/537.36" 145 **0/145245**
170.199.229.177 - - [03/Mar/2026:09:18:35 -0700] "POST /wp-comments-post.php HTTP/1.1" 404 1 "http://www.icdp.co.in/kupit-diplom-sssr-na-oficialnom-blanke-583072451/" "Mozilla/5.0 (Windows NT 6.3; Win64; x64) AppleWebKit/537.36 (KHTML, like Gecko) Chrome/103.0.0.0 Safari/537.36" 123 **0/123077**
170.199.229.177 - - [03/Mar/2026:09:18:36 -0700] "POST /wp-comments-post.php HTTP/1.1" 404 1 "http://www.icdp.co.in/kupit-diplom-sssr-na-oficialnom-blanke-583072451/" "Mozilla/5.0 (Windows NT 6.3; Win64; x64) AppleWebKit/537.36 (KHTML, like Gecko) Chrome/103.0.0.0 Safari/537.36" 135 **0/135003**
136.243.220.212 - - [03/Mar/2026:09:18:36 -0700] "GET /betway-sports-betting-applications-online-gamble/ HTTP/1.1" 200 73151 "-" "Mozilla/5.0 (compatible; DataForSeoBot/1.0; +https://dataforseo.com/dataforseo-bot)" 315 **0/315772**
170.199.229.177 - - [03/Mar/2026:09:18:37 -0700] "GET /kupit-diplom-sssr-na-oficialnom-blanke-583072451/ HTTP/1.1" 200 72797 "-" "Mozilla/5.0 (Windows NT 6.3; Win64; x64) AppleWebKit/537.36 (KHTML, like Gecko) Chrome/103.0.0.0 Safari/537.36" 333 **0/333198**
136.243.220.212 - - [03/Mar/2026:09:18:40 -0700] "GET /top-web-based-casinos-in-the-uk/ HTTP/1.1" 200 73377 "-" "Mozilla/5.0 (compatible; DataForSeoBot/1.0; +https://dataforseo.com/dataforseo-bot)" 366 **0/366830**
43.173.180.72 - - [03/Mar/2026:09:18:41 -0700] "GET /faq-%ef%bf%bd-recompense-une-tune-sans-aucun-frais-supplementaires-sans-nul-conserve-2025/ HTTP/1.1" 200 78597 "-" "Mozilla/5.0 (Windows NT 10.0; Win64; x64) AppleWebKit/537.36 (KHTML, like Gecko) Chrome/104.0.5112.81 Safari/537.36" 496 **0/496534**
43.173.180.184 - - [03/Mar/2026:09:18:41 -0700] "GET /pinco-online-1999/ HTTP/1.1" 200 79301 "-" "Mozilla/5.0 (Windows NT 10.0; Win64; x64) AppleWebKit/537.36 (KHTML, like Gecko) Chrome/103.0.0.0 Safari/537.36" 509 **0/509662**
43.173.178.202 - - [03/Mar/2026:09:18:41 -0700] "GET /4-use-the-bonus-top-features-of-most-of-the-slot-game-on-the-internet/ HTTP/1.1" 200 78489 "-" "Mozilla/5.0 (Windows NT 10.0; Win64; x64) AppleWebKit/537.36 (KHTML, like Gecko) Chrome/133.0.0.0 Safari/537.36" 455 **0/455750**
57.141.16.2 - - [03/Mar/2026:09:18:43 -0700] "GET /wp-json/wp/v2/posts/144724 HTTP/1.1" 200 7752 "-" "meta-externalagent/1.1 (+https://developers.facebook.com/docs/sharing/webmasters/crawler)" 126 **0/126781**
136.243.220.212 - - [03/Mar/2026:09:18:44 -0700] "GET /black-colored-diamond-online-casino-slot-everi-review-score/ HTTP/1.1" 200 73049 "-" "Mozilla/5.0 (compatible; DataForSeoBot/1.0; +https://dataforseo.com/dataforseo-bot)" 325 **0/325938**
136.243.220.212 - - [03/Mar/2026:09:18:48 -0700] "GET /a-avle-for-online-casinoer-inden-for-booi-log-ind-dannevan/ HTTP/1.1" 200 71571 "-" "Mozilla/5.0 (compatible; DataForSeoBot/1.0; +https://dataforseo.com/dataforseo-bot)" 359 **0/359500**
136.243.220.212 - - [03/Mar/2026:09:18:52 -0700] "GET /ukash-casinos-online-best-casinos-one-undertake-ukash-2020/ HTTP/1.1" 200 73215 "-" "Mozilla/5.0 (compatible; DataForSeoBot/1.0; +https://dataforseo.com/dataforseo-bot)" 373 **0/373590**
68.178.232.37 - - [03/Mar/2026:09:18:57 -0700] "POST /wp-cron.php?doing_wp_cron=1772554737.0118510723114013671875 HTTP/1.1" 200 - "http://www.icdp.co.in/wp-cron.php?doing_wp_cron=1772554737.0118510723114013671875" "WordPress/5.7.8; http://www.icdp.co.in" 221 **0/221746**
136.243.220.212 - - [03/Mar/2026:09:18:56 -0700] "GET /hercules-black-jack-pro-show-reduced-limit-online-by-live-5-betting-demonstration-gamble-free-casino-bgo-position-games-lima-peru/ HTTP/1.1" 200 74225 "-" "Mozilla/5.0 (compatible; DataForSeoBot/1.0; +https://dataforseo.com/dataforseo-bot)" 579 **0/579426**
136.243.220.212 - - [03/Mar/2026:09:19:01 -0700] "GET /finest-ten-a-real-income-casinos-on-trinocasino-bonus-code-the-internet-to-experience-web-sites-black-colored-jack-professional-collection-online-a-real-income-all-of-us-2025/ HTTP/1.1" 200 73973 "-" "Mozilla/5.0 (compatible; DataForSeoBot/1.0; +https://dataforseo.com/dataforseo-bot)" 1152 **1/1152464**
17.22.253.203 - - [03/Mar/2026:09:19:02 -0700] "GET /wp-content/plugins/coblocks/dist/coblocks-style.css?ver=d491038ff7d61a43598729a4c5ab5aae HTTP/1.1" 200 22929 "http://www.icdp.co.in/2025/11/page/1527/" "Mozilla/5.0 (Macintosh; Intel Mac OS X 10_15_7) AppleWebKit/605.1.15 (KHTML, like Gecko) Version/17.4 Safari/605.1.15 (Applebot/0.1; +http://www.apple.com/go/applebot)" 12 **0/12806**
136.243.220.212 - - [03/Mar/2026:09:19:04 -0700] "GET /lon-ingen-depositum-hitnspin-for-rigtige-penge-kasinoer-i-tilgif-tilslutte-casinobonusser-bonusguide-til-pa-casinoer/ HTTP/1.1" 200 72967 "-" "Mozilla/5.0 (compatible; DataForSeoBot/1.0; +https://dataforseo.com/dataforseo-bot)" 443 **0/443154**
185.191.171.17 - - [03/Mar/2026:09:19:05 -0700] "GET /casino-espaces-non-payants-book-of-ra-temple-of-gold-emplacement-a-lexclusion-de-annales-selon-le-canada-20-150-packages/ HTTP/1.1" 200 80385 "-" "Mozilla/5.0 (compatible; SemrushBot/7~bl; +http://www.semrush.com/bot.html)" 423 **0/423943**
85.208.96.208 - - [03/Mar/2026:09:19:07 -0700] "GET /%CE%B4%CF%89%CF%81%CE%B5%CE%AC%CE%BD-%CE%BA%CE%BF%CF%85%CE%BB%CE%BF%CF%87%CE%AD%CF%81%CE%B7%CE%B4%CE%B5%CF%82-%CF%87%CF%89%CF%81%CE%AF%CF%82-%CE%BB%CE%AE%CF%88%CE%B7-%CF%87%CF%89%CF%81%CE%AF%CF%82/ HTTP/1.1" 200 79856 "-" "Mozilla/5.0 (compatible; SemrushBot/7~bl; +http://www.semrush.com/bot.html)" 327 **0/327385**
136.243.220.212 - - [03/Mar/2026:09:19:08 -0700] "GET /blackjack-pro-monte-carlo-multihand-free-trial-wizard-of-oz-rtp-slot-machine-offer-actual-delight-in-added-bonus/ HTTP/1.1" 200 73616 "-" "Mozilla/5.0 (compatible; DataForSeoBot/1.0; +https://dataforseo.com/dataforseo-bot)" 391 **0/391103**
185.191.171.18 - - [03/Mar/2026:09:19:09 -0700] "GET /zolnierz-wywiadu-w-kasynie-automatach-gier-haslo-spalanie-dziur-watpliwosci-wygrane-sekretne-operacje/ HTTP/1.1" 200 79227 "-" "Mozilla/5.0 (compatible; SemrushBot/7~bl; +http://www.semrush.com/bot.html)" 338 **0/338403**
85.208.96.199 - - [03/Mar/2026:09:19:12 -0700] "GET /basswin-casino-a-transparent-look-at-its-promotion-terms/ HTTP/1.1" 200 79702 "-" "Mozilla/5.0 (compatible; SemrushBot/7~bl; +http://www.semrush.com/bot.html)" 441 **0/441261**
136.243.220.212 - - [03/Mar/2026:09:19:12 -0700] "GET /windows-7-8-10/ HTTP/1.1" 200 72232 "-" "Mozilla/5.0 (compatible; DataForSeoBot/1.0; +https://dataforseo.com/dataforseo-bot)" 350 **0/350123**
136.243.220.212 - - [03/Mar/2026:09:19:16 -0700] "GET /freispiele-in-registrierung-gratis-spins-as-part-of-eintragung-bally-wulff-slot-free-spins-2025/ HTTP/1.1" 200 72341 "-" "Mozilla/5.0 (compatible; DataForSeoBot/1.0; +https://dataforseo.com/dataforseo-bot)" 344 **0/344935**
136.243.220.212 - - [03/Mar/2026:09:19:21 -0700] "GET /mastercard-casinos-online-payment-a-practical-and-safe-choice-for-online-gambling/ HTTP/1.1" 200 71304 "-" "Mozilla/5.0 (compatible; DataForSeoBot/1.0; +https://dataforseo.com/dataforseo-bot)" 348 **0/348599**
136.243.220.212 - - [03/Mar/2026:09:19:25 -0700] "GET /bonus-terminology-conditions/ HTTP/1.1" 200 72043 "-" "Mozilla/5.0 (compatible; DataForSeoBot/1.0; +https://dataforseo.com/dataforseo-bot)" 345 **0/345776**
136.243.220.212 - - [03/Mar/2026:09:19:29 -0700] "GET /najlepsze-kasyna-online-w-polsce-w-2025-22940-2/ HTTP/1.1" 200 73121 "-" "Mozilla/5.0 (compatible; DataForSeoBot/1.0; +https://dataforseo.com/dataforseo-bot)" 358 **0/358659**
136.243.220.212 - - [03/Mar/2026:09:19:33 -0700] "GET /flamenco-roses-gemeinsam-10-beste-online-power-stars-rtp-slots-letter-9-reel-slots-echtes-bimbes-verhalten-haque-bhattacharjee-unser-kohlenstoffmonooxid/ HTTP/1.1" 200 71500 "-" "Mozilla/5.0 (compatible; DataForSeoBot/1.0; +https://dataforseo.com/dataforseo-bot)" 357 **0/357479**
136.243.220.212 - - [03/Mar/2026:09:19:37 -0700] "GET /courez-au-production-video-poker-de-brique-palpable-quelque-peu/ HTTP/1.1" 200 71453 "-" "Mozilla/5.0 (compatible; DataForSeoBot/1.0; +https://dataforseo.com/dataforseo-bot)" 335 **0/335277**
136.243.220.212 - - [03/Mar/2026:09:19:42 -0700] "GET /escapades-in-the-long-run-cleopatra-king-of-the-nile/ HTTP/1.1" 200 73479 "-" "Mozilla/5.0 (compatible; DataForSeoBot/1.0; +https://dataforseo.com/dataforseo-bot)" 314 **0/314341**
136.243.220.212 - - [03/Mar/2026:09:19:45 -0700] "GET /trato-postura-ganancia-del-casino-roman-legion/ HTTP/1.1" 200 74176 "-" "Mozilla/5.0 (compatible; DataForSeoBot/1.0; +https://dataforseo.com/dataforseo-bot)" 342 **0/342902**
136.243.220.212 - - [03/Mar/2026:09:19:50 -0700] "GET /where-you-can-watch-u-s-unlock-last-bullet-free-real-time-weight-today/ HTTP/1.1" 200 73258 "-" "Mozilla/5.0 (compatible; DataForSeoBot/1.0; +https://dataforseo.com/dataforseo-bot)" 540 **0/540356**
57.141.16.84 - - [03/Mar/2026:09:19:51 -0700] "GET /wp-json/oembed/1.0/embed?url=http%3A%2F%2Fwww.icdp.co.in%2Fits-a-pleasant-basic-casino-having-a-huge-bonus%2F HTTP/1.1" 200 2424 "-" "meta-externalagent/1.1 (+https://developers.facebook.com/docs/sharing/webmasters/crawler)" 170 **0/170722**
57.141.16.96 - - [03/Mar/2026:09:19:52 -0700] "GET /?p=146886 HTTP/1.1" 301 - "-" "meta-externalagent/1.1 (+https://developers.facebook.com/docs/sharing/webmasters/crawler)" 134 **0/134343**
136.243.220.212 - - [03/Mar/2026:09:19:53 -0700] "GET /on-line-betprimeiro-friday-bonus-rules-casanova/ HTTP/1.1" 200 75342 "-" "Mozilla/5.0 (compatible; DataForSeoBot/1.0; +https://dataforseo.com/dataforseo-bot)" 349 **0/349236**
