57.141.16.3 - - [03/Mar/2026:08:27:15 -0700] "GET /wp-json/oembed/1.0/embed?url=http%3A%2F%2Fwww.icdp.co.in%2Fgreatest-no-deposit-bingo-bonus-codes-and-100-free-bets-list%2F HTTP/1.1" 200 2471 "-" "meta-externalagent/1.1 (+https://developers.facebook.com/docs/sharing/webmasters/crawler)" 132 **0/132766**
185.191.171.5 - - [03/Mar/2026:08:27:17 -0700] "GET /konzentriert-achteten-wir-eigens-aufwarts-maximum-bet-regelungen-ausgeschlossene-spiele-zeitlimits/ HTTP/1.1" 200 79251 "-" "Mozilla/5.0 (compatible; SemrushBot/7~bl; +http://www.semrush.com/bot.html)" 297 **0/297569**
136.243.220.212 - - [03/Mar/2026:08:27:19 -0700] "GET /gamble-slot-video-game-on-line-better-online-casino-vegas-hits-slots-games/ HTTP/1.1" 200 71141 "-" "Mozilla/5.0 (compatible; DataForSeoBot/1.0; +https://dataforseo.com/dataforseo-bot)" 313 **0/313562**
136.243.220.212 - - [03/Mar/2026:08:27:23 -0700] "GET /how-to-obtain-the-brand-new-gambling-enterprise-app-to-play-hoot-loot/ HTTP/1.1" 200 71949 "-" "Mozilla/5.0 (compatible; DataForSeoBot/1.0; +https://dataforseo.com/dataforseo-bot)" 308 **0/308918**
57.141.16.3 - - [03/Mar/2026:08:27:25 -0700] "GET /wp-json/wp/v2/posts/148273 HTTP/1.1" 200 7111 "-" "meta-externalagent/1.1 (+https://developers.facebook.com/docs/sharing/webmasters/crawler)" 118 **0/118262**
57.141.16.21 - - [03/Mar/2026:08:27:25 -0700] "GET /wp-json/wp/v2/posts/149022 HTTP/1.1" 200 7621 "-" "meta-externalagent/1.1 (+https://developers.facebook.com/docs/sharing/webmasters/crawler)" 140 **0/140773**
136.243.220.212 - - [03/Mar/2026:08:27:27 -0700] "GET /onecasino-gij-liedje-1-bank-va-nederlan/ HTTP/1.1" 200 72061 "-" "Mozilla/5.0 (compatible; DataForSeoBot/1.0; +https://dataforseo.com/dataforseo-bot)" 315 **0/315775**
136.243.220.212 - - [03/Mar/2026:08:27:30 -0700] "GET /raging-cabin-fever-1-storting-rhino-gokkas/ HTTP/1.1" 200 72511 "-" "Mozilla/5.0 (compatible; DataForSeoBot/1.0; +https://dataforseo.com/dataforseo-bot)" 330 **0/330697**
57.141.16.24 - - [03/Mar/2026:08:27:33 -0700] "GET /wp-json/wp/v2/posts/146655 HTTP/1.1" 200 7687 "-" "meta-externalagent/1.1 (+https://developers.facebook.com/docs/sharing/webmasters/crawler)" 130 **0/130775**
136.243.220.212 - - [03/Mar/2026:08:27:35 -0700] "GET /32178-gratis-nettautomater-uten-nedlasting-2/ HTTP/1.1" 200 72508 "-" "Mozilla/5.0 (compatible; DataForSeoBot/1.0; +https://dataforseo.com/dataforseo-bot)" 284 **0/284936**
136.243.220.212 - - [03/Mar/2026:08:27:39 -0700] "GET /uskrsh%D1%9Ae-promotsi%D1%98e-kotskarskikh-preduze%D1%9Ba-u-kanadi-2025-na%D1%98bo%D1%99i-promo-kodovi-za-verde-casino-podstitsa%D1%98i-i-potpuno-besplatni-okreta%D1%98i/ HTTP/1.1" 200 75097 "-" "Mozilla/5.0 (compatible; DataForSeoBot/1.0; +https://dataforseo.com/dataforseo-bot)" 320 **0/320542**
136.243.220.212 - - [03/Mar/2026:08:27:43 -0700] "GET /chance-lady-slot-amatic-komentar-vulkan-vegas-bonus-igra%D1%98-potpuno-besplatno-demonstratsi%D1%98a/ HTTP/1.1" 200 75047 "-" "Mozilla/5.0 (compatible; DataForSeoBot/1.0; +https://dataforseo.com/dataforseo-bot)" 301 **0/301674**
136.243.220.212 - - [03/Mar/2026:08:27:47 -0700] "GET /norske-renegades-1-gave-spilleautomater-1-innskudd-fire-and-ice-xon-bet-palogging-2025-gratis-spilleautomater-paslat-nett/ HTTP/1.1" 200 71583 "-" "Mozilla/5.0 (compatible; DataForSeoBot/1.0; +https://dataforseo.com/dataforseo-bot)" 333 **0/333888**
85.208.96.200 - - [03/Mar/2026:08:27:48 -0700] "GET /%D9%84%D8%B9%D8%A8%D8%A9-%D8%A8%D8%A7%D9%88%D9%86%D8%AF%D8%B2-%D8%B3%D8%A7%D9%86%D8%AA%D8%A7-%D8%B3%D9%84%D9%88%D8%AA%D8%8C-%D9%86%D8%B3%D8%A8%D8%A9-%D8%A7%D9%84%D8%B9%D8%A7%D8%A6%D8%AF-%D9%84%D9%84/ HTTP/1.1" 200 79159 "-" "Mozilla/5.0 (compatible; SemrushBot/7~bl; +http://www.semrush.com/bot.html)" 377 **0/377367**
57.141.16.87 - - [03/Mar/2026:08:27:49 -0700] "GET /?p=150653 HTTP/1.1" 301 - "-" "meta-externalagent/1.1 (+https://developers.facebook.com/docs/sharing/webmasters/crawler)" 128 **0/128505**
136.243.220.212 - - [03/Mar/2026:08:27:50 -0700] "GET /premia-bez-depozytu-porownaj-oraz-wyszukaj-najkorzystniejsze-kasyno-sieciowy-na-terytorium-polski/ HTTP/1.1" 200 72065 "-" "Mozilla/5.0 (compatible; DataForSeoBot/1.0; +https://dataforseo.com/dataforseo-bot)" 309 **0/309796**
136.243.220.212 - - [03/Mar/2026:08:27:54 -0700] "GET /pool-maanda-kosteloos-spins-promotie/ HTTP/1.1" 200 71702 "-" "Mozilla/5.0 (compatible; DataForSeoBot/1.0; +https://dataforseo.com/dataforseo-bot)" 333 **0/333438**
68.178.232.37 - - [03/Mar/2026:08:27:59 -0700] "POST /wp-cron.php?doing_wp_cron=1772551679.2671849727630615234375 HTTP/1.1" 200 - "http://www.icdp.co.in/wp-cron.php?doing_wp_cron=1772551679.2671849727630615234375" "WordPress/5.7.8; http://www.icdp.co.in" 151 **0/151521**
136.243.220.212 - - [03/Mar/2026:08:27:59 -0700] "GET /premio-casa-da-gioco-senza-fondo-pronto-giugno-2025/ HTTP/1.1" 200 72907 "-" "Mozilla/5.0 (compatible; DataForSeoBot/1.0; +https://dataforseo.com/dataforseo-bot)" 452 **0/452612**
57.141.16.70 - - [03/Mar/2026:08:28:02 -0700] "GET /wp-json/oembed/1.0/embed?url=http%3A%2F%2Fwww.icdp.co.in%2F%25ce%25bb%25cf%258d%25ce%25bd%25ce%25bf%25ce%25bd%25cf%2584%25ce%25b1%25cf%2582-%25cf%2584%25ce%25bf%25ce%25bd-%25ce%25ba%25ce%25b1%25ce%25bb%25cf%258c-%25ce%25bd%25ce%25b9%25ce%25ba%25ce%25b7%25cf%2584%25ce%25ae-%25cf%2584%25ce%25bf%25cf%2585-%25cf%2587%25cf%2581%25cf%2585%25cf%2583%25ce%25bf%25cf%258d-%25ce%25bb%25ce%25bf%2F HTTP/1.1" 200 3191 "-" "meta-externalagent/1.1 (+https://developers.facebook.com/docs/sharing/webmasters/crawler)" 227 **0/227610**
136.243.220.212 - - [03/Mar/2026:08:28:03 -0700] "GET /free-online-slots-gold-money-frog-revolves-2023/ HTTP/1.1" 200 72026 "-" "Mozilla/5.0 (compatible; DataForSeoBot/1.0; +https://dataforseo.com/dataforseo-bot)" 412 **0/412844**
136.243.220.212 - - [03/Mar/2026:08:28:07 -0700] "GET /igt-download-do-aplicativo-playpix-slots-play-igt-slot-machines-online-for-free/ HTTP/1.1" 200 72270 "-" "Mozilla/5.0 (compatible; DataForSeoBot/1.0; +https://dataforseo.com/dataforseo-bot)" 275 **0/275497**
194.58.71.16 - - [03/Mar/2026:08:28:09 -0700] "POST /xmlrpc.php HTTP/1.1" 200 636 "-" "Mozilla/5.0 (Windows NT 6.1; Win64; x64) AppleWebKit/537.36 (KHTML, like Gecko) Chrome/65.0.3325.181 Safari/537.36" 120 **0/120701**
194.58.71.16 - - [03/Mar/2026:08:28:09 -0700] "POST /xmlrpc.php HTTP/1.1" 200 636 "-" "Mozilla/5.0 (Windows NT 10.0; Win64; x64) AppleWebKit/537.36 (KHTML, like Gecko) Chrome/65.0.3325.181 Safari/537.36" 121 **0/121519**
136.243.220.212 - - [03/Mar/2026:08:28:11 -0700] "GET /mostbet-casino-portugal-bonus-300-30-giros-gratis/ HTTP/1.1" 200 77937 "-" "Mozilla/5.0 (compatible; DataForSeoBot/1.0; +https://dataforseo.com/dataforseo-bot)" 315 **0/315905**
136.243.220.212 - - [03/Mar/2026:08:28:14 -0700] "GET /melhores-casinos-paypal-2025-melhores-superbet-apostas-moveis-casinos-para-paypal/ HTTP/1.1" 200 72337 "-" "Mozilla/5.0 (compatible; DataForSeoBot/1.0; +https://dataforseo.com/dataforseo-bot)" 359 **0/359548**
136.243.220.212 - - [03/Mar/2026:08:28:19 -0700] "GET /a-deposito-dos-jogos-puerilidade-slot-online/ HTTP/1.1" 200 74513 "-" "Mozilla/5.0 (compatible; DataForSeoBot/1.0; +https://dataforseo.com/dataforseo-bot)" 336 **0/336579**
185.191.206.67 - - [03/Mar/2026:08:28:16 -0700] "POST /xmlrpc.php HTTP/1.1" 200 181 "-" "Mozilla/5.0 (Windows NT 10.0; Win64; x64) AppleWebKit/537.36 (KHTML, like Gecko) Chrome/114.0.0.0 Safari/537.36" 3143 **3/3143654**
136.243.220.212 - - [03/Mar/2026:08:28:23 -0700] "GET /wild-wild-riches-slot-aparelhar-puerilidade-esmola-analise-do-slot/ HTTP/1.1" 200 74471 "-" "Mozilla/5.0 (compatible; DataForSeoBot/1.0; +https://dataforseo.com/dataforseo-bot)" 1472 **1/1472643**
185.191.206.67 - - [03/Mar/2026:08:28:25 -0700] "POST /xmlrpc.php HTTP/1.1" 200 13548 "-" "Mozilla/5.0 (Windows NT 10.0; Win64; x64) AppleWebKit/537.36 (KHTML, like Gecko) Chrome/114.0.0.0 Safari/537.36" 557 **0/557271**
68.178.232.37 - - [03/Mar/2026:08:28:23 -0700] "POST /wp-cron.php?doing_wp_cron=1772551703.4428319931030273437500 HTTP/1.1" 200 - "http://www.icdp.co.in/wp-cron.php?doing_wp_cron=1772551703.4428319931030273437500" "WordPress/5.7.8; http://www.icdp.co.in" 4654 **4/4654811**
185.191.206.67 - - [03/Mar/2026:08:28:27 -0700] "GET /wunderino-provision-triple-chance-bonus-ohne-einzahlung-kode-2026-aktueller-promo-sourcecode-getestet-divine-triumph-spielautomaten-istanbul-anadolu-buz-sporlari-kulubu/ HTTP/1.1" 200 348632 "-" "Mozilla/5.0 (Windows NT 10.0; Win64; x64) AppleWebKit/537.36 (KHTML, like Gecko) Chrome/109.0.0.0 Safari/537.36" 1366 **1/1366056**
17.22.237.35 - - [03/Mar/2026:08:28:28 -0700] "GET /bedste-danske-online-casinoer-i-nov-2025/ HTTP/1.1" 200 86479 "-" "Mozilla/5.0 (Macintosh; Intel Mac OS X 10_15_7) AppleWebKit/605.1.15 (KHTML, like Gecko) Version/17.4 Safari/605.1.15 (Applebot/0.1; +http://www.apple.com/go/applebot)" 344 **0/344520**
17.246.15.97 - - [03/Mar/2026:08:28:43 -0700] "GET /wp-includes/js/wp-emoji-release.min.js?ver=5.7.8 HTTP/1.1" 200 4662 "http://www.icdp.co.in/live-video-chat-to-fulfill-new-folks-immediately/" "Mozilla/5.0 (Macintosh; Intel Mac OS X 10_15_7) AppleWebKit/605.1.15 (KHTML, like Gecko) Version/17.4 Safari/605.1.15 (Applebot/0.1; +http://www.apple.com/go/applebot)" 5 **0/5856**
57.141.16.42 - - [03/Mar/2026:08:28:44 -0700] "GET /7-best-new-features-regarding-genuine-prize%ef%bf%bds-societal-gambling-games-to-try-during-the/feed/ HTTP/1.1" 200 1024 "-" "meta-externalagent/1.1 (+https://developers.facebook.com/docs/sharing/webmasters/crawler)" 125 **0/125860**
17.246.23.251 - - [03/Mar/2026:08:28:44 -0700] "GET /wp-content/themes/astra/assets/css/minified/frontend.min.css?ver=3.2.0 HTTP/1.1" 200 12426 "http://www.icdp.co.in/live-video-chat-to-fulfill-new-folks-immediately/" "Mozilla/5.0 (Macintosh; Intel Mac OS X 10_15_7) AppleWebKit/605.1.15 (KHTML, like Gecko) Version/17.4 Safari/605.1.15 (Applebot/0.1; +http://www.apple.com/go/applebot)" 7 **0/7025**
17.246.15.113 - - [03/Mar/2026:08:28:46 -0700] "GET /wp-includes/css/dist/block-library/style.min.css?ver=5.7.8 HTTP/1.1" 200 8685 "http://www.icdp.co.in/live-video-chat-to-fulfill-new-folks-immediately/" "Mozilla/5.0 (Macintosh; Intel Mac OS X 10_15_7) AppleWebKit/605.1.15 (KHTML, like Gecko) Version/17.4 Safari/605.1.15 (Applebot/0.1; +http://www.apple.com/go/applebot)" 6 **0/6733**
57.141.16.78 - - [03/Mar/2026:08:28:46 -0700] "GET /los-jugadores-principiantes-normalmente-consultar-por-el-coste-minusculo-sobre-paga/feed/ HTTP/1.1" 200 994 "-" "meta-externalagent/1.1 (+https://developers.facebook.com/docs/sharing/webmasters/crawler)" 153 **0/153128**
17.246.19.163 - - [03/Mar/2026:08:28:47 -0700] "GET /wp-content/themes/astra/assets/css/minified/menu-animation.min.css?ver=3.2.0 HTTP/1.1" 200 379 "http://www.icdp.co.in/live-video-chat-to-fulfill-new-folks-immediately/" "Mozilla/5.0 (Macintosh; Intel Mac OS X 10_15_7) AppleWebKit/605.1.15 (KHTML, like Gecko) Version/17.4 Safari/605.1.15 (Applebot/0.1; +http://www.apple.com/go/applebot)" 11 **0/11771**
17.246.23.246 - - [03/Mar/2026:08:28:49 -0700] "GET /wp-content/themes/astra/assets/js/minified/frontend.min.js?ver=3.2.0 HTTP/1.1" 200 3749 "http://www.icdp.co.in/live-video-chat-to-fulfill-new-folks-immediately/" "Mozilla/5.0 (Macintosh; Intel Mac OS X 10_15_7) AppleWebKit/605.1.15 (KHTML, like Gecko) Version/17.4 Safari/605.1.15 (Applebot/0.1; +http://www.apple.com/go/applebot)" 6 **0/6835**
17.246.23.12 - - [03/Mar/2026:08:28:50 -0700] "GET /wp-content/plugins/coblocks/dist/js/coblocks-animation.js?ver=2.9.1 HTTP/1.1" 200 628 "http://www.icdp.co.in/live-video-chat-to-fulfill-new-folks-immediately/" "Mozilla/5.0 (Macintosh; Intel Mac OS X 10_15_7) AppleWebKit/605.1.15 (KHTML, like Gecko) Version/17.4 Safari/605.1.15 (Applebot/0.1; +http://www.apple.com/go/applebot)" 8 **0/8731**
17.246.23.137 - - [03/Mar/2026:08:28:52 -0700] "GET /wp-includes/js/wp-embed.min.js?ver=5.7.8 HTTP/1.1" 200 765 "http://www.icdp.co.in/live-video-chat-to-fulfill-new-folks-immediately/" "Mozilla/5.0 (Macintosh; Intel Mac OS X 10_15_7) AppleWebKit/605.1.15 (KHTML, like Gecko) Version/17.4 Safari/605.1.15 (Applebot/0.1; +http://www.apple.com/go/applebot)" 9 **0/9929**
54.38.147.62 - - [03/Mar/2026:08:28:52 -0700] "GET /80-freispiele-abzuglich-einzahlung-aktueller-liste-2025/ HTTP/1.1" 200 73157 "-" "Mozilla/5.0 (compatible; AhrefsBot/7.0; +http://ahrefs.com/robot/)" 292 **0/292781**
57.141.16.47 - - [03/Mar/2026:08:29:08 -0700] "GET /?p=147474 HTTP/1.1" 301 - "-" "meta-externalagent/1.1 (+https://developers.facebook.com/docs/sharing/webmasters/crawler)" 133 **0/133092**
136.243.220.212 - - [03/Mar/2026:08:29:14 -0700] "GET /unser-besten-boni-and-gewinne-within-online-casinos/ HTTP/1.1" 200 74392 "-" "Mozilla/5.0 (compatible; DataForSeoBot/1.0; +https://dataforseo.com/dataforseo-bot)" 300 **0/300429**
185.191.171.10 - - [03/Mar/2026:08:29:15 -0700] "GET /sobre-portugal-gran-cantidad-de-casinos-online-ofrecen-11-eurillos-gratuito-falto-tanque-a-mas-jugadores/ HTTP/1.1" 200 78212 "-" "Mozilla/5.0 (compatible; SemrushBot/7~bl; +http://www.semrush.com/bot.html)" 367 **0/367563**
136.243.220.212 - - [03/Mar/2026:08:29:17 -0700] "GET /totally-free-casino-games-no-install-necessary/ HTTP/1.1" 200 72250 "-" "Mozilla/5.0 (compatible; DataForSeoBot/1.0; +https://dataforseo.com/dataforseo-bot)" 411 **0/411397**
57.141.16.48 - - [03/Mar/2026:08:29:20 -0700] "GET /wp-json/oembed/1.0/embed?url=http%3A%2F%2Fwww.icdp.co.in%2Fthe-ultimate-guide-to-mostbet-casino-your-key-to%2F HTTP/1.1" 200 2447 "-" "meta-externalagent/1.1 (+https://developers.facebook.com/docs/sharing/webmasters/crawler)" 154 **0/154058**
136.243.220.212 - - [03/Mar/2026:08:29:21 -0700] "GET /cassinos-com-bonus-sem-casa-confira-opcoes-para-50-rodadas-gratis-sem-deposito-dead-or-alive-aparelhar/ HTTP/1.1" 200 71701 "-" "Mozilla/5.0 (compatible; DataForSeoBot/1.0; +https://dataforseo.com/dataforseo-bot)" 359 **0/359159**
136.243.220.212 - - [03/Mar/2026:08:29:26 -0700] "GET /watje-bestaan-plinko-allen-inlichting-primebetz-promo-vinnig-ervoor-werkelijk-geld/ HTTP/1.1" 200 72133 "-" "Mozilla/5.0 (compatible; DataForSeoBot/1.0; +https://dataforseo.com/dataforseo-bot)" 323 **0/323145**
136.243.220.212 - - [03/Mar/2026:08:29:29 -0700] "GET /cinema-gerrit-10-betaallijnen-slot-online-plusteken-speel-marco-polo-5-aanbetalin-meer-deponeren-filmvoorstelling-elio/ HTTP/1.1" 200 72763 "-" "Mozilla/5.0 (compatible; DataForSeoBot/1.0; +https://dataforseo.com/dataforseo-bot)" 306 **0/306958**
136.243.220.212 - - [03/Mar/2026:08:29:33 -0700] "GET /aviator-25-rodadas-acostumado-sem-casa/ HTTP/1.1" 200 74322 "-" "Mozilla/5.0 (compatible; DataForSeoBot/1.0; +https://dataforseo.com/dataforseo-bot)" 285 **0/285600**
57.141.16.89 - - [03/Mar/2026:08:29:35 -0700] "GET /wp-json/oembed/1.0/embed?url=http%3A%2F%2Fwww.icdp.co.in%2Fprofessional-tips-to-gain-benefit-from-the-greatest-bitcoin-gambling-enterprise%2F HTTP/1.1" 200 2560 "-" "meta-externalagent/1.1 (+https://developers.facebook.com/docs/sharing/webmasters/crawler)" 155 **0/155273**
216.244.66.241 - - [03/Mar/2026:08:29:35 -0700] "GET /robots.txt HTTP/1.1" 200 114 "-" "Mozilla/5.0 (compatible; DotBot/1.2; +https://opensiteexplorer.org/dotbot; help@moz.com)" 270 **0/270657**
136.243.220.212 - - [03/Mar/2026:08:29:37 -0700] "GET /pink-elephants-frakoblet-no-deposit-casino-roulettino-5-deposit-casino-secret-of-the-stones-thunderkick-er-pakket-full-fra-bonusfunksjoner-bawerk/ HTTP/1.1" 200 73027 "-" "Mozilla/5.0 (compatible; DataForSeoBot/1.0; +https://dataforseo.com/dataforseo-bot)" 309 **0/309236**
136.243.220.212 - - [03/Mar/2026:08:29:41 -0700] "GET /playtech-demonio-slots-aplicativo-original-do-blaze777-jogue-dado/ HTTP/1.1" 200 72100 "-" "Mozilla/5.0 (compatible; DataForSeoBot/1.0; +https://dataforseo.com/dataforseo-bot)" 337 **0/337195**
136.243.220.212 - - [03/Mar/2026:08:29:45 -0700] "GET /shume-kohe-me-pare-kodi-i-bonusit-vulkan-vegas-libri-i-henrit/ HTTP/1.1" 200 72414 "-" "Mozilla/5.0 (compatible; DataForSeoBot/1.0; +https://dataforseo.com/dataforseo-bot)" 281 **0/281644**
136.243.220.212 - - [03/Mar/2026:08:29:50 -0700] "GET /melhores-jogos-criancice-cassino-top-sites-para-bonus-casino-stars-jogar-em-2024/ HTTP/1.1" 200 74585 "-" "Mozilla/5.0 (compatible; DataForSeoBot/1.0; +https://dataforseo.com/dataforseo-bot)" 368 **0/368853**
136.243.220.212 - - [03/Mar/2026:08:29:53 -0700] "GET /%CF%84ragam%CE%BFneda%D1%95-book-of-ra-temple-of-gold-ranura-giros-gratis-v%CE%BF%CE%BFk-%CE%BFf-dead-%CE%BFnl%D1%96ne-u-grat%D1%96%D1%95/ HTTP/1.1" 200 73929 "-" "Mozilla/5.0 (compatible; DataForSeoBot/1.0; +https://dataforseo.com/dataforseo-bot)" 311 **0/311705**
85.208.96.209 - - [03/Mar/2026:08:29:54 -0700] "GET /betmgm-promotion-code-for-the-pros-by-the-condition-into-the-styvip-password/ HTTP/1.1" 200 78419 "-" "Mozilla/5.0 (compatible; SemrushBot/7~bl; +http://www.semrush.com/bot.html)" 298 **0/298227**
68.178.232.37 - - [03/Mar/2026:08:29:57 -0700] "POST /wp-cron.php?doing_wp_cron=1772551797.9628059864044189453125 HTTP/1.1" 200 - "http://www.icdp.co.in/wp-cron.php?doing_wp_cron=1772551797.9628059864044189453125" "WordPress/5.7.8; http://www.icdp.co.in" 167 **0/167238**
136.243.220.212 - - [03/Mar/2026:08:29:57 -0700] "GET /9-masks-of-fire-hyperspins-casino-%D9%85%D8%AA%D8%AC%D8%B1-%D8%AF%D8%A7%D9%8A%D9%85%D9%88%D9%86%D8%AF/ HTTP/1.1" 200 74321 "-" "Mozilla/5.0 (compatible; DataForSeoBot/1.0; +https://dataforseo.com/dataforseo-bot)" 491 **0/491982**
136.243.220.212 - - [03/Mar/2026:08:30:02 -0700] "GET /1win-registracija-v-bukmekerskoj-kontore-1vin-29/ HTTP/1.1" 200 73354 "-" "Mozilla/5.0 (compatible; DataForSeoBot/1.0; +https://dataforseo.com/dataforseo-bot)" 1157 **1/1157565**
57.141.16.45 - - [03/Mar/2026:08:30:05 -0700] "GET /wp-json/oembed/1.0/embed?url=http%3A%2F%2Fwww.icdp.co.in%2Flacces-tantot-posterieur-ils-font-los-angeles-allemagne-la-suisse-la-pologne-litalie-plusieurs-autres-contrees%2F HTTP/1.1" 200 2778 "-" "meta-externalagent/1.1 (+https://developers.facebook.com/docs/sharing/webmasters/crawler)" 198 **0/198727**
136.243.220.212 - - [03/Mar/2026:08:30:05 -0700] "GET /home-base2-bingo-para-avaliacoes-de-aplicativos-de-caixa-tecnologia/ HTTP/1.1" 200 75033 "-" "Mozilla/5.0 (compatible; DataForSeoBot/1.0; +https://dataforseo.com/dataforseo-bot)" 436 **0/436183**
136.243.220.212 - - [03/Mar/2026:08:30:09 -0700] "GET /giros-book-of-ra-william-hill-bono-sin-cargo-carente-depositar-bono-sobre-casino-pokernews/ HTTP/1.1" 200 73765 "-" "Mozilla/5.0 (compatible; DataForSeoBot/1.0; +https://dataforseo.com/dataforseo-bot)" 355 **0/355187**
136.243.220.212 - - [03/Mar/2026:08:30:13 -0700] "GET /beste-verbunden-casinos-ohne-limit-2025-zum-rebellion-casino-mobile-app-download-besten-geben-blos-einsatzlimit/ HTTP/1.1" 200 72013 "-" "Mozilla/5.0 (compatible; DataForSeoBot/1.0; +https://dataforseo.com/dataforseo-bot)" 354 **0/354983**
136.243.220.212 - - [03/Mar/2026:08:30:17 -0700] "GET /gij-bof-overdrijven-die-playtech-online-gokkasten-de-gij-lotto-wint-die-echtgenoot-ontwikkelde-ern-zeker-werkwijze-en-won-ofwel-14-keerpunt-gelijk-prijzenpo/ HTTP/1.1" 200 72397 "-" "Mozilla/5.0 (compatible; DataForSeoBot/1.0; +https://dataforseo.com/dataforseo-bot)" 347 **0/347240**
136.243.220.212 - - [03/Mar/2026:08:30:21 -0700] "GET /bankbiljet-beuren-betreffende-spelletjes-gokkast-hawaiian-treasure-app-afwisselend-holland/ HTTP/1.1" 200 72668 "-" "Mozilla/5.0 (compatible; DataForSeoBot/1.0; +https://dataforseo.com/dataforseo-bot)" 321 **0/321287**
136.243.220.212 - - [03/Mar/2026:08:30:25 -0700] "GET /speel-live-blackjack-wegens-casino-land-of-gold-nederlandse-casinos/ HTTP/1.1" 200 72005 "-" "Mozilla/5.0 (compatible; DataForSeoBot/1.0; +https://dataforseo.com/dataforseo-bot)" 307 **0/307258**
57.141.16.60 - - [03/Mar/2026:08:30:28 -0700] "GET /wp-json/oembed/1.0/embed?url=http%3A%2F%2Fwww.icdp.co.in%2Fallege-onefive-hundred-towards-broncos-against-chiefs-utilising-the-betmgm-tnf-added-bonus-password%2F HTTP/1.1" 200 2666 "-" "meta-externalagent/1.1 (+https://developers.facebook.com/docs/sharing/webmasters/crawler)" 124 **0/124654**
136.243.220.212 - - [03/Mar/2026:08:30:29 -0700] "GET /casino-tropez-casino-book-of-dead-caca-niquel-review/ HTTP/1.1" 200 71994 "-" "Mozilla/5.0 (compatible; DataForSeoBot/1.0; +https://dataforseo.com/dataforseo-bot)" 319 **0/319510**
136.243.220.212 - - [03/Mar/2026:08:30:34 -0700] "GET /welches-beste-erreichbar-casino-as-rolle-of-teutonia-haul-of-orkus-echtes-bares-2025-traktandum-10-untersuchung/ HTTP/1.1" 200 75102 "-" "Mozilla/5.0 (compatible; DataForSeoBot/1.0; +https://dataforseo.com/dataforseo-bot)" 320 **0/320213**
185.191.171.9 - - [03/Mar/2026:08:30:35 -0700] "GET /robots.txt HTTP/1.1" 200 110 "-" "Mozilla/5.0 (compatible; SemrushBot/7~bl; +http://www.semrush.com/bot.html)" 143 **0/143548**
57.141.16.35 - - [03/Mar/2026:08:30:36 -0700] "GET /wp-json/oembed/1.0/embed?url=http%3A%2F%2Fwww.icdp.co.in%2Fdiscover-the-thrills-of-neonix-casino-your-4%2F HTTP/1.1" 200 2484 "-" "meta-externalagent/1.1 (+https://developers.facebook.com/docs/sharing/webmasters/crawler)" 163 **0/163733**
136.243.220.212 - - [03/Mar/2026:08:30:37 -0700] "GET /kostenlose-online-spiele-jetzt-vortragen-inside-wie-man-jackpot-in-slots-gewinnt-rtlspiele-de/ HTTP/1.1" 200 72365 "-" "Mozilla/5.0 (compatible; DataForSeoBot/1.0; +https://dataforseo.com/dataforseo-bot)" 350 **0/350360**
136.243.220.212 - - [03/Mar/2026:08:30:42 -0700] "GET /niemand-deposit-bonus-2024-kry-deze-super-jackpot-party-1-storting-noppes-by-diegene-gokhuis/ HTTP/1.1" 200 72093 "-" "Mozilla/5.0 (compatible; DataForSeoBot/1.0; +https://dataforseo.com/dataforseo-bot)" 318 **0/318824**
136.243.220.212 - - [03/Mar/2026:08:30:46 -0700] "GET /sichere-beste-casino-gaming-apps-auszahlungen/ HTTP/1.1" 200 72262 "-" "Mozilla/5.0 (compatible; DataForSeoBot/1.0; +https://dataforseo.com/dataforseo-bot)" 324 **0/324732**
136.243.220.212 - - [03/Mar/2026:08:30:50 -0700] "GET /melhores-novos-cassinos-pagando-abicar-censo-acercade-2024/ HTTP/1.1" 200 74878 "-" "Mozilla/5.0 (compatible; DataForSeoBot/1.0; +https://dataforseo.com/dataforseo-bot)" 327 **0/327807**
136.243.220.212 - - [03/Mar/2026:08:30:53 -0700] "GET /aprestar-roleta-zeus-slot-machines-online-melhores-sites-online-video-bingo-circus-algum-real-brasileiros-2024-cna-training-programs/ HTTP/1.1" 200 71778 "-" "Mozilla/5.0 (compatible; DataForSeoBot/1.0; +https://dataforseo.com/dataforseo-bot)" 324 **0/324701**
57.141.16.53 - - [03/Mar/2026:08:30:58 -0700] "GET /1win-casino-527-2/feed/ HTTP/1.1" 200 855 "-" "meta-externalagent/1.1 (+https://developers.facebook.com/docs/sharing/webmasters/crawler)" 181 **0/181207**
68.178.232.37 - - [03/Mar/2026:08:30:58 -0700] "POST /wp-cron.php?doing_wp_cron=1772551858.1825120449066162109375 HTTP/1.1" 200 - "http://www.icdp.co.in/wp-cron.php?doing_wp_cron=1772551858.1825120449066162109375" "WordPress/5.7.8; http://www.icdp.co.in" 216 **0/216128**
136.243.220.212 - - [03/Mar/2026:08:30:58 -0700] "GET /bonusy-piecdziesiat-zlotych-bez-depozytu-zbytnio-rejestracje-gwoli-miejsca-gniazda-z-marco-polo-polakow/ HTTP/1.1" 200 72811 "-" "Mozilla/5.0 (compatible; DataForSeoBot/1.0; +https://dataforseo.com/dataforseo-bot)" 570 **0/570440**
198.244.168.24 - - [03/Mar/2026:08:30:59 -0700] "GET /fanduel-promo-code-rating-three-hundred-added-bonus-wagers-to-own-week-cuatro-nfl-playing-chiefs-compared-to-ravens-cowboys-versus-packers/ HTTP/1.1" 200 72514 "-" "Mozilla/5.0 (compatible; AhrefsBot/7.0; +http://ahrefs.com/robot/)" 329 **0/329525**
136.243.220.212 - - [03/Mar/2026:08:31:01 -0700] "GET /slot-machine-a-scrocco-da-mescita/ HTTP/1.1" 200 72957 "-" "Mozilla/5.0 (compatible; DataForSeoBot/1.0; +https://dataforseo.com/dataforseo-bot)" 422 **0/422674**
136.243.220.212 - - [03/Mar/2026:08:31:05 -0700] "GET /ruleta-la-maquina-tragaperras-1-can-2-can-de-el-0-alrededor-1000/ HTTP/1.1" 200 73436 "-" "Mozilla/5.0 (compatible; DataForSeoBot/1.0; +https://dataforseo.com/dataforseo-bot)" 299 **0/299084**
136.243.220.212 - - [03/Mar/2026:08:31:09 -0700] "GET /bonus-descarcati-aplicatia-immerion-casino-romania-ci-rulaj-top-10-cazinouri-care-oferte-insa-rulaj/ HTTP/1.1" 200 71757 "-" "Mozilla/5.0 (compatible; DataForSeoBot/1.0; +https://dataforseo.com/dataforseo-bot)" 362 **0/362625**
57.141.16.3 - - [03/Mar/2026:08:31:11 -0700] "GET /wp-json/oembed/1.0/embed?url=http%3A%2F%2Fwww.icdp.co.in%2Fquels-englobent-les-dangers-de-tabler-au-coeur-dun-neuf-casino-un-brin%2F HTTP/1.1" 200 2542 "-" "meta-externalagent/1.1 (+https://developers.facebook.com/docs/sharing/webmasters/crawler)" 127 **0/127847**
136.243.220.212 - - [03/Mar/2026:08:31:13 -0700] "GET /10-jogos-de-caca-niqueis-de-cassino-winspark-melhores-sites-de-blackjack-online-com-dinheiro-real-2025/ HTTP/1.1" 200 71905 "-" "Mozilla/5.0 (compatible; DataForSeoBot/1.0; +https://dataforseo.com/dataforseo-bot)" 279 **0/279805**
136.243.220.212 - - [03/Mar/2026:08:31:17 -0700] "GET /freispiele-blos-einzahlung-gratis-blackjack-online-slot-spielholle-freispiele/ HTTP/1.1" 200 72217 "-" "Mozilla/5.0 (compatible; DataForSeoBot/1.0; +https://dataforseo.com/dataforseo-bot)" 308 **0/308200**
57.141.16.59 - - [03/Mar/2026:08:31:19 -0700] "GET /?p=144704 HTTP/1.1" 301 - "-" "meta-externalagent/1.1 (+https://developers.facebook.com/docs/sharing/webmasters/crawler)" 166 **0/166272**
136.243.220.212 - - [03/Mar/2026:08:31:21 -0700] "GET /jogue-jogos-de-slots-online-dado-sobre-2024-guias-infantilidade-jogos-infantilidade-acontecimento/ HTTP/1.1" 200 74484 "-" "Mozilla/5.0 (compatible; DataForSeoBot/1.0; +https://dataforseo.com/dataforseo-bot)" 315 **0/315057**
136.243.220.212 - - [03/Mar/2026:08:31:26 -0700] "GET /hazard-legendarne-urzadzenia-hazardowe-w-calej-slot-choy-sun-doa-klasy-internetowego/ HTTP/1.1" 200 72721 "-" "Mozilla/5.0 (compatible; DataForSeoBot/1.0; +https://dataforseo.com/dataforseo-bot)" 297 **0/297883**
57.141.16.56 - - [03/Mar/2026:08:31:26 -0700] "GET /wp-json/oembed/1.0/embed?url=http%3A%2F%2Fwww.icdp.co.in%2Fonce-you-do-often-there-is-an-even-more-nice-bonus-on-offer%2F HTTP/1.1" 200 2463 "-" "meta-externalagent/1.1 (+https://developers.facebook.com/docs/sharing/webmasters/crawler)" 143 **0/143853**
136.243.220.212 - - [03/Mar/2026:08:31:29 -0700] "GET /online-slots-speel-gratis-gokhal-slots/ HTTP/1.1" 200 72053 "-" "Mozilla/5.0 (compatible; DataForSeoBot/1.0; +https://dataforseo.com/dataforseo-bot)" 304 **0/304609**
57.141.16.55 - - [03/Mar/2026:08:31:30 -0700] "GET /wp-json/oembed/1.0/embed?url=http%3A%2F%2Fwww.icdp.co.in%2Fjak-wyplacic-pieniadze-z-ice-casino-370%2F HTTP/1.1" 200 2408 "-" "meta-externalagent/1.1 (+https://developers.facebook.com/docs/sharing/webmasters/crawler)" 181 **0/181028**
136.243.220.212 - - [03/Mar/2026:08:31:33 -0700] "GET /88-fortunes-juegos-de-unlimluck-ranuras-promocional-casino-en-espana/ HTTP/1.1" 200 73790 "-" "Mozilla/5.0 (compatible; DataForSeoBot/1.0; +https://dataforseo.com/dataforseo-bot)" 297 **0/297073**
136.243.220.212 - - [03/Mar/2026:08:31:37 -0700] "GET /online-harbors-play-5000-position-spirits-evening-high-definition-100-percent-free-condition-flowers-rtp-slot-machine-game-quickly/ HTTP/1.1" 200 72741 "-" "Mozilla/5.0 (compatible; DataForSeoBot/1.0; +https://dataforseo.com/dataforseo-bot)" 323 **0/323623**
136.243.220.212 - - [03/Mar/2026:08:31:42 -0700] "GET /como-jogar-blackjack-online-apontar-cassino-spin-palace/ HTTP/1.1" 200 74271 "-" "Mozilla/5.0 (compatible; DataForSeoBot/1.0; +https://dataforseo.com/dataforseo-bot)" 328 **0/328391**
136.243.220.212 - - [03/Mar/2026:08:31:45 -0700] "GET /les-avantages-des-croupiers-en-direct-pourquoi-choisir-un-casino-en-direct/ HTTP/1.1" 200 71846 "-" "Mozilla/5.0 (compatible; DataForSeoBot/1.0; +https://dataforseo.com/dataforseo-bot)" 313 **0/313592**
136.243.220.212 - - [03/Mar/2026:08:31:50 -0700] "GET /pharaohs-treasure-maquinas-ice-casino-en-linea-en-vivo-tragamonedas-reproducir-ahora-ash-gaming-maquinas-tragamonedas-en-internet-regalado/ HTTP/1.1" 200 73820 "-" "Mozilla/5.0 (compatible; DataForSeoBot/1.0; +https://dataforseo.com/dataforseo-bot)" 301 **0/301626**
136.243.220.212 - - [03/Mar/2026:08:31:53 -0700] "GET /an-overview-of-the-online-gambling-market/ HTTP/1.1" 200 71004 "-" "Mozilla/5.0 (compatible; DataForSeoBot/1.0; +https://dataforseo.com/dataforseo-bot)" 330 **0/330950**
216.244.66.241 - - [03/Mar/2026:08:31:54 -0700] "GET /category/lampions-bet-app-baixar-430/ HTTP/1.1" 200 342490 "-" "Mozilla/5.0 (compatible; DotBot/1.2; +https://opensiteexplorer.org/dotbot; help@moz.com)" 405 **0/405269**
136.243.220.212 - - [03/Mar/2026:08:31:57 -0700] "GET /slownik-synonimow-big-wins-logowanie-oficjalna-strona-wyrazenia-dysponowac/ HTTP/1.1" 200 72762 "-" "Mozilla/5.0 (compatible; DataForSeoBot/1.0; +https://dataforseo.com/dataforseo-bot)" 355 **0/355699**
216.244.66.241 - - [03/Mar/2026:08:32:01 -0700] "GET /category/royal-win-app-download-409/ HTTP/1.1" 200 342397 "-" "Mozilla/5.0 (compatible; DotBot/1.2; +https://opensiteexplorer.org/dotbot; help@moz.com)" 533 **0/533448**
136.243.220.212 - - [03/Mar/2026:08:32:02 -0700] "GET /jokers-jewels-jogue-gratis-em-ademane-demo-galera-bet-codigos-promocionais-2025-por-pragmatic-play/ HTTP/1.1" 200 72370 "-" "Mozilla/5.0 (compatible; DataForSeoBot/1.0; +https://dataforseo.com/dataforseo-bot)" 446 **0/446834**
136.243.220.212 - - [03/Mar/2026:08:32:05 -0700] "GET /vinnig-het-populaire-pirate-gold-gokkas-te-gokkastenxl-nl/ HTTP/1.1" 200 72069 "-" "Mozilla/5.0 (compatible; DataForSeoBot/1.0; +https://dataforseo.com/dataforseo-bot)" 314 **0/314025**
57.141.16.55 - - [03/Mar/2026:08:32:06 -0700] "GET /special450-claim-the-latest-eight-hundred-slots-desired-bonus-good-75-100-free-chip-which-have-crypto/feed/ HTTP/1.1" 200 1054 "-" "meta-externalagent/1.1 (+https://developers.facebook.com/docs/sharing/webmasters/crawler)" 124 **0/124952**
136.243.220.212 - - [03/Mar/2026:08:32:09 -0700] "GET /najkorzystniejsze-uciechy-i-dziwaczne-bonusy-przez-mega-joker-jackpot-internet/ HTTP/1.1" 200 72743 "-" "Mozilla/5.0 (compatible; DataForSeoBot/1.0; +https://dataforseo.com/dataforseo-bot)" 321 **0/321773**
136.243.220.212 - - [03/Mar/2026:08:32:13 -0700] "GET /bet3000-alpenrepublik-100percent-bis-zu-100-maklercourtage-aktivieren/ HTTP/1.1" 200 74202 "-" "Mozilla/5.0 (compatible; DataForSeoBot/1.0; +https://dataforseo.com/dataforseo-bot)" 347 **0/347059**
136.243.220.212 - - [03/Mar/2026:08:32:18 -0700] "GET /sensuous-spread-out-position-because-of-the-amatic-opportunities-rtp-96-play-for-totally-free/ HTTP/1.1" 200 72636 "-" "Mozilla/5.0 (compatible; DataForSeoBot/1.0; +https://dataforseo.com/dataforseo-bot)" 307 **0/307062**
136.243.220.212 - - [03/Mar/2026:08:32:22 -0700] "GET /lor-of-thesis-ocea-olbg-slot-fruitautomaat-magical-review/ HTTP/1.1" 200 71036 "-" "Mozilla/5.0 (compatible; DataForSeoBot/1.0; +https://dataforseo.com/dataforseo-bot)" 337 **0/337025**
136.243.220.212 - - [03/Mar/2026:08:32:25 -0700] "GET /neue-promo-code-fur-erreichbar-casinos-exklusive-einzahlung-im-elfter-monat-des-jahres-2025/ HTTP/1.1" 200 73929 "-" "Mozilla/5.0 (compatible; DataForSeoBot/1.0; +https://dataforseo.com/dataforseo-bot)" 306 **0/306277**
136.243.220.212 - - [03/Mar/2026:08:32:29 -0700] "GET /dracula-speel-hier-deze-horror-kasteel/ HTTP/1.1" 200 71664 "-" "Mozilla/5.0 (compatible; DataForSeoBot/1.0; +https://dataforseo.com/dataforseo-bot)" 305 **0/305253**
136.243.220.212 - - [03/Mar/2026:08:32:34 -0700] "GET /beste-casinos-slot-jewel-of-the-arts-blos-einzahlungsbonus-within-land-der-dichter-und-denker-2025-vollstandige-aktualisierte-zusammenstellung-verse-technology/ HTTP/1.1" 200 74445 "-" "Mozilla/5.0 (compatible; DataForSeoBot/1.0; +https://dataforseo.com/dataforseo-bot)" 354 **0/354215**
136.243.220.212 - - [03/Mar/2026:08:32:37 -0700] "GET /no-deposit-incentive-requirements-totally-free-gambling-establishment-double-triple-chance-play-for-fun-now-offers-2025/ HTTP/1.1" 200 72515 "-" "Mozilla/5.0 (compatible; DataForSeoBot/1.0; +https://dataforseo.com/dataforseo-bot)" 320 **0/320763**
136.243.220.212 - - [03/Mar/2026:08:32:41 -0700] "GET /rozrywki-77777-darmowe-darmowe-spiny-na-7-sins-gry-hazardowe-siodemki/ HTTP/1.1" 200 72641 "-" "Mozilla/5.0 (compatible; DataForSeoBot/1.0; +https://dataforseo.com/dataforseo-bot)" 287 **0/287191**
57.141.16.27 - - [03/Mar/2026:08:32:45 -0700] "GET /?p=146651 HTTP/1.1" 301 - "-" "meta-externalagent/1.1 (+https://developers.facebook.com/docs/sharing/webmasters/crawler)" 139 **0/139276**
136.243.220.212 - - [03/Mar/2026:08:32:45 -0700] "GET /giros-acostumado-sem-armazem-no-vulkan-vegas-cassino-jackpot-city-bonus-sem-deposito-casino/ HTTP/1.1" 200 72395 "-" "Mozilla/5.0 (compatible; DataForSeoBot/1.0; +https://dataforseo.com/dataforseo-bot)" 323 **0/323511**
136.243.220.212 - - [03/Mar/2026:08:32:50 -0700] "GET /allgemeine-nv-casino-funktionen-durch-auffuhren-inoffizieller-mitarbeiter-stay-kasino/ HTTP/1.1" 200 72168 "-" "Mozilla/5.0 (compatible; DataForSeoBot/1.0; +https://dataforseo.com/dataforseo-bot)" 312 **0/312134**
136.243.220.212 - - [03/Mar/2026:08:32:53 -0700] "GET /como-aprestar-fruit-party-melhores-sites-sobre-2024/ HTTP/1.1" 200 74619 "-" "Mozilla/5.0 (compatible; DataForSeoBot/1.0; +https://dataforseo.com/dataforseo-bot)" 363 **0/363521**
198.244.168.57 - - [03/Mar/2026:08:32:55 -0700] "GET /beste-spiele-praktische-zahlungsmethoden-ferner-welle-boni-2025-je-die-leser/ HTTP/1.1" 200 72857 "-" "Mozilla/5.0 (compatible; AhrefsBot/7.0; +http://ahrefs.com/robot/)" 303 **0/303122**
68.178.232.37 - - [03/Mar/2026:08:32:57 -0700] "POST /wp-cron.php?doing_wp_cron=1772551977.5586700439453125000000 HTTP/1.1" 200 - "http://www.icdp.co.in/wp-cron.php?doing_wp_cron=1772551977.5586700439453125000000" "WordPress/5.7.8; http://www.icdp.co.in" 191 **0/191105**
136.243.220.212 - - [03/Mar/2026:08:32:57 -0700] "GET /stakelogic-aanbieders-vanuit-online-gokkasten-plus-rechtstreeks-casino-softwar/ HTTP/1.1" 200 71901 "-" "Mozilla/5.0 (compatible; DataForSeoBot/1.0; +https://dataforseo.com/dataforseo-bot)" 510 **0/510806**
136.243.220.212 - - [03/Mar/2026:08:33:01 -0700] "GET /cosmic-fortune-afloop-review-netent-gedurende-casinojager-com/ HTTP/1.1" 200 72064 "-" "Mozilla/5.0 (compatible; DataForSeoBot/1.0; +https://dataforseo.com/dataforseo-bot)" 530 **0/530443**
136.243.220.212 - - [03/Mar/2026:08:33:06 -0700] "GET /free-pharaos-riches-dreimal-gewinnen-1-kaution-spins-2025-fortschrittlich-60-freispiele-blos-einzahlung/ HTTP/1.1" 200 72506 "-" "Mozilla/5.0 (compatible; DataForSeoBot/1.0; +https://dataforseo.com/dataforseo-bot)" 303 **0/303862**
136.243.220.212 - - [03/Mar/2026:08:33:09 -0700] "GET /beste-angeschlossen-casinos-bedingungslos-2025-blos-einsatzlimit/ HTTP/1.1" 200 73017 "-" "Mozilla/5.0 (compatible; DataForSeoBot/1.0; +https://dataforseo.com/dataforseo-bot)" 352 **0/352143**
136.243.220.212 - - [03/Mar/2026:08:33:13 -0700] "GET /range-of-benefits-and-drawbacks-nv-casino-from-sweeps-bucks-gambling-enterprises-compared-to-real-money-casinos/ HTTP/1.1" 200 71636 "-" "Mozilla/5.0 (compatible; DataForSeoBot/1.0; +https://dataforseo.com/dataforseo-bot)" 331 **0/331512**
136.243.220.212 - - [03/Mar/2026:08:33:18 -0700] "GET /melhores-free-spins-brasil-rodada-dado-de-uma-olhada-no-link-sem-deposito/ HTTP/1.1" 200 72242 "-" "Mozilla/5.0 (compatible; DataForSeoBot/1.0; +https://dataforseo.com/dataforseo-bot)" 297 **0/297583**
136.243.220.212 - - [03/Mar/2026:08:33:21 -0700] "GET /path-to-help-you-hell/ HTTP/1.1" 200 72499 "-" "Mozilla/5.0 (compatible; DataForSeoBot/1.0; +https://dataforseo.com/dataforseo-bot)" 282 **0/282016**
136.243.220.212 - - [03/Mar/2026:08:33:26 -0700] "GET /%E1%90%88-unlimluck-login-de-registro-jogue-jogos-novomatic-gratis-inventario-atualizada-2025/ HTTP/1.1" 200 72780 "-" "Mozilla/5.0 (compatible; DataForSeoBot/1.0; +https://dataforseo.com/dataforseo-bot)" 330 **0/330671**
57.141.16.3 - - [03/Mar/2026:08:33:29 -0700] "GET /how-kyc-affects-profits-from-the-btc-quick-withdrawal-gambling-enterprises/feed/ HTTP/1.1" 200 967 "-" "meta-externalagent/1.1 (+https://developers.facebook.com/docs/sharing/webmasters/crawler)" 113 **0/113727**
136.243.220.212 - - [03/Mar/2026:08:33:30 -0700] "GET /royal-vegas-analisis-del-casino-2024-juegos-bonos-aplicacion-movil-betpix365-site-de-apostas-y-mas/ HTTP/1.1" 200 72075 "-" "Mozilla/5.0 (compatible; DataForSeoBot/1.0; +https://dataforseo.com/dataforseo-bot)" 357 **0/357304**
136.243.220.212 - - [03/Mar/2026:08:33:33 -0700] "GET /prestige-ato-roulette-melhor-mega-roulette-online-para-dinheiro-contemporaneo-tracking-alfabeto-como-estatisticas-ciencia-bonus-de-cassino-kto-alegre-my-blog/ HTTP/1.1" 200 72501 "-" "Mozilla/5.0 (compatible; DataForSeoBot/1.0; +https://dataforseo.com/dataforseo-bot)" 290 **0/290038**
136.243.220.212 - - [03/Mar/2026:08:33:37 -0700] "GET /platinum-jogo-online-blackjack-classic-play-casino-nz-2025-get-nz800-welcome-bonus/ HTTP/1.1" 200 71290 "-" "Mozilla/5.0 (compatible; DataForSeoBot/1.0; +https://dataforseo.com/dataforseo-bot)" 285 **0/285954**
57.141.16.25 - - [03/Mar/2026:08:33:38 -0700] "GET /wp-json/oembed/1.0/embed?url=http%3A%2F%2Fwww.icdp.co.in%2Fwe-withdrew-the-very-first-time-regarding-master-chefs-therefore-is-a-flawless-communications%2F HTTP/1.1" 200 2630 "-" "meta-externalagent/1.1 (+https://developers.facebook.com/docs/sharing/webmasters/crawler)" 119 **0/119967**
185.191.206.67 - - [03/Mar/2026:08:33:37 -0700] "POST /xmlrpc.php HTTP/1.1" 200 181 "-" "Mozilla/5.0 (Windows NT 10.0; Win64; x64) AppleWebKit/537.36 (KHTML, like Gecko) Chrome/114.0.0.0 Safari/537.36" 4105 **4/4105717**
136.243.220.212 - - [03/Mar/2026:08:33:41 -0700] "GET /religious-vortragen-echtes-bares-online-roulette-casino-obsiegen/ HTTP/1.1" 200 72510 "-" "Mozilla/5.0 (compatible; DataForSeoBot/1.0; +https://dataforseo.com/dataforseo-bot)" 1308 **1/1308687**
68.178.232.37 - - [03/Mar/2026:08:33:41 -0700] "POST /wp-cron.php?doing_wp_cron=1772552021.7959740161895751953125 HTTP/1.1" 200 - "http://www.icdp.co.in/wp-cron.php?doing_wp_cron=1772552021.7959740161895751953125" "WordPress/5.7.8; http://www.icdp.co.in" 4088 **4/4088212**
136.243.220.212 - - [03/Mar/2026:08:33:46 -0700] "GET /casino-slots-offlin-gokkasten-acteren/ HTTP/1.1" 200 72028 "-" "Mozilla/5.0 (compatible; DataForSeoBot/1.0; +https://dataforseo.com/dataforseo-bot)" 334 **0/334206**
185.191.206.67 - - [03/Mar/2026:08:33:47 -0700] "POST /xmlrpc.php HTTP/1.1" 200 11619 "-" "Mozilla/5.0 (Windows NT 10.0; Win64; x64) AppleWebKit/537.36 (KHTML, like Gecko) Chrome/114.0.0.0 Safari/537.36" 933 **0/933221**
17.22.237.127 - - [03/Mar/2026:08:33:48 -0700] "GET /when-you-find-yourself-happy-it-is-possible-to-hit-the-large-jackpot-to-the-100-free-processor/ HTTP/1.1" 200 78152 "-" "Mozilla/5.0 (Macintosh; Intel Mac OS X 10_15_7) AppleWebKit/605.1.15 (KHTML, like Gecko) Version/17.4 Safari/605.1.15 (Applebot/0.1; +http://www.apple.com/go/applebot)" 298 **0/298687**
57.141.16.28 - - [03/Mar/2026:08:33:49 -0700] "GET /viking-luck/feed/ HTTP/1.1" 200 778 "-" "meta-externalagent/1.1 (+https://developers.facebook.com/docs/sharing/webmasters/crawler)" 135 **0/135355**
136.243.220.212 - - [03/Mar/2026:08:33:49 -0700] "GET /bovada-allege-invaders-from-the-planet-moolah-5-deposit-totally-free-spins-or-other-bonuses/ HTTP/1.1" 200 72173 "-" "Mozilla/5.0 (compatible; DataForSeoBot/1.0; +https://dataforseo.com/dataforseo-bot)" 323 **0/323842**
185.191.206.67 - - [03/Mar/2026:08:33:49 -0700] "GET /wunderino-maklercourtage-sourcecode-erfahrungen-testbericht-magic-love-slot-free-spins-feb-2026/ HTTP/1.1" 200 346424 "-" "Mozilla/5.0 (Windows NT 10.0; rv:125.0) Gecko/20100101 Firefox/125.0" 3886 **3/3886774**
136.243.220.212 - - [03/Mar/2026:08:33:53 -0700] "GET /savanna-moon-verbunden-slot-alice-cooper-auffuhren/ HTTP/1.1" 200 72730 "-" "Mozilla/5.0 (compatible; DataForSeoBot/1.0; +https://dataforseo.com/dataforseo-bot)" 286 **0/286980**
57.141.16.16 - - [03/Mar/2026:08:33:54 -0700] "GET /wp-json/wp/v2/posts/150381 HTTP/1.1" 200 7564 "-" "meta-externalagent/1.1 (+https://developers.facebook.com/docs/sharing/webmasters/crawler)" 160 **0/160606**
68.178.232.37 - - [03/Mar/2026:08:33:57 -0700] "POST /wp-cron.php?doing_wp_cron=1772552037.8957819938659667968750 HTTP/1.1" 200 - "http://www.icdp.co.in/wp-cron.php?doing_wp_cron=1772552037.8957819938659667968750" "WordPress/5.7.8; http://www.icdp.co.in" 186 **0/186974**
136.243.220.212 - - [03/Mar/2026:08:33:57 -0700] "GET /vikings-slot-machine/ HTTP/1.1" 200 74735 "-" "Mozilla/5.0 (compatible; DataForSeoBot/1.0; +https://dataforseo.com/dataforseo-bot)" 499 **0/499226**
136.243.220.212 - - [03/Mar/2026:08:34:02 -0700] "GET /spielsaal-slots-gebuhrenfrei-zum-besten-geben-in-hauptpreis-de/ HTTP/1.1" 200 74608 "-" "Mozilla/5.0 (compatible; DataForSeoBot/1.0; +https://dataforseo.com/dataforseo-bot)" 466 **0/466112**
136.243.220.212 - - [03/Mar/2026:08:34:06 -0700] "GET /spielbank-freispiele-ohne-einzahlung-30-casinos-via-free-spins-casino-mrbet-kein-einzahlungsbonus-2025/ HTTP/1.1" 200 71100 "-" "Mozilla/5.0 (compatible; DataForSeoBot/1.0; +https://dataforseo.com/dataforseo-bot)" 314 **0/314847**
57.141.16.59 - - [03/Mar/2026:08:34:06 -0700] "GET /escoger-cualquier-casino-sobre-clase-es-algun-desafio-aunque-de-eso-nos-encontramos-aqui-para-orientarte/feed/ HTTP/1.1" 200 1059 "-" "meta-externalagent/1.1 (+https://developers.facebook.com/docs/sharing/webmasters/crawler)" 123 **0/123551**
136.243.220.212 - - [03/Mar/2026:08:34:09 -0700] "GET /halloween-night-jack-slot-comment-demonstration-rtp/ HTTP/1.1" 200 72291 "-" "Mozilla/5.0 (compatible; DataForSeoBot/1.0; +https://dataforseo.com/dataforseo-bot)" 287 **0/287083**
57.141.16.72 - - [03/Mar/2026:08:34:11 -0700] "GET /wp-json/oembed/1.0/embed?url=http%3A%2F%2Fwww.icdp.co.in%2F6-expert-tips-for-choosing-the-best-online-casino%2F HTTP/1.1" 200 2410 "-" "meta-externalagent/1.1 (+https://developers.facebook.com/docs/sharing/webmasters/crawler)" 130 **0/130224**
57.141.16.34 - - [03/Mar/2026:08:34:12 -0700] "GET /wp-json/oembed/1.0/embed?url=http%3A%2F%2Fwww.icdp.co.in%2Fy-en-caso-de-que-tendri%25ef%25bf%25bdas-alguna-pregunta-no-dudes-referente-a-asesorarse-modelos-preguntas-asiduos-sobre-malina-casino%2F HTTP/1.1" 200 2799 "-" "meta-externalagent/1.1 (+https://developers.facebook.com/docs/sharing/webmasters/crawler)" 121 **0/121274**
136.243.220.212 - - [03/Mar/2026:08:34:13 -0700] "GET /online-gokkasten-performen-noppes-ofwel-in-eigenlijk-bankbiljet/ HTTP/1.1" 200 71550 "-" "Mozilla/5.0 (compatible; DataForSeoBot/1.0; +https://dataforseo.com/dataforseo-bot)" 329 **0/329703**
136.243.220.212 - - [03/Mar/2026:08:34:18 -0700] "GET /goksites-immobiliseren-als-blokkeer-jij-gokken/ HTTP/1.1" 200 70630 "-" "Mozilla/5.0 (compatible; DataForSeoBot/1.0; +https://dataforseo.com/dataforseo-bot)" 289 **0/289502**
136.243.220.212 - - [03/Mar/2026:08:34:22 -0700] "GET /sizzling-hot-uciecha-automaty-do-gier-online-hazardowa-zagraj-przy-robot-online-darmowo/ HTTP/1.1" 200 72600 "-" "Mozilla/5.0 (compatible; DataForSeoBot/1.0; +https://dataforseo.com/dataforseo-bot)" 308 **0/308133**
136.243.220.212 - - [03/Mar/2026:08:34:25 -0700] "GET /h1-best-sports-betting-apps-nov-2025-ranking-the/ HTTP/1.1" 200 73319 "-" "Mozilla/5.0 (compatible; DataForSeoBot/1.0; +https://dataforseo.com/dataforseo-bot)" 317 **0/317501**
136.243.220.212 - - [03/Mar/2026:08:34:29 -0700] "GET /secret-of-sphinx-slot-machine-online-gioca-a-scrocco/ HTTP/1.1" 200 73331 "-" "Mozilla/5.0 (compatible; DataForSeoBot/1.0; +https://dataforseo.com/dataforseo-bot)" 336 **0/336420**
216.244.66.241 - - [03/Mar/2026:08:34:31 -0700] "GET /ice-fishing-casino/ HTTP/1.1" 200 344677 "-" "Mozilla/5.0 (compatible; DotBot/1.2; +https://opensiteexplorer.org/dotbot; help@moz.com)" 259 **0/259040**
136.243.220.212 - - [03/Mar/2026:08:34:33 -0700] "GET /poquer-ao-novibet-login-aviador-entusiasmado-melhores-jogos-criancice-cassino-concepcao-entusiasmado-evolution-games/ HTTP/1.1" 200 72386 "-" "Mozilla/5.0 (compatible; DataForSeoBot/1.0; +https://dataforseo.com/dataforseo-bot)" 304 **0/304301**
85.208.96.207 - - [03/Mar/2026:08:34:37 -0700] "GET /blog/page/5612/ HTTP/1.1" 200 80184 "-" "Mozilla/5.0 (compatible; SemrushBot/7~bl; +http://www.semrush.com/bot.html)" 426 **0/426201**
136.243.220.212 - - [03/Mar/2026:08:34:37 -0700] "GET /wanted-dead-or-acrescentar-wild-conceito-scatter-como-multiplicador/ HTTP/1.1" 200 74470 "-" "Mozilla/5.0 (compatible; DataForSeoBot/1.0; +https://dataforseo.com/dataforseo-bot)" 298 **0/298128**
185.191.171.3 - - [03/Mar/2026:08:34:42 -0700] "GET /das-heit-dass-die-kunden-keinesfalls-einzahlung-tatigen-zu-tun-sein-damit-diese-freiwette-hinten-kriegen/ HTTP/1.1" 200 79051 "-" "Mozilla/5.0 (compatible; SemrushBot/7~bl; +http://www.semrush.com/bot.html)" 323 **0/323417**
136.243.220.212 - - [03/Mar/2026:08:34:42 -0700] "GET /norske-spilleautomater-booi-casino-2024-fri-spilleautomater-pa-lucky-links-150-gratis-flettverk-nett/ HTTP/1.1" 200 72528 "-" "Mozilla/5.0 (compatible; DataForSeoBot/1.0; +https://dataforseo.com/dataforseo-bot)" 321 **0/321682**
136.243.220.212 - - [03/Mar/2026:08:34:45 -0700] "GET /betive-spielbank-exklusive-einzahlung/ HTTP/1.1" 200 73986 "-" "Mozilla/5.0 (compatible; DataForSeoBot/1.0; +https://dataforseo.com/dataforseo-bot)" 328 **0/328178**
57.141.16.50 - - [03/Mar/2026:08:34:46 -0700] "GET /wp-json/wp/v2/posts/148422 HTTP/1.1" 200 8063 "-" "meta-externalagent/1.1 (+https://developers.facebook.com/docs/sharing/webmasters/crawler)" 140 **0/140845**
85.208.96.211 - - [03/Mar/2026:08:34:46 -0700] "GET /why-choose-casinos-not-on-gamstop/ HTTP/1.1" 404 - "-" "Mozilla/5.0 (compatible; SemrushBot/7~bl; +http://www.semrush.com/bot.html)" 142 **0/142892**
185.191.171.18 - - [03/Mar/2026:08:34:48 -0700] "GET /kasino-maklercourtage-hornung-2026-magic-princess-slot-nun-erreichbar-casino-pramie-heran-schaffen/ HTTP/1.1" 200 80057 "-" "Mozilla/5.0 (compatible; SemrushBot/7~bl; +http://www.semrush.com/bot.html)" 341 **0/341155**
136.243.220.212 - - [03/Mar/2026:08:34:50 -0700] "GET /champions-league-2025-2026-spielplan-steckplatz-eye-of-horus-neue-version-unter-anderem-ergebnisse/ HTTP/1.1" 200 72191 "-" "Mozilla/5.0 (compatible; DataForSeoBot/1.0; +https://dataforseo.com/dataforseo-bot)" 295 **0/295460**
136.243.220.212 - - [03/Mar/2026:08:34:54 -0700] "GET /book-of-ra-verbunden-unter-einsatz-von-casino-mr-green-casino-echtgeld-kostenlos-auffuhren/ HTTP/1.1" 200 72285 "-" "Mozilla/5.0 (compatible; DataForSeoBot/1.0; +https://dataforseo.com/dataforseo-bot)" 281 **0/281920**
68.178.232.37 - - [03/Mar/2026:08:34:56 -0700] "POST /wp-cron.php?doing_wp_cron=1772552096.2478399276733398437500 HTTP/1.1" 200 - "http://www.icdp.co.in/wp-cron.php?doing_wp_cron=1772552096.2478399276733398437500" "WordPress/5.7.8; http://www.icdp.co.in" 161 **0/161775**
85.208.96.207 - - [03/Mar/2026:08:34:56 -0700] "GET /mokestis-uz-losimu-imones-2026-parbaudiet-seit-m-geriausi-internetiniai-kazino-kuriuos-galite-atlikti-visi-mes-profesionalai/ HTTP/1.1" 200 78892 "-" "Mozilla/5.0 (compatible; SemrushBot/7~bl; +http://www.semrush.com/bot.html)" 463 **0/463512**
136.243.220.212 - - [03/Mar/2026:08:34:58 -0700] "GET /victorious-dans-fri-online-norske-hugo-casino-bonusregler-spilleautomater-for-nett/ HTTP/1.1" 200 72723 "-" "Mozilla/5.0 (compatible; DataForSeoBot/1.0; +https://dataforseo.com/dataforseo-bot)" 285 **0/285495**
85.208.96.211 - - [03/Mar/2026:08:34:58 -0700] "GET /gamble-best-ports-incentives/ HTTP/1.1" 200 78941 "-" "Mozilla/5.0 (compatible; SemrushBot/7~bl; +http://www.semrush.com/bot.html)" 299 **0/299632**
85.208.96.200 - - [03/Mar/2026:08:35:00 -0700] "GET /blog/page/4144/ HTTP/1.1" 200 79572 "-" "Mozilla/5.0 (compatible; SemrushBot/7~bl; +http://www.semrush.com/bot.html)" 521 **0/521743**
136.243.220.212 - - [03/Mar/2026:08:35:01 -0700] "GET /glucksspiele-qua-dieses-bundesgesetzes-werden-insbesondere-unser-spiele-game-of-chance-beobachtungsroulette-poker/ HTTP/1.1" 200 72369 "-" "Mozilla/5.0 (compatible; DataForSeoBot/1.0; +https://dataforseo.com/dataforseo-bot)" 1038 **1/1038222**
185.191.171.18 - - [03/Mar/2026:08:35:03 -0700] "GET /an-equivalent-construction-are-listed-in-numerous-mass-media-channels-that-cover-missouri-promos/ HTTP/1.1" 200 78774 "-" "Mozilla/5.0 (compatible; SemrushBot/7~bl; +http://www.semrush.com/bot.html)" 525 **0/525677**
185.191.171.2 - - [03/Mar/2026:08:35:05 -0700] "GET /south-park-season-1-watch-full-i24slot-tilmeldingsbonus-episodes-streaming-pa/ HTTP/1.1" 200 79307 "-" "Mozilla/5.0 (compatible; SemrushBot/7~bl; +http://www.semrush.com/bot.html)" 393 **0/393442**
136.243.220.212 - - [03/Mar/2026:08:35:06 -0700] "GET /e-gpos-gratis-sem-armazem-pachinko-aprender-50-giros-dado-acimade-safari-madness-bonus-de-registro-playpix-sem-casa-poker-texas-holdem/ HTTP/1.1" 200 72725 "-" "Mozilla/5.0 (compatible; DataForSeoBot/1.0; +https://dataforseo.com/dataforseo-bot)" 506 **0/506304**
185.191.171.6 - - [03/Mar/2026:08:35:08 -0700] "GET /eye-of-horus-protestation-kostenlos-auffuhren-abzuglich-dolphins-pearl-ohne-anmeldung-kostenlos-spielen-anmeldung/ HTTP/1.1" 200 80863 "-" "Mozilla/5.0 (compatible; SemrushBot/7~bl; +http://www.semrush.com/bot.html)" 370 **0/370430**
136.243.220.212 - - [03/Mar/2026:08:35:09 -0700] "GET /parimatch-saiba-mais-em-essa-amplo-deposito-de-apostas/ HTTP/1.1" 200 74614 "-" "Mozilla/5.0 (compatible; DataForSeoBot/1.0; +https://dataforseo.com/dataforseo-bot)" 391 **0/391009**
185.191.171.6 - - [03/Mar/2026:08:35:10 -0700] "GET /blog/page/5735/ HTTP/1.1" 200 79557 "-" "Mozilla/5.0 (compatible; SemrushBot/7~bl; +http://www.semrush.com/bot.html)" 512 **0/512967**
185.191.171.2 - - [03/Mar/2026:08:35:12 -0700] "GET /these-types-of-has-the-benefit-of-can-differ-ranging-from-50-and-250-no-cost-revolves/ HTTP/1.1" 200 78369 "-" "Mozilla/5.0 (compatible; SemrushBot/7~bl; +http://www.semrush.com/bot.html)" 309 **0/309690**
178.159.37.105 - - [03/Mar/2026:08:34:42 -0700] "POST /xmlrpc.php HTTP/1.1" 200 1491738 "-" "Mozilla/5.0 (Windows NT 10.0; Win64; x64) AppleWebKit/537.36 (KHTML, like Gecko) Chrome/114.0.0.0 Safari/537.36 Vivaldi/5.3.2679.68" 31258 **31/31258581**
