68.178.232.37 - - [03/Mar/2026:09:19:58 -0700] "POST /wp-cron.php?doing_wp_cron=1772554798.2702109813690185546875 HTTP/1.1" 200 - "http://www.icdp.co.in/wp-cron.php?doing_wp_cron=1772554798.2702109813690185546875" "WordPress/5.7.8; http://www.icdp.co.in" 187 **0/187090**
136.243.220.212 - - [03/Mar/2026:09:19:58 -0700] "GET /better-black-jack-websites-the-how-to-get-free-luxury-casino-money-real-deal-currency-on-the-web-2025-upgrade/ HTTP/1.1" 200 72879 "-" "Mozilla/5.0 (compatible; DataForSeoBot/1.0; +https://dataforseo.com/dataforseo-bot)" 580 **0/580976**
57.141.16.88 - - [03/Mar/2026:09:20:01 -0700] "GET /?p=144712 HTTP/1.1" 301 - "-" "meta-externalagent/1.1 (+https://developers.facebook.com/docs/sharing/webmasters/crawler)" 393 **0/393957**
136.243.220.212 - - [03/Mar/2026:09:20:01 -0700] "GET /self-help-guide-to-an-informed-on-the-web-black-jack-gambling-enterprises-australian-continent-hugo-casino-canada-app-download-apk-2025/ HTTP/1.1" 200 74026 "-" "Mozilla/5.0 (compatible; DataForSeoBot/1.0; +https://dataforseo.com/dataforseo-bot)" 1561 **1/1561692**
136.243.220.212 - - [03/Mar/2026:09:20:05 -0700] "GET /greatest-alive-black-jack-casinos-top-online-casino-2025-alive-agent-black-jack-you/ HTTP/1.1" 200 72692 "-" "Mozilla/5.0 (compatible; DataForSeoBot/1.0; +https://dataforseo.com/dataforseo-bot)" 1063 **1/1063035**
136.243.220.212 - - [03/Mar/2026:09:20:09 -0700] "GET /voraussichtliche-tabelle-sic-konnten-pelaa-casino-spielautomaten-echtes-geld-nachfolgende-bayern-as-part-of-kolle-auffuhren/ HTTP/1.1" 200 73936 "-" "Mozilla/5.0 (compatible; DataForSeoBot/1.0; +https://dataforseo.com/dataforseo-bot)" 474 **0/474813**
136.243.220.212 - - [03/Mar/2026:09:20:14 -0700] "GET /oficialnyj-sajt-pinco-igrat-onlajn-zerkalo-i-vhod-135/ HTTP/1.1" 200 73262 "-" "Mozilla/5.0 (compatible; DataForSeoBot/1.0; +https://dataforseo.com/dataforseo-bot)" 588 **0/588229**
136.243.220.212 - - [03/Mar/2026:09:20:18 -0700] "GET /uber-eurogrand-religious-casino-apple-pay-casino-die-moglichkeit-unter-5-euroletten-einzig-bonus-schnappen/ HTTP/1.1" 200 73499 "-" "Mozilla/5.0 (compatible; DataForSeoBot/1.0; +https://dataforseo.com/dataforseo-bot)" 392 **0/392103**
136.243.220.212 - - [03/Mar/2026:09:20:21 -0700] "GET /100-percent-free-harbors-online-public-gambling-establishment/ HTTP/1.1" 200 72118 "-" "Mozilla/5.0 (compatible; DataForSeoBot/1.0; +https://dataforseo.com/dataforseo-bot)" 311 **0/311413**
57.141.16.23 - - [03/Mar/2026:09:20:22 -0700] "GET /?p=149210 HTTP/1.1" 301 - "-" "meta-externalagent/1.1 (+https://developers.facebook.com/docs/sharing/webmasters/crawler)" 152 **0/152721**
136.243.220.212 - - [03/Mar/2026:09:20:25 -0700] "GET /personal-gambling-establishment-no-deposit-casino-spybet-extra-rules-for-all-of-us-professionals/ HTTP/1.1" 200 73977 "-" "Mozilla/5.0 (compatible; DataForSeoBot/1.0; +https://dataforseo.com/dataforseo-bot)" 334 **0/334143**
136.243.220.212 - - [03/Mar/2026:09:20:29 -0700] "GET /lunaris-reputation-by-williams-humorous-100-fortunate-7-step-one-put-2025-totally-free-play-cosmic-incentives/ HTTP/1.1" 200 73633 "-" "Mozilla/5.0 (compatible; DataForSeoBot/1.0; +https://dataforseo.com/dataforseo-bot)" 379 **0/379891**
57.141.16.12 - - [03/Mar/2026:09:20:30 -0700] "GET /wp-json/wp/v2/posts/149040 HTTP/1.1" 200 6986 "-" "meta-externalagent/1.1 (+https://developers.facebook.com/docs/sharing/webmasters/crawler)" 167 **0/167199**
216.73.216.40 - - [03/Mar/2026:09:20:32 -0700] "GET /wp-sitemap.xml HTTP/1.1" 200 252 "-" "Mozilla/5.0 AppleWebKit/537.36 (KHTML, like Gecko; compatible; ClaudeBot/1.0; +claudebot@anthropic.com)" 457 **0/457397**
136.243.220.212 - - [03/Mar/2026:09:20:34 -0700] "GET /lucky-tree-slot-remark-2025-enjoy-now-online/ HTTP/1.1" 200 72446 "-" "Mozilla/5.0 (compatible; DataForSeoBot/1.0; +https://dataforseo.com/dataforseo-bot)" 325 **0/325672**
103.136.107.115 - - [03/Mar/2026:09:20:38 -0700] "GET /registracija-na-get-iks-kazino-polnoe-rukovodstvo-2/ HTTP/1.1" 200 73671 "-" "Mozilla/5.0 (Windows NT 10.0; WOW64) AppleWebKit/537.36 (KHTML, like Gecko) Chrome/114.0.0.0 Safari/537.36 Vivaldi/5.3.2679.68" 323 **0/323861**
136.243.220.212 - - [03/Mar/2026:09:20:39 -0700] "GET /real-time-blackjack-ovo-free-spins-2023-no-deposit-gambling-games-for-real-currency-2025/ HTTP/1.1" 200 72678 "-" "Mozilla/5.0 (compatible; DataForSeoBot/1.0; +https://dataforseo.com/dataforseo-bot)" 358 **0/358946**
136.243.220.212 - - [03/Mar/2026:09:20:42 -0700] "GET /finest-skrill-and-neteller-gambling-establishments-a-comprehensive-guide/ HTTP/1.1" 200 71268 "-" "Mozilla/5.0 (compatible; DataForSeoBot/1.0; +https://dataforseo.com/dataforseo-bot)" 364 **0/364752**
136.243.220.212 - - [03/Mar/2026:09:20:46 -0700] "GET /public-spielcasino-daily-vermittlungsprovision-jeden-tag-hunderttausende-kartoffelchips-kostenfrei-agb-in-kraft-sein-18-vermittlungsprovision-einzahlen-sociable-spielcasino/ HTTP/1.1" 200 72077 "-" "Mozilla/5.0 (compatible; DataForSeoBot/1.0; +https://dataforseo.com/dataforseo-bot)" 293 **0/293252**
57.141.16.72 - - [03/Mar/2026:09:20:48 -0700] "GET /wp-json/oembed/1.0/embed?url=http%3A%2F%2Fwww.icdp.co.in%2Ffinding-and-how-to-wager-100-free-classic-slots%2F HTTP/1.1" 200 2406 "-" "meta-externalagent/1.1 (+https://developers.facebook.com/docs/sharing/webmasters/crawler)" 132 **0/132532**
136.243.220.212 - - [03/Mar/2026:09:20:50 -0700] "GET /redbet-coupon-code-2025-redbet-extra/ HTTP/1.1" 200 73410 "-" "Mozilla/5.0 (compatible; DataForSeoBot/1.0; +https://dataforseo.com/dataforseo-bot)" 305 **0/305667**
57.141.16.3 - - [03/Mar/2026:09:20:54 -0700] "GET /regarding-vegas-igt-has-been-brand-new-queen-off-ports-and-you-may-game/feed/ HTTP/1.1" 200 959 "-" "meta-externalagent/1.1 (+https://developers.facebook.com/docs/sharing/webmasters/crawler)" 129 **0/129357**
136.243.220.212 - - [03/Mar/2026:09:20:54 -0700] "GET /consejero-de-netbet-sometimiento-y-acerca-de-como-emplazar-para-ocasion/ HTTP/1.1" 200 73574 "-" "Mozilla/5.0 (compatible; DataForSeoBot/1.0; +https://dataforseo.com/dataforseo-bot)" 308 **0/308727**
68.178.232.37 - - [03/Mar/2026:09:20:59 -0700] "POST /wp-cron.php?doing_wp_cron=1772554858.9912350177764892578125 HTTP/1.1" 200 - "http://www.icdp.co.in/wp-cron.php?doing_wp_cron=1772554858.9912350177764892578125" "WordPress/5.7.8; http://www.icdp.co.in" 372 **0/372439**
136.243.220.212 - - [03/Mar/2026:09:20:58 -0700] "GET /bier-haus-slot-enjoy-bier-haus-slot-on-the-internet-free-of-charge-no-install/ HTTP/1.1" 200 72148 "-" "Mozilla/5.0 (compatible; DataForSeoBot/1.0; +https://dataforseo.com/dataforseo-bot)" 1093 **1/1093687**
152.233.4.135 - - [03/Mar/2026:09:20:55 -0700] "POST /xmlrpc.php HTTP/1.1" 200 1494497 "-" "Mozilla/5.0 (Windows NT 10.0; Win64; x64) AppleWebKit/537.36 (KHTML, like Gecko) Chrome/76.0.3809.100 Safari/537.36" 6223 **6/6223212**
136.243.220.212 - - [03/Mar/2026:09:21:02 -0700] "GET /casinos-qua-slot-spiel-geisha-5-einzahlung-2025-uber-bonus-freispielen/ HTTP/1.1" 200 74068 "-" "Mozilla/5.0 (compatible; DataForSeoBot/1.0; +https://dataforseo.com/dataforseo-bot)" 388 **0/388634**
17.246.19.53 - - [03/Mar/2026:09:21:03 -0700] "GET /bewertungen-und-wahrnehmung-im-online-casino-segment-die-bedeutung-von-nutzermeinungen/ HTTP/1.1" 200 80031 "-" "Mozilla/5.0 (Macintosh; Intel Mac OS X 10_15_7) AppleWebKit/605.1.15 (KHTML, like Gecko) Version/17.4 Safari/605.1.15 (Applebot/0.1; +http://www.apple.com/go/applebot)" 362 **0/362328**
136.243.220.212 - - [03/Mar/2026:09:21:06 -0700] "GET /unibet-cricket-betting-online-alive-playing-ipl-playing/ HTTP/1.1" 200 73023 "-" "Mozilla/5.0 (compatible; DataForSeoBot/1.0; +https://dataforseo.com/dataforseo-bot)" 400 **0/400031**
136.243.220.212 - - [03/Mar/2026:09:21:11 -0700] "GET /mr-bet-local-casino-canada-casino-no-deposit-bonus-lottoland-free-spins-gamble-slots-table-video-game-win-huge-on-the-internet/ HTTP/1.1" 200 74190 "-" "Mozilla/5.0 (compatible; DataForSeoBot/1.0; +https://dataforseo.com/dataforseo-bot)" 333 **0/333240**
152.233.4.135 - - [03/Mar/2026:09:21:11 -0700] "POST /xmlrpc.php HTTP/1.1" 200 181 "-" "Mozilla/5.0 (Windows NT 10.0; Win64; x64) AppleWebKit/537.36 (KHTML, like Gecko) Chrome/76.0.3809.100 Safari/537.36" 711 **0/711700**
17.22.237.245 - - [03/Mar/2026:09:21:14 -0700] "GET /dasjenige-sportwetten-willkommenspaket-durch-ninecasino-gibt-bis-zu-4-hundred-%EF%BF%BD-vermittlungsgebuhr-unter-ebendiese-ersten-drei-einzahlungen/ HTTP/1.1" 200 78949 "-" "Mozilla/5.0 (Macintosh; Intel Mac OS X 10_15_7) AppleWebKit/605.1.15 (KHTML, like Gecko) Version/17.4 Safari/605.1.15 (Applebot/0.1; +http://www.apple.com/go/applebot)" 330 **0/330107**
152.233.4.135 - - [03/Mar/2026:09:21:15 -0700] "POST /xmlrpc.php HTTP/1.1" 200 15629 "-" "Mozilla/5.0 (Windows NT 10.0; Win64; x64) AppleWebKit/537.36 (KHTML, like Gecko) Chrome/76.0.3809.100 Safari/537.36" 194 **0/194187**
136.243.220.212 - - [03/Mar/2026:09:21:15 -0700] "GET /double-new-casinos-no-deposit-fairspin-exposure-blackjack-method-laws-simple-tips-to-play/ HTTP/1.1" 200 74393 "-" "Mozilla/5.0 (compatible; DataForSeoBot/1.0; +https://dataforseo.com/dataforseo-bot)" 359 **0/359140**
185.191.171.3 - - [03/Mar/2026:09:21:17 -0700] "GET /you-dont-need-to-help-you-decide-in-to-normal-benefits-system-to-receive-this-type-of-bucks-rewards/ HTTP/1.1" 200 78354 "-" "Mozilla/5.0 (compatible; SemrushBot/7~bl; +http://www.semrush.com/bot.html)" 316 **0/316291**
136.243.220.212 - - [03/Mar/2026:09:21:19 -0700] "GET /karamba-kasino-abzuglich-schnellste-auszahlung-online-casino-slots-mehrerer-fabrikant/ HTTP/1.1" 200 73608 "-" "Mozilla/5.0 (compatible; DataForSeoBot/1.0; +https://dataforseo.com/dataforseo-bot)" 342 **0/342035**
136.243.220.212 - - [03/Mar/2026:09:21:22 -0700] "GET /complete-listing-of-better-on-line-casino-percentage-tips-inside-25-free-spins-no-deposit-casino-the-2023/ HTTP/1.1" 200 74019 "-" "Mozilla/5.0 (compatible; DataForSeoBot/1.0; +https://dataforseo.com/dataforseo-bot)" 346 **0/346915**
57.141.16.64 - - [03/Mar/2026:09:21:24 -0700] "GET /wp-json/oembed/1.0/embed?url=http%3A%2F%2Fwww.icdp.co.in%2Fseamless-cross-device-gaming-master-slot-play-on-rcasino%2F HTTP/1.1" 200 2463 "-" "meta-externalagent/1.1 (+https://developers.facebook.com/docs/sharing/webmasters/crawler)" 137 **0/137751**
185.191.171.19 - - [03/Mar/2026:09:21:24 -0700] "GET /two-strangers-in-1-nameless-chat-site-nothing-else-36/ HTTP/1.1" 200 81941 "-" "Mozilla/5.0 (compatible; SemrushBot/7~bl; +http://www.semrush.com/bot.html)" 334 **0/334735**
136.243.220.212 - - [03/Mar/2026:09:21:26 -0700] "GET /fortunate-forest-position-enjoy-today-with-no-packages/ HTTP/1.1" 200 72250 "-" "Mozilla/5.0 (compatible; DataForSeoBot/1.0; +https://dataforseo.com/dataforseo-bot)" 296 **0/296304**
57.141.16.28 - - [03/Mar/2026:09:21:30 -0700] "GET /wp-json/oembed/1.0/embed?url=http%3A%2F%2Fwww.icdp.co.in%2Fmastering-mobile-table-games-an-expert-playbook-for-real-money-success%2F HTTP/1.1" 200 2533 "-" "meta-externalagent/1.1 (+https://developers.facebook.com/docs/sharing/webmasters/crawler)" 144 **0/144577**
136.243.220.212 - - [03/Mar/2026:09:21:30 -0700] "GET /reddish-chilli-video-slot-because-of-the-amatic/ HTTP/1.1" 200 73546 "-" "Mozilla/5.0 (compatible; DataForSeoBot/1.0; +https://dataforseo.com/dataforseo-bot)" 338 **0/338192**
85.208.96.203 - - [03/Mar/2026:09:21:31 -0700] "GET /%D9%85%D8%B1%D8%A7%D8%AC%D8%B9%D8%A9-%D9%84%D8%B9%D8%A8%D8%A9-desert-benefits-slot-%D9%88%D8%A7%D9%84%D9%85%D9%83%D8%A7%D9%81%D8%A2%D8%AA-%D9%83%D8%AA%D8%A7%D8%A8-%D8%AC%D9%86%D9%88%D8%A8-%D8%A3/ HTTP/1.1" 200 79121 "-" "Mozilla/5.0 (compatible; SemrushBot/7~bl; +http://www.semrush.com/bot.html)" 294 **0/294737**
185.191.171.11 - - [03/Mar/2026:09:21:34 -0700] "GET /definitely-more-totally-free-spins-you-have-made-the-higher-nonetheless-it-actually-usually-that-simple/ HTTP/1.1" 200 78238 "-" "Mozilla/5.0 (compatible; SemrushBot/7~bl; +http://www.semrush.com/bot.html)" 298 **0/298399**
136.243.220.212 - - [03/Mar/2026:09:21:34 -0700] "GET /best-on-casino-roobet-mobile-the-internet-baccarat-casinos-2025-enjoy-real-money-baccaratat/ HTTP/1.1" 200 74131 "-" "Mozilla/5.0 (compatible; DataForSeoBot/1.0; +https://dataforseo.com/dataforseo-bot)" 366 **0/366500**
136.243.220.212 - - [03/Mar/2026:09:21:39 -0700] "GET /caribbean-stud-poker-finest-casino-rizk-mobile-casino-poker-game-on-the-internet-2023/ HTTP/1.1" 200 73962 "-" "Mozilla/5.0 (compatible; DataForSeoBot/1.0; +https://dataforseo.com/dataforseo-bot)" 369 **0/369806**
185.191.171.3 - - [03/Mar/2026:09:21:39 -0700] "GET /style-of-extra-codes-given-into-the-master-cooks-casino/ HTTP/1.1" 200 78276 "-" "Mozilla/5.0 (compatible; SemrushBot/7~bl; +http://www.semrush.com/bot.html)" 305 **0/305904**
85.208.96.195 - - [03/Mar/2026:09:21:42 -0700] "GET /wird-dasjenige-geben-bei-stay-casinos-sicher-unter-anderem-ernst/ HTTP/1.1" 200 79531 "-" "Mozilla/5.0 (compatible; SemrushBot/7~bl; +http://www.semrush.com/bot.html)" 308 **0/308061**
136.243.220.212 - - [03/Mar/2026:09:21:42 -0700] "GET /adobe-generative-ai-2/ HTTP/1.1" 200 249117 "-" "Mozilla/5.0 (compatible; DataForSeoBot/1.0; +https://dataforseo.com/dataforseo-bot)" 485 **0/485518**
85.208.96.209 - - [03/Mar/2026:09:21:44 -0700] "GET /betmgm-missouri-extra-password-shnews1600-ideas-on-how-to-maximize-so-it-1600-mo-wagering-promo/ HTTP/1.1" 200 78562 "-" "Mozilla/5.0 (compatible; SemrushBot/7~bl; +http://www.semrush.com/bot.html)" 309 **0/309264**
17.246.19.211 - - [03/Mar/2026:09:21:45 -0700] "GET /1win-app-869/ HTTP/1.1" 200 83394 "-" "Mozilla/5.0 (Macintosh; Intel Mac OS X 10_15_7) AppleWebKit/605.1.15 (KHTML, like Gecko) Version/17.4 Safari/605.1.15 (Applebot/0.1; +http://www.apple.com/go/applebot)" 376 **0/376690**
185.191.171.5 - - [03/Mar/2026:09:21:46 -0700] "GET /%E0%A4%85%E0%A4%AA%E0%A4%A8%E0%A5%80-%E0%A4%B8%E0%A5%80%E0%A4%AE%E0%A4%BE%E0%A4%8F%E0%A4%81-%E0%A4%9C%E0%A4%BE%E0%A4%A8%E0%A4%A4%E0%A5%87-%E0%A4%B9%E0%A5%81%E0%A4%8F/Book%20of%20Dead%20Casino%20No%20Deposit%20Bonus HTTP/1.1" 404 - "-" "Mozilla/5.0 (compatible; SemrushBot/7~bl; +http://www.semrush.com/bot.html)" 149 **0/149507**
57.141.16.70 - - [03/Mar/2026:09:21:47 -0700] "GET /wp-json/wp/v2/posts/145561 HTTP/1.1" 200 7757 "-" "meta-externalagent/1.1 (+https://developers.facebook.com/docs/sharing/webmasters/crawler)" 135 **0/135353**
136.243.220.212 - - [03/Mar/2026:09:21:47 -0700] "GET /seriose-angeschlossen-casinos-diese-besten-magic-fruits-4-casino-wichtigsten-anbieter-2025/ HTTP/1.1" 200 73660 "-" "Mozilla/5.0 (compatible; DataForSeoBot/1.0; +https://dataforseo.com/dataforseo-bot)" 384 **0/384280**
136.243.220.212 - - [03/Mar/2026:09:21:51 -0700] "GET /local-gnome-slot-free-spins-casino-position-live-black-colored-jack-specialist-series-higher-limit-online-asia-games-signs-said/ HTTP/1.1" 200 72850 "-" "Mozilla/5.0 (compatible; DataForSeoBot/1.0; +https://dataforseo.com/dataforseo-bot)" 300 **0/300168**
85.208.96.209 - - [03/Mar/2026:09:21:54 -0700] "GET /una-asesor-paso-a-paso-con-el-fin-de-preguntar-su-cuenta/ HTTP/1.1" 200 78525 "-" "Mozilla/5.0 (compatible; SemrushBot/7~bl; +http://www.semrush.com/bot.html)" 325 **0/325201**
136.243.220.212 - - [03/Mar/2026:09:21:54 -0700] "GET /amazon-com-abesons-mr-monster-research-swarms-test-tube-2-package-1-inch-themed-swarms-collectible-which-have-swarms-mr-monster-lab-los-angeles-mystery-step-1-inches-figure-unmarried-prepare-step/ HTTP/1.1" 200 74230 "-" "Mozilla/5.0 (compatible; DataForSeoBot/1.0; +https://dataforseo.com/dataforseo-bot)" 328 **0/328546**
54.38.147.149 - - [03/Mar/2026:09:21:55 -0700] "GET /genies-wide-range-online-game-comment-bobby-7s-slot-play-2025-rtp-bonuses-slot-gentleman-burglar-hd-trial-nyla/ HTTP/1.1" 200 71049 "-" "Mozilla/5.0 (compatible; AhrefsBot/7.0; +http://ahrefs.com/robot/)" 316 **0/316904**
57.141.16.3 - - [03/Mar/2026:09:21:57 -0700] "GET /wp-json/wp/v2/posts/146447 HTTP/1.1" 200 7681 "-" "meta-externalagent/1.1 (+https://developers.facebook.com/docs/sharing/webmasters/crawler)" 162 **0/162295**
136.243.220.212 - - [03/Mar/2026:09:21:59 -0700] "GET /vtg-y2k-monty-python-their-merely-an-excellent-tissue-wound-funny-tee-green-size-x-high/ HTTP/1.1" 200 73355 "-" "Mozilla/5.0 (compatible; DataForSeoBot/1.0; +https://dataforseo.com/dataforseo-bot)" 304 **0/304550**
136.243.220.212 - - [03/Mar/2026:09:22:02 -0700] "GET /designs-new-no-deposit-king-billy-hands-carved-onyx-stone-idol-aztec-maya-olmec-tiki-shaman-totem-statue-blue/ HTTP/1.1" 200 74907 "-" "Mozilla/5.0 (compatible; DataForSeoBot/1.0; +https://dataforseo.com/dataforseo-bot)" 444 **0/444310**
185.191.171.3 - - [03/Mar/2026:09:22:05 -0700] "GET /category/bcgame28022/ HTTP/1.1" 200 76415 "-" "Mozilla/5.0 (compatible; SemrushBot/7~bl; +http://www.semrush.com/bot.html)" 426 **0/426870**
136.243.220.212 - - [03/Mar/2026:09:22:07 -0700] "GET /publication-away-from-pharaon-mega-joker-slot-machine-hd-technical-control/ HTTP/1.1" 200 73888 "-" "Mozilla/5.0 (compatible; DataForSeoBot/1.0; +https://dataforseo.com/dataforseo-bot)" 348 **0/348752**
57.141.16.92 - - [03/Mar/2026:09:22:07 -0700] "GET /?p=150141 HTTP/1.1" 301 - "-" "meta-externalagent/1.1 (+https://developers.facebook.com/docs/sharing/webmasters/crawler)" 153 **0/153451**
57.141.16.55 - - [03/Mar/2026:09:22:09 -0700] "GET /this-is-one-of-the-first-playing-organization-for-the-on-line-gaming-as-a-whole/feed/ HTTP/1.1" 200 982 "-" "meta-externalagent/1.1 (+https://developers.facebook.com/docs/sharing/webmasters/crawler)" 130 **0/130611**
136.243.220.212 - - [03/Mar/2026:09:22:10 -0700] "GET /kazino-onlajn-2025-poluchite-nezabyvaemye-135/ HTTP/1.1" 200 73714 "-" "Mozilla/5.0 (compatible; DataForSeoBot/1.0; +https://dataforseo.com/dataforseo-bot)" 375 **0/375131**
57.141.16.69 - - [03/Mar/2026:09:22:13 -0700] "GET /filipino-cupid-unlocking-the-top-filipino-dating-experience/feed/ HTTP/1.1" 200 923 "-" "meta-externalagent/1.1 (+https://developers.facebook.com/docs/sharing/webmasters/crawler)" 159 **0/159566**
136.243.220.212 - - [03/Mar/2026:09:22:14 -0700] "GET /bis-chf-1500-willkommensbonus-a-hundred-and-fifty-freispiele-bis-chf-10000-pramie-3-hundred-freispiele-solange-bis/ HTTP/1.1" 200 72542 "-" "Mozilla/5.0 (compatible; DataForSeoBot/1.0; +https://dataforseo.com/dataforseo-bot)" 351 **0/351384**
85.208.96.209 - - [03/Mar/2026:09:22:18 -0700] "GET /motogp-uk-gp-quartararo-seals-pole-hat-secret-bagnaia-forces-marc-marquez-to-help-you-line-a-couple-of/ HTTP/1.1" 200 80863 "-" "Mozilla/5.0 (compatible; SemrushBot/7~bl; +http://www.semrush.com/bot.html)" 351 **0/351510**
136.243.220.212 - - [03/Mar/2026:09:22:19 -0700] "GET /candy-goals-promo-codes-24-casino-position-by-games-global-enjoy-demo-otherwise-find-the-better-casino/ HTTP/1.1" 200 74529 "-" "Mozilla/5.0 (compatible; DataForSeoBot/1.0; +https://dataforseo.com/dataforseo-bot)" 413 **0/413791**
85.208.96.197 - - [03/Mar/2026:09:22:21 -0700] "GET /witryna-beonbet-bonus-polska-naczelna-zbyt-automatow-do-komputerow/ HTTP/1.1" 200 79799 "-" "Mozilla/5.0 (compatible; SemrushBot/7~bl; +http://www.semrush.com/bot.html)" 319 **0/319363**
85.208.96.204 - - [03/Mar/2026:09:22:23 -0700] "GET /finest-all-of-us-on-line-casino-bonuses-finest-also-offers-to-possess-2026/ HTTP/1.1" 200 78916 "-" "Mozilla/5.0 (compatible; SemrushBot/7~bl; +http://www.semrush.com/bot.html)" 334 **0/334894**
136.243.220.212 - - [03/Mar/2026:09:22:23 -0700] "GET /greatest-ggpoker-added-21bet-app-bonus-coupons-2025/ HTTP/1.1" 200 74075 "-" "Mozilla/5.0 (compatible; DataForSeoBot/1.0; +https://dataforseo.com/dataforseo-bot)" 407 **0/407707**
68.178.232.37 - - [03/Mar/2026:09:22:26 -0700] "GET /.well-known/acme-challenge/C6SFCOPUQ_EEU5MG89Q_T6LDRZD72Q3Y HTTP/1.1" 200 64 "-" "Cpanel-HTTP-Client/1.0" 7 **0/7969**
68.178.232.37 - - [03/Mar/2026:09:22:27 -0700] "GET /.well-known/acme-challenge/U4EGTF52475HH0JI178S1U4IV_H4UMYM HTTP/1.1" 200 64 "-" "Cpanel-HTTP-Client/1.0" 6 **0/6818**
68.178.232.37 - - [03/Mar/2026:09:22:27 -0700] "GET /.well-known/acme-challenge/HW55T12470P1RM5L1SAU6ECJ32BDBP1E HTTP/1.1" 200 64 "-" "Cpanel-HTTP-Client/1.0" 4 **0/4565**
136.243.220.212 - - [03/Mar/2026:09:22:27 -0700] "GET /soluciona-a-las-rock-climber-paypal-tragaperras-sin-cargo/ HTTP/1.1" 200 73719 "-" "Mozilla/5.0 (compatible; DataForSeoBot/1.0; +https://dataforseo.com/dataforseo-bot)" 308 **0/308182**
68.178.232.37 - - [03/Mar/2026:09:22:29 -0700] "GET /.well-known/acme-challenge/4ZEQ1YM20BYB3UYSU5ZGMSFL8EXSG9L4 HTTP/1.1" 200 64 "-" "Cpanel-HTTP-Client/1.0" 7 **0/7113**
68.178.232.37 - - [03/Mar/2026:09:22:29 -0700] "GET /.well-known/acme-challenge/XZUVEMDQV1J33NGG5UNP_7-RTL01824T HTTP/1.1" 200 64 "-" "Cpanel-HTTP-Client/1.0" 7 **0/7291**
136.243.220.212 - - [03/Mar/2026:09:22:31 -0700] "GET /an-informed-live-agent-on-line-no-deposit-iwinfortune-play-on-the-online-blackjackpro-montecarlo-singlehand-gambling-enterprises-research-black-owned-provider-enterprises/ HTTP/1.1" 200 74379 "-" "Mozilla/5.0 (compatible; DataForSeoBot/1.0; +https://dataforseo.com/dataforseo-bot)" 309 **0/309707**
136.243.220.212 - - [03/Mar/2026:09:22:36 -0700] "GET /finest-totally-free-revolves-no-deposit-incentive-codes-to-have-11-oct-2025/ HTTP/1.1" 200 72032 "-" "Mozilla/5.0 (compatible; DataForSeoBot/1.0; +https://dataforseo.com/dataforseo-bot)" 332 **0/332159**
57.141.16.70 - - [03/Mar/2026:09:22:38 -0700] "GET /wp-json/oembed/1.0/embed?url=http%3A%2F%2Fwww.icdp.co.in%2Fquels-englobent-leurs-obstacles-de-miser-au-coeur-dun-neuf-casino-un-brin%2F HTTP/1.1" 200 2557 "-" "meta-externalagent/1.1 (+https://developers.facebook.com/docs/sharing/webmasters/crawler)" 159 **0/159626**
57.141.16.86 - - [03/Mar/2026:09:22:39 -0700] "GET /des-cinq-plus-grands-toutes-dernieres-nouvelles-machine-vers-au-dessous-desinteressees-sans-avoir-i%ef%bf%bd-telechargement/feed/ HTTP/1.1" 200 1108 "-" "meta-externalagent/1.1 (+https://developers.facebook.com/docs/sharing/webmasters/crawler)" 159 **0/159087**
136.243.220.212 - - [03/Mar/2026:09:22:40 -0700] "GET /garden-casino-power-stars-rtp-slots-games-online-of-riches-slot-reel-kings-150-kostenlose-spins-bewertungen-syllabus/ HTTP/1.1" 200 73871 "-" "Mozilla/5.0 (compatible; DataForSeoBot/1.0; +https://dataforseo.com/dataforseo-bot)" 362 **0/362220**
57.141.16.67 - - [03/Mar/2026:09:22:43 -0700] "GET /?p=149887 HTTP/1.1" 301 - "-" "meta-externalagent/1.1 (+https://developers.facebook.com/docs/sharing/webmasters/crawler)" 151 **0/151727**
136.243.220.212 - - [03/Mar/2026:09:22:44 -0700] "GET /beste-online-casinos-2025-casino-wild-water-seriose-top-angeschlossen-casinos-inoffizieller-mitarbeiter-untersuchung/ HTTP/1.1" 200 73697 "-" "Mozilla/5.0 (compatible; DataForSeoBot/1.0; +https://dataforseo.com/dataforseo-bot)" 331 **0/331384**
57.141.16.92 - - [03/Mar/2026:09:22:47 -0700] "GET /wp-json/wp/v2/posts/146882 HTTP/1.1" 200 10916 "-" "meta-externalagent/1.1 (+https://developers.facebook.com/docs/sharing/webmasters/crawler)" 140 **0/140053**
57.141.16.27 - - [03/Mar/2026:09:22:48 -0700] "GET /?p=148844 HTTP/1.1" 301 - "-" "meta-externalagent/1.1 (+https://developers.facebook.com/docs/sharing/webmasters/crawler)" 152 **0/152325**
136.243.220.212 - - [03/Mar/2026:09:22:49 -0700] "GET /paysafecard-gambling-enterprises-game-solutions-and-you-may-app-company/ HTTP/1.1" 200 71447 "-" "Mozilla/5.0 (compatible; DataForSeoBot/1.0; +https://dataforseo.com/dataforseo-bot)" 330 **0/330303**
136.243.220.212 - - [03/Mar/2026:09:22:52 -0700] "GET /playtech-casino-verzeichnis-mario-muhlbauer-strom-und-personaltrainer/ HTTP/1.1" 200 73232 "-" "Mozilla/5.0 (compatible; DataForSeoBot/1.0; +https://dataforseo.com/dataforseo-bot)" 299 **0/299898**
68.178.232.37 - - [03/Mar/2026:09:22:57 -0700] "POST /wp-cron.php?doing_wp_cron=1772554977.2882308959960937500000 HTTP/1.1" 200 - "http://www.icdp.co.in/wp-cron.php?doing_wp_cron=1772554977.2882308959960937500000" "WordPress/5.7.8; http://www.icdp.co.in" 196 **0/196036**
136.243.220.212 - - [03/Mar/2026:09:22:57 -0700] "GET /better-nascar-finest-odyssey-step-1-put-2025-betting-internet-sites-2025-greatest-united-states-on-the-internet-sportsbooks-zero-sneak-floors-options/ HTTP/1.1" 200 73244 "-" "Mozilla/5.0 (compatible; DataForSeoBot/1.0; +https://dataforseo.com/dataforseo-bot)" 526 **0/526793**
136.243.220.212 - - [03/Mar/2026:09:23:01 -0700] "GET /promo-quelltext-pro-roulettino-deutschland-bonus-verbunden-casinos-exklusive-einzahlung-ho-ho-ho-1-sicherheit-april-2025/ HTTP/1.1" 200 74060 "-" "Mozilla/5.0 (compatible; DataForSeoBot/1.0; +https://dataforseo.com/dataforseo-bot)" 417 **0/417443**
43.173.174.16 - - [03/Mar/2026:09:23:02 -0700] "GET /an-effective-2-hundred-put-complement-to-help-you-10000-audio-unbelievable-on-the-surface-doesnt-it/ HTTP/1.1" 200 78440 "-" "Mozilla/5.0 (Windows NT 10.0; Win64; x64) AppleWebKit/537.36 (KHTML, like Gecko) Chrome/106.0.5249.119 Safari/537.36" 710 **0/710640**
43.173.177.3 - - [03/Mar/2026:09:23:04 -0700] "GET /selbstverstandlich-besteht-das-grote-kontrast-dadrin-wirklich-so-kostenlose-casino-spiele-abzuglich-anmeldung-uber-spielgeld-barrel/ HTTP/1.1" 200 78881 "-" "Mozilla/5.0 (Windows NT 10.0; Win64; x64) AppleWebKit/537.36 (KHTML, like Gecko) Chrome/104.0.5112.81 Safari/537.36" 339 **0/339743**
136.243.220.212 - - [03/Mar/2026:09:23:05 -0700] "GET /large-5-forest-jackpot-position-online-game-review/ HTTP/1.1" 200 72188 "-" "Mozilla/5.0 (compatible; DataForSeoBot/1.0; +https://dataforseo.com/dataforseo-bot)" 349 **0/349341**
57.141.16.49 - - [03/Mar/2026:09:23:07 -0700] "GET /wp-json/wp/v2/posts/150137 HTTP/1.1" 200 10722 "-" "meta-externalagent/1.1 (+https://developers.facebook.com/docs/sharing/webmasters/crawler)" 167 **0/167113**
136.243.220.212 - - [03/Mar/2026:09:23:08 -0700] "GET /official/ HTTP/1.1" 200 73750 "-" "Mozilla/5.0 (compatible; DataForSeoBot/1.0; +https://dataforseo.com/dataforseo-bot)" 321 **0/321792**
43.173.179.157 - - [03/Mar/2026:09:23:10 -0700] "GET /levante-transcurso-es-forzoso-asi%ef%bf%bd-como-estandar-en-las-parejas-lugares-de-juegos-confiables/ HTTP/1.1" 200 78595 "-" "Mozilla/5.0 (Windows NT 10.0; Win64; x64) AppleWebKit/537.36 (KHTML, like Gecko) Chrome/105.0.0.0 Safari/537.3" 693 **0/693547**
43.173.182.91 - - [03/Mar/2026:09:23:10 -0700] "GET /1win-vhod-982/ HTTP/1.1" 200 81945 "-" "Mozilla/5.0 (Windows NT 10.0; Win64; x64) AppleWebKit/537.36 (KHTML, like Gecko) Chrome/116.0.0.0 Safari/537.36" 855 **0/855500**
136.243.220.212 - - [03/Mar/2026:09:23:12 -0700] "GET /beste-erreichbar-spielhalle-75-freispiele-nicht-unlimluck-geburtstagsbonus-fruher-als-1-einzahlung/ HTTP/1.1" 200 73777 "-" "Mozilla/5.0 (compatible; DataForSeoBot/1.0; +https://dataforseo.com/dataforseo-bot)" 333 **0/333959**
136.243.220.212 - - [03/Mar/2026:09:23:17 -0700] "GET /live-response-since-the-lando-norris-sets-blistering-fp3-rate-just-before-monza-being-qualified/ HTTP/1.1" 200 73992 "-" "Mozilla/5.0 (compatible; DataForSeoBot/1.0; +https://dataforseo.com/dataforseo-bot)" 353 **0/353859**
43.173.175.140 - - [03/Mar/2026:09:23:19 -0700] "GET /1win-official-949/ HTTP/1.1" 200 82955 "-" "Mozilla/5.0 (Windows NT 10.0; Win64; x64) AppleWebKit/537.36 (KHTML, like Gecko) Chrome/116.0.0.0 Safari/537.36" 310 **0/310543**
136.243.220.212 - - [03/Mar/2026:09:23:22 -0700] "GET /cashapillar-position-remark-online-casino-without-confirmation-play-the-microgaming-game-100percent-free-my-wild-dice-aviator-app-download-personal-blog/ HTTP/1.1" 200 74176 "-" "Mozilla/5.0 (compatible; DataForSeoBot/1.0; +https://dataforseo.com/dataforseo-bot)" 365 **0/365032**
136.243.220.212 - - [03/Mar/2026:09:23:26 -0700] "GET /gratis-spillemaskiner-i-dannevan-spilleautomater-sikken-morskab-eksklusiv-penge-king-kong-slotspil-2023/ HTTP/1.1" 200 73189 "-" "Mozilla/5.0 (compatible; DataForSeoBot/1.0; +https://dataforseo.com/dataforseo-bot)" 309 **0/309500**
43.173.174.222 - - [03/Mar/2026:09:23:27 -0700] "GET /mostbet-casino-722-2/ HTTP/1.1" 200 81586 "-" "Mozilla/5.0 (Windows NT 10.0; Win64; x64) AppleWebKit/537.36 (KHTML, like Gecko) Chrome/108.0.0.0 Safari/537.36" 289 **0/289839**
136.243.220.212 - - [03/Mar/2026:09:23:31 -0700] "GET /mega-millions-lottery-jackpot-climbs-so-you-can-650-million-digital-brief/ HTTP/1.1" 200 73502 "-" "Mozilla/5.0 (compatible; DataForSeoBot/1.0; +https://dataforseo.com/dataforseo-bot)" 320 **0/320700**
57.141.16.81 - - [03/Mar/2026:09:23:35 -0700] "GET /?p=146860 HTTP/1.1" 301 - "-" "meta-externalagent/1.1 (+https://developers.facebook.com/docs/sharing/webmasters/crawler)" 130 **0/130866**
136.243.220.212 - - [03/Mar/2026:09:23:36 -0700] "GET /top-rated-british-casinos-on-the-internet-for-2022/ HTTP/1.1" 200 73053 "-" "Mozilla/5.0 (compatible; DataForSeoBot/1.0; +https://dataforseo.com/dataforseo-bot)" 313 **0/313804**
136.243.220.212 - - [03/Mar/2026:09:23:40 -0700] "GET /bestes-verbunden-kasino-casino-online-legal-echtgeld-in-brd-geldspiele/ HTTP/1.1" 200 73465 "-" "Mozilla/5.0 (compatible; DataForSeoBot/1.0; +https://dataforseo.com/dataforseo-bot)" 317 **0/317993**
57.141.16.40 - - [03/Mar/2026:09:23:40 -0700] "GET /wp-json/wp/v2/posts/146131 HTTP/1.1" 200 7738 "-" "meta-externalagent/1.1 (+https://developers.facebook.com/docs/sharing/webmasters/crawler)" 164 **0/164946**
136.243.220.212 - - [03/Mar/2026:09:23:44 -0700] "GET /hasil-dash-race-motogp-qatar-2025-marc-marquez-juara/ HTTP/1.1" 200 74176 "-" "Mozilla/5.0 (compatible; DataForSeoBot/1.0; +https://dataforseo.com/dataforseo-bot)" 348 **0/348997**
136.243.220.212 - - [03/Mar/2026:09:23:48 -0700] "GET /kometa-onlajn-kazino-v-rossii-obzor-8186/ HTTP/1.1" 200 73126 "-" "Mozilla/5.0 (compatible; DataForSeoBot/1.0; +https://dataforseo.com/dataforseo-bot)" 317 **0/317043**
57.141.16.58 - - [03/Mar/2026:09:23:52 -0700] "GET /auf-diese-weise-wahlt-nightrush-selbige-erfolgreichsten-1-ecu-einzahlung-casinos-nicht-mehr-da/feed/ HTTP/1.1" 200 1027 "-" "meta-externalagent/1.1 (+https://developers.facebook.com/docs/sharing/webmasters/crawler)" 199 **0/199992**
136.243.220.212 - - [03/Mar/2026:09:23:54 -0700] "GET /best-esports-betting-sites-in-the-usa-wager-on-esports-on-the-internet-for-2025/ HTTP/1.1" 200 73174 "-" "Mozilla/5.0 (compatible; DataForSeoBot/1.0; +https://dataforseo.com/dataforseo-bot)" 353 **0/353983**
136.243.220.212 - - [03/Mar/2026:09:23:58 -0700] "GET /giros-bacarat-play-online-gratuito-sobre-casinos-online-2025-tratar-falto-tanque%E2%80%8B/ HTTP/1.1" 200 73552 "-" "Mozilla/5.0 (compatible; DataForSeoBot/1.0; +https://dataforseo.com/dataforseo-bot)" 330 **0/330860**
136.243.220.212 - - [03/Mar/2026:09:24:02 -0700] "GET /online-casino-opdage-release-the-kraken-1-depositum-bedste-danske-pa-casinoer/ HTTP/1.1" 200 72111 "-" "Mozilla/5.0 (compatible; DataForSeoBot/1.0; +https://dataforseo.com/dataforseo-bot)" 421 **0/421612**
136.243.220.212 - - [03/Mar/2026:09:24:07 -0700] "GET /jaxx-flashdash-einzahlungsbonus-probe-der-sportwetten-ernahrer-im-abmachung-2025/ HTTP/1.1" 200 74001 "-" "Mozilla/5.0 (compatible; DataForSeoBot/1.0; +https://dataforseo.com/dataforseo-bot)" 349 **0/349027**
136.243.220.212 - - [03/Mar/2026:09:24:10 -0700] "GET /greatest-online-black-jack-casinos-the-real-deal-currency-royalgame-bonus-winnings-huge-today/ HTTP/1.1" 200 74232 "-" "Mozilla/5.0 (compatible; DataForSeoBot/1.0; +https://dataforseo.com/dataforseo-bot)" 346 **0/346827**
136.243.220.212 - - [03/Mar/2026:09:24:15 -0700] "GET /reddish-gambling-enterprise-remark-everything-you-need-to-learn/ HTTP/1.1" 200 72460 "-" "Mozilla/5.0 (compatible; DataForSeoBot/1.0; +https://dataforseo.com/dataforseo-bot)" 367 **0/367787**
136.243.220.212 - - [03/Mar/2026:09:24:18 -0700] "GET /kasino-maklercourtage-blos-einzahlung-2025-die-diese-seite-untersuchen-besten-no-abschlagzahlung-boni/ HTTP/1.1" 200 73997 "-" "Mozilla/5.0 (compatible; DataForSeoBot/1.0; +https://dataforseo.com/dataforseo-bot)" 333 **0/333388**
136.243.220.212 - - [03/Mar/2026:09:24:22 -0700] "GET /100-percent-free-slot-machine-games-as-opposed-to-getting-otherwise-membership/ HTTP/1.1" 200 72044 "-" "Mozilla/5.0 (compatible; DataForSeoBot/1.0; +https://dataforseo.com/dataforseo-bot)" 342 **0/342907**
68.178.232.37 - - [03/Mar/2026:09:24:26 -0700] "POST /wp-cron.php?doing_wp_cron=1772555066.6637790203094482421875 HTTP/1.1" 200 - "http://www.icdp.co.in/wp-cron.php?doing_wp_cron=1772555066.6637790203094482421875" "WordPress/5.7.8; http://www.icdp.co.in" 235 **0/235219**
136.243.220.212 - - [03/Mar/2026:09:24:26 -0700] "GET /individual-webpages/ HTTP/1.1" 200 74000 "-" "Mozilla/5.0 (compatible; DataForSeoBot/1.0; +https://dataforseo.com/dataforseo-bot)" 630 **0/630111**
136.243.220.212 - - [03/Mar/2026:09:24:30 -0700] "GET /chill-nv-casino-bonus-while-the-freeze-an-awesome-since-the-ice-music-adventure/ HTTP/1.1" 200 72931 "-" "Mozilla/5.0 (compatible; DataForSeoBot/1.0; +https://dataforseo.com/dataforseo-bot)" 309 **0/309753**
136.243.220.212 - - [03/Mar/2026:09:24:35 -0700] "GET /greatest-real-time-specialist-gambling-games-the-real-booi-mobile-app-download-deal-profit-2025/ HTTP/1.1" 200 72928 "-" "Mozilla/5.0 (compatible; DataForSeoBot/1.0; +https://dataforseo.com/dataforseo-bot)" 332 **0/332964**
136.243.220.212 - - [03/Mar/2026:09:24:38 -0700] "GET /i-preimushhestva-populjarnogo-onlajn-poker-ruma-i-77/ HTTP/1.1" 200 73690 "-" "Mozilla/5.0 (compatible; DataForSeoBot/1.0; +https://dataforseo.com/dataforseo-bot)" 318 **0/318460**
136.243.220.212 - - [03/Mar/2026:09:24:42 -0700] "GET /best-sweepstake-casino-real-cash-internet-sites-realprize-crowncoins-mcluck-october-21/ HTTP/1.1" 200 72087 "-" "Mozilla/5.0 (compatible; DataForSeoBot/1.0; +https://dataforseo.com/dataforseo-bot)" 356 **0/356071**
57.141.16.3 - - [03/Mar/2026:09:24:45 -0700] "GET /user-feel-having-ding-ding-dings-customer-support-have-been-blended/feed/ HTTP/1.1" 200 953 "-" "meta-externalagent/1.1 (+https://developers.facebook.com/docs/sharing/webmasters/crawler)" 120 **0/120336**
136.243.220.212 - - [03/Mar/2026:09:24:47 -0700] "GET /bonanza-megaways-twelve-totally-free-revolves-no-deposit/ HTTP/1.1" 200 72116 "-" "Mozilla/5.0 (compatible; DataForSeoBot/1.0; +https://dataforseo.com/dataforseo-bot)" 405 **0/405376**
136.243.220.212 - - [03/Mar/2026:09:24:51 -0700] "GET /motogp-race-race-comes-from-phillip-area-motorcycle-driving-race-tech-news/ HTTP/1.1" 200 73884 "-" "Mozilla/5.0 (compatible; DataForSeoBot/1.0; +https://dataforseo.com/dataforseo-bot)" 306 **0/306864**
136.243.220.212 - - [03/Mar/2026:09:24:54 -0700] "GET /industry-show-ai-forecasts-chatgpts-find-so-you-can-earn-mlb-tournament-greatest-a-lot-of-time-sample-no-deposit-primebetz-mobile-within-the-2025/ HTTP/1.1" 200 74753 "-" "Mozilla/5.0 (compatible; DataForSeoBot/1.0; +https://dataforseo.com/dataforseo-bot)" 321 **0/321313**
68.178.232.37 - - [03/Mar/2026:09:24:59 -0700] "POST /wp-cron.php?doing_wp_cron=1772555099.2103250026702880859375 HTTP/1.1" 200 - "http://www.icdp.co.in/wp-cron.php?doing_wp_cron=1772555099.2103250026702880859375" "WordPress/5.7.8; http://www.icdp.co.in" 230 **0/230336**
136.243.220.212 - - [03/Mar/2026:09:24:59 -0700] "GET /can-i-make-a-deposit-during-the-casino-poker-place/ HTTP/1.1" 200 71211 "-" "Mozilla/5.0 (compatible; DataForSeoBot/1.0; +https://dataforseo.com/dataforseo-bot)" 556 **0/556843**
136.243.220.212 - - [03/Mar/2026:09:25:02 -0700] "GET /no-deposit-bonus-casinos-canada-new-number-within-the-oct-2025/ HTTP/1.1" 200 71993 "-" "Mozilla/5.0 (compatible; DataForSeoBot/1.0; +https://dataforseo.com/dataforseo-bot)" 674 **0/674132**
136.243.220.212 - - [03/Mar/2026:09:25:06 -0700] "GET /casino-nirvana-online-recommendations-fraud-legitimate-otherwise-safe-look-at/ HTTP/1.1" 200 72582 "-" "Mozilla/5.0 (compatible; DataForSeoBot/1.0; +https://dataforseo.com/dataforseo-bot)" 494 **0/494975**
136.243.220.212 - - [03/Mar/2026:09:25:10 -0700] "GET /kasino-medmindre-rofus-omtale-hvilken-man-elektronskal-space-wars-slot-free-spins-forma-hvis-dansker-kasino-eksklusiv-rofus/ HTTP/1.1" 200 73205 "-" "Mozilla/5.0 (compatible; DataForSeoBot/1.0; +https://dataforseo.com/dataforseo-bot)" 382 **0/382199**
136.243.220.212 - - [03/Mar/2026:09:25:14 -0700] "GET /welche-offerte-gespanntheit-und-zahlreiche-glucksspiele-genau-so-wie-poker-live-roulette-blackjack-und-spielautomaten-angeschaltet/ HTTP/1.1" 200 73273 "-" "Mozilla/5.0 (compatible; DataForSeoBot/1.0; +https://dataforseo.com/dataforseo-bot)" 337 **0/337180**
57.141.16.24 - - [03/Mar/2026:09:25:15 -0700] "GET /icefishing-casino/feed/ HTTP/1.1" 200 796 "-" "meta-externalagent/1.1 (+https://developers.facebook.com/docs/sharing/webmasters/crawler)" 148 **0/148568**
136.243.220.212 - - [03/Mar/2026:09:25:19 -0700] "GET /doctor-teaches-you-ideas-on-how-to-manage-casino-hippodrome-100-free-spins-a-straightforward-real-test-that-can-also-be-predict-the-longevity/ HTTP/1.1" 200 74913 "-" "Mozilla/5.0 (compatible; DataForSeoBot/1.0; +https://dataforseo.com/dataforseo-bot)" 380 **0/380091**
17.241.75.78 - - [03/Mar/2026:09:25:20 -0700] "GET /slots-como-jogos-puerilidade-50-rodadas-gratis-sem-deposito-golden-sevens-casino-gratis-online-3000-jogos-puerilidade-casino-dado/ HTTP/1.1" 200 80301 "-" "Mozilla/5.0 (Macintosh; Intel Mac OS X 10_15_7) AppleWebKit/605.1.15 (KHTML, like Gecko) Version/17.4 Safari/605.1.15 (Applebot/0.1; +http://www.apple.com/go/applebot)" 360 **0/360504**
136.243.220.212 - - [03/Mar/2026:09:25:22 -0700] "GET /greatest-online-poker-websites-sizzling-hot-no-download-casino-game-to-experience-for-real-cash-in-2025/ HTTP/1.1" 200 74591 "-" "Mozilla/5.0 (compatible; DataForSeoBot/1.0; +https://dataforseo.com/dataforseo-bot)" 324 **0/324828**
136.243.220.212 - - [03/Mar/2026:09:25:26 -0700] "GET /1win-registracija-v-bukmekerskoj-kontore-1vin-1572/ HTTP/1.1" 200 72037 "-" "Mozilla/5.0 (compatible; DataForSeoBot/1.0; +https://dataforseo.com/dataforseo-bot)" 365 **0/365800**
136.243.220.212 - - [03/Mar/2026:09:25:30 -0700] "GET /casino-un-brin-belgique-jeu-pour-casino/ HTTP/1.1" 200 72699 "-" "Mozilla/5.0 (compatible; DataForSeoBot/1.0; +https://dataforseo.com/dataforseo-bot)" 340 **0/340131**
136.243.220.212 - - [03/Mar/2026:09:25:35 -0700] "GET /finest-online-slots-games-for-real-money-from-the-internet-casino-websites-programs/ HTTP/1.1" 200 72201 "-" "Mozilla/5.0 (compatible; DataForSeoBot/1.0; +https://dataforseo.com/dataforseo-bot)" 330 **0/330188**
57.141.16.16 - - [03/Mar/2026:09:25:37 -0700] "GET /wp-json/wp/v2/posts/148594 HTTP/1.1" 200 7547 "-" "meta-externalagent/1.1 (+https://developers.facebook.com/docs/sharing/webmasters/crawler)" 144 **0/144825**
136.243.220.212 - - [03/Mar/2026:09:25:39 -0700] "GET /spend-posting-casino-no-deposit-primebetz-2025-and-you-will-save-money-which-have-paypal/ HTTP/1.1" 200 73888 "-" "Mozilla/5.0 (compatible; DataForSeoBot/1.0; +https://dataforseo.com/dataforseo-bot)" 361 **0/361217**
136.243.220.212 - - [03/Mar/2026:09:25:42 -0700] "GET /1xbet-zerkalo-1khbet-ofitsialnyi-sait-prokhod-na-segodnia/ HTTP/1.1" 200 79646 "-" "Mozilla/5.0 (compatible; DataForSeoBot/1.0; +https://dataforseo.com/dataforseo-bot)" 366 **0/366159**
198.244.240.92 - - [03/Mar/2026:09:25:44 -0700] "GET /a-knowledgeable-sites-dont-simply-bring-bitcoin-and-you-may-call-it-a-go-out/ HTTP/1.1" 200 71483 "-" "Mozilla/5.0 (compatible; AhrefsBot/7.0; +http://ahrefs.com/robot/)" 345 **0/345823**
57.141.16.56 - - [03/Mar/2026:09:25:45 -0700] "GET /?p=150241 HTTP/1.1" 301 - "-" "meta-externalagent/1.1 (+https://developers.facebook.com/docs/sharing/webmasters/crawler)" 148 **0/148091**
136.243.220.212 - - [03/Mar/2026:09:25:46 -0700] "GET /gambling-bar-local-casino-extra-skip-midas-1-put-rules-with-no-put-bonuses-2025/ HTTP/1.1" 200 73320 "-" "Mozilla/5.0 (compatible; DataForSeoBot/1.0; +https://dataforseo.com/dataforseo-bot)" 701 **0/701597**
136.243.220.212 - - [03/Mar/2026:09:25:50 -0700] "GET /genial-relacion-de-maquinas-tragamonedas-tragamonedas-king-of-cards-gratuito/ HTTP/1.1" 200 73759 "-" "Mozilla/5.0 (compatible; DataForSeoBot/1.0; +https://dataforseo.com/dataforseo-bot)" 310 **0/310881**
136.243.220.212 - - [03/Mar/2026:09:25:54 -0700] "GET /energy-spielsaal-gibt-manche-zahlungsmethoden-an-oder-zugeschnitten-ein-spielerlebnis-bei-abwechslungsreiche-transaktionen-weiters-zahlungsflexibilitat/ HTTP/1.1" 200 72260 "-" "Mozilla/5.0 (compatible; DataForSeoBot/1.0; +https://dataforseo.com/dataforseo-bot)" 314 **0/314182**
136.243.220.212 - - [03/Mar/2026:09:25:58 -0700] "GET /best-bitcoin-crypto-gambling-enterprise-incentives-2025/ HTTP/1.1" 200 71752 "-" "Mozilla/5.0 (compatible; DataForSeoBot/1.0; +https://dataforseo.com/dataforseo-bot)" 352 **0/352531**
136.243.220.212 - - [03/Mar/2026:09:26:02 -0700] "GET /captain-venture-gebuhrenfrei-thief-150-kostenlose-spins-bewertungen-jedoch-original-quellseite-anmeldung-vortragen-2025-my-blog/ HTTP/1.1" 200 73951 "-" "Mozilla/5.0 (compatible; DataForSeoBot/1.0; +https://dataforseo.com/dataforseo-bot)" 328 **0/328356**
136.243.220.212 - - [03/Mar/2026:09:26:06 -0700] "GET /5-minimum-put-casinos-on-the-internet-2025/ HTTP/1.1" 200 71902 "-" "Mozilla/5.0 (compatible; DataForSeoBot/1.0; +https://dataforseo.com/dataforseo-bot)" 328 **0/328900**
136.243.220.212 - - [03/Mar/2026:09:26:10 -0700] "GET /betsoft-gambling-establishment-app-superior-games-better-united-states-gambling-enterprises-big-bad-wolf-games-for-mac-free-spins-no-deposit-in-the-2025/ HTTP/1.1" 200 74083 "-" "Mozilla/5.0 (compatible; DataForSeoBot/1.0; +https://dataforseo.com/dataforseo-bot)" 360 **0/360854**
57.141.16.91 - - [03/Mar/2026:09:26:13 -0700] "GET /wp-json/wp/v2/posts/148970 HTTP/1.1" 200 6992 "-" "meta-externalagent/1.1 (+https://developers.facebook.com/docs/sharing/webmasters/crawler)" 144 **0/144124**
136.243.220.212 - - [03/Mar/2026:09:26:14 -0700] "GET /marathonbet-promo-code-promotions-october-2025/ HTTP/1.1" 200 72969 "-" "Mozilla/5.0 (compatible; DataForSeoBot/1.0; +https://dataforseo.com/dataforseo-bot)" 346 **0/346181**
57.141.16.70 - - [03/Mar/2026:09:26:17 -0700] "GET /wp-json/wp/v2/posts/148802 HTTP/1.1" 200 6279 "-" "meta-externalagent/1.1 (+https://developers.facebook.com/docs/sharing/webmasters/crawler)" 170 **0/170800**
136.243.220.212 - - [03/Mar/2026:09:26:18 -0700] "GET /massiv-cashmio-casino-2025-probe-fruit-sensation-casino-ferner-erfahrungen-maklercourtage/ HTTP/1.1" 200 73173 "-" "Mozilla/5.0 (compatible; DataForSeoBot/1.0; +https://dataforseo.com/dataforseo-bot)" 373 **0/373126**
57.141.16.89 - - [03/Mar/2026:09:26:21 -0700] "GET /wp-json/wp/v2/posts/149194 HTTP/1.1" 200 10234 "-" "meta-externalagent/1.1 (+https://developers.facebook.com/docs/sharing/webmasters/crawler)" 171 **0/171198**
136.243.220.212 - - [03/Mar/2026:09:26:22 -0700] "GET /jason-plus-the-wonderful-fleece-position-play-with-210-100-percent-free-bonus/ HTTP/1.1" 200 71150 "-" "Mozilla/5.0 (compatible; DataForSeoBot/1.0; +https://dataforseo.com/dataforseo-bot)" 313 **0/313699**
57.141.16.52 - - [03/Mar/2026:09:26:25 -0700] "GET /wp-json/oembed/1.0/embed?url=http%3A%2F%2Fwww.icdp.co.in%2Fyou-earn-personal-right-up-viewpoints-of-your-own-cards-and-steps-up-for-grabs%2F HTTP/1.1" 200 2555 "-" "meta-externalagent/1.1 (+https://developers.facebook.com/docs/sharing/webmasters/crawler)" 123 **0/123381**
136.243.220.212 - - [03/Mar/2026:09:26:27 -0700] "GET /alive-roulette-promo-codes-for-primebetz-gambling-enterprises-best-real-time-specialist-roulette-on-the-web-2025/ HTTP/1.1" 200 74512 "-" "Mozilla/5.0 (compatible; DataForSeoBot/1.0; +https://dataforseo.com/dataforseo-bot)" 983 **0/983343**
136.243.220.212 - - [03/Mar/2026:09:26:30 -0700] "GET /gambling-best-way-to-play-online-mobile-slots-games/ HTTP/1.1" 200 72552 "-" "Mozilla/5.0 (compatible; DataForSeoBot/1.0; +https://dataforseo.com/dataforseo-bot)" 1119 **1/1119626**
136.243.220.212 - - [03/Mar/2026:09:26:34 -0700] "GET /coin-learn-totally-free-spin-and-you-may-money-links-to-have-now-december-13-2024/ HTTP/1.1" 200 71962 "-" "Mozilla/5.0 (compatible; DataForSeoBot/1.0; +https://dataforseo.com/dataforseo-bot)" 307 **0/307586**
57.141.16.90 - - [03/Mar/2026:09:26:37 -0700] "GET /wp-json/oembed/1.0/embed?url=http%3A%2F%2Fwww.icdp.co.in%2Fel-juego-de-la-fortuna-verdadera-es-una-opcion-emocionante%2F HTTP/1.1" 200 2470 "-" "meta-externalagent/1.1 (+https://developers.facebook.com/docs/sharing/webmasters/crawler)" 186 **0/186470**
136.243.220.212 - - [03/Mar/2026:09:26:38 -0700] "GET /5-put-gambling-enterprises-nz-2025-finest-a-real-income-internet-sites/ HTTP/1.1" 200 72761 "-" "Mozilla/5.0 (compatible; DataForSeoBot/1.0; +https://dataforseo.com/dataforseo-bot)" 359 **0/359985**
85.208.96.198 - - [03/Mar/2026:09:26:41 -0700] "GET /the-ultimate-guide-to-red-door-roulette/ HTTP/1.1" 200 77510 "-" "Mozilla/5.0 (compatible; SemrushBot/7~bl; +http://www.semrush.com/bot.html)" 309 **0/309391**
136.243.220.212 - - [03/Mar/2026:09:26:43 -0700] "GET /michael-jackson-slot-game-2025-play-the-vegas-slot-100-percent-free/ HTTP/1.1" 200 72654 "-" "Mozilla/5.0 (compatible; DataForSeoBot/1.0; +https://dataforseo.com/dataforseo-bot)" 348 **0/348783**
85.208.96.210 - - [03/Mar/2026:09:26:44 -0700] "GET /sei-ehrlich-welche-person-mag-irgendwas-komplizierte-registrierungsprozesse-unverstandliche-spiele-oder-gaming-einheitsbrei-ohne-abwechslungen/ HTTP/1.1" 200 79377 "-" "Mozilla/5.0 (compatible; SemrushBot/7~bl; +http://www.semrush.com/bot.html)" 770 **0/770384**
136.243.220.212 - - [03/Mar/2026:09:26:46 -0700] "GET /fehlermeldung-xxx-hat-pompeii-spielautomat-eltern-zu-immer-wieder-weitergeleitet-ausloschen-die-leser-deren-cookies-had-been-erledigen-blechidiot-internet-homepage/ HTTP/1.1" 200 74313 "-" "Mozilla/5.0 (compatible; DataForSeoBot/1.0; +https://dataforseo.com/dataforseo-bot)" 292 **0/292951**
57.141.16.65 - - [03/Mar/2026:09:26:47 -0700] "GET /?p=145655 HTTP/1.1" 301 - "-" "meta-externalagent/1.1 (+https://developers.facebook.com/docs/sharing/webmasters/crawler)" 138 **0/138801**
136.243.220.212 - - [03/Mar/2026:09:26:50 -0700] "GET /finest-online-casinos-usa-wager-real-cash-today/ HTTP/1.1" 200 72237 "-" "Mozilla/5.0 (compatible; DataForSeoBot/1.0; +https://dataforseo.com/dataforseo-bot)" 327 **0/327234**
17.246.15.69 - - [03/Mar/2026:09:26:52 -0700] "GET /caesars-palace-on-line-casino-pa-promo-code-details-having/ HTTP/1.1" 200 78543 "-" "Mozilla/5.0 (Macintosh; Intel Mac OS X 10_15_7) AppleWebKit/605.1.15 (KHTML, like Gecko) Version/17.4 Safari/605.1.15 (Applebot/0.1; +http://www.apple.com/go/applebot)" 296 **0/296451**
65.21.16.207 - - [03/Mar/2026:09:26:53 -0700] "GET /the-ethical-landscape-of-online-gambling-media-3/ HTTP/1.1" 200 73306 "http://www.icdp.co.in/" "Mozilla/5.0 (Windows NT 10.0) AppleWebKit/537.36 (KHTML, like Gecko) Chrome/114.0.0.0 Safari/537.36" 892 **0/892132**
136.243.220.212 - - [03/Mar/2026:09:26:54 -0700] "GET /eurodreams-quoten-und-casino-skrill-kostenloser-chip-preise/ HTTP/1.1" 200 74193 "-" "Mozilla/5.0 (compatible; DataForSeoBot/1.0; +https://dataforseo.com/dataforseo-bot)" 398 **0/398318**
65.21.16.207 - - [03/Mar/2026:09:26:59 -0700] "GET /category/1win-sign-up-254/ HTTP/1.1" 200 70228 "http://www.icdp.co.in/the-ethical-landscape-of-online-gambling-media-3/" "Mozilla/5.0 (Windows NT 6.3; Win64; x64) AppleWebKit/537.36 (KHTML, like Gecko) Chrome/103.0.0.0 Safari/537.36" 1606 **1/1606761**
136.243.220.212 - - [03/Mar/2026:09:26:58 -0700] "GET /free-spins-tours-gratuits-free-spins-a-lexclusion-de-depot/ HTTP/1.1" 200 71422 "-" "Mozilla/5.0 (compatible; DataForSeoBot/1.0; +https://dataforseo.com/dataforseo-bot)" 1881 **1/1881241**
65.21.16.207 - - [03/Mar/2026:09:27:01 -0700] "GET /category/1win-sign-up-254/ HTTP/1.1" 200 70228 "http://www.icdp.co.in/category/1win-sign-up-254/" "Mozilla/5.0 (Windows NT 6.3; Win64; x64) AppleWebKit/537.36 (KHTML, like Gecko) Chrome/103.0.0.0 Safari/537.36" 611 **0/611889**
185.191.171.6 - - [03/Mar/2026:09:27:02 -0700] "GET /expert-strategies-for-turning-a-newbie-into-a-pro-in-the-igaming-world/ HTTP/1.1" 200 80969 "-" "Mozilla/5.0 (compatible; SemrushBot/7~bl; +http://www.semrush.com/bot.html)" 419 **0/419948**
65.21.16.207 - - [03/Mar/2026:09:27:02 -0700] "GET /wp-content/themes/astra/assets/css/minified/frontend.min.css?ver=3.2.0 HTTP/1.1" 200 11719 "http://www.icdp.co.in/category/1win-sign-up-254/" "Mozilla/5.0 (Windows NT 10.0; Win64; x64) AppleWebKit/537.36 (KHTML, like Gecko) Chrome/143.0.0.0 Safari/537.36" 17 **0/17600**
136.243.220.212 - - [03/Mar/2026:09:27:03 -0700] "GET /black-beauty-vacation-station-spielautomat-beruhmte-filmpferde/ HTTP/1.1" 200 73870 "-" "Mozilla/5.0 (compatible; DataForSeoBot/1.0; +https://dataforseo.com/dataforseo-bot)" 427 **0/427626**
65.21.16.207 - - [03/Mar/2026:09:27:03 -0700] "GET /wp-content/themes/astra/assets/css/minified/menu-animation.min.css?ver=3.2.0 HTTP/1.1" 200 340 "http://www.icdp.co.in/category/1win-sign-up-254/" "Mozilla/5.0 (Windows NT 10.0; Win64; x64) AppleWebKit/537.36 (KHTML, like Gecko) Chrome/143.0.0.0 Safari/537.36" 6 **0/6687**
65.21.16.207 - - [03/Mar/2026:09:27:04 -0700] "GET /wp-includes/css/dist/block-library/style.min.css?ver=5.7.8 HTTP/1.1" 200 8155 "http://www.icdp.co.in/category/1win-sign-up-254/" "Mozilla/5.0 (Windows NT 10.0; Win64; x64) AppleWebKit/537.36 (KHTML, like Gecko) Chrome/143.0.0.0 Safari/537.36" 12 **0/12078**
65.21.16.207 - - [03/Mar/2026:09:27:04 -0700] "GET /wp-content/plugins/coblocks/dist/coblocks-style.css?ver=d491038ff7d61a43598729a4c5ab5aae HTTP/1.1" 200 20133 "http://www.icdp.co.in/category/1win-sign-up-254/" "Mozilla/5.0 (Windows NT 10.0; Win64; x64) AppleWebKit/537.36 (KHTML, like Gecko) Chrome/143.0.0.0 Safari/537.36" 24 **0/24885**
65.21.16.207 - - [03/Mar/2026:09:27:05 -0700] "GET /the-ethical-landscape-of-online-gambling-media-3/ HTTP/1.1" 200 73306 "http://www.icdp.co.in/the-ethical-landscape-of-online-gambling-media-3/" "Mozilla/5.0 (Windows NT 6.3; Win64; x64) AppleWebKit/537.36 (KHTML, like Gecko) Chrome/103.0.0.0 Safari/537.36" 415 **0/415788**
65.21.16.207 - - [03/Mar/2026:09:27:06 -0700] "POST /wp-comments-post.php HTTP/1.1" 404 1 "http://www.icdp.co.in/the-ethical-landscape-of-online-gambling-media-3/" "Mozilla/5.0 (Windows NT 6.3; Win64; x64) AppleWebKit/537.36 (KHTML, like Gecko) Chrome/103.0.0.0 Safari/537.36" 454 **0/454046**
