185.191.171.9 - - [03/Mar/2026:08:50:26 -0700] "GET /gutschriften-unsereins-herstellen-echte-der-unter-anderem-auszahlungen-miterleben-die-kontoverifizierung/ HTTP/1.1" 200 79950 "-" "Mozilla/5.0 (compatible; SemrushBot/7~bl; +http://www.semrush.com/bot.html)" 343 **0/343524**
136.243.220.212 - - [03/Mar/2026:08:50:30 -0700] "GET /giros-acostumado-sem-armazem-acimade-cassinos-abicar-brasil-em-2024/ HTTP/1.1" 200 74641 "-" "Mozilla/5.0 (compatible; DataForSeoBot/1.0; +https://dataforseo.com/dataforseo-bot)" 348 **0/348101**
216.244.66.241 - - [03/Mar/2026:08:50:32 -0700] "GET /2-brain-the-fresh-games-contribution-payment-the-greater-the-fresh-new-merrier/ HTTP/1.1" 200 342412 "-" "Mozilla/5.0 (compatible; DotBot/1.2; +https://opensiteexplorer.org/dotbot; help@moz.com)" 259 **0/259380**
85.208.96.197 - - [03/Mar/2026:08:50:34 -0700] "GET /tours-100-tours-gratuits-sans-depot-book-of-dead-sans-frais-sans-avoir-i-annales-2026-gratification-casino-gratuit-des-francais/ HTTP/1.1" 200 80402 "-" "Mozilla/5.0 (compatible; SemrushBot/7~bl; +http://www.semrush.com/bot.html)" 272 **0/272202**
136.243.220.212 - - [03/Mar/2026:08:50:35 -0700] "GET /verde-gambling-establishment-isnt-any-different-providing-a-variety-of-online-casino-incentives-to-help-you-the-professionals/ HTTP/1.1" 200 72738 "-" "Mozilla/5.0 (compatible; DataForSeoBot/1.0; +https://dataforseo.com/dataforseo-bot)" 338 **0/338760**
136.243.220.212 - - [03/Mar/2026:08:50:39 -0700] "GET /jackpot-area-royal-panda-10-free-spins-no-deposit-2023-gambling-establishment-extra-join-coupon-codes-2025/ HTTP/1.1" 200 71365 "-" "Mozilla/5.0 (compatible; DataForSeoBot/1.0; +https://dataforseo.com/dataforseo-bot)" 322 **0/322618**
57.141.16.3 - - [03/Mar/2026:08:50:40 -0700] "GET /?p=147309 HTTP/1.1" 301 - "-" "meta-externalagent/1.1 (+https://developers.facebook.com/docs/sharing/webmasters/crawler)" 166 **0/166942**
57.141.16.71 - - [03/Mar/2026:08:50:42 -0700] "GET /?p=146615 HTTP/1.1" 301 - "-" "meta-externalagent/1.1 (+https://developers.facebook.com/docs/sharing/webmasters/crawler)" 150 **0/150228**
136.243.220.212 - - [03/Mar/2026:08:50:44 -0700] "GET /blank-article-casino-dcasinolivecom-100-free-spins-to-possess-lps/ HTTP/1.1" 200 71419 "-" "Mozilla/5.0 (compatible; DataForSeoBot/1.0; +https://dataforseo.com/dataforseo-bot)" 314 **0/314541**
136.243.220.212 - - [03/Mar/2026:08:50:47 -0700] "GET /offlin-blackjac-gratis-ofwe-betreffende-werkelijk-poen-acteren-wegens-blackjack-casinos/ HTTP/1.1" 200 71842 "-" "Mozilla/5.0 (compatible; DataForSeoBot/1.0; +https://dataforseo.com/dataforseo-bot)" 338 **0/338377**
136.243.220.212 - - [03/Mar/2026:08:50:51 -0700] "GET /brukerveiledning-paslat-bonuskode-for-richville-elv-bemerke-disse-riktige-spilleautomatene/ HTTP/1.1" 200 73014 "-" "Mozilla/5.0 (compatible; DataForSeoBot/1.0; +https://dataforseo.com/dataforseo-bot)" 314 **0/314780**
68.178.232.37 - - [03/Mar/2026:08:50:56 -0700] "POST /wp-cron.php?doing_wp_cron=1772553056.1597480773925781250000 HTTP/1.1" 200 - "http://www.icdp.co.in/wp-cron.php?doing_wp_cron=1772553056.1597480773925781250000" "WordPress/5.7.8; http://www.icdp.co.in" 181 **0/181670**
136.243.220.212 - - [03/Mar/2026:08:50:56 -0700] "GET /rocketman-crash-acabamento-da-elbet-para-verde-casino-login-da-versao-antiga-abichar-algum-atual/ HTTP/1.1" 200 73265 "-" "Mozilla/5.0 (compatible; DataForSeoBot/1.0; +https://dataforseo.com/dataforseo-bot)" 517 **0/517745**
136.243.220.212 - - [03/Mar/2026:08:51:00 -0700] "GET /online-casino-anstille-norges-beste-casinoer-paslat-nett-ta-en-titt-pa-denne-nettsiden-2025/ HTTP/1.1" 200 73059 "-" "Mozilla/5.0 (compatible; DataForSeoBot/1.0; +https://dataforseo.com/dataforseo-bot)" 328 **0/328224**
136.243.220.212 - - [03/Mar/2026:08:51:03 -0700] "GET /darmowe-zabawy-kasyno-graj-w-calej-270-gry-hazardowe-50-darmowych-spinow-lord-of-the-ocean-w-sprawie-rejestracji-bez-depozytu-bezplatnie/ HTTP/1.1" 200 72409 "-" "Mozilla/5.0 (compatible; DataForSeoBot/1.0; +https://dataforseo.com/dataforseo-bot)" 405 **0/405174**
136.243.220.212 - - [03/Mar/2026:08:51:07 -0700] "GET /50-crystal-ball-casino-giros-acessivel-sobre-su-respuesta-football-studio-sem-casa-grocery/ HTTP/1.1" 200 71825 "-" "Mozilla/5.0 (compatible; DataForSeoBot/1.0; +https://dataforseo.com/dataforseo-bot)" 398 **0/398348**
136.243.220.212 - - [03/Mar/2026:08:51:11 -0700] "GET /cassino-gratis-criancice-assediar50-sem-download-do-aplicativo-esporte-da-sorte-deposito-agosto-2024/ HTTP/1.1" 200 74821 "-" "Mozilla/5.0 (compatible; DataForSeoBot/1.0; +https://dataforseo.com/dataforseo-bot)" 303 **0/303749**
57.141.16.83 - - [03/Mar/2026:08:51:13 -0700] "GET /villento-casino-games-and-you-can-incentives-are-perfect-enough-to-create-of-many-brains-turn/feed/ HTTP/1.1" 200 1024 "-" "meta-externalagent/1.1 (+https://developers.facebook.com/docs/sharing/webmasters/crawler)" 166 **0/166476**
136.243.220.212 - - [03/Mar/2026:08:51:15 -0700] "GET /tragamonedas-online-desplazandolo-hacia-el-casino-yoyospins-sin-deposito-pelo-tragamonedas-regalado-joviales-resenas/ HTTP/1.1" 200 73700 "-" "Mozilla/5.0 (compatible; DataForSeoBot/1.0; +https://dataforseo.com/dataforseo-bot)" 310 **0/310525**
98.98.9.61 - - [03/Mar/2026:08:51:16 -0700] "POST /xmlrpc.php HTTP/1.1" 200 181 "-" "Mozilla/5.0 (Windows NT 10.0; Win64; x64) AppleWebKit/537.36 (KHTML, like Gecko) Chrome/114.0.0.0 Safari/537.36" 208 **0/208312**
136.243.220.212 - - [03/Mar/2026:08:51:19 -0700] "GET /jackpot-6000-spillanmeldelse-ett-klassiker-i-spinbetter-app-iphone-tillegg-til-989-rtp/ HTTP/1.1" 200 73004 "-" "Mozilla/5.0 (compatible; DataForSeoBot/1.0; +https://dataforseo.com/dataforseo-bot)" 378 **0/378141**
98.98.9.61 - - [03/Mar/2026:08:51:23 -0700] "POST /xmlrpc.php HTTP/1.1" 200 13182 "-" "Mozilla/5.0 (Windows NT 10.0; Win64; x64) AppleWebKit/537.36 (KHTML, like Gecko) Chrome/114.0.0.0 Safari/537.36" 760 **0/760411**
136.243.220.212 - - [03/Mar/2026:08:51:23 -0700] "GET /100-rodadas-acostumado-sem-deposito-apontar-brasil-agosto-2024/ HTTP/1.1" 200 74809 "-" "Mozilla/5.0 (compatible; DataForSeoBot/1.0; +https://dataforseo.com/dataforseo-bot)" 388 **0/388783**
17.22.245.235 - - [03/Mar/2026:08:51:23 -0700] "GET /play-100-percent-free-position-video-game-bitcoin-casino-bitcoinpenguin-no-deposit-bonus-codes-no-install-no-registration/ HTTP/1.1" 200 80717 "-" "Mozilla/5.0 (Macintosh; Intel Mac OS X 10_15_7) AppleWebKit/605.1.15 (KHTML, like Gecko) Version/17.4 Safari/605.1.15 (Applebot/0.1; +http://www.apple.com/go/applebot)" 369 **0/369935**
185.191.171.19 - - [03/Mar/2026:08:51:25 -0700] "GET /robots.txt HTTP/1.1" 200 110 "-" "Mozilla/5.0 (compatible; SemrushBot/7~bl; +http://www.semrush.com/bot.html)" 270 **0/270720**
98.98.9.61 - - [03/Mar/2026:08:51:25 -0700] "GET /wunderino-la-dolce-vita-slotauszahlung-spielhalle-auswertung-2026-test-erfahrungen/ HTTP/1.1" 200 347786 "-" "Mozilla/5.0 (Windows NT 10.0; Win64; x64) AppleWebKit/537.36 (KHTML, like Gecko) Chrome/122.0.0.0 Safari/537.36" 1357 **1/1357504**
136.243.220.212 - - [03/Mar/2026:08:51:27 -0700] "GET /5-perguntas-50-giros-golden-goddess-deposito-de-1-acessivel-dream-catcher-apontar-apontamento-sem-armazem-populares/ HTTP/1.1" 200 72384 "-" "Mozilla/5.0 (compatible; DataForSeoBot/1.0; +https://dataforseo.com/dataforseo-bot)" 291 **0/291146**
57.141.16.3 - - [03/Mar/2026:08:51:28 -0700] "GET /?p=145725 HTTP/1.1" 301 - "-" "meta-externalagent/1.1 (+https://developers.facebook.com/docs/sharing/webmasters/crawler)" 163 **0/163279**
136.243.220.212 - - [03/Mar/2026:08:51:31 -0700] "GET /kostenloses-angeschlossen-pika-labs-ai-kunstgriff-videos-erstellen-keine-registration-keine-spesen/ HTTP/1.1" 200 74948 "-" "Mozilla/5.0 (compatible; DataForSeoBot/1.0; +https://dataforseo.com/dataforseo-bot)" 309 **0/309516**
136.243.220.212 - - [03/Mar/2026:08:51:36 -0700] "GET /vinnig-fire-joker-120-gratis-spins-offlin-roulette-voordat-gratis-ofwe-werkelijk-poen/ HTTP/1.1" 200 72293 "-" "Mozilla/5.0 (compatible; DataForSeoBot/1.0; +https://dataforseo.com/dataforseo-bot)" 310 **0/310266**
136.243.220.212 - - [03/Mar/2026:08:51:39 -0700] "GET /dieser-vermittlungsprovision-verlangt-freispiele-pro-diverse-ihr-beliebtesten-slot-spiele/ HTTP/1.1" 200 72107 "-" "Mozilla/5.0 (compatible; DataForSeoBot/1.0; +https://dataforseo.com/dataforseo-bot)" 307 **0/307395**
57.141.16.68 - - [03/Mar/2026:08:51:42 -0700] "GET /wp-json/wp/v2/posts/144694 HTTP/1.1" 200 7303 "-" "meta-externalagent/1.1 (+https://developers.facebook.com/docs/sharing/webmasters/crawler)" 155 **0/155554**
136.243.220.212 - - [03/Mar/2026:08:51:43 -0700] "GET /understanding-limits-of-computation-from-logic-to-fish-road/ HTTP/1.1" 200 74792 "-" "Mozilla/5.0 (compatible; DataForSeoBot/1.0; +https://dataforseo.com/dataforseo-bot)" 357 **0/357814**
17.246.23.245 - - [03/Mar/2026:08:51:44 -0700] "GET /%D0%BC%D0%B5%D1%82%D0%B5%D0%BD%D0%BE%D0%BB%D0%BE%D0%BD-%D0%BF%D1%80%D0%B8%D0%BC%D0%BE%D0%B1%D0%BE%D0%BB%D0%B0%D0%BD-%D1%82%D0%B0%D0%B1%D0%BB%D0%B5%D1%82%D0%BA%D0%B8-%D0%BA%D0%B0%D0%BA-%D0%BF%D1%80/ HTTP/1.1" 200 77666 "-" "Mozilla/5.0 (Macintosh; Intel Mac OS X 10_15_7) AppleWebKit/605.1.15 (KHTML, like Gecko) Version/17.4 Safari/605.1.15 (Applebot/0.1; +http://www.apple.com/go/applebot)" 329 **0/329080**
57.141.16.13 - - [03/Mar/2026:08:51:47 -0700] "GET /?p=146786 HTTP/1.1" 301 - "-" "meta-externalagent/1.1 (+https://developers.facebook.com/docs/sharing/webmasters/crawler)" 182 **0/182302**
136.243.220.212 - - [03/Mar/2026:08:51:47 -0700] "GET /speel-noppes-klaverjasse-hoe-u-de-xon-bet-bonus-gebruikt-online/ HTTP/1.1" 200 72246 "-" "Mozilla/5.0 (compatible; DataForSeoBot/1.0; +https://dataforseo.com/dataforseo-bot)" 361 **0/361217**
57.141.16.31 - - [03/Mar/2026:08:51:51 -0700] "GET /betonred-revue-complete-pour-les-joueurs-francais-2/feed/ HTTP/1.1" 200 900 "-" "meta-externalagent/1.1 (+https://developers.facebook.com/docs/sharing/webmasters/crawler)" 144 **0/144251**
136.243.220.212 - - [03/Mar/2026:08:51:51 -0700] "GET /melhores-aplicativo-de-apostas-on-line-jozz-casino-cassinos-online-infantilidade-outubro-2025/ HTTP/1.1" 200 72151 "-" "Mozilla/5.0 (compatible; DataForSeoBot/1.0; +https://dataforseo.com/dataforseo-bot)" 311 **0/311075**
136.243.220.212 - - [03/Mar/2026:08:51:55 -0700] "GET /beste-online-spielhalle-75-freispiele-nicht-vor-1-einzahlung/ HTTP/1.1" 200 73023 "-" "Mozilla/5.0 (compatible; DataForSeoBot/1.0; +https://dataforseo.com/dataforseo-bot)" 330 **0/330405**
136.243.220.212 - - [03/Mar/2026:08:51:59 -0700] "GET /lieve-offlin-casinos-va-louwmaand-2024-kosteloos-strafbaar-rome-egypt-online-casinos-verzekeringspremie/ HTTP/1.1" 200 72262 "-" "Mozilla/5.0 (compatible; DataForSeoBot/1.0; +https://dataforseo.com/dataforseo-bot)" 325 **0/325255**
136.243.220.212 - - [03/Mar/2026:08:52:04 -0700] "GET /gladiator-legends-50-giros-acostumado-acimade-gold-diggers-jogue-dado-que-ganhe-on-line-cassino-gate777-bonus-exclusivos-2025/ HTTP/1.1" 200 70904 "-" "Mozilla/5.0 (compatible; DataForSeoBot/1.0; +https://dataforseo.com/dataforseo-bot)" 445 **0/445917**
136.243.220.212 - - [03/Mar/2026:08:52:07 -0700] "GET /geisha-wonders-van-star-trek-red-alert-slot-online-casino-netent-2024-review-wonderen-zonder-japan/ HTTP/1.1" 200 71151 "-" "Mozilla/5.0 (compatible; DataForSeoBot/1.0; +https://dataforseo.com/dataforseo-bot)" 330 **0/330510**
136.243.220.212 - - [03/Mar/2026:08:52:12 -0700] "GET /schilderijen-tragamonedas-gladiator-legends-entretenimiento-glass-slipper-algun-lucky-haunter-giros-sin-tragaperras-gratis-cargo-tanque-demo-sus-particulares/ HTTP/1.1" 200 74161 "-" "Mozilla/5.0 (compatible; DataForSeoBot/1.0; +https://dataforseo.com/dataforseo-bot)" 284 **0/284823**
136.243.220.212 - - [03/Mar/2026:08:52:16 -0700] "GET /sizzling-hot-automat-hazardowy-zagraj-logowanie-do-kasyna-10bet-przez-internet-bezplatnie/ HTTP/1.1" 200 73516 "-" "Mozilla/5.0 (compatible; DataForSeoBot/1.0; +https://dataforseo.com/dataforseo-bot)" 317 **0/317987**
136.243.220.212 - - [03/Mar/2026:08:52:20 -0700] "GET /%E1%90%89-provision-2025-erfahrungen-and-untersuchung/ HTTP/1.1" 200 74043 "-" "Mozilla/5.0 (compatible; DataForSeoBot/1.0; +https://dataforseo.com/dataforseo-bot)" 360 **0/360863**
136.243.220.212 - - [03/Mar/2026:08:52:23 -0700] "GET /voor-toki-time-slot-bonus-acteren/ HTTP/1.1" 200 72399 "-" "Mozilla/5.0 (compatible; DataForSeoBot/1.0; +https://dataforseo.com/dataforseo-bot)" 298 **0/298064**
136.243.220.212 - - [03/Mar/2026:08:52:27 -0700] "GET /watten-afwisselend-gent-40-betaallijnen-voor-fruitautomaten-gebeurt-ben-eentje-baat-voordat-u-democratie/ HTTP/1.1" 200 72753 "-" "Mozilla/5.0 (compatible; DataForSeoBot/1.0; +https://dataforseo.com/dataforseo-bot)" 295 **0/295417**
136.243.220.212 - - [03/Mar/2026:08:52:31 -0700] "GET /cassinos-uma-vez-que-rodadas-codigo-promocional-do-cassino-bumbet-dado-top-10-em-2025/ HTTP/1.1" 200 72344 "-" "Mozilla/5.0 (compatible; DataForSeoBot/1.0; +https://dataforseo.com/dataforseo-bot)" 272 **0/272212**
136.243.220.212 - - [03/Mar/2026:08:52:35 -0700] "GET /jackpo-slots-grootste-winsten-te-het-offlin-bank-netent/ HTTP/1.1" 200 71967 "-" "Mozilla/5.0 (compatible; DataForSeoBot/1.0; +https://dataforseo.com/dataforseo-bot)" 339 **0/339669**
85.208.96.208 - - [03/Mar/2026:08:52:38 -0700] "GET /traditional-position-games-100-percent-free-traditional-slots-no-obtain-no-internet-sites/ HTTP/1.1" 200 78989 "-" "Mozilla/5.0 (compatible; SemrushBot/7~bl; +http://www.semrush.com/bot.html)" 279 **0/279770**
136.243.220.212 - - [03/Mar/2026:08:52:40 -0700] "GET /2024-press-announcements/ HTTP/1.1" 200 72188 "-" "Mozilla/5.0 (compatible; DataForSeoBot/1.0; +https://dataforseo.com/dataforseo-bot)" 276 **0/276854**
85.208.96.199 - - [03/Mar/2026:08:52:43 -0700] "GET /konzentriert-gultigkeit-besitzen-alles-in-allem-thirty-fache-umsatzanforderungen-und-ihr-bonuszeitraum-durch-jeweils-7-bereden/ HTTP/1.1" 200 79185 "-" "Mozilla/5.0 (compatible; SemrushBot/7~bl; +http://www.semrush.com/bot.html)" 295 **0/295343**
136.243.220.212 - - [03/Mar/2026:08:52:43 -0700] "GET /maquinas-caca-gryphons-gold-revisao-de-pagbet-giros-jack-hammer-grans-gratuita-sem-deposito-acostumado-%CF%83%CE%B5%CF%85%CE%B4%CE%BF/ HTTP/1.1" 200 72847 "-" "Mozilla/5.0 (compatible; DataForSeoBot/1.0; +https://dataforseo.com/dataforseo-bot)" 397 **0/397833**
57.141.16.25 - - [03/Mar/2026:08:52:44 -0700] "GET /as-well-as-the-top-web-based-casinos-ontario-the-fresh-province-has-house-based-playing-associations/feed/ HTTP/1.1" 200 1046 "-" "meta-externalagent/1.1 (+https://developers.facebook.com/docs/sharing/webmasters/crawler)" 172 **0/172656**
185.191.171.1 - - [03/Mar/2026:08:52:45 -0700] "GET /ein-intercity-express-maklercourtage-frei-einzahlung-uber-thirty-eur-startguthaben/ HTTP/1.1" 200 78914 "-" "Mozilla/5.0 (compatible; SemrushBot/7~bl; +http://www.semrush.com/bot.html)" 307 **0/307697**
136.243.220.212 - - [03/Mar/2026:08:52:48 -0700] "GET /online-vertragsabschluss-diese-besten-spybet-bonuscodes-versicherungen-im-abmachung/ HTTP/1.1" 200 72525 "-" "Mozilla/5.0 (compatible; DataForSeoBot/1.0; +https://dataforseo.com/dataforseo-bot)" 290 **0/290155**
185.191.171.5 - - [03/Mar/2026:08:52:50 -0700] "GET /of-numerous-internet-can-give-development-pages-free-spins-throughout-sign-up/ HTTP/1.1" 200 78515 "-" "Mozilla/5.0 (compatible; SemrushBot/7~bl; +http://www.semrush.com/bot.html)" 282 **0/282624**
136.243.220.212 - - [03/Mar/2026:08:52:51 -0700] "GET /high-5-hugo-slotspiel-fur-geld-spielbank-meine-erfahrungen-lost-treasure-150-kostenlose-spins-schatzung-2025/ HTTP/1.1" 200 72282 "-" "Mozilla/5.0 (compatible; DataForSeoBot/1.0; +https://dataforseo.com/dataforseo-bot)" 292 **0/292003**
136.243.220.212 - - [03/Mar/2026:08:52:55 -0700] "GET /beste-giropay-verbunden-casinos-within-casumo-casino-brd-2025/ HTTP/1.1" 200 72264 "-" "Mozilla/5.0 (compatible; DataForSeoBot/1.0; +https://dataforseo.com/dataforseo-bot)" 334 **0/334040**
136.243.220.212 - - [03/Mar/2026:08:52:59 -0700] "GET /play-live-quantum-parimatch-roulette-abicar-wagering/ HTTP/1.1" 200 71675 "-" "Mozilla/5.0 (compatible; DataForSeoBot/1.0; +https://dataforseo.com/dataforseo-bot)" 369 **0/369881**
185.191.171.6 - - [03/Mar/2026:08:53:01 -0700] "GET /might-you-register-for-an-account-if-you-are-not-surviving-in-nj/ HTTP/1.1" 200 78124 "-" "Mozilla/5.0 (compatible; SemrushBot/7~bl; +http://www.semrush.com/bot.html)" 347 **0/347343**
85.208.96.209 - - [03/Mar/2026:08:53:03 -0700] "GET /ive-an-exclusive-promotion-password-for-brand-new-consumers/ HTTP/1.1" 200 78308 "-" "Mozilla/5.0 (compatible; SemrushBot/7~bl; +http://www.semrush.com/bot.html)" 370 **0/370910**
136.243.220.212 - - [03/Mar/2026:08:53:04 -0700] "GET /50-grans-gratuitas-sem-bonus-infantilidade-primeiro-casa-betnacional-deposit-brasil-on-anotacao-dezembro-jogando-como-jogar-bingo-online-por-dinheiro-infantilidade-2023/ HTTP/1.1" 200 72231 "-" "Mozilla/5.0 (compatible; DataForSeoBot/1.0; +https://dataforseo.com/dataforseo-bot)" 345 **0/345976**
136.243.220.212 - - [03/Mar/2026:08:53:07 -0700] "GET /novoline-casino-duck-shooter-beetle-strike-slot-fur-bimbes-mania-fur-nusse-wiedergeben-blos-registrierung/ HTTP/1.1" 200 72247 "-" "Mozilla/5.0 (compatible; DataForSeoBot/1.0; +https://dataforseo.com/dataforseo-bot)" 304 **0/304794**
185.191.171.6 - - [03/Mar/2026:08:53:08 -0700] "GET /real-time-blackjack-gambling-enterprises-promote-several-video-game-models-to-complement-some-other-player-tastes-and-methods/ HTTP/1.1" 200 78587 "-" "Mozilla/5.0 (compatible; SemrushBot/7~bl; +http://www.semrush.com/bot.html)" 260 **0/260163**
85.208.96.211 - - [03/Mar/2026:08:53:10 -0700] "GET /la-ruleta-en-linea-vuelve-acerca-de-distintas-versiones-usadas/ HTTP/1.1" 200 78456 "-" "Mozilla/5.0 (compatible; SemrushBot/7~bl; +http://www.semrush.com/bot.html)" 354 **0/354743**
136.243.220.212 - - [03/Mar/2026:08:53:12 -0700] "GET /gama-casino-online-oficialnyj-sajt-vhod-i-zerkalo-611/ HTTP/1.1" 200 73263 "-" "Mozilla/5.0 (compatible; DataForSeoBot/1.0; +https://dataforseo.com/dataforseo-bot)" 340 **0/340658**
85.208.96.211 - - [03/Mar/2026:08:53:12 -0700] "GET /fantastic-goddess-slot-comment-demonstration-igt-rtp-96/ HTTP/1.1" 200 80654 "-" "Mozilla/5.0 (compatible; SemrushBot/7~bl; +http://www.semrush.com/bot.html)" 322 **0/322703**
136.243.220.212 - - [03/Mar/2026:08:53:16 -0700] "GET /la-apice-10-delle-slot-da-caffe-2025-gratuitamente-scopri-le-migliori/ HTTP/1.1" 200 73001 "-" "Mozilla/5.0 (compatible; DataForSeoBot/1.0; +https://dataforseo.com/dataforseo-bot)" 317 **0/317470**
136.243.220.212 - - [03/Mar/2026:08:53:19 -0700] "GET /online-bingo-speel-kienspe-online-erbij-bingo-casinos-wegens-nederland/ HTTP/1.1" 200 71578 "-" "Mozilla/5.0 (compatible; DataForSeoBot/1.0; +https://dataforseo.com/dataforseo-bot)" 303 **0/303304**
17.246.15.160 - - [03/Mar/2026:08:53:22 -0700] "GET /igt-harbors-wolf-work-with-play-a-huge-number-of-games/ HTTP/1.1" 200 79741 "-" "Mozilla/5.0 (Macintosh; Intel Mac OS X 10_15_7) AppleWebKit/605.1.15 (KHTML, like Gecko) Version/17.4 Safari/605.1.15 (Applebot/0.1; +http://www.apple.com/go/applebot)" 289 **0/289098**
136.243.220.212 - - [03/Mar/2026:08:53:23 -0700] "GET /gama-casino-online-oficialnyj-sajt-7817/ HTTP/1.1" 200 73879 "-" "Mozilla/5.0 (compatible; DataForSeoBot/1.0; +https://dataforseo.com/dataforseo-bot)" 340 **0/340760**
198.244.168.169 - - [03/Mar/2026:08:53:24 -0700] "GET /offlin-shopping-spree-1-storting-poke-te-echt-bankbiljet-beschermd-deponeren-plu-uitkeren/ HTTP/1.1" 200 73364 "-" "Mozilla/5.0 (compatible; AhrefsBot/7.0; +http://ahrefs.com/robot/)" 272 **0/272737**
136.243.220.212 - - [03/Mar/2026:08:53:27 -0700] "GET /slot-machines-having-incentive-game-gamble-100-percent-free-position-online-game-bonus-rounds/ HTTP/1.1" 200 73080 "-" "Mozilla/5.0 (compatible; DataForSeoBot/1.0; +https://dataforseo.com/dataforseo-bot)" 314 **0/314294**
57.141.16.90 - - [03/Mar/2026:08:53:29 -0700] "GET /?p=145467 HTTP/1.1" 301 - "-" "meta-externalagent/1.1 (+https://developers.facebook.com/docs/sharing/webmasters/crawler)" 144 **0/144572**
136.243.220.212 - - [03/Mar/2026:08:53:31 -0700] "GET /hazard-darmowo-automaty-gry-sieciowy-automaty/ HTTP/1.1" 200 71775 "-" "Mozilla/5.0 (compatible; DataForSeoBot/1.0; +https://dataforseo.com/dataforseo-bot)" 296 **0/296817**
136.243.220.212 - - [03/Mar/2026:08:53:35 -0700] "GET /keno-performen-offlin-lezing-van-kienspe-voor-bankbiljet-toelichting-en-inlichtingen/ HTTP/1.1" 200 71570 "-" "Mozilla/5.0 (compatible; DataForSeoBot/1.0; +https://dataforseo.com/dataforseo-bot)" 346 **0/346848**
136.243.220.212 - - [03/Mar/2026:08:53:39 -0700] "GET /tragamonedas-haga-clic-aqui-gratuito-mexico-funciona-a-32178-tragamonedas-regalado-online/ HTTP/1.1" 200 74090 "-" "Mozilla/5.0 (compatible; DataForSeoBot/1.0; +https://dataforseo.com/dataforseo-bot)" 308 **0/308157**
136.243.220.212 - - [03/Mar/2026:08:53:43 -0700] "GET /lotoplay-download-esfogiteado-aplicativo-criancice-login-blaze777-casino-ultra-hot-jogo-de-bonus-%D8%AA%D9%82%D8%B3%D9%8A%D8%B7%D9%83%D9%85-%D8%A7%D9%84%D8%B9%D8%A7%D9%84%D9%85%D9%8A%D8%A9-%D9%84/ HTTP/1.1" 200 72206 "-" "Mozilla/5.0 (compatible; DataForSeoBot/1.0; +https://dataforseo.com/dataforseo-bot)" 318 **0/318331**
136.243.220.212 - - [03/Mar/2026:08:53:47 -0700] "GET /lapalingo-freispiele-ohne-einzahlung-eye-of-horus-strategie-free-spins-80-freispiele-inoffizieller-mitarbeiter-neunter-monat-des-jahres-2025/ HTTP/1.1" 200 71908 "-" "Mozilla/5.0 (compatible; DataForSeoBot/1.0; +https://dataforseo.com/dataforseo-bot)" 273 **0/273287**
178.159.37.156 - - [03/Mar/2026:08:53:49 -0700] "POST /xmlrpc.php HTTP/1.1" 200 1493118 "-" "Mozilla/5.0 (Windows NT 10.0; Win64; x64) AppleWebKit/537.36 (KHTML, like Gecko) Chrome/114.0.0.0 Safari/537.36 OPR/89.0.4447.51" 898 **0/898952**
216.244.66.241 - - [03/Mar/2026:08:53:51 -0700] "GET /100-percent-free-slots-zero-install-zero-subscription-100-percent-free-slot-machines-instantaneous-enjoy/ HTTP/1.1" 200 345278 "-" "Mozilla/5.0 (compatible; DotBot/1.2; +https://opensiteexplorer.org/dotbot; help@moz.com)" 270 **0/270572**
136.243.220.212 - - [03/Mar/2026:08:53:52 -0700] "GET /the-new-crazy-lifetime-electronic-poker-range-video-game-and-more/ HTTP/1.1" 200 72121 "-" "Mozilla/5.0 (compatible; DataForSeoBot/1.0; +https://dataforseo.com/dataforseo-bot)" 305 **0/305839**
68.178.232.37 - - [03/Mar/2026:08:53:57 -0700] "POST /wp-cron.php?doing_wp_cron=1772553237.1265740394592285156250 HTTP/1.1" 200 - "http://www.icdp.co.in/wp-cron.php?doing_wp_cron=1772553237.1265740394592285156250" "WordPress/5.7.8; http://www.icdp.co.in" 209 **0/209678**
136.243.220.212 - - [03/Mar/2026:08:53:57 -0700] "GET /beste-blackjack-spielbank-seiten-brd-2025/ HTTP/1.1" 200 72856 "-" "Mozilla/5.0 (compatible; DataForSeoBot/1.0; +https://dataforseo.com/dataforseo-bot)" 570 **0/570223**
136.243.220.212 - - [03/Mar/2026:08:54:00 -0700] "GET /iwildcasino-hol-dir-bis-zu-4000-bonus/ HTTP/1.1" 200 73968 "-" "Mozilla/5.0 (compatible; DataForSeoBot/1.0; +https://dataforseo.com/dataforseo-bot)" 351 **0/351099**
136.243.220.212 - - [03/Mar/2026:08:54:04 -0700] "GET /reviews-bonussen-licenties-9-gratis-spins-no-deposit-echt-geld-spelle-plusteken-meertje/ HTTP/1.1" 200 72428 "-" "Mozilla/5.0 (compatible; DataForSeoBot/1.0; +https://dataforseo.com/dataforseo-bot)" 348 **0/348787**
136.243.220.212 - - [03/Mar/2026:08:54:08 -0700] "GET /pokerstars-entra-con-publico-regalado-gate777-codigos-de-bonificacion-cinco-ranuras-de-carrete-sin-descarga-del-juego/ HTTP/1.1" 200 73806 "-" "Mozilla/5.0 (compatible; DataForSeoBot/1.0; +https://dataforseo.com/dataforseo-bot)" 418 **0/418995**
136.243.220.212 - - [03/Mar/2026:08:54:12 -0700] "GET /nederlandse-online-casinos-beste-slot-cutesy-pie-online-casino-nederland-2024/ HTTP/1.1" 200 72335 "-" "Mozilla/5.0 (compatible; DataForSeoBot/1.0; +https://dataforseo.com/dataforseo-bot)" 320 **0/320535**
216.244.66.241 - - [03/Mar/2026:08:54:13 -0700] "GET /kazino-oficialnyj-sajt-pin-up-casino-vhodi-i-792/ HTTP/1.1" 200 356804 "-" "Mozilla/5.0 (compatible; DotBot/1.2; +https://opensiteexplorer.org/dotbot; help@moz.com)" 377 **0/377461**
136.243.220.212 - - [03/Mar/2026:08:54:16 -0700] "GET /unser-kostenlose-angeschlossen-kasino/ HTTP/1.1" 200 74624 "-" "Mozilla/5.0 (compatible; DataForSeoBot/1.0; +https://dataforseo.com/dataforseo-bot)" 305 **0/305314**
57.141.16.23 - - [03/Mar/2026:08:54:19 -0700] "GET /wp-json/oembed/1.0/embed?url=http%3A%2F%2Fwww.icdp.co.in%2Fsentimiento-y-maniobra-domina-nuestro-entretenimiento-de-minas-asi%25ef%25bf%25bd-como-multiplica-hacen-de-ganancias-en-el-momento-de%2F HTTP/1.1" 200 2794 "-" "meta-externalagent/1.1 (+https://developers.facebook.com/docs/sharing/webmasters/crawler)" 150 **0/150494**
136.243.220.212 - - [03/Mar/2026:08:54:21 -0700] "GET /blackjack-beleid-8-perfecte-tactieken-te-blackjack-slot-phoenix-sun-te-acteren/ HTTP/1.1" 200 71959 "-" "Mozilla/5.0 (compatible; DataForSeoBot/1.0; +https://dataforseo.com/dataforseo-bot)" 302 **0/302324**
178.159.37.156 - - [03/Mar/2026:08:54:22 -0700] "POST /xmlrpc.php HTTP/1.1" 200 179 "-" "Mozilla/5.0 (Windows NT 10.0; Win64; x64) AppleWebKit/537.36 (KHTML, like Gecko) Chrome/114.0.0.0 Safari/537.36 OPR/89.0.4447.51" 144 **0/144114**
178.159.37.156 - - [03/Mar/2026:08:54:23 -0700] "POST /xmlrpc.php HTTP/1.1" 200 179 "-" "Mozilla/5.0 (Windows NT 10.0; Win64; x64) AppleWebKit/537.36 (KHTML, like Gecko) Chrome/114.0.0.0 Safari/537.36 OPR/89.0.4447.51" 200 **0/200341**
136.243.220.212 - - [03/Mar/2026:08:54:24 -0700] "GET /bezplatne-spiny-za-rejestracje-2025-najistotniejsze-propozycje-bez-depozytu/ HTTP/1.1" 200 72641 "-" "Mozilla/5.0 (compatible; DataForSeoBot/1.0; +https://dataforseo.com/dataforseo-bot)" 372 **0/372153**
136.243.220.212 - - [03/Mar/2026:08:54:28 -0700] "GET /kienspe-online-optreden/ HTTP/1.1" 200 71947 "-" "Mozilla/5.0 (compatible; DataForSeoBot/1.0; +https://dataforseo.com/dataforseo-bot)" 338 **0/338915**
136.243.220.212 - - [03/Mar/2026:08:54:32 -0700] "GET /offlin-gokken-voordat-strafbaar-kan-gedurende-die-casinos/ HTTP/1.1" 200 71660 "-" "Mozilla/5.0 (compatible; DataForSeoBot/1.0; +https://dataforseo.com/dataforseo-bot)" 325 **0/325423**
136.243.220.212 - - [03/Mar/2026:08:54:36 -0700] "GET /cangrejo-representativo-1xslot-bonos-chile-mahjong-sin-cargo-en-linea/ HTTP/1.1" 200 73386 "-" "Mozilla/5.0 (compatible; DataForSeoBot/1.0; +https://dataforseo.com/dataforseo-bot)" 325 **0/325628**
136.243.220.212 - - [03/Mar/2026:08:54:41 -0700] "GET /1xslots-kazino-ofitsialnyi-sait-rabochee-zerkalo-bonusy-i-promokody-1khslots/ HTTP/1.1" 200 78796 "-" "Mozilla/5.0 (compatible; DataForSeoBot/1.0; +https://dataforseo.com/dataforseo-bot)" 327 **0/327718**
136.243.220.212 - - [03/Mar/2026:08:54:44 -0700] "GET /hoe-vinnig-jou-bordspe-gebruiksaanwijzing-plu-spelregels/ HTTP/1.1" 200 72129 "-" "Mozilla/5.0 (compatible; DataForSeoBot/1.0; +https://dataforseo.com/dataforseo-bot)" 322 **0/322576**
216.244.66.241 - - [03/Mar/2026:08:54:46 -0700] "GET /if-youd-prefer-ports-then-youll-definitely-like-a-totally-free-spins-incentive/ HTTP/1.1" 200 342791 "-" "Mozilla/5.0 (compatible; DotBot/1.2; +https://opensiteexplorer.org/dotbot; help@moz.com)" 298 **0/298102**
136.243.220.212 - - [03/Mar/2026:08:54:48 -0700] "GET /jogue-cubes-2-doa-hacksaw-gaming-cassino-uma-slot-fruit-mania-vez-que-criptomoedas-vip-abrasado/ HTTP/1.1" 200 73367 "-" "Mozilla/5.0 (compatible; DataForSeoBot/1.0; +https://dataforseo.com/dataforseo-bot)" 392 **0/392777**
178.159.37.156 - - [03/Mar/2026:08:54:48 -0700] "POST /xmlrpc.php HTTP/1.1" 200 181 "-" "Mozilla/5.0 (Windows NT 10.0; Win64; x64) AppleWebKit/537.36 (KHTML, like Gecko) Chrome/114.0.0.0 Safari/537.36 OPR/89.0.4447.51" 723 **0/723364**
136.243.220.212 - - [03/Mar/2026:08:54:52 -0700] "GET /jackpot-6000-online-gokkas-beschouwing-gratis-performen/ HTTP/1.1" 200 72066 "-" "Mozilla/5.0 (compatible; DataForSeoBot/1.0; +https://dataforseo.com/dataforseo-bot)" 331 **0/331632**
68.178.232.37 - - [03/Mar/2026:08:54:56 -0700] "POST /wp-cron.php?doing_wp_cron=1772553296.9617159366607666015625 HTTP/1.1" 200 - "http://www.icdp.co.in/wp-cron.php?doing_wp_cron=1772553296.9617159366607666015625" "WordPress/5.7.8; http://www.icdp.co.in" 180 **0/180889**
136.243.220.212 - - [03/Mar/2026:08:54:56 -0700] "GET /golden-journey-position-games-review-bitcoin-casino-fortunejack-no-deposit-info-2023-playtech-slots-on-the-internet/ HTTP/1.1" 200 72366 "-" "Mozilla/5.0 (compatible; DataForSeoBot/1.0; +https://dataforseo.com/dataforseo-bot)" 539 **0/539896**
136.243.220.212 - - [03/Mar/2026:08:55:00 -0700] "GET /888-gambling-establishment-a-real-income-publication-to-possess-aussie-people-2025/ HTTP/1.1" 200 73482 "-" "Mozilla/5.0 (compatible; DataForSeoBot/1.0; +https://dataforseo.com/dataforseo-bot)" 332 **0/332955**
136.243.220.212 - - [03/Mar/2026:08:55:04 -0700] "GET /zero-restrict-roulette-on-the-web/ HTTP/1.1" 200 72783 "-" "Mozilla/5.0 (compatible; DataForSeoBot/1.0; +https://dataforseo.com/dataforseo-bot)" 399 **0/399820**
216.244.66.241 - - [03/Mar/2026:08:55:07 -0700] "GET /roulette-neu-strategien-die-ultimative-anleitung-fur-erfahrene-spieler/ HTTP/1.1" 200 341480 "-" "Mozilla/5.0 (compatible; DotBot/1.2; +https://opensiteexplorer.org/dotbot; help@moz.com)" 368 **0/368682**
136.243.220.212 - - [03/Mar/2026:08:55:08 -0700] "GET /better-alive-blackjack-web-sites-2025-best-online-casino-lucky-free-spins-no-deposit-bonus-real-time-broker-video-game/ HTTP/1.1" 200 74053 "-" "Mozilla/5.0 (compatible; DataForSeoBot/1.0; +https://dataforseo.com/dataforseo-bot)" 486 **0/486696**
136.243.220.212 - - [03/Mar/2026:08:55:12 -0700] "GET /women-nite-microgaming-online-game-catalogue/ HTTP/1.1" 200 73908 "-" "Mozilla/5.0 (compatible; DataForSeoBot/1.0; +https://dataforseo.com/dataforseo-bot)" 326 **0/326880**
178.159.37.156 - - [03/Mar/2026:08:55:15 -0700] "POST /xmlrpc.php HTTP/1.1" 200 25329 "-" "Mozilla/5.0 (Windows NT 10.0; Win64; x64) AppleWebKit/537.36 (KHTML, like Gecko) Chrome/114.0.0.0 Safari/537.36 OPR/89.0.4447.51" 129 **0/129373**
51.195.215.116 - - [03/Mar/2026:08:55:15 -0700] "GET /cleopatra-hyper-hits-slot-demonstration-gratis-spielen/ HTTP/1.1" 200 72975 "-" "Mozilla/5.0 (compatible; AhrefsBot/7.0; +http://ahrefs.com/robot/)" 306 **0/306441**
136.243.220.212 - - [03/Mar/2026:08:55:16 -0700] "GET /zukunftig-kommt-slots-keine-einzahlung-keine-kartendetails-der-guns-n-roses-slot-bei-netent/ HTTP/1.1" 200 72862 "-" "Mozilla/5.0 (compatible; DataForSeoBot/1.0; +https://dataforseo.com/dataforseo-bot)" 398 **0/398051**
136.243.220.212 - - [03/Mar/2026:08:55:20 -0700] "GET /eye-of-casino-online-schnelle-auszahlung-horus-50-freispiele-nur-einzahlung-spielsaal-forest-schmoker-neu/ HTTP/1.1" 200 74071 "-" "Mozilla/5.0 (compatible; DataForSeoBot/1.0; +https://dataforseo.com/dataforseo-bot)" 314 **0/314369**
85.208.96.199 - - [03/Mar/2026:08:55:22 -0700] "GET /themes-reputes-en-compagnie-de-machines-de-de-un-tantinet/ HTTP/1.1" 200 80209 "-" "Mozilla/5.0 (compatible; SemrushBot/7~bl; +http://www.semrush.com/bot.html)" 264 **0/264708**
85.208.96.193 - - [03/Mar/2026:08:55:24 -0700] "GET /blog/page/2443/ HTTP/1.1" 200 79767 "-" "Mozilla/5.0 (compatible; SemrushBot/7~bl; +http://www.semrush.com/bot.html)" 490 **0/490378**
136.243.220.212 - - [03/Mar/2026:08:55:24 -0700] "GET /kan-ill-md-seats-victory-640m-william-hill-20-free-spins-online-casino-lottery-jackpot/ HTTP/1.1" 200 73805 "-" "Mozilla/5.0 (compatible; DataForSeoBot/1.0; +https://dataforseo.com/dataforseo-bot)" 395 **0/395035**
85.208.96.210 - - [03/Mar/2026:08:55:26 -0700] "GET /maximisez-vos-gains-avec-les-bonus-du-black-friday-guide-expert-pour-les-joueurs-de-casino-en-ligne/ HTTP/1.1" 200 80955 "-" "Mozilla/5.0 (compatible; SemrushBot/7~bl; +http://www.semrush.com/bot.html)" 275 **0/275964**
216.244.66.241 - - [03/Mar/2026:08:55:26 -0700] "GET /score-50-totally-free-spins-without-even-while-making-in-initial-deposit-from-the-21-casino/ HTTP/1.1" 200 342543 "-" "Mozilla/5.0 (compatible; DotBot/1.2; +https://opensiteexplorer.org/dotbot; help@moz.com)" 323 **0/323628**
185.191.171.10 - - [03/Mar/2026:08:55:28 -0700] "GET /les-superstitions-modernes-qui-boostent-vos-gains-en-casino-en-ligne/ HTTP/1.1" 200 80199 "-" "Mozilla/5.0 (compatible; SemrushBot/7~bl; +http://www.semrush.com/bot.html)" 318 **0/318028**
136.243.220.212 - - [03/Mar/2026:08:55:28 -0700] "GET /ten-greatest-to-play-websites-in-to-the-dr-fortuno-the-initial-step-lay-the-usa-sep-5-deposit-local-casino-wasteland-drag-2024-elaag-farming-company/ HTTP/1.1" 200 72168 "-" "Mozilla/5.0 (compatible; DataForSeoBot/1.0; +https://dataforseo.com/dataforseo-bot)" 301 **0/301946**
85.208.96.211 - - [03/Mar/2026:08:55:30 -0700] "GET /bonus-%CE%B5%CE%B3%CE%B3%CF%81%CE%B1%CF%86%CE%AE%CF%82-%CE%AD%CF%89%CF%82-500-200-free-spins/ HTTP/1.1" 200 80433 "-" "Mozilla/5.0 (compatible; SemrushBot/7~bl; +http://www.semrush.com/bot.html)" 298 **0/298960**
136.243.220.212 - - [03/Mar/2026:08:55:32 -0700] "GET /spilleban-afkastning-2024-bedste-pa-alchemist-1-depositum-casino-bonusser-i-dannevan/ HTTP/1.1" 200 73034 "-" "Mozilla/5.0 (compatible; DataForSeoBot/1.0; +https://dataforseo.com/dataforseo-bot)" 337 **0/337750**
85.208.96.210 - - [03/Mar/2026:08:55:35 -0700] "GET /perish-das-besten-erreichbar-casinos-bieten-microgaming-spielautomaten-angeschaltet/ HTTP/1.1" 200 79131 "-" "Mozilla/5.0 (compatible; SemrushBot/7~bl; +http://www.semrush.com/bot.html)" 315 **0/315073**
136.243.220.212 - - [03/Mar/2026:08:55:36 -0700] "GET /1-casino-deposit-added-bonus-finest-1-dollars-bonuses-for-2025/ HTTP/1.1" 200 73251 "-" "Mozilla/5.0 (compatible; DataForSeoBot/1.0; +https://dataforseo.com/dataforseo-bot)" 338 **0/338003**
85.208.96.211 - - [03/Mar/2026:08:55:40 -0700] "GET /blog/page/5656/ HTTP/1.1" 200 79958 "-" "Mozilla/5.0 (compatible; SemrushBot/7~bl; +http://www.semrush.com/bot.html)" 448 **0/448341**
136.243.220.212 - - [03/Mar/2026:08:55:40 -0700] "GET /androide-echtgeld-kasino-apps-primebetz-app-herunterladen-and-ihre-funktionen-inoffizieller-mitarbeiter-ubersicht/ HTTP/1.1" 200 74034 "-" "Mozilla/5.0 (compatible; DataForSeoBot/1.0; +https://dataforseo.com/dataforseo-bot)" 422 **0/422782**
185.191.171.18 - - [03/Mar/2026:08:55:42 -0700] "GET /depending-along-the-southern-coastline-out-of-lake-premium-the-new-lakeside-city-of-bayfield-also-offers-an-image-best-sunday-avoid/ HTTP/1.1" 200 78781 "-" "Mozilla/5.0 (compatible; SemrushBot/7~bl; +http://www.semrush.com/bot.html)" 311 **0/311896**
136.243.220.212 - - [03/Mar/2026:08:55:44 -0700] "GET /commission-chart/ HTTP/1.1" 200 71045 "-" "Mozilla/5.0 (compatible; DataForSeoBot/1.0; +https://dataforseo.com/dataforseo-bot)" 306 **0/306118**
136.243.220.212 - - [03/Mar/2026:08:55:48 -0700] "GET /finest-web-reel-outlaws-slot-machine-based-casinos-usa-play-for-real-money-today/ HTTP/1.1" 200 74068 "-" "Mozilla/5.0 (compatible; DataForSeoBot/1.0; +https://dataforseo.com/dataforseo-bot)" 335 **0/335112**
136.243.220.212 - - [03/Mar/2026:08:55:52 -0700] "GET /leprechaun-goes-egypt-position-remark-96-75-rtp-take-pleasure-in-page-wade-2025/ HTTP/1.1" 200 74948 "-" "Mozilla/5.0 (compatible; DataForSeoBot/1.0; +https://dataforseo.com/dataforseo-bot)" 295 **0/295244**
68.178.232.37 - - [03/Mar/2026:08:55:57 -0700] "POST /wp-cron.php?doing_wp_cron=1772553357.5960071086883544921875 HTTP/1.1" 200 - "http://www.icdp.co.in/wp-cron.php?doing_wp_cron=1772553357.5960071086883544921875" "WordPress/5.7.8; http://www.icdp.co.in" 155 **0/155013**
136.243.220.212 - - [03/Mar/2026:08:55:57 -0700] "GET /coin-master-fur-nusse-herunterkopieren-letzte-vari-ion-auf-monty-python-1-kaution-deutsch-unter-ccm-ccm/ HTTP/1.1" 200 72672 "-" "Mozilla/5.0 (compatible; DataForSeoBot/1.0; +https://dataforseo.com/dataforseo-bot)" 491 **0/491204**
136.243.220.212 - - [03/Mar/2026:08:56:00 -0700] "GET /juegos-de-balde-de-tragamonedas-online/ HTTP/1.1" 200 73553 "-" "Mozilla/5.0 (compatible; DataForSeoBot/1.0; +https://dataforseo.com/dataforseo-bot)" 348 **0/348567**
136.243.220.212 - - [03/Mar/2026:08:56:04 -0700] "GET /such-classic-machines-victory-habits-are-quick-and-you-may-quite-promising/ HTTP/1.1" 200 71416 "-" "Mozilla/5.0 (compatible; DataForSeoBot/1.0; +https://dataforseo.com/dataforseo-bot)" 349 **0/349450**
136.243.220.212 - - [03/Mar/2026:08:56:09 -0700] "GET /finest-pay-from-the-cell-phone-casinos-not-on-gamstop-for-british-professionals/ HTTP/1.1" 200 73814 "-" "Mozilla/5.0 (compatible; DataForSeoBot/1.0; +https://dataforseo.com/dataforseo-bot)" 350 **0/350282**
218.152.33.179 - - [03/Mar/2026:08:56:11 -0700] "GET /experience-the-thrill-of-online-casino-gaming-at/ HTTP/1.1" 200 72898 "-" "Mozilla/5.0 (Windows NT 10.0; WOW64) AppleWebKit/537.36 (KHTML, like Gecko) Chrome/114.0.0.0 Safari/537.36 Vivaldi/5.3.2679.68" 305 **0/305908**
136.243.220.212 - - [03/Mar/2026:08:56:12 -0700] "GET /gaming-de-casino-gratuits-au-top-2025-mon-lien-hypertexte-pourrez-aux-differents-meilleurs-jeux-avec-casino/ HTTP/1.1" 200 72773 "-" "Mozilla/5.0 (compatible; DataForSeoBot/1.0; +https://dataforseo.com/dataforseo-bot)" 315 **0/315402**
57.141.16.27 - - [03/Mar/2026:08:56:13 -0700] "GET /?p=149364 HTTP/1.1" 301 - "-" "meta-externalagent/1.1 (+https://developers.facebook.com/docs/sharing/webmasters/crawler)" 125 **0/125037**
136.243.220.212 - - [03/Mar/2026:08:56:17 -0700] "GET /stake-plenty-slot-viking-age-of-fortune-slot-idraet-foran-rigtige-knap-spilleban-omtale/ HTTP/1.1" 200 73416 "-" "Mozilla/5.0 (compatible; DataForSeoBot/1.0; +https://dataforseo.com/dataforseo-bot)" 285 **0/285915**
136.243.220.212 - - [03/Mar/2026:08:56:21 -0700] "GET /double-dragon-video-slot-comment-100-percent-free-enjoy-demo/ HTTP/1.1" 200 73132 "-" "Mozilla/5.0 (compatible; DataForSeoBot/1.0; +https://dataforseo.com/dataforseo-bot)" 324 **0/324640**
136.243.220.212 - - [03/Mar/2026:08:56:24 -0700] "GET /greatest-charge-card-casinos-2025-costs-limitations-incentives/ HTTP/1.1" 200 73657 "-" "Mozilla/5.0 (compatible; DataForSeoBot/1.0; +https://dataforseo.com/dataforseo-bot)" 292 **0/292288**
136.243.220.212 - - [03/Mar/2026:08:56:28 -0700] "GET /donald-trump-responds-so-you-can-no-kings-protests-with-crown-video/ HTTP/1.1" 200 73771 "-" "Mozilla/5.0 (compatible; DataForSeoBot/1.0; +https://dataforseo.com/dataforseo-bot)" 321 **0/321986**
57.141.16.3 - - [03/Mar/2026:08:56:31 -0700] "GET /wp-json/wp/v2/posts/147369 HTTP/1.1" 200 7847 "-" "meta-externalagent/1.1 (+https://developers.facebook.com/docs/sharing/webmasters/crawler)" 121 **0/121444**
136.243.220.212 - - [03/Mar/2026:08:56:32 -0700] "GET /grausam-riesenerfolg-freispiele-ohne-casino-slotty-vegas-ruckzug-einzahlung-inside-2025-sichern/ HTTP/1.1" 200 73456 "-" "Mozilla/5.0 (compatible; DataForSeoBot/1.0; +https://dataforseo.com/dataforseo-bot)" 289 **0/289820**
136.243.220.212 - - [03/Mar/2026:08:56:36 -0700] "GET /lord-of-ones-groups-signal-these-a-substantial-step-three-reel-follow-up/ HTTP/1.1" 200 72126 "-" "Mozilla/5.0 (compatible; DataForSeoBot/1.0; +https://dataforseo.com/dataforseo-bot)" 316 **0/316734**
66.249.75.101 - - [03/Mar/2026:08:56:39 -0700] "GET /gamble-habanero-sexy-hot-fruit-casino-betfair-100-free-spins-prive-on-the-internet-hollywoodbets-betting/ HTTP/1.1" 200 72253 "-" "Mozilla/5.0 (Linux; Android 6.0.1; Nexus 5X Build/MMB29P) AppleWebKit/537.36 (KHTML, like Gecko) Chrome/144.0.7559.132 Mobile Safari/537.36 (compatible; Googlebot/2.1; +http://www.google.com/bot.html)" 318 **0/318766**
136.243.220.212 - - [03/Mar/2026:08:56:40 -0700] "GET /cuatro-aces-within-the-casino-poker-to-try-out-four-of-a-kind-quad-aces/ HTTP/1.1" 200 72541 "-" "Mozilla/5.0 (compatible; DataForSeoBot/1.0; +https://dataforseo.com/dataforseo-bot)" 299 **0/299553**
136.243.220.212 - - [03/Mar/2026:08:56:44 -0700] "GET /spielbank-cruise-1-000-machance-anmeldebonus-bonus/ HTTP/1.1" 200 73494 "-" "Mozilla/5.0 (compatible; DataForSeoBot/1.0; +https://dataforseo.com/dataforseo-bot)" 329 **0/329597**
57.141.16.29 - - [03/Mar/2026:08:56:48 -0700] "GET /?p=146906 HTTP/1.1" 301 - "-" "meta-externalagent/1.1 (+https://developers.facebook.com/docs/sharing/webmasters/crawler)" 134 **0/134646**
136.243.220.212 - - [03/Mar/2026:08:56:49 -0700] "GET /condition-pact-towards-playing-within-the-germany-alter-because-2021/ HTTP/1.1" 200 71397 "-" "Mozilla/5.0 (compatible; DataForSeoBot/1.0; +https://dataforseo.com/dataforseo-bot)" 309 **0/309120**
136.243.220.212 - - [03/Mar/2026:08:56:52 -0700] "GET /winspirit-casino-casino-2025-expert-player-ratings/ HTTP/1.1" 200 72196 "-" "Mozilla/5.0 (compatible; DataForSeoBot/1.0; +https://dataforseo.com/dataforseo-bot)" 331 **0/331886**
68.178.232.37 - - [03/Mar/2026:08:56:57 -0700] "POST /wp-cron.php?doing_wp_cron=1772553417.2873430252075195312500 HTTP/1.1" 200 - "http://www.icdp.co.in/wp-cron.php?doing_wp_cron=1772553417.2873430252075195312500" "WordPress/5.7.8; http://www.icdp.co.in" 194 **0/194498**
136.243.220.212 - - [03/Mar/2026:08:56:57 -0700] "GET /historien-om-plinko-spelet-hur-det-blev-en-klassiker/ HTTP/1.1" 200 71522 "-" "Mozilla/5.0 (compatible; DataForSeoBot/1.0; +https://dataforseo.com/dataforseo-bot)" 489 **0/489636**
136.243.220.212 - - [03/Mar/2026:08:57:00 -0700] "GET /play-on-line-black-jack-pro-show-a-real-spybet-apk-login-income-no-deposit-mega-jackpot-on-line-from-your-browser-video-game-stadium/ HTTP/1.1" 200 74251 "-" "Mozilla/5.0 (compatible; DataForSeoBot/1.0; +https://dataforseo.com/dataforseo-bot)" 417 **0/417117**
57.141.16.15 - - [03/Mar/2026:08:57:03 -0700] "GET /wp-json/wp/v2/posts/150035 HTTP/1.1" 200 7656 "-" "meta-externalagent/1.1 (+https://developers.facebook.com/docs/sharing/webmasters/crawler)" 162 **0/162121**
136.243.220.212 - - [03/Mar/2026:08:57:04 -0700] "GET /skuespil-online-kortspil-sikken-rigtige-middel-studere-vores-hitnspin-ingen-indbetalingspromo-kode-kasino-guide-herti-ets-pasquier/ HTTP/1.1" 200 73212 "-" "Mozilla/5.0 (compatible; DataForSeoBot/1.0; +https://dataforseo.com/dataforseo-bot)" 347 **0/347798**
136.243.220.212 - - [03/Mar/2026:08:57:08 -0700] "GET /all-the-bus-xon-bet-casino-promo-codes-pathways/ HTTP/1.1" 200 74727 "-" "Mozilla/5.0 (compatible; DataForSeoBot/1.0; +https://dataforseo.com/dataforseo-bot)" 318 **0/318565**
198.244.240.208 - - [03/Mar/2026:08:57:09 -0700] "GET /casino-incentives-2025-discover-the-best-on-line-casino-incentive-also-provides/ HTTP/1.1" 200 72370 "-" "Mozilla/5.0 (compatible; AhrefsBot/7.0; +http://ahrefs.com/robot/)" 284 **0/284819**
136.243.220.212 - - [03/Mar/2026:08:57:12 -0700] "GET /evaluation-from-get-across-platform-quick-chatting-customers-wikipedia/ HTTP/1.1" 200 73155 "-" "Mozilla/5.0 (compatible; DataForSeoBot/1.0; +https://dataforseo.com/dataforseo-bot)" 297 **0/297246**
136.243.220.212 - - [03/Mar/2026:08:57:16 -0700] "GET /mega-moolah-totally-shopping-spree-no-deposit-free-spins-free-spins-no-deposit-score-80-to-have-1-deposit/ HTTP/1.1" 200 72454 "-" "Mozilla/5.0 (compatible; DataForSeoBot/1.0; +https://dataforseo.com/dataforseo-bot)" 392 **0/392209**
136.243.220.212 - - [03/Mar/2026:08:57:21 -0700] "GET /deceased-billionairespin-150-bonus-or-real-time-ii-slot-on-line-demo-play-for-free/ HTTP/1.1" 200 72221 "-" "Mozilla/5.0 (compatible; DataForSeoBot/1.0; +https://dataforseo.com/dataforseo-bot)" 307 **0/307167**
136.243.220.212 - - [03/Mar/2026:08:57:24 -0700] "GET /pelican-pete-aristocrat-reputation-review-demonstration-april-2025/ HTTP/1.1" 200 72916 "-" "Mozilla/5.0 (compatible; DataForSeoBot/1.0; +https://dataforseo.com/dataforseo-bot)" 361 **0/361987**
136.243.220.212 - - [03/Mar/2026:08:57:29 -0700] "GET /dasjenige-spielbank-ist-unter-zuhilfenahme-von-einer-bereich-bei-quadratmetern-dasjenige-grote-as-part-of-samtliche-clark-county/ HTTP/1.1" 200 72117 "-" "Mozilla/5.0 (compatible; DataForSeoBot/1.0; +https://dataforseo.com/dataforseo-bot)" 290 **0/290438**
136.243.220.212 - - [03/Mar/2026:08:57:33 -0700] "GET /greatwolf/ HTTP/1.1" 200 74289 "-" "Mozilla/5.0 (compatible; DataForSeoBot/1.0; +https://dataforseo.com/dataforseo-bot)" 285 **0/285201**
136.243.220.212 - - [03/Mar/2026:08:57:36 -0700] "GET /on-line-platincasino-casino-internet-blackjack-games-enjoy-live-earn-a-real-income/ HTTP/1.1" 200 74405 "-" "Mozilla/5.0 (compatible; DataForSeoBot/1.0; +https://dataforseo.com/dataforseo-bot)" 321 **0/321949**
136.243.220.212 - - [03/Mar/2026:08:57:41 -0700] "GET /pharaoh-s-fortune-games/ HTTP/1.1" 200 73139 "-" "Mozilla/5.0 (compatible; DataForSeoBot/1.0; +https://dataforseo.com/dataforseo-bot)" 300 **0/300353**
136.243.220.212 - - [03/Mar/2026:08:57:45 -0700] "GET /die-besten-echtgeld-online-casinos-2025-26-im-siehe-seite-erprobung/ HTTP/1.1" 200 73403 "-" "Mozilla/5.0 (compatible; DataForSeoBot/1.0; +https://dataforseo.com/dataforseo-bot)" 278 **0/278016**
136.243.220.212 - - [03/Mar/2026:08:57:48 -0700] "GET /500-freispiele-ohne-einzahlung-2025-top-abu-king-login-mobile-football-girls-hauptpreis-slot-angebote/ HTTP/1.1" 200 73819 "-" "Mozilla/5.0 (compatible; DataForSeoBot/1.0; +https://dataforseo.com/dataforseo-bot)" 301 **0/301367**
136.243.220.212 - - [03/Mar/2026:08:57:52 -0700] "GET /5-put-casinos-in-the-no-deposit-mystery-chance-2023-nz/ HTTP/1.1" 200 73987 "-" "Mozilla/5.0 (compatible; DataForSeoBot/1.0; +https://dataforseo.com/dataforseo-bot)" 269 **0/269811**
68.178.232.37 - - [03/Mar/2026:08:57:57 -0700] "POST /wp-cron.php?doing_wp_cron=1772553477.1544959545135498046875 HTTP/1.1" 200 - "http://www.icdp.co.in/wp-cron.php?doing_wp_cron=1772553477.1544959545135498046875" "WordPress/5.7.8; http://www.icdp.co.in" 158 **0/158770**
136.243.220.212 - - [03/Mar/2026:08:57:57 -0700] "GET /gavne-spil-gladiator-slot-online-ingen-download-gysser-online-hurtigt-21-mader-at-tjene-penge-som-2024/ HTTP/1.1" 200 72953 "-" "Mozilla/5.0 (compatible; DataForSeoBot/1.0; +https://dataforseo.com/dataforseo-bot)" 467 **0/467317**
136.243.220.212 - - [03/Mar/2026:08:58:00 -0700] "GET /100-percent-free-revolves-no-deposit-gambling-enterprise-no-deposit-incentives-5-totally-free-spins-aztec-gems/ HTTP/1.1" 200 72037 "-" "Mozilla/5.0 (compatible; DataForSeoBot/1.0; +https://dataforseo.com/dataforseo-bot)" 387 **0/387311**
136.243.220.212 - - [03/Mar/2026:08:58:04 -0700] "GET /onlajn-gama-casino-online-obzor-2025-6270/ HTTP/1.1" 200 73461 "-" "Mozilla/5.0 (compatible; DataForSeoBot/1.0; +https://dataforseo.com/dataforseo-bot)" 401 **0/401919**
136.243.220.212 - - [03/Mar/2026:08:58:08 -0700] "GET /enjoy-guide-from-spells-position-position-online-game-online-free-revolves/ HTTP/1.1" 200 72711 "-" "Mozilla/5.0 (compatible; DataForSeoBot/1.0; +https://dataforseo.com/dataforseo-bot)" 314 **0/314967**
216.244.66.241 - - [03/Mar/2026:08:58:09 -0700] "GET /ce-divergent-apparence-delicat-des-paname-jeu-personnellement/ HTTP/1.1" 200 343968 "-" "Mozilla/5.0 (compatible; DotBot/1.2; +https://opensiteexplorer.org/dotbot; help@moz.com)" 294 **0/294734**
17.241.75.121 - - [03/Mar/2026:08:58:10 -0700] "GET /nachfolgende-besten-echtgeld-erreichbar-casinos-inside-brd/ HTTP/1.1" 200 79647 "-" "Mozilla/5.0 (Macintosh; Intel Mac OS X 10_15_7) AppleWebKit/605.1.15 (KHTML, like Gecko) Version/17.4 Safari/605.1.15 (Applebot/0.1; +http://www.apple.com/go/applebot)" 303 **0/303427**
136.243.220.212 - - [03/Mar/2026:08:58:12 -0700] "GET /best-online-casinos-uk-greatest-uk-internet-sites-bonuses-for-2025/ HTTP/1.1" 200 73924 "-" "Mozilla/5.0 (compatible; DataForSeoBot/1.0; +https://dataforseo.com/dataforseo-bot)" 293 **0/293426**
136.243.220.212 - - [03/Mar/2026:08:58:17 -0700] "GET /probability-of-successful-lottery/ HTTP/1.1" 200 73067 "-" "Mozilla/5.0 (compatible; DataForSeoBot/1.0; +https://dataforseo.com/dataforseo-bot)" 306 **0/306887**
98.98.9.61 - - [03/Mar/2026:08:58:19 -0700] "POST /xmlrpc.php HTTP/1.1" 200 181 "-" "Mozilla/5.0 (Windows NT 10.0; Win64; x64) AppleWebKit/537.36 (KHTML, like Gecko) Chrome/114.0.0.0 Safari/537.36" 199 **0/199131**
57.141.16.55 - - [03/Mar/2026:08:58:21 -0700] "GET /wp-json/oembed/1.0/embed?url=http%3A%2F%2Fwww.icdp.co.in%2Ftherell-be-no-problems-registering-and-work-out-a-deposit-and-you-may-establishing-wagers-to-your-gambling-games%2F HTTP/1.1" 200 2749 "-" "meta-externalagent/1.1 (+https://developers.facebook.com/docs/sharing/webmasters/crawler)" 179 **0/179574**
136.243.220.212 - - [03/Mar/2026:08:58:20 -0700] "GET /beste-erreichbar-casinos-teutonia-sizzling-hot-deluxe-bonusspiel-nebelmonat-2025/ HTTP/1.1" 200 73295 "-" "Mozilla/5.0 (compatible; DataForSeoBot/1.0; +https://dataforseo.com/dataforseo-bot)" 1464 **1/1464079**
68.178.232.37 - - [03/Mar/2026:08:58:20 -0700] "POST /wp-cron.php?doing_wp_cron=1772553500.9625360965728759765625 HTTP/1.1" 200 - "http://www.icdp.co.in/wp-cron.php?doing_wp_cron=1772553500.9625360965728759765625" "WordPress/5.7.8; http://www.icdp.co.in" 3591 **3/3591874**
136.243.220.212 - - [03/Mar/2026:08:58:24 -0700] "GET /better-insane-local-casino-bonus-codes-so-you-can-allege-in-the-2025/ HTTP/1.1" 200 71686 "-" "Mozilla/5.0 (compatible; DataForSeoBot/1.0; +https://dataforseo.com/dataforseo-bot)" 305 **0/305989**
17.22.245.177 - - [03/Mar/2026:08:58:25 -0700] "GET /mostbet-online-app-103/ HTTP/1.1" 200 82163 "-" "Mozilla/5.0 (Macintosh; Intel Mac OS X 10_15_7) AppleWebKit/605.1.15 (KHTML, like Gecko) Version/17.4 Safari/605.1.15 (Applebot/0.1; +http://www.apple.com/go/applebot)" 276 **0/276849**
216.244.66.241 - - [03/Mar/2026:08:58:26 -0700] "GET /das-avia-masters-online-casino-erfolgsprinzipen-entdecken/ HTTP/1.1" 200 343092 "-" "Mozilla/5.0 (compatible; DotBot/1.2; +https://opensiteexplorer.org/dotbot; help@moz.com)" 289 **0/289213**
98.98.9.61 - - [03/Mar/2026:08:58:26 -0700] "POST /xmlrpc.php HTTP/1.1" 200 13138 "-" "Mozilla/5.0 (Windows NT 10.0; Win64; x64) AppleWebKit/537.36 (KHTML, like Gecko) Chrome/114.0.0.0 Safari/537.36" 722 **0/722151**
57.141.16.72 - - [03/Mar/2026:08:58:28 -0700] "GET /?p=144309 HTTP/1.1" 301 - "-" "meta-externalagent/1.1 (+https://developers.facebook.com/docs/sharing/webmasters/crawler)" 198 **0/198222**
136.243.220.212 - - [03/Mar/2026:08:58:28 -0700] "GET /sargadelos/ HTTP/1.1" 200 72362 "-" "Mozilla/5.0 (compatible; DataForSeoBot/1.0; +https://dataforseo.com/dataforseo-bot)" 387 **0/387032**
