85.208.96.212 - - [03/Mar/2026:10:14:16 -0700] "GET /all-you-have-to-discover-before-you-start-their-game-play/ HTTP/1.1" 200 78316 "-" "Mozilla/5.0 (compatible; SemrushBot/7~bl; +http://www.semrush.com/bot.html)" 320 **0/320565**
17.22.253.150 - - [03/Mar/2026:10:14:17 -0700] "GET /wp-includes/js/comment-reply.min.js?ver=5.7.8 HTTP/1.1" 200 1346 "http://www.icdp.co.in/mostbet-bonus-213/" "Mozilla/5.0 (Macintosh; Intel Mac OS X 10_15_7) AppleWebKit/605.1.15 (KHTML, like Gecko) Version/17.4 Safari/605.1.15 (Applebot/0.1; +http://www.apple.com/go/applebot)" 7 **0/7015**
136.243.220.212 - - [03/Mar/2026:10:14:19 -0700] "GET /spilleban-bonus-hvis-ikke-indbetaling-hugo-casino-tilbagetraekning-af-bonuskonto-som-dannevan-2024/ HTTP/1.1" 200 71391 "-" "Mozilla/5.0 (compatible; DataForSeoBot/1.0; +https://dataforseo.com/dataforseo-bot)" 340 **0/340394**
119.23.78.59 - - [03/Mar/2026:10:14:20 -0700] "GET /the-ethical-landscape-of-online-gambling-media-3/ HTTP/1.1" 200 73166 "-" "Mozilla/5.0 (Windows NT 10.0; WOW64) AppleWebKit/537.36 (KHTML, like Gecko) Chrome/114.0.0.0 YaBrowser/22.7.0 Yowser/2.5 Safari/537.36" 310 **0/310906**
216.244.66.241 - - [03/Mar/2026:10:14:22 -0700] "GET /den-gurtel-enger-schnallen-fur-jedes-kinder-jugendliche-speisekarte-app/ HTTP/1.1" 200 349723 "-" "Mozilla/5.0 (compatible; DotBot/1.2; +https://opensiteexplorer.org/dotbot; help@moz.com)" 326 **0/326062**
136.243.220.212 - - [03/Mar/2026:10:14:22 -0700] "GET /5-casino-einzahlung-beste-erreichbar-casinos-qua-kleinem-haushaltsplan-as-part-xon-bet-casino-bonus-of-2025/ HTTP/1.1" 200 73404 "-" "Mozilla/5.0 (compatible; DataForSeoBot/1.0; +https://dataforseo.com/dataforseo-bot)" 367 **0/367484**
185.191.171.12 - - [03/Mar/2026:10:14:25 -0700] "GET /an-advantage-for-each-player-are-going-to-be-motto-since-there-is-things-for-all/ HTTP/1.1" 200 78227 "-" "Mozilla/5.0 (compatible; SemrushBot/7~bl; +http://www.semrush.com/bot.html)" 300 **0/300447**
136.243.220.212 - - [03/Mar/2026:10:14:27 -0700] "GET /angeschlossen-casino-dem-recht-casino-betway-100-kostenlose-spins-entsprechend-bet365-uber-deutscher-erlaubniskarte/ HTTP/1.1" 200 73516 "-" "Mozilla/5.0 (compatible; DataForSeoBot/1.0; +https://dataforseo.com/dataforseo-bot)" 291 **0/291554**
17.246.23.87 - - [03/Mar/2026:10:14:27 -0700] "GET /7-konnte-ich-innerster-planet-weiters-novoline-slots-inoffizieller-mitarbeiter-verbunden-spielbank-vortragen/ HTTP/1.1" 200 79918 "-" "Mozilla/5.0 (Macintosh; Intel Mac OS X 10_15_7) AppleWebKit/605.1.15 (KHTML, like Gecko) Version/17.4 Safari/605.1.15 (Applebot/0.1; +http://www.apple.com/go/applebot)" 330 **0/330418**
136.243.220.212 - - [03/Mar/2026:10:14:31 -0700] "GET /claim-100-percent-free-spin-also-offers-20-fifty-grown-spins-for-real-money/ HTTP/1.1" 200 71816 "-" "Mozilla/5.0 (compatible; DataForSeoBot/1.0; +https://dataforseo.com/dataforseo-bot)" 294 **0/294604**
57.141.16.97 - - [03/Mar/2026:10:14:32 -0700] "GET /wp-json/wp/v2/posts/144380 HTTP/1.1" 200 7617 "-" "meta-externalagent/1.1 (+https://developers.facebook.com/docs/sharing/webmasters/crawler)" 140 **0/140670**
136.243.220.212 - - [03/Mar/2026:10:14:34 -0700] "GET /50-freispiele-blos-einzahlung-schnelle-auszahlung-online-casino-ohne-einzahlungsbonus-2025-50-freie-spins-unter-safari-heat-gratis-free-spins/ HTTP/1.1" 200 73705 "-" "Mozilla/5.0 (compatible; DataForSeoBot/1.0; +https://dataforseo.com/dataforseo-bot)" 265 **0/265269**
216.244.66.241 - - [03/Mar/2026:10:14:38 -0700] "GET /top-online-casinos-beste-deutsche-spielsaal-seiten-casino-wizard-of-oz-slot-2026/ HTTP/1.1" 200 345360 "-" "Mozilla/5.0 (compatible; DotBot/1.2; +https://opensiteexplorer.org/dotbot; help@moz.com)" 240 **0/240119**
136.243.220.212 - - [03/Mar/2026:10:14:38 -0700] "GET /cabaret-klub-spielbank-im-probe-gamer-erfahrungen-evolution-slot-echtes-geld-leer-goldbet-mobile-app-download-grosherzogtum-luxemburg-2025/ HTTP/1.1" 200 73731 "-" "Mozilla/5.0 (compatible; DataForSeoBot/1.0; +https://dataforseo.com/dataforseo-bot)" 280 **0/280395**
136.243.220.212 - - [03/Mar/2026:10:14:42 -0700] "GET /gogo-silver-local-casino-no-deposit-added-bonus-a-real-income-for-free-enjoy/ HTTP/1.1" 200 73196 "-" "Mozilla/5.0 (compatible; DataForSeoBot/1.0; +https://dataforseo.com/dataforseo-bot)" 252 **0/252100**
136.243.220.212 - - [03/Mar/2026:10:14:46 -0700] "GET /finest-on-the-internet-sizzling-hot-new-version-online-slot-roulette-online-game-for-real-money-finest-casinos-2025/ HTTP/1.1" 200 74081 "-" "Mozilla/5.0 (compatible; DataForSeoBot/1.0; +https://dataforseo.com/dataforseo-bot)" 274 **0/274859**
136.243.220.212 - - [03/Mar/2026:10:14:51 -0700] "GET /lucky-koi-position-gameplay-on-line-for-real-money/ HTTP/1.1" 200 71519 "-" "Mozilla/5.0 (compatible; DataForSeoBot/1.0; +https://dataforseo.com/dataforseo-bot)" 299 **0/299897**
136.243.220.212 - - [03/Mar/2026:10:14:55 -0700] "GET /enjoy-time-fresh-fruit-slot-machine-online-in-the-mega-gambling-establishment/ HTTP/1.1" 200 72526 "-" "Mozilla/5.0 (compatible; DataForSeoBot/1.0; +https://dataforseo.com/dataforseo-bot)" 284 **0/284348**
68.178.232.37 - - [03/Mar/2026:10:14:59 -0700] "POST /wp-cron.php?doing_wp_cron=1772558099.2876820564270019531250 HTTP/1.1" 200 - "http://www.icdp.co.in/wp-cron.php?doing_wp_cron=1772558099.2876820564270019531250" "WordPress/5.7.8; http://www.icdp.co.in" 162 **0/162431**
136.243.220.212 - - [03/Mar/2026:10:14:59 -0700] "GET /claim-100-as-much-as-one-hundred-greeting-bonus-along-with-free-revolves/ HTTP/1.1" 200 72879 "-" "Mozilla/5.0 (compatible; DataForSeoBot/1.0; +https://dataforseo.com/dataforseo-bot)" 500 **0/500296**
68.178.232.37 - - [03/Mar/2026:10:15:03 -0700] "POST /wp-cron.php?doing_wp_cron=1772558103.4115459918975830078125 HTTP/1.1" 200 - "http://www.icdp.co.in/wp-cron.php?doing_wp_cron=1772558103.4115459918975830078125" "WordPress/5.7.8; http://www.icdp.co.in" 831 **0/831106**
136.243.220.212 - - [03/Mar/2026:10:15:03 -0700] "GET /machines-vers-dessous-complaisantes-primebetz-casino-fr-1000-gaming-casino-quelque-peu/ HTTP/1.1" 200 72791 "-" "Mozilla/5.0 (compatible; DataForSeoBot/1.0; +https://dataforseo.com/dataforseo-bot)" 1555 **1/1555375**
136.243.220.212 - - [03/Mar/2026:10:15:06 -0700] "GET /legend-of-ones-red-colored-dragon-streaming-observe-on-the-internet/ HTTP/1.1" 200 72286 "-" "Mozilla/5.0 (compatible; DataForSeoBot/1.0; +https://dataforseo.com/dataforseo-bot)" 446 **0/446316**
136.243.220.212 - - [03/Mar/2026:10:15:11 -0700] "GET /chiffres-pour-offres-abusives-2025/ HTTP/1.1" 200 72725 "-" "Mozilla/5.0 (compatible; DataForSeoBot/1.0; +https://dataforseo.com/dataforseo-bot)" 361 **0/361555**
136.243.220.212 - - [03/Mar/2026:10:15:14 -0700] "GET /a-real-income-harbors-enjoy-harbors-to-victory-a-real-income-in-the-greatest-united-states-gambling-enterprises/ HTTP/1.1" 200 71771 "-" "Mozilla/5.0 (compatible; DataForSeoBot/1.0; +https://dataforseo.com/dataforseo-bot)" 368 **0/368073**
198.244.240.216 - - [03/Mar/2026:10:15:17 -0700] "GET /father-or-mother-organization-from-florida-based-workplace-depot-marketed/ HTTP/1.1" 200 72675 "-" "Mozilla/5.0 (compatible; AhrefsBot/7.0; +http://ahrefs.com/robot/)" 322 **0/322412**
136.243.220.212 - - [03/Mar/2026:10:15:18 -0700] "GET /golden-purpose-position-by-the-galewind-opinion-demonstration-game/ HTTP/1.1" 200 72094 "-" "Mozilla/5.0 (compatible; DataForSeoBot/1.0; +https://dataforseo.com/dataforseo-bot)" 318 **0/318656**
57.141.16.14 - - [03/Mar/2026:10:15:18 -0700] "GET /wp-json/oembed/1.0/embed?url=http%3A%2F%2Fwww.icdp.co.in%2Freliable-other-sites-interact-with-distinguished-app-providers-growing-cutting-border-games-enhancing-the-betting-feel%2F HTTP/1.1" 200 2758 "-" "meta-externalagent/1.1 (+https://developers.facebook.com/docs/sharing/webmasters/crawler)" 121 **0/121402**
136.243.220.212 - - [03/Mar/2026:10:15:22 -0700] "GET /better-casinos-on-the-internet-2025-finest-a-hundred-recommendations/ HTTP/1.1" 200 71989 "-" "Mozilla/5.0 (compatible; DataForSeoBot/1.0; +https://dataforseo.com/dataforseo-bot)" 317 **0/317466**
57.141.16.69 - - [03/Mar/2026:10:15:24 -0700] "GET /wp-json/wp/v2/posts/147371 HTTP/1.1" 200 7587 "-" "meta-externalagent/1.1 (+https://developers.facebook.com/docs/sharing/webmasters/crawler)" 131 **0/131035**
136.243.220.212 - - [03/Mar/2026:10:15:27 -0700] "GET /aktuelles-attila-echte-geldschlitze-mobil-boutique-boatel/ HTTP/1.1" 200 74185 "-" "Mozilla/5.0 (compatible; DataForSeoBot/1.0; +https://dataforseo.com/dataforseo-bot)" 277 **0/277104**
136.243.220.212 - - [03/Mar/2026:10:15:30 -0700] "GET /step-1-casino-put-extra-greatest-step-one-buck-bonuses-to-possess-2025/ HTTP/1.1" 200 73392 "-" "Mozilla/5.0 (compatible; DataForSeoBot/1.0; +https://dataforseo.com/dataforseo-bot)" 296 **0/296343**
136.243.220.212 - - [03/Mar/2026:10:15:35 -0700] "GET /sinful-pokies-no-deposit-incentive-requirements-october-2025/ HTTP/1.1" 200 71767 "-" "Mozilla/5.0 (compatible; DataForSeoBot/1.0; +https://dataforseo.com/dataforseo-bot)" 554 **0/554570**
43.173.173.117 - - [03/Mar/2026:10:15:35 -0700] "GET /mostbet-kazino-961/ HTTP/1.1" 200 83366 "-" "Mozilla/5.0 (Windows NT 10.0; Win64; x64) AppleWebKit/537.36 (KHTML, like Gecko) Chrome/109.0.0.0 Safari/537.36" 533 **0/533567**
43.173.177.39 - - [03/Mar/2026:10:15:35 -0700] "GET /category/1win-qeydiyyat-813/ HTTP/1.1" 200 77121 "-" "Mozilla/5.0 (Windows NT 10.0; Win64; x64) AppleWebKit/537.36 (KHTML, like Gecko) Chrome/112.0.0.0 Safari/537.36" 426 **0/426059**
136.243.220.212 - - [03/Mar/2026:10:15:38 -0700] "GET /udenlandske-casinoer-bedste-spilleban-uden-danskamerikaner-entre-trinocasino-casino-bonusser-2024/ HTTP/1.1" 200 73050 "-" "Mozilla/5.0 (compatible; DataForSeoBot/1.0; +https://dataforseo.com/dataforseo-bot)" 322 **0/322012**
185.191.171.5 - - [03/Mar/2026:10:15:39 -0700] "GET /robots.txt HTTP/1.1" 200 110 "-" "Mozilla/5.0 (compatible; SemrushBot/7~bl; +http://www.semrush.com/bot.html)" 278 **0/278589**
57.141.16.97 - - [03/Mar/2026:10:15:39 -0700] "GET /wp-json/wp/v2/posts/144257 HTTP/1.1" 200 7727 "-" "meta-externalagent/1.1 (+https://developers.facebook.com/docs/sharing/webmasters/crawler)" 161 **0/161187**
17.246.19.33 - - [03/Mar/2026:10:15:42 -0700] "GET /sweepstakes-casinos-publication-150-chances-7-sins-2025-listing-of-sweepstakes-gambling-enterprises/ HTTP/1.1" 404 - "-" "Mozilla/5.0 (Macintosh; Intel Mac OS X 10_15_7) AppleWebKit/605.1.15 (KHTML, like Gecko) Version/17.4 Safari/605.1.15 (Applebot/0.1; +http://www.apple.com/go/applebot)" 119 **0/119988**
136.243.220.212 - - [03/Mar/2026:10:15:42 -0700] "GET /mostbet-on-line-casino-bonusu-nasil-kullanilir/ HTTP/1.1" 200 79101 "-" "Mozilla/5.0 (compatible; DataForSeoBot/1.0; +https://dataforseo.com/dataforseo-bot)" 269 **0/269635**
136.243.220.212 - - [03/Mar/2026:10:15:46 -0700] "GET /greatest-5-deposit-gambling-enterprises-canada-2025/ HTTP/1.1" 200 71635 "-" "Mozilla/5.0 (compatible; DataForSeoBot/1.0; +https://dataforseo.com/dataforseo-bot)" 320 **0/320898**
136.243.220.212 - - [03/Mar/2026:10:15:50 -0700] "GET /five-dollar-put-casinos-best-ruby-fortune-100-free-spins-casino-no-deposit-5-incentive-100-percent-free-revolves-internet-sites/ HTTP/1.1" 200 74176 "-" "Mozilla/5.0 (compatible; DataForSeoBot/1.0; +https://dataforseo.com/dataforseo-bot)" 288 **0/288076**
136.243.220.212 - - [03/Mar/2026:10:15:54 -0700] "GET /genting-wager-promo-code-learn-how-to-claim-so-it-amazing-the-brand-new-consumer-give/ HTTP/1.1" 200 73152 "-" "Mozilla/5.0 (compatible; DataForSeoBot/1.0; +https://dataforseo.com/dataforseo-bot)" 310 **0/310088**
136.243.220.212 - - [03/Mar/2026:10:15:58 -0700] "GET /enchanted-prince-trial-play-totally-free-slot-video-game/ HTTP/1.1" 200 72090 "-" "Mozilla/5.0 (compatible; DataForSeoBot/1.0; +https://dataforseo.com/dataforseo-bot)" 290 **0/290952**
136.243.220.212 - - [03/Mar/2026:10:16:03 -0700] "GET /pixies-of-your-tree-actual-go-out-statistics-rtp-srp/ HTTP/1.1" 200 72782 "-" "Mozilla/5.0 (compatible; DataForSeoBot/1.0; +https://dataforseo.com/dataforseo-bot)" 301 **0/301183**
136.243.220.212 - - [03/Mar/2026:10:16:07 -0700] "GET /onlajn-gama-casino-online-4623/ HTTP/1.1" 200 74040 "-" "Mozilla/5.0 (compatible; DataForSeoBot/1.0; +https://dataforseo.com/dataforseo-bot)" 295 **0/295758**
136.243.220.212 - - [03/Mar/2026:10:16:10 -0700] "GET /ruleta-aleatoria-online-de-balde/ HTTP/1.1" 200 73547 "-" "Mozilla/5.0 (compatible; DataForSeoBot/1.0; +https://dataforseo.com/dataforseo-bot)" 337 **0/337338**
136.243.220.212 - - [03/Mar/2026:10:16:14 -0700] "GET /beste-verbunden-spielholle-75-freispiele-nicht-vor-1-eye-of-horus-megaways-einzahlung/ HTTP/1.1" 200 73591 "-" "Mozilla/5.0 (compatible; DataForSeoBot/1.0; +https://dataforseo.com/dataforseo-bot)" 261 **0/261035**
136.243.220.212 - - [03/Mar/2026:10:16:19 -0700] "GET /double-coverage-specialist-revelation-best-400-first-deposit-bonus-casino-2024-blackjack-laws-and-regulations-approach-benefits-and-drawbacks/ HTTP/1.1" 200 73862 "-" "Mozilla/5.0 (compatible; DataForSeoBot/1.0; +https://dataforseo.com/dataforseo-bot)" 309 **0/309209**
136.243.220.212 - - [03/Mar/2026:10:16:22 -0700] "GET /step-one-put-casino-inside-the-canada-found-100-percent-free-spins-for-step-1/ HTTP/1.1" 200 73405 "-" "Mozilla/5.0 (compatible; DataForSeoBot/1.0; +https://dataforseo.com/dataforseo-bot)" 264 **0/264026**
136.243.220.212 - - [03/Mar/2026:10:16:26 -0700] "GET /the-newest-gold-team-can-you-wild-dice-online-casino-understand-the-fresh-pirate-empire-megaways-step-one-put-a-method-to-the-fresh-bosss-ciphers-arqade-sd-wear-bosco-iii/ HTTP/1.1" 200 73949 "-" "Mozilla/5.0 (compatible; DataForSeoBot/1.0; +https://dataforseo.com/dataforseo-bot)" 293 **0/293995**
57.141.16.67 - - [03/Mar/2026:10:16:28 -0700] "GET /slots-are-among-the-most-enjoyable-and-you-may-safest-casino-games-to-relax-and-play/feed/ HTTP/1.1" 200 997 "-" "meta-externalagent/1.1 (+https://developers.facebook.com/docs/sharing/webmasters/crawler)" 117 **0/117293**
136.243.220.212 - - [03/Mar/2026:10:16:30 -0700] "GET /https-latest-recommendations-monty-python-s-spamalot-calliop/ HTTP/1.1" 200 73570 "-" "Mozilla/5.0 (compatible; DataForSeoBot/1.0; +https://dataforseo.com/dataforseo-bot)" 285 **0/285316**
85.208.96.194 - - [03/Mar/2026:10:16:32 -0700] "GET /las-casinos-online-poseen-confort-desplazandolo-hacia-el-pelo-entretenimiento-aunque-tambien-ofrecen-desafios/ HTTP/1.1" 200 78540 "-" "Mozilla/5.0 (compatible; SemrushBot/7~bl; +http://www.semrush.com/bot.html)" 280 **0/280713**
136.243.220.212 - - [03/Mar/2026:10:16:34 -0700] "GET /stopping-tick-hits-galera-bet-casino-welcome-bonus-ticks/ HTTP/1.1" 200 74456 "-" "Mozilla/5.0 (compatible; DataForSeoBot/1.0; +https://dataforseo.com/dataforseo-bot)" 299 **0/299875**
185.191.171.1 - - [03/Mar/2026:10:16:34 -0700] "GET /blog/page/4517/ HTTP/1.1" 200 80484 "-" "Mozilla/5.0 (compatible; SemrushBot/7~bl; +http://www.semrush.com/bot.html)" 501 **0/501408**
43.173.182.84 - - [03/Mar/2026:10:16:37 -0700] "GET /todas-los-juegos-cual-mayormente-pagan-acerca-de-sportium/ HTTP/1.1" 200 78399 "-" "Mozilla/5.0 (Windows NT 10.0; Win64; x64) AppleWebKit/537.36 (KHTML, like Gecko) Chrome/109.0.0.0 Safari/537.36" 484 **0/484601**
136.243.220.212 - - [03/Mar/2026:10:16:39 -0700] "GET /idraet-kortspil-tilslutte-i-kraft-af-rigtige-gysser-inden-dolphins-pearl-deluxe-slot-casino-for-dannevan-casinohex-dk/ HTTP/1.1" 200 72828 "-" "Mozilla/5.0 (compatible; DataForSeoBot/1.0; +https://dataforseo.com/dataforseo-bot)" 281 **0/281691**
185.191.171.1 - - [03/Mar/2026:10:16:39 -0700] "GET /complete-the-latest-betmgm-invited-render-contains-the-higher-prospective-added-bonus-regarding-onefive-hundred/ HTTP/1.1" 200 78234 "-" "Mozilla/5.0 (compatible; SemrushBot/7~bl; +http://www.semrush.com/bot.html)" 288 **0/288988**
136.243.220.212 - - [03/Mar/2026:10:16:42 -0700] "GET /100percent-bono-sobre-instante-tanque-at-ruby-fortune-casino/ HTTP/1.1" 200 73871 "-" "Mozilla/5.0 (compatible; DataForSeoBot/1.0; +https://dataforseo.com/dataforseo-bot)" 287 **0/287689**
85.208.96.197 - - [03/Mar/2026:10:16:46 -0700] "GET /auf-keinen-fall-jeglicher-erreichbar-casinos-aneignen-gunstgewerblerin-einzahlung-durch-dennoch-three-euro/ HTTP/1.1" 200 78670 "-" "Mozilla/5.0 (compatible; SemrushBot/7~bl; +http://www.semrush.com/bot.html)" 329 **0/329428**
136.243.220.212 - - [03/Mar/2026:10:16:46 -0700] "GET /diamond-hit-position-21-co-uk/ HTTP/1.1" 200 74213 "-" "Mozilla/5.0 (compatible; DataForSeoBot/1.0; +https://dataforseo.com/dataforseo-bot)" 330 **0/330905**
107.152.46.79 - - [03/Mar/2026:10:16:47 -0700] "GET /bonusy-za-registraci-bez-vkladu-vyuijte-skvle/ HTTP/1.1" 200 73186 "-" "Mozilla/5.0 (Windows NT 10.0; WOW64) AppleWebKit/537.36 (KHTML, like Gecko) Chrome/114.0.0.0 Safari/537.36 Vivaldi/5.3.2679.68" 318 **0/318132**
85.208.96.197 - - [03/Mar/2026:10:16:48 -0700] "GET /its-the-basic-dual-gamble-baccarat-based-in-the-joined-states-providing-a-regulated-u/ HTTP/1.1" 200 78662 "-" "Mozilla/5.0 (compatible; SemrushBot/7~bl; +http://www.semrush.com/bot.html)" 275 **0/275323**
79.142.79.42 - - [03/Mar/2026:10:16:49 -0700] "GET /the-ultimate-guide-to-casino-bof-a-new-era-of/ HTTP/1.1" 200 73091 "http://www.icdp.co.in/" "Mozilla/5.0 (Macintosh; Intel Mac OS X 12_5) AppleWebKit/537.36 (KHTML, like Gecko) Chrome/114.0.0.0 YaBrowser/22.7.0 Yowser/2.5 Safari/537.36" 288 **0/288862**
79.142.79.42 - - [03/Mar/2026:10:16:50 -0700] "GET /vecht-je-weg-naar-enorme-geldprijzen-online/ HTTP/1.1" 200 74251 "http://www.icdp.co.in/the-ultimate-guide-to-casino-bof-a-new-era-of/" "Mozilla/5.0 (Macintosh; Intel Mac OS X 12_5) AppleWebKit/537.36 (KHTML, like Gecko) Chrome/114.0.0.0 YaBrowser/22.7.0 Yowser/2.5 Safari/537.36" 297 **0/297927**
136.243.220.212 - - [03/Mar/2026:10:16:51 -0700] "GET /wheel-of-luck-slot-machine-game-on-the-internet-free-enjoy-slot-video-game-enjoyment-igt/ HTTP/1.1" 200 72735 "-" "Mozilla/5.0 (compatible; DataForSeoBot/1.0; +https://dataforseo.com/dataforseo-bot)" 347 **0/347816**
136.243.220.212 - - [03/Mar/2026:10:16:54 -0700] "GET /pursue-checking-profile-pandabet-net-casino-bonus-code-no-deposit-remark-2025-fees-possibilities/ HTTP/1.1" 200 74645 "-" "Mozilla/5.0 (compatible; DataForSeoBot/1.0; +https://dataforseo.com/dataforseo-bot)" 285 **0/285214**
68.178.232.37 - - [03/Mar/2026:10:16:58 -0700] "POST /wp-cron.php?doing_wp_cron=1772558218.0350968837738037109375 HTTP/1.1" 200 - "http://www.icdp.co.in/wp-cron.php?doing_wp_cron=1772558218.0350968837738037109375" "WordPress/5.7.8; http://www.icdp.co.in" 154 **0/154027**
57.141.16.30 - - [03/Mar/2026:10:16:57 -0700] "GET /wp-json/wp/v2/posts/147735 HTTP/1.1" 200 8800 "-" "meta-externalagent/1.1 (+https://developers.facebook.com/docs/sharing/webmasters/crawler)" 332 **0/332659**
136.243.220.212 - - [03/Mar/2026:10:16:59 -0700] "GET /choy-sunshine-doa-no-deposit-free-spins-cherry-gold-50-aristocrat-playing-remark-enjoy-on-the-internet-for-free-rtp-95/ HTTP/1.1" 200 72263 "-" "Mozilla/5.0 (compatible; DataForSeoBot/1.0; +https://dataforseo.com/dataforseo-bot)" 276 **0/276045**
136.243.220.212 - - [03/Mar/2026:10:17:02 -0700] "GET /bedste-mobile-casinoer-plu-choy-sun-doa-online-spilleautomat-apps-i-dannevan-idraetsgren-alle-vegn-og-konstant/ HTTP/1.1" 200 72772 "-" "Mozilla/5.0 (compatible; DataForSeoBot/1.0; +https://dataforseo.com/dataforseo-bot)" 391 **0/391781**
136.243.220.212 - - [03/Mar/2026:10:17:06 -0700] "GET /cool-fresh-fruit-video-slot-remark-and-100-percent-free-demo-video-game-in-addition-to-better-local-casino-internet-sites-to-play/ HTTP/1.1" 200 73607 "-" "Mozilla/5.0 (compatible; DataForSeoBot/1.0; +https://dataforseo.com/dataforseo-bot)" 334 **0/334750**
136.243.220.212 - - [03/Mar/2026:10:17:11 -0700] "GET /enjoy-free-position-game-zero-down-load-no-subscription/ HTTP/1.1" 200 71842 "-" "Mozilla/5.0 (compatible; DataForSeoBot/1.0; +https://dataforseo.com/dataforseo-bot)" 307 **0/307910**
136.243.220.212 - - [03/Mar/2026:10:17:15 -0700] "GET /finest-a-real-income-casinos-on-the-internet-inside-oct-2025/ HTTP/1.1" 200 71967 "-" "Mozilla/5.0 (compatible; DataForSeoBot/1.0; +https://dataforseo.com/dataforseo-bot)" 266 **0/266819**
198.244.183.8 - - [03/Mar/2026:10:17:15 -0700] "GET /5-casinoroom-free-spins-no-deposit-real-money-totally-free-spins-on-the-card-registration-no-deposit-required-uk/ HTTP/1.1" 200 73146 "-" "Mozilla/5.0 (compatible; AhrefsBot/7.0; +http://ahrefs.com/robot/)" 283 **0/283727**
136.243.220.212 - - [03/Mar/2026:10:17:18 -0700] "GET /grosvenor-casinos-review-rating-a-hundred-totally-free-revolves-and-you-may-31-extra/ HTTP/1.1" 200 73162 "-" "Mozilla/5.0 (compatible; DataForSeoBot/1.0; +https://dataforseo.com/dataforseo-bot)" 296 **0/296617**
136.243.220.212 - - [03/Mar/2026:10:17:22 -0700] "GET /greatest-cricket-playing-websites-in-the-india-updated-october-2025-mission-com-asia/ HTTP/1.1" 200 72996 "-" "Mozilla/5.0 (compatible; DataForSeoBot/1.0; +https://dataforseo.com/dataforseo-bot)" 287 **0/287658**
136.243.220.212 - - [03/Mar/2026:10:17:26 -0700] "GET /casinos-on-the-internet-accept-credit-cards-british/ HTTP/1.1" 200 72356 "-" "Mozilla/5.0 (compatible; DataForSeoBot/1.0; +https://dataforseo.com/dataforseo-bot)" 312 **0/312706**
136.243.220.212 - - [03/Mar/2026:10:17:30 -0700] "GET /what-free-nitro-spins-no-deposit-makes-the-brand-new-money-icon-a-keen-s/ HTTP/1.1" 200 74173 "-" "Mozilla/5.0 (compatible; DataForSeoBot/1.0; +https://dataforseo.com/dataforseo-bot)" 272 **0/272604**
136.243.220.212 - - [03/Mar/2026:10:17:34 -0700] "GET /what-is-actually-an-overhead-under-choice-brands-examples-and-methods/ HTTP/1.1" 200 73173 "-" "Mozilla/5.0 (compatible; DataForSeoBot/1.0; +https://dataforseo.com/dataforseo-bot)" 265 **0/265063**
57.141.16.98 - - [03/Mar/2026:10:17:36 -0700] "GET /?p=145405 HTTP/1.1" 301 - "-" "meta-externalagent/1.1 (+https://developers.facebook.com/docs/sharing/webmasters/crawler)" 120 **0/120387**
216.244.66.241 - - [03/Mar/2026:10:17:37 -0700] "GET /betbdt-%E0%A6%B2%E0%A6%BE%E0%A6%B2-%E0%A6%96%E0%A6%BE%E0%A6%AE%E0%A7%87%E0%A6%B0-%E0%A6%AC%E0%A7%83%E0%A6%B7%E0%A7%8D%E0%A6%9F%E0%A6%BF-%E0%A6%AA%E0%A7%8D%E0%A6%B0%E0%A6%A4%E0%A6%BF%E0%A6%A6%E0%A6%BF/ HTTP/1.1" 200 343938 "-" "Mozilla/5.0 (compatible; DotBot/1.2; +https://opensiteexplorer.org/dotbot; help@moz.com)" 266 **0/266659**
136.243.220.212 - - [03/Mar/2026:10:17:38 -0700] "GET /pinco-casino-trkiyede-gerek-para-ile-oyun-2416/ HTTP/1.1" 200 73098 "-" "Mozilla/5.0 (compatible; DataForSeoBot/1.0; +https://dataforseo.com/dataforseo-bot)" 296 **0/296517**
17.241.227.231 - - [03/Mar/2026:10:17:42 -0700] "GET /online-slots-games-will-be-uks-favourite-online-casino-games-as-well-as-perfect-gambling-enterprise-we-provide-the-fresh-largest-choices/ HTTP/1.1" 200 78428 "-" "Mozilla/5.0 (Macintosh; Intel Mac OS X 10_15_7) AppleWebKit/605.1.15 (KHTML, like Gecko) Version/17.4 Safari/605.1.15 (Applebot/0.1; +http://www.apple.com/go/applebot)" 276 **0/276411**
136.243.220.212 - - [03/Mar/2026:10:17:43 -0700] "GET /mejores-lucky-rabbits-loot-casino-bonos-sin-deposito-en-argentina-2025/ HTTP/1.1" 200 73634 "-" "Mozilla/5.0 (compatible; DataForSeoBot/1.0; +https://dataforseo.com/dataforseo-bot)" 290 **0/290603**
57.141.16.0 - - [03/Mar/2026:10:17:44 -0700] "GET /wp-json/wp/v2/posts/146535 HTTP/1.1" 200 7379 "-" "meta-externalagent/1.1 (+https://developers.facebook.com/docs/sharing/webmasters/crawler)" 132 **0/132058**
17.241.219.7 - - [03/Mar/2026:10:17:44 -0700] "GET /mostbet-egypt-460/ HTTP/1.1" 200 83224 "-" "Mozilla/5.0 (Macintosh; Intel Mac OS X 10_15_7) AppleWebKit/605.1.15 (KHTML, like Gecko) Version/17.4 Safari/605.1.15 (Applebot/0.1; +http://www.apple.com/go/applebot)" 292 **0/292293**
136.243.220.212 - - [03/Mar/2026:10:17:47 -0700] "GET /energoonz-position-review-2025-free-play-demonstration/ HTTP/1.1" 200 73423 "-" "Mozilla/5.0 (compatible; DataForSeoBot/1.0; +https://dataforseo.com/dataforseo-bot)" 344 **0/344832**
57.141.16.1 - - [03/Mar/2026:10:17:51 -0700] "GET /wp-json/wp/v2/posts/145217 HTTP/1.1" 200 7522 "-" "meta-externalagent/1.1 (+https://developers.facebook.com/docs/sharing/webmasters/crawler)" 121 **0/121274**
57.141.16.47 - - [03/Mar/2026:10:17:51 -0700] "GET /?p=144261 HTTP/1.1" 301 - "-" "meta-externalagent/1.1 (+https://developers.facebook.com/docs/sharing/webmasters/crawler)" 135 **0/135668**
216.244.66.241 - - [03/Mar/2026:10:17:55 -0700] "GET /finest-10-lb-no-deposit-gambling-establishment-also-provides-in-the-uk/ HTTP/1.1" 200 342527 "-" "Mozilla/5.0 (compatible; DotBot/1.2; +https://opensiteexplorer.org/dotbot; help@moz.com)" 308 **0/308366**
57.141.16.7 - - [03/Mar/2026:10:18:09 -0700] "GET /?p=145197 HTTP/1.1" 301 - "-" "meta-externalagent/1.1 (+https://developers.facebook.com/docs/sharing/webmasters/crawler)" 118 **0/118167**
57.141.16.69 - - [03/Mar/2026:10:18:09 -0700] "GET /wp-json/wp/v2/posts/145825 HTTP/1.1" 200 7426 "-" "meta-externalagent/1.1 (+https://developers.facebook.com/docs/sharing/webmasters/crawler)" 132 **0/132511**
17.22.253.213 - - [03/Mar/2026:10:18:13 -0700] "GET /the-best-places-to-enjoy-gonzos-journey-best-the-gday-slot-machine-new-jersey-casinos-on-the-internet-and-you-can-promotions-nj-com/ HTTP/1.1" 200 80141 "-" "Mozilla/5.0 (Macintosh; Intel Mac OS X 10_15_7) AppleWebKit/605.1.15 (KHTML, like Gecko) Version/17.4 Safari/605.1.15 (Applebot/0.1; +http://www.apple.com/go/applebot)" 289 **0/289456**
17.246.15.60 - - [03/Mar/2026:10:18:21 -0700] "GET /el-misterioso-orozino-casino-de-azar/ HTTP/1.1" 200 78574 "-" "Mozilla/5.0 (Macintosh; Intel Mac OS X 10_15_7) AppleWebKit/605.1.15 (KHTML, like Gecko) Version/17.4 Safari/605.1.15 (Applebot/0.1; +http://www.apple.com/go/applebot)" 263 **0/263260**
17.246.15.60 - - [03/Mar/2026:10:18:22 -0700] "GET /%d9%83%d9%8a%d9%81%d9%8a%d8%a9-%d8%a7%d9%84%d8%aa%d9%88%d8%b5%d9%84-%d8%a5%d9%84%d9%89-%d9%86%d8%b8%d8%a7%d9%85-%d8%a5%d8%b6%d8%a7%d9%81%d9%8a-%d9%84%d8%aa%d9%88%d8%b5%d9%8a%d8%a9-%d8%a7%d9%84%d8%b9/ HTTP/1.1" 200 79653 "-" "Mozilla/5.0 (Macintosh; Intel Mac OS X 10_15_7) AppleWebKit/605.1.15 (KHTML, like Gecko) Version/17.4 Safari/605.1.15 (Applebot/0.1; +http://www.apple.com/go/applebot)" 249 **0/249530**
57.141.16.82 - - [03/Mar/2026:10:18:28 -0700] "GET /wp-json/wp/v2/posts/144847 HTTP/1.1" 200 7453 "-" "meta-externalagent/1.1 (+https://developers.facebook.com/docs/sharing/webmasters/crawler)" 124 **0/124088**
136.243.220.212 - - [03/Mar/2026:10:18:38 -0700] "GET /unser-besten-ethereum-casinos-2025-eth-casinos-betprimeiro-casino-app-im-abmachung/ HTTP/1.1" 200 73523 "-" "Mozilla/5.0 (compatible; DataForSeoBot/1.0; +https://dataforseo.com/dataforseo-bot)" 689 **0/689937**
43.173.175.59 - - [03/Mar/2026:10:18:38 -0700] "GET /annehmen-eltern-in-betrieb-einen-sonderveranstaltungen-des-hydrargyrum-casinos-einzelheit-sein-eigen-nennen-eltern-eine-welle-uhrzeit-within-deutschland-feierlichkeiten/ HTTP/1.1" 200 78959 "-" "Mozilla/5.0 (Windows NT 10.0; Win64; x64) AppleWebKit/537.36 (KHTML, like Gecko) Chrome/111.0.0.0 Safari/537.36" 429 **0/429018**
43.173.178.37 - - [03/Mar/2026:10:18:40 -0700] "GET /bonos-de-bienvenida-100%ef%bf%bd-rebaja-50-giros-regalado-fs-campos-de-el-esparcimiento/ HTTP/1.1" 200 78037 "-" "Mozilla/5.0 (Windows NT 10.0; Win64; x64) AppleWebKit/537.36 (KHTML, like Gecko) Chrome/117.0.0.0 Safari/537.36" 300 **0/300457**
17.241.227.230 - - [03/Mar/2026:10:18:41 -0700] "GET /mostbet-online-719/ HTTP/1.1" 200 83032 "-" "Mozilla/5.0 (Macintosh; Intel Mac OS X 10_15_7) AppleWebKit/605.1.15 (KHTML, like Gecko) Version/17.4 Safari/605.1.15 (Applebot/0.1; +http://www.apple.com/go/applebot)" 300 **0/300465**
136.243.220.212 - - [03/Mar/2026:10:18:42 -0700] "GET /reel-rush-2-fur-nusse-spielen/ HTTP/1.1" 200 74154 "-" "Mozilla/5.0 (compatible; DataForSeoBot/1.0; +https://dataforseo.com/dataforseo-bot)" 296 **0/296683**
136.243.220.212 - - [03/Mar/2026:10:18:45 -0700] "GET /kryptering-matematik-och-modern-sakerhet-le-bandit-i-fokus/ HTTP/1.1" 200 74167 "-" "Mozilla/5.0 (compatible; DataForSeoBot/1.0; +https://dataforseo.com/dataforseo-bot)" 287 **0/287409**
51.89.129.201 - - [03/Mar/2026:10:18:46 -0700] "GET /mochtest-du-dich-beim-platincasino-neu-anmelden-handelt-sera-zigeunern-an-dieser-stelle-um-ihr-recht-unkompliziertes-art/ HTTP/1.1" 200 72082 "-" "Mozilla/5.0 (compatible; AhrefsBot/7.0; +http://ahrefs.com/robot/)" 280 **0/280468**
136.243.220.212 - - [03/Mar/2026:10:18:49 -0700] "GET /poker-un-peu-monnaie-palpable-sans-nul-annales-2024-prime-pour-tentative-gratuits/ HTTP/1.1" 200 72242 "-" "Mozilla/5.0 (compatible; DataForSeoBot/1.0; +https://dataforseo.com/dataforseo-bot)" 296 **0/296824**
57.141.16.50 - - [03/Mar/2026:10:18:51 -0700] "GET /le-toilettage-instructifs-ou-mien-jeu-en-surfant-sur-gametwist/feed/ HTTP/1.1" 200 939 "-" "meta-externalagent/1.1 (+https://developers.facebook.com/docs/sharing/webmasters/crawler)" 138 **0/138987**
136.243.220.212 - - [03/Mar/2026:10:18:53 -0700] "GET /better-mk-real-cash-gambling-enterprises-2023/ HTTP/1.1" 200 72881 "-" "Mozilla/5.0 (compatible; DataForSeoBot/1.0; +https://dataforseo.com/dataforseo-bot)" 283 **0/283091**
57.141.16.66 - - [03/Mar/2026:10:18:57 -0700] "GET /every-newest-sales-getting-local-casino-a-real-income-and-spins/feed/ HTTP/1.1" 200 934 "-" "meta-externalagent/1.1 (+https://developers.facebook.com/docs/sharing/webmasters/crawler)" 155 **0/155271**
136.243.220.212 - - [03/Mar/2026:10:18:58 -0700] "GET /jaguar-mist-on-the-internet-position-game-opinion-free-play/ HTTP/1.1" 200 73368 "-" "Mozilla/5.0 (compatible; DataForSeoBot/1.0; +https://dataforseo.com/dataforseo-bot)" 324 **0/324436**
136.243.220.212 - - [03/Mar/2026:10:19:02 -0700] "GET /obtain-magic-cat-tree-and-you-will-enjoy-magic-pet-tree-on-the-internet/ HTTP/1.1" 200 72100 "-" "Mozilla/5.0 (compatible; DataForSeoBot/1.0; +https://dataforseo.com/dataforseo-bot)" 421 **0/421019**
57.141.16.57 - - [03/Mar/2026:10:19:03 -0700] "GET /wp-json/oembed/1.0/embed?url=http%3A%2F%2Fwww.icdp.co.in%2Fsome-gambling-enterprises-manage-enticing-searching-bonuses-which-have-terms-making-it-nearly-impossible-in-order-to-withdraw-people-payouts%2F HTTP/1.1" 200 2865 "-" "meta-externalagent/1.1 (+https://developers.facebook.com/docs/sharing/webmasters/crawler)" 123 **0/123869**
85.208.96.194 - - [03/Mar/2026:10:19:03 -0700] "GET /no-promo-code-called-for-min-put-detachment-big-date-1-%EF%BF%BD-5-business-days/ HTTP/1.1" 200 79087 "-" "Mozilla/5.0 (compatible; SemrushBot/7~bl; +http://www.semrush.com/bot.html)" 287 **0/287920**
136.243.220.212 - - [03/Mar/2026:10:19:05 -0700] "GET /tutoriel-comme-survenir-sur-le-dark-naturel-de-des-temps-chrono/ HTTP/1.1" 200 72815 "-" "Mozilla/5.0 (compatible; DataForSeoBot/1.0; +https://dataforseo.com/dataforseo-bot)" 334 **0/334450**
136.243.220.212 - - [03/Mar/2026:10:19:09 -0700] "GET /finest-minimal-deposit-casinos-2024-reduced-out-of-step-1-in-order-to-ten/ HTTP/1.1" 200 72265 "-" "Mozilla/5.0 (compatible; DataForSeoBot/1.0; +https://dataforseo.com/dataforseo-bot)" 335 **0/335264**
185.191.171.1 - - [03/Mar/2026:10:19:09 -0700] "GET /so-verlauft-das-greatwin-spielsalon-aktionscode-%EF%BF%BD-dein-geheimer-vermittlungsprovision-knopf/ HTTP/1.1" 200 79089 "-" "Mozilla/5.0 (compatible; SemrushBot/7~bl; +http://www.semrush.com/bot.html)" 289 **0/289561**
136.243.220.212 - - [03/Mar/2026:10:19:13 -0700] "GET /longevity-of-wide-range-microgaming-position-opinion-trial-october-2025/ HTTP/1.1" 200 72370 "-" "Mozilla/5.0 (compatible; DataForSeoBot/1.0; +https://dataforseo.com/dataforseo-bot)" 338 **0/338045**
136.243.220.212 - - [03/Mar/2026:10:19:17 -0700] "GET /onlajn-gama-casino-online-obzor-2025-7561/ HTTP/1.1" 200 73913 "-" "Mozilla/5.0 (compatible; DataForSeoBot/1.0; +https://dataforseo.com/dataforseo-bot)" 310 **0/310373**
136.243.220.212 - - [03/Mar/2026:10:19:21 -0700] "GET /1win-oficialnyj-sajt-bukmekerskoj-kontory-1vin-1831/ HTTP/1.1" 200 74217 "-" "Mozilla/5.0 (compatible; DataForSeoBot/1.0; +https://dataforseo.com/dataforseo-bot)" 308 **0/308915**
17.246.15.107 - - [03/Mar/2026:10:19:23 -0700] "GET /wp-includes/js/comment-reply.min.js?ver=5.7.8 HTTP/1.1" 200 1346 "http://www.icdp.co.in/how-to-play-baccarat-at-online-casinos-3/" "Mozilla/5.0 (Macintosh; Intel Mac OS X 10_15_7) AppleWebKit/605.1.15 (KHTML, like Gecko) Version/17.4 Safari/605.1.15 (Applebot/0.1; +http://www.apple.com/go/applebot)" 10 **0/10268**
57.141.16.35 - - [03/Mar/2026:10:19:24 -0700] "GET /wp-json/oembed/1.0/embed?url=http%3A%2F%2Fwww.icdp.co.in%2Fmobilde-sorunsuz-eglence-icin-alev-casino-giris-rehberi%2F HTTP/1.1" 200 2485 "-" "meta-externalagent/1.1 (+https://developers.facebook.com/docs/sharing/webmasters/crawler)" 139 **0/139641**
136.243.220.212 - - [03/Mar/2026:10:19:25 -0700] "GET /5-king-arthur-online-spielautomaten-eur-provision-abzuglich-https-germany-kasino-com-6-appeal-spielautomat-kostenlos-auffuhren-einzahlung-spielsaal/ HTTP/1.1" 200 73751 "-" "Mozilla/5.0 (compatible; DataForSeoBot/1.0; +https://dataforseo.com/dataforseo-bot)" 291 **0/291844**
185.191.171.10 - - [03/Mar/2026:10:19:28 -0700] "GET /your-definitive-guide-to-eastern-european-dating/ HTTP/1.1" 200 77276 "-" "Mozilla/5.0 (compatible; SemrushBot/7~bl; +http://www.semrush.com/bot.html)" 287 **0/287299**
136.243.220.212 - - [03/Mar/2026:10:19:29 -0700] "GET /playn-wade-introduces-igamings-basic-mahjong-slot-games-mahjong-88/ HTTP/1.1" 200 72871 "-" "Mozilla/5.0 (compatible; DataForSeoBot/1.0; +https://dataforseo.com/dataforseo-bot)" 338 **0/338196**
85.208.96.210 - - [03/Mar/2026:10:19:31 -0700] "GET /trustly-war-eine-immens-beliebtes-finanzielle-mittel-im-online-spielbank-unter-anderem-ist-daher-sehr-oft-serviceleistungen/ HTTP/1.1" 200 78719 "-" "Mozilla/5.0 (compatible; SemrushBot/7~bl; +http://www.semrush.com/bot.html)" 378 **0/378173**
136.243.220.212 - - [03/Mar/2026:10:19:33 -0700] "GET /best-online-slots-games-the-real-deal-cash-in-2025-best-gambling-enterprises-so-you-can-twist-and-you-can-win/ HTTP/1.1" 200 71999 "-" "Mozilla/5.0 (compatible; DataForSeoBot/1.0; +https://dataforseo.com/dataforseo-bot)" 287 **0/287794**
17.246.23.214 - - [03/Mar/2026:10:19:37 -0700] "GET /casino-uden-mitid-och-nemid-ee-10-bedste-casinoer-uden-mitid/ HTTP/1.1" 200 87306 "-" "Mozilla/5.0 (Macintosh; Intel Mac OS X 10_15_7) AppleWebKit/605.1.15 (KHTML, like Gecko) Version/17.4 Safari/605.1.15 (Applebot/0.1; +http://www.apple.com/go/applebot)" 295 **0/295352**
136.243.220.212 - - [03/Mar/2026:10:19:37 -0700] "GET /remark-5-dragons-step-one-deposit-best-helper-adaptation-step-three/ HTTP/1.1" 200 72440 "-" "Mozilla/5.0 (compatible; DataForSeoBot/1.0; +https://dataforseo.com/dataforseo-bot)" 295 **0/295358**
57.141.16.66 - - [03/Mar/2026:10:19:40 -0700] "GET /?p=147039 HTTP/1.1" 301 - "-" "meta-externalagent/1.1 (+https://developers.facebook.com/docs/sharing/webmasters/crawler)" 138 **0/138584**
57.141.16.28 - - [03/Mar/2026:10:19:41 -0700] "GET /wp-json/oembed/1.0/embed?url=http%3A%2F%2Fwww.icdp.co.in%2Fsouth-playground-harbors-opinion-incentive-features-big-wins-wait-for%2F HTTP/1.1" 200 2534 "-" "meta-externalagent/1.1 (+https://developers.facebook.com/docs/sharing/webmasters/crawler)" 123 **0/123801**
136.243.220.212 - - [03/Mar/2026:10:19:41 -0700] "GET /enjoy-keno-on-line-the-real-deal-currency-free-better-keno-gambling-enterprises-2025/ HTTP/1.1" 200 72565 "-" "Mozilla/5.0 (compatible; DataForSeoBot/1.0; +https://dataforseo.com/dataforseo-bot)" 326 **0/326151**
57.141.16.92 - - [03/Mar/2026:10:19:44 -0700] "GET /wp-json/wp/v2/posts/145815 HTTP/1.1" 200 7719 "-" "meta-externalagent/1.1 (+https://developers.facebook.com/docs/sharing/webmasters/crawler)" 151 **0/151278**
136.243.220.212 - - [03/Mar/2026:10:19:45 -0700] "GET /25-giros-regalado-falto-deposito-relacion-actualizada/ HTTP/1.1" 200 72860 "-" "Mozilla/5.0 (compatible; DataForSeoBot/1.0; +https://dataforseo.com/dataforseo-bot)" 271 **0/271002**
136.243.220.212 - - [03/Mar/2026:10:19:49 -0700] "GET /go-out-schedule-british-gp-observes-weekend-shake-up/ HTTP/1.1" 200 73663 "-" "Mozilla/5.0 (compatible; DataForSeoBot/1.0; +https://dataforseo.com/dataforseo-bot)" 282 **0/282846**
136.243.220.212 - - [03/Mar/2026:10:19:53 -0700] "GET /viking-age-in-valley-of-the-gods-echtes-bimbes-betsoft-textile-consulting-services-dny/ HTTP/1.1" 200 73377 "-" "Mozilla/5.0 (compatible; DataForSeoBot/1.0; +https://dataforseo.com/dataforseo-bot)" 299 **0/299087**
136.243.220.212 - - [03/Mar/2026:10:19:57 -0700] "GET /diese-besten-keno-geschicktes-nutzen-michelangelo-slot-einer-gegebenen-lage-obsiegen-unter-einsatz-von-ein-perfekten-schlachtplan/ HTTP/1.1" 200 73746 "-" "Mozilla/5.0 (compatible; DataForSeoBot/1.0; +https://dataforseo.com/dataforseo-bot)" 289 **0/289692**
57.141.16.2 - - [03/Mar/2026:10:19:58 -0700] "GET /wp-json/oembed/1.0/embed?url=http%3A%2F%2Fwww.icdp.co.in%2Freel-in-riches-with-ice-fishing-casino-game%2F HTTP/1.1" 200 2380 "-" "meta-externalagent/1.1 (+https://developers.facebook.com/docs/sharing/webmasters/crawler)" 145 **0/145249**
185.191.171.19 - - [03/Mar/2026:10:20:01 -0700] "GET /50-dragons-slot-aristocrat-slot-oyununu-1king-giris-%100-ucretsiz-internet-uzerinden-indirme-gerektirmeden-oynayin/ HTTP/1.1" 200 78554 "-" "Mozilla/5.0 (compatible; SemrushBot/7~bl; +http://www.semrush.com/bot.html)" 637 **0/637512**
136.243.220.212 - - [03/Mar/2026:10:20:01 -0700] "GET /greatest-real-cash-on-line-black-jack-casinos-book-of-ra-deluxe-simulator-1-deposit-to-own-october-2025/ HTTP/1.1" 200 73627 "-" "Mozilla/5.0 (compatible; DataForSeoBot/1.0; +https://dataforseo.com/dataforseo-bot)" 968 **0/968594**
136.243.220.212 - - [03/Mar/2026:10:20:05 -0700] "GET /dominance-gambling-enterprise-sports-enjoy-a-real-income-slots-choice-much-more/ HTTP/1.1" 200 72763 "-" "Mozilla/5.0 (compatible; DataForSeoBot/1.0; +https://dataforseo.com/dataforseo-bot)" 376 **0/376718**
136.243.220.212 - - [03/Mar/2026:10:20:09 -0700] "GET /best-fairspin-canada-login-texas-holdem-poker-web-sites-the-real-deal-currency-2025/ HTTP/1.1" 200 72971 "-" "Mozilla/5.0 (compatible; DataForSeoBot/1.0; +https://dataforseo.com/dataforseo-bot)" 355 **0/355702**
136.243.220.212 - - [03/Mar/2026:10:20:13 -0700] "GET /tragaperras-300-shields-entretenimiento-de-tragamonedas-sin-cargo/ HTTP/1.1" 200 73846 "-" "Mozilla/5.0 (compatible; DataForSeoBot/1.0; +https://dataforseo.com/dataforseo-bot)" 329 **0/329423**
85.208.96.208 - - [03/Mar/2026:10:20:13 -0700] "GET /the-newest-casino-websites-2026-see-a-new-united-states-adventure-slots-guide-casino/ HTTP/1.1" 200 80524 "-" "Mozilla/5.0 (compatible; SemrushBot/7~bl; +http://www.semrush.com/bot.html)" 333 **0/333789**
136.243.220.212 - - [03/Mar/2026:10:20:17 -0700] "GET /pros-and-cons-regarding-to-experience-online-slots-games/ HTTP/1.1" 200 71287 "-" "Mozilla/5.0 (compatible; DataForSeoBot/1.0; +https://dataforseo.com/dataforseo-bot)" 392 **0/392330**
185.191.171.6 - - [03/Mar/2026:10:20:18 -0700] "GET /below-s-the-brand-new-10-extra-from-casinosanalyzer-nz-is-a-perfect-options/ HTTP/1.1" 200 78124 "-" "Mozilla/5.0 (compatible; SemrushBot/7~bl; +http://www.semrush.com/bot.html)" 292 **0/292765**
136.243.220.212 - - [03/Mar/2026:10:20:21 -0700] "GET /double-extra-casino-poker-50-paco-and-the-popping-peppers-1-deposit-give-opinion-enjoy-totally-free-demonstration-2025/ HTTP/1.1" 200 74390 "-" "Mozilla/5.0 (compatible; DataForSeoBot/1.0; +https://dataforseo.com/dataforseo-bot)" 321 **0/321301**
136.243.220.212 - - [03/Mar/2026:10:20:25 -0700] "GET /play-vision-of-your-own-kraken-100percent-free-trial-slot/ HTTP/1.1" 200 73529 "-" "Mozilla/5.0 (compatible; DataForSeoBot/1.0; +https://dataforseo.com/dataforseo-bot)" 320 **0/320122**
185.191.171.3 - - [03/Mar/2026:10:20:26 -0700] "GET /regal-ports-is-the-higher-investing-and-also-the-enormous-super-earn-on-app-store/ HTTP/1.1" 200 78053 "-" "Mozilla/5.0 (compatible; SemrushBot/7~bl; +http://www.semrush.com/bot.html)" 282 **0/282503**
136.243.220.212 - - [03/Mar/2026:10:20:29 -0700] "GET /the-brand-new-player-desired-bonus-in-the-hugo-local-casino/ HTTP/1.1" 200 71197 "-" "Mozilla/5.0 (compatible; DataForSeoBot/1.0; +https://dataforseo.com/dataforseo-bot)" 319 **0/319064**
185.191.171.11 - - [03/Mar/2026:10:20:33 -0700] "GET /free-ports-online-personal-local-casino/ HTTP/1.1" 200 80151 "-" "Mozilla/5.0 (compatible; SemrushBot/7~bl; +http://www.semrush.com/bot.html)" 329 **0/329070**
136.243.220.212 - - [03/Mar/2026:10:20:33 -0700] "GET /nochnye-babochki-cheljabinska-chto-skryvaetsja-za/ HTTP/1.1" 200 74579 "-" "Mozilla/5.0 (compatible; DataForSeoBot/1.0; +https://dataforseo.com/dataforseo-bot)" 301 **0/301235**
136.243.220.212 - - [03/Mar/2026:10:20:38 -0700] "GET /winner-book-of-ra-magic-slotauszahlung-kasino-maklercourtage-quelltext-pro-hohe-boni-unter-anderem-gratis-startgeld-2025/ HTTP/1.1" 200 73937 "-" "Mozilla/5.0 (compatible; DataForSeoBot/1.0; +https://dataforseo.com/dataforseo-bot)" 283 **0/283669**
43.173.179.73 - - [03/Mar/2026:10:20:38 -0700] "GET /you-ought-to-today-find-a-great-%ef%bf%bdcongratulations%ef%bf%bd-page-allowing-see-your-account-is-made/ HTTP/1.1" 200 78062 "-" "Mozilla/5.0 (Windows NT 10.0; Win64; x64) AppleWebKit/537.36 (KHTML, like Gecko) Chrome/105.0.0.0 Safari/537.3" 304 **0/304689**
136.243.220.212 - - [03/Mar/2026:10:20:42 -0700] "GET /mega-moolah-ports-gamble-on-line/ HTTP/1.1" 200 71884 "-" "Mozilla/5.0 (compatible; DataForSeoBot/1.0; +https://dataforseo.com/dataforseo-bot)" 287 **0/287717**
85.208.96.208 - - [03/Mar/2026:10:20:45 -0700] "GET /blog/page/5734/ HTTP/1.1" 200 79961 "-" "Mozilla/5.0 (compatible; SemrushBot/7~bl; +http://www.semrush.com/bot.html)" 491 **0/491873**
136.243.220.212 - - [03/Mar/2026:10:20:46 -0700] "GET /online-casinos-golden-planet-online-slot-unter-einsatz-von-echtgeld-nachfolgende-5-besten-casinos-2025/ HTTP/1.1" 200 73228 "-" "Mozilla/5.0 (compatible; DataForSeoBot/1.0; +https://dataforseo.com/dataforseo-bot)" 275 **0/275793**
136.243.220.212 - - [03/Mar/2026:10:20:49 -0700] "GET /king-kong-fury-fur-nusse-spielen/ HTTP/1.1" 200 74359 "-" "Mozilla/5.0 (compatible; DataForSeoBot/1.0; +https://dataforseo.com/dataforseo-bot)" 297 **0/297323**
185.191.171.1 - - [03/Mar/2026:10:20:52 -0700] "GET /simple-tips-to-check-in-from-the-good-canadian-secure-gambling-enterprise-on-line/ HTTP/1.1" 200 78465 "-" "Mozilla/5.0 (compatible; SemrushBot/7~bl; +http://www.semrush.com/bot.html)" 297 **0/297364**
216.244.66.241 - - [03/Mar/2026:10:20:53 -0700] "GET /blackjack-online-deutschland-auffuhren-blackjack-as-part-of-deutschen-angeschlossen-casinos-um-echtes-piepen-2026/ HTTP/1.1" 200 350531 "-" "Mozilla/5.0 (compatible; DotBot/1.2; +https://opensiteexplorer.org/dotbot; help@moz.com)" 281 **0/281287**
136.243.220.212 - - [03/Mar/2026:10:20:54 -0700] "GET /apple-spend-playing-web-sites-sportsbooks-you-to-50-free-no-deposit-spins-definitely-take-on-apple-shell-out/ HTTP/1.1" 200 74123 "-" "Mozilla/5.0 (compatible; DataForSeoBot/1.0; +https://dataforseo.com/dataforseo-bot)" 337 **0/337287**
68.178.232.37 - - [03/Mar/2026:10:20:58 -0700] "POST /wp-cron.php?doing_wp_cron=1772558458.1405630111694335937500 HTTP/1.1" 200 - "http://www.icdp.co.in/wp-cron.php?doing_wp_cron=1772558458.1405630111694335937500" "WordPress/5.7.8; http://www.icdp.co.in" 175 **0/175719**
136.243.220.212 - - [03/Mar/2026:10:20:58 -0700] "GET /phoenix-us-english-phoenix-us-english-setting-up-utilities/ HTTP/1.1" 200 72361 "-" "Mozilla/5.0 (compatible; DataForSeoBot/1.0; +https://dataforseo.com/dataforseo-bot)" 516 **0/516006**
5.36.183.50 - - [03/Mar/2026:10:20:59 -0700] "GET /the-ethical-landscape-of-online-gambling-media-3/ HTTP/1.1" 200 73215 "http://www.icdp.co.in/" "Mozilla/5.0 (X11; Fedora; Linux x86_64; rv:114.0) Gecko/20100101 Firefox/114.0" 300 **0/300220**
5.36.183.50 - - [03/Mar/2026:10:21:01 -0700] "POST /wp-comments-post.php HTTP/1.1" 404 1 "http://www.icdp.co.in/the-ethical-landscape-of-online-gambling-media-3/" "Mozilla/5.0 (X11; Fedora; Linux x86_64; rv:114.0) Gecko/20100101 Firefox/114.0" 501 **0/501904**
5.36.183.50 - - [03/Mar/2026:10:21:02 -0700] "POST /wp-comments-post.php HTTP/1.1" 404 1 "http://www.icdp.co.in/the-ethical-landscape-of-online-gambling-media-3/" "Mozilla/5.0 (X11; Fedora; Linux x86_64; rv:114.0) Gecko/20100101 Firefox/114.0" 175 **0/175361**
5.36.183.50 - - [03/Mar/2026:10:21:02 -0700] "POST /wp-comments-post.php HTTP/1.1" 404 1 "http://www.icdp.co.in/the-ethical-landscape-of-online-gambling-media-3/" "Mozilla/5.0 (X11; Fedora; Linux x86_64; rv:114.0) Gecko/20100101 Firefox/114.0" 163 **0/163088**
136.243.220.212 - - [03/Mar/2026:10:21:02 -0700] "GET /betfair-spielsaal-erfahrungen-casinos4u-willkommensbonus-berechnung-kasino-erleuchteter/ HTTP/1.1" 200 73262 "-" "Mozilla/5.0 (compatible; DataForSeoBot/1.0; +https://dataforseo.com/dataforseo-bot)" 378 **0/378250**
5.36.183.50 - - [03/Mar/2026:10:21:02 -0700] "POST /wp-comments-post.php HTTP/1.1" 404 1 "http://www.icdp.co.in/the-ethical-landscape-of-online-gambling-media-3/" "Mozilla/5.0 (X11; Fedora; Linux x86_64; rv:114.0) Gecko/20100101 Firefox/114.0" 144 **0/144144**
5.36.183.50 - - [03/Mar/2026:10:21:03 -0700] "GET /the-ethical-landscape-of-online-gambling-media-3/ HTTP/1.1" 200 73215 "-" "Mozilla/5.0 (X11; Fedora; Linux x86_64; rv:114.0) Gecko/20100101 Firefox/114.0" 305 **0/305574**
136.243.220.212 - - [03/Mar/2026:10:21:06 -0700] "GET /beste-krypto-casino-boni-2025-willkommensangebote-bis-zu-5-spybet-casino-promos-btc/ HTTP/1.1" 200 73006 "-" "Mozilla/5.0 (compatible; DataForSeoBot/1.0; +https://dataforseo.com/dataforseo-bot)" 289 **0/289570**
185.191.171.3 - - [03/Mar/2026:10:21:09 -0700] "GET /es-seguro-retar-acerca-de-casinos-en-compania-de-ecopayz-sobre-espana/ HTTP/1.1" 200 78441 "-" "Mozilla/5.0 (compatible; SemrushBot/7~bl; +http://www.semrush.com/bot.html)" 285 **0/285127**
136.243.220.212 - - [03/Mar/2026:10:21:11 -0700] "GET /super-glaring-flame-hook-position-remark-play-for-totally-free-now/ HTTP/1.1" 200 71438 "-" "Mozilla/5.0 (compatible; DataForSeoBot/1.0; +https://dataforseo.com/dataforseo-bot)" 277 **0/277552**
185.191.171.17 - - [03/Mar/2026:10:21:14 -0700] "GET /umsatz-inside-8-durch-a-dozen-umhauen-erfullt-75-erfolgsquote/ HTTP/1.1" 200 79105 "-" "Mozilla/5.0 (compatible; SemrushBot/7~bl; +http://www.semrush.com/bot.html)" 269 **0/269357**
136.243.220.212 - - [03/Mar/2026:10:21:14 -0700] "GET /down-load-whatsapp-for-android-os/ HTTP/1.1" 200 72600 "-" "Mozilla/5.0 (compatible; DataForSeoBot/1.0; +https://dataforseo.com/dataforseo-bot)" 275 **0/275820**
136.243.220.212 - - [03/Mar/2026:10:21:18 -0700] "GET /belobe-sig-til-rejsebog-er-richville-aegte-bedste-pa-casinoer-pr-dannevan-2024/ HTTP/1.1" 200 72725 "-" "Mozilla/5.0 (compatible; DataForSeoBot/1.0; +https://dataforseo.com/dataforseo-bot)" 308 **0/308507**
136.243.220.212 - - [03/Mar/2026:10:21:22 -0700] "GET /ideas-on-how-lord-of-the-ocean-android-free-spins-no-deposit-to-gamble-antique-blackjack-within-the-2025/ HTTP/1.1" 200 73820 "-" "Mozilla/5.0 (compatible; DataForSeoBot/1.0; +https://dataforseo.com/dataforseo-bot)" 327 **0/327107**
216.244.66.241 - - [03/Mar/2026:10:21:22 -0700] "GET /adrenaline-casino/ HTTP/1.1" 200 344816 "-" "Mozilla/5.0 (compatible; DotBot/1.2; +https://opensiteexplorer.org/dotbot; help@moz.com)" 294 **0/294556**
85.208.96.196 - - [03/Mar/2026:10:21:23 -0700] "GET /spielbank-esplanade-glucks-und-gewinn-chancen-entlang-des-meeresarms/ HTTP/1.1" 200 79446 "-" "Mozilla/5.0 (compatible; SemrushBot/7~bl; +http://www.semrush.com/bot.html)" 316 **0/316201**
136.243.220.212 - - [03/Mar/2026:10:21:26 -0700] "GET /cashmio-casino-untersuchung-and-erfahrungen-2025-boni-vortragen-schauen-sie-sich-das-an-top-100/ HTTP/1.1" 200 74034 "-" "Mozilla/5.0 (compatible; DataForSeoBot/1.0; +https://dataforseo.com/dataforseo-bot)" 306 **0/306312**
136.243.220.212 - - [03/Mar/2026:10:21:30 -0700] "GET /best-playboy-rtp-bonus-game-roulette-internet-sites-greatest-on-line-roulette-internet-sites-in-america-2025/ HTTP/1.1" 200 74102 "-" "Mozilla/5.0 (compatible; DataForSeoBot/1.0; +https://dataforseo.com/dataforseo-bot)" 349 **0/349364**
136.243.220.212 - - [03/Mar/2026:10:21:34 -0700] "GET /gaming-publication-wise-enjoy-information/ HTTP/1.1" 200 73366 "-" "Mozilla/5.0 (compatible; DataForSeoBot/1.0; +https://dataforseo.com/dataforseo-bot)" 316 **0/316484**
57.141.16.72 - - [03/Mar/2026:10:21:35 -0700] "GET /wp-json/wp/v2/posts/148626 HTTP/1.1" 200 8666 "-" "meta-externalagent/1.1 (+https://developers.facebook.com/docs/sharing/webmasters/crawler)" 122 **0/122018**
57.141.16.85 - - [03/Mar/2026:10:21:37 -0700] "GET /wp-json/wp/v2/posts/144185 HTTP/1.1" 200 8004 "-" "meta-externalagent/1.1 (+https://developers.facebook.com/docs/sharing/webmasters/crawler)" 155 **0/155156**
136.243.220.212 - - [03/Mar/2026:10:21:38 -0700] "GET /10-set-casinos-2025-play-real-bonus-deuces-nuts-10-fairspin-app-download-give-online-10-set-incentive-regulations/ HTTP/1.1" 200 73948 "-" "Mozilla/5.0 (compatible; DataForSeoBot/1.0; +https://dataforseo.com/dataforseo-bot)" 311 **0/311028**
136.243.220.212 - - [03/Mar/2026:10:21:42 -0700] "GET /15-best-on-the-web-black-jack-web-sites-casino-intercasino-no-deposit-bonus-2023-2025-real-cash-blackjack/ HTTP/1.1" 200 73917 "-" "Mozilla/5.0 (compatible; DataForSeoBot/1.0; +https://dataforseo.com/dataforseo-bot)" 305 **0/305286**
136.243.220.212 - - [03/Mar/2026:10:21:46 -0700] "GET /5-restricted-put-casinos-mermaids-silver-1-deposit-2025-bonus-laws-and-regulations/ HTTP/1.1" 200 73849 "-" "Mozilla/5.0 (compatible; DataForSeoBot/1.0; +https://dataforseo.com/dataforseo-bot)" 324 **0/324027**
136.243.220.212 - - [03/Mar/2026:10:21:50 -0700] "GET /forest-mahjong-bosque-mahjong-funciona-en-juegging-linea/ HTTP/1.1" 200 74819 "-" "Mozilla/5.0 (compatible; DataForSeoBot/1.0; +https://dataforseo.com/dataforseo-bot)" 273 **0/273307**
136.243.220.212 - - [03/Mar/2026:10:21:54 -0700] "GET /chitty-chitty-fortunate-little-gods-step-1-put-bang-bang-guidelines-zatu-download-primebetz-app-online-game/ HTTP/1.1" 200 74465 "-" "Mozilla/5.0 (compatible; DataForSeoBot/1.0; +https://dataforseo.com/dataforseo-bot)" 309 **0/309789**
