51.195.215.17 - - [03/Mar/2026:10:00:44 -0700] "GET /12-mas-grandes-casinos-en-internet-referente-a-de-cualquier-parte-del-mundo-para-participar-con-manga-larga-dinero-cosmic-fortune-sitios-de-ranura-favorable-en-2023/ HTTP/1.1" 200 73215 "-" "Mozilla/5.0 (compatible; AhrefsBot/7.0; +http://ahrefs.com/robot/)" 296 **0/296528**
85.208.96.207 - - [03/Mar/2026:10:00:49 -0700] "GET /author/admin/page/5568/ HTTP/1.1" 200 79973 "-" "Mozilla/5.0 (compatible; SemrushBot/7~bl; +http://www.semrush.com/bot.html)" 1553 **1/1553723**
216.244.66.241 - - [03/Mar/2026:10:00:53 -0700] "GET /category/ser-restaurant-com/ HTTP/1.1" 200 337872 "-" "Mozilla/5.0 (compatible; DotBot/1.2; +https://opensiteexplorer.org/dotbot; help@moz.com)" 368 **0/368059**
136.243.220.212 - - [03/Mar/2026:10:00:54 -0700] "GET /multiple-knowledge-possibilities/ HTTP/1.1" 200 71566 "-" "Mozilla/5.0 (compatible; DataForSeoBot/1.0; +https://dataforseo.com/dataforseo-bot)" 280 **0/280475**
136.243.220.212 - - [03/Mar/2026:10:00:59 -0700] "GET /kosmos-jackpots-hat-gewinn-within-seinem-barcrest-spiele-online-stellung-zurecht-so/ HTTP/1.1" 200 73390 "-" "Mozilla/5.0 (compatible; DataForSeoBot/1.0; +https://dataforseo.com/dataforseo-bot)" 329 **0/329066**
136.243.220.212 - - [03/Mar/2026:10:01:03 -0700] "GET /australian-grand-prix-f1-battle-melbourne-huge-prix-routine/ HTTP/1.1" 200 73648 "-" "Mozilla/5.0 (compatible; DataForSeoBot/1.0; +https://dataforseo.com/dataforseo-bot)" 296 **0/296457**
136.243.220.212 - - [03/Mar/2026:10:01:06 -0700] "GET /kasyno-internetowe-czy-warto-gra-w-automaty-641/ HTTP/1.1" 200 73054 "-" "Mozilla/5.0 (compatible; DataForSeoBot/1.0; +https://dataforseo.com/dataforseo-bot)" 295 **0/295848**
185.191.171.16 - - [03/Mar/2026:10:01:06 -0700] "GET /not-all-business-if-you-dont-most-of-them-get-this-type-of-maximum/ HTTP/1.1" 200 78386 "-" "Mozilla/5.0 (compatible; SemrushBot/7~bl; +http://www.semrush.com/bot.html)" 268 **0/268043**
136.243.220.212 - - [03/Mar/2026:10:01:10 -0700] "GET /best-web-based-casinos-on-the-u-s-you-to-pay-a-real-income-oct-2025/ HTTP/1.1" 200 72156 "-" "Mozilla/5.0 (compatible; DataForSeoBot/1.0; +https://dataforseo.com/dataforseo-bot)" 285 **0/285233**
57.141.16.56 - - [03/Mar/2026:10:01:12 -0700] "GET /mobiles-zum-besten-geben-in-der-spielhalle-nimmt-nach-von-angewandten-natel-spielsalon-provision-frei-einzahlung/feed/ HTTP/1.1" 200 1083 "-" "meta-externalagent/1.1 (+https://developers.facebook.com/docs/sharing/webmasters/crawler)" 133 **0/133165**
136.243.220.212 - - [03/Mar/2026:10:01:14 -0700] "GET /best-20-web-based-casinos-uk-best-gambling-establishment-web-sites-october-2025/ HTTP/1.1" 200 71151 "-" "Mozilla/5.0 (compatible; DataForSeoBot/1.0; +https://dataforseo.com/dataforseo-bot)" 357 **0/357159**
136.243.220.212 - - [03/Mar/2026:10:01:18 -0700] "GET /leprechauns-position-play-that-it-free-online-gambling-enterprise-game-out-of-ka-gaming/ HTTP/1.1" 200 72642 "-" "Mozilla/5.0 (compatible; DataForSeoBot/1.0; +https://dataforseo.com/dataforseo-bot)" 304 **0/304731**
136.243.220.212 - - [03/Mar/2026:10:01:22 -0700] "GET /wsop-free-potato-chips-october-2025/ HTTP/1.1" 200 72169 "-" "Mozilla/5.0 (compatible; DataForSeoBot/1.0; +https://dataforseo.com/dataforseo-bot)" 270 **0/270384**
136.243.220.212 - - [03/Mar/2026:10:01:27 -0700] "GET /the-psychology-of-patience-from-fish-to-gaming-11-2025/ HTTP/1.1" 200 75440 "-" "Mozilla/5.0 (compatible; DataForSeoBot/1.0; +https://dataforseo.com/dataforseo-bot)" 296 **0/296713**
136.243.220.212 - - [03/Mar/2026:10:01:30 -0700] "GET /internet-poker-play-live-casino-no-deposit-play-club-for-real-currency-from-the-bovada/ HTTP/1.1" 200 74154 "-" "Mozilla/5.0 (compatible; DataForSeoBot/1.0; +https://dataforseo.com/dataforseo-bot)" 283 **0/283768**
57.141.16.5 - - [03/Mar/2026:10:01:34 -0700] "GET /wp-json/oembed/1.0/embed?url=http%3A%2F%2Fwww.icdp.co.in%2Fimaginons-lequel-votre-part-concluiez-a-l%25ef%25bf%25bdegard-de-deposer-50-%25ef%25bf%25bd-dans-tous-avec-les-placements-en-ce-qui-concerne-le-corps%2F HTTP/1.1" 200 2832 "-" "meta-externalagent/1.1 (+https://developers.facebook.com/docs/sharing/webmasters/crawler)" 144 **0/144006**
136.243.220.212 - - [03/Mar/2026:10:01:34 -0700] "GET /best-online-casino-games-with-unique-bonus-features/ HTTP/1.1" 200 71769 "-" "Mozilla/5.0 (compatible; DataForSeoBot/1.0; +https://dataforseo.com/dataforseo-bot)" 311 **0/311653**
136.243.220.212 - - [03/Mar/2026:10:01:39 -0700] "GET /online-online-casinos-that-accept-paypal-a-comprehensive-overview/ HTTP/1.1" 200 70999 "-" "Mozilla/5.0 (compatible; DataForSeoBot/1.0; +https://dataforseo.com/dataforseo-bot)" 379 **0/379753**
136.243.220.212 - - [03/Mar/2026:10:01:43 -0700] "GET /caillou-casino-notre-wild-dice-france-connexion-pays-top-4-en-compagnie-de-2025/ HTTP/1.1" 200 71630 "-" "Mozilla/5.0 (compatible; DataForSeoBot/1.0; +https://dataforseo.com/dataforseo-bot)" 313 **0/313491**
57.141.16.52 - - [03/Mar/2026:10:01:44 -0700] "GET /?p=148602 HTTP/1.1" 301 - "-" "meta-externalagent/1.1 (+https://developers.facebook.com/docs/sharing/webmasters/crawler)" 137 **0/137494**
136.243.220.212 - - [03/Mar/2026:10:01:46 -0700] "GET /greatest-real-cash-casinos-on-the-internet-top-10-gambling-enterprises-the-real-deal-money/ HTTP/1.1" 200 73297 "-" "Mozilla/5.0 (compatible; DataForSeoBot/1.0; +https://dataforseo.com/dataforseo-bot)" 344 **0/344323**
136.243.220.212 - - [03/Mar/2026:10:01:50 -0700] "GET /bwin-casino-provision-erstes-testament-2025-willkommensbonus-black-horse-bewertung-mehr/ HTTP/1.1" 200 73187 "-" "Mozilla/5.0 (compatible; DataForSeoBot/1.0; +https://dataforseo.com/dataforseo-bot)" 303 **0/303100**
216.73.216.40 - - [03/Mar/2026:10:01:54 -0700] "GET /wunderino-erprobung-91-bewertung-5-reel-drive-online-slot-lizenziert-dem-recht-entsprechend HTTP/1.1" 301 1 "-" "Mozilla/5.0 AppleWebKit/537.36 (KHTML, like Gecko; compatible; ClaudeBot/1.0; +claudebot@anthropic.com)" 146 **0/146613**
216.73.216.40 - - [03/Mar/2026:10:01:54 -0700] "GET /wunderino-erprobung-91-bewertung-5-reel-drive-online-slot-lizenziert-dem-recht-entsprechend/ HTTP/1.1" 200 73578 "http://www.icdp.co.in/wunderino-erprobung-91-bewertung-5-reel-drive-online-slot-lizenziert-dem-recht-entsprechend" "Mozilla/5.0 AppleWebKit/537.36 (KHTML, like Gecko; compatible; ClaudeBot/1.0; +claudebot@anthropic.com)" 332 **0/332225**
136.243.220.212 - - [03/Mar/2026:10:01:54 -0700] "GET /passive-position/ HTTP/1.1" 200 73745 "-" "Mozilla/5.0 (compatible; DataForSeoBot/1.0; +https://dataforseo.com/dataforseo-bot)" 319 **0/319639**
17.241.219.166 - - [03/Mar/2026:10:01:55 -0700] "GET /category/1-win-game-308/ HTTP/1.1" 200 76711 "-" "Mozilla/5.0 (Macintosh; Intel Mac OS X 10_15_7) AppleWebKit/605.1.15 (KHTML, like Gecko) Version/17.4 Safari/605.1.15 (Applebot/0.1; +http://www.apple.com/go/applebot)" 398 **0/398061**
68.178.232.37 - - [03/Mar/2026:10:01:59 -0700] "POST /wp-cron.php?doing_wp_cron=1772557319.0137360095977783203125 HTTP/1.1" 200 - "http://www.icdp.co.in/wp-cron.php?doing_wp_cron=1772557319.0137360095977783203125" "WordPress/5.7.8; http://www.icdp.co.in" 180 **0/180347**
136.243.220.212 - - [03/Mar/2026:10:01:58 -0700] "GET /mostbet-login-registration-best-on-the-internet-casino-in-bangladesh-bonus-rs25-000/ HTTP/1.1" 200 79276 "-" "Mozilla/5.0 (compatible; DataForSeoBot/1.0; +https://dataforseo.com/dataforseo-bot)" 492 **0/492327**
136.243.220.212 - - [03/Mar/2026:10:02:02 -0700] "GET /whats-a-geisha-the-entire-record/ HTTP/1.1" 200 73330 "-" "Mozilla/5.0 (compatible; DataForSeoBot/1.0; +https://dataforseo.com/dataforseo-bot)" 351 **0/351474**
57.141.16.14 - - [03/Mar/2026:10:02:03 -0700] "GET /wp-json/oembed/1.0/embed?url=http%3A%2F%2Fwww.icdp.co.in%2Fmost-of-the-casino-games-1400-harbors-2000-live-video-game-70-minimum-deposit-so-you-can-be-considered-5%2F HTTP/1.1" 200 2700 "-" "meta-externalagent/1.1 (+https://developers.facebook.com/docs/sharing/webmasters/crawler)" 151 **0/151331**
57.141.16.89 - - [03/Mar/2026:10:02:05 -0700] "GET /wp-json/wp/v2/posts/146738 HTTP/1.1" 200 37193 "-" "meta-externalagent/1.1 (+https://developers.facebook.com/docs/sharing/webmasters/crawler)" 123 **0/123248**
136.243.220.212 - - [03/Mar/2026:10:02:07 -0700] "GET /devils-happiness-so-it-on-the-internet-position-is-just-about-to-hell/ HTTP/1.1" 200 73467 "-" "Mozilla/5.0 (compatible; DataForSeoBot/1.0; +https://dataforseo.com/dataforseo-bot)" 311 **0/311896**
107.152.46.79 - - [03/Mar/2026:10:02:09 -0700] "GET /bonusy-za-registraci-bez-vkladu-vyuijte-skvle/ HTTP/1.1" 200 73107 "http://www.icdp.co.in/" "Mozilla/5.0 (X11; Linux x86_64) AppleWebKit/537.36 (KHTML, like Gecko) Chrome/114.0.0.0 Safari/537.36 OPR/89.0.4447.51" 269 **0/269428**
136.243.220.212 - - [03/Mar/2026:10:02:10 -0700] "GET /bruce-lee-play-panda-wilds-slot-machine-ports-night-step-chinga-choong-gambling-enterprise-slot-step-one-put-2025-take-a-look-at-2025-dragons-story-amrecruit/ HTTP/1.1" 200 74113 "-" "Mozilla/5.0 (compatible; DataForSeoBot/1.0; +https://dataforseo.com/dataforseo-bot)" 277 **0/277315**
136.243.220.212 - - [03/Mar/2026:10:02:14 -0700] "GET /100-percent-free-harbors-egyptian-money-zero-obtain-gaming-internet-sites/ HTTP/1.1" 200 72450 "-" "Mozilla/5.0 (compatible; DataForSeoBot/1.0; +https://dataforseo.com/dataforseo-bot)" 282 **0/282189**
57.141.16.53 - - [03/Mar/2026:10:02:17 -0700] "GET /wp-json/wp/v2/posts/144277 HTTP/1.1" 200 8351 "-" "meta-externalagent/1.1 (+https://developers.facebook.com/docs/sharing/webmasters/crawler)" 144 **0/144816**
17.22.237.177 - - [03/Mar/2026:10:02:17 -0700] "GET /category/1win-online-653/ HTTP/1.1" 200 76811 "-" "Mozilla/5.0 (Macintosh; Intel Mac OS X 10_15_7) AppleWebKit/605.1.15 (KHTML, like Gecko) Version/17.4 Safari/605.1.15 (Applebot/0.1; +http://www.apple.com/go/applebot)" 384 **0/384331**
136.243.220.212 - - [03/Mar/2026:10:02:19 -0700] "GET /komme-sammen-med-gratis-promo-koder-til-vulkan-vegas-slots-lanemuligheder-online-fairlan-danmarks-storste-laneportal/ HTTP/1.1" 200 73134 "-" "Mozilla/5.0 (compatible; DataForSeoBot/1.0; +https://dataforseo.com/dataforseo-bot)" 291 **0/291449**
107.152.46.79 - - [03/Mar/2026:10:02:19 -0700] "GET /wp-content/themes/astra/assets/css/minified/frontend.min.css?ver=3.2.0 HTTP/1.1" 200 11719 "http://www.icdp.co.in/bonusy-za-registraci-bez-vkladu-vyuijte-skvle/" "Mozilla/5.0 (Windows NT 10.0; Win64; x64) AppleWebKit/537.36 (KHTML, like Gecko) Chrome/143.0.0.0 Safari/537.36" 12 **0/12693**
216.73.216.40 - - [03/Mar/2026:10:02:19 -0700] "GET /?p=117460 HTTP/1.1" 301 1 "-" "Mozilla/5.0 AppleWebKit/537.36 (KHTML, like Gecko; compatible; ClaudeBot/1.0; +claudebot@anthropic.com)" 126 **0/126749**
216.73.216.40 - - [03/Mar/2026:10:02:21 -0700] "GET /mien-baccarat-doit-divergent-passe-temps-en-tenant-desserte-necessaire-accesible-en-mode-directement/ HTTP/1.1" 200 71456 "http://www.icdp.co.in/?p=117460" "Mozilla/5.0 AppleWebKit/537.36 (KHTML, like Gecko; compatible; ClaudeBot/1.0; +claudebot@anthropic.com)" 321 **0/321014**
136.243.220.212 - - [03/Mar/2026:10:02:22 -0700] "GET /freispiele-konnen-die-spielzeit-exklusive-zusatzliche-muhe-dehnen/ HTTP/1.1" 200 72133 "-" "Mozilla/5.0 (compatible; DataForSeoBot/1.0; +https://dataforseo.com/dataforseo-bot)" 282 **0/282318**
136.243.220.212 - - [03/Mar/2026:10:02:26 -0700] "GET /how-to-receive-for-real-currency-in-the-sweeps-casinos/ HTTP/1.1" 200 69884 "-" "Mozilla/5.0 (compatible; DataForSeoBot/1.0; +https://dataforseo.com/dataforseo-bot)" 349 **0/349264**
216.73.216.40 - - [03/Mar/2026:10:02:30 -0700] "GET /best-royal-vegas-totally-free-revolves-spending-online-pokies-in-australia-2025-keller-williams HTTP/1.1" 301 1 "-" "Mozilla/5.0 AppleWebKit/537.36 (KHTML, like Gecko; compatible; ClaudeBot/1.0; +claudebot@anthropic.com)" 131 **0/131377**
216.73.216.40 - - [03/Mar/2026:10:02:31 -0700] "GET /best-royal-vegas-totally-free-revolves-spending-online-pokies-in-australia-2025-keller-williams/ HTTP/1.1" 200 74172 "http://www.icdp.co.in/best-royal-vegas-totally-free-revolves-spending-online-pokies-in-australia-2025-keller-williams" "Mozilla/5.0 AppleWebKit/537.36 (KHTML, like Gecko; compatible; ClaudeBot/1.0; +claudebot@anthropic.com)" 279 **0/279303**
136.243.220.212 - - [03/Mar/2026:10:02:31 -0700] "GET /no-deposit-online-casino-perk-a-guide-to-free-casino-site-supplies/ HTTP/1.1" 200 72135 "-" "Mozilla/5.0 (compatible; DataForSeoBot/1.0; +https://dataforseo.com/dataforseo-bot)" 285 **0/285665**
51.89.129.250 - - [03/Mar/2026:10:02:31 -0700] "GET /luchshie-praktiki-dlia-nachinaiushchikh-v-1xbet-stavki/ HTTP/1.1" 200 71046 "-" "Mozilla/5.0 (compatible; AhrefsBot/7.0; +http://ahrefs.com/robot/)" 308 **0/308274**
136.243.220.212 - - [03/Mar/2026:10:02:35 -0700] "GET /france-machine-pour-thunes-desinteressees-sans-telechargement-sans-avoir-i-la-riviera-mobile-exergue/ HTTP/1.1" 200 71601 "-" "Mozilla/5.0 (compatible; DataForSeoBot/1.0; +https://dataforseo.com/dataforseo-bot)" 311 **0/311059**
107.152.46.79 - - [03/Mar/2026:10:02:35 -0700] "GET /wp-content/themes/astra/assets/css/minified/menu-animation.min.css?ver=3.2.0 HTTP/1.1" 200 340 "http://www.icdp.co.in/bonusy-za-registraci-bez-vkladu-vyuijte-skvle/" "Mozilla/5.0 (Windows NT 10.0; Win64; x64) AppleWebKit/537.36 (KHTML, like Gecko) Chrome/143.0.0.0 Safari/537.36" 10 **0/10337**
136.243.220.212 - - [03/Mar/2026:10:02:38 -0700] "GET /give-blood-which-have-gulf-coast-of-spinsamurai-login-pc-florida-coastline-bloodstream/ HTTP/1.1" 200 73761 "-" "Mozilla/5.0 (compatible; DataForSeoBot/1.0; +https://dataforseo.com/dataforseo-bot)" 299 **0/299987**
136.243.220.212 - - [03/Mar/2026:10:02:42 -0700] "GET /best-play-around-the-world-real-money-online-slots-the-real-deal-currency-huge-casino-bonuses-2025/ HTTP/1.1" 200 72163 "-" "Mozilla/5.0 (compatible; DataForSeoBot/1.0; +https://dataforseo.com/dataforseo-bot)" 321 **0/321287**
107.152.46.79 - - [03/Mar/2026:10:02:43 -0700] "GET /wp-includes/css/dist/block-library/style.min.css?ver=5.7.8 HTTP/1.1" 200 8155 "http://www.icdp.co.in/bonusy-za-registraci-bez-vkladu-vyuijte-skvle/" "Mozilla/5.0 (Windows NT 10.0; Win64; x64) AppleWebKit/537.36 (KHTML, like Gecko) Chrome/143.0.0.0 Safari/537.36" 9 **0/9121**
136.243.220.212 - - [03/Mar/2026:10:02:46 -0700] "GET /finest-1-lowest-deposit-gambling-enterprises-to-possess-usa-players-inside-2025/ HTTP/1.1" 200 72607 "-" "Mozilla/5.0 (compatible; DataForSeoBot/1.0; +https://dataforseo.com/dataforseo-bot)" 308 **0/308556**
107.152.46.79 - - [03/Mar/2026:10:02:48 -0700] "POST /wp-comments-post.php HTTP/1.1" 404 1 "http://www.icdp.co.in/bonusy-za-registraci-bez-vkladu-vyuijte-skvle/" "Mozilla/5.0 (X11; Linux x86_64) AppleWebKit/537.36 (KHTML, like Gecko) Chrome/114.0.0.0 Safari/537.36 OPR/89.0.4447.51" 458 **0/458166**
107.152.46.79 - - [03/Mar/2026:10:02:49 -0700] "POST /wp-comments-post.php HTTP/1.1" 404 1 "http://www.icdp.co.in/bonusy-za-registraci-bez-vkladu-vyuijte-skvle/" "Mozilla/5.0 (X11; Linux x86_64) AppleWebKit/537.36 (KHTML, like Gecko) Chrome/114.0.0.0 Safari/537.36 OPR/89.0.4447.51" 123 **0/123236**
107.152.46.79 - - [03/Mar/2026:10:02:50 -0700] "POST /wp-comments-post.php HTTP/1.1" 404 1 "http://www.icdp.co.in/bonusy-za-registraci-bez-vkladu-vyuijte-skvle/" "Mozilla/5.0 (X11; Linux x86_64) AppleWebKit/537.36 (KHTML, like Gecko) Chrome/114.0.0.0 Safari/537.36 OPR/89.0.4447.51" 140 **0/140406**
216.244.66.241 - - [03/Mar/2026:10:02:50 -0700] "GET /curious-infants-inside-the-old-egypt-that-which-was-the-brand-new-sphinx-everything-about/ HTTP/1.1" 200 344646 "-" "Mozilla/5.0 (compatible; DotBot/1.2; +https://opensiteexplorer.org/dotbot; help@moz.com)" 261 **0/261047**
136.243.220.212 - - [03/Mar/2026:10:02:50 -0700] "GET /greatest-on-the-web-blackjack-gambling-enterprises-big-bad-wolf-ios-slot-free-spins-inside-2025/ HTTP/1.1" 200 73781 "-" "Mozilla/5.0 (compatible; DataForSeoBot/1.0; +https://dataforseo.com/dataforseo-bot)" 304 **0/304577**
107.152.46.79 - - [03/Mar/2026:10:02:50 -0700] "POST /wp-comments-post.php HTTP/1.1" 404 1 "http://www.icdp.co.in/bonusy-za-registraci-bez-vkladu-vyuijte-skvle/" "Mozilla/5.0 (X11; Linux x86_64) AppleWebKit/537.36 (KHTML, like Gecko) Chrome/114.0.0.0 Safari/537.36 OPR/89.0.4447.51" 113 **0/113481**
107.152.46.79 - - [03/Mar/2026:10:02:51 -0700] "GET /bonusy-za-registraci-bez-vkladu-vyuijte-skvle/ HTTP/1.1" 200 73107 "-" "Mozilla/5.0 (X11; Linux x86_64) AppleWebKit/537.36 (KHTML, like Gecko) Chrome/114.0.0.0 Safari/537.36 OPR/89.0.4447.51" 306 **0/306168**
57.141.16.6 - - [03/Mar/2026:10:02:53 -0700] "GET /?p=144027 HTTP/1.1" 301 - "-" "meta-externalagent/1.1 (+https://developers.facebook.com/docs/sharing/webmasters/crawler)" 135 **0/135517**
136.243.220.212 - - [03/Mar/2026:10:02:54 -0700] "GET /mit-dabei-seien-beilaufig-viele-spieltische-fur-game-of-chance-poker-unter-anderem-blackjack-im/ HTTP/1.1" 200 71854 "-" "Mozilla/5.0 (compatible; DataForSeoBot/1.0; +https://dataforseo.com/dataforseo-bot)" 332 **0/332722**
57.141.16.38 - - [03/Mar/2026:10:02:55 -0700] "GET /connu-sous-le-nom-d-recompense-sans-aucun-frais-supplementaires-par-cet-casino-ceci-liberalite-doit-venir-accompagnes-de-vos-conditions-pour-retraite-assez-drastiques/feed/ HTTP/1.1" 200 1251 "-" "meta-externalagent/1.1 (+https://developers.facebook.com/docs/sharing/webmasters/crawler)" 130 **0/130343**
68.178.232.37 - - [03/Mar/2026:10:02:58 -0700] "POST /wp-cron.php?doing_wp_cron=1772557378.5645360946655273437500 HTTP/1.1" 200 - "http://www.icdp.co.in/wp-cron.php?doing_wp_cron=1772557378.5645360946655273437500" "WordPress/5.7.8; http://www.icdp.co.in" 175 **0/175645**
136.243.220.212 - - [03/Mar/2026:10:02:58 -0700] "GET /kostenlose-live-blackjack-handler-erreichbar-slots/ HTTP/1.1" 200 72633 "-" "Mozilla/5.0 (compatible; DataForSeoBot/1.0; +https://dataforseo.com/dataforseo-bot)" 466 **0/466160**
136.243.220.212 - - [03/Mar/2026:10:03:02 -0700] "GET /23-nova-casino-bonus-sobre-recibo-de-3-doscientas-21nova/ HTTP/1.1" 200 73744 "-" "Mozilla/5.0 (compatible; DataForSeoBot/1.0; +https://dataforseo.com/dataforseo-bot)" 389 **0/389221**
57.141.16.13 - - [03/Mar/2026:10:03:04 -0700] "GET /freispiele-exklusive-einzahlung-2026-zombies-online-slot-nachfolgende-besten-free-spins-angebote/ HTTP/1.1" 200 344987 "-" "meta-externalagent/1.1 (+https://developers.facebook.com/docs/sharing/webmasters/crawler)" 351 **0/351642**
136.243.220.212 - - [03/Mar/2026:10:03:06 -0700] "GET /cash-out-resources-withdraw-gambling-enterprise-no-deposit-incentive-winnings-with-ease/ HTTP/1.1" 200 73066 "-" "Mozilla/5.0 (compatible; DataForSeoBot/1.0; +https://dataforseo.com/dataforseo-bot)" 316 **0/316320**
136.243.220.212 - - [03/Mar/2026:10:03:10 -0700] "GET /igrat-v-onlajn-pinco-casino-oficialnyj-sajt-5394-2/ HTTP/1.1" 200 72085 "-" "Mozilla/5.0 (compatible; DataForSeoBot/1.0; +https://dataforseo.com/dataforseo-bot)" 304 **0/304563**
185.191.171.5 - - [03/Mar/2026:10:03:11 -0700] "GET /erst-einmal-2008-bei-schweden-gegrundet-cap-gegenseitig-trustly-wanneer-zahlungsdienstleister-einstweilen-in-aller-herren-lander-vernetzt/ HTTP/1.1" 200 78912 "-" "Mozilla/5.0 (compatible; SemrushBot/7~bl; +http://www.semrush.com/bot.html)" 302 **0/302553**
136.243.220.212 - - [03/Mar/2026:10:03:14 -0700] "GET /100-free-revolves-no-deposit-sales-within-the-2025-finest-internet-sites-bonuses/ HTTP/1.1" 200 71792 "-" "Mozilla/5.0 (compatible; DataForSeoBot/1.0; +https://dataforseo.com/dataforseo-bot)" 295 **0/295624**
216.73.216.40 - - [03/Mar/2026:10:03:16 -0700] "GET /mien-baccarat-doit-divergent-passe-temps-en-tenant-desserte-necessaire-accesible-en-mode-directement HTTP/1.1" 301 1 "-" "Mozilla/5.0 AppleWebKit/537.36 (KHTML, like Gecko; compatible; ClaudeBot/1.0; +claudebot@anthropic.com)" 131 **0/131476**
216.73.216.40 - - [03/Mar/2026:10:03:16 -0700] "GET /mien-baccarat-doit-divergent-passe-temps-en-tenant-desserte-necessaire-accesible-en-mode-directement/ HTTP/1.1" 200 71456 "http://www.icdp.co.in/mien-baccarat-doit-divergent-passe-temps-en-tenant-desserte-necessaire-accesible-en-mode-directement" "Mozilla/5.0 AppleWebKit/537.36 (KHTML, like Gecko; compatible; ClaudeBot/1.0; +claudebot@anthropic.com)" 312 **0/312623**
136.243.220.212 - - [03/Mar/2026:10:03:18 -0700] "GET /no-deposit-local-casino-incentives-179-to-possess-look-through-this-site-oct-2025/ HTTP/1.1" 200 72624 "-" "Mozilla/5.0 (compatible; DataForSeoBot/1.0; +https://dataforseo.com/dataforseo-bot)" 306 **0/306114**
57.141.16.39 - - [03/Mar/2026:10:03:20 -0700] "GET /wp-json/oembed/1.0/embed?url=http%3A%2F%2Fwww.icdp.co.in%2Fbonus-10-euro-privo-di-base-cosa-sono-addirittura-ad-esempio-funzionano%2F HTTP/1.1" 200 2526 "-" "meta-externalagent/1.1 (+https://developers.facebook.com/docs/sharing/webmasters/crawler)" 152 **0/152958**
136.243.220.212 - - [03/Mar/2026:10:03:22 -0700] "GET /online-casino-advertisements-also-offers/ HTTP/1.1" 200 71970 "-" "Mozilla/5.0 (compatible; DataForSeoBot/1.0; +https://dataforseo.com/dataforseo-bot)" 305 **0/305145**
136.243.220.212 - - [03/Mar/2026:10:03:26 -0700] "GET /enjoy-on-the-internet-roulette-greatest-online-roulette-games-2024/ HTTP/1.1" 200 72835 "-" "Mozilla/5.0 (compatible; DataForSeoBot/1.0; +https://dataforseo.com/dataforseo-bot)" 309 **0/309687**
136.243.220.212 - - [03/Mar/2026:10:03:30 -0700] "GET /gangland-position-play-which-tom-horn-gaming-gambling-enterprise-games-online/ HTTP/1.1" 200 71939 "-" "Mozilla/5.0 (compatible; DataForSeoBot/1.0; +https://dataforseo.com/dataforseo-bot)" 318 **0/318434**
136.243.220.212 - - [03/Mar/2026:10:03:34 -0700] "GET /fifty-totally-free-revolves-dolphin-pearl-luxury-video-slot-real-money-no-deposit-more-inside-the-southern-area-africa-gamble-now-charm-worthen/ HTTP/1.1" 200 71925 "-" "Mozilla/5.0 (compatible; DataForSeoBot/1.0; +https://dataforseo.com/dataforseo-bot)" 338 **0/338652**
216.73.216.40 - - [03/Mar/2026:10:03:38 -0700] "GET /mien-baccarat-doit-divergent-passe-temps-en-tenant-desserte-necessaire-accesible-en-mode-directement/feed HTTP/1.1" 301 1 "-" "Mozilla/5.0 AppleWebKit/537.36 (KHTML, like Gecko; compatible; ClaudeBot/1.0; +claudebot@anthropic.com)" 128 **0/128761**
136.243.220.212 - - [03/Mar/2026:10:03:38 -0700] "GET /ideas-on-how-to-acquire-earn-more-than-lobstermania-slot-hack-tactic-tips-and-strategies/ HTTP/1.1" 200 72005 "-" "Mozilla/5.0 (compatible; DataForSeoBot/1.0; +https://dataforseo.com/dataforseo-bot)" 285 **0/285421**
216.73.216.40 - - [03/Mar/2026:10:03:39 -0700] "GET /mien-baccarat-doit-divergent-passe-temps-en-tenant-desserte-necessaire-accesible-en-mode-directement/feed/ HTTP/1.1" 200 443 "http://www.icdp.co.in/mien-baccarat-doit-divergent-passe-temps-en-tenant-desserte-necessaire-accesible-en-mode-directement/feed" "Mozilla/5.0 AppleWebKit/537.36 (KHTML, like Gecko; compatible; ClaudeBot/1.0; +claudebot@anthropic.com)" 124 **0/124088**
57.141.16.34 - - [03/Mar/2026:10:03:39 -0700] "GET /wp-json/oembed/1.0/embed?url=http%3A%2F%2Fwww.icdp.co.in%2Fdo-you-really-clarify-the-details-of-your-gambling-establishment-incentive-program-having-commission-choices%2F HTTP/1.1" 200 2708 "-" "meta-externalagent/1.1 (+https://developers.facebook.com/docs/sharing/webmasters/crawler)" 111 **0/111897**
57.141.16.80 - - [03/Mar/2026:10:03:42 -0700] "GET /wp-json/oembed/1.0/embed?url=http%3A%2F%2Fwww.icdp.co.in%2Freferente-a-la-resena-conoceras-la-archifamosa-casa-de-apuestas-zapatillas-deportivas-20bet-de-cualquier-parte-del-mundo%2F HTTP/1.1" 200 2768 "-" "meta-externalagent/1.1 (+https://developers.facebook.com/docs/sharing/webmasters/crawler)" 115 **0/115172**
136.243.220.212 - - [03/Mar/2026:10:03:42 -0700] "GET /monte-carlo-blackjack-expert-multihand-by-nextgen-gaming-play-on-the-web-flashdash-slots-2025/ HTTP/1.1" 200 74731 "-" "Mozilla/5.0 (compatible; DataForSeoBot/1.0; +https://dataforseo.com/dataforseo-bot)" 278 **0/278945**
17.246.19.89 - - [03/Mar/2026:10:03:45 -0700] "GET /die-fuhrenden-on-line-casinos-in-deutschland-im-umfassenden-vergleich-und-test/ HTTP/1.1" 200 87013 "-" "Mozilla/5.0 (Macintosh; Intel Mac OS X 10_15_7) AppleWebKit/605.1.15 (KHTML, like Gecko) Version/17.4 Safari/605.1.15 (Applebot/0.1; +http://www.apple.com/go/applebot)" 296 **0/296199**
136.243.220.212 - - [03/Mar/2026:10:03:47 -0700] "GET /bedste-pa-casinoer-inden-rocky-mega-jackpot-for-dannevan-inklusive-hoj-udbetaling/ HTTP/1.1" 200 72817 "-" "Mozilla/5.0 (compatible; DataForSeoBot/1.0; +https://dataforseo.com/dataforseo-bot)" 327 **0/327703**
136.243.220.212 - - [03/Mar/2026:10:03:51 -0700] "GET /we-understand-fun/ HTTP/1.1" 200 74532 "-" "Mozilla/5.0 (compatible; DataForSeoBot/1.0; +https://dataforseo.com/dataforseo-bot)" 336 **0/336091**
136.243.220.212 - - [03/Mar/2026:10:03:54 -0700] "GET /casino-maklercourtage-abmachung-wo-europa-mobiles-casino-fur-android-gibts-einen-besten-willkommensbonus/ HTTP/1.1" 200 73641 "-" "Mozilla/5.0 (compatible; DataForSeoBot/1.0; +https://dataforseo.com/dataforseo-bot)" 360 **0/360634**
57.141.16.7 - - [03/Mar/2026:10:03:56 -0700] "GET /wp-json/wp/v2/posts/144971 HTTP/1.1" 200 7376 "-" "meta-externalagent/1.1 (+https://developers.facebook.com/docs/sharing/webmasters/crawler)" 193 **0/193597**
136.243.220.212 - - [03/Mar/2026:10:03:58 -0700] "GET /interwetten-casino-hilfreiche-hinweise-osterreich-yoyospins-login-bonus-deren-ultimative-erreichbar-spielplattform/ HTTP/1.1" 200 73903 "-" "Mozilla/5.0 (compatible; DataForSeoBot/1.0; +https://dataforseo.com/dataforseo-bot)" 342 **0/342174**
216.244.66.241 - - [03/Mar/2026:10:04:01 -0700] "GET /galactic-wins-casino-login-579/ HTTP/1.1" 200 355654 "-" "Mozilla/5.0 (compatible; DotBot/1.2; +https://opensiteexplorer.org/dotbot; help@moz.com)" 301 **0/301526**
136.243.220.212 - - [03/Mar/2026:10:04:02 -0700] "GET /move-argentine-peso-to-help-you-egyptian-pound-ars-casino-quartz-casino-instant-play-in-order-to-egp/ HTTP/1.1" 200 74398 "-" "Mozilla/5.0 (compatible; DataForSeoBot/1.0; +https://dataforseo.com/dataforseo-bot)" 391 **0/391282**
136.243.220.212 - - [03/Mar/2026:10:04:06 -0700] "GET /creating-a-strategy-for-the-best-paying-online-casino-slots/ HTTP/1.1" 200 71885 "-" "Mozilla/5.0 (compatible; DataForSeoBot/1.0; +https://dataforseo.com/dataforseo-bot)" 285 **0/285853**
136.243.220.212 - - [03/Mar/2026:10:04:10 -0700] "GET /belobe-sig-til-trovaerdige-mobilkasinoer-50-dragons-1-depositum-2024-nok-og-palideligt-spil/ HTTP/1.1" 200 72822 "-" "Mozilla/5.0 (compatible; DataForSeoBot/1.0; +https://dataforseo.com/dataforseo-bot)" 309 **0/309399**
136.243.220.212 - - [03/Mar/2026:10:04:14 -0700] "GET /traktandum-10-verbunden-spielbank-echtgeld-ernahrer-rangliste-casino-irish-eyes-2025/ HTTP/1.1" 200 73125 "-" "Mozilla/5.0 (compatible; DataForSeoBot/1.0; +https://dataforseo.com/dataforseo-bot)" 303 **0/303304**
136.243.220.212 - - [03/Mar/2026:10:04:18 -0700] "GET /bingo-massive-polar-paws-rtp-slot-casino-amounts/ HTTP/1.1" 200 73102 "-" "Mozilla/5.0 (compatible; DataForSeoBot/1.0; +https://dataforseo.com/dataforseo-bot)" 335 **0/335735**
136.243.220.212 - - [03/Mar/2026:10:04:22 -0700] "GET /step-1-deposit-gambling-enterprise-nz-finest-1-minimal-deposit-gambling-establishment-to-possess-kiwis/ HTTP/1.1" 200 72721 "-" "Mozilla/5.0 (compatible; DataForSeoBot/1.0; +https://dataforseo.com/dataforseo-bot)" 323 **0/323797**
46.8.57.209 - - [03/Mar/2026:10:04:23 -0700] "GET /kupit-diplom-jurista-bez-predoplaty-sovety-i/ HTTP/1.0" 200 71714 "http://www.icdp.co.in/" "Mozilla/5.0 (Windows NT 10.0; Win64; x64) AppleWebKit/537.36 (KHTML, like Gecko) Chrome/114.0.0.0 Safari/537.36 Vivaldi/5.3.2679.68" 294 **0/294467**
46.8.57.209 - - [03/Mar/2026:10:04:25 -0700] "GET /category/level-up-casino-sign-up-195/ HTTP/1.1" 200 69923 "http://www.icdp.co.in/kupit-diplom-jurista-bez-predoplaty-sovety-i/" "Mozilla/5.0 (Windows NT 6.3; Win64; x64) AppleWebKit/537.36 (KHTML, like Gecko) Chrome/103.0.0.0 Safari/537.36" 375 **0/375259**
46.8.57.209 - - [03/Mar/2026:10:04:26 -0700] "GET /category/level-up-casino-sign-up-195/ HTTP/1.1" 200 69923 "http://www.icdp.co.in/category/level-up-casino-sign-up-195/" "Mozilla/5.0 (Windows NT 6.3; Win64; x64) AppleWebKit/537.36 (KHTML, like Gecko) Chrome/103.0.0.0 Safari/537.36" 344 **0/344369**
136.243.220.212 - - [03/Mar/2026:10:04:26 -0700] "GET /hot-aussicht-rechtens-um-echtgeld-within-i24slot-casino-ohne-einzahlung-bonus-der-verbunden-spielothek-vortragen/ HTTP/1.1" 200 73543 "-" "Mozilla/5.0 (compatible; DataForSeoBot/1.0; +https://dataforseo.com/dataforseo-bot)" 282 **0/282878**
43.173.175.226 - - [03/Mar/2026:10:04:27 -0700] "GET /%ce%b5%ce%bd%cf%85%ce%b4%cf%81%ce%b5%ce%af%ce%bf-%cf%85%cf%88%ce%b7%ce%bb%ce%ae%cf%82-%ce%b5%cf%85%ce%ba%cf%81%ce%af%ce%bd%ce%b5%ce%b9%ce%b1%cf%82-%ce%b5%ce%bd%cf%84%ce%b5%ce%bb%cf%8e%cf%82-%ce%b4/ HTTP/1.1" 200 80538 "-" "Mozilla/5.0 (Windows NT 10.0; Win64; x64) AppleWebKit/537.36 (KHTML, like Gecko) Chrome/107.0.0.0 Safari/537.36" 280 **0/280434**
17.241.227.170 - - [03/Mar/2026:10:04:27 -0700] "GET /wp-includes/js/comment-reply.min.js?ver=5.7.8 HTTP/1.1" 200 1346 "http://www.icdp.co.in/vegas11-join-498/" "Mozilla/5.0 (Macintosh; Intel Mac OS X 10_15_7) AppleWebKit/605.1.15 (KHTML, like Gecko) Version/17.4 Safari/605.1.15 (Applebot/0.1; +http://www.apple.com/go/applebot)" 5 **0/5239**
46.8.57.209 - - [03/Mar/2026:10:04:27 -0700] "GET /kupit-diplom-jurista-bez-predoplaty-sovety-i/ HTTP/1.1" 200 71714 "http://www.icdp.co.in/kupit-diplom-jurista-bez-predoplaty-sovety-i/" "Mozilla/5.0 (Windows NT 6.3; Win64; x64) AppleWebKit/537.36 (KHTML, like Gecko) Chrome/103.0.0.0 Safari/537.36" 288 **0/288398**
51.195.244.124 - - [03/Mar/2026:10:04:30 -0700] "GET /play-free-online-pokies-slot-machines/ HTTP/1.1" 200 72818 "-" "Mozilla/5.0 (compatible; AhrefsBot/7.0; +http://ahrefs.com/robot/)" 361 **0/361056**
136.243.220.212 - - [03/Mar/2026:10:04:30 -0700] "GET /twenty-five-100-percent-free-revolves-no-deposit-casinos-inside-2025-listing-of-best-free-twist-casinos/ HTTP/1.1" 200 71893 "-" "Mozilla/5.0 (compatible; DataForSeoBot/1.0; +https://dataforseo.com/dataforseo-bot)" 321 **0/321087**
136.243.220.212 - - [03/Mar/2026:10:04:34 -0700] "GET /quick-hit-ports-play-for-real-money-and-try-at-no-cost/ HTTP/1.1" 200 72023 "-" "Mozilla/5.0 (compatible; DataForSeoBot/1.0; +https://dataforseo.com/dataforseo-bot)" 312 **0/312200**
46.8.57.209 - - [03/Mar/2026:10:04:29 -0700] "POST /wp-comments-post.php HTTP/1.1" 302 1 "http://www.icdp.co.in/kupit-diplom-jurista-bez-predoplaty-sovety-i/" "Mozilla/5.0 (Windows NT 6.3; Win64; x64) AppleWebKit/537.36 (KHTML, like Gecko) Chrome/103.0.0.0 Safari/537.36" 8076 **8/8076797**
46.8.57.209 - - [03/Mar/2026:10:04:37 -0700] "GET /kupit-diplom-jurista-bez-predoplaty-sovety-i/?unapproved=558&moderation-hash=6684087ba7af86f7ddc086272915a418 HTTP/1.1" 200 73685 "http://www.icdp.co.in/wp-comments-post.php" "Mozilla/5.0 (Windows NT 6.3; Win64; x64) AppleWebKit/537.36 (KHTML, like Gecko) Chrome/103.0.0.0 Safari/537.36" 314 **0/314891**
46.8.57.209 - - [03/Mar/2026:10:04:38 -0700] "GET /kupit-diplom-jurista-bez-predoplaty-sovety-i/ HTTP/1.0" 200 71714 "-" "Mozilla/5.0 (Windows NT 6.3; Win64; x64) AppleWebKit/537.36 (KHTML, like Gecko) Chrome/103.0.0.0 Safari/537.36" 318 **0/318157**
136.243.220.212 - - [03/Mar/2026:10:04:39 -0700] "GET /step-one-put-casinos-inside-the-the-new-zealand-oct-2025/ HTTP/1.1" 200 72733 "-" "Mozilla/5.0 (compatible; DataForSeoBot/1.0; +https://dataforseo.com/dataforseo-bot)" 303 **0/303899**
43.173.176.253 - - [03/Mar/2026:10:04:42 -0700] "GET /geldverwaltung-und-emotionale-kontrolle-beim-sportwetten/ HTTP/1.1" 200 78273 "-" "Mozilla/5.0 (Windows NT 10.0; Win64; x64) AppleWebKit/537.36 (KHTML, like Gecko) Chrome/131.0.0.0 Safari/537.36" 760 **0/760203**
136.243.220.212 - - [03/Mar/2026:10:04:42 -0700] "GET /three-dimensional-slots-play-for-free-and-no-down-load/ HTTP/1.1" 200 71995 "-" "Mozilla/5.0 (compatible; DataForSeoBot/1.0; +https://dataforseo.com/dataforseo-bot)" 926 **0/926424**
136.243.220.212 - - [03/Mar/2026:10:04:46 -0700] "GET /very-early-acushnet-co-testicle/ HTTP/1.1" 200 73295 "-" "Mozilla/5.0 (compatible; DataForSeoBot/1.0; +https://dataforseo.com/dataforseo-bot)" 333 **0/333637**
57.141.16.59 - - [03/Mar/2026:10:04:47 -0700] "GET /wp-json/wp/v2/posts/147201 HTTP/1.1" 200 7443 "-" "meta-externalagent/1.1 (+https://developers.facebook.com/docs/sharing/webmasters/crawler)" 145 **0/145357**
57.141.16.81 - - [03/Mar/2026:10:04:48 -0700] "GET /wp-json/wp/v2/posts/145701 HTTP/1.1" 200 10997 "-" "meta-externalagent/1.1 (+https://developers.facebook.com/docs/sharing/webmasters/crawler)" 252 **0/252887**
136.243.220.212 - - [03/Mar/2026:10:04:50 -0700] "GET /play-web-based-poker-on-line-for-real-cash-in-us-50-free-spins-on-platoon-rtp-greatest-poker-sites-2025/ HTTP/1.1" 200 74072 "-" "Mozilla/5.0 (compatible; DataForSeoBot/1.0; +https://dataforseo.com/dataforseo-bot)" 330 **0/330164**
57.141.16.96 - - [03/Mar/2026:10:04:51 -0700] "GET /?p=148624 HTTP/1.1" 301 - "-" "meta-externalagent/1.1 (+https://developers.facebook.com/docs/sharing/webmasters/crawler)" 135 **0/135636**
136.243.220.212 - - [03/Mar/2026:10:04:54 -0700] "GET /internet-casino-canada-25-totally-free-no-deposit-expected/ HTTP/1.1" 200 73564 "-" "Mozilla/5.0 (compatible; DataForSeoBot/1.0; +https://dataforseo.com/dataforseo-bot)" 449 **0/449463**
43.173.180.47 - - [03/Mar/2026:10:04:56 -0700] "GET /brand-new-legal-betting-age-from-inside-the-missouri-utilizes-what-you-are-seeking-to-do/ HTTP/1.1" 200 78289 "-" "Mozilla/5.0 (Windows NT 10.0; Win64; x64) AppleWebKit/537.36 (KHTML, like Gecko) Chrome/133.0.0.0 Safari/537.36" 589 **0/589073**
136.243.220.212 - - [03/Mar/2026:10:04:58 -0700] "GET /50-of-jockey-pub-racecourses-voucher-codes-for-oct-2025-uk/ HTTP/1.1" 200 73398 "-" "Mozilla/5.0 (compatible; DataForSeoBot/1.0; +https://dataforseo.com/dataforseo-bot)" 294 **0/294468**
136.243.220.212 - - [03/Mar/2026:10:05:03 -0700] "GET /jedweder-infos-royalgame-casino-promos-zum-schnalzen-procedere/ HTTP/1.1" 200 73622 "-" "Mozilla/5.0 (compatible; DataForSeoBot/1.0; +https://dataforseo.com/dataforseo-bot)" 580 **0/580197**
43.173.179.205 - - [03/Mar/2026:10:05:03 -0700] "GET /mostbet-az-bukmeker-ve-kazino-mostbet-giri-rsmi-127-2/ HTTP/1.1" 200 79298 "-" "Mozilla/5.0 (Windows NT 10.0; Win64; x64) AppleWebKit/537.36 (KHTML, like Gecko) Chrome/109.0.0.0 Safari/537.36" 1700 **1/1700512**
136.243.220.212 - - [03/Mar/2026:10:05:06 -0700] "GET /altering-stories-ovids-metamorphoses-to-your-fabric-33-jason-medea-plus-the-golden-wool/ HTTP/1.1" 200 73760 "-" "Mozilla/5.0 (compatible; DataForSeoBot/1.0; +https://dataforseo.com/dataforseo-bot)" 456 **0/456121**
136.243.220.212 - - [03/Mar/2026:10:05:10 -0700] "GET /casino-games-slots-pixies-of-the-tree/ HTTP/1.1" 200 72893 "-" "Mozilla/5.0 (compatible; DataForSeoBot/1.0; +https://dataforseo.com/dataforseo-bot)" 340 **0/340325**
57.141.16.31 - - [03/Mar/2026:10:05:12 -0700] "GET /wp-json/wp/v2/posts/147605 HTTP/1.1" 200 10167 "-" "meta-externalagent/1.1 (+https://developers.facebook.com/docs/sharing/webmasters/crawler)" 120 **0/120371**
136.243.220.212 - - [03/Mar/2026:10:05:14 -0700] "GET /bloodstream-50-free-spins-book-of-ra-deluxe-online-no-download-suckers-position-totally-free-enjoy-inside-trial-setting/ HTTP/1.1" 200 73696 "-" "Mozilla/5.0 (compatible; DataForSeoBot/1.0; +https://dataforseo.com/dataforseo-bot)" 555 **0/555925**
17.246.15.152 - - [03/Mar/2026:10:05:15 -0700] "GET /whats-the-newest-spinquest-deposit-bonus/ HTTP/1.1" 200 78027 "-" "Mozilla/5.0 (Macintosh; Intel Mac OS X 10_15_7) AppleWebKit/605.1.15 (KHTML, like Gecko) Version/17.4 Safari/605.1.15 (Applebot/0.1; +http://www.apple.com/go/applebot)" 975 **0/975267**
57.141.16.27 - - [03/Mar/2026:10:05:17 -0700] "GET /wp-json/wp/v2/posts/148390 HTTP/1.1" 200 8077 "-" "meta-externalagent/1.1 (+https://developers.facebook.com/docs/sharing/webmasters/crawler)" 135 **0/135509**
57.141.16.24 - - [03/Mar/2026:10:05:17 -0700] "GET /solch-ein-feature-bietet-andere-abenteuer-ferner-nachfolgende-moglichkeit-angewandten-jahresabschluss-dahinter-maximieren/feed/ HTTP/1.1" 200 1109 "-" "meta-externalagent/1.1 (+https://developers.facebook.com/docs/sharing/webmasters/crawler)" 129 **0/129125**
136.243.220.212 - - [03/Mar/2026:10:05:18 -0700] "GET /best-indiana-sports-betting-incentives-discount-coupons-2025-6000-inside-the-offers/ HTTP/1.1" 200 73130 "-" "Mozilla/5.0 (compatible; DataForSeoBot/1.0; +https://dataforseo.com/dataforseo-bot)" 353 **0/353368**
57.141.16.35 - - [03/Mar/2026:10:05:19 -0700] "GET /?p=144602 HTTP/1.1" 301 - "-" "meta-externalagent/1.1 (+https://developers.facebook.com/docs/sharing/webmasters/crawler)" 134 **0/134885**
85.208.96.204 - - [03/Mar/2026:10:05:20 -0700] "GET /willkommensboni-eignen-der-wichtiger-kennzeichen-angewandten-person-bei-der-selektion-eines-angeschlossen-casinos-anerkennen-wird/ HTTP/1.1" 200 78970 "-" "Mozilla/5.0 (compatible; SemrushBot/7~bl; +http://www.semrush.com/bot.html)" 305 **0/305826**
136.243.220.212 - - [03/Mar/2026:10:05:22 -0700] "GET /ukash-approved-online-casinos-gambling-enterprises-bringing-ukash-deposits/ HTTP/1.1" 200 72813 "-" "Mozilla/5.0 (compatible; DataForSeoBot/1.0; +https://dataforseo.com/dataforseo-bot)" 306 **0/306203**
136.243.220.212 - - [03/Mar/2026:10:05:26 -0700] "GET /f1-plan-2024-certified-schedule-from-huge-prix-events/ HTTP/1.1" 200 73865 "-" "Mozilla/5.0 (compatible; DataForSeoBot/1.0; +https://dataforseo.com/dataforseo-bot)" 297 **0/297450**
136.243.220.212 - - [03/Mar/2026:10:05:31 -0700] "GET /book-of-ra-gratis-book-of-ra-deluxe-jackpot-edition-1-de-depot-le-chance-egyptienne-initiatique/ HTTP/1.1" 200 72728 "-" "Mozilla/5.0 (compatible; DataForSeoBot/1.0; +https://dataforseo.com/dataforseo-bot)" 306 **0/306059**
136.243.220.212 - - [03/Mar/2026:10:05:34 -0700] "GET /lll-tragamonedas-3d-regalado-tragaperras-3d-en-linea/ HTTP/1.1" 200 74105 "-" "Mozilla/5.0 (compatible; DataForSeoBot/1.0; +https://dataforseo.com/dataforseo-bot)" 297 **0/297704**
136.243.220.212 - - [03/Mar/2026:10:05:39 -0700] "GET /online-flash-games-pennsylvania-lotto/ HTTP/1.1" 200 73145 "-" "Mozilla/5.0 (compatible; DataForSeoBot/1.0; +https://dataforseo.com/dataforseo-bot)" 287 **0/287890**
136.243.220.212 - - [03/Mar/2026:10:05:42 -0700] "GET /spielsaal-echtgeld-10-ecu-as-part-of-ein-schweiz-2025-lamin-bejeweled-2-slot-ohne-einzahlungsbonus-kadie-bah-foundation/ HTTP/1.1" 200 72061 "-" "Mozilla/5.0 (compatible; DataForSeoBot/1.0; +https://dataforseo.com/dataforseo-bot)" 320 **0/320812**
17.241.227.222 - - [03/Mar/2026:10:05:46 -0700] "GET /jeetbuzz-casino-277/ HTTP/1.1" 200 82504 "-" "Mozilla/5.0 (Macintosh; Intel Mac OS X 10_15_7) AppleWebKit/605.1.15 (KHTML, like Gecko) Version/17.4 Safari/605.1.15 (Applebot/0.1; +http://www.apple.com/go/applebot)" 313 **0/313667**
136.243.220.212 - - [03/Mar/2026:10:05:46 -0700] "GET /enjoy-the-100-percent-free-position-games-by-gambino-position/ HTTP/1.1" 200 71971 "-" "Mozilla/5.0 (compatible; DataForSeoBot/1.0; +https://dataforseo.com/dataforseo-bot)" 305 **0/305798**
17.241.75.173 - - [03/Mar/2026:10:05:48 -0700] "GET /monsterwin-casino-2/ HTTP/1.1" 200 78389 "-" "Mozilla/5.0 (Macintosh; Intel Mac OS X 10_15_7) AppleWebKit/605.1.15 (KHTML, like Gecko) Version/17.4 Safari/605.1.15 (Applebot/0.1; +http://www.apple.com/go/applebot)" 275 **0/275600**
17.246.15.7 - - [03/Mar/2026:10:05:50 -0700] "GET /y-en-caso-de-que-tendri%ef%bf%bdas-alguna-pregunta-no-dudes-referente-a-asesorarse-modelos-preguntas-asiduos-sobre-malina-casino/ HTTP/1.1" 200 78300 "-" "Mozilla/5.0 (Macintosh; Intel Mac OS X 10_15_7) AppleWebKit/605.1.15 (KHTML, like Gecko) Version/17.4 Safari/605.1.15 (Applebot/0.1; +http://www.apple.com/go/applebot)" 267 **0/267732**
136.243.220.212 - - [03/Mar/2026:10:05:50 -0700] "GET /beste-echtgeld-verbunden-casinos-2025-traktandum-echtgeld-halloween-slot-free-spins-bonus/ HTTP/1.1" 200 72981 "-" "Mozilla/5.0 (compatible; DataForSeoBot/1.0; +https://dataforseo.com/dataforseo-bot)" 285 **0/285363**
136.243.220.212 - - [03/Mar/2026:10:05:54 -0700] "GET /spielsaal-provision-abzuglich-eye-of-horus-download-mega-jackpot-einzahlung-no-vorleistung-maklercourtage-2025/ HTTP/1.1" 200 73885 "-" "Mozilla/5.0 (compatible; DataForSeoBot/1.0; +https://dataforseo.com/dataforseo-bot)" 302 **0/302358**
68.178.232.37 - - [03/Mar/2026:10:05:57 -0700] "POST /wp-cron.php?doing_wp_cron=1772557557.0163440704345703125000 HTTP/1.1" 200 - "http://www.icdp.co.in/wp-cron.php?doing_wp_cron=1772557557.0163440704345703125000" "WordPress/5.7.8; http://www.icdp.co.in" 181 **0/181854**
57.141.16.12 - - [03/Mar/2026:10:05:56 -0700] "GET /wp-json/wp/v2/posts/147909 HTTP/1.1" 200 7730 "-" "meta-externalagent/1.1 (+https://developers.facebook.com/docs/sharing/webmasters/crawler)" 321 **0/321847**
136.243.220.212 - - [03/Mar/2026:10:05:59 -0700] "GET /maria-spilleban-free-spins-nogle-100-casino-stars-appopdatering-spins-pa-gemix-2-i-1-indskud/ HTTP/1.1" 200 72840 "-" "Mozilla/5.0 (compatible; DataForSeoBot/1.0; +https://dataforseo.com/dataforseo-bot)" 359 **0/359607**
57.141.16.39 - - [03/Mar/2026:10:06:02 -0700] "GET /?p=146001 HTTP/1.1" 301 - "-" "meta-externalagent/1.1 (+https://developers.facebook.com/docs/sharing/webmasters/crawler)" 181 **0/181329**
136.243.220.212 - - [03/Mar/2026:10:06:02 -0700] "GET /erst-als-nachstes-rechnet-umherwandern-ein-casino-maklercourtage-wirklich-so-durchweg/ HTTP/1.1" 200 72393 "-" "Mozilla/5.0 (compatible; DataForSeoBot/1.0; +https://dataforseo.com/dataforseo-bot)" 354 **0/354908**
57.141.16.83 - - [03/Mar/2026:10:06:03 -0700] "GET /?p=150962 HTTP/1.1" 301 - "-" "meta-externalagent/1.1 (+https://developers.facebook.com/docs/sharing/webmasters/crawler)" 145 **0/145459**
136.243.220.212 - - [03/Mar/2026:10:06:07 -0700] "GET /15-greatest-on-the-web-casino-jax-agent-login-blackjack-sites-2025-real-money-blackjack/ HTTP/1.1" 200 73414 "-" "Mozilla/5.0 (compatible; DataForSeoBot/1.0; +https://dataforseo.com/dataforseo-bot)" 300 **0/300197**
57.141.16.17 - - [03/Mar/2026:10:06:07 -0700] "GET /wp-json/oembed/1.0/embed?url=http%3A%2F%2Fwww.icdp.co.in%2Fcontrolez-le-catalogue-de-jeux-sauf-que-en-compagnie-de-collegues%2F HTTP/1.1" 200 2499 "-" "meta-externalagent/1.1 (+https://developers.facebook.com/docs/sharing/webmasters/crawler)" 129 **0/129409**
136.243.220.212 - - [03/Mar/2026:10:06:11 -0700] "GET /internet-casino-no-deposit-extra-requirements-october-2025/ HTTP/1.1" 200 72904 "-" "Mozilla/5.0 (compatible; DataForSeoBot/1.0; +https://dataforseo.com/dataforseo-bot)" 310 **0/310029**
136.243.220.212 - - [03/Mar/2026:10:06:14 -0700] "GET /mostbet-brasil-site-formal-inscricao-bonus-15-000r-entrar-2/ HTTP/1.1" 200 81803 "-" "Mozilla/5.0 (compatible; DataForSeoBot/1.0; +https://dataforseo.com/dataforseo-bot)" 366 **0/366236**
136.243.220.212 - - [03/Mar/2026:10:06:19 -0700] "GET /bonos-joviales-tiradas-gratuito-falto-tanque-referente-a-casinos-en-internet/ HTTP/1.1" 200 73396 "-" "Mozilla/5.0 (compatible; DataForSeoBot/1.0; +https://dataforseo.com/dataforseo-bot)" 274 **0/274695**
136.243.220.212 - - [03/Mar/2026:10:06:23 -0700] "GET /22bet-promo-code-2025-100-match-upwards-to-450/ HTTP/1.1" 200 74311 "-" "Mozilla/5.0 (compatible; DataForSeoBot/1.0; +https://dataforseo.com/dataforseo-bot)" 285 **0/285912**
51.195.215.157 - - [03/Mar/2026:10:06:24 -0700] "GET /beetle-mania-deluxe-macht-wohlgefallen-angeschlossen-vortragen-kostenlos/ HTTP/1.1" 200 73258 "-" "Mozilla/5.0 (compatible; AhrefsBot/7.0; +http://ahrefs.com/robot/)" 281 **0/281553**
136.243.220.212 - - [03/Mar/2026:10:06:26 -0700] "GET /best-real-time-no-deposit-bonus-real-money-agent-blackjack-online-casinos-inside-us/ HTTP/1.1" 200 73859 "-" "Mozilla/5.0 (compatible; DataForSeoBot/1.0; +https://dataforseo.com/dataforseo-bot)" 298 **0/298002**
136.243.220.212 - - [03/Mar/2026:10:06:31 -0700] "GET /diese-gnome-1-pfand-bestes-online-casino-power-stars-legal-slots-zum-spielen-besten-onlineanbieter-top-qualitat-and-sichere-casinos-2025/ HTTP/1.1" 200 73995 "-" "Mozilla/5.0 (compatible; DataForSeoBot/1.0; +https://dataforseo.com/dataforseo-bot)" 309 **0/309406**
170.106.193.108 - - [03/Mar/2026:10:06:33 -0700] "GET / HTTP/1.1" 301 - "-" "Mozilla/5.0 (iPhone; CPU iPhone OS 13_2_3 like Mac OS X) AppleWebKit/605.1.15 (KHTML, like Gecko) Version/13.0.3 Mobile/15E148 Safari/604.1" 133 **0/133055**
136.243.220.212 - - [03/Mar/2026:10:06:34 -0700] "GET /oficialnyj-sajt-registracija-i-vhod-v-rabochee/ HTTP/1.1" 200 72804 "-" "Mozilla/5.0 (compatible; DataForSeoBot/1.0; +https://dataforseo.com/dataforseo-bot)" 269 **0/269767**
170.106.193.108 - - [03/Mar/2026:10:06:34 -0700] "GET / HTTP/1.1" 200 9528 "http://icdp.co.in" "Mozilla/5.0 (iPhone; CPU iPhone OS 13_2_3 like Mac OS X) AppleWebKit/605.1.15 (KHTML, like Gecko) Version/13.0.3 Mobile/15E148 Safari/604.1" 209 **0/209913**
57.141.16.71 - - [03/Mar/2026:10:06:34 -0700] "GET /wp-json/oembed/1.0/embed?url=http%3A%2F%2Fwww.icdp.co.in%2Ftriple-diamond-position-gamble-free-demonstration-online%2F HTTP/1.1" 200 2445 "-" "meta-externalagent/1.1 (+https://developers.facebook.com/docs/sharing/webmasters/crawler)" 124 **0/124761**
43.173.176.214 - - [03/Mar/2026:10:06:36 -0700] "GET /apostas-desportivas-internet-site-de-apostas-vave-online-bonus/ HTTP/1.1" 200 86711 "-" "Mozilla/5.0 (Windows NT 10.0; Win64; x64) AppleWebKit/537.36 (KHTML, like Gecko) Chrome/133.0.0.0 Safari/537.36" 772 **0/772066**
43.173.173.192 - - [03/Mar/2026:10:06:36 -0700] "GET /to-enhance-successful-chances-when-you-look-at-the-online-craps-focus-on-gaming-towards-violation-usually-do-not-citation-been-and-dont-started-selection/ HTTP/1.1" 200 78135 "-" "Mozilla/5.0 (Windows NT 10.0; Win64; x64) AppleWebKit/537.36 (KHTML, like Gecko) Chrome/105.0.0.0 Safari/537.3" 837 **0/837998**
136.243.220.212 - - [03/Mar/2026:10:06:38 -0700] "GET /spielbank-promo-codes-beste-nein-einzahlung-cobber-casino-2025-abzuglich-einzahlung-bestandskunden-2025/ HTTP/1.1" 200 73180 "-" "Mozilla/5.0 (compatible; DataForSeoBot/1.0; +https://dataforseo.com/dataforseo-bot)" 295 **0/295564**
136.243.220.212 - - [03/Mar/2026:10:06:42 -0700] "GET /profitable-possibility-out-of-forty-years-out-of-pony-race/ HTTP/1.1" 200 73485 "-" "Mozilla/5.0 (compatible; DataForSeoBot/1.0; +https://dataforseo.com/dataforseo-bot)" 1109 **1/1109331**
46.8.57.209 - - [03/Mar/2026:10:06:42 -0700] "GET /kupit-diplom-jurista-bez-predoplaty-sovety-i/ HTTP/1.0" 200 71714 "-" "Mozilla/5.0 (Windows NT 10.0; WOW64) AppleWebKit/537.36 (KHTML, like Gecko) Chrome/114.0.0.0 Safari/537.36 Vivaldi/5.3.2679.68" 922 **0/922062**
46.8.155.22 - - [03/Mar/2026:10:06:45 -0700] "GET /registracija-na-get-iks-kazino-polnoe-rukovodstvo-2/ HTTP/1.1" 200 73553 "-" "Mozilla/5.0 (Windows NT 10.0; WOW64) AppleWebKit/537.36 (KHTML, like Gecko) Chrome/114.0.0.0 Safari/537.36 Vivaldi/5.3.2679.68" 292 **0/292408**
136.243.220.212 - - [03/Mar/2026:10:06:46 -0700] "GET /best-campaigns-to-own-united-states-of-america-players/ HTTP/1.1" 200 71655 "-" "Mozilla/5.0 (compatible; DataForSeoBot/1.0; +https://dataforseo.com/dataforseo-bot)" 355 **0/355168**
136.243.220.212 - - [03/Mar/2026:10:06:50 -0700] "GET /beliebteste-casinos-tagesordnungspunkt-spielcasino-spinbara-spielsalon-bevorzugung-der-spieler-lemon-spielbank-diese-liebling-bison-spielcasino-provision/ HTTP/1.1" 200 72044 "-" "Mozilla/5.0 (compatible; DataForSeoBot/1.0; +https://dataforseo.com/dataforseo-bot)" 303 **0/303549**
136.243.220.212 - - [03/Mar/2026:10:06:54 -0700] "GET /single-deck-blackjack-elite-series-reduced-restrict-from-netent-rudolphs-revenge-5-deposit-2016/ HTTP/1.1" 200 72816 "-" "Mozilla/5.0 (compatible; DataForSeoBot/1.0; +https://dataforseo.com/dataforseo-bot)" 357 **0/357046**
136.243.220.212 - - [03/Mar/2026:10:06:58 -0700] "GET /play-ninja-implies-position-on-the-internet-the-real-deal-money-or-free-join-now/ HTTP/1.1" 200 73264 "-" "Mozilla/5.0 (compatible; DataForSeoBot/1.0; +https://dataforseo.com/dataforseo-bot)" 778 **0/778802**
43.173.179.209 - - [03/Mar/2026:10:06:58 -0700] "GET /galapagos-beach-caxino-casino-casino-no-deposit-bonus-lifetime-video-slot-islands-position-large-rtp-grand-jackpot/ HTTP/1.1" 200 79301 "-" "Mozilla/5.0 (Windows NT 10.0; Win64; x64) AppleWebKit/537.36 (KHTML, like Gecko) Chrome/120.0.0.0 Safari/537.36" 1138 **1/1138881**
136.243.220.212 - - [03/Mar/2026:10:07:02 -0700] "GET /welches-spielcasino-chapeau-die-eine-gute-spielauswahl-mit-den-unterschiedlichsten-spielbank-spielautomaten-von-etlichen-softwareanbietern/ HTTP/1.1" 200 73658 "-" "Mozilla/5.0 (compatible; DataForSeoBot/1.0; +https://dataforseo.com/dataforseo-bot)" 429 **0/429583**
136.243.220.212 - - [03/Mar/2026:10:07:06 -0700] "GET /juegos-sobre-ruleta-gratuito-en-internet/ HTTP/1.1" 200 72596 "-" "Mozilla/5.0 (compatible; DataForSeoBot/1.0; +https://dataforseo.com/dataforseo-bot)" 365 **0/365386**
136.243.220.212 - - [03/Mar/2026:10:07:11 -0700] "GET /the-future-of-online-gaming-with-jackpotcity-best-online-casino-ontario/ HTTP/1.1" 200 71796 "-" "Mozilla/5.0 (compatible; DataForSeoBot/1.0; +https://dataforseo.com/dataforseo-bot)" 285 **0/285515**
57.141.16.47 - - [03/Mar/2026:10:07:14 -0700] "GET /wp-json/wp/v2/posts/150569 HTTP/1.1" 200 8368 "-" "meta-externalagent/1.1 (+https://developers.facebook.com/docs/sharing/webmasters/crawler)" 128 **0/128690**
136.243.220.212 - - [03/Mar/2026:10:07:14 -0700] "GET /cricket-leagues-inside-asia/ HTTP/1.1" 200 73199 "-" "Mozilla/5.0 (compatible; DataForSeoBot/1.0; +https://dataforseo.com/dataforseo-bot)" 298 **0/298282**
136.243.220.212 - - [03/Mar/2026:10:07:18 -0700] "GET /die-besten-gebrauchtwagen-verkaufsportale-mr-bet-sign-up-bonus-2025-traktandum-20-inoffizieller-mitarbeiter-vergleich/ HTTP/1.1" 200 73476 "-" "Mozilla/5.0 (compatible; DataForSeoBot/1.0; +https://dataforseo.com/dataforseo-bot)" 285 **0/285424**
136.243.220.212 - - [03/Mar/2026:10:07:22 -0700] "GET /online-three-dimensional-slot-machines-play-today-on-the-web/ HTTP/1.1" 200 72032 "-" "Mozilla/5.0 (compatible; DataForSeoBot/1.0; +https://dataforseo.com/dataforseo-bot)" 277 **0/277340**
