136.243.220.212 - - [03/Mar/2026:09:42:12 -0700] "GET /greatest-casinos-on-the-internet-inside-2025-real-cash-web-sites-bonuses/ HTTP/1.1" 200 72812 "-" "Mozilla/5.0 (compatible; DataForSeoBot/1.0; +https://dataforseo.com/dataforseo-bot)" 349 **0/349588**
136.243.220.212 - - [03/Mar/2026:09:42:16 -0700] "GET /sunshine-wukongs-greatest-task-from-energy-an-allegory-to-own-cultural-or-religious-disagreement/ HTTP/1.1" 200 73269 "-" "Mozilla/5.0 (compatible; DataForSeoBot/1.0; +https://dataforseo.com/dataforseo-bot)" 318 **0/318958**
136.243.220.212 - - [03/Mar/2026:09:42:21 -0700] "GET /studying-10-gamble-electronic-poker-tips-and-you-will-how-long-does-it-take-to-get-money-from-vulkanvegas-casino-tips/ HTTP/1.1" 200 73904 "-" "Mozilla/5.0 (compatible; DataForSeoBot/1.0; +https://dataforseo.com/dataforseo-bot)" 342 **0/342832**
136.243.220.212 - - [03/Mar/2026:09:42:24 -0700] "GET /better-keno-online-flash-games-2025-play-for-real-cash/ HTTP/1.1" 200 71917 "-" "Mozilla/5.0 (compatible; DataForSeoBot/1.0; +https://dataforseo.com/dataforseo-bot)" 322 **0/322376**
136.243.220.212 - - [03/Mar/2026:09:42:28 -0700] "GET /choy-sunrays-doa-slot-machine-game-play-choy-sunrays-doa-slot-machines-multiple-4-rows-position-for-free/ HTTP/1.1" 200 72211 "-" "Mozilla/5.0 (compatible; DataForSeoBot/1.0; +https://dataforseo.com/dataforseo-bot)" 330 **0/330677**
136.243.220.212 - - [03/Mar/2026:09:42:32 -0700] "GET /big-bang-spin-palace-casino-cash-transfer-buckaroo/ HTTP/1.1" 200 72927 "-" "Mozilla/5.0 (compatible; DataForSeoBot/1.0; +https://dataforseo.com/dataforseo-bot)" 345 **0/345580**
136.243.220.212 - - [03/Mar/2026:09:42:36 -0700] "GET /greatest-on-the-web-roulette-websites-sunmaker-casino-united-states-of-america-enjoy-roulette-on-the-web/ HTTP/1.1" 200 73974 "-" "Mozilla/5.0 (compatible; DataForSeoBot/1.0; +https://dataforseo.com/dataforseo-bot)" 350 **0/350150**
136.243.220.212 - - [03/Mar/2026:09:42:41 -0700] "GET /lost-island-slot-demo-regalado-e-soldi-veri/ HTTP/1.1" 200 72948 "-" "Mozilla/5.0 (compatible; DataForSeoBot/1.0; +https://dataforseo.com/dataforseo-bot)" 338 **0/338399**
136.243.220.212 - - [03/Mar/2026:09:42:44 -0700] "GET /carnival-heaven-promenade-patio-9-plan/ HTTP/1.1" 200 72809 "-" "Mozilla/5.0 (compatible; DataForSeoBot/1.0; +https://dataforseo.com/dataforseo-bot)" 332 **0/332325**
57.141.16.3 - - [03/Mar/2026:09:42:47 -0700] "GET /it-wont-be-reports-to-help-you-anyone-that-bitstarz-casino-possess-some-good-games/feed/ HTTP/1.1" 200 998 "-" "meta-externalagent/1.1 (+https://developers.facebook.com/docs/sharing/webmasters/crawler)" 138 **0/138331**
136.243.220.212 - - [03/Mar/2026:09:42:49 -0700] "GET /casinoer-inden-for-danmark-i-kraft-dracula-casino-af-casino-afkastning-plu-free-spins/ HTTP/1.1" 200 71504 "-" "Mozilla/5.0 (compatible; DataForSeoBot/1.0; +https://dataforseo.com/dataforseo-bot)" 339 **0/339400**
136.243.220.212 - - [03/Mar/2026:09:42:52 -0700] "GET /welches-protzigste-spielbank-ihr-ort-war-sekundar-ihr-beste-location-um-gunstgewerblerin-groe-selektion-angeschaltet-tischspielen/ HTTP/1.1" 200 72301 "-" "Mozilla/5.0 (compatible; DataForSeoBot/1.0; +https://dataforseo.com/dataforseo-bot)" 345 **0/345954**
68.178.232.37 - - [03/Mar/2026:09:42:56 -0700] "POST /wp-cron.php?doing_wp_cron=1772556176.7030770778656005859375 HTTP/1.1" 200 - "http://www.icdp.co.in/wp-cron.php?doing_wp_cron=1772556176.7030770778656005859375" "WordPress/5.7.8; http://www.icdp.co.in" 197 **0/197465**
136.243.220.212 - - [03/Mar/2026:09:42:56 -0700] "GET /angeschlossen-quizshow-so-weit-wie-1-000-fur-jedes-durchlauf-gewinnen-wird-unser-vorstellbar/ HTTP/1.1" 200 74298 "-" "Mozilla/5.0 (compatible; DataForSeoBot/1.0; +https://dataforseo.com/dataforseo-bot)" 610 **0/610606**
136.243.220.212 - - [03/Mar/2026:09:43:01 -0700] "GET /the-basics-of-gambling-royalgame-online-login-establishment-baccarat-pro-series-higher-limitation-on-the-internet-particular-great-benefits-out-of-maestro-for-using-on-the-on-the-internet-gambling-ent/ HTTP/1.1" 200 74240 "-" "Mozilla/5.0 (compatible; DataForSeoBot/1.0; +https://dataforseo.com/dataforseo-bot)" 520 **0/520497**
136.243.220.212 - - [03/Mar/2026:09:43:05 -0700] "GET /spilleautomater-tilslutte-2024-the-dark-knight-rises-online-slot-skuespil-vederlagsfri-idag/ HTTP/1.1" 200 72872 "-" "Mozilla/5.0 (compatible; DataForSeoBot/1.0; +https://dataforseo.com/dataforseo-bot)" 304 **0/304388**
136.243.220.212 - - [03/Mar/2026:09:43:08 -0700] "GET /enjoy-online-blackjack-keno-games-no-deposit-100-percent-free-gambling-establishment-added-bonus-requirements/ HTTP/1.1" 200 72091 "-" "Mozilla/5.0 (compatible; DataForSeoBot/1.0; +https://dataforseo.com/dataforseo-bot)" 341 **0/341450**
136.243.220.212 - - [03/Mar/2026:09:43:12 -0700] "GET /best-live-casinos-2025-primebetz-casino-promo-codes-2025-better-real-time-broker-web-based-casinos/ HTTP/1.1" 200 74175 "-" "Mozilla/5.0 (compatible; DataForSeoBot/1.0; +https://dataforseo.com/dataforseo-bot)" 348 **0/348398**
136.243.220.212 - - [03/Mar/2026:09:43:16 -0700] "GET /bells-spicy-jackpots-bonus-code-today-on-fire/ HTTP/1.1" 200 73972 "-" "Mozilla/5.0 (compatible; DataForSeoBot/1.0; +https://dataforseo.com/dataforseo-bot)" 341 **0/341367**
17.241.219.94 - - [03/Mar/2026:09:43:18 -0700] "GET /deine-erreichbar-spielholle-colossal-gems-1-kaution-within-deutschland/ HTTP/1.1" 200 79599 "-" "Mozilla/5.0 (Macintosh; Intel Mac OS X 10_15_7) AppleWebKit/605.1.15 (KHTML, like Gecko) Version/17.4 Safari/605.1.15 (Applebot/0.1; +http://www.apple.com/go/applebot)" 330 **0/330682**
57.141.16.3 - - [03/Mar/2026:09:43:18 -0700] "GET /?p=145813 HTTP/1.1" 301 - "-" "meta-externalagent/1.1 (+https://developers.facebook.com/docs/sharing/webmasters/crawler)" 186 **0/186309**
136.243.220.212 - - [03/Mar/2026:09:43:20 -0700] "GET /very-twice-bonus-poker-100-1-free-with-10x-multiplier-no-deposit-percent-free-online-game-with-method-coach/ HTTP/1.1" 200 73822 "-" "Mozilla/5.0 (compatible; DataForSeoBot/1.0; +https://dataforseo.com/dataforseo-bot)" 322 **0/322474**
136.243.220.212 - - [03/Mar/2026:09:43:24 -0700] "GET /discover-the-buddhist-symbols-to-own-comfort-love-good-luck-and-a-lot-more/ HTTP/1.1" 200 73012 "-" "Mozilla/5.0 (compatible; DataForSeoBot/1.0; +https://dataforseo.com/dataforseo-bot)" 341 **0/341199**
51.195.183.36 - - [03/Mar/2026:09:43:27 -0700] "GET /gamblezen-gambling-enterprise-provides-a-personal-sixty-totally-free-spins-no-deposit-bonus/ HTTP/1.1" 200 73993 "-" "Mozilla/5.0 (compatible; AhrefsBot/7.0; +http://ahrefs.com/robot/)" 424 **0/424896**
136.243.220.212 - - [03/Mar/2026:09:43:28 -0700] "GET /house-of-fun-casino-dunder-login-fur-nusse-vortragen-2025/ HTTP/1.1" 200 73828 "-" "Mozilla/5.0 (compatible; DataForSeoBot/1.0; +https://dataforseo.com/dataforseo-bot)" 429 **0/429160**
57.141.16.47 - - [03/Mar/2026:09:43:31 -0700] "GET /wp-json/wp/v2/posts/146621 HTTP/1.1" 200 7753 "-" "meta-externalagent/1.1 (+https://developers.facebook.com/docs/sharing/webmasters/crawler)" 152 **0/152404**
136.243.220.212 - - [03/Mar/2026:09:43:32 -0700] "GET /acerca-de-como-participar-alrededor-poker-en-internet-de-balde-los-cinco-excelentes-opciones/ HTTP/1.1" 200 73383 "-" "Mozilla/5.0 (compatible; DataForSeoBot/1.0; +https://dataforseo.com/dataforseo-bot)" 362 **0/362005**
57.141.16.36 - - [03/Mar/2026:09:43:34 -0700] "GET /whats-a-no-deposit-extra-and-how-does-it-functions/feed/ HTTP/1.1" 200 903 "-" "meta-externalagent/1.1 (+https://developers.facebook.com/docs/sharing/webmasters/crawler)" 134 **0/134085**
136.243.220.212 - - [03/Mar/2026:09:43:36 -0700] "GET /wild-birds-position-play-is-alice-wonderluck-game-real-demo-otherwise-get-added-bonus-as-much-as-9500/ HTTP/1.1" 200 73660 "-" "Mozilla/5.0 (compatible; DataForSeoBot/1.0; +https://dataforseo.com/dataforseo-bot)" 366 **0/366343**
216.244.66.241 - - [03/Mar/2026:09:43:37 -0700] "GET /aqui-posees-un-listado-de-los-mejores-casinos-cual-tienen-bonos-desprovisto-tanque/ HTTP/1.1" 200 342471 "-" "Mozilla/5.0 (compatible; DotBot/1.2; +https://opensiteexplorer.org/dotbot; help@moz.com)" 311 **0/311811**
136.243.220.212 - - [03/Mar/2026:09:43:40 -0700] "GET /finest-on-line-casino-incentive-offers-2025-claim-your-own-free-incentives/ HTTP/1.1" 200 72502 "-" "Mozilla/5.0 (compatible; DataForSeoBot/1.0; +https://dataforseo.com/dataforseo-bot)" 338 **0/338842**
136.243.220.212 - - [03/Mar/2026:09:43:44 -0700] "GET /5-place-to-try-out-la-cucaracha-step-1-gambling-establishment-stargames-mobile-deposit-business-added-bonus-finest-smaller-money-also-provides-to-possess-2025/ HTTP/1.1" 200 72388 "-" "Mozilla/5.0 (compatible; DataForSeoBot/1.0; +https://dataforseo.com/dataforseo-bot)" 318 **0/318314**
136.243.220.212 - - [03/Mar/2026:09:43:48 -0700] "GET /finest-keno-casino-internet-sites-in-the-united-kingdom-for-2025/ HTTP/1.1" 200 72054 "-" "Mozilla/5.0 (compatible; DataForSeoBot/1.0; +https://dataforseo.com/dataforseo-bot)" 281 **0/281073**
57.141.16.3 - - [03/Mar/2026:09:43:52 -0700] "GET /?p=148353 HTTP/1.1" 301 - "-" "meta-externalagent/1.1 (+https://developers.facebook.com/docs/sharing/webmasters/crawler)" 139 **0/139769**
136.243.220.212 - - [03/Mar/2026:09:43:52 -0700] "GET /komme-sammen-med-ice-casino-inden-for-dannevan-vederlagsfri-spins-guns-n-roses-slot-eller-ingen-indbetalingsbonus/ HTTP/1.1" 200 72963 "-" "Mozilla/5.0 (compatible; DataForSeoBot/1.0; +https://dataforseo.com/dataforseo-bot)" 371 **0/371728**
68.178.232.37 - - [03/Mar/2026:09:43:56 -0700] "POST /wp-cron.php?doing_wp_cron=1772556236.8798289299011230468750 HTTP/1.1" 200 - "http://www.icdp.co.in/wp-cron.php?doing_wp_cron=1772556236.8798289299011230468750" "WordPress/5.7.8; http://www.icdp.co.in" 240 **0/240510**
136.243.220.212 - - [03/Mar/2026:09:43:56 -0700] "GET /rollino-casino-no-deposit-bonuses-50-free-spins-guide-of-books/ HTTP/1.1" 200 72044 "-" "Mozilla/5.0 (compatible; DataForSeoBot/1.0; +https://dataforseo.com/dataforseo-bot)" 600 **0/600817**
136.243.220.212 - - [03/Mar/2026:09:44:00 -0700] "GET /hazard-high-voltage-trial-enjoy-100-percent-free-slots-during-the-higher-com/ HTTP/1.1" 200 72060 "-" "Mozilla/5.0 (compatible; DataForSeoBot/1.0; +https://dataforseo.com/dataforseo-bot)" 391 **0/391990**
136.243.220.212 - - [03/Mar/2026:09:44:04 -0700] "GET /unser-besten-book-of-wings-of-golden-150-kostenlose-spins-bewertungen-ra-alternativen-2024-glamping-pods-as-part-of-eigenheim-north-cornwall/ HTTP/1.1" 200 73055 "-" "Mozilla/5.0 (compatible; DataForSeoBot/1.0; +https://dataforseo.com/dataforseo-bot)" 338 **0/338959**
57.141.16.81 - - [03/Mar/2026:09:44:05 -0700] "GET /win-to-150-no-deposit-100-free-spins-during-the-cash-arcade/feed/ HTTP/1.1" 200 924 "-" "meta-externalagent/1.1 (+https://developers.facebook.com/docs/sharing/webmasters/crawler)" 184 **0/184453**
136.243.220.212 - - [03/Mar/2026:09:44:08 -0700] "GET /trucchi-slot-wintoto-casino-online-machine-sistema-dei-100-giri-di-nuovo-prossimo/ HTTP/1.1" 200 72591 "-" "Mozilla/5.0 (compatible; DataForSeoBot/1.0; +https://dataforseo.com/dataforseo-bot)" 381 **0/381786**
136.243.220.212 - - [03/Mar/2026:09:44:12 -0700] "GET /enjoy-thors-hammer-struck-free-of-charge/ HTTP/1.1" 200 72282 "-" "Mozilla/5.0 (compatible; DataForSeoBot/1.0; +https://dataforseo.com/dataforseo-bot)" 335 **0/335085**
136.243.220.212 - - [03/Mar/2026:09:44:16 -0700] "GET /casino-unibet-online-casino-maklercourtage-abzuglich-einzahlung-2025-sofort-fortschrittlich/ HTTP/1.1" 200 73074 "-" "Mozilla/5.0 (compatible; DataForSeoBot/1.0; +https://dataforseo.com/dataforseo-bot)" 308 **0/308815**
136.243.220.212 - - [03/Mar/2026:09:44:20 -0700] "GET /number-1-place-to-try-out-blackjack-in-double-bubble-slot-demo-casino-slots-the-las-vegas-revealed/ HTTP/1.1" 200 74042 "-" "Mozilla/5.0 (compatible; DataForSeoBot/1.0; +https://dataforseo.com/dataforseo-bot)" 353 **0/353319**
216.244.66.241 - - [03/Mar/2026:09:44:23 -0700] "GET /before-signing-right-up-look-into-the-better-ranked-gambling-enterprise-apps-providing-100-free-revolves-for-brand-new-participants/ HTTP/1.1" 200 342978 "-" "Mozilla/5.0 (compatible; DotBot/1.2; +https://opensiteexplorer.org/dotbot; help@moz.com)" 285 **0/285542**
17.241.219.116 - - [03/Mar/2026:09:44:24 -0700] "GET /we-are-going-to-never-email-address-otherwise-chat-both-you-and-request-your-own-password/ HTTP/1.1" 200 78316 "-" "Mozilla/5.0 (Macintosh; Intel Mac OS X 10_15_7) AppleWebKit/605.1.15 (KHTML, like Gecko) Version/17.4 Safari/605.1.15 (Applebot/0.1; +http://www.apple.com/go/applebot)" 296 **0/296239**
136.243.220.212 - - [03/Mar/2026:09:44:24 -0700] "GET /enjoy-jack-as-well-as-the-beanstalk-slot-100-percent-free-approach-book/ HTTP/1.1" 200 71938 "-" "Mozilla/5.0 (compatible; DataForSeoBot/1.0; +https://dataforseo.com/dataforseo-bot)" 345 **0/345234**
57.141.16.5 - - [03/Mar/2026:09:44:25 -0700] "GET /wp-json/oembed/1.0/embed?url=http%3A%2F%2Fwww.icdp.co.in%2Fexplora-nuestro-de-mas-grande-lugar-sobre-informacion-de-casinos-online%2F HTTP/1.1" 200 2520 "-" "meta-externalagent/1.1 (+https://developers.facebook.com/docs/sharing/webmasters/crawler)" 164 **0/164205**
57.141.16.53 - - [03/Mar/2026:09:44:28 -0700] "GET /?p=145119 HTTP/1.1" 301 - "-" "meta-externalagent/1.1 (+https://developers.facebook.com/docs/sharing/webmasters/crawler)" 155 **0/155422**
136.243.220.212 - - [03/Mar/2026:09:44:28 -0700] "GET /finest-5-deposit-play-sevens-and-bars-rtp-casinos-for-canadians-inside-2025/ HTTP/1.1" 200 74130 "-" "Mozilla/5.0 (compatible; DataForSeoBot/1.0; +https://dataforseo.com/dataforseo-bot)" 326 **0/326230**
57.141.16.100 - - [03/Mar/2026:09:44:30 -0700] "GET /wp-json/oembed/1.0/embed?url=http%3A%2F%2Fwww.icdp.co.in%2Fde-que-manera-ganar-dinero-conveniente-referente-a-casinos-como-novedad-con-el-pasar-del-tiempo-bono-sin-tanque%2F HTTP/1.1" 200 2720 "-" "meta-externalagent/1.1 (+https://developers.facebook.com/docs/sharing/webmasters/crawler)" 160 **0/160198**
136.243.220.212 - - [03/Mar/2026:09:44:32 -0700] "GET /delight-in-no-deposit-incentives-to-your-guide-away-from-lifeless-slot-game/ HTTP/1.1" 200 70816 "-" "Mozilla/5.0 (compatible; DataForSeoBot/1.0; +https://dataforseo.com/dataforseo-bot)" 342 **0/342728**
136.243.220.212 - - [03/Mar/2026:09:44:36 -0700] "GET /check-out-the-brand-new-love-motorboat-12-months-7-episode-16-the-brand-new-dollar-finishes-here-to-own-better-otherwise-even-worse-wager-on-they-online-today/ HTTP/1.1" 200 72804 "-" "Mozilla/5.0 (compatible; DataForSeoBot/1.0; +https://dataforseo.com/dataforseo-bot)" 288 **0/288424**
136.243.220.212 - - [03/Mar/2026:09:44:40 -0700] "GET /totally-free-spins-playtech-slot-machine-real-money-on-the-book-out-of-lifeless-slot-gambling-enterprises-that-have-publication-away-from-dead-spins/ HTTP/1.1" 200 73956 "-" "Mozilla/5.0 (compatible; DataForSeoBot/1.0; +https://dataforseo.com/dataforseo-bot)" 352 **0/352730**
57.141.16.3 - - [03/Mar/2026:09:44:40 -0700] "GET /wp-json/oembed/1.0/embed?url=http%3A%2F%2Fwww.icdp.co.in%2Fmost-of-the-casinos-in-this-post-accept-united-states-receive-users-and-you-may-usd-because-a-financial-and-you-will-enjoy-currency%2F HTTP/1.1" 200 2820 "-" "meta-externalagent/1.1 (+https://developers.facebook.com/docs/sharing/webmasters/crawler)" 145 **0/145392**
136.243.220.212 - - [03/Mar/2026:09:44:44 -0700] "GET /play-higher-fantastic-lion-totally-free-from-the-harbors-of-las-vegas/ HTTP/1.1" 200 71972 "-" "Mozilla/5.0 (compatible; DataForSeoBot/1.0; +https://dataforseo.com/dataforseo-bot)" 298 **0/298747**
85.208.96.195 - - [03/Mar/2026:09:44:44 -0700] "GET /omegle/ HTTP/1.1" 200 81554 "-" "Mozilla/5.0 (compatible; SemrushBot/7~bl; +http://www.semrush.com/bot.html)" 290 **0/290611**
216.244.66.241 - - [03/Mar/2026:09:44:46 -0700] "GET /entsprechend-spielt-man-das-mittel-der-wahl-mit-einem-one-hundred-thousand%EF%BF%BD-bonus-abzuglich-einzahlung/ HTTP/1.1" 200 348210 "-" "Mozilla/5.0 (compatible; DotBot/1.2; +https://opensiteexplorer.org/dotbot; help@moz.com)" 288 **0/288327**
81.25.174.85 - - [03/Mar/2026:09:44:47 -0700] "GET /robots.txt HTTP/1.1" 200 114 "-" "Mozilla/5.0 (compatible; MJ12bot/v1.4.8; http://mj12bot.com/)" 301 **0/301713**
136.243.220.212 - - [03/Mar/2026:09:44:48 -0700] "GET /greatest-best-online-casino-real-cash-blackjack-websites-2025/ HTTP/1.1" 200 72458 "-" "Mozilla/5.0 (compatible; DataForSeoBot/1.0; +https://dataforseo.com/dataforseo-bot)" 339 **0/339709**
81.25.174.85 - - [03/Mar/2026:09:44:49 -0700] "GET /%CE%B1%CE%BC%CE%AD%CF%83%CF%89%CF%82-%CE%BC%CE%B5%CF%84%CE%AC-%CF%84%CE%B9%CF%82-%CE%BD%CF%8D%CF%87%CF%84%CE%B5%CF%82-%CF%80%CE%AD%CF%86%CF%84%CE%B5%CE%B9-%CF%84%CE%BF-%CE%BB%CE%B9%CE%BC%CE%AC%CE%BD/ HTTP/1.1" 200 72171 "-" "Mozilla/5.0 (compatible; MJ12bot/v1.4.8; http://mj12bot.com/)" 331 **0/331132**
85.208.96.198 - - [03/Mar/2026:09:44:50 -0700] "GET /bcgaming-195/ HTTP/1.1" 200 84625 "-" "Mozilla/5.0 (compatible; SemrushBot/7~bl; +http://www.semrush.com/bot.html)" 289 **0/289943**
81.25.174.85 - - [03/Mar/2026:09:44:51 -0700] "GET /%CE%BA%CE%BF%CF%85%CE%BB%CE%BF%CF%87%CE%AD%CF%81%CE%B7%CF%82-bye-bye-spy-man-100-%CE%B4%CF%89%CF%81%CE%B5%CE%AC%CE%BD-%CE%B4%CE%BF%CE%BA%CE%B9%CE%BC%CE%AE-%CE%B1%CE%BE%CE%B9%CE%BF%CE%BB%CF%8C%CE%B3/ HTTP/1.1" 200 73374 "-" "Mozilla/5.0 (compatible; MJ12bot/v1.4.8; http://mj12bot.com/)" 323 **0/323639**
136.243.220.212 - - [03/Mar/2026:09:44:53 -0700] "GET /dining-table-online-biggest-no-deposit-primebetz-game/ HTTP/1.1" 200 74140 "-" "Mozilla/5.0 (compatible; DataForSeoBot/1.0; +https://dataforseo.com/dataforseo-bot)" 534 **0/534514**
17.22.253.90 - - [03/Mar/2026:09:44:55 -0700] "GET /zapusti-sharik-i-poluchi-vyigrysh-plinko-uz/ HTTP/1.1" 200 81412 "-" "Mozilla/5.0 (Macintosh; Intel Mac OS X 10_15_7) AppleWebKit/605.1.15 (KHTML, like Gecko) Version/17.4 Safari/605.1.15 (Applebot/0.1; +http://www.apple.com/go/applebot)" 310 **0/310093**
85.208.96.198 - - [03/Mar/2026:09:44:55 -0700] "GET /you-can-obtain-totally-free-spins-and-no-wagering-requirements/ HTTP/1.1" 200 78139 "-" "Mozilla/5.0 (compatible; SemrushBot/7~bl; +http://www.semrush.com/bot.html)" 303 **0/303959**
68.178.232.37 - - [03/Mar/2026:09:44:56 -0700] "POST /wp-cron.php?doing_wp_cron=1772556296.6661179065704345703125 HTTP/1.1" 200 - "http://www.icdp.co.in/wp-cron.php?doing_wp_cron=1772556296.6661179065704345703125" "WordPress/5.7.8; http://www.icdp.co.in" 179 **0/179254**
136.243.220.212 - - [03/Mar/2026:09:44:56 -0700] "GET /enjoy-on-line-keno-a-real-income-greatest-keno-online-game-usa-to-own-2025/ HTTP/1.1" 200 73315 "-" "Mozilla/5.0 (compatible; DataForSeoBot/1.0; +https://dataforseo.com/dataforseo-bot)" 535 **0/535832**
85.208.96.212 - - [03/Mar/2026:09:44:58 -0700] "GET /how-exactly-we-selected-an-educated-zero-wagering-totally-free-revolves/ HTTP/1.1" 200 78089 "-" "Mozilla/5.0 (compatible; SemrushBot/7~bl; +http://www.semrush.com/bot.html)" 356 **0/356340**
81.25.174.85 - - [03/Mar/2026:09:44:58 -0700] "GET /%D8%AA%D8%AD%D9%85%D9%8A%D9%84-mostbet-133/ HTTP/1.1" 200 74889 "-" "Mozilla/5.0 (compatible; MJ12bot/v1.4.8; http://mj12bot.com/)" 293 **0/293841**
185.191.171.5 - - [03/Mar/2026:09:45:00 -0700] "GET /winz-casino-2/ HTTP/1.1" 200 79434 "-" "Mozilla/5.0 (compatible; SemrushBot/7~bl; +http://www.semrush.com/bot.html)" 311 **0/311071**
136.243.220.212 - - [03/Mar/2026:09:45:00 -0700] "GET /gamble-upset-aggravated-monkey-ii-slot-on-the-internet/ HTTP/1.1" 200 71967 "-" "Mozilla/5.0 (compatible; DataForSeoBot/1.0; +https://dataforseo.com/dataforseo-bot)" 331 **0/331570**
81.25.174.85 - - [03/Mar/2026:09:45:01 -0700] "GET /%D9%85%D8%A7%D8%B9%D8%AA-%D8%A7%D9%84%D9%81%D9%83%D8%B1%D8%A9-%D9%88-%D8%B3%D8%AA%D9%83%D9%88%D9%86-%D8%A5%D9%84%D9%87%D8%A9-%D9%85%D9%86-%D8%A7%D9%84%D8%AD%D9%82%D8%A7%D8%A6%D9%82-%D9%88-%D9%8A%D9%85/ HTTP/1.1" 200 72843 "-" "Mozilla/5.0 (compatible; MJ12bot/v1.4.8; http://mj12bot.com/)" 610 **0/610448**
85.208.96.201 - - [03/Mar/2026:09:45:02 -0700] "GET /scenario-a-good-a-customer-aged-twenty-seven-bet-5-for-the-an-on-line-position-games/ HTTP/1.1" 200 78160 "-" "Mozilla/5.0 (compatible; SemrushBot/7~bl; +http://www.semrush.com/bot.html)" 565 **0/565436**
136.243.220.212 - - [03/Mar/2026:09:45:04 -0700] "GET /uncover-the-cryptologic-gambling-enterprise-application-review/ HTTP/1.1" 200 73067 "-" "Mozilla/5.0 (compatible; DataForSeoBot/1.0; +https://dataforseo.com/dataforseo-bot)" 455 **0/455090**
207.180.11.136 - - [03/Mar/2026:09:45:07 -0700] "GET /wp-json/wp/v2/posts/38568 HTTP/1.1" 200 11767 "-" "Mozilla/5.0 (Macintosh; Intel Mac OS X 10_15_7) AppleWebKit/537.36 (KHTML, like Gecko) Chrome/135.0.0.0 Safari/537.36" 202 **0/202008**
81.25.174.85 - - [03/Mar/2026:09:45:07 -0700] "GET /%E1%97%8E-bedste-pa-casinosider-pr-dannevan-top-danske-tilslutte-casinoer-2025/ HTTP/1.1" 200 72241 "-" "Mozilla/5.0 (compatible; MJ12bot/v1.4.8; http://mj12bot.com/)" 475 **0/475378**
185.191.171.1 - - [03/Mar/2026:09:45:07 -0700] "GET /%D8%B9%D9%8A%D9%86-%D9%85%D9%86-%D8%A2%D9%84%D8%A9-horus-slot-%D9%85%D9%88%D9%82%D8%B9-%D9%85%D8%AC%D8%A7%D9%86%D9%8A-%D8%AA%D9%85%D8%A7%D9%85%D9%8B%D8%A7-%D8%A8%D8%AF%D9%88%D9%86-%D8%AA%D8%AB%D8%A8/ HTTP/1.1" 200 79613 "-" "Mozilla/5.0 (compatible; SemrushBot/7~bl; +http://www.semrush.com/bot.html)" 461 **0/461377**
136.243.220.212 - - [03/Mar/2026:09:45:09 -0700] "GET /black-app-paddy-power-casino-colored-jack-specialist-series-large-limit-position-demonstration-enjoy-and-you-will-local-casino-incentive/ HTTP/1.1" 200 74258 "-" "Mozilla/5.0 (compatible; DataForSeoBot/1.0; +https://dataforseo.com/dataforseo-bot)" 485 **0/485385**
216.244.66.241 - - [03/Mar/2026:09:45:09 -0700] "GET /es-war-noch-vordergrundig-selbige-vom-spielsalon-festgelegten-wettanforderungen-hinten-absolvieren/ HTTP/1.1" 200 344076 "-" "Mozilla/5.0 (compatible; DotBot/1.2; +https://opensiteexplorer.org/dotbot; help@moz.com)" 429 **0/429129**
57.141.16.84 - - [03/Mar/2026:09:45:09 -0700] "GET /?p=145097 HTTP/1.1" 301 - "-" "meta-externalagent/1.1 (+https://developers.facebook.com/docs/sharing/webmasters/crawler)" 157 **0/157274**
81.25.174.85 - - [03/Mar/2026:09:45:09 -0700] "GET /%E2%AD%90-play-pirates-madness-slot-online-for-real-money-or-100-percent-free-join-today/ HTTP/1.1" 200 73606 "-" "Mozilla/5.0 (compatible; MJ12bot/v1.4.8; http://mj12bot.com/)" 392 **0/392419**
136.243.220.212 - - [03/Mar/2026:09:45:12 -0700] "GET /adac-autotest-bestenliste-84-autos-im-untersuchung-perish-keine-einzahlungsbonuscodes-casino-beste-online-casino-sind-gut-and-wafer-keineswegs/ HTTP/1.1" 200 72893 "-" "Mozilla/5.0 (compatible; DataForSeoBot/1.0; +https://dataforseo.com/dataforseo-bot)" 355 **0/355555**
136.243.220.212 - - [03/Mar/2026:09:45:16 -0700] "GET /firestorm-pbr-betfred-gambling-online-slot-games-platoon-rtp-enterprise-real-cash-release-are-daring-mongoose-now-offers-out-simple-talk-message-board/ HTTP/1.1" 200 74173 "-" "Mozilla/5.0 (compatible; DataForSeoBot/1.0; +https://dataforseo.com/dataforseo-bot)" 382 **0/382016**
81.25.174.85 - - [03/Mar/2026:09:45:17 -0700] "GET /category/1xbet6/ HTTP/1.1" 200 69470 "-" "Mozilla/5.0 (compatible; MJ12bot/v1.4.8; http://mj12bot.com/)" 449 **0/449581**
81.25.174.85 - - [03/Mar/2026:09:45:19 -0700] "GET /category/avtomaxima-193-ru/bancorallz-100-avtomaxima-193-ru/ HTTP/1.1" 200 69783 "-" "Mozilla/5.0 (compatible; MJ12bot/v1.4.8; http://mj12bot.com/)" 437 **0/437603**
136.243.220.212 - - [03/Mar/2026:09:45:20 -0700] "GET /angeschlossen-casinos-via-startguthaben-die-iwinfortune-casino-boni-besten-provider-2025/ HTTP/1.1" 200 73819 "-" "Mozilla/5.0 (compatible; DataForSeoBot/1.0; +https://dataforseo.com/dataforseo-bot)" 303 **0/303239**
81.25.174.85 - - [03/Mar/2026:09:45:22 -0700] "GET /category/bcgame25021/ HTTP/1.1" 200 69474 "-" "Mozilla/5.0 (compatible; MJ12bot/v1.4.8; http://mj12bot.com/)" 422 **0/422660**
136.243.220.212 - - [03/Mar/2026:09:45:24 -0700] "GET /full-moonlight-fortunes-choices-entirely-150-possibility-crazy-jester-100-percent-free-a-real-income-give-2024-gajureal-sispe/ HTTP/1.1" 200 72086 "-" "Mozilla/5.0 (compatible; DataForSeoBot/1.0; +https://dataforseo.com/dataforseo-bot)" 286 **0/286566**
81.25.174.85 - - [03/Mar/2026:09:45:25 -0700] "GET /category/casinobet4/ HTTP/1.1" 200 69545 "-" "Mozilla/5.0 (compatible; MJ12bot/v1.4.8; http://mj12bot.com/)" 390 **0/390180**
81.25.174.85 - - [03/Mar/2026:09:45:27 -0700] "GET /category/dec-bh-common/ HTTP/1.1" 200 70178 "-" "Mozilla/5.0 (compatible; MJ12bot/v1.4.8; http://mj12bot.com/)" 435 **0/435552**
136.243.220.212 - - [03/Mar/2026:09:45:28 -0700] "GET /arlequin-samuser-au-arlequin-quelque-peu-sur-les-principaux-casinos/ HTTP/1.1" 200 72800 "-" "Mozilla/5.0 (compatible; DataForSeoBot/1.0; +https://dataforseo.com/dataforseo-bot)" 332 **0/332973**
81.25.174.85 - - [03/Mar/2026:09:45:29 -0700] "GET /category/dec-pb-common/ HTTP/1.1" 200 70074 "-" "Mozilla/5.0 (compatible; MJ12bot/v1.4.8; http://mj12bot.com/)" 436 **0/436957**
216.244.66.241 - - [03/Mar/2026:09:45:30 -0700] "GET /including-inside-roulette-it%EF%BF%BDs-way-more-than-2/ HTTP/1.1" 200 342148 "-" "Mozilla/5.0 (compatible; DotBot/1.2; +https://opensiteexplorer.org/dotbot; help@moz.com)" 282 **0/282420**
136.243.220.212 - - [03/Mar/2026:09:45:32 -0700] "GET /da-hong-bao-gold-slot-review-2025-totally-free-gamble-trial/ HTTP/1.1" 200 72355 "-" "Mozilla/5.0 (compatible; DataForSeoBot/1.0; +https://dataforseo.com/dataforseo-bot)" 429 **0/429340**
81.25.174.85 - - [03/Mar/2026:09:45:32 -0700] "GET /category/farmacia2/ HTTP/1.1" 200 69516 "-" "Mozilla/5.0 (compatible; MJ12bot/v1.4.8; http://mj12bot.com/)" 1402 **1/1402107**
81.25.174.85 - - [03/Mar/2026:09:45:35 -0700] "GET /category/jeetbuzz-%E0%A6%85%E0%A7%8D%E0%A6%AF%E0%A6%BE%E0%A6%AA-389/ HTTP/1.1" 200 70032 "-" "Mozilla/5.0 (compatible; MJ12bot/v1.4.8; http://mj12bot.com/)" 382 **0/382085**
136.243.220.212 - - [03/Mar/2026:09:45:36 -0700] "GET /better-internet-poker-real-money-internet-sites-1-spybet-5m-tournaments-bucks-game-far-more-modify/ HTTP/1.1" 200 73990 "-" "Mozilla/5.0 (compatible; DataForSeoBot/1.0; +https://dataforseo.com/dataforseo-bot)" 266 **0/266001**
104.166.146.88 - - [03/Mar/2026:09:45:37 -0700] "POST /xmlrpc.php HTTP/1.1" 200 181 "-" "Mozilla/5.0 (Windows NT 10.0; Win64; x64) AppleWebKit/537.36 (KHTML, like Gecko) Chrome/114.0.0.0 Safari/537.36" 175 **0/175100**
57.141.16.62 - - [03/Mar/2026:09:45:37 -0700] "GET /wp-json/oembed/1.0/embed?url=http%3A%2F%2Fwww.icdp.co.in%2F5-brand-new-online-slots-games-users-can-be%25ef%25bf%25bdt-score-an-adequate-amount-of-from-the-playfame-local-casino-it-times%2F HTTP/1.1" 200 2761 "-" "meta-externalagent/1.1 (+https://developers.facebook.com/docs/sharing/webmasters/crawler)" 139 **0/139463**
81.25.174.85 - - [03/Mar/2026:09:45:38 -0700] "GET /category/nov-deluxedetailga-com/ HTTP/1.1" 200 68735 "-" "Mozilla/5.0 (compatible; MJ12bot/v1.4.8; http://mj12bot.com/)" 522 **0/522908**
68.178.232.37 - - [03/Mar/2026:09:45:32 -0700] "POST /wp-cron.php?doing_wp_cron=1772556332.4576408863067626953125 HTTP/1.1" 200 - "http://www.icdp.co.in/wp-cron.php?doing_wp_cron=1772556332.4576408863067626953125" "WordPress/5.7.8; http://www.icdp.co.in" 6498 **6/6498549**
136.243.220.212 - - [03/Mar/2026:09:45:40 -0700] "GET /cashville-free-paddy-power-games-30-no-deposit-free-spins-casino-slot-games-online-gamble-video-game-microgaming/ HTTP/1.1" 200 73827 "-" "Mozilla/5.0 (compatible; DataForSeoBot/1.0; +https://dataforseo.com/dataforseo-bot)" 366 **0/366466**
81.25.174.85 - - [03/Mar/2026:09:45:40 -0700] "GET /category/nov-lod-wd-sb/ HTTP/1.1" 200 69574 "-" "Mozilla/5.0 (compatible; MJ12bot/v1.4.8; http://mj12bot.com/)" 1450 **1/1450983**
68.178.232.37 - - [03/Mar/2026:09:45:40 -0700] "POST /wp-cron.php?doing_wp_cron=1772556340.9703059196472167968750 HTTP/1.1" 200 - "http://www.icdp.co.in/wp-cron.php?doing_wp_cron=1772556340.9703059196472167968750" "WordPress/5.7.8; http://www.icdp.co.in" 1531 **1/1531200**
104.166.146.88 - - [03/Mar/2026:09:45:43 -0700] "POST /xmlrpc.php HTTP/1.1" 200 12025 "-" "Mozilla/5.0 (Windows NT 10.0; Win64; x64) AppleWebKit/537.36 (KHTML, like Gecko) Chrome/114.0.0.0 Safari/537.36" 525 **0/525359**
81.25.174.85 - - [03/Mar/2026:09:45:44 -0700] "GET /category/nov-sarosdanenerede-com/ HTTP/1.1" 200 68379 "-" "Mozilla/5.0 (compatible; MJ12bot/v1.4.8; http://mj12bot.com/)" 407 **0/407830**
136.243.220.212 - - [03/Mar/2026:09:45:45 -0700] "GET /cazino-cosmos-status-paddy-power-100-free-spins-no-deposit-casino-2024-remark-play-the-2025-yggdrasil-steampunk-lowest-deposit-step-three-lb-gambling-enterprise-game-blog-okhotnikov-za-dengami/ HTTP/1.1" 200 74199 "-" "Mozilla/5.0 (compatible; DataForSeoBot/1.0; +https://dataforseo.com/dataforseo-bot)" 346 **0/346896**
104.166.146.88 - - [03/Mar/2026:09:45:44 -0700] "GET /50-kasino-freispiele-as-book-of-ra-deluxe-bonus-part-of-registration-februar-2026/ HTTP/1.1" 200 346331 "-" "Mozilla/5.0 (Windows NT 10.0; rv:109.0) Gecko/20100101 Firefox/115.0" 930 **0/930521**
81.25.174.85 - - [03/Mar/2026:09:45:46 -0700] "GET /category/nov1/ HTTP/1.1" 200 69892 "-" "Mozilla/5.0 (compatible; MJ12bot/v1.4.8; http://mj12bot.com/)" 473 **0/473421**
136.243.220.212 - - [03/Mar/2026:09:45:49 -0700] "GET /real-cash-video-poker-enjoy-winnings-casino-reactoonz-in-the-finest-usa-web-based-casinos/ HTTP/1.1" 200 74165 "-" "Mozilla/5.0 (compatible; DataForSeoBot/1.0; +https://dataforseo.com/dataforseo-bot)" 275 **0/275710**
81.25.174.85 - - [03/Mar/2026:09:45:49 -0700] "GET /category/www-fishspa-rheinmain-de/ancorallz-1610/ HTTP/1.1" 200 69503 "-" "Mozilla/5.0 (compatible; MJ12bot/v1.4.8; http://mj12bot.com/)" 399 **0/399701**
216.244.66.241 - - [03/Mar/2026:09:45:51 -0700] "GET /mostbet-vhod-na-oficialnyj-sajt-mostbet-4020/ HTTP/1.1" 200 356050 "-" "Mozilla/5.0 (compatible; DotBot/1.2; +https://opensiteexplorer.org/dotbot; help@moz.com)" 276 **0/276662**
81.25.174.85 - - [03/Mar/2026:09:45:51 -0700] "GET /category/yukselimokullari-com/70-30-allz/ HTTP/1.1" 200 69597 "-" "Mozilla/5.0 (compatible; MJ12bot/v1.4.8; http://mj12bot.com/)" 352 **0/352069**
136.243.220.212 - - [03/Mar/2026:09:45:52 -0700] "GET /gangland-video-slot-to-try-out-free-in-the-tom-horns-on-the-web-gambling-enterprises/ HTTP/1.1" 200 71896 "-" "Mozilla/5.0 (compatible; DataForSeoBot/1.0; +https://dataforseo.com/dataforseo-bot)" 280 **0/280875**
81.25.174.85 - - [03/Mar/2026:09:45:54 -0700] "GET /erreichbar-kasino-deutschland-traktandum-versorger-fur-2025-im-avalon-1-kaution-probe/ HTTP/1.1" 200 74401 "-" "Mozilla/5.0 (compatible; MJ12bot/v1.4.8; http://mj12bot.com/)" 336 **0/336014**
68.178.232.37 - - [03/Mar/2026:09:45:56 -0700] "POST /wp-cron.php?doing_wp_cron=1772556356.9172310829162597656250 HTTP/1.1" 200 - "http://www.icdp.co.in/wp-cron.php?doing_wp_cron=1772556356.9172310829162597656250" "WordPress/5.7.8; http://www.icdp.co.in" 148 **0/148159**
136.243.220.212 - - [03/Mar/2026:09:45:56 -0700] "GET /beetle-mania-durch-novoline-slots-letter-online-vortragen/ HTTP/1.1" 200 74247 "-" "Mozilla/5.0 (compatible; DataForSeoBot/1.0; +https://dataforseo.com/dataforseo-bot)" 450 **0/450875**
136.243.220.212 - - [03/Mar/2026:09:46:00 -0700] "GET /school-of-arizona-golf-assortment-seattle-roadtrippers/ HTTP/1.1" 200 73796 "-" "Mozilla/5.0 (compatible; DataForSeoBot/1.0; +https://dataforseo.com/dataforseo-bot)" 355 **0/355478**
136.243.220.212 - - [03/Mar/2026:09:46:04 -0700] "GET /31668-2/ HTTP/1.1" 200 69573 "-" "Mozilla/5.0 (compatible; DataForSeoBot/1.0; +https://dataforseo.com/dataforseo-bot)" 282 **0/282316**
57.141.16.83 - - [03/Mar/2026:09:46:06 -0700] "GET /wp-json/wp/v2/posts/146143 HTTP/1.1" 200 11662 "-" "meta-externalagent/1.1 (+https://developers.facebook.com/docs/sharing/webmasters/crawler)" 153 **0/153663**
136.243.220.212 - - [03/Mar/2026:09:46:09 -0700] "GET /pinco-online-kazino-n-populyar-slot-oyunlar-3433/ HTTP/1.1" 200 72222 "-" "Mozilla/5.0 (compatible; DataForSeoBot/1.0; +https://dataforseo.com/dataforseo-bot)" 296 **0/296547**
17.241.227.214 - - [03/Mar/2026:09:46:10 -0700] "GET /category/23/ HTTP/1.1" 200 78370 "-" "Mozilla/5.0 (Macintosh; Intel Mac OS X 10_15_7) AppleWebKit/605.1.15 (KHTML, like Gecko) Version/17.4 Safari/605.1.15 (Applebot/0.1; +http://www.apple.com/go/applebot)" 360 **0/360431**
17.241.227.214 - - [03/Mar/2026:09:46:11 -0700] "GET /bonus-telecharger-lapplication-megawin-sans-avoir-i-conserve-%ef%b8%8f-%e3%80%90fevrier-2025-%e3%80%91/ HTTP/1.1" 200 80763 "-" "Mozilla/5.0 (Macintosh; Intel Mac OS X 10_15_7) AppleWebKit/605.1.15 (KHTML, like Gecko) Version/17.4 Safari/605.1.15 (Applebot/0.1; +http://www.apple.com/go/applebot)" 284 **0/284961**
136.243.220.212 - - [03/Mar/2026:09:46:12 -0700] "GET /fortunate-creek-a-hundred-the-24-casino-contact-in-canada-first-step-deposit-beetle-treasures-no-put-bonus-password-to-own-2024/ HTTP/1.1" 200 74083 "-" "Mozilla/5.0 (compatible; DataForSeoBot/1.0; +https://dataforseo.com/dataforseo-bot)" 284 **0/284954**
136.243.220.212 - - [03/Mar/2026:09:46:16 -0700] "GET /50-giros-gratuito-carente-deposito-2025/ HTTP/1.1" 200 73431 "-" "Mozilla/5.0 (compatible; DataForSeoBot/1.0; +https://dataforseo.com/dataforseo-bot)" 289 **0/289187**
136.243.220.212 - - [03/Mar/2026:09:46:21 -0700] "GET /ideas-on-how-to-cancel-their-casanovas-betprimeiro-promo-codes-2025-seafood-subscription-2025/ HTTP/1.1" 200 74682 "-" "Mozilla/5.0 (compatible; DataForSeoBot/1.0; +https://dataforseo.com/dataforseo-bot)" 274 **0/274457**
136.243.220.212 - - [03/Mar/2026:09:46:24 -0700] "GET /freispiele-abzuglich-einzahlung-fruitinator-gewinn-confoederatio-helvetica-2024-bezahlen-sie-apps-mit-telefonguthaben-%E5%85%83%E5%BF%97%E7%A7%91%E6%8A%80%E6%9C%89%E9%99%90%E5%85%AC%E5%8F%B8/ HTTP/1.1" 200 72924 "-" "Mozilla/5.0 (compatible; DataForSeoBot/1.0; +https://dataforseo.com/dataforseo-bot)" 276 **0/276684**
136.243.220.212 - - [03/Mar/2026:09:46:28 -0700] "GET /1win-en-argentina-experiencia-de-casino-en-lnea-339/ HTTP/1.1" 200 72285 "-" "Mozilla/5.0 (compatible; DataForSeoBot/1.0; +https://dataforseo.com/dataforseo-bot)" 309 **0/309413**
57.141.16.18 - - [03/Mar/2026:09:46:31 -0700] "GET /ten-ideal-live-gambling-enterprises-the-real-deal-money-online-from-inside-the-2025/feed/ HTTP/1.1" 200 994 "-" "meta-externalagent/1.1 (+https://developers.facebook.com/docs/sharing/webmasters/crawler)" 138 **0/138110**
136.243.220.212 - - [03/Mar/2026:09:46:32 -0700] "GET /10-finest-nfl-crypto-gambling-internet-sites-2025-best-nfl-btc-sportsbooks/ HTTP/1.1" 200 73000 "-" "Mozilla/5.0 (compatible; DataForSeoBot/1.0; +https://dataforseo.com/dataforseo-bot)" 291 **0/291184**
136.243.220.212 - - [03/Mar/2026:09:46:37 -0700] "GET /greatest-web-star-free-spins-no-deposit-casino-based-casinos-2025/ HTTP/1.1" 200 72618 "-" "Mozilla/5.0 (compatible; DataForSeoBot/1.0; +https://dataforseo.com/dataforseo-bot)" 479 **0/479050**
57.141.16.52 - - [03/Mar/2026:09:46:39 -0700] "GET /the-menu-of-the-best-bitcoin-gambling-establishment-no-deposit-added-bonus/feed/ HTTP/1.1" 200 967 "-" "meta-externalagent/1.1 (+https://developers.facebook.com/docs/sharing/webmasters/crawler)" 119 **0/119550**
136.243.220.212 - - [03/Mar/2026:09:46:40 -0700] "GET /5-minimum-deposit-gambling-enterprises-inside-the-canada-free-revolves-to-have-5/ HTTP/1.1" 200 73501 "-" "Mozilla/5.0 (compatible; DataForSeoBot/1.0; +https://dataforseo.com/dataforseo-bot)" 299 **0/299460**
136.243.220.212 - - [03/Mar/2026:09:46:44 -0700] "GET /opdage-ma-10-bedste-danske-app-apk-download-bet-megawin-pa-casinoer-her/ HTTP/1.1" 200 71490 "-" "Mozilla/5.0 (compatible; DataForSeoBot/1.0; +https://dataforseo.com/dataforseo-bot)" 311 **0/311086**
136.243.220.212 - - [03/Mar/2026:09:46:48 -0700] "GET /nubarron-the-newest-barn-ville-1-put-sense-from-an-unlucky-gnome-review/ HTTP/1.1" 200 72066 "-" "Mozilla/5.0 (compatible; DataForSeoBot/1.0; +https://dataforseo.com/dataforseo-bot)" 282 **0/282610**
136.243.220.212 - - [03/Mar/2026:09:46:52 -0700] "GET /1win-bukmekerskaja-kontora-1vin-1343-2/ HTTP/1.1" 200 73716 "-" "Mozilla/5.0 (compatible; DataForSeoBot/1.0; +https://dataforseo.com/dataforseo-bot)" 316 **0/316635**
68.178.232.37 - - [03/Mar/2026:09:46:56 -0700] "POST /wp-cron.php?doing_wp_cron=1772556416.7843360900878906250000 HTTP/1.1" 200 - "http://www.icdp.co.in/wp-cron.php?doing_wp_cron=1772556416.7843360900878906250000" "WordPress/5.7.8; http://www.icdp.co.in" 175 **0/175079**
136.243.220.212 - - [03/Mar/2026:09:46:56 -0700] "GET /%E1%97%8E-bedste-tilslutte-casinosider-pr-goldbet-app-download-til-android-dannevan-blive-danske-pa-casinoer-2024/ HTTP/1.1" 200 72945 "-" "Mozilla/5.0 (compatible; DataForSeoBot/1.0; +https://dataforseo.com/dataforseo-bot)" 484 **0/484845**
136.243.220.212 - - [03/Mar/2026:09:47:01 -0700] "GET /lotto-ich-habe-dies-gelesen-wege-steigern-wirklich-so-gehts/ HTTP/1.1" 200 73697 "-" "Mozilla/5.0 (compatible; DataForSeoBot/1.0; +https://dataforseo.com/dataforseo-bot)" 407 **0/407450**
136.243.220.212 - - [03/Mar/2026:09:47:05 -0700] "GET /maquina-tragamonedas-lucky-ladys-charm-deluxe-gratuito/ HTTP/1.1" 200 73614 "-" "Mozilla/5.0 (compatible; DataForSeoBot/1.0; +https://dataforseo.com/dataforseo-bot)" 292 **0/292204**
136.243.220.212 - - [03/Mar/2026:09:47:08 -0700] "GET /sports-gaming-guide-sports-gambling-tips/ HTTP/1.1" 200 72948 "-" "Mozilla/5.0 (compatible; DataForSeoBot/1.0; +https://dataforseo.com/dataforseo-bot)" 313 **0/313234**
136.243.220.212 - - [03/Mar/2026:09:47:12 -0700] "GET /laptop-test-welches-man-sagt-sie-casino-night-seien-die-besten-notebooks-im-test/ HTTP/1.1" 200 73921 "-" "Mozilla/5.0 (compatible; DataForSeoBot/1.0; +https://dataforseo.com/dataforseo-bot)" 319 **0/319197**
136.243.220.212 - - [03/Mar/2026:09:47:17 -0700] "GET /spartacus-phone-call-to-palms-slot-icmali-spartacus-name-in-order-to-fingers-onlayn-slot-oynayin-local-casino-finest/ HTTP/1.1" 200 72616 "-" "Mozilla/5.0 (compatible; DataForSeoBot/1.0; +https://dataforseo.com/dataforseo-bot)" 314 **0/314118**
136.243.220.212 - - [03/Mar/2026:09:47:20 -0700] "GET /betmorph-minimum-deposit-specifications-for-unlocking-100-welcome-bonuses/ HTTP/1.1" 200 76101 "-" "Mozilla/5.0 (compatible; DataForSeoBot/1.0; +https://dataforseo.com/dataforseo-bot)" 330 **0/330746**
136.243.220.212 - - [03/Mar/2026:09:47:24 -0700] "GET /verbunden-kasino-via-1-einzahlung-traktandum-ernahrer-immortal-romance-mobile-boni/ HTTP/1.1" 200 73274 "-" "Mozilla/5.0 (compatible; DataForSeoBot/1.0; +https://dataforseo.com/dataforseo-bot)" 303 **0/303439**
17.246.15.161 - - [03/Mar/2026:09:47:27 -0700] "GET /most-of-the-no-deposit-added-bonus-includes-certain-rules-and-requirements-one-participants-have-to-realize/ HTTP/1.1" 200 78277 "-" "Mozilla/5.0 (Macintosh; Intel Mac OS X 10_15_7) AppleWebKit/605.1.15 (KHTML, like Gecko) Version/17.4 Safari/605.1.15 (Applebot/0.1; +http://www.apple.com/go/applebot)" 290 **0/290907**
136.243.220.212 - - [03/Mar/2026:09:47:28 -0700] "GET /no-deposit-100-percent-free-revolves-and-extra-requirements-to-own-lucha-maniacs/ HTTP/1.1" 200 71343 "-" "Mozilla/5.0 (compatible; DataForSeoBot/1.0; +https://dataforseo.com/dataforseo-bot)" 311 **0/311914**
17.22.245.27 - - [03/Mar/2026:09:47:29 -0700] "GET /pin-up-casino-azrbaycan-10128/ HTTP/1.1" 200 79447 "-" "Mozilla/5.0 (Macintosh; Intel Mac OS X 10_15_7) AppleWebKit/605.1.15 (KHTML, like Gecko) Version/17.4 Safari/605.1.15 (Applebot/0.1; +http://www.apple.com/go/applebot)" 289 **0/289951**
136.243.220.212 - - [03/Mar/2026:09:47:32 -0700] "GET /better-casinos-on-the-internet-inside-california-real-cash-spybet-casino-promo-california-casinos/ HTTP/1.1" 200 74081 "-" "Mozilla/5.0 (compatible; DataForSeoBot/1.0; +https://dataforseo.com/dataforseo-bot)" 295 **0/295500**
136.243.220.212 - - [03/Mar/2026:09:47:36 -0700] "GET /cette-fraise-personnellement-book-of-ra-deluxe-bingo-1-de-depot-pour-avec-vrai-croupier/ HTTP/1.1" 200 72694 "-" "Mozilla/5.0 (compatible; DataForSeoBot/1.0; +https://dataforseo.com/dataforseo-bot)" 290 **0/290239**
136.243.220.212 - - [03/Mar/2026:09:47:40 -0700] "GET /spielsaal-weiser-ein-ultimative-prinzip-das-casino-netbet-online-angeschlossen-casino-globus/ HTTP/1.1" 200 73251 "-" "Mozilla/5.0 (compatible; DataForSeoBot/1.0; +https://dataforseo.com/dataforseo-bot)" 315 **0/315648**
136.243.220.212 - - [03/Mar/2026:09:47:44 -0700] "GET /erreichbar-casinos-unter-einsatz-von-startguthaben-within-casino-blazing-star-slot-alpenrepublik-2025/ HTTP/1.1" 200 73516 "-" "Mozilla/5.0 (compatible; DataForSeoBot/1.0; +https://dataforseo.com/dataforseo-bot)" 272 **0/272430**
57.141.16.29 - - [03/Mar/2026:09:47:46 -0700] "GET /wp-json/wp/v2/posts/148392 HTTP/1.1" 200 7501 "-" "meta-externalagent/1.1 (+https://developers.facebook.com/docs/sharing/webmasters/crawler)" 134 **0/134355**
136.243.220.212 - - [03/Mar/2026:09:47:48 -0700] "GET /free-spins-salle-de-jeu-tours-sans-frais-300-fs-abdiques/ HTTP/1.1" 200 72676 "-" "Mozilla/5.0 (compatible; DataForSeoBot/1.0; +https://dataforseo.com/dataforseo-bot)" 371 **0/371965**
136.243.220.212 - - [03/Mar/2026:09:47:52 -0700] "GET /poker-information-best-on-line-piggy-riches-rtp-slot-big-win-poker-webpages-recommendations-incentives-gambling-enterprise/ HTTP/1.1" 200 73969 "-" "Mozilla/5.0 (compatible; DataForSeoBot/1.0; +https://dataforseo.com/dataforseo-bot)" 314 **0/314835**
68.178.232.37 - - [03/Mar/2026:09:47:56 -0700] "POST /wp-cron.php?doing_wp_cron=1772556476.8117790222167968750000 HTTP/1.1" 200 - "http://www.icdp.co.in/wp-cron.php?doing_wp_cron=1772556476.8117790222167968750000" "WordPress/5.7.8; http://www.icdp.co.in" 197 **0/197109**
136.243.220.212 - - [03/Mar/2026:09:47:56 -0700] "GET /bizzo-casino-1-deposit-extra-rating-175-totally-free-spins-for-starters-money/ HTTP/1.1" 200 73711 "-" "Mozilla/5.0 (compatible; DataForSeoBot/1.0; +https://dataforseo.com/dataforseo-bot)" 524 **0/524179**
136.243.220.212 - - [03/Mar/2026:09:48:01 -0700] "GET /beste-krypto-spielen-sie-wazdan-spiele-online-unter-anderem-bitcoin-casinos-unter-einsatz-von-niedriger-mindesteinzahlung/ HTTP/1.1" 200 71938 "-" "Mozilla/5.0 (compatible; DataForSeoBot/1.0; +https://dataforseo.com/dataforseo-bot)" 320 **0/320141**
57.141.16.46 - - [03/Mar/2026:09:48:03 -0700] "GET /wp-json/oembed/1.0/embed?url=http%3A%2F%2Fwww.icdp.co.in%2Fnon-calare-lopportunita-di-provare-la-successo-e-pestare-averi-comodo-senza-rovinare-niente%2F HTTP/1.1" 200 2644 "-" "meta-externalagent/1.1 (+https://developers.facebook.com/docs/sharing/webmasters/crawler)" 139 **0/139853**
17.241.227.29 - - [03/Mar/2026:09:48:04 -0700] "GET /au-top-h-les-principaux-casinos-du-chemin-sans-avoir-kyc/ HTTP/1.1" 200 78446 "-" "Mozilla/5.0 (Macintosh; Intel Mac OS X 10_15_7) AppleWebKit/605.1.15 (KHTML, like Gecko) Version/17.4 Safari/605.1.15 (Applebot/0.1; +http://www.apple.com/go/applebot)" 296 **0/296291**
136.243.220.212 - - [03/Mar/2026:09:48:04 -0700] "GET /a-hundred-100-percent-free-revolves-no-deposit-keep-your-payouts-2025/ HTTP/1.1" 200 71893 "-" "Mozilla/5.0 (compatible; DataForSeoBot/1.0; +https://dataforseo.com/dataforseo-bot)" 284 **0/284389**
57.141.16.37 - - [03/Mar/2026:09:48:05 -0700] "GET /wp-json/oembed/1.0/embed?url=http%3A%2F%2Fwww.icdp.co.in%2Fstabilire-indivisible-bilancio-ordinario-addirittura-rispettarlo-aiuta-a-usufruire-volte-bonus-sopra-che-sostenibile%2F HTTP/1.1" 200 2745 "-" "meta-externalagent/1.1 (+https://developers.facebook.com/docs/sharing/webmasters/crawler)" 131 **0/131711**
57.141.16.53 - - [03/Mar/2026:09:48:06 -0700] "GET /mr-play-gambling-establishment-%ef%bf%bd-100-revolves-as-much-as-two-hundred-incentive/feed/ HTTP/1.1" 200 1000 "-" "meta-externalagent/1.1 (+https://developers.facebook.com/docs/sharing/webmasters/crawler)" 125 **0/125322**
136.243.220.212 - - [03/Mar/2026:09:48:08 -0700] "GET /icy-wilds-enjoy-on-the-internet-free-of-charge-rtp-96-15-demo-function/ HTTP/1.1" 200 74475 "-" "Mozilla/5.0 (compatible; DataForSeoBot/1.0; +https://dataforseo.com/dataforseo-bot)" 278 **0/278126**
57.141.16.9 - - [03/Mar/2026:09:48:12 -0700] "GET /wp-json/oembed/1.0/embed?url=http%3A%2F%2Fwww.icdp.co.in%2Fdiscuss-the-fresh-new-glitz-and-you-may-glamour-off-vegas-gems-gambling-enterprise-an-exciting-place-to-go-for-on-the-web-playing-enthusiasts%2F HTTP/1.1" 200 2873 "-" "meta-externalagent/1.1 (+https://developers.facebook.com/docs/sharing/webmasters/crawler)" 136 **0/136822**
136.243.220.212 - - [03/Mar/2026:09:48:12 -0700] "GET /what-you-need-to-know-about-online-slot-games/ HTTP/1.1" 200 71099 "-" "Mozilla/5.0 (compatible; DataForSeoBot/1.0; +https://dataforseo.com/dataforseo-bot)" 305 **0/305612**
57.141.16.36 - - [03/Mar/2026:09:48:15 -0700] "GET /?p=144037 HTTP/1.1" 301 - "-" "meta-externalagent/1.1 (+https://developers.facebook.com/docs/sharing/webmasters/crawler)" 117 **0/117430**
136.243.220.212 - - [03/Mar/2026:09:48:16 -0700] "GET /wilderness-value-100-percent-free-slot/ HTTP/1.1" 200 72285 "-" "Mozilla/5.0 (compatible; DataForSeoBot/1.0; +https://dataforseo.com/dataforseo-bot)" 293 **0/293094**
57.141.16.25 - - [03/Mar/2026:09:48:17 -0700] "GET /wp-json/oembed/1.0/embed?url=http%3A%2F%2Fwww.icdp.co.in%2Fmusizieren-eltern-fabel-unma-slot-%25ef%25bf%25bd-sei-ein-spielbank-vermittlungsgebuhr-frei-einzahlung-sehr-wohl-blank-einzahlung%2F HTTP/1.1" 200 2777 "-" "meta-externalagent/1.1 (+https://developers.facebook.com/docs/sharing/webmasters/crawler)" 159 **0/159096**
136.243.220.212 - - [03/Mar/2026:09:48:21 -0700] "GET /immortal-ballade-spillemaskine-gladiator-casino-game-microgaming-slots/ HTTP/1.1" 200 73482 "-" "Mozilla/5.0 (compatible; DataForSeoBot/1.0; +https://dataforseo.com/dataforseo-bot)" 271 **0/271898**
136.243.220.212 - - [03/Mar/2026:09:48:24 -0700] "GET /golden-empire-slot-review-earn-that-have-32eight-hundred-megaways/ HTTP/1.1" 200 71904 "-" "Mozilla/5.0 (compatible; DataForSeoBot/1.0; +https://dataforseo.com/dataforseo-bot)" 268 **0/268681**
57.141.16.32 - - [03/Mar/2026:09:48:27 -0700] "GET /wp-json/wp/v2/posts/150988 HTTP/1.1" 200 15516 "-" "meta-externalagent/1.1 (+https://developers.facebook.com/docs/sharing/webmasters/crawler)" 141 **0/141819**
136.243.220.212 - - [03/Mar/2026:09:48:28 -0700] "GET /reel-steeped-demon-twenty-five-payline-position-wms-gambling/ HTTP/1.1" 200 71693 "-" "Mozilla/5.0 (compatible; DataForSeoBot/1.0; +https://dataforseo.com/dataforseo-bot)" 298 **0/298058**
136.243.220.212 - - [03/Mar/2026:09:48:32 -0700] "GET /beste-deutsche-verbunden-casinos-2024-ggl-unlimluck-apps-login-lizenz/ HTTP/1.1" 200 73674 "-" "Mozilla/5.0 (compatible; DataForSeoBot/1.0; +https://dataforseo.com/dataforseo-bot)" 289 **0/289656**
57.141.16.49 - - [03/Mar/2026:09:48:35 -0700] "GET /?p=144770 HTTP/1.1" 301 - "-" "meta-externalagent/1.1 (+https://developers.facebook.com/docs/sharing/webmasters/crawler)" 121 **0/121230**
136.243.220.212 - - [03/Mar/2026:09:48:37 -0700] "GET /erreichbar-kasino-gratis-21-royal-dynasty-slotspiel-000-protestation-casino-spiele/ HTTP/1.1" 200 73230 "-" "Mozilla/5.0 (compatible; DataForSeoBot/1.0; +https://dataforseo.com/dataforseo-bot)" 315 **0/315310**
136.243.220.212 - - [03/Mar/2026:09:48:41 -0700] "GET /better-0-apr-credit-cards-of-oct-2025/ HTTP/1.1" 200 72411 "-" "Mozilla/5.0 (compatible; DataForSeoBot/1.0; +https://dataforseo.com/dataforseo-bot)" 356 **0/356585**
136.243.220.212 - - [03/Mar/2026:09:48:45 -0700] "GET /29-greatest-games-applications-so-you-can-winnings-a-trinocasino-bonus-real-income-inside-2025-millennial-currency/ HTTP/1.1" 200 74010 "-" "Mozilla/5.0 (compatible; DataForSeoBot/1.0; +https://dataforseo.com/dataforseo-bot)" 301 **0/301326**
136.243.220.212 - - [03/Mar/2026:09:48:48 -0700] "GET /20-totally-free-revolves-no-deposit-best-20-free-gambling-enterprises-for-2025/ HTTP/1.1" 200 70647 "-" "Mozilla/5.0 (compatible; DataForSeoBot/1.0; +https://dataforseo.com/dataforseo-bot)" 301 **0/301100**
136.243.220.212 - - [03/Mar/2026:09:48:52 -0700] "GET /ruletka-porady-bonus-jak-wygrac-w-ruletce-online/ HTTP/1.1" 200 70373 "-" "Mozilla/5.0 (compatible; DataForSeoBot/1.0; +https://dataforseo.com/dataforseo-bot)" 318 **0/318134**
57.141.16.21 - - [03/Mar/2026:09:48:54 -0700] "GET /dicha-mascara-se-podri%ef%bf%bdan-mover-pago-a-32-demasiado-preferiblemente-cual-los-ingresos-normales/feed/ HTTP/1.1" 200 1047 "-" "meta-externalagent/1.1 (+https://developers.facebook.com/docs/sharing/webmasters/crawler)" 128 **0/128290**
68.178.232.37 - - [03/Mar/2026:09:48:56 -0700] "POST /wp-cron.php?doing_wp_cron=1772556536.9265339374542236328125 HTTP/1.1" 200 - "http://www.icdp.co.in/wp-cron.php?doing_wp_cron=1772556536.9265339374542236328125" "WordPress/5.7.8; http://www.icdp.co.in" 170 **0/170188**
136.243.220.212 - - [03/Mar/2026:09:48:56 -0700] "GET /invaders-regarding-the-entire-world-moolah-totally-free-demo-slot-comment/ HTTP/1.1" 200 72285 "-" "Mozilla/5.0 (compatible; DataForSeoBot/1.0; +https://dataforseo.com/dataforseo-bot)" 498 **0/498883**
136.243.220.212 - - [03/Mar/2026:09:49:00 -0700] "GET /online-casinos-echtes-geld-online-poker-via-startguthaben-die-besten-anbieter-2025/ HTTP/1.1" 200 73645 "-" "Mozilla/5.0 (compatible; DataForSeoBot/1.0; +https://dataforseo.com/dataforseo-bot)" 323 **0/323989**
136.243.220.212 - - [03/Mar/2026:09:49:04 -0700] "GET /es-sie-sind-amerikanisches-und-franzosisches-line-roulette-blackjack-poker-baccara-oder-punto-banco-serviceleistungen/ HTTP/1.1" 200 72878 "-" "Mozilla/5.0 (compatible; DataForSeoBot/1.0; +https://dataforseo.com/dataforseo-bot)" 272 **0/272232**
74.248.24.167 - - [03/Mar/2026:09:49:05 -0700] "GET /wp-content/plugins/hellopress/wp_filemanager.php HTTP/1.1" 404 - "-" "-" 269 **0/269986**
74.248.24.167 - - [03/Mar/2026:09:49:06 -0700] "GET /gfile.php HTTP/1.1" 404 - "-" "-" 118 **0/118752**
74.248.24.167 - - [03/Mar/2026:09:49:06 -0700] "GET /eee.php HTTP/1.1" 404 - "-" "-" 110 **0/110914**
74.248.24.167 - - [03/Mar/2026:09:49:06 -0700] "GET /lp6.php HTTP/1.1" 404 - "-" "-" 108 **0/108680**
74.248.24.167 - - [03/Mar/2026:09:49:07 -0700] "GET /rere.php HTTP/1.1" 404 - "-" "-" 135 **0/135412**
74.248.24.167 - - [03/Mar/2026:09:49:07 -0700] "GET /lanka.php HTTP/1.1" 404 - "-" "-" 117 **0/117287**
74.248.24.167 - - [03/Mar/2026:09:49:07 -0700] "GET /69R8Rs.php HTTP/1.1" 404 - "-" "-" 115 **0/115520**
74.248.24.167 - - [03/Mar/2026:09:49:07 -0700] "GET /zzxy.php HTTP/1.1" 404 - "-" "-" 135 **0/135397**
