136.243.220.212 - - [03/Mar/2026:08:35:13 -0700] "GET /vestiging-diegene-bonussen-berekent-buitenshuis-betaling-zijn-roman-legion-jackpot-slot-lenen-hous-of-fun-coachpraktijk-mozaiektuin/ HTTP/1.1" 200 72555 "-" "Mozilla/5.0 (compatible; DataForSeoBot/1.0; +https://dataforseo.com/dataforseo-bot)" 327 **0/327531**
85.208.96.195 - - [03/Mar/2026:08:35:15 -0700] "GET /a-failure-of-the-finest-canadian-online-casinos/ HTTP/1.1" 200 79688 "-" "Mozilla/5.0 (compatible; SemrushBot/7~bl; +http://www.semrush.com/bot.html)" 328 **0/328407**
57.141.16.2 - - [03/Mar/2026:08:35:15 -0700] "GET /what-is-a-no-deposit-incentive-and-just-how-does-it-performs/feed/ HTTP/1.1" 200 926 "-" "meta-externalagent/1.1 (+https://developers.facebook.com/docs/sharing/webmasters/crawler)" 172 **0/172342**
178.159.37.105 - - [03/Mar/2026:08:35:16 -0700] "POST /xmlrpc.php HTTP/1.1" 200 179 "-" "Mozilla/5.0 (Windows NT 10.0; Win64; x64) AppleWebKit/537.36 (KHTML, like Gecko) Chrome/114.0.0.0 Safari/537.36 Vivaldi/5.3.2679.68" 164 **0/164863**
136.243.220.212 - - [03/Mar/2026:08:35:17 -0700] "GET /karamba-casino-maklercourtage-partycasino-bonuscode-casino-ohne-einzahlung/ HTTP/1.1" 200 72375 "-" "Mozilla/5.0 (compatible; DataForSeoBot/1.0; +https://dataforseo.com/dataforseo-bot)" 376 **0/376984**
178.159.37.105 - - [03/Mar/2026:08:35:17 -0700] "POST /xmlrpc.php HTTP/1.1" 200 181 "-" "Mozilla/5.0 (Windows NT 10.0; Win64; x64) AppleWebKit/537.36 (KHTML, like Gecko) Chrome/114.0.0.0 Safari/537.36 Vivaldi/5.3.2679.68" 210 **0/210561**
178.159.37.105 - - [03/Mar/2026:08:35:18 -0700] "POST /xmlrpc.php HTTP/1.1" 200 12007 "-" "Mozilla/5.0 (Windows NT 10.0; Win64; x64) AppleWebKit/537.36 (KHTML, like Gecko) Chrome/114.0.0.0 Safari/537.36 Vivaldi/5.3.2679.68" 178 **0/178210**
57.141.16.48 - - [03/Mar/2026:08:35:19 -0700] "GET /wp-json/oembed/1.0/embed?url=http%3A%2F%2Fwww.icdp.co.in%2Fspielcasino-daten-werden-die-29-%25ef%25bf%25bd-blo-einzahlung-das-serioses-prasentation-unsere-erfahrungen-inoffizieller-mitarbeiter-hitnspin-spielcasino%2F HTTP/1.1" 200 2905 "-" "meta-externalagent/1.1 (+https://developers.facebook.com/docs/sharing/webmasters/crawler)" 159 **0/159691**
136.243.220.212 - - [03/Mar/2026:08:35:21 -0700] "GET /flame-dancer-book-of-konigin-slot-spielautomat-12percent-einzahlungsbonus-wiedergeben-die-leser-kostenlose-novomatic-slots-pictureline/ HTTP/1.1" 200 73042 "-" "Mozilla/5.0 (compatible; DataForSeoBot/1.0; +https://dataforseo.com/dataforseo-bot)" 327 **0/327764**
216.244.66.241 - - [03/Mar/2026:08:35:22 -0700] "GET /latest-usa-no-deposit-casino-bonus-codes-february-2026/ HTTP/1.1" 200 340680 "-" "Mozilla/5.0 (compatible; DotBot/1.2; +https://opensiteexplorer.org/dotbot; help@moz.com)" 335 **0/335618**
185.191.171.7 - - [03/Mar/2026:08:35:22 -0700] "GET /vulkan-las-vegas-casino-bundesrepublik-ubersicht-%EF%BF%BD-vermittlungsprovision-ferner-gratis-spins/ HTTP/1.1" 200 79171 "-" "Mozilla/5.0 (compatible; SemrushBot/7~bl; +http://www.semrush.com/bot.html)" 335 **0/335908**
85.208.96.211 - - [03/Mar/2026:08:35:25 -0700] "GET /fantastic-goddess-position-review-casinos-rigged-otherwise-safer-to-spin/ HTTP/1.1" 200 80344 "-" "Mozilla/5.0 (compatible; SemrushBot/7~bl; +http://www.semrush.com/bot.html)" 298 **0/298967**
136.243.220.212 - - [03/Mar/2026:08:35:26 -0700] "GET /melhores-jogos-puerilidade-cassino-gratuitos-para-dead-or-alive-2-slot-machine-jogadores-brasileiros/ HTTP/1.1" 200 73958 "-" "Mozilla/5.0 (compatible; DataForSeoBot/1.0; +https://dataforseo.com/dataforseo-bot)" 361 **0/361849**
57.141.16.50 - - [03/Mar/2026:08:35:28 -0700] "GET /wp-json/wp/v2/posts/146181 HTTP/1.1" 200 9036 "-" "meta-externalagent/1.1 (+https://developers.facebook.com/docs/sharing/webmasters/crawler)" 151 **0/151562**
136.243.220.212 - - [03/Mar/2026:08:35:30 -0700] "GET /casino-en-internet-dinero-real-sin-deposito-1xslot-argentina-superiores-casinos-y-juegos-2025/ HTTP/1.1" 200 73649 "-" "Mozilla/5.0 (compatible; DataForSeoBot/1.0; +https://dataforseo.com/dataforseo-bot)" 371 **0/371306**
136.243.220.212 - - [03/Mar/2026:08:35:34 -0700] "GET /jogue-casino-jackpot-city-spins-gratis-se-inscreva-fortune-of-giza-por-bagarote-cassino-kto/ HTTP/1.1" 200 70842 "-" "Mozilla/5.0 (compatible; DataForSeoBot/1.0; +https://dataforseo.com/dataforseo-bot)" 299 **0/299058**
85.208.96.211 - - [03/Mar/2026:08:35:35 -0700] "GET /finest-bitcoin-betting-web-sites-inside-the-2025-bruce-bet-app-login-top-ten-crypto-casinos/ HTTP/1.1" 200 79563 "-" "Mozilla/5.0 (compatible; SemrushBot/7~bl; +http://www.semrush.com/bot.html)" 313 **0/313168**
57.141.16.66 - - [03/Mar/2026:08:35:36 -0700] "GET /?p=146790 HTTP/1.1" 301 - "-" "meta-externalagent/1.1 (+https://developers.facebook.com/docs/sharing/webmasters/crawler)" 113 **0/113104**
136.243.220.212 - - [03/Mar/2026:08:35:38 -0700] "GET /100-freispiele-schlichtweg-lesen-sie-dies-weiter-unter-registration/ HTTP/1.1" 200 72250 "-" "Mozilla/5.0 (compatible; DataForSeoBot/1.0; +https://dataforseo.com/dataforseo-bot)" 293 **0/293637**
136.243.220.212 - - [03/Mar/2026:08:35:41 -0700] "GET /roulette-casinos-2024-liefste-offlin-roulett-sites-voor-eigenlijk-strafbaar/ HTTP/1.1" 200 71982 "-" "Mozilla/5.0 (compatible; DataForSeoBot/1.0; +https://dataforseo.com/dataforseo-bot)" 288 **0/288622**
136.243.220.212 - - [03/Mar/2026:08:35:45 -0700] "GET /lowen-play-cryptoleo-live-chat-hole-dir-personalisierte-angebote-nimm-einzelheit-angeschaltet-herumtollen-aktionen/ HTTP/1.1" 200 72236 "-" "Mozilla/5.0 (compatible; DataForSeoBot/1.0; +https://dataforseo.com/dataforseo-bot)" 286 **0/286306**
216.244.66.241 - - [03/Mar/2026:08:35:48 -0700] "GET /ice-casino-zaloguj-606/ HTTP/1.1" 200 357860 "-" "Mozilla/5.0 (compatible; DotBot/1.2; +https://opensiteexplorer.org/dotbot; help@moz.com)" 279 **0/279788**
136.243.220.212 - - [03/Mar/2026:08:35:49 -0700] "GET /888-reembolso-de-primebetz-casino-consejos-2025-bono-500-de-hasta-100/ HTTP/1.1" 200 73577 "-" "Mozilla/5.0 (compatible; DataForSeoBot/1.0; +https://dataforseo.com/dataforseo-bot)" 281 **0/281102**
136.243.220.212 - - [03/Mar/2026:08:35:54 -0700] "GET /faca-arruii-login-pixbet-login-movel-aquele-jogue-online/ HTTP/1.1" 200 72339 "-" "Mozilla/5.0 (compatible; DataForSeoBot/1.0; +https://dataforseo.com/dataforseo-bot)" 330 **0/330936**
68.178.232.37 - - [03/Mar/2026:08:35:57 -0700] "POST /wp-cron.php?doing_wp_cron=1772552157.5773429870605468750000 HTTP/1.1" 200 - "http://www.icdp.co.in/wp-cron.php?doing_wp_cron=1772552157.5773429870605468750000" "WordPress/5.7.8; http://www.icdp.co.in" 188 **0/188036**
136.243.220.212 - - [03/Mar/2026:08:35:57 -0700] "GET /autopsia-criancice-slot-que-de-atrbuicao-bonus-de-boas-vindas-trinocasino-oil-fortune-rtp95/ HTTP/1.1" 200 74898 "-" "Mozilla/5.0 (compatible; DataForSeoBot/1.0; +https://dataforseo.com/dataforseo-bot)" 496 **0/496996**
136.243.220.212 - - [03/Mar/2026:08:36:01 -0700] "GET /sizzling-hot-deluxe-slot-przez-internet-slot-frog-story-zabawa-demo-za-darmo/ HTTP/1.1" 200 72336 "-" "Mozilla/5.0 (compatible; DataForSeoBot/1.0; +https://dataforseo.com/dataforseo-bot)" 362 **0/362351**
136.243.220.212 - - [03/Mar/2026:08:36:05 -0700] "GET /speel-online-casino-viking-vanguard-poker-games-voordat-werkelijk-bankbiljet/ HTTP/1.1" 200 72403 "-" "Mozilla/5.0 (compatible; DataForSeoBot/1.0; +https://dataforseo.com/dataforseo-bot)" 296 **0/296938**
136.243.220.212 - - [03/Mar/2026:08:36:09 -0700] "GET /darmowe-spiny-wyjawszy-depozytu-2023-50-darmowych-spinow-penalty-duel-w-sprawie-rejestracji-bez-depozytu-bezplatne-spiny-przy-najlepszych-kasynach/ HTTP/1.1" 200 73079 "-" "Mozilla/5.0 (compatible; DataForSeoBot/1.0; +https://dataforseo.com/dataforseo-bot)" 280 **0/280984**
136.243.220.212 - - [03/Mar/2026:08:36:13 -0700] "GET /sweet-bonanza-slot-beizebu-juego-tragamonedas-gratis/ HTTP/1.1" 200 74799 "-" "Mozilla/5.0 (compatible; DataForSeoBot/1.0; +https://dataforseo.com/dataforseo-bot)" 299 **0/299599**
216.244.66.241 - - [03/Mar/2026:08:36:15 -0700] "GET /mostbet-aviator-227/ HTTP/1.1" 200 360232 "-" "Mozilla/5.0 (compatible; DotBot/1.2; +https://opensiteexplorer.org/dotbot; help@moz.com)" 277 **0/277707**
136.243.220.212 - - [03/Mar/2026:08:36:18 -0700] "GET /tragaperras-de-balde-maquinas-descargar-la-aplicacion-hugo-casino-apk-tragamonedas-de-balde-en-internet/ HTTP/1.1" 200 73300 "-" "Mozilla/5.0 (compatible; DataForSeoBot/1.0; +https://dataforseo.com/dataforseo-bot)" 330 **0/330208**
136.243.220.212 - - [03/Mar/2026:08:36:21 -0700] "GET /owad-lady-of-fortune-gra-mayana-zabawa-hazardowa-graj-internetowego-darmowo/ HTTP/1.1" 200 71316 "-" "Mozilla/5.0 (compatible; DataForSeoBot/1.0; +https://dataforseo.com/dataforseo-bot)" 315 **0/315352**
136.243.220.212 - - [03/Mar/2026:08:36:25 -0700] "GET /book-of-ra-deluxe-slot-uciecha-ruletka-kasyno-online-darmowo-recenzja/ HTTP/1.1" 200 72565 "-" "Mozilla/5.0 (compatible; DataForSeoBot/1.0; +https://dataforseo.com/dataforseo-bot)" 328 **0/328711**
136.243.220.212 - - [03/Mar/2026:08:36:30 -0700] "GET /wild-water-slot-verbunden-spiele-dadurch-echtgeld-and-pro-erreichbar-das-beste-online-casino-von-power-stars-cheats-slots-casino-slot-nusse/ HTTP/1.1" 200 72623 "-" "Mozilla/5.0 (compatible; DataForSeoBot/1.0; +https://dataforseo.com/dataforseo-bot)" 356 **0/356573**
136.243.220.212 - - [03/Mar/2026:08:36:33 -0700] "GET /lucky247-top-casino-mit-hoher-gewinnchance-bonus-spielsaal-erfahrungen-sichere-auszahlungen-2025/ HTTP/1.1" 200 72035 "-" "Mozilla/5.0 (compatible; DataForSeoBot/1.0; +https://dataforseo.com/dataforseo-bot)" 309 **0/309760**
136.243.220.212 - - [03/Mar/2026:08:36:37 -0700] "GET /bet3000-spielsaal-deutschland-bet3000-kasino-bonus-codes-pro-deutschen/ HTTP/1.1" 200 73008 "-" "Mozilla/5.0 (compatible; DataForSeoBot/1.0; +https://dataforseo.com/dataforseo-bot)" 337 **0/337116**
57.141.16.15 - - [03/Mar/2026:08:36:41 -0700] "GET /wp-json/oembed/1.0/embed?url=http%3A%2F%2Fwww.icdp.co.in%2Fcet-au-top-2-les-actuels-casinos-en-ligne-a-l%25ef%25bf%25bdegard-de-2024%2F HTTP/1.1" 200 2491 "-" "meta-externalagent/1.1 (+https://developers.facebook.com/docs/sharing/webmasters/crawler)" 140 **0/140571**
136.243.220.212 - - [03/Mar/2026:08:36:41 -0700] "GET /dabei-tischspiele-hinsichtlich-the-roulette-table-blackjack-aufgrund-der-neuesten-gesetzeslage-within-europaischen/ HTTP/1.1" 200 72497 "-" "Mozilla/5.0 (compatible; DataForSeoBot/1.0; +https://dataforseo.com/dataforseo-bot)" 269 **0/269049**
57.141.16.74 - - [03/Mar/2026:08:36:44 -0700] "GET /head-cooks-local-casino-analysis-comprehend-support-service-recommendations-out-of-captaincooks-local-casino-cuatro-of-214/feed/ HTTP/1.1" 200 1111 "-" "meta-externalagent/1.1 (+https://developers.facebook.com/docs/sharing/webmasters/crawler)" 175 **0/175397**
136.243.220.212 - - [03/Mar/2026:08:36:46 -0700] "GET /tragamonedas-5-million-dollar-man-documentacion-sobre-juego-book-of-ra-dice-1-deposito-resena/ HTTP/1.1" 200 73961 "-" "Mozilla/5.0 (compatible; DataForSeoBot/1.0; +https://dataforseo.com/dataforseo-bot)" 314 **0/314223**
57.141.16.3 - - [03/Mar/2026:08:36:48 -0700] "GET /wp-json/wp/v2/posts/144638 HTTP/1.1" 200 6899 "-" "meta-externalagent/1.1 (+https://developers.facebook.com/docs/sharing/webmasters/crawler)" 155 **0/155217**
136.243.220.212 - - [03/Mar/2026:08:36:49 -0700] "GET /wowczas-gdy-zagrac-w-calej-demo-darmowe-spiny-w-automacie-darmowe-gry-hazardowe-automaty-hot-spot-automatu-cash-connection-dolphins-pearl/ HTTP/1.1" 200 73082 "-" "Mozilla/5.0 (compatible; DataForSeoBot/1.0; +https://dataforseo.com/dataforseo-bot)" 300 **0/300417**
57.141.16.89 - - [03/Mar/2026:08:36:53 -0700] "GET /wp-json/oembed/1.0/embed?url=http%3A%2F%2Fwww.icdp.co.in%2Fdes-autorisation-a-l%25ef%25bf%25bdegard-de-toutes-ces-frappe-video-chimeriques-concernent-a-wms%2F HTTP/1.1" 200 2615 "-" "meta-externalagent/1.1 (+https://developers.facebook.com/docs/sharing/webmasters/crawler)" 142 **0/142747**
136.243.220.212 - - [03/Mar/2026:08:36:53 -0700] "GET /slot-gallina-trucchi-che-vincere-alla-fowl-play-gold/ HTTP/1.1" 200 73168 "-" "Mozilla/5.0 (compatible; DataForSeoBot/1.0; +https://dataforseo.com/dataforseo-bot)" 317 **0/317102**
68.178.232.37 - - [03/Mar/2026:08:36:58 -0700] "POST /wp-cron.php?doing_wp_cron=1772552218.1211779117584228515625 HTTP/1.1" 200 - "http://www.icdp.co.in/wp-cron.php?doing_wp_cron=1772552218.1211779117584228515625" "WordPress/5.7.8; http://www.icdp.co.in" 171 **0/171614**
136.243.220.212 - - [03/Mar/2026:08:36:57 -0700] "GET /keno-offlin-optreden-ontdek-gij-uitgelezene-casinos-met-ken-spellen/ HTTP/1.1" 200 72215 "-" "Mozilla/5.0 (compatible; DataForSeoBot/1.0; +https://dataforseo.com/dataforseo-bot)" 515 **0/515001**
136.243.220.212 - - [03/Mar/2026:08:37:02 -0700] "GET /jogos-de-slots-puerilidade-playson-de-beneficio-para-aparelhar-australia-como-ganhar-poquer-noticia-york/ HTTP/1.1" 200 72339 "-" "Mozilla/5.0 (compatible; DataForSeoBot/1.0; +https://dataforseo.com/dataforseo-bot)" 409 **0/409924**
136.243.220.212 - - [03/Mar/2026:08:37:05 -0700] "GET /pife-pif-paf-online-gr%ef%bf%bdtis-blackjack-classic-conectados-jogos-infantilidade-cartas/ HTTP/1.1" 200 72143 "-" "Mozilla/5.0 (compatible; DataForSeoBot/1.0; +https://dataforseo.com/dataforseo-bot)" 291 **0/291836**
136.243.220.212 - - [03/Mar/2026:08:37:09 -0700] "GET /mas-grandes-casinos-brecha-emboscada-baron-sin-kyc-los-excelentes-opciones-descarga-de-la-aplicacion-1xslot-en-argentina-desprovisto-demostracion-en-2025/ HTTP/1.1" 200 72758 "-" "Mozilla/5.0 (compatible; DataForSeoBot/1.0; +https://dataforseo.com/dataforseo-bot)" 291 **0/291872**
57.141.16.4 - - [03/Mar/2026:08:37:12 -0700] "GET /?p=144504 HTTP/1.1" 301 - "-" "meta-externalagent/1.1 (+https://developers.facebook.com/docs/sharing/webmasters/crawler)" 127 **0/127575**
136.243.220.212 - - [03/Mar/2026:08:37:14 -0700] "GET /odbierz-bison-casino-bonus-bez-depozytu-20-darmowych-burning-hot-automat-spinow/ HTTP/1.1" 200 72544 "-" "Mozilla/5.0 (compatible; DataForSeoBot/1.0; +https://dataforseo.com/dataforseo-bot)" 301 **0/301365**
57.141.16.3 - - [03/Mar/2026:08:37:16 -0700] "GET /still-as-in-virtually-any-cures-delays-september-occur-due-towards-various-auerlich-factors/ HTTP/1.1" 200 345072 "-" "meta-externalagent/1.1 (+https://developers.facebook.com/docs/sharing/webmasters/crawler)" 480 **0/480106**
136.243.220.212 - - [03/Mar/2026:08:37:17 -0700] "GET /welk-acteerprestatie-biedt-gij-aller-winkans-om-u-offlin-casino/ HTTP/1.1" 200 71749 "-" "Mozilla/5.0 (compatible; DataForSeoBot/1.0; +https://dataforseo.com/dataforseo-bot)" 307 **0/307482**
57.141.16.31 - - [03/Mar/2026:08:37:19 -0700] "GET /wp-json/oembed/1.0/embed?url=http%3A%2F%2Fwww.icdp.co.in%2Fpaii-generali-cu-a-fi-unui-bonus-adaugat-fara-depunere-casino%2F HTTP/1.1" 200 2473 "-" "meta-externalagent/1.1 (+https://developers.facebook.com/docs/sharing/webmasters/crawler)" 147 **0/147555**
136.243.220.212 - - [03/Mar/2026:08:37:21 -0700] "GET /1-eur-deposito-casino-vinnig-afwisselend-een-1-euro-storten-gokhuis-slot-cash-splash-2024/ HTTP/1.1" 200 72464 "-" "Mozilla/5.0 (compatible; DataForSeoBot/1.0; +https://dataforseo.com/dataforseo-bot)" 320 **0/320162**
136.243.220.212 - - [03/Mar/2026:08:37:25 -0700] "GET /top-shot-speelautomaat-gokkast-gratis-spins-op-black-widow-bedrijfstop-shot/ HTTP/1.1" 200 72370 "-" "Mozilla/5.0 (compatible; DataForSeoBot/1.0; +https://dataforseo.com/dataforseo-bot)" 329 **0/329285**
136.243.220.212 - - [03/Mar/2026:08:37:29 -0700] "GET /fruit-shop-rozrywka-demo-darmowo-recenzja-trinocasino-app-do-pobrania-apk-slotu-2025/ HTTP/1.1" 200 73246 "-" "Mozilla/5.0 (compatible; DataForSeoBot/1.0; +https://dataforseo.com/dataforseo-bot)" 308 **0/308946**
136.243.220.212 - - [03/Mar/2026:08:37:34 -0700] "GET /online-baccarat-offlin-bank-recht-baccarat-acteren-2025/ HTTP/1.1" 200 71955 "-" "Mozilla/5.0 (compatible; DataForSeoBot/1.0; +https://dataforseo.com/dataforseo-bot)" 305 **0/305943**
136.243.220.212 - - [03/Mar/2026:08:37:37 -0700] "GET /halloween-shkarkimi-zyrtar-i-aplikacionit-verde-casino-jack/ HTTP/1.1" 200 72530 "-" "Mozilla/5.0 (compatible; DataForSeoBot/1.0; +https://dataforseo.com/dataforseo-bot)" 283 **0/283443**
136.243.220.212 - - [03/Mar/2026:08:37:41 -0700] "GET /remi-online-conectare-la-aplicatii-fairspin-geab-si-deasupra-bani-reali-deasupra-romania-2025-reguli-rummy/ HTTP/1.1" 200 72147 "-" "Mozilla/5.0 (compatible; DataForSeoBot/1.0; +https://dataforseo.com/dataforseo-bot)" 355 **0/355336**
136.243.220.212 - - [03/Mar/2026:08:37:46 -0700] "GET /wild-water-tragaperras-book-of-ra-gratis-ranura-revision-de-balde-plenty-of-fortune-embocadura-desprovisto-rebaja-sobre-deposito-falto-eximir/ HTTP/1.1" 200 74067 "-" "Mozilla/5.0 (compatible; DataForSeoBot/1.0; +https://dataforseo.com/dataforseo-bot)" 335 **0/335549**
85.208.96.207 - - [03/Mar/2026:08:37:46 -0700] "GET /top-10-seriose-angeschlossen-casinos-spielotheken-within-teutonia-2026/ HTTP/1.1" 200 79867 "-" "Mozilla/5.0 (compatible; SemrushBot/7~bl; +http://www.semrush.com/bot.html)" 273 **0/273738**
185.191.171.1 - - [03/Mar/2026:08:37:48 -0700] "GET /der-slot-von-buran-wettrennen-um-den-hauptgewinn/ HTTP/1.1" 200 79107 "-" "Mozilla/5.0 (compatible; SemrushBot/7~bl; +http://www.semrush.com/bot.html)" 363 **0/363182**
136.243.220.212 - - [03/Mar/2026:08:37:49 -0700] "GET /spiele-separator-2-ucobet-app-kostenlos-herunterladen-remastered-gratis-ohne-registration-booten/ HTTP/1.1" 200 71256 "-" "Mozilla/5.0 (compatible; DataForSeoBot/1.0; +https://dataforseo.com/dataforseo-bot)" 310 **0/310096**
185.191.171.18 - - [03/Mar/2026:08:37:50 -0700] "GET /to-accomplish-this-we-opinion-online-casinos-making-sure-that-all-of-our-recommendations-was-specific-or-over-to-big-date/ HTTP/1.1" 200 78504 "-" "Mozilla/5.0 (compatible; SemrushBot/7~bl; +http://www.semrush.com/bot.html)" 270 **0/270890**
57.141.16.80 - - [03/Mar/2026:08:37:52 -0700] "GET /wp-json/wp/v2/posts/147484 HTTP/1.1" 200 15909 "-" "meta-externalagent/1.1 (+https://developers.facebook.com/docs/sharing/webmasters/crawler)" 180 **0/180650**
136.243.220.212 - - [03/Mar/2026:08:37:53 -0700] "GET /free-harbors-no-obtain-zero-registration-slot-elvis-the-king-free-slots-quick-gamble/ HTTP/1.1" 200 71135 "-" "Mozilla/5.0 (compatible; DataForSeoBot/1.0; +https://dataforseo.com/dataforseo-bot)" 329 **0/329822**
185.191.171.9 - - [03/Mar/2026:08:37:55 -0700] "GET /druckgluck-angeschlossen-spielsaal-deutschland-angeschlossen-spielothek-zugelassen/ HTTP/1.1" 200 81478 "-" "Mozilla/5.0 (compatible; SemrushBot/7~bl; +http://www.semrush.com/bot.html)" 311 **0/311177**
68.178.232.37 - - [03/Mar/2026:08:37:57 -0700] "POST /wp-cron.php?doing_wp_cron=1772552277.9402189254760742187500 HTTP/1.1" 200 - "http://www.icdp.co.in/wp-cron.php?doing_wp_cron=1772552277.9402189254760742187500" "WordPress/5.7.8; http://www.icdp.co.in" 176 **0/176466**
136.243.220.212 - - [03/Mar/2026:08:37:57 -0700] "GET /najkorzystniejsze-lokalne-kasyno-kasyno-prawne-sieciowy-zestawienia-naszych-kasyn-2025/ HTTP/1.1" 200 72916 "-" "Mozilla/5.0 (compatible; DataForSeoBot/1.0; +https://dataforseo.com/dataforseo-bot)" 301 **0/301516**
85.208.96.201 - - [03/Mar/2026:08:37:57 -0700] "GET /ganz-hat-gegenseitig-schon-mal-unser-anfrage-nach-einen-lottery-gewinnchancen-gestellt/ HTTP/1.1" 200 79162 "-" "Mozilla/5.0 (compatible; SemrushBot/7~bl; +http://www.semrush.com/bot.html)" 470 **0/470122**
57.141.16.81 - - [03/Mar/2026:08:38:00 -0700] "GET /wp-json/oembed/1.0/embed?url=http%3A%2F%2Fwww.icdp.co.in%2Fmost-popular-indian-casino-games-on-line-at-gambling-establishment-days%2F HTTP/1.1" 200 2520 "-" "meta-externalagent/1.1 (+https://developers.facebook.com/docs/sharing/webmasters/crawler)" 174 **0/174888**
136.243.220.212 - - [03/Mar/2026:08:38:02 -0700] "GET /maquinas-big-bucks-bandits-mw-sigl-entreposto-tragamonedas-gratis-online/ HTTP/1.1" 200 75005 "-" "Mozilla/5.0 (compatible; DataForSeoBot/1.0; +https://dataforseo.com/dataforseo-bot)" 477 **0/477350**
136.243.220.212 - - [03/Mar/2026:08:38:05 -0700] "GET /juegos-sobre-casino-cleopatra-gratuito-booi-casino-chile-excelentes-juegos-2025/ HTTP/1.1" 200 73893 "-" "Mozilla/5.0 (compatible; DataForSeoBot/1.0; +https://dataforseo.com/dataforseo-bot)" 329 **0/329899**
136.243.220.212 - - [03/Mar/2026:08:38:09 -0700] "GET /offlin-poke-performen-allen-over-de-offlin-pokere-anti-orc-vs-elf-slot-bonus-verschillende-spelers/ HTTP/1.1" 200 72198 "-" "Mozilla/5.0 (compatible; DataForSeoBot/1.0; +https://dataforseo.com/dataforseo-bot)" 326 **0/326210**
136.243.220.212 - - [03/Mar/2026:08:38:14 -0700] "GET /norske-spilleautomater-2024-casino-mr-100-gratisspinn-bred-spilleautomater-igang-bruce-bet-nettkasino-norge-nett-%ED%95%9C%EC%96%91%EB%8C%80%ED%95%99%EA%B5%90-ocw/ HTTP/1.1" 200 72785 "-" "Mozilla/5.0 (compatible; DataForSeoBot/1.0; +https://dataforseo.com/dataforseo-bot)" 304 **0/304600**
17.22.253.248 - - [03/Mar/2026:08:38:16 -0700] "GET /gemtastic-position-by-purple-tiger-rtp-95-07-play-for-totally-free/ HTTP/1.1" 200 81205 "-" "Mozilla/5.0 (Macintosh; Intel Mac OS X 10_15_7) AppleWebKit/605.1.15 (KHTML, like Gecko) Version/17.4 Safari/605.1.15 (Applebot/0.1; +http://www.apple.com/go/applebot)" 261 **0/261243**
136.243.220.212 - - [03/Mar/2026:08:38:18 -0700] "GET /codici-bonus-casa-da-gioco-gia-volto-nel-2025/ HTTP/1.1" 200 73100 "-" "Mozilla/5.0 (compatible; DataForSeoBot/1.0; +https://dataforseo.com/dataforseo-bot)" 297 **0/297929**
136.243.220.212 - - [03/Mar/2026:08:38:21 -0700] "GET /nadprogram-dziesieciu-bez-depozytu-2025-w-ciagu-rejestracje-po-kasynie-przez-jak-korzystac-z-bonusu-europe-fortune-kasyno-internet/ HTTP/1.1" 200 71315 "-" "Mozilla/5.0 (compatible; DataForSeoBot/1.0; +https://dataforseo.com/dataforseo-bot)" 311 **0/311793**
136.243.220.212 - - [03/Mar/2026:08:38:25 -0700] "GET /roleta-brasileira-ao-alacre-10-cassinos-login-da-conta-parimatch-para-aparelhar-online/ HTTP/1.1" 200 71160 "-" "Mozilla/5.0 (compatible; DataForSeoBot/1.0; +https://dataforseo.com/dataforseo-bot)" 334 **0/334059**
136.243.220.212 - - [03/Mar/2026:08:38:29 -0700] "GET /paysafecard-spielbank-besten-erreichbar-spielsaal-qua-pharaos-riches-test-casino-slot-paysafe-einzahlung-2025/ HTTP/1.1" 200 71094 "-" "Mozilla/5.0 (compatible; DataForSeoBot/1.0; +https://dataforseo.com/dataforseo-bot)" 306 **0/306939**
136.243.220.212 - - [03/Mar/2026:08:38:34 -0700] "GET /tragamonedas-88-fortunes-by-bally-technologies-sus-spinfest-codigo-de-bonificacion-de-bienvenida-particulares-de-su-tragaperras-2025-tiradas-sin-cargo-demo-hace-el-trabajo-debido-a/ HTTP/1.1" 200 72787 "-" "Mozilla/5.0 (compatible; DataForSeoBot/1.0; +https://dataforseo.com/dataforseo-bot)" 309 **0/309232**
85.208.96.201 - - [03/Mar/2026:08:38:35 -0700] "GET /lucky-legends-was-an-on-line-local-casino-along-with-1600-games-famous-for-the-various-types-of-alive-roulette/ HTTP/1.1" 200 78579 "-" "Mozilla/5.0 (compatible; SemrushBot/7~bl; +http://www.semrush.com/bot.html)" 306 **0/306961**
143.14.6.100 - - [03/Mar/2026:08:38:37 -0700] "GET /wp-json/oembed/1.0/embed?url=http%3A%2F%2Fwww.icdp.co.in%2Ftips-redeem-nv-casino-bucks-awards-at-the-golden-minds-video-game%2F HTTP/1.1" 200 2490 "-" "Mozilla/5.0 (Macintosh; Intel Mac OS X 10_15_7) AppleWebKit/537.36 (KHTML, like Gecko) Chrome/135.0.0.0 Safari/537.36" 141 **0/141101**
192.252.216.81 - - [03/Mar/2026:08:38:37 -0700] "GET /free-spin-za-registraci-bez-vkladu-jak-je-ziskat-a/ HTTP/1.1" 200 73467 "-" "Mozilla/5.0 (Windows NT 10.0; WOW64) AppleWebKit/537.36 (KHTML, like Gecko) Chrome/114.0.0.0 YaBrowser/22.7.0 Yowser/2.5 Safari/537.36" 306 **0/306145**
136.243.220.212 - - [03/Mar/2026:08:38:38 -0700] "GET /verbunden-spinfest-login-registration-zum-besten-geben/ HTTP/1.1" 200 71353 "-" "Mozilla/5.0 (compatible; DataForSeoBot/1.0; +https://dataforseo.com/dataforseo-bot)" 298 **0/298295**
185.191.171.12 - - [03/Mar/2026:08:38:38 -0700] "GET /1win-casino-chile-927/ HTTP/1.1" 200 83471 "-" "Mozilla/5.0 (compatible; SemrushBot/7~bl; +http://www.semrush.com/bot.html)" 300 **0/300995**
136.243.220.212 - - [03/Mar/2026:08:38:41 -0700] "GET /bingo-online-acimade-portugal-2025-aparelhar-bonus-dead-or-alive-bingo-a-dinheiro-atual/ HTTP/1.1" 200 72429 "-" "Mozilla/5.0 (compatible; DataForSeoBot/1.0; +https://dataforseo.com/dataforseo-bot)" 272 **0/272877**
17.241.227.7 - - [03/Mar/2026:08:38:43 -0700] "GET /azino777-oficialyniy-sayt/ HTTP/1.1" 200 205925 "-" "Mozilla/5.0 (Macintosh; Intel Mac OS X 10_15_7) AppleWebKit/605.1.15 (KHTML, like Gecko) Version/17.4 Safari/605.1.15 (Applebot/0.1; +http://www.apple.com/go/applebot)" 285 **0/285359**
17.241.227.7 - - [03/Mar/2026:08:38:45 -0700] "GET /22-bet-casino-136/ HTTP/1.1" 200 84288 "-" "Mozilla/5.0 (Macintosh; Intel Mac OS X 10_15_7) AppleWebKit/605.1.15 (KHTML, like Gecko) Version/17.4 Safari/605.1.15 (Applebot/0.1; +http://www.apple.com/go/applebot)" 286 **0/286514**
57.141.16.77 - - [03/Mar/2026:08:38:45 -0700] "GET /wp-json/oembed/1.0/embed?url=http%3A%2F%2Fwww.icdp.co.in%2Fjust-after-16-years-of-best-the-fresh-new-tulalip-betting-company-ken-kettler-retires%2F HTTP/1.1" 200 2593 "-" "meta-externalagent/1.1 (+https://developers.facebook.com/docs/sharing/webmasters/crawler)" 145 **0/145566**
136.243.220.212 - - [03/Mar/2026:08:38:45 -0700] "GET /speel-online-slots-gokkasten-voor-eigenlijk-strafbaar-te-nederland/ HTTP/1.1" 200 71561 "-" "Mozilla/5.0 (compatible; DataForSeoBot/1.0; +https://dataforseo.com/dataforseo-bot)" 339 **0/339268**
136.243.220.212 - - [03/Mar/2026:08:38:50 -0700] "GET /hex-breaker-2-status-comment-rating/ HTTP/1.1" 200 73134 "-" "Mozilla/5.0 (compatible; DataForSeoBot/1.0; +https://dataforseo.com/dataforseo-bot)" 303 **0/303062**
136.243.220.212 - - [03/Mar/2026:08:38:53 -0700] "GET /nuestro-mago-sobre-oz-consejero-completa-de-su-lista-casino-1xslot-de-libros-sobre-disposicion-cronologico/ HTTP/1.1" 200 73047 "-" "Mozilla/5.0 (compatible; DataForSeoBot/1.0; +https://dataforseo.com/dataforseo-bot)" 360 **0/360942**
136.243.220.212 - - [03/Mar/2026:08:38:58 -0700] "GET /happiest-christmas-time-dolphins-pearl-luxury-position-tree-condition-habanero-comment-gamble-totally-free-demo/ HTTP/1.1" 200 71385 "-" "Mozilla/5.0 (compatible; DataForSeoBot/1.0; +https://dataforseo.com/dataforseo-bot)" 363 **0/363799**
98.98.9.61 - - [03/Mar/2026:08:38:59 -0700] "POST /xmlrpc.php HTTP/1.1" 200 181 "-" "Mozilla/5.0 (Windows NT 10.0; Win64; x64) AppleWebKit/537.36 (KHTML, like Gecko) Chrome/114.0.0.0 Safari/537.36" 189 **0/189305**
136.243.220.212 - - [03/Mar/2026:08:39:02 -0700] "GET /ideal-online-gambling-enterprises-that-accept-mastercard/ HTTP/1.1" 200 70944 "-" "Mozilla/5.0 (compatible; DataForSeoBot/1.0; +https://dataforseo.com/dataforseo-bot)" 558 **0/558675**
85.208.96.194 - - [03/Mar/2026:08:39:03 -0700] "GET /colpire-la-jackpot-con-bassbet-un-gioco-di-azzardo/ HTTP/1.1" 200 78778 "-" "Mozilla/5.0 (compatible; SemrushBot/7~bl; +http://www.semrush.com/bot.html)" 438 **0/438495**
198.244.240.192 - - [03/Mar/2026:08:39:04 -0700] "GET /der-schub-von-mobilen-casinos-eine-neue-ara-im-gaming/ HTTP/1.1" 200 72507 "-" "Mozilla/5.0 (compatible; AhrefsBot/7.0; +http://ahrefs.com/robot/)" 413 **0/413490**
136.243.220.212 - - [03/Mar/2026:08:39:05 -0700] "GET /leon-pharaos-riches-deutschland-casino-spiel-casino-deutschland/ HTTP/1.1" 200 72334 "-" "Mozilla/5.0 (compatible; DataForSeoBot/1.0; +https://dataforseo.com/dataforseo-bot)" 317 **0/317244**
85.208.96.204 - - [03/Mar/2026:08:39:05 -0700] "GET /single-deck-blackjack-sei-erhaltlich-unter-einsatz-von-45-auszahlung-unter-anderem-two38-v-h-house-area/ HTTP/1.1" 200 79490 "-" "Mozilla/5.0 (compatible; SemrushBot/7~bl; +http://www.semrush.com/bot.html)" 338 **0/338644**
98.98.9.61 - - [03/Mar/2026:08:39:06 -0700] "POST /xmlrpc.php HTTP/1.1" 200 11910 "-" "Mozilla/5.0 (Windows NT 10.0; Win64; x64) AppleWebKit/537.36 (KHTML, like Gecko) Chrome/114.0.0.0 Safari/537.36" 714 **0/714802**
136.243.220.212 - - [03/Mar/2026:08:39:10 -0700] "GET /tiradas-gratuito-en-casinos-online-2025-giros-regalado-desprovisto-bonificacion-booi-tanque/ HTTP/1.1" 200 73826 "-" "Mozilla/5.0 (compatible; DataForSeoBot/1.0; +https://dataforseo.com/dataforseo-bot)" 284 **0/284598**
98.98.9.61 - - [03/Mar/2026:08:39:08 -0700] "GET /wunderino-zugang-und-registrierung-im-kasino-slot-cash-runner-fur-jedes-glucksspieler-alle-teutonia/ HTTP/1.1" 200 346952 "-" "Mozilla/5.0 (Windows NT 10.0; Win64; x64) AppleWebKit/537.36 (KHTML, like Gecko) Chrome/124.0.0.0 Safari/537.36" 2910 **2/2910872**
136.243.220.212 - - [03/Mar/2026:08:39:14 -0700] "GET /duck-kurzen-kostenfrei-noch-mehr-daten-geben-abzuglich-registrierung-free-energy-fruits-5-einsatz-schnapsidee-slot/ HTTP/1.1" 200 74595 "-" "Mozilla/5.0 (compatible; DataForSeoBot/1.0; +https://dataforseo.com/dataforseo-bot)" 286 **0/286209**
136.243.220.212 - - [03/Mar/2026:08:39:18 -0700] "GET /book-bestes-online-casino-diamonds-of-dead-gebuhrenfrei-unter-einsatz-von-echtgeld-spielen/ HTTP/1.1" 200 72096 "-" "Mozilla/5.0 (compatible; DataForSeoBot/1.0; +https://dataforseo.com/dataforseo-bot)" 330 **0/330615**
136.243.220.212 - - [03/Mar/2026:08:39:22 -0700] "GET /big-catch-kostenlos-stake7-casino-spielen/ HTTP/1.1" 200 72524 "-" "Mozilla/5.0 (compatible; DataForSeoBot/1.0; +https://dataforseo.com/dataforseo-bot)" 303 **0/303002**
136.243.220.212 - - [03/Mar/2026:08:39:26 -0700] "GET /aparelhar-bingo-raging-rhino-aperitivo-deposito-registro-de-login-do-pixbet-online-acessivel-acercade-2022-bti-bit-trading-insurance/ HTTP/1.1" 200 70869 "-" "Mozilla/5.0 (compatible; DataForSeoBot/1.0; +https://dataforseo.com/dataforseo-bot)" 335 **0/335872**
136.243.220.212 - - [03/Mar/2026:08:39:30 -0700] "GET /bonos-falto-deposito-con-el-fin-de-tragamonedas-book-of-ra-party-casinos-referente-brecha-kitty-glitter-en-chile-mayo-2025/ HTTP/1.1" 200 72696 "-" "Mozilla/5.0 (compatible; DataForSeoBot/1.0; +https://dataforseo.com/dataforseo-bot)" 292 **0/292092**
136.243.220.212 - - [03/Mar/2026:08:39:34 -0700] "GET /jogo-dragon-tiger-valendo-dinheiro-von-aplicativo-f12bet-brasil-soft-gamimgs-rtp-96-27/ HTTP/1.1" 200 71258 "-" "Mozilla/5.0 (compatible; DataForSeoBot/1.0; +https://dataforseo.com/dataforseo-bot)" 274 **0/274360**
85.208.96.204 - - [03/Mar/2026:08:39:38 -0700] "GET /beste-angeschlossen-kasino-nicht-vor-platinum-play-casino-5-euro-einzahlung-inside-osterreich-2026/ HTTP/1.1" 200 80172 "-" "Mozilla/5.0 (compatible; SemrushBot/7~bl; +http://www.semrush.com/bot.html)" 303 **0/303990**
136.243.220.212 - - [03/Mar/2026:08:39:38 -0700] "GET /acabamento-sweet-bonanza-briga-site-artifice-esfogiteado-slot-apontar-cassino-online/ HTTP/1.1" 200 74444 "-" "Mozilla/5.0 (compatible; DataForSeoBot/1.0; +https://dataforseo.com/dataforseo-bot)" 308 **0/308264**
185.191.171.18 - - [03/Mar/2026:08:39:41 -0700] "GET /kritisch-bewerten-die-leser-qua-weiteren-spielern-unter-einsatz-von-die-gesamtheit-is-via-crash-pour-adulte-zusammenhangt/ HTTP/1.1" 200 79154 "-" "Mozilla/5.0 (compatible; SemrushBot/7~bl; +http://www.semrush.com/bot.html)" 278 **0/278915**
136.243.220.212 - - [03/Mar/2026:08:39:42 -0700] "GET /bonus-sem-codigos-de-bonus-do-cassino-superbet-deposito-2025-codigos-bonus-para-casinos-online/ HTTP/1.1" 200 70893 "-" "Mozilla/5.0 (compatible; DataForSeoBot/1.0; +https://dataforseo.com/dataforseo-bot)" 297 **0/297260**
136.243.220.212 - - [03/Mar/2026:08:39:46 -0700] "GET /aparelhamento-fuente-util-bac-bo-cassino-aquele-apostar-ardil-demonio/ HTTP/1.1" 200 71742 "-" "Mozilla/5.0 (compatible; DataForSeoBot/1.0; +https://dataforseo.com/dataforseo-bot)" 322 **0/322414**
57.141.16.15 - - [03/Mar/2026:08:39:48 -0700] "GET /wp-json/wp/v2/posts/149000 HTTP/1.1" 200 7531 "-" "meta-externalagent/1.1 (+https://developers.facebook.com/docs/sharing/webmasters/crawler)" 150 **0/150881**
136.243.220.212 - - [03/Mar/2026:08:39:50 -0700] "GET /como-funcionam-os-instant-speedway-aplicativo-goldbet-racing-login-do-aplicativo-superbet-slot-online-feita-sem-entreposto-ai-designco/ HTTP/1.1" 200 73335 "-" "Mozilla/5.0 (compatible; DataForSeoBot/1.0; +https://dataforseo.com/dataforseo-bot)" 310 **0/310258**
57.141.16.79 - - [03/Mar/2026:08:39:53 -0700] "GET /mastering-live-dealer-jackpots-an-expert-guide-for-uk-players/feed/ HTTP/1.1" 200 929 "-" "meta-externalagent/1.1 (+https://developers.facebook.com/docs/sharing/webmasters/crawler)" 152 **0/152034**
136.243.220.212 - - [03/Mar/2026:08:39:54 -0700] "GET /cherry-kasino-offizielle-flugel-cherrycasino-anmelden/ HTTP/1.1" 200 74107 "-" "Mozilla/5.0 (compatible; DataForSeoBot/1.0; +https://dataforseo.com/dataforseo-bot)" 313 **0/313723**
57.141.16.49 - - [03/Mar/2026:08:39:55 -0700] "GET /wp-json/oembed/1.0/embed?url=http%3A%2F%2Fwww.icdp.co.in%2Ftodays-online-casinos-are-in-many-shapes-and-colors%2F HTTP/1.1" 200 2441 "-" "meta-externalagent/1.1 (+https://developers.facebook.com/docs/sharing/webmasters/crawler)" 149 **0/149592**
68.178.232.37 - - [03/Mar/2026:08:39:59 -0700] "POST /wp-cron.php?doing_wp_cron=1772552399.1812520027160644531250 HTTP/1.1" 200 - "http://www.icdp.co.in/wp-cron.php?doing_wp_cron=1772552399.1812520027160644531250" "WordPress/5.7.8; http://www.icdp.co.in" 174 **0/174545**
136.243.220.212 - - [03/Mar/2026:08:39:59 -0700] "GET /live-50-giros-slot-zeus-dado-sobre-monopoly-live-sem-armazem-dealer-fan-tan-play-online-with-contemporaneo-dealers-in-2025/ HTTP/1.1" 200 72519 "-" "Mozilla/5.0 (compatible; DataForSeoBot/1.0; +https://dataforseo.com/dataforseo-bot)" 481 **0/481525**
57.141.16.15 - - [03/Mar/2026:08:40:01 -0700] "GET /habitualmente-nuestro-regreso-del-deportista-incluyo-dentro-de-94-and-97/feed/ HTTP/1.1" 200 963 "-" "meta-externalagent/1.1 (+https://developers.facebook.com/docs/sharing/webmasters/crawler)" 682 **0/682957**
57.141.16.49 - - [03/Mar/2026:08:40:01 -0700] "GET /wp-json/oembed/1.0/embed?url=http%3A%2F%2Fwww.icdp.co.in%2Feffective-ways-to-find-marriage-partners%2F HTTP/1.1" 200 2365 "-" "meta-externalagent/1.1 (+https://developers.facebook.com/docs/sharing/webmasters/crawler)" 704 **0/704588**
136.243.220.212 - - [03/Mar/2026:08:40:02 -0700] "GET /sweet-bonanza-75-rodadas-acessivel-sem-deposito/ HTTP/1.1" 200 74655 "-" "Mozilla/5.0 (compatible; DataForSeoBot/1.0; +https://dataforseo.com/dataforseo-bot)" 647 **0/647239**
136.243.220.212 - - [03/Mar/2026:08:40:06 -0700] "GET /supergaaf-willekeurig-runner-hold-bestorming-gokkast-acteren-review-kennisoverdracht/ HTTP/1.1" 200 70927 "-" "Mozilla/5.0 (compatible; DataForSeoBot/1.0; +https://dataforseo.com/dataforseo-bot)" 448 **0/448653**
136.243.220.212 - - [03/Mar/2026:08:40:10 -0700] "GET /online-blackjac-slot-champion-raceway-spelen-casinos-en-speluitleg/ HTTP/1.1" 200 72162 "-" "Mozilla/5.0 (compatible; DataForSeoBot/1.0; +https://dataforseo.com/dataforseo-bot)" 412 **0/412945**
136.243.220.212 - - [03/Mar/2026:08:40:14 -0700] "GET /portable-gaming-features-compared-luckypays-vs-jokabet-for-on-the-go-play/ HTTP/1.1" 200 75010 "-" "Mozilla/5.0 (compatible; DataForSeoBot/1.0; +https://dataforseo.com/dataforseo-bot)" 386 **0/386011**
136.243.220.212 - - [03/Mar/2026:08:40:19 -0700] "GET /europaplay-erfahrungen-2021-probe-and-kundenmeinungen/ HTTP/1.1" 200 74684 "-" "Mozilla/5.0 (compatible; DataForSeoBot/1.0; +https://dataforseo.com/dataforseo-bot)" 384 **0/384294**
136.243.220.212 - - [03/Mar/2026:08:40:22 -0700] "GET /50-mr-bet-spielbank-80-keine-kostenlosen-sicherheit-spins-freie-spins-keine-abtreten-einer-forderung-diesen-link-drucken-as-part-of-registration-biskuit-150-kostenlose-spins-anmeldung-de-2023/ HTTP/1.1" 200 70849 "-" "Mozilla/5.0 (compatible; DataForSeoBot/1.0; +https://dataforseo.com/dataforseo-bot)" 400 **0/400474**
136.243.220.212 - - [03/Mar/2026:08:40:26 -0700] "GET /verbunden-casinos-abzuglich-konto-verzeichnis-das-besten-provider-2025/ HTTP/1.1" 200 72956 "-" "Mozilla/5.0 (compatible; DataForSeoBot/1.0; +https://dataforseo.com/dataforseo-bot)" 421 **0/421916**
136.243.220.212 - - [03/Mar/2026:08:40:30 -0700] "GET /enjoy-wolf-work-on-ports-online-2025/ HTTP/1.1" 200 72135 "-" "Mozilla/5.0 (compatible; DataForSeoBot/1.0; +https://dataforseo.com/dataforseo-bot)" 385 **0/385461**
136.243.220.212 - - [03/Mar/2026:08:40:34 -0700] "GET /tagliche-freispiele-ohne-einzahlung-top-aktuelle-angebote/ HTTP/1.1" 200 74278 "-" "Mozilla/5.0 (compatible; DataForSeoBot/1.0; +https://dataforseo.com/dataforseo-bot)" 359 **0/359455**
136.243.220.212 - - [03/Mar/2026:08:40:38 -0700] "GET /scarab-slot-retorno-apreciacao-que-minha-conta-trinocasino-onde-aparelhar/ HTTP/1.1" 200 71656 "-" "Mozilla/5.0 (compatible; DataForSeoBot/1.0; +https://dataforseo.com/dataforseo-bot)" 353 **0/353228**
57.141.16.53 - - [03/Mar/2026:08:40:39 -0700] "GET /wp-json/wp/v2/posts/146277 HTTP/1.1" 200 7416 "-" "meta-externalagent/1.1 (+https://developers.facebook.com/docs/sharing/webmasters/crawler)" 170 **0/170062**
136.243.220.212 - - [03/Mar/2026:08:40:42 -0700] "GET /pariman-vikings-casino-codigo-promocional-echa-un-vistazo-al-hipervinculo-infantilidade-mrbet-valendo-armazem-zeus-5-algum-efetivo-ou-jogue-dado-dicas/ HTTP/1.1" 200 72576 "-" "Mozilla/5.0 (compatible; DataForSeoBot/1.0; +https://dataforseo.com/dataforseo-bot)" 396 **0/396310**
57.141.16.85 - - [03/Mar/2026:08:40:45 -0700] "GET /wp-json/wp/v2/posts/150752 HTTP/1.1" 200 8068 "-" "meta-externalagent/1.1 (+https://developers.facebook.com/docs/sharing/webmasters/crawler)" 174 **0/174990**
136.243.220.212 - - [03/Mar/2026:08:40:46 -0700] "GET /on-line-casino-uden-rofus-bedste-casinoer-uden-rofus-2025/ HTTP/1.1" 200 79567 "-" "Mozilla/5.0 (compatible; DataForSeoBot/1.0; +https://dataforseo.com/dataforseo-bot)" 352 **0/352298**
136.243.220.212 - - [03/Mar/2026:08:40:50 -0700] "GET /5-megawin-online-casino-nederland-an-10-euro-gratis-fiche-buitenshuis-verplichtingen/ HTTP/1.1" 200 72207 "-" "Mozilla/5.0 (compatible; DataForSeoBot/1.0; +https://dataforseo.com/dataforseo-bot)" 317 **0/317744**
136.243.220.212 - - [03/Mar/2026:08:40:54 -0700] "GET /soluciona-los-booi-bonificacion-por-unirse-maquinas-tragamonedas-regalado-referente-a-camino/ HTTP/1.1" 200 73509 "-" "Mozilla/5.0 (compatible; DataForSeoBot/1.0; +https://dataforseo.com/dataforseo-bot)" 379 **0/379564**
68.178.232.37 - - [03/Mar/2026:08:40:58 -0700] "POST /wp-cron.php?doing_wp_cron=1772552458.8453850746154785156250 HTTP/1.1" 200 - "http://www.icdp.co.in/wp-cron.php?doing_wp_cron=1772552458.8453850746154785156250" "WordPress/5.7.8; http://www.icdp.co.in" 182 **0/182132**
136.243.220.212 - - [03/Mar/2026:08:40:58 -0700] "GET /hier-speel-jij-veilig-slot-samba-de-frutas-vuilstort-jij-betreffende-ideal/ HTTP/1.1" 200 72213 "-" "Mozilla/5.0 (compatible; DataForSeoBot/1.0; +https://dataforseo.com/dataforseo-bot)" 601 **0/601914**
136.243.220.212 - - [03/Mar/2026:08:41:03 -0700] "GET /gissen-ervoor-in-poen-ofwel-kosteloos-te-online-casino-farm-gokkasten-nederlan/ HTTP/1.1" 200 72084 "-" "Mozilla/5.0 (compatible; DataForSeoBot/1.0; +https://dataforseo.com/dataforseo-bot)" 457 **0/457873**
85.208.96.210 - - [03/Mar/2026:08:41:05 -0700] "GET /selbige-beschaftigter-sie-sind-deutschsprachig-und-auch-nachfolgende-homepage-sei-einbegriffen-crapahuter-unterseiten-within-deutsch-zuganglich/ HTTP/1.1" 200 79403 "-" "Mozilla/5.0 (compatible; SemrushBot/7~bl; +http://www.semrush.com/bot.html)" 311 **0/311021**
136.243.220.212 - - [03/Mar/2026:08:41:07 -0700] "GET /cabaret-klub-casino/ HTTP/1.1" 200 74231 "-" "Mozilla/5.0 (compatible; DataForSeoBot/1.0; +https://dataforseo.com/dataforseo-bot)" 371 **0/371262**
136.243.220.212 - - [03/Mar/2026:08:41:10 -0700] "GET /euromillions-kansen-watje-zijn-casino-sir-winsalot-gij-gelegenheden-afwisselend-te-verslaan-euromillions/ HTTP/1.1" 200 72371 "-" "Mozilla/5.0 (compatible; DataForSeoBot/1.0; +https://dataforseo.com/dataforseo-bot)" 401 **0/401635**
136.243.220.212 - - [03/Mar/2026:08:41:15 -0700] "GET /analise-puerilidade-cacaniqueis-aquele-aparelhamento-de-papel-gratis-seven-seven-pots-and-pearls/ HTTP/1.1" 200 74350 "-" "Mozilla/5.0 (compatible; DataForSeoBot/1.0; +https://dataforseo.com/dataforseo-bot)" 353 **0/353582**
57.141.16.71 - - [03/Mar/2026:08:41:18 -0700] "GET /wp-json/wp/v2/posts/150950 HTTP/1.1" 200 16425 "-" "meta-externalagent/1.1 (+https://developers.facebook.com/docs/sharing/webmasters/crawler)" 143 **0/143780**
136.243.220.212 - - [03/Mar/2026:08:41:18 -0700] "GET /karaoke-party-rodadas-acostumado-pagbet-login-para-pc-slots-villa-casino/ HTTP/1.1" 200 72229 "-" "Mozilla/5.0 (compatible; DataForSeoBot/1.0; +https://dataforseo.com/dataforseo-bot)" 367 **0/367963**
136.243.220.212 - - [03/Mar/2026:08:41:22 -0700] "GET /jouw-kosteloos-offlin-bank-online-casinos-re-spin-functie-no-deposit-speel-nu/ HTTP/1.1" 200 72339 "-" "Mozilla/5.0 (compatible; DataForSeoBot/1.0; +https://dataforseo.com/dataforseo-bot)" 371 **0/371947**
57.141.16.41 - - [03/Mar/2026:08:41:26 -0700] "GET /wp-json/wp/v2/posts/145529 HTTP/1.1" 200 8606 "-" "meta-externalagent/1.1 (+https://developers.facebook.com/docs/sharing/webmasters/crawler)" 208 **0/208967**
136.243.220.212 - - [03/Mar/2026:08:41:26 -0700] "GET /darmowe-spiny-odbierz-premia-z-brakiem-depozytu-xon-bet-promo-przy-kasynach-sieciowy/ HTTP/1.1" 200 73870 "-" "Mozilla/5.0 (compatible; DataForSeoBot/1.0; +https://dataforseo.com/dataforseo-bot)" 384 **0/384151**
136.243.220.212 - - [03/Mar/2026:08:41:30 -0700] "GET /beste-pc-unter-anderem-konsolenspiele-liste-der-beliebtesten-games/ HTTP/1.1" 200 73258 "-" "Mozilla/5.0 (compatible; DataForSeoBot/1.0; +https://dataforseo.com/dataforseo-bot)" 387 **0/387928**
136.243.220.212 - - [03/Mar/2026:08:41:34 -0700] "GET /e-faco-para-examinar-aquele-cunhar-arruii-meu-comprovado-infantilidade-rendimentos-cargo-de-meios-humanos/ HTTP/1.1" 200 74399 "-" "Mozilla/5.0 (compatible; DataForSeoBot/1.0; +https://dataforseo.com/dataforseo-bot)" 310 **0/310816**
136.243.220.212 - - [03/Mar/2026:08:41:39 -0700] "GET /10-voor-spins-buitenshuis-voorschot-100-onmisbare-online-gokhal-fooien-welcome-tot-wamug/ HTTP/1.1" 200 71820 "-" "Mozilla/5.0 (compatible; DataForSeoBot/1.0; +https://dataforseo.com/dataforseo-bot)" 357 **0/357990**
136.243.220.212 - - [03/Mar/2026:08:41:42 -0700] "GET /one-hundred-totally-free-spins-no-deposit-casino-pop-free-spins-incentives-to-own-october-2025/ HTTP/1.1" 200 72275 "-" "Mozilla/5.0 (compatible; DataForSeoBot/1.0; +https://dataforseo.com/dataforseo-bot)" 313 **0/313328**
136.243.220.212 - - [03/Mar/2026:08:41:46 -0700] "GET /ademane-criancice-area-acostumado-acercade-mad-mad-hot-hot-fruit-anuviado-armazem-playpix-login-de-aposta-monkey/ HTTP/1.1" 200 72323 "-" "Mozilla/5.0 (compatible; DataForSeoBot/1.0; +https://dataforseo.com/dataforseo-bot)" 310 **0/310945**
17.241.227.108 - - [03/Mar/2026:08:41:47 -0700] "GET /greatest-payid-gambling-enterprises-in-australia-payid-pokies-2026/ HTTP/1.1" 200 81334 "-" "Mozilla/5.0 (Macintosh; Intel Mac OS X 10_15_7) AppleWebKit/605.1.15 (KHTML, like Gecko) Version/17.4 Safari/605.1.15 (Applebot/0.1; +http://www.apple.com/go/applebot)" 375 **0/375245**
143.14.6.69 - - [03/Mar/2026:08:41:50 -0700] "GET /wp-json/wp/v2/posts/45285 HTTP/1.1" 200 10628 "-" "Mozilla/5.0 (Macintosh; Intel Mac OS X 10_15_7) AppleWebKit/537.36 (KHTML, like Gecko) Chrome/135.0.0.0 Safari/537.36" 167 **0/167121**
136.243.220.212 - - [03/Mar/2026:08:41:50 -0700] "GET /kostenlose-onlinespiele-letter-auf-y8-com-vortragen/ HTTP/1.1" 200 72980 "-" "Mozilla/5.0 (compatible; DataForSeoBot/1.0; +https://dataforseo.com/dataforseo-bot)" 300 **0/300515**
136.243.220.212 - - [03/Mar/2026:08:41:54 -0700] "GET /lvbet-spielsaal-casino-mybet-bonus-9-codes-gutschein-blos-einzahlung/ HTTP/1.1" 200 72145 "-" "Mozilla/5.0 (compatible; DataForSeoBot/1.0; +https://dataforseo.com/dataforseo-bot)" 308 **0/308274**
68.178.232.37 - - [03/Mar/2026:08:41:59 -0700] "POST /wp-cron.php?doing_wp_cron=1772552519.0070199966430664062500 HTTP/1.1" 200 - "http://www.icdp.co.in/wp-cron.php?doing_wp_cron=1772552519.0070199966430664062500" "WordPress/5.7.8; http://www.icdp.co.in" 184 **0/184323**
136.243.220.212 - - [03/Mar/2026:08:41:58 -0700] "GET /giros-dado-sem-deposito-2025-ganhe-revisao-de-booi-rodadas-acostumado/ HTTP/1.1" 200 72226 "-" "Mozilla/5.0 (compatible; DataForSeoBot/1.0; +https://dataforseo.com/dataforseo-bot)" 474 **0/474851**
136.243.220.212 - - [03/Mar/2026:08:42:03 -0700] "GET /rodadas-site-relacionado-gratis-sem-armazem-2025-os-immortal-glory-150-revisoes-gratuitas-melhores-cassinos-online-pictureline/ HTTP/1.1" 200 71136 "-" "Mozilla/5.0 (compatible; DataForSeoBot/1.0; +https://dataforseo.com/dataforseo-bot)" 450 **0/450927**
57.141.16.63 - - [03/Mar/2026:08:42:04 -0700] "GET /wp-json/wp/v2/posts/149318 HTTP/1.1" 200 8303 "-" "meta-externalagent/1.1 (+https://developers.facebook.com/docs/sharing/webmasters/crawler)" 145 **0/145974**
136.243.220.212 - - [03/Mar/2026:08:42:06 -0700] "GET /liefste-casinos-wegens-holland-juridische-plu-betrouwbare-27-betaallijnen-gokkast-sites/ HTTP/1.1" 200 72259 "-" "Mozilla/5.0 (compatible; DataForSeoBot/1.0; +https://dataforseo.com/dataforseo-bot)" 303 **0/303596**
57.141.16.8 - - [03/Mar/2026:08:42:10 -0700] "GET /fre-spins-gokhal-2026-noppes-spins-premie-gedurende-bergtop-casinos/feed/ HTTP/1.1" 200 953 "-" "meta-externalagent/1.1 (+https://developers.facebook.com/docs/sharing/webmasters/crawler)" 138 **0/138804**
136.243.220.212 - - [03/Mar/2026:08:42:10 -0700] "GET /offlin-gokken-over-toeslag-te-goksites-immerion-casino-app-aanmelding-wegens-nederlan/ HTTP/1.1" 200 71376 "-" "Mozilla/5.0 (compatible; DataForSeoBot/1.0; +https://dataforseo.com/dataforseo-bot)" 320 **0/320879**
17.246.15.214 - - [03/Mar/2026:08:42:12 -0700] "GET /casino-se-det-nu-kampagner-dags-dat-sikken-nye-og-eksisterende-spillere-2025/ HTTP/1.1" 200 79722 "-" "Mozilla/5.0 (Macintosh; Intel Mac OS X 10_15_7) AppleWebKit/605.1.15 (KHTML, like Gecko) Version/17.4 Safari/605.1.15 (Applebot/0.1; +http://www.apple.com/go/applebot)" 272 **0/272351**
136.243.220.212 - - [03/Mar/2026:08:42:14 -0700] "GET /offlin-gissen-te-holland-2025-lieve-nederlandse-goksites/ HTTP/1.1" 200 72033 "-" "Mozilla/5.0 (compatible; DataForSeoBot/1.0; +https://dataforseo.com/dataforseo-bot)" 276 **0/276668**
185.191.171.12 - - [03/Mar/2026:08:42:14 -0700] "GET /pragmatic-play-online-no-deposit-casino-vulkan-vegas-slot/ HTTP/1.1" 200 80437 "-" "Mozilla/5.0 (compatible; SemrushBot/7~bl; +http://www.semrush.com/bot.html)" 272 **0/272424**
136.243.220.212 - - [03/Mar/2026:08:42:18 -0700] "GET /period-of-the-brand-new-little-britain-slot-gods-goodness-of-storms-slot-free-demo-enjoy/ HTTP/1.1" 200 72291 "-" "Mozilla/5.0 (compatible; DataForSeoBot/1.0; +https://dataforseo.com/dataforseo-bot)" 273 **0/273924**
136.243.220.212 - - [03/Mar/2026:08:42:23 -0700] "GET /really-hot-maquina-tragamonedas-regalado-en-camino-hace-sitio-rentable-el-trabajo-para-divertirte-gamzix/ HTTP/1.1" 200 73598 "-" "Mozilla/5.0 (compatible; DataForSeoBot/1.0; +https://dataforseo.com/dataforseo-bot)" 313 **0/313769**
136.243.220.212 - - [03/Mar/2026:08:42:27 -0700] "GET /black-horse-automaty-internetowego-oraz-maszyny-za-darmo-crazy-monkey-automaty-do-gier-z-brakiem-zapisu/ HTTP/1.1" 200 72254 "-" "Mozilla/5.0 (compatible; DataForSeoBot/1.0; +https://dataforseo.com/dataforseo-bot)" 296 **0/296204**
85.208.96.205 - - [03/Mar/2026:08:42:27 -0700] "GET /blog/page/5660/ HTTP/1.1" 200 79967 "-" "Mozilla/5.0 (compatible; SemrushBot/7~bl; +http://www.semrush.com/bot.html)" 446 **0/446802**
136.243.220.212 - - [03/Mar/2026:08:42:30 -0700] "GET /casinobonuscodes-2025-krijg-bonussen-buiten-stortin/ HTTP/1.1" 200 71835 "-" "Mozilla/5.0 (compatible; DataForSeoBot/1.0; +https://dataforseo.com/dataforseo-bot)" 362 **0/362932**
136.243.220.212 - - [03/Mar/2026:08:42:34 -0700] "GET /vavada-online-casino-u-hrvatskoj-automati-za-igre-630/ HTTP/1.1" 200 72810 "-" "Mozilla/5.0 (compatible; DataForSeoBot/1.0; +https://dataforseo.com/dataforseo-bot)" 319 **0/319336**
57.141.16.70 - - [03/Mar/2026:08:42:38 -0700] "GET /wp-json/wp/v2/posts/147520 HTTP/1.1" 200 10205 "-" "meta-externalagent/1.1 (+https://developers.facebook.com/docs/sharing/webmasters/crawler)" 158 **0/158759**
136.243.220.212 - - [03/Mar/2026:08:42:38 -0700] "GET /rocketriches-casino-norge-2025-full-anmeldelse-i-tillegg-til-casino-stars-paloggingsbonus-bonuser/ HTTP/1.1" 200 73130 "-" "Mozilla/5.0 (compatible; DataForSeoBot/1.0; +https://dataforseo.com/dataforseo-bot)" 292 **0/292497**
136.243.220.212 - - [03/Mar/2026:08:42:42 -0700] "GET /jednoreki-rzezimieszek-online-za-darmo-i-najistotniejsze-gry-hitman-slot-prawdziwe-pieniadze-hazardowe/ HTTP/1.1" 200 72374 "-" "Mozilla/5.0 (compatible; DataForSeoBot/1.0; +https://dataforseo.com/dataforseo-bot)" 267 **0/267246**
136.243.220.212 - - [03/Mar/2026:08:42:46 -0700] "GET /winorama-rtg-echt-geld-gokhal-7-eur-of-70-spins-kosteloos/ HTTP/1.1" 200 72371 "-" "Mozilla/5.0 (compatible; DataForSeoBot/1.0; +https://dataforseo.com/dataforseo-bot)" 307 **0/307517**
136.243.220.212 - - [03/Mar/2026:08:42:50 -0700] "GET /mas-casinos-hugo-casino-descarga-de-la-aplicacion-apk-online-en-mexico-top-octubre-de-2025/ HTTP/1.1" 200 73547 "-" "Mozilla/5.0 (compatible; DataForSeoBot/1.0; +https://dataforseo.com/dataforseo-bot)" 313 **0/313374**
17.246.19.190 - - [03/Mar/2026:08:42:52 -0700] "GET /%d0%bc%d0%b5%d1%82%d0%b5%d0%bd%d0%be%d0%bb%d0%be%d0%bd-%d0%bf%d1%80%d0%b8%d0%bc%d0%be%d0%b1%d0%be%d0%bb%d0%b0%d0%bd-%d1%82%d0%b0%d0%b1%d0%bb%d0%b5%d1%82%d0%ba%d0%b8-%d0%ba%d0%b0%d0%ba-%d0%bf%d1%80/ HTTP/1.1" 200 77740 "-" "Mozilla/5.0 (Macintosh; Intel Mac OS X 10_15_7) AppleWebKit/605.1.15 (KHTML, like Gecko) Version/17.4 Safari/605.1.15 (Applebot/0.1; +http://www.apple.com/go/applebot)" 347 **0/347113**
136.243.220.212 - - [03/Mar/2026:08:42:54 -0700] "GET /casino-hyperlink-provision-exklusive-einzahlung-in-deutschland-originell-2025/ HTTP/1.1" 200 71947 "-" "Mozilla/5.0 (compatible; DataForSeoBot/1.0; +https://dataforseo.com/dataforseo-bot)" 268 **0/268313**
185.191.171.12 - - [03/Mar/2026:08:42:58 -0700] "GET /puzzle-art-gallery-slot-demonstration-rtp-crazy-casino-96-58-free-play/ HTTP/1.1" 200 80467 "-" "Mozilla/5.0 (compatible; SemrushBot/7~bl; +http://www.semrush.com/bot.html)" 291 **0/291847**
