85.208.96.197 - - [03/Mar/2026:07:45:00 -0700] "GET /cashed/ HTTP/1.1" 200 78220 "-" "Mozilla/5.0 (compatible; SemrushBot/7~bl; +http://www.semrush.com/bot.html)" 368 **0/368382**
57.141.16.83 - - [03/Mar/2026:07:45:02 -0700] "GET /get-your-games-on-the-having-cashapillar-position-the-best-guide/feed/ HTTP/1.1" 200 938 "-" "meta-externalagent/1.1 (+https://developers.facebook.com/docs/sharing/webmasters/crawler)" 295 **0/295165**
57.141.16.32 - - [03/Mar/2026:07:45:03 -0700] "GET /wp-json/oembed/1.0/embed?url=http%3A%2F%2Fwww.icdp.co.in%2Fpros-asi%25ef%25bf%25bd-como-percances-de-juguetear-gratuito-referente-a-las-casinos-en-internet%2F HTTP/1.1" 200 2606 "-" "meta-externalagent/1.1 (+https://developers.facebook.com/docs/sharing/webmasters/crawler)" 248 **0/248729**
136.243.220.212 - - [03/Mar/2026:07:45:04 -0700] "GET /32178-gratis-nettautomater-uten-nedlasting/ HTTP/1.1" 200 72681 "-" "Mozilla/5.0 (compatible; DataForSeoBot/1.0; +https://dataforseo.com/dataforseo-bot)" 456 **0/456770**
57.141.16.80 - - [03/Mar/2026:07:45:07 -0700] "GET /mien-casino-personnellement-%ef%bf%bd-savoir-connaissances-dun-pur-casino-a-la-domicile/ HTTP/1.1" 200 344240 "-" "meta-externalagent/1.1 (+https://developers.facebook.com/docs/sharing/webmasters/crawler)" 493 **0/493575**
136.243.220.212 - - [03/Mar/2026:07:45:08 -0700] "GET /programas-spins-50-giros-acostumado-acimade-queen-aperte-esse-link-aqui-agora-hearts-deluxe-sem-casa-virtuais-acessivel-di-mare/ HTTP/1.1" 200 74565 "-" "Mozilla/5.0 (compatible; DataForSeoBot/1.0; +https://dataforseo.com/dataforseo-bot)" 371 **0/371100**
136.243.220.212 - - [03/Mar/2026:07:45:12 -0700] "GET /klimagerate-test-die-klimaanlagen-uberzeugen-die-gabe-zwingender-hyperlink-warentest/ HTTP/1.1" 200 71985 "-" "Mozilla/5.0 (compatible; DataForSeoBot/1.0; +https://dataforseo.com/dataforseo-bot)" 296 **0/296205**
216.73.216.40 - - [03/Mar/2026:07:45:13 -0700] "GET /?p=156005 HTTP/1.1" 301 1 "-" "Mozilla/5.0 AppleWebKit/537.36 (KHTML, like Gecko; compatible; ClaudeBot/1.0; +claudebot@anthropic.com)" 178 **0/178225**
216.73.216.40 - - [03/Mar/2026:07:45:13 -0700] "GET /claim-your-throne-at-kings-spin-top-slots-fast/ HTTP/1.1" 200 73901 "http://www.icdp.co.in/?p=156005" "Mozilla/5.0 AppleWebKit/537.36 (KHTML, like Gecko; compatible; ClaudeBot/1.0; +claudebot@anthropic.com)" 330 **0/330381**
136.243.220.212 - - [03/Mar/2026:07:45:15 -0700] "GET /online-kienspe-vinnig-voor-voor-in-poen-kienspe/ HTTP/1.1" 200 71468 "-" "Mozilla/5.0 (compatible; DataForSeoBot/1.0; +https://dataforseo.com/dataforseo-bot)" 340 **0/340602**
136.243.220.212 - - [03/Mar/2026:07:45:19 -0700] "GET /gokhal-schrijven-voor-betreffende-speluitleg-verzekeringspremie-en-zoetwatermeer-mining-gokkasten-casino-2024/ HTTP/1.1" 200 72288 "-" "Mozilla/5.0 (compatible; DataForSeoBot/1.0; +https://dataforseo.com/dataforseo-bot)" 286 **0/286912**
104.166.146.88 - - [03/Mar/2026:07:45:20 -0700] "POST /xmlrpc.php HTTP/1.1" 200 181 "-" "Mozilla/5.0 (Windows NT 10.0; Win64; x64) AppleWebKit/537.36 (KHTML, like Gecko) Chrome/114.0.0.0 Safari/537.36" 368 **0/368316**
136.243.220.212 - - [03/Mar/2026:07:45:23 -0700] "GET /anbietervergleich-ihr-onlinecasino-200-prozentbonus-top-40/ HTTP/1.1" 200 71976 "-" "Mozilla/5.0 (compatible; DataForSeoBot/1.0; +https://dataforseo.com/dataforseo-bot)" 1429 **1/1429016**
104.166.146.88 - - [03/Mar/2026:07:45:26 -0700] "POST /xmlrpc.php HTTP/1.1" 200 12008 "-" "Mozilla/5.0 (Windows NT 10.0; Win64; x64) AppleWebKit/537.36 (KHTML, like Gecko) Chrome/114.0.0.0 Safari/537.36" 545 **0/545965**
68.178.232.37 - - [03/Mar/2026:07:45:23 -0700] "POST /wp-cron.php?doing_wp_cron=1772549123.8665139675140380859375 HTTP/1.1" 200 - "http://www.icdp.co.in/wp-cron.php?doing_wp_cron=1772549123.8665139675140380859375" "WordPress/5.7.8; http://www.icdp.co.in" 3530 **3/3530580**
136.243.220.212 - - [03/Mar/2026:07:45:28 -0700] "GET /cassinos-pagbet-apostas-uma-vez-que-entreposto-criancice-5-reais-2025-obtenha-os-melhores-bonus/ HTTP/1.1" 200 72047 "-" "Mozilla/5.0 (compatible; DataForSeoBot/1.0; +https://dataforseo.com/dataforseo-bot)" 446 **0/446634**
17.22.253.151 - - [03/Mar/2026:07:45:28 -0700] "GET /novye-igrovye-vozmozhnosti-v-kat-kazino/ HTTP/1.1" 200 99291 "-" "Mozilla/5.0 (Macintosh; Intel Mac OS X 10_15_7) AppleWebKit/605.1.15 (KHTML, like Gecko) Version/17.4 Safari/605.1.15 (Applebot/0.1; +http://www.apple.com/go/applebot)" 407 **0/407367**
104.166.146.88 - - [03/Mar/2026:07:45:28 -0700] "GET /fur-nusse-auffuhren-100-kostenlose-spins-keine-einzahlung-osterreich-inoffizieller-mitarbeiter-webbrowser/ HTTP/1.1" 200 346156 "-" "Mozilla/5.0 (Windows NT 10.0; rv:125.0) Gecko/20100101 Firefox/125.0" 1027 **1/1027624**
136.243.220.212 - - [03/Mar/2026:07:45:32 -0700] "GET /melhores-slots-esc-online-as-minhas-escolhas-para-2024/ HTTP/1.1" 200 74657 "-" "Mozilla/5.0 (compatible; DataForSeoBot/1.0; +https://dataforseo.com/dataforseo-bot)" 310 **0/310582**
216.73.216.40 - - [03/Mar/2026:07:45:34 -0700] "GET /?p=156009 HTTP/1.1" 301 1 "-" "Mozilla/5.0 AppleWebKit/537.36 (KHTML, like Gecko; compatible; ClaudeBot/1.0; +claudebot@anthropic.com)" 129 **0/129204**
216.73.216.40 - - [03/Mar/2026:07:45:35 -0700] "GET /pekvapiva-fyzika-tsti-jak-funguje-plinko-a-co-vam/ HTTP/1.1" 200 74372 "http://www.icdp.co.in/?p=156009" "Mozilla/5.0 AppleWebKit/537.36 (KHTML, like Gecko; compatible; ClaudeBot/1.0; +claudebot@anthropic.com)" 286 **0/286725**
136.243.220.212 - - [03/Mar/2026:07:45:36 -0700] "GET /immortal-liefdesavontuur-aristocrat-online-gokkasten-review-gratis-en-ervoor-echt-geld-acteren/ HTTP/1.1" 200 71336 "-" "Mozilla/5.0 (compatible; DataForSeoBot/1.0; +https://dataforseo.com/dataforseo-bot)" 274 **0/274374**
85.208.96.199 - - [03/Mar/2026:07:45:38 -0700] "GET /top-5-real-cash-casino-games-at-the-betmgm-michigan-gambling-establishment/ HTTP/1.1" 200 78438 "-" "Mozilla/5.0 (compatible; SemrushBot/7~bl; +http://www.semrush.com/bot.html)" 317 **0/317287**
136.243.220.212 - - [03/Mar/2026:07:45:39 -0700] "GET /beste-offlin-primebetz-app-casinos-met-gameys-schrijven-afwisselend-2025/ HTTP/1.1" 200 72001 "-" "Mozilla/5.0 (compatible; DataForSeoBot/1.0; +https://dataforseo.com/dataforseo-bot)" 281 **0/281319**
185.191.171.10 - - [03/Mar/2026:07:45:40 -0700] "GET /free-spins-hvis-ikke-giroindbetalin-tilslutte-danske-casinoer-ybets-velkomstbonus-komme-sammen-med-hvor/ HTTP/1.1" 200 78779 "-" "Mozilla/5.0 (compatible; SemrushBot/7~bl; +http://www.semrush.com/bot.html)" 319 **0/319401**
85.208.96.202 - - [03/Mar/2026:07:45:42 -0700] "GET /blog/page/144/ HTTP/1.1" 200 79593 "-" "Mozilla/5.0 (compatible; SemrushBot/7~bl; +http://www.semrush.com/bot.html)" 474 **0/474825**
136.243.220.212 - - [03/Mar/2026:07:45:44 -0700] "GET /lucky-pants-bingo-rating-a-good-31-added-bonus-casino-hooks-heroes-rtp-comprehend-opinion-2025/ HTTP/1.1" 200 72406 "-" "Mozilla/5.0 (compatible; DataForSeoBot/1.0; +https://dataforseo.com/dataforseo-bot)" 305 **0/305265**
85.208.96.206 - - [03/Mar/2026:07:45:45 -0700] "GET /chat-match-random-video-chat-pour-android-35/ HTTP/1.1" 200 82658 "-" "Mozilla/5.0 (compatible; SemrushBot/7~bl; +http://www.semrush.com/bot.html)" 298 **0/298602**
136.243.220.212 - - [03/Mar/2026:07:45:48 -0700] "GET /reel-rus-afloop-review-2025-demo-acteren-en-bonussen/ HTTP/1.1" 200 71892 "-" "Mozilla/5.0 (compatible; DataForSeoBot/1.0; +https://dataforseo.com/dataforseo-bot)" 279 **0/279740**
85.208.96.206 - - [03/Mar/2026:07:45:49 -0700] "GET /sic-lasst-einander-unser-schrottmuhle-drama-funktion-amplitudenmodulation-spielautomat-ablassen/ HTTP/1.1" 200 78719 "-" "Mozilla/5.0 (compatible; SemrushBot/7~bl; +http://www.semrush.com/bot.html)" 273 **0/273303**
136.243.220.212 - - [03/Mar/2026:07:45:51 -0700] "GET /te-preferuarat-e-kodi-promo-per-slotet-vulkan-vegas-buta-luckytap/ HTTP/1.1" 200 72190 "-" "Mozilla/5.0 (compatible; DataForSeoBot/1.0; +https://dataforseo.com/dataforseo-bot)" 305 **0/305451**
85.208.96.205 - - [03/Mar/2026:07:45:53 -0700] "GET /category/casino17011/ HTTP/1.1" 200 76648 "-" "Mozilla/5.0 (compatible; SemrushBot/7~bl; +http://www.semrush.com/bot.html)" 387 **0/387712**
57.141.16.5 - - [03/Mar/2026:07:45:54 -0700] "GET /wp-json/wp/v2/posts/146842 HTTP/1.1" 200 8504 "-" "meta-externalagent/1.1 (+https://developers.facebook.com/docs/sharing/webmasters/crawler)" 143 **0/143564**
136.243.220.212 - - [03/Mar/2026:07:45:55 -0700] "GET /anexar-codigo-de-bonus-betnacional-ia-revoluciona-incorporar-oficina-de-cassinos-online-explore-e/ HTTP/1.1" 200 75089 "-" "Mozilla/5.0 (compatible; DataForSeoBot/1.0; +https://dataforseo.com/dataforseo-bot)" 332 **0/332412**
17.241.227.29 - - [03/Mar/2026:07:45:55 -0700] "GET /cowboys-frozen-diamonds-adventures-as-part-of-wonderland-kostenlose-spins-keine-slot-book-of-doom-einzahlung-120-freie-spins-aliens-slot-echte-geldschlitze-machine/ HTTP/1.1" 200 80043 "-" "Mozilla/5.0 (Macintosh; Intel Mac OS X 10_15_7) AppleWebKit/605.1.15 (KHTML, like Gecko) Version/17.4 Safari/605.1.15 (Applebot/0.1; +http://www.apple.com/go/applebot)" 311 **0/311085**
68.178.232.37 - - [03/Mar/2026:07:45:56 -0700] "POST /wp-cron.php?doing_wp_cron=1772549156.0628900527954101562500 HTTP/1.1" 200 - "http://www.icdp.co.in/wp-cron.php?doing_wp_cron=1772549156.0628900527954101562500" "WordPress/5.7.8; http://www.icdp.co.in" 167 **0/167056**
185.191.171.15 - - [03/Mar/2026:07:45:55 -0700] "GET /alaska-angling-licenses-guide-versions-criteria-charge-and-you-will-mr-choice-discount-coupons-2025-no-deposit-laws-and-mega-moolah-120-free-spins-regulations/ HTTP/1.1" 200 80874 "-" "Mozilla/5.0 (compatible; SemrushBot/7~bl; +http://www.semrush.com/bot.html)" 474 **0/474562**
185.191.171.16 - - [03/Mar/2026:07:45:59 -0700] "GET /einerseits-einbehalten-unsereiner-nachfolgende-moglichkeit-ein-neues-spielcasino-risikofrei-auszuprobieren/ HTTP/1.1" 200 80416 "-" "Mozilla/5.0 (compatible; SemrushBot/7~bl; +http://www.semrush.com/bot.html)" 271 **0/271021**
136.243.220.212 - - [03/Mar/2026:07:46:00 -0700] "GET /lapalingo-spielbank-erfahrungen-2025-bonus-80-freispiele/ HTTP/1.1" 200 72950 "-" "Mozilla/5.0 (compatible; DataForSeoBot/1.0; +https://dataforseo.com/dataforseo-bot)" 383 **0/383522**
185.191.171.6 - - [03/Mar/2026:07:46:02 -0700] "GET /blaesevejr-knap-i-kraft-af-garanti-pa-xon-bet-danmark-bonusser-idraet-uden-krav-forudsat-indbetaling/ HTTP/1.1" 200 79153 "-" "Mozilla/5.0 (compatible; SemrushBot/7~bl; +http://www.semrush.com/bot.html)" 366 **0/366805**
136.243.220.212 - - [03/Mar/2026:07:46:04 -0700] "GET /free-spins-2025-sammenlign-beste-gratisspinn-xon-bet-bonuskode-inne-i-norge/ HTTP/1.1" 200 71644 "-" "Mozilla/5.0 (compatible; DataForSeoBot/1.0; +https://dataforseo.com/dataforseo-bot)" 282 **0/282912**
57.141.16.45 - - [03/Mar/2026:07:46:06 -0700] "GET /?p=147647 HTTP/1.1" 301 - "-" "meta-externalagent/1.1 (+https://developers.facebook.com/docs/sharing/webmasters/crawler)" 133 **0/133998**
185.191.171.15 - - [03/Mar/2026:07:46:06 -0700] "GET /cellular-gambling-programs-function-member-amicable-interfaces-and-make-navigation-and-you-may-excitement-regarding-favourite-games-easier/ HTTP/1.1" 200 78450 "-" "Mozilla/5.0 (compatible; SemrushBot/7~bl; +http://www.semrush.com/bot.html)" 310 **0/310352**
136.243.220.212 - - [03/Mar/2026:07:46:08 -0700] "GET /bezplatne-spiny-bez-depozytu-zbyt-rejestracje-2025-free-spiny/ HTTP/1.1" 200 72448 "-" "Mozilla/5.0 (compatible; DataForSeoBot/1.0; +https://dataforseo.com/dataforseo-bot)" 361 **0/361153**
57.141.16.46 - - [03/Mar/2026:07:46:08 -0700] "GET /?p=150984 HTTP/1.1" 301 - "-" "meta-externalagent/1.1 (+https://developers.facebook.com/docs/sharing/webmasters/crawler)" 173 **0/173375**
216.73.216.40 - - [03/Mar/2026:07:46:11 -0700] "GET /claim-your-throne-at-kings-spin-top-slots-fast/feed HTTP/1.1" 301 1 "-" "Mozilla/5.0 AppleWebKit/537.36 (KHTML, like Gecko; compatible; ClaudeBot/1.0; +claudebot@anthropic.com)" 153 **0/153153**
136.243.220.212 - - [03/Mar/2026:07:46:12 -0700] "GET /cassino-online-acostumado-bandeira-dinheiro-100-giros-acessivel-sem-deposito-jetx3-download-do-aplicativo-de-login-kto-das-melhores-casas/ HTTP/1.1" 200 72041 "-" "Mozilla/5.0 (compatible; DataForSeoBot/1.0; +https://dataforseo.com/dataforseo-bot)" 315 **0/315979**
216.73.216.40 - - [03/Mar/2026:07:46:13 -0700] "GET /claim-your-throne-at-kings-spin-top-slots-fast/feed/ HTTP/1.1" 200 448 "http://www.icdp.co.in/claim-your-throne-at-kings-spin-top-slots-fast/feed" "Mozilla/5.0 AppleWebKit/537.36 (KHTML, like Gecko; compatible; ClaudeBot/1.0; +claudebot@anthropic.com)" 115 **0/115870**
185.191.171.12 - - [03/Mar/2026:07:46:14 -0700] "GET /black-horse-slot-recenzja-mobilnego-kasyna-betvictor-internetowego-uciecha-demo-bezplatnie/ HTTP/1.1" 200 79855 "-" "Mozilla/5.0 (compatible; SemrushBot/7~bl; +http://www.semrush.com/bot.html)" 265 **0/265641**
136.243.220.212 - - [03/Mar/2026:07:46:15 -0700] "GET /uitgelezene-slots-2024-grootst-gevierd-online-2-by-2-gaming-gokkasten-casino-bank-slots/ HTTP/1.1" 200 72231 "-" "Mozilla/5.0 (compatible; DataForSeoBot/1.0; +https://dataforseo.com/dataforseo-bot)" 286 **0/286553**
136.243.220.212 - - [03/Mar/2026:07:46:20 -0700] "GET /32e-bezoek-hun-site-olympische-jaargetijde-acteren-afwisselend-tokio-2021/ HTTP/1.1" 200 72551 "-" "Mozilla/5.0 (compatible; DataForSeoBot/1.0; +https://dataforseo.com/dataforseo-bot)" 376 **0/376414**
185.191.171.11 - - [03/Mar/2026:07:46:21 -0700] "GET /bei-dem-winstoria-casino-wartet-ne-enorme-auslese-angeschaltet-hauptpreis-slots-uff-dich/ HTTP/1.1" 200 79190 "-" "Mozilla/5.0 (compatible; SemrushBot/7~bl; +http://www.semrush.com/bot.html)" 278 **0/278698**
136.243.220.212 - - [03/Mar/2026:07:46:23 -0700] "GET /mejores-casinos-online-con-navegar-por-este-sitio-recursos-positivo-sobre-2025/ HTTP/1.1" 200 73351 "-" "Mozilla/5.0 (compatible; DataForSeoBot/1.0; +https://dataforseo.com/dataforseo-bot)" 318 **0/318074**
85.208.96.197 - - [03/Mar/2026:07:46:24 -0700] "GET /das-einstieg-frei-eigenes-wahrung-%EF%BF%BD-entsprechend-tun-without-deposit-boni/ HTTP/1.1" 200 79020 "-" "Mozilla/5.0 (compatible; SemrushBot/7~bl; +http://www.semrush.com/bot.html)" 296 **0/296109**
57.141.16.63 - - [03/Mar/2026:07:46:24 -0700] "GET /40-freispiele-abzuglich-einzahlung-aktuelle-verkettete-liste-5-euro-einzahlung-in-online-casinos-2026/feed/ HTTP/1.1" 200 1049 "-" "meta-externalagent/1.1 (+https://developers.facebook.com/docs/sharing/webmasters/crawler)" 128 **0/128014**
216.244.66.241 - - [03/Mar/2026:07:46:26 -0700] "GET /category/brabet-baixar-apk-29/ HTTP/1.1" 200 341859 "-" "Mozilla/5.0 (compatible; DotBot/1.2; +https://opensiteexplorer.org/dotbot; help@moz.com)" 358 **0/358177**
136.243.220.212 - - [03/Mar/2026:07:46:27 -0700] "GET /sweet-bonanza-assessment-2025-free-participate-in-demo-slot-bonus/ HTTP/1.1" 200 79202 "-" "Mozilla/5.0 (compatible; DataForSeoBot/1.0; +https://dataforseo.com/dataforseo-bot)" 282 **0/282853**
85.208.96.202 - - [03/Mar/2026:07:46:29 -0700] "GET /mata-dagens-ultimata-casinoland-mobil-casino-inloggning-online-casinon/ HTTP/1.1" 200 80002 "-" "Mozilla/5.0 (compatible; SemrushBot/7~bl; +http://www.semrush.com/bot.html)" 260 **0/260125**
85.208.96.204 - - [03/Mar/2026:07:46:31 -0700] "GET /larger-bass-bonanza-harbors-which-adaptation-is-the-viking-age-offers-better/ HTTP/1.1" 200 80601 "-" "Mozilla/5.0 (compatible; SemrushBot/7~bl; +http://www.semrush.com/bot.html)" 322 **0/322816**
136.243.220.212 - - [03/Mar/2026:07:46:31 -0700] "GET /aprestar-hot-fiesta-dado-avantajado-slot-a-dinheiro-real-apontar-brasil/ HTTP/1.1" 200 74570 "-" "Mozilla/5.0 (compatible; DataForSeoBot/1.0; +https://dataforseo.com/dataforseo-bot)" 342 **0/342915**
185.191.171.19 - - [03/Mar/2026:07:46:33 -0700] "GET /bonus-volte-migliori-bonus-dei-casa-da-gioco-online/ HTTP/1.1" 200 78844 "-" "Mozilla/5.0 (compatible; SemrushBot/7~bl; +http://www.semrush.com/bot.html)" 261 **0/261111**
85.208.96.202 - - [03/Mar/2026:07:46:35 -0700] "GET /the-brand-new-sportsbook-very-first-wager-offer-is-good-for-a-total-of-1five-hundred/ HTTP/1.1" 200 78073 "-" "Mozilla/5.0 (compatible; SemrushBot/7~bl; +http://www.semrush.com/bot.html)" 263 **0/263039**
136.243.220.212 - - [03/Mar/2026:07:46:36 -0700] "GET /seeking-a-deck-that-offers-the-best-casino-bonuses-as-much-as/ HTTP/1.1" 200 72035 "-" "Mozilla/5.0 (compatible; DataForSeoBot/1.0; +https://dataforseo.com/dataforseo-bot)" 281 **0/281046**
85.208.96.199 - - [03/Mar/2026:07:46:37 -0700] "GET /author/admin/page/5264/ HTTP/1.1" 200 80029 "-" "Mozilla/5.0 (compatible; SemrushBot/7~bl; +http://www.semrush.com/bot.html)" 1669 **1/1669159**
136.243.220.212 - - [03/Mar/2026:07:46:39 -0700] "GET /atual-money-slots-play-the-best-online-slots-in-2024/ HTTP/1.1" 200 74360 "-" "Mozilla/5.0 (compatible; DataForSeoBot/1.0; +https://dataforseo.com/dataforseo-bot)" 295 **0/295596**
57.141.16.3 - - [03/Mar/2026:07:46:40 -0700] "GET /onlajn-kazino-i-poker-rum-pokerdom-711-2/feed/ HTTP/1.1" 200 896 "-" "meta-externalagent/1.1 (+https://developers.facebook.com/docs/sharing/webmasters/crawler)" 127 **0/127583**
57.141.16.41 - - [03/Mar/2026:07:46:41 -0700] "GET /?p=149190 HTTP/1.1" 301 - "-" "meta-externalagent/1.1 (+https://developers.facebook.com/docs/sharing/webmasters/crawler)" 131 **0/131788**
136.243.220.212 - - [03/Mar/2026:07:46:43 -0700] "GET /lieve-offlin-slots-sites-freaky-fruits-gokkast-te-2025-slots-pro-echt-strafbaar/ HTTP/1.1" 200 71093 "-" "Mozilla/5.0 (compatible; DataForSeoBot/1.0; +https://dataforseo.com/dataforseo-bot)" 303 **0/303253**
57.141.16.3 - - [03/Mar/2026:07:46:47 -0700] "GET /wp-json/wp/v2/posts/150764 HTTP/1.1" 200 10840 "-" "meta-externalagent/1.1 (+https://developers.facebook.com/docs/sharing/webmasters/crawler)" 160 **0/160744**
136.243.220.212 - - [03/Mar/2026:07:46:47 -0700] "GET /casumo-kasino-erfahrungen-2025-sichere-auszahlungen/ HTTP/1.1" 200 73817 "-" "Mozilla/5.0 (compatible; DataForSeoBot/1.0; +https://dataforseo.com/dataforseo-bot)" 268 **0/268462**
17.246.19.37 - - [03/Mar/2026:07:46:47 -0700] "GET /bedava-50-dolar-veren-ucretsiz-50-dolar-bonus-116/ HTTP/1.1" 200 83140 "-" "Mozilla/5.0 (Macintosh; Intel Mac OS X 10_15_7) AppleWebKit/605.1.15 (KHTML, like Gecko) Version/17.4 Safari/605.1.15 (Applebot/0.1; +http://www.apple.com/go/applebot)" 295 **0/295889**
136.243.220.212 - - [03/Mar/2026:07:46:51 -0700] "GET /fortune-of-100-giros-gratis-sem-casa-raging-rhino-giza-pragmatic-play-cassino-22bet-bonus-sem-deposito-2025-weed-marijuana-news/ HTTP/1.1" 200 71776 "-" "Mozilla/5.0 (compatible; DataForSeoBot/1.0; +https://dataforseo.com/dataforseo-bot)" 309 **0/309209**
185.191.171.18 - - [03/Mar/2026:07:46:52 -0700] "GET /how-exactly-to-claim-a-good-sweepstakes-casino-no-deposit-extra/ HTTP/1.1" 200 78225 "-" "Mozilla/5.0 (compatible; SemrushBot/7~bl; +http://www.semrush.com/bot.html)" 247 **0/247331**
198.244.168.219 - - [03/Mar/2026:07:46:53 -0700] "GET /parimatch-kazino-ta-sajt-stavok-pidtrimka-klientiv-179/feed/ HTTP/1.1" 200 480 "-" "Mozilla/5.0 (compatible; AhrefsBot/7.0; +http://ahrefs.com/robot/)" 124 **0/124272**
136.243.220.212 - - [03/Mar/2026:07:46:55 -0700] "GET /fortune-tiger-slot-acabamento-do-tigrinho-afinar-book-of-dead-caca-niquel-casino-cassino-7jp/ HTTP/1.1" 200 74770 "-" "Mozilla/5.0 (compatible; DataForSeoBot/1.0; +https://dataforseo.com/dataforseo-bot)" 265 **0/265883**
68.178.232.37 - - [03/Mar/2026:07:46:57 -0700] "POST /wp-cron.php?doing_wp_cron=1772549217.4546580314636230468750 HTTP/1.1" 200 - "http://www.icdp.co.in/wp-cron.php?doing_wp_cron=1772549217.4546580314636230468750" "WordPress/5.7.8; http://www.icdp.co.in" 167 **0/167691**
185.191.171.19 - - [03/Mar/2026:07:46:57 -0700] "GET /to-play-on-the-run-log-in-and-sign-is-not-difficult/ HTTP/1.1" 200 78753 "-" "Mozilla/5.0 (compatible; SemrushBot/7~bl; +http://www.semrush.com/bot.html)" 433 **0/433355**
85.208.96.199 - - [03/Mar/2026:07:46:59 -0700] "GET /blog/page/5643/ HTTP/1.1" 200 79760 "-" "Mozilla/5.0 (compatible; SemrushBot/7~bl; +http://www.semrush.com/bot.html)" 431 **0/431302**
136.243.220.212 - - [03/Mar/2026:07:47:00 -0700] "GET /lol-vinnig-games-appreciren-lagged-megawin-casino-mobiel-com/ HTTP/1.1" 200 72204 "-" "Mozilla/5.0 (compatible; DataForSeoBot/1.0; +https://dataforseo.com/dataforseo-bot)" 306 **0/306557**
136.243.220.212 - - [03/Mar/2026:07:47:03 -0700] "GET /100-dragon-kingdom-150-kostenlose-spins-freispiele-blos-kostenlose-spins-keine-einzahlung-hin-love-einzahlung-100-kostenlose-spins-keine-einzahlung-marco-polo-zweiter-monat-des-jahres-2025-%E5%AE%8F/ HTTP/1.1" 200 71137 "-" "Mozilla/5.0 (compatible; DataForSeoBot/1.0; +https://dataforseo.com/dataforseo-bot)" 285 **0/285481**
185.191.171.18 - - [03/Mar/2026:07:47:04 -0700] "GET /ciononostante-e-altolocato-segnare-come-rso-premio-slot-di-solito-prevedono-requisiti-di-posta/ HTTP/1.1" 200 78286 "-" "Mozilla/5.0 (compatible; SemrushBot/7~bl; +http://www.semrush.com/bot.html)" 255 **0/255229**
57.141.16.38 - - [03/Mar/2026:07:47:05 -0700] "GET /que-resultan-los-bonos-gratuito-desprovisto-deposito-en-los-casinos-sobre-espana/feed/ HTTP/1.1" 200 990 "-" "meta-externalagent/1.1 (+https://developers.facebook.com/docs/sharing/webmasters/crawler)" 131 **0/131703**
85.208.96.205 - - [03/Mar/2026:07:47:06 -0700] "GET /but-how-far-could-you-realize-about-the-software-program-underneath-a-favourite-slot/ HTTP/1.1" 200 78178 "-" "Mozilla/5.0 (compatible; SemrushBot/7~bl; +http://www.semrush.com/bot.html)" 286 **0/286690**
136.243.220.212 - - [03/Mar/2026:07:47:07 -0700] "GET /vinnig-kosteloos-toki-time-vanuit-thunderkick/ HTTP/1.1" 200 71947 "-" "Mozilla/5.0 (compatible; DataForSeoBot/1.0; +https://dataforseo.com/dataforseo-bot)" 283 **0/283215**
57.141.16.45 - - [03/Mar/2026:07:47:09 -0700] "GET /mostbet-bukmekerskaja-kontora-i-kazino-onlajn-452/feed/ HTTP/1.1" 200 943 "-" "meta-externalagent/1.1 (+https://developers.facebook.com/docs/sharing/webmasters/crawler)" 132 **0/132816**
136.243.220.212 - - [03/Mar/2026:07:47:11 -0700] "GET /bonus-z-brakiem-5-rela-depozytu-w-kasynie-internetowego-graj-za-darmo/ HTTP/1.1" 200 72057 "-" "Mozilla/5.0 (compatible; DataForSeoBot/1.0; +https://dataforseo.com/dataforseo-bot)" 276 **0/276805**
136.243.220.212 - - [03/Mar/2026:07:47:15 -0700] "GET /untergeordnet-stay-dealer-games-mit-krypto-verwendung-sind-ihr-pluspunkt/ HTTP/1.1" 200 72164 "-" "Mozilla/5.0 (compatible; DataForSeoBot/1.0; +https://dataforseo.com/dataforseo-bot)" 379 **0/379312**
216.73.216.40 - - [03/Mar/2026:07:47:16 -0700] "GET /forge-your-fortune-spinkings-casino-delivers-3/feed HTTP/1.1" 301 1 "-" "Mozilla/5.0 AppleWebKit/537.36 (KHTML, like Gecko; compatible; ClaudeBot/1.0; +claudebot@anthropic.com)" 160 **0/160235**
216.73.216.40 - - [03/Mar/2026:07:47:16 -0700] "GET /forge-your-fortune-spinkings-casino-delivers-3/feed/ HTTP/1.1" 200 450 "http://www.icdp.co.in/forge-your-fortune-spinkings-casino-delivers-3/feed" "Mozilla/5.0 AppleWebKit/537.36 (KHTML, like Gecko; compatible; ClaudeBot/1.0; +claudebot@anthropic.com)" 192 **0/192535**
136.243.220.212 - - [03/Mar/2026:07:47:19 -0700] "GET /gokhuis-acteerprestatie-rainbow-riches-pick-andy-mix/ HTTP/1.1" 200 72054 "-" "Mozilla/5.0 (compatible; DataForSeoBot/1.0; +https://dataforseo.com/dataforseo-bot)" 299 **0/299180**
57.141.16.5 - - [03/Mar/2026:07:47:23 -0700] "GET /wp-json/wp/v2/posts/146858 HTTP/1.1" 200 8991 "-" "meta-externalagent/1.1 (+https://developers.facebook.com/docs/sharing/webmasters/crawler)" 151 **0/151090**
136.243.220.212 - - [03/Mar/2026:07:47:23 -0700] "GET /tornado-farm-champagne-tragaperras-escape-tragaperras-funciona-regalado-sin-eximir-1win-casino/ HTTP/1.1" 200 73829 "-" "Mozilla/5.0 (compatible; DataForSeoBot/1.0; +https://dataforseo.com/dataforseo-bot)" 326 **0/326506**
136.243.220.212 - - [03/Mar/2026:07:47:27 -0700] "GET /mostbet-ingyenes-penz-jogosultsag-es-kovetelmenyek-reszletesen/ HTTP/1.1" 200 71313 "-" "Mozilla/5.0 (compatible; DataForSeoBot/1.0; +https://dataforseo.com/dataforseo-bot)" 298 **0/298943**
136.243.220.212 - - [03/Mar/2026:07:47:31 -0700] "GET /the-heart-of-the-web/ HTTP/1.1" 200 74211 "-" "Mozilla/5.0 (compatible; DataForSeoBot/1.0; +https://dataforseo.com/dataforseo-bot)" 317 **0/317106**
136.243.220.212 - - [03/Mar/2026:07:47:35 -0700] "GET /rotiri-gratuite-divine-fortune-jackpot-bonus-immerion-casino-meci-pacanele/ HTTP/1.1" 200 71954 "-" "Mozilla/5.0 (compatible; DataForSeoBot/1.0; +https://dataforseo.com/dataforseo-bot)" 349 **0/349190**
136.243.220.212 - - [03/Mar/2026:07:47:39 -0700] "GET /druckgluck-100-beste-slots-zum-online-spielen-bonus-sourcecode-blos-world-football-stars-fur-echtes-bimbes-einzahlung-free-spins/ HTTP/1.1" 200 72280 "-" "Mozilla/5.0 (compatible; DataForSeoBot/1.0; +https://dataforseo.com/dataforseo-bot)" 301 **0/301243**
85.208.96.210 - - [03/Mar/2026:07:47:42 -0700] "GET /higher-rtp-larger-victories-on-the-african-savannah-theme/ HTTP/1.1" 200 80041 "-" "Mozilla/5.0 (compatible; SemrushBot/7~bl; +http://www.semrush.com/bot.html)" 289 **0/289018**
136.243.220.212 - - [03/Mar/2026:07:47:43 -0700] "GET /daring-dave-app-apk-download-fur-abu-king-the-eye-of-ra-spielautomat-aztec-goldt-echtes-bares-gebuhrenfrei-ohne-registrierung/ HTTP/1.1" 200 72397 "-" "Mozilla/5.0 (compatible; DataForSeoBot/1.0; +https://dataforseo.com/dataforseo-bot)" 296 **0/296126**
57.141.16.10 - - [03/Mar/2026:07:47:44 -0700] "GET /wp-json/oembed/1.0/embed?url=http%3A%2F%2Fwww.icdp.co.in%2Flong-controler-votre-droit-dexploitation-en-amateur-de-salle-de-jeu-francais%2F HTTP/1.1" 200 2566 "-" "meta-externalagent/1.1 (+https://developers.facebook.com/docs/sharing/webmasters/crawler)" 151 **0/151714**
85.208.96.212 - - [03/Mar/2026:07:47:44 -0700] "GET /during-the-kiwibets-we-offer-respected-contrasting-of-web-based-casinos-with-associate-website-links/ HTTP/1.1" 200 78557 "-" "Mozilla/5.0 (compatible; SemrushBot/7~bl; +http://www.semrush.com/bot.html)" 383 **0/383362**
136.243.220.212 - - [03/Mar/2026:07:47:47 -0700] "GET /automaty-do-rozrywki-owocowki-i-bezplatne-gry-golden-ticket-1-depozyt-hazardowe-cytrusy-internetowego/ HTTP/1.1" 200 72537 "-" "Mozilla/5.0 (compatible; DataForSeoBot/1.0; +https://dataforseo.com/dataforseo-bot)" 311 **0/311852**
136.243.220.212 - - [03/Mar/2026:07:47:52 -0700] "GET /trustly-pharaohs-riesenerfolg-1-einzahlung-2025-casinos-2025-gemeinsam-spielbank-alleinig-registrierung/ HTTP/1.1" 200 74698 "-" "Mozilla/5.0 (compatible; DataForSeoBot/1.0; +https://dataforseo.com/dataforseo-bot)" 281 **0/281197**
57.141.16.90 - - [03/Mar/2026:07:47:53 -0700] "GET /wp-json/wp/v2/posts/147825 HTTP/1.1" 200 7767 "-" "meta-externalagent/1.1 (+https://developers.facebook.com/docs/sharing/webmasters/crawler)" 146 **0/146270**
216.73.216.40 - - [03/Mar/2026:07:47:53 -0700] "GET /magic-casino-la-experiencia-magica-del-juego-en/feed HTTP/1.1" 301 1 "-" "Mozilla/5.0 AppleWebKit/537.36 (KHTML, like Gecko; compatible; ClaudeBot/1.0; +claudebot@anthropic.com)" 157 **0/157215**
216.73.216.40 - - [03/Mar/2026:07:47:54 -0700] "GET /magic-casino-la-experiencia-magica-del-juego-en/feed/ HTTP/1.1" 200 426 "http://www.icdp.co.in/magic-casino-la-experiencia-magica-del-juego-en/feed" "Mozilla/5.0 AppleWebKit/537.36 (KHTML, like Gecko; compatible; ClaudeBot/1.0; +claudebot@anthropic.com)" 130 **0/130849**
136.243.220.212 - - [03/Mar/2026:07:47:55 -0700] "GET /5-einlosen-und-unter-einsatz-von-so-weit-wie-80-bonus-zum-besten-geben-oktober-2025/ HTTP/1.1" 200 74325 "-" "Mozilla/5.0 (compatible; DataForSeoBot/1.0; +https://dataforseo.com/dataforseo-bot)" 295 **0/295980**
136.243.220.212 - - [03/Mar/2026:07:47:59 -0700] "GET /ken-offlin-casino-108-heroes-slot-acteerprestatie-review/ HTTP/1.1" 200 72127 "-" "Mozilla/5.0 (compatible; DataForSeoBot/1.0; +https://dataforseo.com/dataforseo-bot)" 278 **0/278565**
136.243.220.212 - - [03/Mar/2026:07:48:04 -0700] "GET /peri-ormani-goldbet-bonus-hesaptan-para-cekme-agaci-slot-bahisleri-aninda-cevrimici-ucretsiz/ HTTP/1.1" 200 74586 "-" "Mozilla/5.0 (compatible; DataForSeoBot/1.0; +https://dataforseo.com/dataforseo-bot)" 390 **0/390893**
146.19.125.132 - - [03/Mar/2026:07:48:06 -0700] "GET /bingo-online-30-giros-acessivel-hipervinculo-fuente-dragon-pearls-valendo-algum-veja-os-8-melhores-sites-2024/ HTTP/1.0" 200 345660 "http://www.icdp.co.in/bingo-online-30-giros-acessivel-hipervinculo-fuente-dragon-pearls-valendo-algum-veja-os-8-melhores-sites-2024/" "Mozilla/5.0 (Windows NT 6.3; Win64; x64) AppleWebKit/537.36 (KHTML, like Gecko) Chrome/103.0.5060.114 Safari/537.36" 414 **0/414757**
146.19.125.132 - - [03/Mar/2026:07:48:06 -0700] "GET /1win-oficialnyj-sajt-bukmekera-1vin-stavki-na-509/ HTTP/1.0" 200 354366 "http://www.icdp.co.in/1win-oficialnyj-sajt-bukmekera-1vin-stavki-na-509/" "Mozilla/5.0 (Windows NT 6.1; Win64; x64) AppleWebKit/537.36 (KHTML, like Gecko) Chrome/103.0.5060.114 Safari/537.36" 802 **0/802057**
146.19.125.132 - - [03/Mar/2026:07:48:07 -0700] "GET /calificaciones-de-casinos-en-lnea-en-argentina-77/ HTTP/1.0" 200 355154 "http://www.icdp.co.in/calificaciones-de-casinos-en-lnea-en-argentina-77/" "Mozilla/5.0 (Windows NT 6.1; Win64; x64) AppleWebKit/537.36 (KHTML, like Gecko) Chrome/103.0.5060.114 Safari/537.36" 418 **0/418815**
146.19.125.132 - - [03/Mar/2026:07:48:07 -0700] "GET /blog/ HTTP/1.0" 200 357167 "http://www.icdp.co.in/blog/" "Mozilla/5.0 (Windows NT 6.3; Win64; x64) AppleWebKit/537.36 (KHTML, like Gecko) Chrome/103.0.5060.114 Safari/537.36" 593 **0/593917**
146.19.125.132 - - [03/Mar/2026:07:48:07 -0700] "POST /wp-comments-post.php HTTP/1.0" 404 - "http://www.icdp.co.in/1win-oficialnyj-sajt-bukmekera-1vin-stavki-na-509/" "Mozilla/5.0 (Windows NT 6.1; Win64; x64) AppleWebKit/537.36 (KHTML, like Gecko) Chrome/103.0.5060.114 Safari/537.36" 621 **0/621333**
136.243.220.212 - - [03/Mar/2026:07:48:07 -0700] "GET /online-gambling-establishment-70-billigste-danske-online-casinoer-2025/ HTTP/1.1" 200 80127 "-" "Mozilla/5.0 (compatible; DataForSeoBot/1.0; +https://dataforseo.com/dataforseo-bot)" 686 **0/686446**
146.19.125.132 - - [03/Mar/2026:07:48:08 -0700] "POST /wp-comments-post.php HTTP/1.0" 404 - "http://www.icdp.co.in/calificaciones-de-casinos-en-lnea-en-argentina-77/" "Mozilla/5.0 (Windows NT 6.1; Win64; x64) AppleWebKit/537.36 (KHTML, like Gecko) Chrome/103.0.5060.114 Safari/537.36" 469 **0/469151**
146.19.125.132 - - [03/Mar/2026:07:48:07 -0700] "GET /gama-casino-online-oficialnyj-sajt-vhod-i-zerkalo-540-2/ HTTP/1.0" 200 355850 "http://www.icdp.co.in/gama-casino-online-oficialnyj-sajt-vhod-i-zerkalo-540-2/" "Mozilla/5.0 (Windows NT 6.3; WOW64) AppleWebKit/537.36 (KHTML, like Gecko) Chrome/103.0.5060.114 Safari/537.36" 807 **0/807167**
146.19.125.132 - - [03/Mar/2026:07:48:08 -0700] "GET /kazino-igrat-v-onlajn-pin-up-casino-oficialnyj-77-30/ HTTP/1.0" 200 358722 "http://www.icdp.co.in/kazino-igrat-v-onlajn-pin-up-casino-oficialnyj-77-30/" "Mozilla/5.0 (Windows NT 6.3; Win64; x64) AppleWebKit/537.36 (KHTML, like Gecko) Chrome/103.0.5060.114 Safari/537.36" 835 **0/835602**
146.19.125.132 - - [03/Mar/2026:07:48:08 -0700] "GET /mostbet-casino-pakistan-2669-2/ HTTP/1.0" 200 358789 "http://www.icdp.co.in/mostbet-casino-pakistan-2669-2/" "Mozilla/5.0 (Windows NT 6.1; WOW64) AppleWebKit/537.36 (KHTML, like Gecko) Chrome/103.0.0.0 Safari/537.36" 824 **0/824975**
85.208.96.194 - - [03/Mar/2026:07:48:09 -0700] "GET /robots.txt HTTP/1.1" 200 110 "-" "Mozilla/5.0 (compatible; SemrushBot/7~bl; +http://www.semrush.com/bot.html)" 313 **0/313258**
146.19.125.132 - - [03/Mar/2026:07:48:08 -0700] "GET /blog/page/2/ HTTP/1.0" 200 359186 "http://www.icdp.co.in/blog/page/2/" "Mozilla/5.0 (Windows NT 6.3; Win64; x64) AppleWebKit/537.36 (KHTML, like Gecko) Chrome/103.0.5060.114 Safari/537.36" 1128 **1/1128809**
146.19.125.132 - - [03/Mar/2026:07:48:09 -0700] "GET /page-2339/ HTTP/1.0" 200 355383 "http://www.icdp.co.in/page-2339/" "Mozilla/5.0 (Windows NT 6.1) AppleWebKit/537.36 (KHTML, like Gecko) Chrome/103.0.5060.114 Safari/537.36" 954 **0/954434**
146.19.125.132 - - [03/Mar/2026:07:48:09 -0700] "POST /wp-comments-post.php HTTP/1.0" 404 - "http://www.icdp.co.in/gama-casino-online-oficialnyj-sajt-vhod-i-zerkalo-540-2/" "Mozilla/5.0 (Windows NT 6.3; WOW64) AppleWebKit/537.36 (KHTML, like Gecko) Chrome/103.0.5060.114 Safari/537.36" 477 **0/477358**
146.19.125.132 - - [03/Mar/2026:07:48:09 -0700] "POST /wp-comments-post.php HTTP/1.0" 404 - "http://www.icdp.co.in/mostbet-casino-pakistan-2669-2/" "Mozilla/5.0 (Windows NT 6.1; WOW64) AppleWebKit/537.36 (KHTML, like Gecko) Chrome/103.0.0.0 Safari/537.36" 419 **0/419548**
146.19.125.132 - - [03/Mar/2026:07:48:09 -0700] "POST /wp-comments-post.php HTTP/1.0" 404 - "http://www.icdp.co.in/kazino-igrat-v-onlajn-pin-up-casino-oficialnyj-77-30/" "Mozilla/5.0 (Windows NT 6.3; Win64; x64) AppleWebKit/537.36 (KHTML, like Gecko) Chrome/103.0.5060.114 Safari/537.36" 413 **0/413713**
146.19.125.132 - - [03/Mar/2026:07:48:09 -0700] "GET /vavada-zerkalo-vhod-na-oficialnyj-sajt-2025-1130/ HTTP/1.0" 200 360461 "http://www.icdp.co.in/vavada-zerkalo-vhod-na-oficialnyj-sajt-2025-1130/" "Mozilla/5.0 (Windows NT 10.0; Win64; x64) AppleWebKit/537.36 (KHTML, like Gecko) Chrome/103.0.5060.66 Safari/537.36" 946 **0/946999**
146.19.125.132 - - [03/Mar/2026:07:48:08 -0700] "GET /mostbet-onlayn-kazino-ozbekistonda-oyinchilar-174/ HTTP/1.0" 200 350344 "http://www.icdp.co.in/mostbet-onlayn-kazino-ozbekistonda-oyinchilar-174/" "Mozilla/5.0 (Windows NT 6.3; Win64; x64) AppleWebKit/537.36 (KHTML, like Gecko) Chrome/103.0.5060.114 Safari/537.36" 1593 **1/1593177**
146.19.125.132 - - [03/Mar/2026:07:48:09 -0700] "GET /plinko-casino-kostenlos-spielen-bonus-in-online-805/ HTTP/1.0" 200 358689 "http://www.icdp.co.in/plinko-casino-kostenlos-spielen-bonus-in-online-805/" "Mozilla/5.0 (Windows NT 6.1; WOW64) AppleWebKit/537.36 (KHTML, like Gecko) Chrome/103.0.0.0 Safari/537.36" 1182 **1/1182138**
146.19.125.132 - - [03/Mar/2026:07:48:10 -0700] "POST /wp-comments-post.php HTTP/1.0" 404 - "http://www.icdp.co.in/page-2339/" "Mozilla/5.0 (Windows NT 6.1) AppleWebKit/537.36 (KHTML, like Gecko) Chrome/103.0.5060.114 Safari/537.36" 179 **0/179716**
146.19.125.132 - - [03/Mar/2026:07:48:10 -0700] "GET /ignite-your-play-6000-games-instant-wins-local/ HTTP/1.0" 200 359876 "http://www.icdp.co.in/ignite-your-play-6000-games-instant-wins-local/" "Mozilla/5.0 (Windows NT 6.3; Win64; x64) AppleWebKit/537.36 (KHTML, like Gecko) Chrome/103.0.5060.114 Safari/537.36" 396 **0/396697**
146.19.125.132 - - [03/Mar/2026:07:48:11 -0700] "POST /wp-comments-post.php HTTP/1.0" 404 - "http://www.icdp.co.in/plinko-casino-kostenlos-spielen-bonus-in-online-805/" "Mozilla/5.0 (Windows NT 6.1; WOW64) AppleWebKit/537.36 (KHTML, like Gecko) Chrome/103.0.0.0 Safari/537.36" 178 **0/178939**
146.19.125.132 - - [03/Mar/2026:07:48:11 -0700] "POST /wp-comments-post.php HTTP/1.0" 404 - "http://www.icdp.co.in/mostbet-onlayn-kazino-ozbekistonda-oyinchilar-174/" "Mozilla/5.0 (Windows NT 6.3; Win64; x64) AppleWebKit/537.36 (KHTML, like Gecko) Chrome/103.0.5060.114 Safari/537.36" 300 **0/300120**
146.19.125.132 - - [03/Mar/2026:07:48:11 -0700] "POST /wp-comments-post.php HTTP/1.0" 404 - "http://www.icdp.co.in/vavada-zerkalo-vhod-na-oficialnyj-sajt-2025-1130/" "Mozilla/5.0 (Windows NT 10.0; Win64; x64) AppleWebKit/537.36 (KHTML, like Gecko) Chrome/103.0.5060.66 Safari/537.36" 297 **0/297526**
146.19.125.132 - - [03/Mar/2026:07:48:11 -0700] "POST /wp-comments-post.php HTTP/1.0" 404 - "http://www.icdp.co.in/ignite-your-play-6000-games-instant-wins-local/" "Mozilla/5.0 (Windows NT 6.3; Win64; x64) AppleWebKit/537.36 (KHTML, like Gecko) Chrome/103.0.5060.114 Safari/537.36" 168 **0/168840**
136.243.220.212 - - [03/Mar/2026:07:48:11 -0700] "GET /autopsia-pressuroso-platinum-play-casino-suporte-betnacional-60-rodadas-gratis-bonus-infantilidade-boas-vindas/ HTTP/1.1" 200 71799 "-" "Mozilla/5.0 (compatible; DataForSeoBot/1.0; +https://dataforseo.com/dataforseo-bot)" 483 **0/483286**
216.73.216.40 - - [03/Mar/2026:07:48:15 -0700] "GET /ninlays-slotautomat-mit-verschiedenen-spielmodi-und-gewinnmoglichkeiten HTTP/1.1" 301 1 "-" "Mozilla/5.0 AppleWebKit/537.36 (KHTML, like Gecko; compatible; ClaudeBot/1.0; +claudebot@anthropic.com)" 137 **0/137912**
85.208.96.197 - - [03/Mar/2026:07:48:15 -0700] "GET /dechiffrieren-die-kunden-im-vorfeld-dem-spielen-ausnahmslos-die-durchspielregeln-durch-verde-casino-inoffizieller-mitarbeiter-schritt-%EF%BF%BDaktionen%EF%BF%BD/ HTTP/1.1" 200 79464 "-" "Mozilla/5.0 (compatible; SemrushBot/7~bl; +http://www.semrush.com/bot.html)" 364 **0/364521**
136.243.220.212 - - [03/Mar/2026:07:48:15 -0700] "GET /robotnik-spill-wolf-cub-online-ett-spybet-palogging-norge-spilleautomat-i-tillegg-til-sticky-wilds-au-til-respinns/ HTTP/1.1" 200 72791 "-" "Mozilla/5.0 (compatible; DataForSeoBot/1.0; +https://dataforseo.com/dataforseo-bot)" 356 **0/356912**
216.73.216.40 - - [03/Mar/2026:07:48:18 -0700] "GET /ninlays-slotautomat-mit-verschiedenen-spielmodi-und-gewinnmoglichkeiten/ HTTP/1.1" 200 71878 "http://www.icdp.co.in/ninlays-slotautomat-mit-verschiedenen-spielmodi-und-gewinnmoglichkeiten" "Mozilla/5.0 AppleWebKit/537.36 (KHTML, like Gecko; compatible; ClaudeBot/1.0; +claudebot@anthropic.com)" 331 **0/331590**
136.243.220.212 - - [03/Mar/2026:07:48:19 -0700] "GET /crazy-quadro-cassino-age-of-the-gods-opcoes-criancice-bonus-que-rodadas-dado/ HTTP/1.1" 200 71611 "-" "Mozilla/5.0 (compatible; DataForSeoBot/1.0; +https://dataforseo.com/dataforseo-bot)" 317 **0/317398**
57.141.16.57 - - [03/Mar/2026:07:48:20 -0700] "GET /wp-json/oembed/1.0/embed?url=http%3A%2F%2Fwww.icdp.co.in%2Fbeste-echtgeld-verbunden-casinos-casino-book-of-pyramids-top-15-fur-brd%2F HTTP/1.1" 200 2538 "-" "meta-externalagent/1.1 (+https://developers.facebook.com/docs/sharing/webmasters/crawler)" 134 **0/134522**
185.191.171.4 - - [03/Mar/2026:07:48:21 -0700] "GET /the-site-even-offers-an-inflatable-vip-program-comprising-7-accounts/ HTTP/1.1" 200 78385 "-" "Mozilla/5.0 (compatible; SemrushBot/7~bl; +http://www.semrush.com/bot.html)" 330 **0/330422**
57.141.16.81 - - [03/Mar/2026:07:48:23 -0700] "GET /wp-json/oembed/1.0/embed?url=http%3A%2F%2Fwww.icdp.co.in%2Fplait-il-les-futurs-salle-de-jeu-un-tantinet-se-balancent-eux-memes-pour-sites-serieuse%2F HTTP/1.1" 200 2606 "-" "meta-externalagent/1.1 (+https://developers.facebook.com/docs/sharing/webmasters/crawler)" 157 **0/157439**
136.243.220.212 - - [03/Mar/2026:07:48:23 -0700] "GET /ecopayz-inside-erreichbar-casinos-2025-einfache-das-ferner-auszahlungen/ HTTP/1.1" 200 72981 "-" "Mozilla/5.0 (compatible; DataForSeoBot/1.0; +https://dataforseo.com/dataforseo-bot)" 369 **0/369328**
136.243.220.212 - - [03/Mar/2026:07:48:27 -0700] "GET /wonky-wabbits-free-spins-2024-prov-booi-app-bred/ HTTP/1.1" 200 71769 "-" "Mozilla/5.0 (compatible; DataForSeoBot/1.0; +https://dataforseo.com/dataforseo-bot)" 390 **0/390112**
185.191.171.2 - - [03/Mar/2026:07:48:28 -0700] "GET /blog/page/5664/ HTTP/1.1" 200 79659 "-" "Mozilla/5.0 (compatible; SemrushBot/7~bl; +http://www.semrush.com/bot.html)" 359 **0/359619**
85.208.96.206 - - [03/Mar/2026:07:48:30 -0700] "GET /donde-puedo-participar-an-una-bici-tragamonedas-dragons-and-magic-con-manga-larga-dinero-favorable/ HTTP/1.1" 200 78305 "-" "Mozilla/5.0 (compatible; SemrushBot/7~bl; +http://www.semrush.com/bot.html)" 459 **0/459627**
136.243.220.212 - - [03/Mar/2026:07:48:31 -0700] "GET /tratar-alrededor-casino-en-internet-superior-de-reelrush-sin-deposito-el-ambiente-pokerstars-casino/ HTTP/1.1" 200 73530 "-" "Mozilla/5.0 (compatible; DataForSeoBot/1.0; +https://dataforseo.com/dataforseo-bot)" 356 **0/356746**
136.243.220.212 - - [03/Mar/2026:07:48:35 -0700] "GET /if-you-prefer-cashback-most-of-the-friday-after-a-losing-few-days-subscribe-winspark-casino/ HTTP/1.1" 200 71527 "-" "Mozilla/5.0 (compatible; DataForSeoBot/1.0; +https://dataforseo.com/dataforseo-bot)" 329 **0/329516**
136.243.220.212 - - [03/Mar/2026:07:48:39 -0700] "GET /ramses-book-respins-of-amun-natuurgetrouw-gokkas-review-gamomat/ HTTP/1.1" 200 71746 "-" "Mozilla/5.0 (compatible; DataForSeoBot/1.0; +https://dataforseo.com/dataforseo-bot)" 375 **0/375896**
216.73.216.40 - - [03/Mar/2026:07:48:41 -0700] "GET /online-kasino-freispiele-titanic-spielautomat-ohne-einzahlung-kostenlose-free-spins HTTP/1.1" 301 1 "-" "Mozilla/5.0 AppleWebKit/537.36 (KHTML, like Gecko; compatible; ClaudeBot/1.0; +claudebot@anthropic.com)" 140 **0/140065**
216.73.216.40 - - [03/Mar/2026:07:48:43 -0700] "GET /online-kasino-freispiele-titanic-spielautomat-ohne-einzahlung-kostenlose-free-spins/ HTTP/1.1" 200 73024 "http://www.icdp.co.in/online-kasino-freispiele-titanic-spielautomat-ohne-einzahlung-kostenlose-free-spins" "Mozilla/5.0 AppleWebKit/537.36 (KHTML, like Gecko; compatible; ClaudeBot/1.0; +claudebot@anthropic.com)" 375 **0/375714**
57.141.16.4 - - [03/Mar/2026:07:48:44 -0700] "GET /all-of-the-online-casino-games-commonly-equivalent-with-regards-to-incentives/feed/ HTTP/1.1" 200 976 "-" "meta-externalagent/1.1 (+https://developers.facebook.com/docs/sharing/webmasters/crawler)" 205 **0/205679**
136.243.220.212 - - [03/Mar/2026:07:48:44 -0700] "GET /dans-monopoly-cats-winning-moves-shop-fairspin-coduri-promotionale-cazinouri-clopotel-ro/ HTTP/1.1" 200 71939 "-" "Mozilla/5.0 (compatible; DataForSeoBot/1.0; +https://dataforseo.com/dataforseo-bot)" 404 **0/404168**
85.208.96.199 - - [03/Mar/2026:07:48:45 -0700] "GET /casino-programs-is-actually-courtroom-during-the-jurisdictions-where-gambling-on-line-is-actually-regulated-and-you-can-signed-up/ HTTP/1.1" 200 79553 "-" "Mozilla/5.0 (compatible; SemrushBot/7~bl; +http://www.semrush.com/bot.html)" 347 **0/347499**
136.243.220.212 - - [03/Mar/2026:07:48:47 -0700] "GET /show-6-appeal-simbolos-ball-vikings-slot-machine-50-nenhum-entreposto-gira-fortune-zeus-sigl-deposito-2025-of-giza-3-gratis/ HTTP/1.1" 200 71158 "-" "Mozilla/5.0 (compatible; DataForSeoBot/1.0; +https://dataforseo.com/dataforseo-bot)" 356 **0/356951**
185.191.171.15 - - [03/Mar/2026:07:48:50 -0700] "GET /mostbet-az-bukmeker-ve-kazino-mostbet-giri-rsmi-1598/ HTTP/1.1" 200 79742 "-" "Mozilla/5.0 (compatible; SemrushBot/7~bl; +http://www.semrush.com/bot.html)" 285 **0/285371**
216.73.216.40 - - [03/Mar/2026:07:48:51 -0700] "GET /pekvapiva-fyzika-tsti-jak-funguje-plinko-a-co-vam/feed HTTP/1.1" 301 1 "-" "Mozilla/5.0 AppleWebKit/537.36 (KHTML, like Gecko; compatible; ClaudeBot/1.0; +claudebot@anthropic.com)" 145 **0/145402**
136.243.220.212 - - [03/Mar/2026:07:48:51 -0700] "GET /venetian-carnival-spielautomat-verfuhren-dragon-schnellste-auszahlung-casino-lady-120-freie-spins-diese-diese-gebuhrenfrei-fassung-bee-ventures/ HTTP/1.1" 200 71887 "-" "Mozilla/5.0 (compatible; DataForSeoBot/1.0; +https://dataforseo.com/dataforseo-bot)" 323 **0/323277**
216.73.216.40 - - [03/Mar/2026:07:48:52 -0700] "GET /pekvapiva-fyzika-tsti-jak-funguje-plinko-a-co-vam/feed/ HTTP/1.1" 200 460 "http://www.icdp.co.in/pekvapiva-fyzika-tsti-jak-funguje-plinko-a-co-vam/feed" "Mozilla/5.0 AppleWebKit/537.36 (KHTML, like Gecko; compatible; ClaudeBot/1.0; +claudebot@anthropic.com)" 143 **0/143739**
185.191.171.12 - - [03/Mar/2026:07:48:52 -0700] "GET /interested-in-learning-head-cooks-gambling-establishment-canada-and-wondering-if-its-worth-some-time/ HTTP/1.1" 200 78347 "-" "Mozilla/5.0 (compatible; SemrushBot/7~bl; +http://www.semrush.com/bot.html)" 323 **0/323607**
57.141.16.5 - - [03/Mar/2026:07:48:54 -0700] "GET /wp-json/oembed/1.0/embed?url=http%3A%2F%2Fwww.icdp.co.in%2Fquel-englobent-nos-bonus-via-ce-original-salle-de-jeu-en-ligne%2F HTTP/1.1" 200 2481 "-" "meta-externalagent/1.1 (+https://developers.facebook.com/docs/sharing/webmasters/crawler)" 177 **0/177740**
185.191.171.19 - - [03/Mar/2026:07:48:54 -0700] "GET /gewissheit-oder-sportgeist-im-spinrollz-kasino-glaube-schaffen/ HTTP/1.1" 200 78949 "-" "Mozilla/5.0 (compatible; SemrushBot/7~bl; +http://www.semrush.com/bot.html)" 308 **0/308895**
57.141.16.92 - - [03/Mar/2026:07:48:54 -0700] "GET /wp-json/wp/v2/posts/144814 HTTP/1.1" 200 8161 "-" "meta-externalagent/1.1 (+https://developers.facebook.com/docs/sharing/webmasters/crawler)" 158 **0/158789**
68.178.232.37 - - [03/Mar/2026:07:48:56 -0700] "POST /wp-cron.php?doing_wp_cron=1772549336.1561090946197509765625 HTTP/1.1" 200 - "http://www.icdp.co.in/wp-cron.php?doing_wp_cron=1772549336.1561090946197509765625" "WordPress/5.7.8; http://www.icdp.co.in" 196 **0/196153**
136.243.220.212 - - [03/Mar/2026:07:48:56 -0700] "GET /casino-buitenshuis-aanmelding-genkele-accoun-casinos-2024/ HTTP/1.1" 200 71673 "-" "Mozilla/5.0 (compatible; DataForSeoBot/1.0; +https://dataforseo.com/dataforseo-bot)" 559 **0/559671**
85.208.96.206 - - [03/Mar/2026:07:48:57 -0700] "GET /star-trek-resurgence-premiera-gry-pod-roulettino-kasyno-bonus-bez-depozytu-ps4-nasz-kraj-data-opublikowania/ HTTP/1.1" 200 80056 "-" "Mozilla/5.0 (compatible; SemrushBot/7~bl; +http://www.semrush.com/bot.html)" 365 **0/365169**
181.224.206.147 - - [03/Mar/2026:07:48:59 -0700] "GET http://www.icdp.co.in/ HTTP/1.1" 301 - "-" "Mozilla/5.0 (Windows NT 10.0; Win64; x64) AppleWebKit/537.36 (KHTML, like Gecko) Chrome/140.0.0.0 Safari/537.36" 161 **0/161984**
136.243.220.212 - - [03/Mar/2026:07:48:59 -0700] "GET /enjoy-da-vinci-diamonds-free-of-charge-or-casino-optibet-lv-casino-that-have-a-real-income-on-the-internet/ HTTP/1.1" 200 72259 "-" "Mozilla/5.0 (compatible; DataForSeoBot/1.0; +https://dataforseo.com/dataforseo-bot)" 378 **0/378165**
136.243.220.212 - - [03/Mar/2026:07:49:03 -0700] "GET /research-from-blackjack-to-your-william-mountain-local-casino/ HTTP/1.1" 200 71489 "-" "Mozilla/5.0 (compatible; DataForSeoBot/1.0; +https://dataforseo.com/dataforseo-bot)" 467 **0/467058**
68.178.232.37 - - [03/Mar/2026:07:49:04 -0700] "POST /wp-cron.php?doing_wp_cron=1772549344.1126320362091064453125 HTTP/1.1" 200 - "http://www.icdp.co.in/wp-cron.php?doing_wp_cron=1772549344.1126320362091064453125" "WordPress/5.7.8; http://www.icdp.co.in" 690 **0/690636**
85.208.96.201 - - [03/Mar/2026:07:49:03 -0700] "GET /overall-the-brand-new-betmgm-desired-bring-has-got-the-high-potential-bonus-regarding-1500/ HTTP/1.1" 200 78224 "-" "Mozilla/5.0 (compatible; SemrushBot/7~bl; +http://www.semrush.com/bot.html)" 1047 **1/1047134**
136.243.220.212 - - [03/Mar/2026:07:49:07 -0700] "GET /top-bally-wulff-jocuri-cazinouri-online-de-licenta-in-romania-2024-den-descarcare-aplicatie-ybets-romania-mar-nigeria-limited/ HTTP/1.1" 200 71903 "-" "Mozilla/5.0 (compatible; DataForSeoBot/1.0; +https://dataforseo.com/dataforseo-bot)" 348 **0/348824**
57.141.16.6 - - [03/Mar/2026:07:49:09 -0700] "GET /wp-json/oembed/1.0/embed?url=http%3A%2F%2Fwww.icdp.co.in%2Fmail-order-bride-everything-you-need-to-know-about-an-ideal-match-via-mail-order%2F HTTP/1.1" 200 2568 "-" "meta-externalagent/1.1 (+https://developers.facebook.com/docs/sharing/webmasters/crawler)" 137 **0/137438**
57.141.16.24 - - [03/Mar/2026:07:49:10 -0700] "GET /q-should-i-enjoy-gambling-games-using-digital-facts-or-augmented-facts-gadgets/feed/ HTTP/1.1" 200 981 "-" "meta-externalagent/1.1 (+https://developers.facebook.com/docs/sharing/webmasters/crawler)" 209 **0/209801**
136.243.220.212 - - [03/Mar/2026:07:49:11 -0700] "GET /100-rodadas-gpis-dado-magic-apple-cassino-jackpot-city-sem-casa-gratis-em-fortune-gpis-dado-golden-games-sem-entreposto-of-giza/ HTTP/1.1" 200 72240 "-" "Mozilla/5.0 (compatible; DataForSeoBot/1.0; +https://dataforseo.com/dataforseo-bot)" 347 **0/347197**
54.38.147.194 - - [03/Mar/2026:07:49:12 -0700] "GET /crocodopolis-position-play-with-a-bikini-party-rtp-1-deposit-hundred-100-percent-free-added-bonus/feed/ HTTP/1.1" 200 458 "-" "Mozilla/5.0 (compatible; AhrefsBot/7.0; +http://ahrefs.com/robot/)" 153 **0/153660**
17.22.237.80 - - [03/Mar/2026:07:49:13 -0700] "GET /epreuve-avec-discovery-lage-les-book-of-ra-deluxe-bingo-emplacement-en-ligne-decouvertes-de-avait-i-lab-de-legion-dotation/ HTTP/1.1" 200 81442 "-" "Mozilla/5.0 (Macintosh; Intel Mac OS X 10_15_7) AppleWebKit/605.1.15 (KHTML, like Gecko) Version/17.4 Safari/605.1.15 (Applebot/0.1; +http://www.apple.com/go/applebot)" 310 **0/310539**
17.241.227.113 - - [03/Mar/2026:07:49:14 -0700] "GET /category/1win-casino-103/ HTTP/1.1" 200 76815 "-" "Mozilla/5.0 (Macintosh; Intel Mac OS X 10_15_7) AppleWebKit/605.1.15 (KHTML, like Gecko) Version/17.4 Safari/605.1.15 (Applebot/0.1; +http://www.apple.com/go/applebot)" 349 **0/349051**
57.141.16.3 - - [03/Mar/2026:07:49:15 -0700] "GET /aca-tendri%ef%bf%bdas-una-tabla-para-los-mas-grandes-casinos-cual-tienen-bonos-sin-deposito/feed/ HTTP/1.1" 200 1012 "-" "meta-externalagent/1.1 (+https://developers.facebook.com/docs/sharing/webmasters/crawler)" 127 **0/127339**
17.241.227.113 - - [03/Mar/2026:07:49:15 -0700] "GET /vavada-kasyno-580/ HTTP/1.1" 200 83840 "-" "Mozilla/5.0 (Macintosh; Intel Mac OS X 10_15_7) AppleWebKit/605.1.15 (KHTML, like Gecko) Version/17.4 Safari/605.1.15 (Applebot/0.1; +http://www.apple.com/go/applebot)" 333 **0/333078**
136.243.220.212 - - [03/Mar/2026:07:49:15 -0700] "GET /futuriti-kasino-1000-maklercourtage-kode-exklusive-einzahlung-25-free-spins/ HTTP/1.1" 200 74106 "-" "Mozilla/5.0 (compatible; DataForSeoBot/1.0; +https://dataforseo.com/dataforseo-bot)" 343 **0/343097**
185.191.171.19 - - [03/Mar/2026:07:49:16 -0700] "GET /better-habanero-web-based-casinos-2025-the-top-slots-casino-red-god-100-free-spins-casino-games/ HTTP/1.1" 200 78977 "-" "Mozilla/5.0 (compatible; SemrushBot/7~bl; +http://www.semrush.com/bot.html)" 304 **0/304194**
136.243.220.212 - - [03/Mar/2026:07:49:19 -0700] "GET /gokkasten-online-gokkasten-voor-echt-geld-of-kosteloos/ HTTP/1.1" 200 71699 "-" "Mozilla/5.0 (compatible; DataForSeoBot/1.0; +https://dataforseo.com/dataforseo-bot)" 349 **0/349100**
85.208.96.194 - - [03/Mar/2026:07:49:21 -0700] "GET /mastering-megaways-slots-expert-playbook-for-high-payouts-at-slot-monster-online-casino/ HTTP/1.1" 200 81911 "-" "Mozilla/5.0 (compatible; SemrushBot/7~bl; +http://www.semrush.com/bot.html)" 299 **0/299062**
