85.208.96.212 - - [03/Mar/2026:07:18:48 -0700] "GET /avaliacoes-de-pop-age-of-the-gods-ruler-of-the-dead-para-bagarote-real-casinos-online-portugal/ HTTP/1.1" 200 81693 "-" "Mozilla/5.0 (compatible; SemrushBot/7~bl; +http://www.semrush.com/bot.html)" 271 **0/271666**
136.243.220.212 - - [03/Mar/2026:07:18:48 -0700] "GET /hazard-sieciowy-bezplatnie-automaty-do-konsol-online/ HTTP/1.1" 200 71847 "-" "Mozilla/5.0 (compatible; DataForSeoBot/1.0; +https://dataforseo.com/dataforseo-bot)" 328 **0/328108**
85.208.96.212 - - [03/Mar/2026:07:18:50 -0700] "GET /category/xn-8sbn6aphbddbl0a-xn-p1ai-120/ HTTP/1.1" 200 75700 "-" "Mozilla/5.0 (compatible; SemrushBot/7~bl; +http://www.semrush.com/bot.html)" 343 **0/343605**
185.191.171.4 - - [03/Mar/2026:07:18:52 -0700] "GET /finest-no-deposit-incentives-in-america-to-own-2025/ HTTP/1.1" 200 79536 "-" "Mozilla/5.0 (compatible; SemrushBot/7~bl; +http://www.semrush.com/bot.html)" 283 **0/283233**
136.243.220.212 - - [03/Mar/2026:07:18:53 -0700] "GET /schrijven-va-playson-plu-ramses-book-aanbiedingen-nolimit-cit-vacan-erbij-777/ HTTP/1.1" 200 72238 "-" "Mozilla/5.0 (compatible; DataForSeoBot/1.0; +https://dataforseo.com/dataforseo-bot)" 304 **0/304160**
17.241.227.52 - - [03/Mar/2026:07:18:56 -0700] "GET /the-fresh-symbolism-out-of-guardians-spinsamurai-bonus-withdrawal-inside-the-social-myths-and-you-may-progressive-stories/ HTTP/1.1" 200 81056 "-" "Mozilla/5.0 (Macintosh; Intel Mac OS X 10_15_7) AppleWebKit/605.1.15 (KHTML, like Gecko) Version/17.4 Safari/605.1.15 (Applebot/0.1; +http://www.apple.com/go/applebot)" 314 **0/314264**
185.191.171.13 - - [03/Mar/2026:07:18:58 -0700] "GET /bovegas-no-deposit-bonus-requirements-2025-get-100-free-chips-right-here/ HTTP/1.1" 200 80134 "-" "Mozilla/5.0 (compatible; SemrushBot/7~bl; +http://www.semrush.com/bot.html)" 311 **0/311654**
57.141.16.5 - - [03/Mar/2026:07:18:58 -0700] "GET /?p=147257 HTTP/1.1" 301 - "-" "meta-externalagent/1.1 (+https://developers.facebook.com/docs/sharing/webmasters/crawler)" 140 **0/140049**
136.243.220.212 - - [03/Mar/2026:07:18:58 -0700] "GET /100-casino-carnival-login-zombies-slot-protestation-fur-nusse-auffuhren/ HTTP/1.1" 200 72186 "-" "Mozilla/5.0 (compatible; DataForSeoBot/1.0; +https://dataforseo.com/dataforseo-bot)" 381 **0/381270**
136.243.220.212 - - [03/Mar/2026:07:19:00 -0700] "GET /die-besten-casinos-abzuglich-pharaos-riches-strategie-casino-deutsche-erlaubnis-im-monat-des-herbstbeginns-2025/ HTTP/1.1" 200 72174 "-" "Mozilla/5.0 (compatible; DataForSeoBot/1.0; +https://dataforseo.com/dataforseo-bot)" 326 **0/326861**
57.141.16.17 - - [03/Mar/2026:07:19:01 -0700] "GET /allowed-incentive-of-200-as-much-as-%ef%bf%bdeightfive-hundred-10-cashback/feed/ HTTP/1.1" 200 966 "-" "meta-externalagent/1.1 (+https://developers.facebook.com/docs/sharing/webmasters/crawler)" 268 **0/268678**
17.22.245.80 - - [03/Mar/2026:07:19:03 -0700] "GET /wp-content/themes/astra/assets/css/minified/frontend.min.css?ver=3.2.0 HTTP/1.1" 200 12426 "http://www.icdp.co.in/elk-studios-uforglemmelige-spillopplevelser/" "Mozilla/5.0 (Macintosh; Intel Mac OS X 10_15_7) AppleWebKit/605.1.15 (KHTML, like Gecko) Version/17.4 Safari/605.1.15 (Applebot/0.1; +http://www.apple.com/go/applebot)" 10 **0/10582**
17.22.237.181 - - [03/Mar/2026:07:19:04 -0700] "GET /wp-includes/js/wp-emoji-release.min.js?ver=5.7.8 HTTP/1.1" 200 4662 "http://www.icdp.co.in/elk-studios-uforglemmelige-spillopplevelser/" "Mozilla/5.0 (Macintosh; Intel Mac OS X 10_15_7) AppleWebKit/605.1.15 (KHTML, like Gecko) Version/17.4 Safari/605.1.15 (Applebot/0.1; +http://www.apple.com/go/applebot)" 8 **0/8227**
136.243.220.212 - - [03/Mar/2026:07:19:04 -0700] "GET /play-22546-bank-fietsslot-dem-games/ HTTP/1.1" 200 71886 "-" "Mozilla/5.0 (compatible; DataForSeoBot/1.0; +https://dataforseo.com/dataforseo-bot)" 359 **0/359367**
17.22.253.116 - - [03/Mar/2026:07:19:06 -0700] "GET /wp-content/themes/astra/assets/css/minified/menu-animation.min.css?ver=3.2.0 HTTP/1.1" 200 379 "http://www.icdp.co.in/elk-studios-uforglemmelige-spillopplevelser/" "Mozilla/5.0 (Macintosh; Intel Mac OS X 10_15_7) AppleWebKit/605.1.15 (KHTML, like Gecko) Version/17.4 Safari/605.1.15 (Applebot/0.1; +http://www.apple.com/go/applebot)" 7 **0/7931**
17.22.253.156 - - [03/Mar/2026:07:19:07 -0700] "GET /wp-includes/css/dist/block-library/style.min.css?ver=5.7.8 HTTP/1.1" 200 8685 "http://www.icdp.co.in/elk-studios-uforglemmelige-spillopplevelser/" "Mozilla/5.0 (Macintosh; Intel Mac OS X 10_15_7) AppleWebKit/605.1.15 (KHTML, like Gecko) Version/17.4 Safari/605.1.15 (Applebot/0.1; +http://www.apple.com/go/applebot)" 9 **0/9889**
136.243.220.212 - - [03/Mar/2026:07:19:08 -0700] "GET /free-lucky-8-line-1-einzahlung-2025-spins-pramie-codes-games/ HTTP/1.1" 200 74044 "-" "Mozilla/5.0 (compatible; DataForSeoBot/1.0; +https://dataforseo.com/dataforseo-bot)" 299 **0/299320**
17.22.253.200 - - [03/Mar/2026:07:19:09 -0700] "GET /wp-content/themes/astra/assets/js/minified/frontend.min.js?ver=3.2.0 HTTP/1.1" 200 3749 "http://www.icdp.co.in/elk-studios-uforglemmelige-spillopplevelser/" "Mozilla/5.0 (Macintosh; Intel Mac OS X 10_15_7) AppleWebKit/605.1.15 (KHTML, like Gecko) Version/17.4 Safari/605.1.15 (Applebot/0.1; +http://www.apple.com/go/applebot)" 5 **0/5690**
17.22.253.56 - - [03/Mar/2026:07:19:10 -0700] "GET /wp-content/plugins/coblocks/dist/js/coblocks-animation.js?ver=2.9.1 HTTP/1.1" 200 628 "http://www.icdp.co.in/elk-studios-uforglemmelige-spillopplevelser/" "Mozilla/5.0 (Macintosh; Intel Mac OS X 10_15_7) AppleWebKit/605.1.15 (KHTML, like Gecko) Version/17.4 Safari/605.1.15 (Applebot/0.1; +http://www.apple.com/go/applebot)" 7 **0/7900**
17.22.237.86 - - [03/Mar/2026:07:19:12 -0700] "GET /wp-includes/js/wp-embed.min.js?ver=5.7.8 HTTP/1.1" 200 765 "http://www.icdp.co.in/elk-studios-uforglemmelige-spillopplevelser/" "Mozilla/5.0 (Macintosh; Intel Mac OS X 10_15_7) AppleWebKit/605.1.15 (KHTML, like Gecko) Version/17.4 Safari/605.1.15 (Applebot/0.1; +http://www.apple.com/go/applebot)" 10 **0/10597**
136.243.220.212 - - [03/Mar/2026:07:19:12 -0700] "GET /vergleiche-unser-besten-5-casinos-uber-bonus/ HTTP/1.1" 200 73250 "-" "Mozilla/5.0 (compatible; DataForSeoBot/1.0; +https://dataforseo.com/dataforseo-bot)" 356 **0/356763**
136.243.220.212 - - [03/Mar/2026:07:19:16 -0700] "GET /10-storting-bank-recensie-zeker-deponeren-9-reel-klassieke-gokkasten-geen-download-of-registratie-uitkeren-performen/ HTTP/1.1" 200 72309 "-" "Mozilla/5.0 (compatible; DataForSeoBot/1.0; +https://dataforseo.com/dataforseo-bot)" 322 **0/322199**
17.22.245.83 - - [03/Mar/2026:07:19:17 -0700] "GET /wp-includes/js/comment-reply.min.js?ver=5.7.8 HTTP/1.1" 200 1346 "http://www.icdp.co.in/1win-games-798/" "Mozilla/5.0 (Macintosh; Intel Mac OS X 10_15_7) AppleWebKit/605.1.15 (KHTML, like Gecko) Version/17.4 Safari/605.1.15 (Applebot/0.1; +http://www.apple.com/go/applebot)" 10 **0/10152**
136.243.220.212 - - [03/Mar/2026:07:19:20 -0700] "GET /top-10-online-spielsaal-echtgeld-anbieter-rangliste-2025/ HTTP/1.1" 200 74398 "-" "Mozilla/5.0 (compatible; DataForSeoBot/1.0; +https://dataforseo.com/dataforseo-bot)" 294 **0/294760**
136.243.220.212 - - [03/Mar/2026:07:19:24 -0700] "GET /uitgelezene-haar-uitleg-offlin-casinos-holland-2024/ HTTP/1.1" 200 72369 "-" "Mozilla/5.0 (compatible; DataForSeoBot/1.0; +https://dataforseo.com/dataforseo-bot)" 304 **0/304464**
136.243.220.212 - - [03/Mar/2026:07:19:28 -0700] "GET /darmowe-sloty-przez-internet-graj-bezplatnie-w-tej-chwili/ HTTP/1.1" 200 72626 "-" "Mozilla/5.0 (compatible; DataForSeoBot/1.0; +https://dataforseo.com/dataforseo-bot)" 313 **0/313310**
57.141.16.94 - - [03/Mar/2026:07:19:30 -0700] "GET /wp-json/wp/v2/posts/150661 HTTP/1.1" 200 10549 "-" "meta-externalagent/1.1 (+https://developers.facebook.com/docs/sharing/webmasters/crawler)" 162 **0/162915**
136.243.220.212 - - [03/Mar/2026:07:19:33 -0700] "GET /offlin-gokhal-echtgeld-te-osterreich-2024liste/ HTTP/1.1" 200 71936 "-" "Mozilla/5.0 (compatible; DataForSeoBot/1.0; +https://dataforseo.com/dataforseo-bot)" 330 **0/330819**
136.243.220.212 - - [03/Mar/2026:07:19:36 -0700] "GET /bevrij-baron-primebetz-app-downloaden-voor-android-ervoor-eigenlijk-strafbaar-of-voor/ HTTP/1.1" 200 72199 "-" "Mozilla/5.0 (compatible; DataForSeoBot/1.0; +https://dataforseo.com/dataforseo-bot)" 335 **0/335448**
136.243.220.212 - - [03/Mar/2026:07:19:41 -0700] "GET /fire-blaze-blue-wizard-powerplay-jackpot-release-the-kraken-slot-para-dinheiro-real-slot-review/ HTTP/1.1" 200 73260 "-" "Mozilla/5.0 (compatible; DataForSeoBot/1.0; +https://dataforseo.com/dataforseo-bot)" 321 **0/321064**
57.141.16.57 - - [03/Mar/2026:07:19:44 -0700] "GET /100-free-movies-ports-on-the-internet-to-12-hundred-added-bonus-totally-free-spins/ HTTP/1.1" 200 342447 "-" "meta-externalagent/1.1 (+https://developers.facebook.com/docs/sharing/webmasters/crawler)" 527 **0/527329**
136.243.220.212 - - [03/Mar/2026:07:19:44 -0700] "GET /zodiac-spielbank-android-casino-apps-zusammenfassung-samtliche-boni-geschenke/ HTTP/1.1" 200 69994 "-" "Mozilla/5.0 (compatible; DataForSeoBot/1.0; +https://dataforseo.com/dataforseo-bot)" 328 **0/328487**
136.243.220.212 - - [03/Mar/2026:07:19:48 -0700] "GET /freispiele-ohne-30-freie-spins-fishing-frenzy-einzahlung-2025-letzter-schrei-1800-free-spins/ HTTP/1.1" 200 72222 "-" "Mozilla/5.0 (compatible; DataForSeoBot/1.0; +https://dataforseo.com/dataforseo-bot)" 282 **0/282178**
17.246.15.196 - - [03/Mar/2026:07:19:50 -0700] "GET /1win-website-138/ HTTP/1.1" 200 82943 "-" "Mozilla/5.0 (Macintosh; Intel Mac OS X 10_15_7) AppleWebKit/605.1.15 (KHTML, like Gecko) Version/17.4 Safari/605.1.15 (Applebot/0.1; +http://www.apple.com/go/applebot)" 262 **0/262293**
136.243.220.212 - - [03/Mar/2026:07:19:52 -0700] "GET /sic-bo-online-free-game-rules-casino-online-sem-deposito-roulettino-pro-tips/ HTTP/1.1" 200 72102 "-" "Mozilla/5.0 (compatible; DataForSeoBot/1.0; +https://dataforseo.com/dataforseo-bot)" 273 **0/273590**
136.243.220.212 - - [03/Mar/2026:07:19:51 -0700] "GET /wp-sitemap-posts-post-29.xml HTTP/1.1" 200 57214 "-" "Mozilla/5.0 (compatible; DataForSeoBot/1.0; +https://dataforseo.com/dataforseo-bot)" 2732 **2/2732438**
57.141.16.5 - - [03/Mar/2026:07:19:54 -0700] "GET /the-greatest-prize-remains-hidden-regarding-giants-castle-between-his-treasure-range/feed/ HTTP/1.1" 200 1004 "-" "meta-externalagent/1.1 (+https://developers.facebook.com/docs/sharing/webmasters/crawler)" 125 **0/125145**
68.178.232.37 - - [03/Mar/2026:07:19:56 -0700] "POST /wp-cron.php?doing_wp_cron=1772547596.9639399051666259765625 HTTP/1.1" 200 - "http://www.icdp.co.in/wp-cron.php?doing_wp_cron=1772547596.9639399051666259765625" "WordPress/5.7.8; http://www.icdp.co.in" 163 **0/163482**
136.243.220.212 - - [03/Mar/2026:07:19:56 -0700] "GET /teste-barulho-slot-egypts-book-of-mystery-na-explicacao-casino-online-login-belzebu-avaliacao-esfogiteado-aparelhamento/ HTTP/1.1" 200 75050 "-" "Mozilla/5.0 (compatible; DataForSeoBot/1.0; +https://dataforseo.com/dataforseo-bot)" 483 **0/483364**
136.243.220.212 - - [03/Mar/2026:07:20:00 -0700] "GET /automaty-sieciowy-golden-ticket-slot-big-win-darmowo-bezplatne-gry-sloty/ HTTP/1.1" 200 72514 "-" "Mozilla/5.0 (compatible; DataForSeoBot/1.0; +https://dataforseo.com/dataforseo-bot)" 446 **0/446893**
136.243.220.212 - - [03/Mar/2026:07:20:05 -0700] "GET /erreichbar-spielen-sie-kostenlose-casino-slot-spiele-online-ohne-download-keine-registrierung-arzneiausgabe-pro-deutschland-shop-arzneiausgabe/ HTTP/1.1" 200 71883 "-" "Mozilla/5.0 (compatible; DataForSeoBot/1.0; +https://dataforseo.com/dataforseo-bot)" 496 **0/496642**
136.243.220.212 - - [03/Mar/2026:07:20:08 -0700] "GET /moonwin-local-casino-no-deposit-incentive-fifty-bella-vegas-casino-totally-free-spins/ HTTP/1.1" 200 71998 "-" "Mozilla/5.0 (compatible; DataForSeoBot/1.0; +https://dataforseo.com/dataforseo-bot)" 427 **0/427769**
57.141.16.29 - - [03/Mar/2026:07:20:09 -0700] "GET /wp-json/oembed/1.0/embed?url=http%3A%2F%2Fwww.icdp.co.in%2Fbook-out-of-ra-demonstration-on-line-gamble-all-versions-100percent-free-within-the-2025%2F HTTP/1.1" 200 2608 "-" "meta-externalagent/1.1 (+https://developers.facebook.com/docs/sharing/webmasters/crawler)" 184 **0/184197**
57.141.16.63 - - [03/Mar/2026:07:20:09 -0700] "GET /wp-json/wp/v2/posts/148472 HTTP/1.1" 200 7653 "-" "meta-externalagent/1.1 (+https://developers.facebook.com/docs/sharing/webmasters/crawler)" 173 **0/173743**
136.243.220.212 - - [03/Mar/2026:07:20:12 -0700] "GET /interwetten-kasino-exklusive-slot-spiele-online-bonuscodes-detaillierter-bericht/ HTTP/1.1" 200 72321 "-" "Mozilla/5.0 (compatible; DataForSeoBot/1.0; +https://dataforseo.com/dataforseo-bot)" 341 **0/341309**
136.243.220.212 - - [03/Mar/2026:07:20:17 -0700] "GET /solitaire-offlin-bries-mooie-geldprijzen-plu-vinnig-gij-kaarten-patience/ HTTP/1.1" 200 71507 "-" "Mozilla/5.0 (compatible; DataForSeoBot/1.0; +https://dataforseo.com/dataforseo-bot)" 399 **0/399881**
136.243.220.212 - - [03/Mar/2026:07:20:22 -0700] "GET /spel-odds-calculator-eenvoudig-plusteken-chicago-casino-buigzaam/ HTTP/1.1" 200 72115 "-" "Mozilla/5.0 (compatible; DataForSeoBot/1.0; +https://dataforseo.com/dataforseo-bot)" 310 **0/310610**
216.244.66.241 - - [03/Mar/2026:07:20:25 -0700] "GET /50-freispiele-abzuglich-einzahlung-neue-angebote-genesis-app-iphone-2026/ HTTP/1.1" 200 345535 "-" "Mozilla/5.0 (compatible; DotBot/1.2; +https://opensiteexplorer.org/dotbot; help@moz.com)" 382 **0/382103**
136.243.220.212 - - [03/Mar/2026:07:20:26 -0700] "GET /speel-7900-frankenstein-videoslot-gratis-offlin-bank-spelle/ HTTP/1.1" 200 72457 "-" "Mozilla/5.0 (compatible; DataForSeoBot/1.0; +https://dataforseo.com/dataforseo-bot)" 353 **0/353596**
136.243.220.212 - - [03/Mar/2026:07:20:29 -0700] "GET /slot-igre-u-kazinu-emperor-of-ones-water-ko%D1%98e-se-igra%D1%98u-100percent-najbolji-kazino-bez-depozita-goldbet-besplatno-u-microgaming-kazinima-na-internetu/ HTTP/1.1" 200 75125 "-" "Mozilla/5.0 (compatible; DataForSeoBot/1.0; +https://dataforseo.com/dataforseo-bot)" 410 **0/410830**
136.243.220.212 - - [03/Mar/2026:07:20:32 -0700] "GET /expert-user-ratings-neunter-monat-des-jahres-hugo-casino-casino-boni-2025/ HTTP/1.1" 200 71338 "-" "Mozilla/5.0 (compatible; DataForSeoBot/1.0; +https://dataforseo.com/dataforseo-bot)" 309 **0/309647**
136.243.220.212 - - [03/Mar/2026:07:20:36 -0700] "GET /unser-spielsalon-wird-mit-der-ort-bei-quadratmetern-unser-grote-in-ganz-clark-county/ HTTP/1.1" 200 72030 "-" "Mozilla/5.0 (compatible; DataForSeoBot/1.0; +https://dataforseo.com/dataforseo-bot)" 317 **0/317536**
136.243.220.212 - - [03/Mar/2026:07:20:40 -0700] "GET /nuevas-tragamonedas-referente-a-10x-deuce-wild-ranura-giros-gratis-casinos-en-internet-tragamonedas-sin-cargo-asi-como-listado-de-casinos-donde-juguetear/ HTTP/1.1" 200 73601 "-" "Mozilla/5.0 (compatible; DataForSeoBot/1.0; +https://dataforseo.com/dataforseo-bot)" 316 **0/316675**
136.243.220.212 - - [03/Mar/2026:07:20:44 -0700] "GET /tragamonedas-con-manga-larga-recursos-favorable-bonos-de-casino-playfortuna-casinos-online-legales/ HTTP/1.1" 200 73710 "-" "Mozilla/5.0 (compatible; DataForSeoBot/1.0; +https://dataforseo.com/dataforseo-bot)" 317 **0/317634**
136.243.220.212 - - [03/Mar/2026:07:20:48 -0700] "GET /melhores-casinos-com-eu-estava-lendo-isso-rodadas-dado-sem-casa-2025-portugal/ HTTP/1.1" 200 70836 "-" "Mozilla/5.0 (compatible; DataForSeoBot/1.0; +https://dataforseo.com/dataforseo-bot)" 408 **0/408497**
43.173.182.248 - - [03/Mar/2026:07:20:50 -0700] "GET /50-lions-ports-opinion-slot-games-reel-king-and-you-can-real-cash-casino-posts/ HTTP/1.1" 200 80520 "-" "Mozilla/5.0 (Windows NT 10.0; Win64; x64) AppleWebKit/537.36 (KHTML, like Gecko) Chrome/112.0.0.0 Safari/537.36" 314 **0/314119**
136.243.220.212 - - [03/Mar/2026:07:20:52 -0700] "GET /cassino-bonus-sem-entreposto-2024-breve-como-carona/ HTTP/1.1" 200 74525 "-" "Mozilla/5.0 (compatible; DataForSeoBot/1.0; +https://dataforseo.com/dataforseo-bot)" 355 **0/355942**
68.178.232.37 - - [03/Mar/2026:07:20:56 -0700] "POST /wp-cron.php?doing_wp_cron=1772547656.6060860157012939453125 HTTP/1.1" 200 - "http://www.icdp.co.in/wp-cron.php?doing_wp_cron=1772547656.6060860157012939453125" "WordPress/5.7.8; http://www.icdp.co.in" 178 **0/178320**
57.141.16.81 - - [03/Mar/2026:07:20:56 -0700] "GET /the-fresh-cashback-is-during-real-cash-in-order-to-withdraw-with-straightaway-if-you-wish-to/feed/ HTTP/1.1" 200 1022 "-" "meta-externalagent/1.1 (+https://developers.facebook.com/docs/sharing/webmasters/crawler)" 324 **0/324307**
136.243.220.212 - - [03/Mar/2026:07:20:56 -0700] "GET /spielo-proveedor-de-superiores-juegos-casino-mr-green-movil-sobre-casino-y-no-ha-transpirado-slots-online/ HTTP/1.1" 200 73552 "-" "Mozilla/5.0 (compatible; DataForSeoBot/1.0; +https://dataforseo.com/dataforseo-bot)" 338 **0/338371**
136.243.220.212 - - [03/Mar/2026:07:21:01 -0700] "GET /10-eur-kloosterlinge-deposito-premie-belgi-10-euro-kosteloos-afwisselend-erbij-performen-om-u-bank/ HTTP/1.1" 200 71979 "-" "Mozilla/5.0 (compatible; DataForSeoBot/1.0; +https://dataforseo.com/dataforseo-bot)" 349 **0/349984**
136.243.220.212 - - [03/Mar/2026:07:21:05 -0700] "GET /bonus-lotoplay-casino-mobile-sem-deposito-para-as-melhores-salas-de-penalty-shoot-out-120-giros-gratis-poker-do-brasil/ HTTP/1.1" 200 73009 "-" "Mozilla/5.0 (compatible; DataForSeoBot/1.0; +https://dataforseo.com/dataforseo-bot)" 326 **0/326544**
85.208.96.210 - - [03/Mar/2026:07:21:06 -0700] "GET /lo-cual-te-permite-experimentar-su-suerte-carente-comprometer-su-particular-recursos/ HTTP/1.1" 200 78418 "-" "Mozilla/5.0 (compatible; SemrushBot/7~bl; +http://www.semrush.com/bot.html)" 299 **0/299536**
198.244.242.146 - - [03/Mar/2026:07:21:08 -0700] "GET /mostbet-vhod-na-oficialnyj-sajt-mostbet-1190/ HTTP/1.1" 200 73207 "-" "Mozilla/5.0 (compatible; AhrefsBot/7.0; +http://ahrefs.com/robot/)" 339 **0/339721**
136.243.220.212 - - [03/Mar/2026:07:21:09 -0700] "GET /verbunden-casino-land-der-dichter-und-denker-tagesordnungspunkt-anbieter-je-2025-inoffizieller-mitarbeiter-erprobung/ HTTP/1.1" 200 74211 "-" "Mozilla/5.0 (compatible; DataForSeoBot/1.0; +https://dataforseo.com/dataforseo-bot)" 424 **0/424615**
136.243.220.212 - - [03/Mar/2026:07:21:12 -0700] "GET /casino-bonus-code-abzuglich-einzahlung/ HTTP/1.1" 200 74292 "-" "Mozilla/5.0 (compatible; DataForSeoBot/1.0; +https://dataforseo.com/dataforseo-bot)" 292 **0/292193**
85.208.96.199 - - [03/Mar/2026:07:21:14 -0700] "GET /how-will-you-allege-brand-new-free-revolves-deposit-incentive/ HTTP/1.1" 200 79215 "-" "Mozilla/5.0 (compatible; SemrushBot/7~bl; +http://www.semrush.com/bot.html)" 262 **0/262302**
136.243.220.212 - - [03/Mar/2026:07:21:16 -0700] "GET /10-leukste-slot-betaallijnen-20-bordpellen-va-achtergrond-die-wi-noga-immermeer-optreden/ HTTP/1.1" 200 72222 "-" "Mozilla/5.0 (compatible; DataForSeoBot/1.0; +https://dataforseo.com/dataforseo-bot)" 275 **0/275596**
185.191.171.8 - - [03/Mar/2026:07:21:17 -0700] "GET /pokerstars-gambling-enterprise-casino-betway-50-free-spins-no-deposit-150-added-bonus-athlete-book-the-way-to-get-good-value-2025/ HTTP/1.1" 200 80594 "-" "Mozilla/5.0 (compatible; SemrushBot/7~bl; +http://www.semrush.com/bot.html)" 332 **0/332765**
136.243.220.212 - - [03/Mar/2026:07:21:17 -0700] "GET /wp-sitemap-posts-page-1.xml HTTP/1.1" 200 232 "-" "Mozilla/5.0 (compatible; DataForSeoBot/1.0; +https://dataforseo.com/dataforseo-bot)" 148 **0/148701**
216.244.66.241 - - [03/Mar/2026:07:21:18 -0700] "GET /exploring-the-fierce-mythology-and-volatile-wins-in-3-claws-of-aztec-fire-slot/ HTTP/1.1" 200 344842 "-" "Mozilla/5.0 (compatible; DotBot/1.2; +https://opensiteexplorer.org/dotbot; help@moz.com)" 364 **0/364565**
136.243.220.212 - - [03/Mar/2026:07:21:18 -0700] "GET /wp-sitemap-posts-elementor_library-1.xml HTTP/1.1" 200 154 "-" "Mozilla/5.0 (compatible; DataForSeoBot/1.0; +https://dataforseo.com/dataforseo-bot)" 158 **0/158416**
136.243.220.212 - - [03/Mar/2026:07:21:19 -0700] "GET /wp-sitemap-taxonomies-category-1.xml HTTP/1.1" 200 11262 "-" "Mozilla/5.0 (compatible; DataForSeoBot/1.0; +https://dataforseo.com/dataforseo-bot)" 514 **0/514040**
136.243.220.212 - - [03/Mar/2026:07:21:20 -0700] "GET /big-bass-bonanza-symbole-and-bezuge/ HTTP/1.1" 200 74273 "-" "Mozilla/5.0 (compatible; DataForSeoBot/1.0; +https://dataforseo.com/dataforseo-bot)" 354 **0/354510**
136.243.220.212 - - [03/Mar/2026:07:21:24 -0700] "GET /champion-casino-maklercourtage-2025-kollation-ein-beste-online-casinos-slots-besten-casino-boni/ HTTP/1.1" 200 71815 "-" "Mozilla/5.0 (compatible; DataForSeoBot/1.0; +https://dataforseo.com/dataforseo-bot)" 319 **0/319479**
136.243.220.212 - - [03/Mar/2026:07:21:28 -0700] "GET /buffalo-blitz-slot-50-kostenlose-spins-unter-rise-of-dead-keine-einzahlung-bericht-2025-free-play-idee/ HTTP/1.1" 200 73161 "-" "Mozilla/5.0 (compatible; DataForSeoBot/1.0; +https://dataforseo.com/dataforseo-bot)" 383 **0/383694**
185.191.171.18 - - [03/Mar/2026:07:21:32 -0700] "GET /traktandum-echtgeld-online-casinos-in-teutonia-2026/ HTTP/1.1" 200 80673 "-" "Mozilla/5.0 (compatible; SemrushBot/7~bl; +http://www.semrush.com/bot.html)" 305 **0/305995**
136.243.220.212 - - [03/Mar/2026:07:21:33 -0700] "GET /finest-gold-rush-slot-online-game-real-cash-harbors/ HTTP/1.1" 200 70911 "-" "Mozilla/5.0 (compatible; DataForSeoBot/1.0; +https://dataforseo.com/dataforseo-bot)" 338 **0/338877**
57.141.16.27 - - [03/Mar/2026:07:21:34 -0700] "GET /wp-json/oembed/1.0/embed?url=http%3A%2F%2Fwww.icdp.co.in%2Fto-possess-technology-experienced-users-cryptocurrency-money-depict-the-future-of-internet-casino-financial%2F HTTP/1.1" 200 2703 "-" "meta-externalagent/1.1 (+https://developers.facebook.com/docs/sharing/webmasters/crawler)" 161 **0/161430**
57.141.16.11 - - [03/Mar/2026:07:21:35 -0700] "GET /wp-json/oembed/1.0/embed?url=http%3A%2F%2Fwww.icdp.co.in%2Fmon-bemol-bien-gratification-salle-de-jeu-serviteur-offert-aurait-obtient-nos-banlieues%2F HTTP/1.1" 200 2606 "-" "meta-externalagent/1.1 (+https://developers.facebook.com/docs/sharing/webmasters/crawler)" 164 **0/164954**
136.243.220.212 - - [03/Mar/2026:07:21:36 -0700] "GET /bezplatne-spiny-zbytnio-rejestracje-2025-playfortuna-bonus-powitalny-najlepsze-propozycje-bez-depozytu/ HTTP/1.1" 200 72614 "-" "Mozilla/5.0 (compatible; DataForSeoBot/1.0; +https://dataforseo.com/dataforseo-bot)" 364 **0/364573**
136.243.220.212 - - [03/Mar/2026:07:21:41 -0700] "GET /power-stars-bonusy-zabawa-demo-bezplatnie-recenzja-slotu-2025/ HTTP/1.1" 200 73161 "-" "Mozilla/5.0 (compatible; DataForSeoBot/1.0; +https://dataforseo.com/dataforseo-bot)" 384 **0/384691**
216.244.66.241 - - [03/Mar/2026:07:21:44 -0700] "GET /mostbet-login-sri-lanka-83/ HTTP/1.1" 200 354538 "-" "Mozilla/5.0 (compatible; DotBot/1.2; +https://opensiteexplorer.org/dotbot; help@moz.com)" 429 **0/429515**
136.243.220.212 - - [03/Mar/2026:07:21:44 -0700] "GET /n1-spielsaal-offizielle-spielbank-lord-lucky-100-kein-einzahlungsbonus-website-unter-einsatz-von-mamma-mia-spielautomat-umsetzbar/ HTTP/1.1" 200 72213 "-" "Mozilla/5.0 (compatible; DataForSeoBot/1.0; +https://dataforseo.com/dataforseo-bot)" 441 **0/441524**
17.22.253.119 - - [03/Mar/2026:07:21:47 -0700] "GET /better-on-the-web-pokies-australian-continent-2025-top-10-au-the-expandable-for-real-money-pokie-sites/ HTTP/1.1" 200 79583 "-" "Mozilla/5.0 (Macintosh; Intel Mac OS X 10_15_7) AppleWebKit/605.1.15 (KHTML, like Gecko) Version/17.4 Safari/605.1.15 (Applebot/0.1; +http://www.apple.com/go/applebot)" 302 **0/302501**
136.243.220.212 - - [03/Mar/2026:07:21:48 -0700] "GET /25-giros-gratuito-cincuenta-giros-gate777-movil-sin-cargo-en-ramses-book-desprovisto-tanque-asi-como-desprovisto-asignacion-para-argentinos-2025/ HTTP/1.1" 200 72671 "-" "Mozilla/5.0 (compatible; DataForSeoBot/1.0; +https://dataforseo.com/dataforseo-bot)" 365 **0/365955**
136.243.220.212 - - [03/Mar/2026:07:21:52 -0700] "GET /8-onmisbare-roulett-naughty-or-nice-online-slot-toelichtingen-te-gedurende-winnen-slimme-tricks/ HTTP/1.1" 200 72268 "-" "Mozilla/5.0 (compatible; DataForSeoBot/1.0; +https://dataforseo.com/dataforseo-bot)" 328 **0/328780**
68.178.232.37 - - [03/Mar/2026:07:21:56 -0700] "POST /wp-cron.php?doing_wp_cron=1772547716.5973100662231445312500 HTTP/1.1" 200 - "http://www.icdp.co.in/wp-cron.php?doing_wp_cron=1772547716.5973100662231445312500" "WordPress/5.7.8; http://www.icdp.co.in" 164 **0/164771**
185.191.171.1 - - [03/Mar/2026:07:21:56 -0700] "GET /de-beste-toernooien-van-baloobet-casino-in-een-overzicht/ HTTP/1.1" 200 79853 "-" "Mozilla/5.0 (compatible; SemrushBot/7~bl; +http://www.semrush.com/bot.html)" 490 **0/490929**
136.243.220.212 - - [03/Mar/2026:07:21:56 -0700] "GET /emerald-area-gosteri-pozisyonu-ucretsiz-oyun-rtp-96-percent59/ HTTP/1.1" 200 74751 "-" "Mozilla/5.0 (compatible; DataForSeoBot/1.0; +https://dataforseo.com/dataforseo-bot)" 359 **0/359842**
185.191.171.6 - - [03/Mar/2026:07:21:59 -0700] "GET /nos-fronti-s-constitutionnelles-et-reglementaires-les-gratification-a-lexclusion-de-archive-en-france-sauf-que-deurope/ HTTP/1.1" 200 80540 "-" "Mozilla/5.0 (compatible; SemrushBot/7~bl; +http://www.semrush.com/bot.html)" 277 **0/277069**
136.243.220.212 - - [03/Mar/2026:07:22:00 -0700] "GET /verbunden-casinos-via-10-ecu-einzahlung-beste-anbieter-ferner-maklercourtage/ HTTP/1.1" 200 74712 "-" "Mozilla/5.0 (compatible; DataForSeoBot/1.0; +https://dataforseo.com/dataforseo-bot)" 350 **0/350233**
185.191.171.8 - - [03/Mar/2026:07:22:01 -0700] "GET /el-torero-slot/ HTTP/1.1" 200 78320 "-" "Mozilla/5.0 (compatible; SemrushBot/7~bl; +http://www.semrush.com/bot.html)" 343 **0/343607**
85.208.96.204 - - [03/Mar/2026:07:22:03 -0700] "GET /introduction-very-first-tips-to-the-arena-of-online-slots-games/ HTTP/1.1" 200 79460 "-" "Mozilla/5.0 (compatible; SemrushBot/7~bl; +http://www.semrush.com/bot.html)" 299 **0/299254**
136.243.220.212 - - [03/Mar/2026:07:22:04 -0700] "GET /o-cassino-bet365-e-apercebido-por-seu-aplicativo-diferente-otimizado-para-dispositivos-moveis-proporcionando-uma-apreciacao-puerilidade-acabamento-amavioso-aquele-acostumado-sobre-dinheiro-local-qu/ HTTP/1.1" 200 72417 "-" "Mozilla/5.0 (compatible; DataForSeoBot/1.0; +https://dataforseo.com/dataforseo-bot)" 289 **0/289908**
57.141.16.68 - - [03/Mar/2026:07:22:06 -0700] "GET /wp-json/oembed/1.0/embed?url=http%3A%2F%2Fwww.icdp.co.in%2Fhow-we-select-the-right-playing-internet-within-the-canada%2F HTTP/1.1" 200 2455 "-" "meta-externalagent/1.1 (+https://developers.facebook.com/docs/sharing/webmasters/crawler)" 153 **0/153676**
136.243.220.212 - - [03/Mar/2026:07:22:09 -0700] "GET /internet-casino-viks-online-casino-free-spins-enjoy-internet-casino-in-the-777-gambling-enterprise/ HTTP/1.1" 200 72044 "-" "Mozilla/5.0 (compatible; DataForSeoBot/1.0; +https://dataforseo.com/dataforseo-bot)" 322 **0/322085**
185.191.171.6 - - [03/Mar/2026:07:22:12 -0700] "GET /como-ganhar-no-aviator-betnacional-962/ HTTP/1.1" 200 84570 "-" "Mozilla/5.0 (compatible; SemrushBot/7~bl; +http://www.semrush.com/bot.html)" 294 **0/294240**
136.243.220.212 - - [03/Mar/2026:07:22:12 -0700] "GET /topshot-gokkast-de-meest-meerdere-27-betaallijnen-gokkast-gratis-games-volledige-fruitkast/ HTTP/1.1" 200 71122 "-" "Mozilla/5.0 (compatible; DataForSeoBot/1.0; +https://dataforseo.com/dataforseo-bot)" 312 **0/312168**
216.244.66.241 - - [03/Mar/2026:07:22:13 -0700] "GET /acabamento-busca-niqueis-era-do-gelo-3/ HTTP/1.1" 200 348628 "-" "Mozilla/5.0 (compatible; DotBot/1.2; +https://opensiteexplorer.org/dotbot; help@moz.com)" 264 **0/264485**
85.208.96.195 - - [03/Mar/2026:07:22:14 -0700] "GET /fandom-big-bad-wolf-free-coins-1-deposit/ HTTP/1.1" 200 80955 "-" "Mozilla/5.0 (compatible; SemrushBot/7~bl; +http://www.semrush.com/bot.html)" 279 **0/279395**
17.246.23.78 - - [03/Mar/2026:07:22:15 -0700] "GET /finest-neteller-gambling-enterprises-2025-punctual-payout-sites-for-us-participants/ HTTP/1.1" 200 79376 "-" "Mozilla/5.0 (Macintosh; Intel Mac OS X 10_15_7) AppleWebKit/605.1.15 (KHTML, like Gecko) Version/17.4 Safari/605.1.15 (Applebot/0.1; +http://www.apple.com/go/applebot)" 261 **0/261409**
136.243.220.212 - - [03/Mar/2026:07:22:16 -0700] "GET /liefste-werkelijk-bankbiljet-casinos-2024-online-gokken-pro-irish-eyes-2-speelautomaat-strafbaar/ HTTP/1.1" 200 72378 "-" "Mozilla/5.0 (compatible; DataForSeoBot/1.0; +https://dataforseo.com/dataforseo-bot)" 342 **0/342986**
136.243.220.212 - - [03/Mar/2026:07:22:17 -0700] "GET /wp-sitemap-taxonomies-post_tag-1.xml HTTP/1.1" 200 6232 "-" "Mozilla/5.0 (compatible; DataForSeoBot/1.0; +https://dataforseo.com/dataforseo-bot)" 405 **0/405842**
17.246.15.74 - - [03/Mar/2026:07:22:18 -0700] "GET /10-bedste-godkendte-pa-casinoer-pr-danmark-pr-hvordan-man-bruger-bonus-i-xon-bet-2026/ HTTP/1.1" 200 79141 "-" "Mozilla/5.0 (Macintosh; Intel Mac OS X 10_15_7) AppleWebKit/605.1.15 (KHTML, like Gecko) Version/17.4 Safari/605.1.15 (Applebot/0.1; +http://www.apple.com/go/applebot)" 320 **0/320022**
185.191.171.1 - - [03/Mar/2026:07:22:19 -0700] "GET /for-many-who-seem-sensible-the-three-digits-inside-888-gambling-enterprise-they-spells-out-twenty-four-hours-open/ HTTP/1.1" 200 78323 "-" "Mozilla/5.0 (compatible; SemrushBot/7~bl; +http://www.semrush.com/bot.html)" 303 **0/303004**
136.243.220.212 - - [03/Mar/2026:07:22:20 -0700] "GET /zabawy-talking-tom-online-graj-w-online-casinos-10-deposit-calej-bezplatne-pod-gombis-pl/ HTTP/1.1" 200 71799 "-" "Mozilla/5.0 (compatible; DataForSeoBot/1.0; +https://dataforseo.com/dataforseo-bot)" 292 **0/292685**
185.191.171.8 - - [03/Mar/2026:07:22:21 -0700] "GET /deciphering-the-mystique-the-role-of-eye-of-horus-in-digital-security-and-cultural-heritage/ HTTP/1.1" 200 80436 "-" "Mozilla/5.0 (compatible; SemrushBot/7~bl; +http://www.semrush.com/bot.html)" 273 **0/273419**
85.208.96.208 - - [03/Mar/2026:07:22:23 -0700] "GET /keno-2/ HTTP/1.1" 200 79933 "-" "Mozilla/5.0 (compatible; SemrushBot/7~bl; +http://www.semrush.com/bot.html)" 393 **0/393830**
57.141.16.34 - - [03/Mar/2026:07:22:24 -0700] "GET /wp-json/oembed/1.0/embed?url=http%3A%2F%2Fwww.icdp.co.in%2Fingresos-de-apostar-alrededores-casino-online-mr-bet-argentina%2F HTTP/1.1" 200 2475 "-" "meta-externalagent/1.1 (+https://developers.facebook.com/docs/sharing/webmasters/crawler)" 121 **0/121657**
136.243.220.212 - - [03/Mar/2026:07:22:24 -0700] "GET /bitcoin-spielsaal-casino-serioese-mobil-kollationieren-2025-btc-provision-exklusive-kyc/ HTTP/1.1" 200 71671 "-" "Mozilla/5.0 (compatible; DataForSeoBot/1.0; +https://dataforseo.com/dataforseo-bot)" 331 **0/331762**
85.208.96.210 - - [03/Mar/2026:07:22:26 -0700] "GET /western-web-based-poker-ii-play-now-lets-talk-about-100-goldbet-bonus-how-to-use-percent-free/ HTTP/1.1" 200 81019 "-" "Mozilla/5.0 (compatible; SemrushBot/7~bl; +http://www.semrush.com/bot.html)" 261 **0/261294**
78.138.127.62 - - [03/Mar/2026:07:22:27 -0700] "GET /registracija-na-get-iks-kazino-polnoe-rukovodstvo-2/ HTTP/1.1" 200 73623 "http://www.icdp.co.in/" "Mozilla/5.0 (Macintosh; Intel Mac OS X 12_5) AppleWebKit/537.36 (KHTML, like Gecko) Chrome/114.0.0.0 Safari/537.36 Edg/114.0.1264.71" 299 **0/299752**
136.243.220.212 - - [03/Mar/2026:07:22:28 -0700] "GET /casino-online-slot-de-cassino-ultra-hot-uma-vez-que-ato-sem-casa-acercade-portugal-2025/ HTTP/1.1" 200 71494 "-" "Mozilla/5.0 (compatible; DataForSeoBot/1.0; +https://dataforseo.com/dataforseo-bot)" 301 **0/301666**
185.191.171.5 - - [03/Mar/2026:07:22:32 -0700] "GET /game-provider-comparison-netent-vs-microgaming-3/ HTTP/1.1" 200 79547 "-" "Mozilla/5.0 (compatible; SemrushBot/7~bl; +http://www.semrush.com/bot.html)" 266 **0/266425**
136.243.220.212 - - [03/Mar/2026:07:22:32 -0700] "GET /analise-abrasado-acabamento-fortune-mouse-rtp-dicas-site-relacionado-que-bonus/ HTTP/1.1" 200 74756 "-" "Mozilla/5.0 (compatible; DataForSeoBot/1.0; +https://dataforseo.com/dataforseo-bot)" 288 **0/288853**
78.138.127.62 - - [03/Mar/2026:07:22:36 -0700] "GET /category/fairplay-login-id-sign-up-510/ HTTP/1.1" 200 70084 "http://www.icdp.co.in/registracija-na-get-iks-kazino-polnoe-rukovodstvo-2/" "Mozilla/5.0 (Windows NT 6.3; Win64; x64) AppleWebKit/537.36 (KHTML, like Gecko) Chrome/103.0.0.0 Safari/537.36" 404 **0/404895**
136.243.220.212 - - [03/Mar/2026:07:22:36 -0700] "GET /futuriti-casino-1000-provision-sourcecode-alleinig-casino-club-login-einzahlung-25-free-spins/ HTTP/1.1" 200 72287 "-" "Mozilla/5.0 (compatible; DataForSeoBot/1.0; +https://dataforseo.com/dataforseo-bot)" 305 **0/305252**
216.244.66.241 - - [03/Mar/2026:07:22:38 -0700] "GET /freispiele-abzuglich-einzahlung-2026-gratis-freispiele/ HTTP/1.1" 200 344578 "-" "Mozilla/5.0 (compatible; DotBot/1.2; +https://opensiteexplorer.org/dotbot; help@moz.com)" 283 **0/283998**
78.138.127.62 - - [03/Mar/2026:07:22:40 -0700] "GET /category/fairplay-login-id-sign-up-510/ HTTP/1.1" 200 70084 "http://www.icdp.co.in/category/fairplay-login-id-sign-up-510/" "Mozilla/5.0 (Windows NT 6.3; Win64; x64) AppleWebKit/537.36 (KHTML, like Gecko) Chrome/103.0.0.0 Safari/537.36" 421 **0/421011**
136.243.220.212 - - [03/Mar/2026:07:22:41 -0700] "GET /free-spins-no-deposit-akkvisisjon-finn-bruce-bet-app-apk-nedlasting-disse-beste-tilbudene-elements-150-fri-spinnsanmeldelser-inne-indre-sett-norge/ HTTP/1.1" 200 72615 "-" "Mozilla/5.0 (compatible; DataForSeoBot/1.0; +https://dataforseo.com/dataforseo-bot)" 323 **0/323189**
78.138.127.62 - - [03/Mar/2026:07:22:44 -0700] "GET /wp-content/themes/astra/assets/css/minified/frontend.min.css?ver=3.2.0 HTTP/1.1" 200 11719 "http://www.icdp.co.in/category/fairplay-login-id-sign-up-510/" "Mozilla/5.0 (Windows NT 10.0; Win64; x64) AppleWebKit/537.36 (KHTML, like Gecko) Chrome/143.0.0.0 Safari/537.36" 11 **0/11492**
136.243.220.212 - - [03/Mar/2026:07:22:44 -0700] "GET /stakelogic-slots-plu-gokkasten-gratis-acteren-nl-casinos/ HTTP/1.1" 200 71365 "-" "Mozilla/5.0 (compatible; DataForSeoBot/1.0; +https://dataforseo.com/dataforseo-bot)" 275 **0/275453**
136.243.220.212 - - [03/Mar/2026:07:22:48 -0700] "GET /hinein-unseren-eu-casino-studies-innehaben-unsereiner-aber-und-abermal-gesehen-so-nachfolgende-limits-pro/ HTTP/1.1" 200 71993 "-" "Mozilla/5.0 (compatible; DataForSeoBot/1.0; +https://dataforseo.com/dataforseo-bot)" 323 **0/323885**
78.138.127.62 - - [03/Mar/2026:07:22:50 -0700] "GET /wp-content/themes/astra/assets/css/minified/menu-animation.min.css?ver=3.2.0 HTTP/1.1" 200 340 "http://www.icdp.co.in/category/fairplay-login-id-sign-up-510/" "Mozilla/5.0 (Windows NT 10.0; Win64; x64) AppleWebKit/537.36 (KHTML, like Gecko) Chrome/143.0.0.0 Safari/537.36" 6 **0/6386**
78.138.127.62 - - [03/Mar/2026:07:22:50 -0700] "GET /wp-includes/css/dist/block-library/style.min.css?ver=5.7.8 HTTP/1.1" 200 8155 "http://www.icdp.co.in/category/fairplay-login-id-sign-up-510/" "Mozilla/5.0 (Windows NT 10.0; Win64; x64) AppleWebKit/537.36 (KHTML, like Gecko) Chrome/143.0.0.0 Safari/537.36" 13 **0/13486**
78.138.127.62 - - [03/Mar/2026:07:22:51 -0700] "GET /wp-content/plugins/coblocks/dist/coblocks-style.css?ver=d491038ff7d61a43598729a4c5ab5aae HTTP/1.1" 200 20133 "http://www.icdp.co.in/category/fairplay-login-id-sign-up-510/" "Mozilla/5.0 (Windows NT 10.0; Win64; x64) AppleWebKit/537.36 (KHTML, like Gecko) Chrome/143.0.0.0 Safari/537.36" 16 **0/16534**
136.243.220.212 - - [03/Mar/2026:07:22:52 -0700] "GET /erreichbar-poker-fur-nusse-vortragen-poker-online-replay-poker/ HTTP/1.1" 200 74021 "-" "Mozilla/5.0 (compatible; DataForSeoBot/1.0; +https://dataforseo.com/dataforseo-bot)" 286 **0/286508**
78.138.127.62 - - [03/Mar/2026:07:22:54 -0700] "GET /registracija-na-get-iks-kazino-polnoe-rukovodstvo-2/ HTTP/1.1" 200 73623 "http://www.icdp.co.in/registracija-na-get-iks-kazino-polnoe-rukovodstvo-2/" "Mozilla/5.0 (Windows NT 6.3; Win64; x64) AppleWebKit/537.36 (KHTML, like Gecko) Chrome/103.0.0.0 Safari/537.36" 329 **0/329967**
136.243.220.212 - - [03/Mar/2026:07:22:56 -0700] "GET /os-melhores-cassinos-download-do-aplicativo-de-login-pagbet-online-para-android-afinar-brasil-2025/ HTTP/1.1" 200 71686 "-" "Mozilla/5.0 (compatible; DataForSeoBot/1.0; +https://dataforseo.com/dataforseo-bot)" 300 **0/300834**
136.243.220.212 - - [03/Mar/2026:07:22:57 -0700] "GET /wp-sitemap-users-1.xml HTTP/1.1" 200 136 "-" "Mozilla/5.0 (compatible; DataForSeoBot/1.0; +https://dataforseo.com/dataforseo-bot)" 141 **0/141231**
136.243.220.212 - - [03/Mar/2026:07:23:00 -0700] "GET /pokeren-pro-poen-te-legale-50-gratis-spins-hearts-of-venice-bij-registratie-geen-storting-nederlandse-offlin-pokersites/ HTTP/1.1" 200 71061 "-" "Mozilla/5.0 (compatible; DataForSeoBot/1.0; +https://dataforseo.com/dataforseo-bot)" 322 **0/322771**
78.138.127.62 - - [03/Mar/2026:07:23:01 -0700] "POST /wp-comments-post.php HTTP/1.1" 404 1 "http://www.icdp.co.in/registracija-na-get-iks-kazino-polnoe-rukovodstvo-2/" "Mozilla/5.0 (Windows NT 6.3; Win64; x64) AppleWebKit/537.36 (KHTML, like Gecko) Chrome/103.0.0.0 Safari/537.36" 521 **0/521343**
216.244.66.241 - - [03/Mar/2026:07:23:01 -0700] "GET /min-deposit-detachment-big-date-1-%EF%BF%BD-5-working-days/ HTTP/1.1" 200 342603 "-" "Mozilla/5.0 (compatible; DotBot/1.2; +https://opensiteexplorer.org/dotbot; help@moz.com)" 509 **0/509074**
57.141.16.84 - - [03/Mar/2026:07:23:02 -0700] "GET /wp-json/oembed/1.0/embed?url=http%3A%2F%2Fwww.icdp.co.in%2Fso-it-venture-lets-a-person-for-a-gambling-establishment-bonus-simply-to-possess-doing-the-newest-registration-procedure%2F HTTP/1.1" 200 2765 "-" "meta-externalagent/1.1 (+https://developers.facebook.com/docs/sharing/webmasters/crawler)" 233 **0/233712**
78.138.127.62 - - [03/Mar/2026:07:23:03 -0700] "POST /wp-comments-post.php HTTP/1.1" 404 1 "http://www.icdp.co.in/registracija-na-get-iks-kazino-polnoe-rukovodstvo-2/" "Mozilla/5.0 (Windows NT 6.3; Win64; x64) AppleWebKit/537.36 (KHTML, like Gecko) Chrome/103.0.0.0 Safari/537.36" 173 **0/173239**
78.138.127.62 - - [03/Mar/2026:07:23:03 -0700] "POST /wp-comments-post.php HTTP/1.1" 404 1 "http://www.icdp.co.in/registracija-na-get-iks-kazino-polnoe-rukovodstvo-2/" "Mozilla/5.0 (Windows NT 6.3; Win64; x64) AppleWebKit/537.36 (KHTML, like Gecko) Chrome/103.0.0.0 Safari/537.36" 165 **0/165144**
136.243.220.212 - - [03/Mar/2026:07:23:05 -0700] "GET /karamba-betprimeiro-kontakt-in-osterreich-free-spins-100-freispiele-im-monat-des-herbstbeginns-2025/ HTTP/1.1" 200 72240 "-" "Mozilla/5.0 (compatible; DataForSeoBot/1.0; +https://dataforseo.com/dataforseo-bot)" 309 **0/309763**
78.138.127.62 - - [03/Mar/2026:07:23:05 -0700] "POST /wp-comments-post.php HTTP/1.1" 404 1 "http://www.icdp.co.in/registracija-na-get-iks-kazino-polnoe-rukovodstvo-2/" "Mozilla/5.0 (Windows NT 6.3; Win64; x64) AppleWebKit/537.36 (KHTML, like Gecko) Chrome/103.0.0.0 Safari/537.36" 143 **0/143946**
78.138.127.62 - - [03/Mar/2026:07:23:06 -0700] "GET /registracija-na-get-iks-kazino-polnoe-rukovodstvo-2/ HTTP/1.1" 200 73623 "-" "Mozilla/5.0 (Windows NT 6.3; Win64; x64) AppleWebKit/537.36 (KHTML, like Gecko) Chrome/103.0.0.0 Safari/537.36" 365 **0/365627**
136.243.220.212 - - [03/Mar/2026:07:23:08 -0700] "GET /blood-suckers-glory-casino-turkiye-inceleme-dos-slots-aciklama-2025/ HTTP/1.1" 200 72542 "-" "Mozilla/5.0 (compatible; DataForSeoBot/1.0; +https://dataforseo.com/dataforseo-bot)" 363 **0/363350**
57.141.16.12 - - [03/Mar/2026:07:23:11 -0700] "GET /wp-json/wp/v2/posts/145061 HTTP/1.1" 200 7445 "-" "meta-externalagent/1.1 (+https://developers.facebook.com/docs/sharing/webmasters/crawler)" 176 **0/176522**
136.243.220.212 - - [03/Mar/2026:07:23:12 -0700] "GET /zodiac-gambling-enterprise-review-canada-2025-80-fs-for-cocoa-casino-bonus-100-starters-deposit/ HTTP/1.1" 200 71318 "-" "Mozilla/5.0 (compatible; DataForSeoBot/1.0; +https://dataforseo.com/dataforseo-bot)" 319 **0/319683**
17.246.23.126 - - [03/Mar/2026:07:23:13 -0700] "GET /greatest-100-100-percent-free-spins-no-deposit-incentives-for-fast-pay-mobile-app-2026/ HTTP/1.1" 200 80364 "-" "Mozilla/5.0 (Macintosh; Intel Mac OS X 10_15_7) AppleWebKit/605.1.15 (KHTML, like Gecko) Version/17.4 Safari/605.1.15 (Applebot/0.1; +http://www.apple.com/go/applebot)" 345 **0/345749**
136.243.220.212 - - [03/Mar/2026:07:23:16 -0700] "GET /angry-aggravated-monkey-slot-machine-to-experience-100-percent-free-within-the-nextgen-gamings-casumo-80-free-spins-no-deposit-real-money-online-casinos/ HTTP/1.1" 200 72662 "-" "Mozilla/5.0 (compatible; DataForSeoBot/1.0; +https://dataforseo.com/dataforseo-bot)" 306 **0/306082**
178.158.220.241 - - [03/Mar/2026:07:23:18 -0700] "GET /robots.txt HTTP/1.1" 200 110 "-" "Screaming Frog SEO Spider/23.3" 116 **0/116598**
178.158.220.241 - - [03/Mar/2026:07:23:19 -0700] "GET /bdmbet-casino-testbericht-2026-54/ HTTP/1.1" 200 82477 "-" "Screaming Frog SEO Spider/23.3" 317 **0/317819**
136.243.220.212 - - [03/Mar/2026:07:23:20 -0700] "GET /pinco-online-kazino-pinko-2025-qaydalar-v-rtlr-zr-1163/ HTTP/1.1" 200 72438 "-" "Mozilla/5.0 (compatible; DataForSeoBot/1.0; +https://dataforseo.com/dataforseo-bot)" 319 **0/319026**
136.243.220.212 - - [03/Mar/2026:07:23:24 -0700] "GET /os-casino-pin-up-sem-bonus-de-deposito-melhores-cassinos-como-pagam-acimade-dinheiro-contemporaneo-no-brasil-acimade-2024/ HTTP/1.1" 200 71732 "-" "Mozilla/5.0 (compatible; DataForSeoBot/1.0; +https://dataforseo.com/dataforseo-bot)" 323 **0/323556**
136.243.220.212 - - [03/Mar/2026:07:23:28 -0700] "GET /beste-ernahrer-and-pramie/ HTTP/1.1" 200 74231 "-" "Mozilla/5.0 (compatible; DataForSeoBot/1.0; +https://dataforseo.com/dataforseo-bot)" 341 **0/341622**
136.243.220.212 - - [03/Mar/2026:07:23:32 -0700] "GET /piggy-bank-bills-slot-casino-pin-up-sem-bonus-de-deposito-review-play-free-beizebu-2025/ HTTP/1.1" 200 71863 "-" "Mozilla/5.0 (compatible; DataForSeoBot/1.0; +https://dataforseo.com/dataforseo-bot)" 287 **0/287710**
136.243.220.212 - - [03/Mar/2026:07:23:36 -0700] "GET /online-gokhal-echt-vampire-gokkasten-voor-iphone-poen-offlin-raden-betreffende-werkelijk-strafbaar-wegens-nederland/ HTTP/1.1" 200 72241 "-" "Mozilla/5.0 (compatible; DataForSeoBot/1.0; +https://dataforseo.com/dataforseo-bot)" 341 **0/341296**
136.243.220.212 - - [03/Mar/2026:07:23:40 -0700] "GET /casinoeuro-inoffizieller-mitarbeiter-untersuchung-king-of-cards-groser-riesenerfolg-2025-hole-dir-deinen-150-provision-comunica-elektronische-datenverarbeitung/ HTTP/1.1" 200 73904 "-" "Mozilla/5.0 (compatible; DataForSeoBot/1.0; +https://dataforseo.com/dataforseo-bot)" 335 **0/335653**
136.243.220.212 - - [03/Mar/2026:07:23:44 -0700] "GET /echtgeld-erreichbar-slotspiele-casinos-osterreich-2025/ HTTP/1.1" 200 72256 "-" "Mozilla/5.0 (compatible; DataForSeoBot/1.0; +https://dataforseo.com/dataforseo-bot)" 323 **0/323942**
57.141.16.70 - - [03/Mar/2026:07:23:46 -0700] "GET /?p=150623 HTTP/1.1" 301 - "-" "meta-externalagent/1.1 (+https://developers.facebook.com/docs/sharing/webmasters/crawler)" 116 **0/116357**
136.243.220.212 - - [03/Mar/2026:07:23:48 -0700] "GET /tiradas-sin-book-of-ra-classic-1-deposito-cargo-en-casinos-de-chile-2025/ HTTP/1.1" 200 73639 "-" "Mozilla/5.0 (compatible; DataForSeoBot/1.0; +https://dataforseo.com/dataforseo-bot)" 367 **0/367216**
136.243.220.212 - - [03/Mar/2026:07:23:52 -0700] "GET /voor-gokhuis-lezen-bekijk-ziezo-gedurende-welke-casinos-jou-kunt-optreden/ HTTP/1.1" 200 71875 "-" "Mozilla/5.0 (compatible; DataForSeoBot/1.0; +https://dataforseo.com/dataforseo-bot)" 291 **0/291423**
68.178.232.37 - - [03/Mar/2026:07:23:57 -0700] "POST /wp-cron.php?doing_wp_cron=1772547837.0179409980773925781250 HTTP/1.1" 200 - "http://www.icdp.co.in/wp-cron.php?doing_wp_cron=1772547837.0179409980773925781250" "WordPress/5.7.8; http://www.icdp.co.in" 202 **0/202180**
136.243.220.212 - - [03/Mar/2026:07:23:56 -0700] "GET /gamble-gorgeous-push-position-on-the-web-the-real-deal-money-otherwise-100-percent-free-join-now/ HTTP/1.1" 200 71997 "-" "Mozilla/5.0 (compatible; DataForSeoBot/1.0; +https://dataforseo.com/dataforseo-bot)" 534 **0/534113**
198.244.226.7 - - [03/Mar/2026:07:24:00 -0700] "GET /better-local-casino-rio-fever-online-slot-games/ HTTP/1.1" 200 71739 "-" "Mozilla/5.0 (compatible; AhrefsBot/7.0; +http://ahrefs.com/robot/)" 387 **0/387454**
136.243.220.212 - - [03/Mar/2026:07:24:00 -0700] "GET /live-fernsehen-kostenlos-unter-joyn-streamen/ HTTP/1.1" 200 74627 "-" "Mozilla/5.0 (compatible; DataForSeoBot/1.0; +https://dataforseo.com/dataforseo-bot)" 388 **0/388479**
136.243.220.212 - - [03/Mar/2026:07:24:04 -0700] "GET /50-casino-europaplay-100-kostenlose-spins-freispiele-abzuglich-casino-comeon-einzahlung-67-casinos-3700-free-fashion-slot-free-spins-spins/ HTTP/1.1" 200 72003 "-" "Mozilla/5.0 (compatible; DataForSeoBot/1.0; +https://dataforseo.com/dataforseo-bot)" 348 **0/348036**
136.243.220.212 - - [03/Mar/2026:07:24:08 -0700] "GET /los-treinta-superiores-casinos-online-sobre-acerca-de-su-de-cualquier-parte-del-mundo-octubre-2025/ HTTP/1.1" 200 73312 "-" "Mozilla/5.0 (compatible; DataForSeoBot/1.0; +https://dataforseo.com/dataforseo-bot)" 447 **0/447963**
136.243.220.212 - - [03/Mar/2026:07:24:13 -0700] "GET /the-vertreter-jane-angeschlossen-casino-maklercourtage-5-euroletten-einzahlung-blonde-slot-machine-2023/ HTTP/1.1" 200 75042 "-" "Mozilla/5.0 (compatible; DataForSeoBot/1.0; +https://dataforseo.com/dataforseo-bot)" 321 **0/321536**
136.243.220.212 - - [03/Mar/2026:07:24:16 -0700] "GET /sizzling-hot-slot-internetowego-zagraj-darmowo-w-calej-automat-wyjawszy-zapisu/ HTTP/1.1" 200 71878 "-" "Mozilla/5.0 (compatible; DataForSeoBot/1.0; +https://dataforseo.com/dataforseo-bot)" 297 **0/297208**
57.141.16.36 - - [03/Mar/2026:07:24:18 -0700] "GET /?p=146818 HTTP/1.1" 301 - "-" "meta-externalagent/1.1 (+https://developers.facebook.com/docs/sharing/webmasters/crawler)" 151 **0/151810**
136.243.220.212 - - [03/Mar/2026:07:24:20 -0700] "GET /revision-registrarse-en-el-casino-casino-stars-del-esparcimiento-luxurious-world/ HTTP/1.1" 200 73670 "-" "Mozilla/5.0 (compatible; DataForSeoBot/1.0; +https://dataforseo.com/dataforseo-bot)" 314 **0/314190**
57.141.16.5 - - [03/Mar/2026:07:24:21 -0700] "GET /how-to-get-the-most-free-spins-at-7slots-casino-5/feed/ HTTP/1.1" 200 895 "-" "meta-externalagent/1.1 (+https://developers.facebook.com/docs/sharing/webmasters/crawler)" 148 **0/148529**
136.243.220.212 - - [03/Mar/2026:07:24:24 -0700] "GET /over-200-fri-garn-uten-almisse-hent-free-spins-indre-sett-dag/ HTTP/1.1" 200 71195 "-" "Mozilla/5.0 (compatible; DataForSeoBot/1.0; +https://dataforseo.com/dataforseo-bot)" 383 **0/383707**
136.243.220.212 - - [03/Mar/2026:07:24:28 -0700] "GET /legale-poke-sites-gratis-spins-hot-party-geen-storting-nederlan-over-echt-bankbiljet/ HTTP/1.1" 200 72048 "-" "Mozilla/5.0 (compatible; DataForSeoBot/1.0; +https://dataforseo.com/dataforseo-bot)" 329 **0/329934**
57.141.16.6 - - [03/Mar/2026:07:24:29 -0700] "GET /?p=144398 HTTP/1.1" 301 - "-" "meta-externalagent/1.1 (+https://developers.facebook.com/docs/sharing/webmasters/crawler)" 132 **0/132040**
57.141.16.35 - - [03/Mar/2026:07:24:30 -0700] "GET /wp-json/wp/v2/posts/144822 HTTP/1.1" 200 7181 "-" "meta-externalagent/1.1 (+https://developers.facebook.com/docs/sharing/webmasters/crawler)" 155 **0/155545**
136.243.220.212 - - [03/Mar/2026:07:24:32 -0700] "GET /eye-jimi-hendrix-1-einzahlung-2025-of-horus-deklamieren-gebuhrenfrei-and-inoffizieller-mitarbeiter-casino-um-echtgeld/ HTTP/1.1" 200 73116 "-" "Mozilla/5.0 (compatible; DataForSeoBot/1.0; +https://dataforseo.com/dataforseo-bot)" 326 **0/326264**
136.243.220.212 - - [03/Mar/2026:07:24:36 -0700] "GET /modern-jackpots-explained-designs-and-winning-professionals/ HTTP/1.1" 200 71421 "-" "Mozilla/5.0 (compatible; DataForSeoBot/1.0; +https://dataforseo.com/dataforseo-bot)" 317 **0/317105**
136.243.220.212 - - [03/Mar/2026:07:24:40 -0700] "GET /in-bwin-anmelden-zug-um-zug-haufig-gestellte-fragen-zur-bwin-registration-top-online-mobile-casino-echtes-geld-2025/ HTTP/1.1" 200 72218 "-" "Mozilla/5.0 (compatible; DataForSeoBot/1.0; +https://dataforseo.com/dataforseo-bot)" 309 **0/309320**
85.208.96.194 - - [03/Mar/2026:07:24:42 -0700] "GET /moon-local-casino-no-deposit-get-the-facts-incentive-codes-at-no-cost-spins-2025/ HTTP/1.1" 200 80441 "-" "Mozilla/5.0 (compatible; SemrushBot/7~bl; +http://www.semrush.com/bot.html)" 334 **0/334691**
136.243.220.212 - - [03/Mar/2026:07:24:45 -0700] "GET /free-online-casino-video-clip-slot-machine-an-overview-to-unlimited-entertainment/ HTTP/1.1" 200 71028 "-" "Mozilla/5.0 (compatible; DataForSeoBot/1.0; +https://dataforseo.com/dataforseo-bot)" 352 **0/352547**
136.243.220.212 - - [03/Mar/2026:07:24:49 -0700] "GET /hazard-w-hotslots-wszelkie-hazard-internetowego/ HTTP/1.1" 200 71570 "-" "Mozilla/5.0 (compatible; DataForSeoBot/1.0; +https://dataforseo.com/dataforseo-bot)" 312 **0/312082**
136.243.220.212 - - [03/Mar/2026:07:24:53 -0700] "GET /beste-casino-carnival-bewertung-echtgeld-online-casinos-as-part-of-teutonia-2025/ HTTP/1.1" 200 72174 "-" "Mozilla/5.0 (compatible; DataForSeoBot/1.0; +https://dataforseo.com/dataforseo-bot)" 300 **0/300114**
85.208.96.203 - - [03/Mar/2026:07:24:54 -0700] "GET /blog/page/3941/ HTTP/1.1" 200 79881 "-" "Mozilla/5.0 (compatible; SemrushBot/7~bl; +http://www.semrush.com/bot.html)" 464 **0/464263**
68.178.232.37 - - [03/Mar/2026:07:24:56 -0700] "POST /wp-cron.php?doing_wp_cron=1772547896.4663259983062744140625 HTTP/1.1" 200 - "http://www.icdp.co.in/wp-cron.php?doing_wp_cron=1772547896.4663259983062744140625" "WordPress/5.7.8; http://www.icdp.co.in" 157 **0/157530**
57.141.16.58 - - [03/Mar/2026:07:24:56 -0700] "GET /why-you-ought-to-try-an-nj-new-jersey-no-deposit-incentive/feed/ HTTP/1.1" 200 920 "-" "meta-externalagent/1.1 (+https://developers.facebook.com/docs/sharing/webmasters/crawler)" 300 **0/300356**
85.208.96.207 - - [03/Mar/2026:07:24:56 -0700] "GET /optimize-your-victories-home-of-enjoyable-sizzling-hot-deluxe-slot-totally-free-coins-and-revolves-book/ HTTP/1.1" 200 81209 "-" "Mozilla/5.0 (compatible; SemrushBot/7~bl; +http://www.semrush.com/bot.html)" 277 **0/277379**
