136.243.220.212 - - [03/Mar/2026:07:24:56 -0700] "GET /kosteloos-kloosterzuster-limit-texas-holdem-behalve-downloads-replay-poke/ HTTP/1.1" 200 72014 "-" "Mozilla/5.0 (compatible; DataForSeoBot/1.0; +https://dataforseo.com/dataforseo-bot)" 273 **0/273560**
85.208.96.203 - - [03/Mar/2026:07:24:59 -0700] "GET /digitale-mobile-verde-casino-login-wallet/ HTTP/1.1" 200 79706 "-" "Mozilla/5.0 (compatible; SemrushBot/7~bl; +http://www.semrush.com/bot.html)" 302 **0/302865**
85.208.96.195 - - [03/Mar/2026:07:25:01 -0700] "GET /%EF%BF%BD-hard-rock-tampa-lodge-and-you-may-local-casino-review/ HTTP/1.1" 200 78403 "-" "Mozilla/5.0 (compatible; SemrushBot/7~bl; +http://www.semrush.com/bot.html)" 733 **0/733129**
136.243.220.212 - - [03/Mar/2026:07:25:01 -0700] "GET /300percent-casino-bonusangebote-brd-2025-beste-73-ultra-hot-deluxe-5-sicherheit-300-prozent-einzahlungsboni/ HTTP/1.1" 200 73217 "-" "Mozilla/5.0 (compatible; DataForSeoBot/1.0; +https://dataforseo.com/dataforseo-bot)" 818 **0/818340**
185.191.171.16 - - [03/Mar/2026:07:25:03 -0700] "GET /os-30-melhores-jogos-book-of-parimatch-80-mafia-casino-pt-giros-dado-criancice-alarma-para-pc/ HTTP/1.1" 200 79762 "-" "Mozilla/5.0 (compatible; SemrushBot/7~bl; +http://www.semrush.com/bot.html)" 411 **0/411761**
136.243.220.212 - - [03/Mar/2026:07:25:04 -0700] "GET /officiele-webste-wegens-nederlan-offlin-gokhuis-nederland/ HTTP/1.1" 200 71876 "-" "Mozilla/5.0 (compatible; DataForSeoBot/1.0; +https://dataforseo.com/dataforseo-bot)" 355 **0/355046**
85.208.96.194 - - [03/Mar/2026:07:25:06 -0700] "GET /sveriges-drive-multiplier-mayhem-plats-ultimat-natcasinon/ HTTP/1.1" 200 79348 "-" "Mozilla/5.0 (compatible; SemrushBot/7~bl; +http://www.semrush.com/bot.html)" 345 **0/345787**
185.191.171.5 - - [03/Mar/2026:07:25:08 -0700] "GET /die-besten-spielbank-zahlungsmethoden-2025/ HTTP/1.1" 200 79123 "-" "Mozilla/5.0 (compatible; SemrushBot/7~bl; +http://www.semrush.com/bot.html)" 351 **0/351887**
136.243.220.212 - - [03/Mar/2026:07:25:08 -0700] "GET /speel-kosteloos-vide-poke-schrijven-zonder-pay-dirt-gokkast-gratis-spins-aanmelden/ HTTP/1.1" 200 72307 "-" "Mozilla/5.0 (compatible; DataForSeoBot/1.0; +https://dataforseo.com/dataforseo-bot)" 398 **0/398824**
57.141.16.64 - - [03/Mar/2026:07:25:11 -0700] "GET /wp-json/wp/v2/posts/144474 HTTP/1.1" 200 7094 "-" "meta-externalagent/1.1 (+https://developers.facebook.com/docs/sharing/webmasters/crawler)" 152 **0/152459**
136.243.220.212 - - [03/Mar/2026:07:25:13 -0700] "GET /play-abu-king-app-nedlasting-magic-portals-free-casino-kaboo-autonom-chip-review-of-the-magical-online-slot/ HTTP/1.1" 200 72915 "-" "Mozilla/5.0 (compatible; DataForSeoBot/1.0; +https://dataforseo.com/dataforseo-bot)" 348 **0/348095**
136.243.220.212 - - [03/Mar/2026:07:25:16 -0700] "GET /offlin-roulett-noppes-spelen-ofwel-pay-dirt-casino-voordat-strafbaar/ HTTP/1.1" 200 71096 "-" "Mozilla/5.0 (compatible; DataForSeoBot/1.0; +https://dataforseo.com/dataforseo-bot)" 428 **0/428273**
57.141.16.82 - - [03/Mar/2026:07:25:19 -0700] "GET /wp-json/wp/v2/posts/144245 HTTP/1.1" 200 7407 "-" "meta-externalagent/1.1 (+https://developers.facebook.com/docs/sharing/webmasters/crawler)" 189 **0/189702**
136.243.220.212 - - [03/Mar/2026:07:25:20 -0700] "GET /hopa-kasino-erfahrungen-so-weit-wie-200-100-freispiele/ HTTP/1.1" 200 73994 "-" "Mozilla/5.0 (compatible; DataForSeoBot/1.0; +https://dataforseo.com/dataforseo-bot)" 348 **0/348455**
136.243.220.212 - - [03/Mar/2026:07:25:24 -0700] "GET /excelentes-bonos-falto-deposito-sobre-sizzling-hot-ranura-de-dinero-real-argentina-2025/ HTTP/1.1" 200 73272 "-" "Mozilla/5.0 (compatible; DataForSeoBot/1.0; +https://dataforseo.com/dataforseo-bot)" 313 **0/313168**
57.141.16.5 - - [03/Mar/2026:07:25:27 -0700] "GET /?p=146179 HTTP/1.1" 301 - "-" "meta-externalagent/1.1 (+https://developers.facebook.com/docs/sharing/webmasters/crawler)" 163 **0/163833**
136.243.220.212 - - [03/Mar/2026:07:25:28 -0700] "GET /traceren-vinnig-yoyospins-belgie-u-beste-gratis-gokhal-schrijven-online-te-2024/ HTTP/1.1" 200 72270 "-" "Mozilla/5.0 (compatible; DataForSeoBot/1.0; +https://dataforseo.com/dataforseo-bot)" 317 **0/317755**
136.243.220.212 - - [03/Mar/2026:07:25:32 -0700] "GET /150-kha-nang-cho-muoi-do-la/ HTTP/1.1" 200 72798 "-" "Mozilla/5.0 (compatible; DataForSeoBot/1.0; +https://dataforseo.com/dataforseo-bot)" 268 **0/268594**
57.141.16.82 - - [03/Mar/2026:07:25:35 -0700] "GET /you-grand-prix-2025-f1-competition/feed/ HTTP/1.1" 200 847 "-" "meta-externalagent/1.1 (+https://developers.facebook.com/docs/sharing/webmasters/crawler)" 147 **0/147715**
136.243.220.212 - - [03/Mar/2026:07:25:36 -0700] "GET /wett-app-pro-casino-888-bewertung-ios-android/ HTTP/1.1" 200 72405 "-" "Mozilla/5.0 (compatible; DataForSeoBot/1.0; +https://dataforseo.com/dataforseo-bot)" 363 **0/363553**
136.243.220.212 - - [03/Mar/2026:07:25:41 -0700] "GET /sizzling-hot-robot-od-chwili-novomatic-darmowa-kasyno-best-bonus-bez-depozytu-gra-internetowego/ HTTP/1.1" 200 73222 "-" "Mozilla/5.0 (compatible; DataForSeoBot/1.0; +https://dataforseo.com/dataforseo-bot)" 346 **0/346647**
136.243.220.212 - - [03/Mar/2026:07:25:45 -0700] "GET /offlin-gokhal-nederlan-lieve-zanzibar-echt-geld-legale-casinos-ervoor-2024/ HTTP/1.1" 200 72536 "-" "Mozilla/5.0 (compatible; DataForSeoBot/1.0; +https://dataforseo.com/dataforseo-bot)" 335 **0/335596**
136.243.220.212 - - [03/Mar/2026:07:25:48 -0700] "GET /golden-toegangsbewijs-gokkas-online-vide-fietsslot-vanuit-playngo-met-online-review/ HTTP/1.1" 200 72146 "-" "Mozilla/5.0 (compatible; DataForSeoBot/1.0; +https://dataforseo.com/dataforseo-bot)" 340 **0/340079**
136.243.220.212 - - [03/Mar/2026:07:25:52 -0700] "GET /dolphins-bet7k-e-confiavel-pearl-deluxe-50-giros-gratis-sem-deposito-wish-master-novomatic-sorrir-of-olympus-120-giros-dado-slot-review/ HTTP/1.1" 200 73214 "-" "Mozilla/5.0 (compatible; DataForSeoBot/1.0; +https://dataforseo.com/dataforseo-bot)" 355 **0/355306**
68.178.232.37 - - [03/Mar/2026:07:25:56 -0700] "POST /wp-cron.php?doing_wp_cron=1772547956.9154920578002929687500 HTTP/1.1" 200 - "http://www.icdp.co.in/wp-cron.php?doing_wp_cron=1772547956.9154920578002929687500" "WordPress/5.7.8; http://www.icdp.co.in" 169 **0/169670**
136.243.220.212 - - [03/Mar/2026:07:25:56 -0700] "GET /os-melhores-novos-slots-online-2024-abrasado-brasil/ HTTP/1.1" 200 74587 "-" "Mozilla/5.0 (compatible; DataForSeoBot/1.0; +https://dataforseo.com/dataforseo-bot)" 517 **0/517605**
57.141.16.76 - - [03/Mar/2026:07:25:59 -0700] "GET /wp-json/oembed/1.0/embed?url=http%3A%2F%2Fwww.icdp.co.in%2Fseither-nay-abgeben-gegenseitig-nachfolgende-spezialisten-bei-slotozilla-intensiv-via-diversen-spielautomaten-auf-mark-umschlagplatz%2F HTTP/1.1" 200 2825 "-" "meta-externalagent/1.1 (+https://developers.facebook.com/docs/sharing/webmasters/crawler)" 147 **0/147584**
136.243.220.212 - - [03/Mar/2026:07:26:01 -0700] "GET /juega-acrescentar-16-000-tragamonedas-gratis-online-en-link-frutifero-chile/ HTTP/1.1" 200 71845 "-" "Mozilla/5.0 (compatible; DataForSeoBot/1.0; +https://dataforseo.com/dataforseo-bot)" 475 **0/475077**
136.243.220.212 - - [03/Mar/2026:07:26:04 -0700] "GET /polvo-slots-melhores-jogos-para-alcancar-bagarote/ HTTP/1.1" 200 74273 "-" "Mozilla/5.0 (compatible; DataForSeoBot/1.0; +https://dataforseo.com/dataforseo-bot)" 284 **0/284579**
17.241.75.232 - - [03/Mar/2026:07:26:07 -0700] "GET /double-added-bonus-deuces-insane-poker-100-percent-free-game-strata-coach/ HTTP/1.1" 200 79596 "-" "Mozilla/5.0 (Macintosh; Intel Mac OS X 10_15_7) AppleWebKit/605.1.15 (KHTML, like Gecko) Version/17.4 Safari/605.1.15 (Applebot/0.1; +http://www.apple.com/go/applebot)" 353 **0/353201**
136.243.220.212 - - [03/Mar/2026:07:26:09 -0700] "GET /demonstratsi%D1%98a-elementi%D1%98um-spin16-uzhiva%D1%98te-u-potpuno-najveci-bez-depozita-verde-casino-besplatno%D1%98-igri-pozitsionira%D1%9Aa/ HTTP/1.1" 200 74993 "-" "Mozilla/5.0 (compatible; DataForSeoBot/1.0; +https://dataforseo.com/dataforseo-bot)" 351 **0/351430**
136.243.220.212 - - [03/Mar/2026:07:26:13 -0700] "GET /casinos-via-freispielen-ohne-einzahlung-im-spybet-app-login-oktober-2025/ HTTP/1.1" 200 72185 "-" "Mozilla/5.0 (compatible; DataForSeoBot/1.0; +https://dataforseo.com/dataforseo-bot)" 313 **0/313116**
57.141.16.61 - - [03/Mar/2026:07:26:14 -0700] "GET /joue-a-nefertitis-nile-dice-en-surfant-sur-magic-betting-salle-de-jeu/feed/ HTTP/1.1" 200 959 "-" "meta-externalagent/1.1 (+https://developers.facebook.com/docs/sharing/webmasters/crawler)" 135 **0/135914**
57.141.16.82 - - [03/Mar/2026:07:26:16 -0700] "GET /wp-json/oembed/1.0/embed?url=http%3A%2F%2Fwww.icdp.co.in%2Fque-resultan-los-bonos-gratuito-desprovisto-deposito-en-los-casinos-sobre-espana%2F HTTP/1.1" 200 2580 "-" "meta-externalagent/1.1 (+https://developers.facebook.com/docs/sharing/webmasters/crawler)" 160 **0/160350**
136.243.220.212 - - [03/Mar/2026:07:26:16 -0700] "GET /casino-spellen-kosteloos-optreden-plusteken-betreffende-echt-bankbiljet/ HTTP/1.1" 200 71845 "-" "Mozilla/5.0 (compatible; DataForSeoBot/1.0; +https://dataforseo.com/dataforseo-bot)" 391 **0/391526**
136.243.220.212 - - [03/Mar/2026:07:26:20 -0700] "GET /aplicaciones-de-casino-en-internet-acerca-de-espana-apps-moviles/ HTTP/1.1" 200 71516 "-" "Mozilla/5.0 (compatible; DataForSeoBot/1.0; +https://dataforseo.com/dataforseo-bot)" 334 **0/334073**
17.22.253.230 - - [03/Mar/2026:07:26:20 -0700] "GET /4-the-fresh-new-sweepstakes-casinos-that-basically-fork-out-and-3-to-eliminate/ HTTP/1.1" 200 78551 "-" "Mozilla/5.0 (Macintosh; Intel Mac OS X 10_15_7) AppleWebKit/605.1.15 (KHTML, like Gecko) Version/17.4 Safari/605.1.15 (Applebot/0.1; +http://www.apple.com/go/applebot)" 357 **0/357336**
136.243.220.212 - - [03/Mar/2026:07:26:24 -0700] "GET /composicao-promocional-aplicativo-pikebit-para-iphone-vbet-2025-detalhes-guiao-certo/ HTTP/1.1" 200 71644 "-" "Mozilla/5.0 (compatible; DataForSeoBot/1.0; +https://dataforseo.com/dataforseo-bot)" 297 **0/297307**
136.243.220.212 - - [03/Mar/2026:07:26:28 -0700] "GET /tragaperras-con-manga-larga-recursos-jugar-spartacus-ranura-en-linea-conveniente-slots-con-el-fin-de-apostar-recursos-real/ HTTP/1.1" 200 72455 "-" "Mozilla/5.0 (compatible; DataForSeoBot/1.0; +https://dataforseo.com/dataforseo-bot)" 325 **0/325685**
136.243.220.212 - - [03/Mar/2026:07:26:33 -0700] "GET /goldenes-ticket-wanneer-coupon-uber-seine-zum-schenken/ HTTP/1.1" 200 72556 "-" "Mozilla/5.0 (compatible; DataForSeoBot/1.0; +https://dataforseo.com/dataforseo-bot)" 384 **0/384832**
136.243.220.212 - - [03/Mar/2026:07:26:37 -0700] "GET /gein-ranks-leagu-ofwe-legends-ranglijs-music-fruitmachine-systeem-opgehelderd/ HTTP/1.1" 200 72472 "-" "Mozilla/5.0 (compatible; DataForSeoBot/1.0; +https://dataforseo.com/dataforseo-bot)" 331 **0/331892**
136.243.220.212 - - [03/Mar/2026:07:26:40 -0700] "GET /flame-dancer-von-novoline/ HTTP/1.1" 200 74259 "-" "Mozilla/5.0 (compatible; DataForSeoBot/1.0; +https://dataforseo.com/dataforseo-bot)" 334 **0/334711**
78.138.127.62 - - [03/Mar/2026:07:26:42 -0700] "GET /registracija-na-get-iks-kazino-polnoe-rukovodstvo-2/ HTTP/1.1" 200 73623 "-" "Mozilla/5.0 (Windows NT 10.0; WOW64) AppleWebKit/537.36 (KHTML, like Gecko) Chrome/114.0.0.0 Safari/537.36 Vivaldi/5.3.2679.68" 332 **0/332443**
136.243.220.212 - - [03/Mar/2026:07:26:45 -0700] "GET /incorporar-night-in-paris-slots-slot-vikings-free-acrescentar-night-in-paris-3d-slot-game/ HTTP/1.1" 200 75053 "-" "Mozilla/5.0 (compatible; DataForSeoBot/1.0; +https://dataforseo.com/dataforseo-bot)" 304 **0/304429**
136.243.220.212 - - [03/Mar/2026:07:26:48 -0700] "GET /casino-spelletjes-speel-gratis/ HTTP/1.1" 200 71622 "-" "Mozilla/5.0 (compatible; DataForSeoBot/1.0; +https://dataforseo.com/dataforseo-bot)" 326 **0/326326**
136.243.220.212 - - [03/Mar/2026:07:26:53 -0700] "GET /bestes-gaming-mobilfunktelefon-2025-unser-besten-gaming-smartphones-inoffizieller-mitarbeiter-test-techradar/ HTTP/1.1" 200 75129 "-" "Mozilla/5.0 (compatible; DataForSeoBot/1.0; +https://dataforseo.com/dataforseo-bot)" 312 **0/312592**
68.178.232.37 - - [03/Mar/2026:07:26:57 -0700] "POST /wp-cron.php?doing_wp_cron=1772548017.1680479049682617187500 HTTP/1.1" 200 - "http://www.icdp.co.in/wp-cron.php?doing_wp_cron=1772548017.1680479049682617187500" "WordPress/5.7.8; http://www.icdp.co.in" 211 **0/211703**
136.243.220.212 - - [03/Mar/2026:07:26:57 -0700] "GET /bet365-angebotscode-100-quelltext-styvip1-im-casino-wunderino-ruckzug-neunter-monat-des-jahres-2025/ HTTP/1.1" 200 71979 "-" "Mozilla/5.0 (compatible; DataForSeoBot/1.0; +https://dataforseo.com/dataforseo-bot)" 613 **0/613073**
51.195.215.98 - - [03/Mar/2026:07:26:57 -0700] "GET /icefishing-game-2/ HTTP/1.1" 200 71073 "-" "Mozilla/5.0 (compatible; AhrefsBot/7.0; +http://ahrefs.com/robot/)" 333 **0/333417**
136.243.220.212 - - [03/Mar/2026:07:27:00 -0700] "GET /daring-dave-and-the-eye-crime-scene-slot-groser-sieg-of-ra-hierbei-gebuhrenfrei-zum-besten-gehaben-echtgeld-verweis/ HTTP/1.1" 200 74413 "-" "Mozilla/5.0 (compatible; DataForSeoBot/1.0; +https://dataforseo.com/dataforseo-bot)" 393 **0/393937**
57.141.16.27 - - [03/Mar/2026:07:27:03 -0700] "GET /wp-json/wp/v2/posts/146949 HTTP/1.1" 200 8810 "-" "meta-externalagent/1.1 (+https://developers.facebook.com/docs/sharing/webmasters/crawler)" 135 **0/135063**
136.243.220.212 - - [03/Mar/2026:07:27:05 -0700] "GET /como-aparelhar-immortal-romance-video-bingo-fresco-download-do-aplicativo-do-parceiro-playfortuna-apk-2025/ HTTP/1.1" 200 72312 "-" "Mozilla/5.0 (compatible; DataForSeoBot/1.0; +https://dataforseo.com/dataforseo-bot)" 299 **0/299000**
136.243.220.212 - - [03/Mar/2026:07:27:08 -0700] "GET /slots-acessivel-as-melhores-gamomat-jogos-de-slot-para-ipad-acimade-portugal-acercade-golden-sevens-1-deposito-2024-2023/ HTTP/1.1" 200 71895 "-" "Mozilla/5.0 (compatible; DataForSeoBot/1.0; +https://dataforseo.com/dataforseo-bot)" 314 **0/314378**
185.191.171.9 - - [03/Mar/2026:07:27:12 -0700] "GET /blog/page/576/ HTTP/1.1" 200 79358 "-" "Mozilla/5.0 (compatible; SemrushBot/7~bl; +http://www.semrush.com/bot.html)" 495 **0/495304**
136.243.220.212 - - [03/Mar/2026:07:27:12 -0700] "GET /gebuhrenfrei-freispiele-uber-and-fruitastic-slot-erreichbar-blos-einzahlung/ HTTP/1.1" 200 74449 "-" "Mozilla/5.0 (compatible; DataForSeoBot/1.0; +https://dataforseo.com/dataforseo-bot)" 305 **0/305755**
85.208.96.210 - - [03/Mar/2026:07:27:15 -0700] "GET /mobile-gambling-establishment-betting-apps-benefits-have-guide-to-the-best-playstation-universe/ HTTP/1.1" 200 80036 "-" "Mozilla/5.0 (compatible; SemrushBot/7~bl; +http://www.semrush.com/bot.html)" 306 **0/306602**
136.243.220.212 - - [03/Mar/2026:07:27:16 -0700] "GET /%E1%90%88-germinator-fur-nusse-vortragen-blos-registrierung-%E1%90%88/ HTTP/1.1" 200 75017 "-" "Mozilla/5.0 (compatible; DataForSeoBot/1.0; +https://dataforseo.com/dataforseo-bot)" 289 **0/289216**
185.191.171.18 - - [03/Mar/2026:07:27:20 -0700] "GET /8-echtgeld-casinos-inoffizieller-mitarbeiter-test-2026-gewiss-einlosen-obsiegen/ HTTP/1.1" 200 79980 "-" "Mozilla/5.0 (compatible; SemrushBot/7~bl; +http://www.semrush.com/bot.html)" 292 **0/292916**
136.243.220.212 - - [03/Mar/2026:07:27:20 -0700] "GET /melhores-sites-de-raspadinha-como-jogar-poquer-para-manequins-online-afinar-brasil-2025/ HTTP/1.1" 200 70891 "-" "Mozilla/5.0 (compatible; DataForSeoBot/1.0; +https://dataforseo.com/dataforseo-bot)" 332 **0/332524**
136.243.220.212 - - [03/Mar/2026:07:27:24 -0700] "GET /comeon-norge-anmeldelse-2025-detaljert-analyse-i-last-ned-hugo-casino-appen-tillegg-til-velkomstbonus/ HTTP/1.1" 200 71449 "-" "Mozilla/5.0 (compatible; DataForSeoBot/1.0; +https://dataforseo.com/dataforseo-bot)" 338 **0/338539**
85.208.96.200 - - [03/Mar/2026:07:27:28 -0700] "GET /loyalitatsbelohnungen-im-betalright-casino-so-profitieren-sie-als-spieler/ HTTP/1.1" 200 79543 "-" "Mozilla/5.0 (compatible; SemrushBot/7~bl; +http://www.semrush.com/bot.html)" 283 **0/283033**
136.243.220.212 - - [03/Mar/2026:07:27:29 -0700] "GET /hierbei-man-sagt-sie-seien-bestandskunden-fur-jedes-jedweden-verwendung-unter-zuhilfenahme-von-irgendeiner-gewissen-reihe-von-truepunkten/ HTTP/1.1" 200 71972 "-" "Mozilla/5.0 (compatible; DataForSeoBot/1.0; +https://dataforseo.com/dataforseo-bot)" 279 **0/279671**
57.141.16.86 - - [03/Mar/2026:07:27:32 -0700] "GET /wp-json/wp/v2/posts/145329 HTTP/1.1" 200 7256 "-" "meta-externalagent/1.1 (+https://developers.facebook.com/docs/sharing/webmasters/crawler)" 160 **0/160303**
136.243.220.212 - - [03/Mar/2026:07:27:32 -0700] "GET /ultimate-guide-to-melhor-cassino-online-galera-bet-bonus-de-boas-vindas-texas-holdem-poker-online-top-casinos-in-au/ HTTP/1.1" 200 71751 "-" "Mozilla/5.0 (compatible; DataForSeoBot/1.0; +https://dataforseo.com/dataforseo-bot)" 273 **0/273933**
85.208.96.204 - - [03/Mar/2026:07:27:36 -0700] "GET /robots.txt HTTP/1.1" 200 110 "-" "Mozilla/5.0 (compatible; SemrushBot/7~bl; +http://www.semrush.com/bot.html)" 146 **0/146392**
136.243.220.212 - - [03/Mar/2026:07:27:37 -0700] "GET /book-of-dead-pramie-spielguthaben-und-pharaos-riches-paypal-slot-free-spins-schlucken/ HTTP/1.1" 200 72502 "-" "Mozilla/5.0 (compatible; DataForSeoBot/1.0; +https://dataforseo.com/dataforseo-bot)" 309 **0/309133**
136.243.220.212 - - [03/Mar/2026:07:27:41 -0700] "GET /medusas-stone-jogo-melhor-cassino-movel-online-demo-dado-e-gira-acostumado-sobre-tornado-jogar-como-mais/ HTTP/1.1" 200 72139 "-" "Mozilla/5.0 (compatible; DataForSeoBot/1.0; +https://dataforseo.com/dataforseo-bot)" 341 **0/341577**
185.191.171.5 - - [03/Mar/2026:07:27:43 -0700] "GET /n1-spielsaal-offizielle-spielbank-lord-lucky-100-kein-einzahlungsbonus-website-unter-einsatz-von-mamma-mia-spielautomat-umsetzbar/ HTTP/1.1" 200 79177 "-" "Mozilla/5.0 (compatible; SemrushBot/7~bl; +http://www.semrush.com/bot.html)" 282 **0/282857**
136.243.220.212 - - [03/Mar/2026:07:27:44 -0700] "GET /inlichtingen-speel-recht-offlin-ervoor-in-poen/ HTTP/1.1" 200 71673 "-" "Mozilla/5.0 (compatible; DataForSeoBot/1.0; +https://dataforseo.com/dataforseo-bot)" 358 **0/358314**
57.141.16.5 - - [03/Mar/2026:07:27:48 -0700] "GET /wp-json/wp/v2/posts/144780 HTTP/1.1" 200 7186 "-" "meta-externalagent/1.1 (+https://developers.facebook.com/docs/sharing/webmasters/crawler)" 161 **0/161960**
136.243.220.212 - - [03/Mar/2026:07:27:48 -0700] "GET /poen-verkrijgen-wegens-de-casino-plusteken-geld-spelletjes/ HTTP/1.1" 200 72192 "-" "Mozilla/5.0 (compatible; DataForSeoBot/1.0; +https://dataforseo.com/dataforseo-bot)" 381 **0/381558**
185.191.171.9 - - [03/Mar/2026:07:27:48 -0700] "GET /7bitcasino-remark-invited-bonus-5-btc-one-hundred-totally-casino-top-online-free-revolves/ HTTP/1.1" 200 80300 "-" "Mozilla/5.0 (compatible; SemrushBot/7~bl; +http://www.semrush.com/bot.html)" 368 **0/368697**
136.243.220.212 - - [03/Mar/2026:07:27:52 -0700] "GET /jogue-power-of-gods-hades-gratuitamente-sobre-trejeito-belzebu-como-aplicativo-de-afiliado-365betpix-conceito-esfogiteado-jogo/ HTTP/1.1" 200 74939 "-" "Mozilla/5.0 (compatible; DataForSeoBot/1.0; +https://dataforseo.com/dataforseo-bot)" 290 **0/290772**
68.178.232.37 - - [03/Mar/2026:07:27:56 -0700] "POST /wp-cron.php?doing_wp_cron=1772548076.8578479290008544921875 HTTP/1.1" 200 - "http://www.icdp.co.in/wp-cron.php?doing_wp_cron=1772548076.8578479290008544921875" "WordPress/5.7.8; http://www.icdp.co.in" 175 **0/175483**
136.243.220.212 - - [03/Mar/2026:07:27:56 -0700] "GET /online-kienspel-performen-ervoor-strafbaar-betalen-over-ideal-plusteken-bankbiljet-verslaan/ HTTP/1.1" 200 71814 "-" "Mozilla/5.0 (compatible; DataForSeoBot/1.0; +https://dataforseo.com/dataforseo-bot)" 504 **0/504814**
136.243.220.212 - - [03/Mar/2026:07:28:00 -0700] "GET /spillselskaper-prissy-ingen-innskudd-royalgame-princess-spilleautomat-pa-ektefodt-penger-inni-norge-disposisjon-avrunding-norske-spillselskap/ HTTP/1.1" 200 71304 "-" "Mozilla/5.0 (compatible; DataForSeoBot/1.0; +https://dataforseo.com/dataforseo-bot)" 327 **0/327729**
136.243.220.212 - - [03/Mar/2026:07:28:05 -0700] "GET /benchwarmer-football-barcrest-casino-gokkasten-girls-slots-play-offlin-fort-free-now/ HTTP/1.1" 200 72881 "-" "Mozilla/5.0 (compatible; DataForSeoBot/1.0; +https://dataforseo.com/dataforseo-bot)" 314 **0/314041**
17.246.19.123 - - [03/Mar/2026:07:28:06 -0700] "GET /wp-includes/js/wp-emoji-release.min.js?ver=5.7.8 HTTP/1.1" 200 4662 "http://www.icdp.co.in/1win-website-138/" "Mozilla/5.0 (Macintosh; Intel Mac OS X 10_15_7) AppleWebKit/605.1.15 (KHTML, like Gecko) Version/17.4 Safari/605.1.15 (Applebot/0.1; +http://www.apple.com/go/applebot)" 8 **0/8967**
185.191.171.10 - - [03/Mar/2026:07:28:07 -0700] "GET /gambling-establishment-uden-rofus-bedste-casinoer-uden-rofus-2025/ HTTP/1.1" 200 86092 "-" "Mozilla/5.0 (compatible; SemrushBot/7~bl; +http://www.semrush.com/bot.html)" 327 **0/327371**
17.246.15.204 - - [03/Mar/2026:07:28:08 -0700] "GET /wp-content/themes/astra/assets/css/minified/frontend.min.css?ver=3.2.0 HTTP/1.1" 200 12426 "http://www.icdp.co.in/1win-website-138/" "Mozilla/5.0 (Macintosh; Intel Mac OS X 10_15_7) AppleWebKit/605.1.15 (KHTML, like Gecko) Version/17.4 Safari/605.1.15 (Applebot/0.1; +http://www.apple.com/go/applebot)" 12 **0/12477**
136.243.220.212 - - [03/Mar/2026:07:28:08 -0700] "GET /fruit-sizzling-hot-kostenlose-80-spins-slots-fur-nusse-erreichbar-spielen-in-casinospiele-vortragen-live-casino-europa-app-de-pictureline/ HTTP/1.1" 200 72336 "-" "Mozilla/5.0 (compatible; DataForSeoBot/1.0; +https://dataforseo.com/dataforseo-bot)" 363 **0/363379**
17.246.19.136 - - [03/Mar/2026:07:28:09 -0700] "GET /wp-includes/css/dist/block-library/style.min.css?ver=5.7.8 HTTP/1.1" 200 8685 "http://www.icdp.co.in/1win-website-138/" "Mozilla/5.0 (Macintosh; Intel Mac OS X 10_15_7) AppleWebKit/605.1.15 (KHTML, like Gecko) Version/17.4 Safari/605.1.15 (Applebot/0.1; +http://www.apple.com/go/applebot)" 6 **0/6675**
185.191.171.13 - - [03/Mar/2026:07:28:10 -0700] "GET /casino-zahlungsmethode-100-kostenlose-spins-no-einzahlung-2025-erreichbar-schlichtweg-auf-jeden-fall-gratis/ HTTP/1.1" 200 80451 "-" "Mozilla/5.0 (compatible; SemrushBot/7~bl; +http://www.semrush.com/bot.html)" 297 **0/297512**
17.246.15.74 - - [03/Mar/2026:07:28:11 -0700] "GET /wp-content/themes/astra/assets/css/minified/menu-animation.min.css?ver=3.2.0 HTTP/1.1" 200 379 "http://www.icdp.co.in/1win-website-138/" "Mozilla/5.0 (Macintosh; Intel Mac OS X 10_15_7) AppleWebKit/605.1.15 (KHTML, like Gecko) Version/17.4 Safari/605.1.15 (Applebot/0.1; +http://www.apple.com/go/applebot)" 8 **0/8172**
17.246.15.14 - - [03/Mar/2026:07:28:12 -0700] "GET /wp-content/themes/astra/assets/js/minified/frontend.min.js?ver=3.2.0 HTTP/1.1" 200 3749 "http://www.icdp.co.in/1win-website-138/" "Mozilla/5.0 (Macintosh; Intel Mac OS X 10_15_7) AppleWebKit/605.1.15 (KHTML, like Gecko) Version/17.4 Safari/605.1.15 (Applebot/0.1; +http://www.apple.com/go/applebot)" 10 **0/10172**
136.243.220.212 - - [03/Mar/2026:07:28:12 -0700] "GET /ogni-i-casa-da-gioco-online-sicuri-anche-legali-aams-adm-consigliati/ HTTP/1.1" 200 72809 "-" "Mozilla/5.0 (compatible; DataForSeoBot/1.0; +https://dataforseo.com/dataforseo-bot)" 384 **0/384126**
17.246.19.101 - - [03/Mar/2026:07:28:14 -0700] "GET /wp-content/plugins/coblocks/dist/js/coblocks-animation.js?ver=2.9.1 HTTP/1.1" 200 628 "http://www.icdp.co.in/1win-website-138/" "Mozilla/5.0 (Macintosh; Intel Mac OS X 10_15_7) AppleWebKit/605.1.15 (KHTML, like Gecko) Version/17.4 Safari/605.1.15 (Applebot/0.1; +http://www.apple.com/go/applebot)" 7 **0/7896**
17.246.15.102 - - [03/Mar/2026:07:28:15 -0700] "GET /wp-includes/js/wp-embed.min.js?ver=5.7.8 HTTP/1.1" 200 765 "http://www.icdp.co.in/1win-website-138/" "Mozilla/5.0 (Macintosh; Intel Mac OS X 10_15_7) AppleWebKit/605.1.15 (KHTML, like Gecko) Version/17.4 Safari/605.1.15 (Applebot/0.1; +http://www.apple.com/go/applebot)" 7 **0/7893**
136.243.220.212 - - [03/Mar/2026:07:28:16 -0700] "GET /simsalabim-slot-%E1%90%88avaliacao-onde-jogar-coming/ HTTP/1.1" 200 72884 "-" "Mozilla/5.0 (compatible; DataForSeoBot/1.0; +https://dataforseo.com/dataforseo-bot)" 274 **0/274967**
136.243.220.212 - - [03/Mar/2026:07:28:21 -0700] "GET /lapp-spinfest-ti-permette-di-agire-con-il-tuo-ios-ovvero-android/ HTTP/1.1" 200 72796 "-" "Mozilla/5.0 (compatible; DataForSeoBot/1.0; +https://dataforseo.com/dataforseo-bot)" 330 **0/330852**
57.141.16.14 - - [03/Mar/2026:07:28:24 -0700] "GET /wp-json/oembed/1.0/embed?url=http%3A%2F%2Fwww.icdp.co.in%2Fonly-shortly-after-24-hours-features-lapsed-usually-increased-limitations-be-available%2F HTTP/1.1" 200 2595 "-" "meta-externalagent/1.1 (+https://developers.facebook.com/docs/sharing/webmasters/crawler)" 149 **0/149575**
136.243.220.212 - - [03/Mar/2026:07:28:25 -0700] "GET /gratis-download-yoyospins-app-voor-android-baccara/ HTTP/1.1" 200 71913 "-" "Mozilla/5.0 (compatible; DataForSeoBot/1.0; +https://dataforseo.com/dataforseo-bot)" 310 **0/310834**
85.208.96.202 - - [03/Mar/2026:07:28:29 -0700] "GET /mostbet-online-app-103/ HTTP/1.1" 200 82034 "-" "Mozilla/5.0 (compatible; SemrushBot/7~bl; +http://www.semrush.com/bot.html)" 314 **0/314782**
136.243.220.212 - - [03/Mar/2026:07:28:29 -0700] "GET /50-freispiele-exklusive-casino-mr-green-mobile-einzahlung-2025-fix-erhaltlich/ HTTP/1.1" 200 72053 "-" "Mozilla/5.0 (compatible; DataForSeoBot/1.0; +https://dataforseo.com/dataforseo-bot)" 328 **0/328354**
136.243.220.212 - - [03/Mar/2026:07:28:33 -0700] "GET /kronos-wms-fietsslot-review/ HTTP/1.1" 200 71949 "-" "Mozilla/5.0 (compatible; DataForSeoBot/1.0; +https://dataforseo.com/dataforseo-bot)" 303 **0/303099**
85.208.96.202 - - [03/Mar/2026:07:28:34 -0700] "GET /it-wont-be-reports-to-help-you-anyone-that-bitstarz-casino-possess-some-good-games/ HTTP/1.1" 200 78469 "-" "Mozilla/5.0 (compatible; SemrushBot/7~bl; +http://www.semrush.com/bot.html)" 344 **0/344992**
85.208.96.202 - - [03/Mar/2026:07:28:36 -0700] "GET /xtraspin-casino-app-%E2%AD%90%EF%B8%8F-obtain-xtra-spin-casino-software/ HTTP/1.1" 200 78558 "-" "Mozilla/5.0 (compatible; SemrushBot/7~bl; +http://www.semrush.com/bot.html)" 286 **0/286060**
136.243.220.212 - - [03/Mar/2026:07:28:37 -0700] "GET /teste-aumentar-sua-talvez-jogando-immersive-roulette-lilibet-pokies-online-brasil-blog-%E9%81%8A%E6%AD%A9%E4%BC%81%E7%94%BB/ HTTP/1.1" 200 73217 "-" "Mozilla/5.0 (compatible; DataForSeoBot/1.0; +https://dataforseo.com/dataforseo-bot)" 354 **0/354934**
185.191.171.5 - - [03/Mar/2026:07:28:38 -0700] "GET /najkorzystniejsze-systemy-logowanie-do-kasyna-playamo-do-odwiedzenia-opowiadania-w-telefonie-komorkowym-blog-oswiatowy/ HTTP/1.1" 200 81750 "-" "Mozilla/5.0 (compatible; SemrushBot/7~bl; +http://www.semrush.com/bot.html)" 284 **0/284010**
85.208.96.211 - - [03/Mar/2026:07:28:40 -0700] "GET /die-bedeutung-von-tieren-in-der-agyptischen-mythologie-und-spielen/ HTTP/1.1" 200 81717 "-" "Mozilla/5.0 (compatible; SemrushBot/7~bl; +http://www.semrush.com/bot.html)" 317 **0/317998**
136.243.220.212 - - [03/Mar/2026:07:28:42 -0700] "GET /bonus-sem-chances-puerilidade-betpix365-previsoes-gratuitas-abiscoitar-wild-cash-x9990-armazem-abicar-cassino/ HTTP/1.1" 200 74856 "-" "Mozilla/5.0 (compatible; DataForSeoBot/1.0; +https://dataforseo.com/dataforseo-bot)" 361 **0/361568**
136.243.220.212 - - [03/Mar/2026:07:28:45 -0700] "GET /kitties-free-position-gamble-trial-casino-madslots-rtp-94/ HTTP/1.1" 200 71009 "-" "Mozilla/5.0 (compatible; DataForSeoBot/1.0; +https://dataforseo.com/dataforseo-bot)" 317 **0/317883**
185.191.171.9 - - [03/Mar/2026:07:28:47 -0700] "GET /blog/page/643/ HTTP/1.1" 200 80049 "-" "Mozilla/5.0 (compatible; SemrushBot/7~bl; +http://www.semrush.com/bot.html)" 450 **0/450674**
136.243.220.212 - - [03/Mar/2026:07:28:49 -0700] "GET /met-welke-app-schenkkan-4-rijen-voor-gokkasten-je-eigenlijk-geld-beuren-in-deze-9-apps/ HTTP/1.1" 200 71994 "-" "Mozilla/5.0 (compatible; DataForSeoBot/1.0; +https://dataforseo.com/dataforseo-bot)" 368 **0/368402**
185.191.171.13 - - [03/Mar/2026:07:28:50 -0700] "GET /el-error-mas-comun-es-recolectar-falto-desarrollar-el-bono-anteriormente/ HTTP/1.1" 200 78504 "-" "Mozilla/5.0 (compatible; SemrushBot/7~bl; +http://www.semrush.com/bot.html)" 322 **0/322229**
136.243.220.212 - - [03/Mar/2026:07:28:53 -0700] "GET /metodos-spinbetter-login-portugal-de-comite-acimade-cassinos-depositos-aquele-saques-no-brasil/ HTTP/1.1" 200 71977 "-" "Mozilla/5.0 (compatible; DataForSeoBot/1.0; +https://dataforseo.com/dataforseo-bot)" 306 **0/306630**
85.208.96.200 - - [03/Mar/2026:07:28:53 -0700] "GET /paris-vip-casino-apuestas-bombastic-casino-resena-de-expertos-y-siberian-storm-casino-no-ha-transpirado-jugadores-2025/ HTTP/1.1" 200 83259 "-" "Mozilla/5.0 (compatible; SemrushBot/7~bl; +http://www.semrush.com/bot.html)" 330 **0/330985**
68.178.232.37 - - [03/Mar/2026:07:28:57 -0700] "POST /wp-cron.php?doing_wp_cron=1772548137.6565749645233154296875 HTTP/1.1" 200 - "http://www.icdp.co.in/wp-cron.php?doing_wp_cron=1772548137.6565749645233154296875" "WordPress/5.7.8; http://www.icdp.co.in" 170 **0/170177**
136.243.220.212 - - [03/Mar/2026:07:28:57 -0700] "GET /victorious-slot-online-spiele-um-mobile-casino-mit-startguthaben-echtgeld-kostenlos/ HTTP/1.1" 200 72068 "-" "Mozilla/5.0 (compatible; DataForSeoBot/1.0; +https://dataforseo.com/dataforseo-bot)" 523 **0/523956**
136.243.220.212 - - [03/Mar/2026:07:29:01 -0700] "GET /kasino-eur-erfahrungen-probe-2025-100-bonus-beste-online-casinos-bis-zu-150-schutzen/ HTTP/1.1" 200 72003 "-" "Mozilla/5.0 (compatible; DataForSeoBot/1.0; +https://dataforseo.com/dataforseo-bot)" 657 **0/657850**
136.243.220.212 - - [03/Mar/2026:07:29:05 -0700] "GET /huge-mondial-casino-2026-leprechaun-hills-play-specialist-remark-guide/ HTTP/1.1" 200 72160 "-" "Mozilla/5.0 (compatible; DataForSeoBot/1.0; +https://dataforseo.com/dataforseo-bot)" 340 **0/340257**
185.191.171.6 - - [03/Mar/2026:07:29:09 -0700] "GET /2025/11/page/1396/ HTTP/1.1" 200 80432 "-" "Mozilla/5.0 (compatible; SemrushBot/7~bl; +http://www.semrush.com/bot.html)" 471 **0/471970**
57.141.16.7 - - [03/Mar/2026:07:29:09 -0700] "GET /wp-json/wp/v2/posts/147879 HTTP/1.1" 200 9844 "-" "meta-externalagent/1.1 (+https://developers.facebook.com/docs/sharing/webmasters/crawler)" 185 **0/185698**
136.243.220.212 - - [03/Mar/2026:07:29:09 -0700] "GET /jogue-slots-online-acessivel-aquele-uma-vez-que-dinheiro-real-apontar-brasil/ HTTP/1.1" 200 74544 "-" "Mozilla/5.0 (compatible; DataForSeoBot/1.0; +https://dataforseo.com/dataforseo-bot)" 342 **0/342644**
185.191.171.15 - - [03/Mar/2026:07:29:11 -0700] "GET /bizon-casino-89/ HTTP/1.1" 200 82952 "-" "Mozilla/5.0 (compatible; SemrushBot/7~bl; +http://www.semrush.com/bot.html)" 299 **0/299357**
57.141.16.44 - - [03/Mar/2026:07:29:12 -0700] "GET /?p=147387 HTTP/1.1" 301 - "-" "meta-externalagent/1.1 (+https://developers.facebook.com/docs/sharing/webmasters/crawler)" 132 **0/132096**
136.243.220.212 - - [03/Mar/2026:07:29:13 -0700] "GET /always-have-a-look-at-added-bonus-terms-and-conditions-carefully-to-know-how-to-make-the-most-of-promote/ HTTP/1.1" 200 71530 "-" "Mozilla/5.0 (compatible; DataForSeoBot/1.0; +https://dataforseo.com/dataforseo-bot)" 314 **0/314415**
85.208.96.204 - - [03/Mar/2026:07:29:14 -0700] "GET /gambling-enterprise-bonus-also-offers-the-way-the-indepedent-rank-and-opinion-bonuses/ HTTP/1.1" 200 78319 "-" "Mozilla/5.0 (compatible; SemrushBot/7~bl; +http://www.semrush.com/bot.html)" 260 **0/260397**
136.243.220.212 - - [03/Mar/2026:07:29:17 -0700] "GET /better-free-spins-no-deposit-also-provides-2025-step-1000-spins/ HTTP/1.1" 200 71651 "-" "Mozilla/5.0 (compatible; DataForSeoBot/1.0; +https://dataforseo.com/dataforseo-bot)" 325 **0/325349**
57.141.16.65 - - [03/Mar/2026:07:29:17 -0700] "GET /gullybet-apk-download-59/feed/ HTTP/1.1" 200 868 "-" "meta-externalagent/1.1 (+https://developers.facebook.com/docs/sharing/webmasters/crawler)" 190 **0/190920**
136.243.220.212 - - [03/Mar/2026:07:29:21 -0700] "GET /gamomat-gokhuis-lezen-gamomat-slots-noppes-spelen/ HTTP/1.1" 200 71909 "-" "Mozilla/5.0 (compatible; DataForSeoBot/1.0; +https://dataforseo.com/dataforseo-bot)" 288 **0/288933**
57.141.16.89 - - [03/Mar/2026:07:29:24 -0700] "GET /wp-json/wp/v2/posts/145933 HTTP/1.1" 200 7323 "-" "meta-externalagent/1.1 (+https://developers.facebook.com/docs/sharing/webmasters/crawler)" 144 **0/144773**
136.243.220.212 - - [03/Mar/2026:07:29:26 -0700] "GET /pedeset-besplatnikh-okreta%D1%98a-u-kazinu-yabby-dodatna-lozinka-vulkan-vegas-veb-sajt-bez-depozita-50yws/ HTTP/1.1" 200 75028 "-" "Mozilla/5.0 (compatible; DataForSeoBot/1.0; +https://dataforseo.com/dataforseo-bot)" 285 **0/285589**
57.141.16.63 - - [03/Mar/2026:07:29:29 -0700] "GET /wp-json/wp/v2/posts/150735 HTTP/1.1" 200 12277 "-" "meta-externalagent/1.1 (+https://developers.facebook.com/docs/sharing/webmasters/crawler)" 184 **0/184405**
136.243.220.212 - - [03/Mar/2026:07:29:30 -0700] "GET /happy-hands-gambling-establishment-100-nv-casino-free-gold-coins-incentive-comment-for/ HTTP/1.1" 200 71492 "-" "Mozilla/5.0 (compatible; DataForSeoBot/1.0; +https://dataforseo.com/dataforseo-bot)" 367 **0/367504**
185.191.171.16 - - [03/Mar/2026:07:29:31 -0700] "GET /untergeordnet-hinein-casino-provision-codes-gilt-immer-selbige-bedingungen-bemerken/ HTTP/1.1" 200 78846 "-" "Mozilla/5.0 (compatible; SemrushBot/7~bl; +http://www.semrush.com/bot.html)" 254 **0/254191**
216.244.66.241 - - [03/Mar/2026:07:29:33 -0700] "GET /so-it-careful-strategy-enhances-the-chances-of-a-flaccid-feel-if-youre-limiting-possible-anger/ HTTP/1.1" 200 343124 "-" "Mozilla/5.0 (compatible; DotBot/1.2; +https://opensiteexplorer.org/dotbot; help@moz.com)" 265 **0/265824**
136.243.220.212 - - [03/Mar/2026:07:29:33 -0700] "GET /casino-pramie-blood-suckers-spielautomat-unter-einsatz-von-1-ecu-einzahlung-1-kasino-einzahlen-20/ HTTP/1.1" 200 74527 "-" "Mozilla/5.0 (compatible; DataForSeoBot/1.0; +https://dataforseo.com/dataforseo-bot)" 280 **0/280899**
185.191.171.5 - - [03/Mar/2026:07:29:35 -0700] "GET /examine-kid-slot-machine-enjoy-this-game-casino-oranje-at-no-cost-on-the-internet/ HTTP/1.1" 200 80141 "-" "Mozilla/5.0 (compatible; SemrushBot/7~bl; +http://www.semrush.com/bot.html)" 289 **0/289265**
136.243.220.212 - - [03/Mar/2026:07:29:38 -0700] "GET /guts-online-casino-review-and-addisjon/ HTTP/1.1" 200 72287 "-" "Mozilla/5.0 (compatible; DataForSeoBot/1.0; +https://dataforseo.com/dataforseo-bot)" 309 **0/309038**
185.191.171.5 - - [03/Mar/2026:07:29:40 -0700] "GET /beste-yahoo-and-google-pay-medusa-2-casinos-casinos-qua-g-pay-einzahlen-im-erreichbar-spielbank/ HTTP/1.1" 200 79779 "-" "Mozilla/5.0 (compatible; SemrushBot/7~bl; +http://www.semrush.com/bot.html)" 363 **0/363673**
136.243.220.212 - - [03/Mar/2026:07:29:41 -0700] "GET /casino-free-spins-annamme-900-gratisspinn-uten-almisse/ HTTP/1.1" 200 72504 "-" "Mozilla/5.0 (compatible; DataForSeoBot/1.0; +https://dataforseo.com/dataforseo-bot)" 283 **0/283780**
185.191.171.6 - - [03/Mar/2026:07:29:42 -0700] "GET /100-casino-spin-city-100-kein-einzahlungsbonus-freispiele-abzuglich-einzahlung-top-casino-angebote-2025/ HTTP/1.1" 200 81493 "-" "Mozilla/5.0 (compatible; SemrushBot/7~bl; +http://www.semrush.com/bot.html)" 301 **0/301889**
85.208.96.202 - - [03/Mar/2026:07:29:45 -0700] "GET /freispiele-exklusive-einzahlung-oktober-2026/ HTTP/1.1" 200 78853 "-" "Mozilla/5.0 (compatible; SemrushBot/7~bl; +http://www.semrush.com/bot.html)" 291 **0/291527**
136.243.220.212 - - [03/Mar/2026:07:29:46 -0700] "GET /online-bank-betreffende-gij-lieve-offlin-bank-kijk-eens-naar-de-hyperlink-spelle-wegens-holland/ HTTP/1.1" 200 71104 "-" "Mozilla/5.0 (compatible; DataForSeoBot/1.0; +https://dataforseo.com/dataforseo-bot)" 317 **0/317064**
57.141.16.4 - - [03/Mar/2026:07:29:47 -0700] "GET /nolimitcoins-%ef%bf%bd-to-have-ports-participants-who-like-100-free-gold-coins/feed/ HTTP/1.1" 200 975 "-" "meta-externalagent/1.1 (+https://developers.facebook.com/docs/sharing/webmasters/crawler)" 153 **0/153140**
57.141.16.91 - - [03/Mar/2026:07:29:48 -0700] "GET /?p=148536 HTTP/1.1" 301 - "-" "meta-externalagent/1.1 (+https://developers.facebook.com/docs/sharing/webmasters/crawler)" 120 **0/120821**
136.243.220.212 - - [03/Mar/2026:07:29:49 -0700] "GET /bitcoin-spielsaal-beste-bitcoin-casinos-erreichbar-erfahrungen-and-test-promo-codes-pro-verde-casino-2025-2025/ HTTP/1.1" 200 75152 "-" "Mozilla/5.0 (compatible; DataForSeoBot/1.0; +https://dataforseo.com/dataforseo-bot)" 340 **0/340164**
198.244.240.147 - - [03/Mar/2026:07:29:51 -0700] "GET /mariobet-giris-adresi-ile-guvenli-odeme-ve-cekim-kolayligi/ HTTP/1.1" 200 311730 "-" "Mozilla/5.0 (compatible; AhrefsBot/7.0; +http://ahrefs.com/robot/)" 332 **0/332080**
85.208.96.204 - - [03/Mar/2026:07:29:53 -0700] "GET /nota-di-ciascuno-i-scommesse-online-book-of-ra-roulette-mucchio-italiani-online-certificati-adm/ HTTP/1.1" 200 80357 "-" "Mozilla/5.0 (compatible; SemrushBot/7~bl; +http://www.semrush.com/bot.html)" 302 **0/302948**
136.243.220.212 - - [03/Mar/2026:07:29:54 -0700] "GET /tombol-bingo-beste-online-kienspe-webpagina-holland-alternatief-cartoons-casino-roemen/ HTTP/1.1" 200 72193 "-" "Mozilla/5.0 (compatible; DataForSeoBot/1.0; +https://dataforseo.com/dataforseo-bot)" 316 **0/316205**
216.244.66.241 - - [03/Mar/2026:07:29:55 -0700] "GET /the-newest-gambling-establishment-business-tend-to-conjures-pictures-out-of-glitz-glamour-and-you-may-ablaze-profits/ HTTP/1.1" 200 344991 "-" "Mozilla/5.0 (compatible; DotBot/1.2; +https://opensiteexplorer.org/dotbot; help@moz.com)" 322 **0/322943**
136.243.220.212 - - [03/Mar/2026:07:29:57 -0700] "GET /najlepsze-kasyno-przez-darmowe-spiny-w-kasynie-sportingbet-internet-w-naszym-kraju-bonusy-jak-i-rowniez-rozrywki/ HTTP/1.1" 200 72877 "-" "Mozilla/5.0 (compatible; DataForSeoBot/1.0; +https://dataforseo.com/dataforseo-bot)" 314 **0/314450**
57.141.16.35 - - [03/Mar/2026:07:29:59 -0700] "GET /wp-json/oembed/1.0/embed?url=http%3A%2F%2Fwww.icdp.co.in%2Fhousehold-from-fun-casino-ports-install-and-you-will-play-on-pc-google-play-shop%2F HTTP/1.1" 200 2565 "-" "meta-externalagent/1.1 (+https://developers.facebook.com/docs/sharing/webmasters/crawler)" 171 **0/171284**
136.243.220.212 - - [03/Mar/2026:07:30:01 -0700] "GET /bank-passende-koppeling-spelle-speel-voor-gokhal-games-buitenshuis-inschrijving/ HTTP/1.1" 200 72320 "-" "Mozilla/5.0 (compatible; DataForSeoBot/1.0; +https://dataforseo.com/dataforseo-bot)" 1192 **1/1192993**
57.141.16.56 - - [03/Mar/2026:07:30:02 -0700] "GET /wp-json/oembed/1.0/embed?url=http%3A%2F%2Fwww.icdp.co.in%2Fcet-au-top-2-les-actuels-casinos-en-ligne-a-l%25ef%25bf%25bdegard-de-2024%2F HTTP/1.1" 200 2491 "-" "meta-externalagent/1.1 (+https://developers.facebook.com/docs/sharing/webmasters/crawler)" 538 **0/538328**
136.243.220.212 - - [03/Mar/2026:07:30:05 -0700] "GET /expertenbewertungen-2/ HTTP/1.1" 200 74124 "-" "Mozilla/5.0 (compatible; DataForSeoBot/1.0; +https://dataforseo.com/dataforseo-bot)" 496 **0/496484**
136.243.220.212 - - [03/Mar/2026:07:30:09 -0700] "GET /resident-evil-maand-gold-edition-ps4-eerste-plaats-ps5/ HTTP/1.1" 200 72573 "-" "Mozilla/5.0 (compatible; DataForSeoBot/1.0; +https://dataforseo.com/dataforseo-bot)" 405 **0/405658**
136.243.220.212 - - [03/Mar/2026:07:30:14 -0700] "GET /lokalne-kasyno-sieciowy-najlepsze-kasyna-najlepsze-automaty-do-gry-online-internetowe-2025/ HTTP/1.1" 200 72487 "-" "Mozilla/5.0 (compatible; DataForSeoBot/1.0; +https://dataforseo.com/dataforseo-bot)" 389 **0/389823**
216.244.66.241 - - [03/Mar/2026:07:30:16 -0700] "GET /wonders-urban-area-gambling-establishment-tempts-individuals-that-have-vegas-concept-game-and-you-can-miami-concept-fun/ HTTP/1.1" 200 343156 "-" "Mozilla/5.0 (compatible; DotBot/1.2; +https://opensiteexplorer.org/dotbot; help@moz.com)" 314 **0/314536**
136.243.220.212 - - [03/Mar/2026:07:30:17 -0700] "GET /kasino-pramie-codes-2025-echtgeld-coupon-codes/ HTTP/1.1" 200 73073 "-" "Mozilla/5.0 (compatible; DataForSeoBot/1.0; +https://dataforseo.com/dataforseo-bot)" 330 **0/330497**
185.191.171.2 - - [03/Mar/2026:07:30:17 -0700] "GET /author/admin/page/5472/ HTTP/1.1" 200 80078 "-" "Mozilla/5.0 (compatible; SemrushBot/7~bl; +http://www.semrush.com/bot.html)" 1831 **1/1831089**
85.208.96.200 - - [03/Mar/2026:07:30:21 -0700] "GET /discover-an-account-and-you-can-login-the-brand-new-wager-mgm-casino-michigan/ HTTP/1.1" 200 78343 "-" "Mozilla/5.0 (compatible; SemrushBot/7~bl; +http://www.semrush.com/bot.html)" 312 **0/312364**
136.243.220.212 - - [03/Mar/2026:07:30:21 -0700] "GET /royale-bonussen-erbij-gij-uitgelezene-enchanted-fairy-slot-online-casino-offlin-casinos-te-belgie-2024/ HTTP/1.1" 200 72354 "-" "Mozilla/5.0 (compatible; DataForSeoBot/1.0; +https://dataforseo.com/dataforseo-bot)" 391 **0/391597**
136.243.220.212 - - [03/Mar/2026:07:30:26 -0700] "GET /procedury-platnosci-przy-kasynach-online-przewodnik2025/ HTTP/1.1" 200 72055 "-" "Mozilla/5.0 (compatible; DataForSeoBot/1.0; +https://dataforseo.com/dataforseo-bot)" 358 **0/358084**
85.208.96.196 - - [03/Mar/2026:07:30:27 -0700] "GET /author/admin/page/4092/ HTTP/1.1" 200 79757 "-" "Mozilla/5.0 (compatible; SemrushBot/7~bl; +http://www.semrush.com/bot.html)" 1710 **1/1710471**
136.243.220.212 - - [03/Mar/2026:07:30:29 -0700] "GET /jungle-dristighet-call-of-royalgame-kampanjekode-the-wild-laes-anmeldelse-fa-addisjon-spins/ HTTP/1.1" 200 71418 "-" "Mozilla/5.0 (compatible; DataForSeoBot/1.0; +https://dataforseo.com/dataforseo-bot)" 328 **0/328322**
85.208.96.208 - - [03/Mar/2026:07:30:34 -0700] "GET /nutzbarkeit-in-die-wege-leiten-nach-aktive-spieler-wettanbieter-durchschnittsausgaben-anfertigen-eltern-unter-zuhilfenahme-von-beim-ereignis-via-exklusiven-bonussen/ HTTP/1.1" 200 78759 "-" "Mozilla/5.0 (compatible; SemrushBot/7~bl; +http://www.semrush.com/bot.html)" 333 **0/333503**
136.243.220.212 - - [03/Mar/2026:07:30:34 -0700] "GET /roulette-roleta-online-uma-vez-login-booi-brasil-que-dealers-ciencia-vivo-apontar-brasil/ HTTP/1.1" 200 71225 "-" "Mozilla/5.0 (compatible; DataForSeoBot/1.0; +https://dataforseo.com/dataforseo-bot)" 371 **0/371419**
57.141.16.80 - - [03/Mar/2026:07:30:35 -0700] "GET /ein-beste-angeschlossen-casino-provision-offizielle-quelle-blos-einzahlung-2026/feed/ HTTP/1.1" 200 983 "-" "meta-externalagent/1.1 (+https://developers.facebook.com/docs/sharing/webmasters/crawler)" 130 **0/130648**
185.191.171.15 - - [03/Mar/2026:07:30:36 -0700] "GET /fastest-payment-online-casinos-in-the-2025-instant-distributions/ HTTP/1.1" 200 80371 "-" "Mozilla/5.0 (compatible; SemrushBot/7~bl; +http://www.semrush.com/bot.html)" 287 **0/287960**
136.243.220.212 - - [03/Mar/2026:07:30:37 -0700] "GET /great-rhino-no-deposit-sunnyplayer-2023-megaways-remark-all-you-need-to-understand-in-one-place/ HTTP/1.1" 200 72580 "-" "Mozilla/5.0 (compatible; DataForSeoBot/1.0; +https://dataforseo.com/dataforseo-bot)" 293 **0/293060**
136.243.220.212 - - [03/Mar/2026:07:30:42 -0700] "GET /king-of-1-deposit-hot-group-deluxe-notes-guide/ HTTP/1.1" 200 73059 "-" "Mozilla/5.0 (compatible; DataForSeoBot/1.0; +https://dataforseo.com/dataforseo-bot)" 279 **0/279044**
185.191.171.18 - - [03/Mar/2026:07:30:42 -0700] "GET /megaways-slots-a-jogue-parimatch-live-casino-online-lista-plenty-of-fortune-revisao-do-slot-online-completa-2023/ HTTP/1.1" 200 80777 "-" "Mozilla/5.0 (compatible; SemrushBot/7~bl; +http://www.semrush.com/bot.html)" 337 **0/337174**
136.243.220.212 - - [03/Mar/2026:07:30:46 -0700] "GET /direkt-youtube-hinter-mp3-anpassungseinrichtung-and-downloader-youconvert/ HTTP/1.1" 200 75286 "-" "Mozilla/5.0 (compatible; DataForSeoBot/1.0; +https://dataforseo.com/dataforseo-bot)" 344 **0/344792**
85.208.96.208 - - [03/Mar/2026:07:30:47 -0700] "GET /most-bet-811/ HTTP/1.1" 200 82490 "-" "Mozilla/5.0 (compatible; SemrushBot/7~bl; +http://www.semrush.com/bot.html)" 322 **0/322630**
136.243.220.212 - - [03/Mar/2026:07:30:49 -0700] "GET /vinnig-160-voor-vide-princess-of-paradise-spelen-poker-spelle-genkel-aanmelding/ HTTP/1.1" 200 72222 "-" "Mozilla/5.0 (compatible; DataForSeoBot/1.0; +https://dataforseo.com/dataforseo-bot)" 322 **0/322626**
136.243.220.212 - - [03/Mar/2026:07:30:53 -0700] "GET /duits-offlin-gokhuis-uitgelezene-ancient-arcadia-slot-casinos-duitsland-voordat-eigenlijk-poen-2024/ HTTP/1.1" 200 72085 "-" "Mozilla/5.0 (compatible; DataForSeoBot/1.0; +https://dataforseo.com/dataforseo-bot)" 354 **0/354840**
68.178.232.37 - - [03/Mar/2026:07:30:58 -0700] "POST /wp-cron.php?doing_wp_cron=1772548258.1005990505218505859375 HTTP/1.1" 200 - "http://www.icdp.co.in/wp-cron.php?doing_wp_cron=1772548258.1005990505218505859375" "WordPress/5.7.8; http://www.icdp.co.in" 170 **0/170845**
136.243.220.212 - - [03/Mar/2026:07:30:57 -0700] "GET /starda-casino-abichar-50-rodadas-sem-deposito/ HTTP/1.1" 200 73164 "-" "Mozilla/5.0 (compatible; DataForSeoBot/1.0; +https://dataforseo.com/dataforseo-bot)" 494 **0/494449**
136.243.220.212 - - [03/Mar/2026:07:31:02 -0700] "GET /kosteloos-speculeren-jungle-games-1-storting-speel-gratis-bij-eentje-bank-behalve-betaling-2024/ HTTP/1.1" 200 72072 "-" "Mozilla/5.0 (compatible; DataForSeoBot/1.0; +https://dataforseo.com/dataforseo-bot)" 427 **0/427547**
136.243.220.212 - - [03/Mar/2026:07:31:06 -0700] "GET /gobble-speel-voor-online/ HTTP/1.1" 200 71770 "-" "Mozilla/5.0 (compatible; DataForSeoBot/1.0; +https://dataforseo.com/dataforseo-bot)" 355 **0/355056**
17.22.253.137 - - [03/Mar/2026:07:31:07 -0700] "GET /and-this-pokies-playing-in-the-aussie-clubs/ HTTP/1.1" 200 79320 "-" "Mozilla/5.0 (Macintosh; Intel Mac OS X 10_15_7) AppleWebKit/605.1.15 (KHTML, like Gecko) Version/17.4 Safari/605.1.15 (Applebot/0.1; +http://www.apple.com/go/applebot)" 262 **0/262080**
136.243.220.212 - - [03/Mar/2026:07:31:10 -0700] "GET /100-bank-premie-de-liefste-100-gokhuis-bonussen-holland/ HTTP/1.1" 200 71900 "-" "Mozilla/5.0 (compatible; DataForSeoBot/1.0; +https://dataforseo.com/dataforseo-bot)" 315 **0/315457**
150.109.230.210 - - [03/Mar/2026:07:31:13 -0700] "GET / HTTP/1.1" 200 9419 "-" "Mozilla/5.0 (iPhone; CPU iPhone OS 13_2_3 like Mac OS X) AppleWebKit/605.1.15 (KHTML, like Gecko) Version/13.0.3 Mobile/15E148 Safari/604.1" 175 **0/175665**
136.243.220.212 - - [03/Mar/2026:07:31:14 -0700] "GET /gein-ranks-league-of-legends-ranglijst-systeem-belicht/ HTTP/1.1" 200 72079 "-" "Mozilla/5.0 (compatible; DataForSeoBot/1.0; +https://dataforseo.com/dataforseo-bot)" 291 **0/291395**
57.141.16.49 - - [03/Mar/2026:07:31:16 -0700] "GET /wp-json/wp/v2/posts/146111 HTTP/1.1" 200 7738 "-" "meta-externalagent/1.1 (+https://developers.facebook.com/docs/sharing/webmasters/crawler)" 138 **0/138038**
136.243.220.212 - - [03/Mar/2026:07:31:17 -0700] "GET /aktualnye-promokody-1xslots-na-segodnja-bonusnyj-2/ HTTP/1.1" 200 73447 "-" "Mozilla/5.0 (compatible; DataForSeoBot/1.0; +https://dataforseo.com/dataforseo-bot)" 387 **0/387948**
136.243.220.212 - - [03/Mar/2026:07:31:21 -0700] "GET /europalace-teutonia-die-eine-gemisch-aus-klassischem-formgebung-ferner-modernem-gaming/ HTTP/1.1" 200 73985 "-" "Mozilla/5.0 (compatible; DataForSeoBot/1.0; +https://dataforseo.com/dataforseo-bot)" 303 **0/303677**
57.141.16.5 - - [03/Mar/2026:07:31:25 -0700] "GET /?p=150705 HTTP/1.1" 301 - "-" "meta-externalagent/1.1 (+https://developers.facebook.com/docs/sharing/webmasters/crawler)" 147 **0/147519**
136.243.220.212 - - [03/Mar/2026:07:31:25 -0700] "GET /plinkoman-by-galaxsys-innovatief-offlin-plinko-activiteit/ HTTP/1.1" 200 71893 "-" "Mozilla/5.0 (compatible; DataForSeoBot/1.0; +https://dataforseo.com/dataforseo-bot)" 344 **0/344498**
136.243.220.212 - - [03/Mar/2026:07:31:29 -0700] "GET /blacklist-offlin-casinos-dingen-moet-je-nie-raden/ HTTP/1.1" 200 71621 "-" "Mozilla/5.0 (compatible; DataForSeoBot/1.0; +https://dataforseo.com/dataforseo-bot)" 288 **0/288130**
136.243.220.212 - - [03/Mar/2026:07:31:33 -0700] "GET /ontdek-ziedaar-enig-inschatten-het-gespeeld-lijst-afwisselend-jij-parochie-vrt-nws-nieuwsbericht/ HTTP/1.1" 200 71519 "-" "Mozilla/5.0 (compatible; DataForSeoBot/1.0; +https://dataforseo.com/dataforseo-bot)" 335 **0/335110**
136.243.220.212 - - [03/Mar/2026:07:31:37 -0700] "GET /giros-gratis-sin-deposito-en-argentina-ofertas-cricket-x-melhor-site-sem-giros-livres-puerilidade-entreposto-de-casinos-2025/ HTTP/1.1" 200 72144 "-" "Mozilla/5.0 (compatible; DataForSeoBot/1.0; +https://dataforseo.com/dataforseo-bot)" 287 **0/287409**
136.243.220.212 - - [03/Mar/2026:07:31:41 -0700] "GET /slot-mega-brak-kasyna-depozytowego-powitalny-bonusy-joker-darmowo-zagraj-po-demo-mega-joker-online-z-brakiem-rejestracji/ HTTP/1.1" 200 72354 "-" "Mozilla/5.0 (compatible; DataForSeoBot/1.0; +https://dataforseo.com/dataforseo-bot)" 291 **0/291543**
136.243.220.212 - - [03/Mar/2026:07:31:46 -0700] "GET /as-melhores-maquinas-busca-niqueis-rtg-online-aposte-ja/ HTTP/1.1" 200 74490 "-" "Mozilla/5.0 (compatible; DataForSeoBot/1.0; +https://dataforseo.com/dataforseo-bot)" 328 **0/328943**
57.141.16.5 - - [03/Mar/2026:07:31:47 -0700] "GET /?p=147283 HTTP/1.1" 301 - "-" "meta-externalagent/1.1 (+https://developers.facebook.com/docs/sharing/webmasters/crawler)" 157 **0/157599**
136.243.220.212 - - [03/Mar/2026:07:31:50 -0700] "GET /kroon-gokhal-webpagina-in-1-hawaiian-treasure-200-verzekeringspremie-50-fs-registreer-huidig-nederlands/ HTTP/1.1" 200 72222 "-" "Mozilla/5.0 (compatible; DataForSeoBot/1.0; +https://dataforseo.com/dataforseo-bot)" 305 **0/305007**
216.244.66.241 - - [03/Mar/2026:07:31:51 -0700] "GET /aviagladje-vid-aviastjarnan-aviamasters-i-sverige/ HTTP/1.1" 200 343864 "-" "Mozilla/5.0 (compatible; DotBot/1.2; +https://opensiteexplorer.org/dotbot; help@moz.com)" 316 **0/316185**
136.243.220.212 - - [03/Mar/2026:07:31:54 -0700] "GET /klaverjassen-casino-geen-aanbetaling-primebetz-eigenmaken-puntentelling-testimonium/ HTTP/1.1" 200 72139 "-" "Mozilla/5.0 (compatible; DataForSeoBot/1.0; +https://dataforseo.com/dataforseo-bot)" 322 **0/322949**
68.178.232.37 - - [03/Mar/2026:07:31:58 -0700] "POST /wp-cron.php?doing_wp_cron=1772548318.1038570404052734375000 HTTP/1.1" 200 - "http://www.icdp.co.in/wp-cron.php?doing_wp_cron=1772548318.1038570404052734375000" "WordPress/5.7.8; http://www.icdp.co.in" 177 **0/177117**
