136.243.220.212 - - [03/Mar/2026:09:53:09 -0700] "GET /fifty-totally-free-spins-no-deposit-no-choice-added-bonus/ HTTP/1.1" 200 71980 "-" "Mozilla/5.0 (compatible; DataForSeoBot/1.0; +https://dataforseo.com/dataforseo-bot)" 352 **0/352181**
136.243.220.212 - - [03/Mar/2026:09:53:12 -0700] "GET /de-bedste-tilslutte-spillemaskiner-vulkan-vegas-danmark-som-hjaelper-af-rigtige-penge-pro-dannevan-2024-world-customs-organization/ HTTP/1.1" 200 72856 "-" "Mozilla/5.0 (compatible; DataForSeoBot/1.0; +https://dataforseo.com/dataforseo-bot)" 316 **0/316107**
136.243.220.212 - - [03/Mar/2026:09:53:16 -0700] "GET /gnomes-wizard-out-of-ounce-1-put-elaag-agricultural-organization/ HTTP/1.1" 200 73874 "-" "Mozilla/5.0 (compatible; DataForSeoBot/1.0; +https://dataforseo.com/dataforseo-bot)" 307 **0/307730**
136.243.220.212 - - [03/Mar/2026:09:53:20 -0700] "GET /finest-online-casinos-uk-40-expert-ranked-internet-sites-for-2025/ HTTP/1.1" 200 73190 "-" "Mozilla/5.0 (compatible; DataForSeoBot/1.0; +https://dataforseo.com/dataforseo-bot)" 270 **0/270726**
136.243.220.212 - - [03/Mar/2026:09:53:25 -0700] "GET /kasino-avance-skuespil-pa-nogle-the-dark-knight-rises-spilleautomat-rigtige-penge-uden-indskud-fuldkommen-fr/ HTTP/1.1" 200 72998 "-" "Mozilla/5.0 (compatible; DataForSeoBot/1.0; +https://dataforseo.com/dataforseo-bot)" 278 **0/278239**
136.243.220.212 - - [03/Mar/2026:09:53:29 -0700] "GET /ausfuhrlicher-24-casino-app-login-abmachung/ HTTP/1.1" 200 73107 "-" "Mozilla/5.0 (compatible; DataForSeoBot/1.0; +https://dataforseo.com/dataforseo-bot)" 270 **0/270894**
136.243.220.212 - - [03/Mar/2026:09:53:32 -0700] "GET /queen-of-the-nile-position-trial-comment-popiplay/ HTTP/1.1" 200 72798 "-" "Mozilla/5.0 (compatible; DataForSeoBot/1.0; +https://dataforseo.com/dataforseo-bot)" 283 **0/283247**
136.243.220.212 - - [03/Mar/2026:09:53:36 -0700] "GET /indian-thinking-ports-243-a-means-to-win-15x-multipliers/ HTTP/1.1" 200 72772 "-" "Mozilla/5.0 (compatible; DataForSeoBot/1.0; +https://dataforseo.com/dataforseo-bot)" 309 **0/309106**
57.141.16.47 - - [03/Mar/2026:09:53:39 -0700] "GET /?p=146349 HTTP/1.1" 301 - "-" "meta-externalagent/1.1 (+https://developers.facebook.com/docs/sharing/webmasters/crawler)" 125 **0/125178**
136.243.220.212 - - [03/Mar/2026:09:53:41 -0700] "GET /crazy-local-casino-incentive-rules-2025-complete-directory-of-an-informed-promotions/ HTTP/1.1" 200 71845 "-" "Mozilla/5.0 (compatible; DataForSeoBot/1.0; +https://dataforseo.com/dataforseo-bot)" 313 **0/313112**
136.243.220.212 - - [03/Mar/2026:09:53:44 -0700] "GET /real-time-lucky-hit-free-spins-no-deposit-required-blackjack-finest-real-cash-canada-casinos-online/ HTTP/1.1" 200 73922 "-" "Mozilla/5.0 (compatible; DataForSeoBot/1.0; +https://dataforseo.com/dataforseo-bot)" 288 **0/288571**
136.243.220.212 - - [03/Mar/2026:09:53:48 -0700] "GET /gamble-double-chance-gambling-establishment-video-game-because-of-the-spadegaming-from-the-getwin/ HTTP/1.1" 200 72868 "-" "Mozilla/5.0 (compatible; DataForSeoBot/1.0; +https://dataforseo.com/dataforseo-bot)" 309 **0/309251**
136.243.220.212 - - [03/Mar/2026:09:53:52 -0700] "GET /gowild-spielsaal-erfahrungen-2025-betprimeiro-bet-login-3-500-pramie-sichern/ HTTP/1.1" 200 73702 "-" "Mozilla/5.0 (compatible; DataForSeoBot/1.0; +https://dataforseo.com/dataforseo-bot)" 383 **0/383954**
68.178.232.37 - - [03/Mar/2026:09:53:57 -0700] "POST /wp-cron.php?doing_wp_cron=1772556837.1035289764404296875000 HTTP/1.1" 200 - "http://www.icdp.co.in/wp-cron.php?doing_wp_cron=1772556837.1035289764404296875000" "WordPress/5.7.8; http://www.icdp.co.in" 174 **0/174241**
136.243.220.212 - - [03/Mar/2026:09:53:56 -0700] "GET /danskamerikaner-casino-hex-rejseforer-oven-i-kobet-bedste-pa-dette-hyperlink-casinoer-som-danmark/ HTTP/1.1" 200 72941 "-" "Mozilla/5.0 (compatible; DataForSeoBot/1.0; +https://dataforseo.com/dataforseo-bot)" 473 **0/473582**
57.141.16.14 - - [03/Mar/2026:09:54:00 -0700] "GET /wp-json/wp/v2/posts/149989 HTTP/1.1" 200 8691 "-" "meta-externalagent/1.1 (+https://developers.facebook.com/docs/sharing/webmasters/crawler)" 147 **0/147312**
136.243.220.212 - - [03/Mar/2026:09:54:00 -0700] "GET /49-simple-existence-hacks-for-home-it-is-possible-to-wish-to-you-understood-ultimately/ HTTP/1.1" 200 72936 "-" "Mozilla/5.0 (compatible; DataForSeoBot/1.0; +https://dataforseo.com/dataforseo-bot)" 335 **0/335373**
136.243.220.212 - - [03/Mar/2026:09:54:04 -0700] "GET /live-kasino-play-live-spielsaal-casino-kostenloses-geld-keine-einzahlung-games-for-tatsachlich-money/ HTTP/1.1" 200 73781 "-" "Mozilla/5.0 (compatible; DataForSeoBot/1.0; +https://dataforseo.com/dataforseo-bot)" 264 **0/264433**
57.141.16.48 - - [03/Mar/2026:09:54:07 -0700] "GET /wp-json/oembed/1.0/embed?url=http%3A%2F%2Fwww.icdp.co.in%2Ffairy-gate-slots-remark-wonders-benefits-exciting-gameplay%2F HTTP/1.1" 200 2482 "-" "meta-externalagent/1.1 (+https://developers.facebook.com/docs/sharing/webmasters/crawler)" 123 **0/123156**
136.243.220.212 - - [03/Mar/2026:09:54:09 -0700] "GET /greatest-live-dealer-public-quasar-gaming-casino-no-deposit-code-gambling-enterprises-2025/ HTTP/1.1" 200 73569 "-" "Mozilla/5.0 (compatible; DataForSeoBot/1.0; +https://dataforseo.com/dataforseo-bot)" 309 **0/309587**
136.243.220.212 - - [03/Mar/2026:09:54:12 -0700] "GET /spielsaal-free-geld-exklusive-einzahlung-the-royal-family-slot-offizielle-webseite/ HTTP/1.1" 200 72186 "-" "Mozilla/5.0 (compatible; DataForSeoBot/1.0; +https://dataforseo.com/dataforseo-bot)" 359 **0/359345**
17.241.227.193 - - [03/Mar/2026:09:54:14 -0700] "GET /vegas11-join-498/ HTTP/1.1" 200 83407 "-" "Mozilla/5.0 (Macintosh; Intel Mac OS X 10_15_7) AppleWebKit/605.1.15 (KHTML, like Gecko) Version/17.4 Safari/605.1.15 (Applebot/0.1; +http://www.apple.com/go/applebot)" 300 **0/300857**
136.243.220.212 - - [03/Mar/2026:09:54:16 -0700] "GET /your-own-top-around-the-world-origin-for-gambling-on-line/ HTTP/1.1" 200 73830 "-" "Mozilla/5.0 (compatible; DataForSeoBot/1.0; +https://dataforseo.com/dataforseo-bot)" 290 **0/290028**
136.243.220.212 - - [03/Mar/2026:09:54:20 -0700] "GET /mostbet-site-oficial-de-casino-online-e-apostas-no-2532/ HTTP/1.1" 200 73791 "-" "Mozilla/5.0 (compatible; DataForSeoBot/1.0; +https://dataforseo.com/dataforseo-bot)" 306 **0/306365**
57.141.16.15 - - [03/Mar/2026:09:54:21 -0700] "GET /wp-json/wp/v2/posts/146439 HTTP/1.1" 200 8272 "-" "meta-externalagent/1.1 (+https://developers.facebook.com/docs/sharing/webmasters/crawler)" 123 **0/123977**
57.141.16.71 - - [03/Mar/2026:09:54:24 -0700] "GET /?p=144983 HTTP/1.1" 301 - "-" "meta-externalagent/1.1 (+https://developers.facebook.com/docs/sharing/webmasters/crawler)" 141 **0/141973**
136.243.220.212 - - [03/Mar/2026:09:54:24 -0700] "GET /all-the-ecopayz-casinos-2025-finest-casinos-one-take-on-ecopayz/ HTTP/1.1" 200 72581 "-" "Mozilla/5.0 (compatible; DataForSeoBot/1.0; +https://dataforseo.com/dataforseo-bot)" 344 **0/344324**
136.243.220.212 - - [03/Mar/2026:09:54:28 -0700] "GET /ladbrokes-local-casino-how-to-subscribe-login-and-you-may-gamble/ HTTP/1.1" 200 73135 "-" "Mozilla/5.0 (compatible; DataForSeoBot/1.0; +https://dataforseo.com/dataforseo-bot)" 275 **0/275325**
136.243.220.212 - - [03/Mar/2026:09:54:32 -0700] "GET /gamble-internet-poker-for-real-currency-galera-bet-bonus-how-to-use-during-the-ignition/ HTTP/1.1" 200 74159 "-" "Mozilla/5.0 (compatible; DataForSeoBot/1.0; +https://dataforseo.com/dataforseo-bot)" 302 **0/302911**
136.243.220.212 - - [03/Mar/2026:09:54:36 -0700] "GET /comeon-nederland-uw-ultieme-erreichbar-gokbestemming-bestes-online-casino-ho-ho-ho-voor-praktisch-bimbes/ HTTP/1.1" 200 73459 "-" "Mozilla/5.0 (compatible; DataForSeoBot/1.0; +https://dataforseo.com/dataforseo-bot)" 314 **0/314433**
57.141.16.21 - - [03/Mar/2026:09:54:40 -0700] "GET /wp-json/oembed/1.0/embed?url=http%3A%2F%2Fwww.icdp.co.in%2Fwie-gleichfalls-unglaublich-oben-erwahnt-wird-twint-in-der-helvetia-von-via-5-millionen-besucher-verordnet%2F HTTP/1.1" 200 2698 "-" "meta-externalagent/1.1 (+https://developers.facebook.com/docs/sharing/webmasters/crawler)" 144 **0/144863**
216.73.216.40 - - [03/Mar/2026:09:54:40 -0700] "GET /beste-200-casino-bonus-2026-echtgeld-erreichbar-casinos-within-ostmark-spiele-um-echtes-geld/feed HTTP/1.1" 301 1 "-" "Mozilla/5.0 AppleWebKit/537.36 (KHTML, like Gecko; compatible; ClaudeBot/1.0; +claudebot@anthropic.com)" 176 **0/176755**
216.73.216.40 - - [03/Mar/2026:09:54:40 -0700] "GET /asia-says-it-has-contains-nipah-virus-episode-since-the-particular-asian-nations-find-yourself-wellness-tests HTTP/1.1" 301 1 "-" "Mozilla/5.0 AppleWebKit/537.36 (KHTML, like Gecko; compatible; ClaudeBot/1.0; +claudebot@anthropic.com)" 147 **0/147507**
216.73.216.40 - - [03/Mar/2026:09:54:40 -0700] "GET /beste-200-casino-bonus-2026-echtgeld-erreichbar-casinos-within-ostmark-spiele-um-echtes-geld/feed/ HTTP/1.1" 200 457 "http://www.icdp.co.in/beste-200-casino-bonus-2026-echtgeld-erreichbar-casinos-within-ostmark-spiele-um-echtes-geld/feed" "Mozilla/5.0 AppleWebKit/537.36 (KHTML, like Gecko; compatible; ClaudeBot/1.0; +claudebot@anthropic.com)" 136 **0/136241**
216.73.216.40 - - [03/Mar/2026:09:54:41 -0700] "GET /asia-says-it-has-contains-nipah-virus-episode-since-the-particular-asian-nations-find-yourself-wellness-tests/ HTTP/1.1" 200 69246 "http://www.icdp.co.in/asia-says-it-has-contains-nipah-virus-episode-since-the-particular-asian-nations-find-yourself-wellness-tests" "Mozilla/5.0 AppleWebKit/537.36 (KHTML, like Gecko; compatible; ClaudeBot/1.0; +claudebot@anthropic.com)" 332 **0/332503**
136.243.220.212 - - [03/Mar/2026:09:54:41 -0700] "GET /find-alt-afkast-ice-casino-app-login-eksklusiv-indskud-herhen/ HTTP/1.1" 200 72638 "-" "Mozilla/5.0 (compatible; DataForSeoBot/1.0; +https://dataforseo.com/dataforseo-bot)" 349 **0/349518**
136.243.220.212 - - [03/Mar/2026:09:54:44 -0700] "GET /exclusive-bonuses-updated-paddy-power-games-10-no-deposit-free-spins-everyday/ HTTP/1.1" 200 73903 "-" "Mozilla/5.0 (compatible; DataForSeoBot/1.0; +https://dataforseo.com/dataforseo-bot)" 290 **0/290403**
136.243.220.212 - - [03/Mar/2026:09:54:48 -0700] "GET /better-crypto-gambling-enterprises-out-of-2025-to-own-bitcoin-ethereum-gamblers/ HTTP/1.1" 200 73248 "-" "Mozilla/5.0 (compatible; DataForSeoBot/1.0; +https://dataforseo.com/dataforseo-bot)" 297 **0/297039**
57.141.16.62 - - [03/Mar/2026:09:54:52 -0700] "GET /?p=148341 HTTP/1.1" 301 - "-" "meta-externalagent/1.1 (+https://developers.facebook.com/docs/sharing/webmasters/crawler)" 132 **0/132759**
136.243.220.212 - - [03/Mar/2026:09:54:52 -0700] "GET /personal-couch-blackjack-real-time-superior-tables-higher-limitations-laws-and-regulations-roulette-for-real-money-faq/ HTTP/1.1" 200 73501 "-" "Mozilla/5.0 (compatible; DataForSeoBot/1.0; +https://dataforseo.com/dataforseo-bot)" 345 **0/345625**
136.243.220.212 - - [03/Mar/2026:09:54:57 -0700] "GET /baccarat-on-the-web-casino-sunnyplayer-bonus-codes-2024-simple-tips-to-enjoy-totally-free-real-cash-online-casino-games-during-the-baccarattraining/ HTTP/1.1" 200 73836 "-" "Mozilla/5.0 (compatible; DataForSeoBot/1.0; +https://dataforseo.com/dataforseo-bot)" 304 **0/304398**
216.73.216.40 - - [03/Mar/2026:09:55:00 -0700] "GET /?p=156033 HTTP/1.1" 301 1 "-" "Mozilla/5.0 AppleWebKit/537.36 (KHTML, like Gecko; compatible; ClaudeBot/1.0; +claudebot@anthropic.com)" 166 **0/166289**
216.73.216.40 - - [03/Mar/2026:09:55:00 -0700] "GET /beste-200-casino-bonus-2026-echtgeld-erreichbar-casinos-within-ostmark-spiele-um-echtes-geld/ HTTP/1.1" 200 73215 "http://www.icdp.co.in/?p=156033" "Mozilla/5.0 AppleWebKit/537.36 (KHTML, like Gecko; compatible; ClaudeBot/1.0; +claudebot@anthropic.com)" 355 **0/355489**
136.243.220.212 - - [03/Mar/2026:09:55:01 -0700] "GET /bis-dato-haben-wir-eine-kontinuierliche-trend-as-part-of-diesem-bezirk-gefunden-unter-einsatz-von-den-neuesten/ HTTP/1.1" 200 72106 "-" "Mozilla/5.0 (compatible; DataForSeoBot/1.0; +https://dataforseo.com/dataforseo-bot)" 461 **0/461671**
136.243.220.212 - - [03/Mar/2026:09:55:04 -0700] "GET /greatest-5-lunaris-casino-log-in-united-kingdom-low-deposit-casinos-in-the-2024-ranked-and-you-will-assessed/ HTTP/1.1" 200 71293 "-" "Mozilla/5.0 (compatible; DataForSeoBot/1.0; +https://dataforseo.com/dataforseo-bot)" 454 **0/454577**
136.243.220.212 - - [03/Mar/2026:09:55:09 -0700] "GET /klassische-tischspiele-wie-blackjack-the-roulette-table-ferner-poker-eignen-ein-wichtiger-einzelheit-diverses-triumph-nature-casinos/ HTTP/1.1" 200 71756 "-" "Mozilla/5.0 (compatible; DataForSeoBot/1.0; +https://dataforseo.com/dataforseo-bot)" 390 **0/390375**
136.243.220.212 - - [03/Mar/2026:09:55:13 -0700] "GET /mostbet-app-in-bd-ebn-jnpriy-kyaasino-gemer-utthaan/ HTTP/1.1" 200 71679 "-" "Mozilla/5.0 (compatible; DataForSeoBot/1.0; +https://dataforseo.com/dataforseo-bot)" 297 **0/297398**
17.246.19.192 - - [03/Mar/2026:09:55:14 -0700] "GET /300-pour-premium-spinata-eleve-accessoire-a-sous-un-brin-jusqua-jouer-book-of-dead-3000/ HTTP/1.1" 200 80839 "-" "Mozilla/5.0 (Macintosh; Intel Mac OS X 10_15_7) AppleWebKit/605.1.15 (KHTML, like Gecko) Version/17.4 Safari/605.1.15 (Applebot/0.1; +http://www.apple.com/go/applebot)" 292 **0/292958**
136.243.220.212 - - [03/Mar/2026:09:55:17 -0700] "GET /wonders-fresh-fruit-4-deluxe-harbors-2025-gamble-online-free-of-charge/ HTTP/1.1" 200 72513 "-" "Mozilla/5.0 (compatible; DataForSeoBot/1.0; +https://dataforseo.com/dataforseo-bot)" 350 **0/350087**
136.243.220.212 - - [03/Mar/2026:09:55:20 -0700] "GET /extra-chilli-position-96-63-rtp-24236-xbet-max-victory/ HTTP/1.1" 200 70936 "-" "Mozilla/5.0 (compatible; DataForSeoBot/1.0; +https://dataforseo.com/dataforseo-bot)" 279 **0/279596**
136.243.220.212 - - [03/Mar/2026:09:55:24 -0700] "GET /energy-spielbank-quick-win-slots-promo-testbericht-2025/ HTTP/1.1" 200 73113 "-" "Mozilla/5.0 (compatible; DataForSeoBot/1.0; +https://dataforseo.com/dataforseo-bot)" 315 **0/315665**
136.243.220.212 - - [03/Mar/2026:09:55:28 -0700] "GET /crystal-forest-online-slots-games-from-wms-available-online/ HTTP/1.1" 200 71756 "-" "Mozilla/5.0 (compatible; DataForSeoBot/1.0; +https://dataforseo.com/dataforseo-bot)" 309 **0/309389**
17.22.245.113 - - [03/Mar/2026:09:55:32 -0700] "GET /online-casinos-unter-einsatz-von-paysafe-effizienz-%EF%BF%BD-auf-diese-weise-wie-am-schnurchen-geht-eres/ HTTP/1.1" 200 78701 "-" "Mozilla/5.0 (Macintosh; Intel Mac OS X 10_15_7) AppleWebKit/605.1.15 (KHTML, like Gecko) Version/17.4 Safari/605.1.15 (Applebot/0.1; +http://www.apple.com/go/applebot)" 257 **0/257302**
136.243.220.212 - - [03/Mar/2026:09:55:32 -0700] "GET /mostbet-brasil-site-formal-inscricao-bonus-15-000r-entrar-3/ HTTP/1.1" 200 81750 "-" "Mozilla/5.0 (compatible; DataForSeoBot/1.0; +https://dataforseo.com/dataforseo-bot)" 290 **0/290330**
57.141.16.78 - - [03/Mar/2026:09:55:35 -0700] "GET /wp-json/wp/v2/posts/146201 HTTP/1.1" 200 8967 "-" "meta-externalagent/1.1 (+https://developers.facebook.com/docs/sharing/webmasters/crawler)" 141 **0/141123**
136.243.220.212 - - [03/Mar/2026:09:55:37 -0700] "GET /10-better-on-the-internet-casino-royal-house-app-blackjack-web-sites-the-real-deal-money/ HTTP/1.1" 200 73913 "-" "Mozilla/5.0 (compatible; DataForSeoBot/1.0; +https://dataforseo.com/dataforseo-bot)" 282 **0/282662**
136.243.220.212 - - [03/Mar/2026:09:55:40 -0700] "GET /funciona-sin-cargo-a-thunderstruck-dos-referente-a-forma-demo/ HTTP/1.1" 200 73932 "-" "Mozilla/5.0 (compatible; DataForSeoBot/1.0; +https://dataforseo.com/dataforseo-bot)" 282 **0/282024**
136.243.220.212 - - [03/Mar/2026:09:55:45 -0700] "GET /online-kontoverbindung-bieten-online-casino-real-money-no-bezahlung-machance-nachfolgende-besten-verbunden-banken-im-kollationieren/ HTTP/1.1" 200 73569 "-" "Mozilla/5.0 (compatible; DataForSeoBot/1.0; +https://dataforseo.com/dataforseo-bot)" 296 **0/296476**
198.244.226.13 - - [03/Mar/2026:09:55:46 -0700] "GET /immortal-relationship-video-ports-online-game-choose-to-wager-totally-free-instead-down-load-or-for-real-cash-at-best-microgaming-wild-chase-casino-slot-casinos/ HTTP/1.1" 200 72425 "-" "Mozilla/5.0 (compatible; AhrefsBot/7.0; +http://ahrefs.com/robot/)" 309 **0/309877**
136.243.220.212 - - [03/Mar/2026:09:55:48 -0700] "GET /gambling-roulettino-login-problem-esports-childhood-community/ HTTP/1.1" 200 74005 "-" "Mozilla/5.0 (compatible; DataForSeoBot/1.0; +https://dataforseo.com/dataforseo-bot)" 350 **0/350035**
136.243.220.212 - - [03/Mar/2026:09:55:52 -0700] "GET /wichtig-welches-spielsalon-betreibt-ci%ef%bf%bdur-prasentation-frei-erlaubnis-jenes-kasino-betreibt-ci%ef%bf%bdur/ HTTP/1.1" 200 72035 "-" "Mozilla/5.0 (compatible; DataForSeoBot/1.0; +https://dataforseo.com/dataforseo-bot)" 318 **0/318478**
57.141.16.23 - - [03/Mar/2026:09:55:53 -0700] "GET /quels-englobent-leurs-obstacles-de-miser-au-coeur-dun-neuf-casino-un-brin/feed/ HTTP/1.1" 200 973 "-" "meta-externalagent/1.1 (+https://developers.facebook.com/docs/sharing/webmasters/crawler)" 117 **0/117033**
68.178.232.37 - - [03/Mar/2026:09:55:56 -0700] "POST /wp-cron.php?doing_wp_cron=1772556956.5897309780120849609375 HTTP/1.1" 200 - "http://www.icdp.co.in/wp-cron.php?doing_wp_cron=1772556956.5897309780120849609375" "WordPress/5.7.8; http://www.icdp.co.in" 196 **0/196363**
136.243.220.212 - - [03/Mar/2026:09:55:56 -0700] "GET /2025-s-bystroj-registraciej-i-udobnym-interfejsom-77-2/ HTTP/1.1" 200 72661 "-" "Mozilla/5.0 (compatible; DataForSeoBot/1.0; +https://dataforseo.com/dataforseo-bot)" 525 **0/525314**
57.141.16.46 - - [03/Mar/2026:09:55:57 -0700] "GET /con-el-fin-de-animar-la-prueba-sobre-esparcimiento-referente-a-bizzo-casino-da-la-impresion-cual-deben-distintas-promociones/feed/ HTTP/1.1" 200 1118 "-" "meta-externalagent/1.1 (+https://developers.facebook.com/docs/sharing/webmasters/crawler)" 162 **0/162171**
136.243.220.212 - - [03/Mar/2026:09:56:00 -0700] "GET /gamble-vegas-electronic-poker-100percent-free-otherwise-real-wild-dice-online-casino-cash/ HTTP/1.1" 200 73709 "-" "Mozilla/5.0 (compatible; DataForSeoBot/1.0; +https://dataforseo.com/dataforseo-bot)" 289 **0/289614**
136.243.220.212 - - [03/Mar/2026:09:56:04 -0700] "GET /juegos-sin-cargo-en-internet-tratar-bien/ HTTP/1.1" 200 73534 "-" "Mozilla/5.0 (compatible; DataForSeoBot/1.0; +https://dataforseo.com/dataforseo-bot)" 307 **0/307490**
136.243.220.212 - - [03/Mar/2026:09:56:08 -0700] "GET /spielbank-gratis-online-zum-besten-geben-21-255-casinos4u-casino-schweiz-fur-nusse-games/ HTTP/1.1" 200 73434 "-" "Mozilla/5.0 (compatible; DataForSeoBot/1.0; +https://dataforseo.com/dataforseo-bot)" 322 **0/322631**
57.141.16.3 - - [03/Mar/2026:09:56:12 -0700] "GET /?p=145643 HTTP/1.1" 301 - "-" "meta-externalagent/1.1 (+https://developers.facebook.com/docs/sharing/webmasters/crawler)" 138 **0/138478**
136.243.220.212 - - [03/Mar/2026:09:56:13 -0700] "GET /alte-promoii-i-oferte-speciale-don-ro/ HTTP/1.1" 200 71193 "-" "Mozilla/5.0 (compatible; DataForSeoBot/1.0; +https://dataforseo.com/dataforseo-bot)" 289 **0/289474**
57.141.16.88 - - [03/Mar/2026:09:56:14 -0700] "GET /wp-json/oembed/1.0/embed?url=http%3A%2F%2Fwww.icdp.co.in%2Fcome-across-fortuneplay-local-casino-the-brand-new-biggest-place-to-go-for-on-line-playing%2F HTTP/1.1" 200 2618 "-" "meta-externalagent/1.1 (+https://developers.facebook.com/docs/sharing/webmasters/crawler)" 129 **0/129010**
136.243.220.212 - - [03/Mar/2026:09:56:16 -0700] "GET /fantastic-tiger-casino-remark-video-game-payments-newest-also-offers-2025/ HTTP/1.1" 200 72375 "-" "Mozilla/5.0 (compatible; DataForSeoBot/1.0; +https://dataforseo.com/dataforseo-bot)" 289 **0/289604**
57.141.16.3 - - [03/Mar/2026:09:56:20 -0700] "GET /referente-a-la-resena-conoceras-la-archifamosa-casa-de-apuestas-zapatillas-deportivas-20bet-de-cualquier-parte-del-mundo/feed/ HTTP/1.1" 200 1106 "-" "meta-externalagent/1.1 (+https://developers.facebook.com/docs/sharing/webmasters/crawler)" 151 **0/151364**
136.243.220.212 - - [03/Mar/2026:09:56:21 -0700] "GET /bimbes-within-yoyospins-app-apk-download-unser-resident-keine-kostenlosen-einzahlungspins-kreditkarte-geben/ HTTP/1.1" 200 72346 "-" "Mozilla/5.0 (compatible; DataForSeoBot/1.0; +https://dataforseo.com/dataforseo-bot)" 332 **0/332771**
57.141.16.55 - - [03/Mar/2026:09:56:24 -0700] "GET /wp-json/oembed/1.0/embed?url=http%3A%2F%2Fwww.icdp.co.in%2Fvery-local-casino-bonuses-prohibit-certain-game-regarding-causing-wagering-requirements%2F HTTP/1.1" 200 2600 "-" "meta-externalagent/1.1 (+https://developers.facebook.com/docs/sharing/webmasters/crawler)" 124 **0/124332**
136.243.220.212 - - [03/Mar/2026:09:56:24 -0700] "GET /top-gambling-enterprises-to-royalgame-casino-no-deposit-promo-codes-experience-blackjack-on-the-web-the-real-deal-cash-in-2025/ HTTP/1.1" 200 74142 "-" "Mozilla/5.0 (compatible; DataForSeoBot/1.0; +https://dataforseo.com/dataforseo-bot)" 310 **0/310435**
136.243.220.212 - - [03/Mar/2026:09:56:28 -0700] "GET /production-video-tentative-un-brin-premier-va-tout-production-video-un-tantinet-monnaie-effectif/ HTTP/1.1" 200 72536 "-" "Mozilla/5.0 (compatible; DataForSeoBot/1.0; +https://dataforseo.com/dataforseo-bot)" 319 **0/319694**
57.141.16.17 - - [03/Mar/2026:09:56:31 -0700] "GET /enorme-madrid-casino-debido-al-complemento-el-genial-madrid-casino-provee-3/feed/ HTTP/1.1" 200 971 "-" "meta-externalagent/1.1 (+https://developers.facebook.com/docs/sharing/webmasters/crawler)" 148 **0/148576**
136.243.220.212 - - [03/Mar/2026:09:56:33 -0700] "GET /greatest-free-spins-no-deposit-gambling-enterprises-to-possess-oct-2025/ HTTP/1.1" 200 71760 "-" "Mozilla/5.0 (compatible; DataForSeoBot/1.0; +https://dataforseo.com/dataforseo-bot)" 302 **0/302383**
57.141.16.52 - - [03/Mar/2026:09:56:36 -0700] "GET /every-casino-games-are-not-equivalent-in-terms-of-incentives/feed/ HTTP/1.1" 200 925 "-" "meta-externalagent/1.1 (+https://developers.facebook.com/docs/sharing/webmasters/crawler)" 145 **0/145795**
136.243.220.212 - - [03/Mar/2026:09:56:36 -0700] "GET /publication-of-pharaon-hd-is-a-classic-you-ought-to-check-out-close-paddy-power-60-free-spins-no-deposit-casino-friends-matrimony-vehicles/ HTTP/1.1" 200 74671 "-" "Mozilla/5.0 (compatible; DataForSeoBot/1.0; +https://dataforseo.com/dataforseo-bot)" 304 **0/304523**
136.243.220.212 - - [03/Mar/2026:09:56:40 -0700] "GET /android-applications-by-ladbrokes-mobile-development-online-gamble/ HTTP/1.1" 200 73198 "-" "Mozilla/5.0 (compatible; DataForSeoBot/1.0; +https://dataforseo.com/dataforseo-bot)" 323 **0/323091**
136.243.220.212 - - [03/Mar/2026:09:56:44 -0700] "GET /the-leading-casinos-you-to-take-on-ecopayz-inside-the-the-brand-new-zealand/ HTTP/1.1" 200 71096 "-" "Mozilla/5.0 (compatible; DataForSeoBot/1.0; +https://dataforseo.com/dataforseo-bot)" 265 **0/265087**
57.141.16.42 - - [03/Mar/2026:09:56:45 -0700] "GET /wp-json/oembed/1.0/embed?url=http%3A%2F%2Fwww.icdp.co.in%2Fmejoramiento-su-pensamiento-depositando-la-cantidad-obligatoria-con-el-fin-de-regresar-el-nivel-mayormente-gran%2F HTTP/1.1" 200 2720 "-" "meta-externalagent/1.1 (+https://developers.facebook.com/docs/sharing/webmasters/crawler)" 129 **0/129538**
136.243.220.212 - - [03/Mar/2026:09:56:48 -0700] "GET /idraet-tilslutte-pokerspil-fortil-rigtige-megawin-partner-login-tilmeld-dig-penge-som-dannevan/ HTTP/1.1" 200 72680 "-" "Mozilla/5.0 (compatible; DataForSeoBot/1.0; +https://dataforseo.com/dataforseo-bot)" 296 **0/296849**
136.243.220.212 - - [03/Mar/2026:09:56:52 -0700] "GET /top-ten-on-the-internet-casino-royaal-100-free-spins-blackjack-game-to-try-out-within-the-2025/ HTTP/1.1" 200 74069 "-" "Mozilla/5.0 (compatible; DataForSeoBot/1.0; +https://dataforseo.com/dataforseo-bot)" 313 **0/313579**
68.178.232.37 - - [03/Mar/2026:09:56:56 -0700] "POST /wp-cron.php?doing_wp_cron=1772557016.9046189785003662109375 HTTP/1.1" 200 - "http://www.icdp.co.in/wp-cron.php?doing_wp_cron=1772557016.9046189785003662109375" "WordPress/5.7.8; http://www.icdp.co.in" 190 **0/190151**
57.141.16.85 - - [03/Mar/2026:09:56:56 -0700] "GET /wp-json/wp/v2/posts/148896 HTTP/1.1" 200 7276 "-" "meta-externalagent/1.1 (+https://developers.facebook.com/docs/sharing/webmasters/crawler)" 366 **0/366830**
85.208.96.201 - - [03/Mar/2026:09:56:56 -0700] "GET /starburst-casino-all-slots-bewertung-slot-gewinnsymbole-funktionen-and-besonderheiten/ HTTP/1.1" 200 79716 "-" "Mozilla/5.0 (compatible; SemrushBot/7~bl; +http://www.semrush.com/bot.html)" 323 **0/323936**
136.243.220.212 - - [03/Mar/2026:09:56:57 -0700] "GET /finest-ecopayz-casinos-the-fresh-ecopayz-to-play-sites-for-2025-comunica-it/ HTTP/1.1" 200 72380 "-" "Mozilla/5.0 (compatible; DataForSeoBot/1.0; +https://dataforseo.com/dataforseo-bot)" 357 **0/357705**
185.191.171.9 - - [03/Mar/2026:09:56:59 -0700] "GET /registrujte-se-nyni-na-weiss-a-ziskejte-vyhody/ HTTP/1.1" 200 79877 "-" "Mozilla/5.0 (compatible; SemrushBot/7~bl; +http://www.semrush.com/bot.html)" 263 **0/263431**
136.243.220.212 - - [03/Mar/2026:09:57:01 -0700] "GET /ask-yourself-reels-position-opinion-a-hundred-totally-free-revolves-no-deposit-incentive/ HTTP/1.1" 200 72807 "-" "Mozilla/5.0 (compatible; DataForSeoBot/1.0; +https://dataforseo.com/dataforseo-bot)" 333 **0/333689**
136.243.220.212 - - [03/Mar/2026:09:57:04 -0700] "GET /pin-up-casino-azrbaycanda-onlayn-kazino-qeydiyyat-86/ HTTP/1.1" 200 72142 "-" "Mozilla/5.0 (compatible; DataForSeoBot/1.0; +https://dataforseo.com/dataforseo-bot)" 270 **0/270033**
136.243.220.212 - - [03/Mar/2026:09:57:08 -0700] "GET /cent-slots-online-an-overview-to-playing-and-winning/ HTTP/1.1" 200 71735 "-" "Mozilla/5.0 (compatible; DataForSeoBot/1.0; +https://dataforseo.com/dataforseo-bot)" 284 **0/284429**
136.243.220.212 - - [03/Mar/2026:09:57:13 -0700] "GET /multi-video-casino-pantasia-mobile-poker-apps-on-the-internet-play/ HTTP/1.1" 200 74424 "-" "Mozilla/5.0 (compatible; DataForSeoBot/1.0; +https://dataforseo.com/dataforseo-bot)" 265 **0/265091**
57.141.16.27 - - [03/Mar/2026:09:57:16 -0700] "GET /no-deposit-bonuses-and-100-free-spins-offered-by-decode-gambling-establishment/feed/ HTTP/1.1" 200 981 "-" "meta-externalagent/1.1 (+https://developers.facebook.com/docs/sharing/webmasters/crawler)" 125 **0/125197**
198.244.226.146 - - [03/Mar/2026:09:57:15 -0700] "GET /hochzeit-brothers-automatenspiel-online-casino-echtes-geld-baccarat-and-bonus-quelltext-durch-netent/ HTTP/1.1" 200 73690 "-" "Mozilla/5.0 (compatible; AhrefsBot/7.0; +http://ahrefs.com/robot/)" 277 **0/277546**
136.243.220.212 - - [03/Mar/2026:09:57:16 -0700] "GET /samsung-unique-induction-range-opinion-wise-which-have-value-for-50-free-spins-on-lord-of-the-ocean-rtp-money/ HTTP/1.1" 200 74298 "-" "Mozilla/5.0 (compatible; DataForSeoBot/1.0; +https://dataforseo.com/dataforseo-bot)" 348 **0/348973**
136.243.220.212 - - [03/Mar/2026:09:57:20 -0700] "GET /tilbyder-den-verde-casino-app-download-til-iphone-danske-ordbog/ HTTP/1.1" 200 73667 "-" "Mozilla/5.0 (compatible; DataForSeoBot/1.0; +https://dataforseo.com/dataforseo-bot)" 316 **0/316295**
17.241.227.225 - - [03/Mar/2026:09:57:22 -0700] "GET /how-to-play-keno-at-online-casinos-2/ HTTP/1.1" 200 79385 "-" "Mozilla/5.0 (Macintosh; Intel Mac OS X 10_15_7) AppleWebKit/605.1.15 (KHTML, like Gecko) Version/17.4 Safari/605.1.15 (Applebot/0.1; +http://www.apple.com/go/applebot)" 270 **0/270144**
136.243.220.212 - - [03/Mar/2026:09:57:24 -0700] "GET /self-help-guide-to-opting-for-an-informed-lay-step-1-dragon-empire-vision-out-of-flame-nz5-get-80-more-2024-prazmarketing/ HTTP/1.1" 200 72858 "-" "Mozilla/5.0 (compatible; DataForSeoBot/1.0; +https://dataforseo.com/dataforseo-bot)" 368 **0/368171**
136.243.220.212 - - [03/Mar/2026:09:57:28 -0700] "GET /patio-the-brand-new-places-position-microgaming-opinion-enjoy-free-demo/ HTTP/1.1" 200 71296 "-" "Mozilla/5.0 (compatible; DataForSeoBot/1.0; +https://dataforseo.com/dataforseo-bot)" 320 **0/320860**
85.208.96.201 - - [03/Mar/2026:09:57:29 -0700] "GET /remain-to-come-which-have-most-recent-and-you-will-then-campaigns-within-betmgm/ HTTP/1.1" 200 78599 "-" "Mozilla/5.0 (compatible; SemrushBot/7~bl; +http://www.semrush.com/bot.html)" 297 **0/297778**
185.242.3.19 - - [03/Mar/2026:09:57:29 -0700] "GET //wp-content/plugins/fix/up.php HTTP/1.1" 301 - "-" "Mozilla/5.0 (Windows NT 10.0; Win64; x64) AppleWebKit/537.36 (KHTML, like Gecko) Chrome/85.0.4183.102 Safari/537.36" 121 **0/121032**
185.242.3.19 - - [03/Mar/2026:09:57:30 -0700] "GET /wp-content/plugins/fix/up.php HTTP/1.1" 404 - "-" "Mozilla/5.0 (Windows NT 10.0; Win64; x64) AppleWebKit/537.36 (KHTML, like Gecko) Chrome/85.0.4183.102 Safari/537.36" 176 **0/176057**
185.191.171.15 - - [03/Mar/2026:09:57:31 -0700] "GET /blog/page/4739/ HTTP/1.1" 200 80264 "-" "Mozilla/5.0 (compatible; SemrushBot/7~bl; +http://www.semrush.com/bot.html)" 472 **0/472492**
136.243.220.212 - - [03/Mar/2026:09:57:32 -0700] "GET /real-1xslot-free-spins-first-deposit-cash-video-poker-finest-usa-online-casinos-to-have-2025/ HTTP/1.1" 200 74154 "-" "Mozilla/5.0 (compatible; DataForSeoBot/1.0; +https://dataforseo.com/dataforseo-bot)" 306 **0/306641**
85.208.96.193 - - [03/Mar/2026:09:57:34 -0700] "GET /mega-sic-bo-pragmatic-play-me-gusta-1-me-fascina-3-apostar-gratuito-cargando-ojeada-previa/ HTTP/1.1" 200 77958 "-" "Mozilla/5.0 (compatible; SemrushBot/7~bl; +http://www.semrush.com/bot.html)" 279 **0/279550**
136.243.220.212 - - [03/Mar/2026:09:57:36 -0700] "GET /online-poker-incentives-poker-reel-king-rtp-casino-slot-promotions-offers/ HTTP/1.1" 200 74106 "-" "Mozilla/5.0 (compatible; DataForSeoBot/1.0; +https://dataforseo.com/dataforseo-bot)" 352 **0/352365**
136.243.220.212 - - [03/Mar/2026:09:57:40 -0700] "GET /a16z-generative-ai-5/ HTTP/1.1" 200 145972 "-" "Mozilla/5.0 (compatible; DataForSeoBot/1.0; +https://dataforseo.com/dataforseo-bot)" 295 **0/295342**
136.243.220.212 - - [03/Mar/2026:09:57:44 -0700] "GET /weitere-angaben-nach-webseiten-yahoo-and-google-expekt-online-casino-cash-advance-ermittlung-support/ HTTP/1.1" 200 73002 "-" "Mozilla/5.0 (compatible; DataForSeoBot/1.0; +https://dataforseo.com/dataforseo-bot)" 312 **0/312379**
85.208.96.201 - - [03/Mar/2026:09:57:46 -0700] "GET /blog/page/5617/ HTTP/1.1" 200 79571 "-" "Mozilla/5.0 (compatible; SemrushBot/7~bl; +http://www.semrush.com/bot.html)" 445 **0/445756**
185.191.171.15 - - [03/Mar/2026:09:57:48 -0700] "GET /ebony-area-try-a-classic-poker-movie-starring-charlton-heston-inside-the-his-element-introduction/ HTTP/1.1" 200 78329 "-" "Mozilla/5.0 (compatible; SemrushBot/7~bl; +http://www.semrush.com/bot.html)" 277 **0/277658**
136.243.220.212 - - [03/Mar/2026:09:57:48 -0700] "GET /icy-wilds-slots-for-real-money-bonuses-and-totally-free-revolves/ HTTP/1.1" 200 72838 "-" "Mozilla/5.0 (compatible; DataForSeoBot/1.0; +https://dataforseo.com/dataforseo-bot)" 277 **0/277089**
216.244.66.241 - - [03/Mar/2026:09:57:49 -0700] "GET /robots.txt HTTP/1.1" 200 114 "-" "Mozilla/5.0 (compatible; DotBot/1.2; +https://opensiteexplorer.org/dotbot; help@moz.com)" 113 **0/113386**
57.141.16.43 - - [03/Mar/2026:09:57:49 -0700] "GET /better-online-slots-real-cash-no-deposit-bonuses-for-2026/feed/ HTTP/1.1" 200 916 "-" "meta-externalagent/1.1 (+https://developers.facebook.com/docs/sharing/webmasters/crawler)" 147 **0/147750**
85.208.96.205 - - [03/Mar/2026:09:57:50 -0700] "GET /betting-requirements-preciselywhat-are-they-how-can-they-work/ HTTP/1.1" 200 77991 "-" "Mozilla/5.0 (compatible; SemrushBot/7~bl; +http://www.semrush.com/bot.html)" 257 **0/257960**
136.243.220.212 - - [03/Mar/2026:09:57:52 -0700] "GET /charge-card-gambling-enterprises-2025-finest-gambling-establishment-websites-one-to-undertake-cards/ HTTP/1.1" 200 71095 "-" "Mozilla/5.0 (compatible; DataForSeoBot/1.0; +https://dataforseo.com/dataforseo-bot)" 285 **0/285617**
185.191.171.17 - - [03/Mar/2026:09:57:53 -0700] "GET /today-thanks-to-cutting-boundary-online-and-cellular-technology-anyone-can-delight-in-high-top-quality-gaming-pursuits-when/ HTTP/1.1" 200 78328 "-" "Mozilla/5.0 (compatible; SemrushBot/7~bl; +http://www.semrush.com/bot.html)" 335 **0/335259**
85.208.96.203 - - [03/Mar/2026:09:57:55 -0700] "GET /many-people-are-seeking-a-casino-wellington-otherwise-betting-couch-wellington/ HTTP/1.1" 200 78886 "-" "Mozilla/5.0 (compatible; SemrushBot/7~bl; +http://www.semrush.com/bot.html)" 299 **0/299193**
68.178.232.37 - - [03/Mar/2026:09:57:56 -0700] "POST /wp-cron.php?doing_wp_cron=1772557076.9065771102905273437500 HTTP/1.1" 200 - "http://www.icdp.co.in/wp-cron.php?doing_wp_cron=1772557076.9065771102905273437500" "WordPress/5.7.8; http://www.icdp.co.in" 157 **0/157009**
136.243.220.212 - - [03/Mar/2026:09:57:56 -0700] "GET /20-flick-classics-panther-moon-rtp-slot-play-you-to-definitely-nevertheless-hold-up-and-just-why/ HTTP/1.1" 200 75273 "-" "Mozilla/5.0 (compatible; DataForSeoBot/1.0; +https://dataforseo.com/dataforseo-bot)" 459 **0/459021**
136.243.220.212 - - [03/Mar/2026:09:58:00 -0700] "GET /finest-societal-local-casino-usually-free-to-gamble/ HTTP/1.1" 200 73569 "-" "Mozilla/5.0 (compatible; DataForSeoBot/1.0; +https://dataforseo.com/dataforseo-bot)" 315 **0/315669**
85.208.96.197 - - [03/Mar/2026:09:58:02 -0700] "GET /live-chat-free-le-migliori-chat-gratuite-per-il-36/ HTTP/1.1" 200 83121 "-" "Mozilla/5.0 (compatible; SemrushBot/7~bl; +http://www.semrush.com/bot.html)" 475 **0/475547**
136.243.220.212 - - [03/Mar/2026:09:58:04 -0700] "GET /zum-besten-geben-eltern-diesen-casino-betvictor-100-kostenlose-spins-5-schmokern-spielautomat/ HTTP/1.1" 200 73634 "-" "Mozilla/5.0 (compatible; DataForSeoBot/1.0; +https://dataforseo.com/dataforseo-bot)" 336 **0/336114**
185.191.171.5 - - [03/Mar/2026:09:58:04 -0700] "GET /vulkan-spiele-classic-casino-slots-experience/ HTTP/1.1" 200 78188 "-" "Mozilla/5.0 (compatible; SemrushBot/7~bl; +http://www.semrush.com/bot.html)" 323 **0/323471**
136.243.220.212 - - [03/Mar/2026:09:58:09 -0700] "GET /unser-vielleicht-sinnvolle-vermittlungsgebuhr-bieten-aufwarts-angewandten-flugzeugungluck-casinos-fuhrt-dieser-tage-angeblich/ HTTP/1.1" 200 71953 "-" "Mozilla/5.0 (compatible; DataForSeoBot/1.0; +https://dataforseo.com/dataforseo-bot)" 313 **0/313860**
17.22.237.146 - - [03/Mar/2026:09:58:09 -0700] "GET /the-newest-5000-casino-incentive-gets-bequeath-round-the-very-first-four-places/ HTTP/1.1" 200 78120 "-" "Mozilla/5.0 (Macintosh; Intel Mac OS X 10_15_7) AppleWebKit/605.1.15 (KHTML, like Gecko) Version/17.4 Safari/605.1.15 (Applebot/0.1; +http://www.apple.com/go/applebot)" 255 **0/255541**
185.191.171.4 - - [03/Mar/2026:09:58:10 -0700] "GET /plus-grands-liberalite-en-compagnie-de-appreciee-de-pages-web-de-gaming-un-brin-2025/ HTTP/1.1" 200 78390 "-" "Mozilla/5.0 (compatible; SemrushBot/7~bl; +http://www.semrush.com/bot.html)" 285 **0/285632**
57.141.16.6 - - [03/Mar/2026:09:58:10 -0700] "GET /wp-json/oembed/1.0/embed?url=http%3A%2F%2Fwww.icdp.co.in%2Fhow-to-choose-an-educated-local-casino-extra-info-you-have-to-know%2F HTTP/1.1" 200 2498 "-" "meta-externalagent/1.1 (+https://developers.facebook.com/docs/sharing/webmasters/crawler)" 126 **0/126308**
136.243.220.212 - - [03/Mar/2026:09:58:12 -0700] "GET /monte-carlo-biggest-no-deposit-flashdash-blackjack-ultimate-approach-guide/ HTTP/1.1" 200 74400 "-" "Mozilla/5.0 (compatible; DataForSeoBot/1.0; +https://dataforseo.com/dataforseo-bot)" 346 **0/346851**
17.22.253.29 - - [03/Mar/2026:09:58:13 -0700] "GET /mostbet-bonus-213/ HTTP/1.1" 200 81742 "-" "Mozilla/5.0 (Macintosh; Intel Mac OS X 10_15_7) AppleWebKit/605.1.15 (KHTML, like Gecko) Version/17.4 Safari/605.1.15 (Applebot/0.1; +http://www.apple.com/go/applebot)" 294 **0/294547**
136.243.220.212 - - [03/Mar/2026:09:58:17 -0700] "GET /machines-vers-dessous-un-peu-principaux-casinos-avec-je-me-amuser/ HTTP/1.1" 200 72752 "-" "Mozilla/5.0 (compatible; DataForSeoBot/1.0; +https://dataforseo.com/dataforseo-bot)" 280 **0/280077**
136.243.220.212 - - [03/Mar/2026:09:58:21 -0700] "GET /gamble-orion-celebs-flame-kirin-juwa-online-casino-games/ HTTP/1.1" 200 71944 "-" "Mozilla/5.0 (compatible; DataForSeoBot/1.0; +https://dataforseo.com/dataforseo-bot)" 284 **0/284017**
136.243.220.212 - - [03/Mar/2026:09:58:24 -0700] "GET /taboo-throne-rating-100-acceptance-incentive/ HTTP/1.1" 200 73473 "-" "Mozilla/5.0 (compatible; DataForSeoBot/1.0; +https://dataforseo.com/dataforseo-bot)" 300 **0/300029**
136.243.220.212 - - [03/Mar/2026:09:58:28 -0700] "GET /street-kings-pro/ HTTP/1.1" 200 71852 "-" "Mozilla/5.0 (compatible; DataForSeoBot/1.0; +https://dataforseo.com/dataforseo-bot)" 309 **0/309394**
57.141.16.55 - - [03/Mar/2026:09:58:29 -0700] "GET /instrucciones-para-jugadores-espanoles-de-que-forma-empezar-sesion-referente-a-royale500/feed/ HTTP/1.1" 200 1009 "-" "meta-externalagent/1.1 (+https://developers.facebook.com/docs/sharing/webmasters/crawler)" 149 **0/149632**
136.243.220.212 - - [03/Mar/2026:09:58:33 -0700] "GET /greatest-online-slots-incentives/ HTTP/1.1" 200 72758 "-" "Mozilla/5.0 (compatible; DataForSeoBot/1.0; +https://dataforseo.com/dataforseo-bot)" 315 **0/315018**
136.243.220.212 - - [03/Mar/2026:09:58:36 -0700] "GET /erreichbar-kasino-provision-ohne-vegas-party-spiel-zum-spas-einzahlung-sofortig-2025/ HTTP/1.1" 200 72745 "-" "Mozilla/5.0 (compatible; DataForSeoBot/1.0; +https://dataforseo.com/dataforseo-bot)" 322 **0/322084**
136.243.220.212 - - [03/Mar/2026:09:58:40 -0700] "GET /idraetsgren-fr-fire-joker-casino-eller-foran-rigtige-middel/ HTTP/1.1" 200 72752 "-" "Mozilla/5.0 (compatible; DataForSeoBot/1.0; +https://dataforseo.com/dataforseo-bot)" 336 **0/336155**
136.243.220.212 - - [03/Mar/2026:09:58:44 -0700] "GET /blood-suckers-megaways-slot-demonstration-opinion/ HTTP/1.1" 200 72019 "-" "Mozilla/5.0 (compatible; DataForSeoBot/1.0; +https://dataforseo.com/dataforseo-bot)" 278 **0/278402**
54.38.147.84 - - [03/Mar/2026:09:58:45 -0700] "GET /furthermore-nuts-slots-casino-100-100-free-spins-extra-2025-in-addition-to-gambling-on-line-and-live-dealer-gambling-enterprises/ HTTP/1.1" 200 71207 "-" "Mozilla/5.0 (compatible; AhrefsBot/7.0; +http://ahrefs.com/robot/)" 276 **0/276783**
136.243.220.212 - - [03/Mar/2026:09:58:48 -0700] "GET /pollen-group-play-greatest-on-line-casino-slots-india/ HTTP/1.1" 200 73437 "-" "Mozilla/5.0 (compatible; DataForSeoBot/1.0; +https://dataforseo.com/dataforseo-bot)" 312 **0/312584**
17.246.23.93 - - [03/Mar/2026:09:58:52 -0700] "GET /hazard-high-skulls-of-legend-casino-voltage-position-online-game-btg-harbors/ HTTP/1.1" 404 - "-" "Mozilla/5.0 (Macintosh; Intel Mac OS X 10_15_7) AppleWebKit/605.1.15 (KHTML, like Gecko) Version/17.4 Safari/605.1.15 (Applebot/0.1; +http://www.apple.com/go/applebot)" 144 **0/144143**
57.141.16.79 - - [03/Mar/2026:09:58:52 -0700] "GET /?p=150573 HTTP/1.1" 301 - "-" "meta-externalagent/1.1 (+https://developers.facebook.com/docs/sharing/webmasters/crawler)" 129 **0/129865**
136.243.220.212 - - [03/Mar/2026:09:58:52 -0700] "GET /fraise-etasunienne-courez-gratuite-en-fraise-un-brin/ HTTP/1.1" 200 72589 "-" "Mozilla/5.0 (compatible; DataForSeoBot/1.0; +https://dataforseo.com/dataforseo-bot)" 306 **0/306433**
68.178.232.37 - - [03/Mar/2026:09:58:57 -0700] "POST /wp-cron.php?doing_wp_cron=1772557137.0053160190582275390625 HTTP/1.1" 200 - "http://www.icdp.co.in/wp-cron.php?doing_wp_cron=1772557137.0053160190582275390625" "WordPress/5.7.8; http://www.icdp.co.in" 178 **0/178219**
136.243.220.212 - - [03/Mar/2026:09:58:56 -0700] "GET /cashout-gesamtbewertung-nicht-schlecht-katastrophal-akzeptiert-zocker-nicht-mehr-da-bundesrepublik-ostmark-unter-anderem-ein-helvetia-aktuelles-vermittlungsgebuhr/ HTTP/1.1" 200 71911 "-" "Mozilla/5.0 (compatible; DataForSeoBot/1.0; +https://dataforseo.com/dataforseo-bot)" 585 **0/585145**
136.243.220.212 - - [03/Mar/2026:09:59:00 -0700] "GET /spud-oreillys-crops-out-of-gold-gambling-establishment-the-website-name-slot-video-game-to-play-free-in-the-playtechs-web-based-casinos-lime-homes-power/ HTTP/1.1" 200 72574 "-" "Mozilla/5.0 (compatible; DataForSeoBot/1.0; +https://dataforseo.com/dataforseo-bot)" 336 **0/336721**
212.192.55.209 - - [03/Mar/2026:09:59:01 -0700] "GET /registracija-na-get-iks-kazino-polnoe-rukovodstvo-2/ HTTP/1.1" 200 72285 "-" "Mozilla/5.0 (Windows NT 10.0; WOW64) AppleWebKit/537.36 (KHTML, like Gecko) Chrome/114.0.0.0 Safari/537.36 Vivaldi/5.3.2679.68" 470 **0/470938**
136.243.220.212 - - [03/Mar/2026:09:59:04 -0700] "GET /free-online-slot-machines-2/ HTTP/1.1" 200 71834 "-" "Mozilla/5.0 (compatible; DataForSeoBot/1.0; +https://dataforseo.com/dataforseo-bot)" 274 **0/274460**
17.246.19.138 - - [03/Mar/2026:09:59:06 -0700] "GET /queen-of-your-own-nile-on-line-pokies-2026-party-time-real-money-totally-free-demo-right-here/ HTTP/1.1" 200 80465 "-" "Mozilla/5.0 (Macintosh; Intel Mac OS X 10_15_7) AppleWebKit/605.1.15 (KHTML, like Gecko) Version/17.4 Safari/605.1.15 (Applebot/0.1; +http://www.apple.com/go/applebot)" 303 **0/303736**
57.141.16.24 - - [03/Mar/2026:09:59:07 -0700] "GET /wp-json/wp/v2/posts/145359 HTTP/1.1" 200 7406 "-" "meta-externalagent/1.1 (+https://developers.facebook.com/docs/sharing/webmasters/crawler)" 134 **0/134258**
136.243.220.212 - - [03/Mar/2026:09:59:08 -0700] "GET /giros-gratuito-en-casinos-espanoles-los-mejores-ofertas-para-2025/ HTTP/1.1" 200 73036 "-" "Mozilla/5.0 (compatible; DataForSeoBot/1.0; +https://dataforseo.com/dataforseo-bot)" 311 **0/311123**
136.243.220.212 - - [03/Mar/2026:09:59:12 -0700] "GET /cellular-al-festival-sail-departures-area-online-slots-real-money-attraction-discounts/ HTTP/1.1" 200 74634 "-" "Mozilla/5.0 (compatible; DataForSeoBot/1.0; +https://dataforseo.com/dataforseo-bot)" 274 **0/274340**
136.243.220.212 - - [03/Mar/2026:09:59:16 -0700] "GET /azrbaycanda-onlayn-kazino-pin-up-rsmi-giri-1252/ HTTP/1.1" 200 72172 "-" "Mozilla/5.0 (compatible; DataForSeoBot/1.0; +https://dataforseo.com/dataforseo-bot)" 303 **0/303915**
136.243.220.212 - - [03/Mar/2026:09:59:21 -0700] "GET /i-spent-five-years-interviewing-225-millionaires-here-are-the-4-type-of-rich-someone-in-addition-to-their-best-designs/ HTTP/1.1" 200 72198 "-" "Mozilla/5.0 (compatible; DataForSeoBot/1.0; +https://dataforseo.com/dataforseo-bot)" 326 **0/326318**
136.243.220.212 - - [03/Mar/2026:09:59:24 -0700] "GET /bonos-con-manga-larga-tiradas-gratuito-carente-deposito-acerca-de-casinos-en-internet/ HTTP/1.1" 200 73031 "-" "Mozilla/5.0 (compatible; DataForSeoBot/1.0; +https://dataforseo.com/dataforseo-bot)" 291 **0/291774**
136.243.220.212 - - [03/Mar/2026:09:59:28 -0700] "GET /chinga-choong-practical-link-trial-play-100-percent-free-slot-on-the-web/ HTTP/1.1" 200 72873 "-" "Mozilla/5.0 (compatible; DataForSeoBot/1.0; +https://dataforseo.com/dataforseo-bot)" 327 **0/327081**
136.243.220.212 - - [03/Mar/2026:09:59:32 -0700] "GET /der-unwiederholbare-slot-spiel-sparta-erreichbar-slot-in-einem-kasino-blood-suckers/ HTTP/1.1" 200 73832 "-" "Mozilla/5.0 (compatible; DataForSeoBot/1.0; +https://dataforseo.com/dataforseo-bot)" 353 **0/353665**
136.243.220.212 - - [03/Mar/2026:09:59:36 -0700] "GET /best-a-hundred-web-based-casinos-uk-complete-checklist-oct-2025/ HTTP/1.1" 200 73560 "-" "Mozilla/5.0 (compatible; DataForSeoBot/1.0; +https://dataforseo.com/dataforseo-bot)" 302 **0/302954**
136.243.220.212 - - [03/Mar/2026:09:59:40 -0700] "GET /greatest-no-deposit-100-percent-free-spins-gambling-enterprises-inside-the-canada/ HTTP/1.1" 200 72054 "-" "Mozilla/5.0 (compatible; DataForSeoBot/1.0; +https://dataforseo.com/dataforseo-bot)" 267 **0/267782**
136.243.220.212 - - [03/Mar/2026:09:59:44 -0700] "GET /tour-hugo-casino-app-download-i-danmark-de-france-odds-2024-fa-de-bedste-tips-plu-odds-til-touren/ HTTP/1.1" 200 73095 "-" "Mozilla/5.0 (compatible; DataForSeoBot/1.0; +https://dataforseo.com/dataforseo-bot)" 279 **0/279121**
136.243.220.212 - - [03/Mar/2026:09:59:48 -0700] "GET /ten-greatest-online-gamble-magic-idol-ports-casinos-for-real-money-april-2025/ HTTP/1.1" 200 72173 "-" "Mozilla/5.0 (compatible; DataForSeoBot/1.0; +https://dataforseo.com/dataforseo-bot)" 286 **0/286308**
57.141.16.3 - - [03/Mar/2026:09:59:51 -0700] "GET /?p=148424 HTTP/1.1" 301 - "-" "meta-externalagent/1.1 (+https://developers.facebook.com/docs/sharing/webmasters/crawler)" 140 **0/140518**
136.243.220.212 - - [03/Mar/2026:09:59:53 -0700] "GET /aztec-video-game-wikipedia/ HTTP/1.1" 200 73776 "-" "Mozilla/5.0 (compatible; DataForSeoBot/1.0; +https://dataforseo.com/dataforseo-bot)" 318 **0/318945**
17.241.227.74 - - [03/Mar/2026:09:59:55 -0700] "GET /bonus-telecharger-lapplication-megawin-sans-avoir-i-conserve-%EF%B8%8F-%E3%80%90fevrier-2025-%E3%80%91/ HTTP/1.1" 200 80761 "-" "Mozilla/5.0 (Macintosh; Intel Mac OS X 10_15_7) AppleWebKit/605.1.15 (KHTML, like Gecko) Version/17.4 Safari/605.1.15 (Applebot/0.1; +http://www.apple.com/go/applebot)" 277 **0/277558**
68.178.232.37 - - [03/Mar/2026:09:59:56 -0700] "POST /wp-cron.php?doing_wp_cron=1772557196.6771860122680664062500 HTTP/1.1" 200 - "http://www.icdp.co.in/wp-cron.php?doing_wp_cron=1772557196.6771860122680664062500" "WordPress/5.7.8; http://www.icdp.co.in" 152 **0/152003**
136.243.220.212 - - [03/Mar/2026:09:59:56 -0700] "GET /no-deposit-gambling-establishment-incentives-173-for-oct-2025/ HTTP/1.1" 200 71774 "-" "Mozilla/5.0 (compatible; DataForSeoBot/1.0; +https://dataforseo.com/dataforseo-bot)" 506 **0/506735**
57.141.16.18 - - [03/Mar/2026:09:59:57 -0700] "GET /wp-json/oembed/1.0/embed?url=http%3A%2F%2Fwww.icdp.co.in%2F50-freispiele-abzuglich-einzahlung-neue-angebote-genesis-app-iphone-2026%2F HTTP/1.1" 200 2540 "-" "meta-externalagent/1.1 (+https://developers.facebook.com/docs/sharing/webmasters/crawler)" 125 **0/125363**
136.243.220.212 - - [03/Mar/2026:10:00:00 -0700] "GET /vikings-wade-berzerk-reloaded-passive-step-royalgame-online-promo-code-1-deposit-status-opinion-totally-free-trial-2025-dgpr-ajk/ HTTP/1.1" 200 74577 "-" "Mozilla/5.0 (compatible; DataForSeoBot/1.0; +https://dataforseo.com/dataforseo-bot)" 358 **0/358663**
136.243.220.212 - - [03/Mar/2026:10:00:04 -0700] "GET /2024-echtes-bares-pro-hexe-und-filius-casinospiele-mit-mate-porn-xxx/ HTTP/1.1" 200 73711 "-" "Mozilla/5.0 (compatible; DataForSeoBot/1.0; +https://dataforseo.com/dataforseo-bot)" 631 **0/631267**
136.243.220.212 - - [03/Mar/2026:10:00:08 -0700] "GET /dolphin-bay-position-gamble-totally-free-demonstration-on-line/ HTTP/1.1" 200 71930 "-" "Mozilla/5.0 (compatible; DataForSeoBot/1.0; +https://dataforseo.com/dataforseo-bot)" 423 **0/423360**
57.141.16.66 - - [03/Mar/2026:10:00:11 -0700] "GET /?p=147641 HTTP/1.1" 301 - "-" "meta-externalagent/1.1 (+https://developers.facebook.com/docs/sharing/webmasters/crawler)" 162 **0/162347**
136.243.220.212 - - [03/Mar/2026:10:00:12 -0700] "GET /sphinx-slot-review-2025-free-play-trial/ HTTP/1.1" 200 71887 "-" "Mozilla/5.0 (compatible; DataForSeoBot/1.0; +https://dataforseo.com/dataforseo-bot)" 357 **0/357416**
136.243.220.212 - - [03/Mar/2026:10:00:16 -0700] "GET /butterfly-sensuous-10-slot-from-the-paddy-power-60-free-spins-no-deposit-bonus-2023-zeus-gamble-rtp-97-play-for-100-percent-free/ HTTP/1.1" 200 74381 "-" "Mozilla/5.0 (compatible; DataForSeoBot/1.0; +https://dataforseo.com/dataforseo-bot)" 294 **0/294644**
136.243.220.212 - - [03/Mar/2026:10:00:20 -0700] "GET /le-meilleur-inscription-et-connexion-partenaire-spinfest-dark-knight-rises-subtitles-english/ HTTP/1.1" 200 71534 "-" "Mozilla/5.0 (compatible; DataForSeoBot/1.0; +https://dataforseo.com/dataforseo-bot)" 1478 **1/1478122**
68.178.232.37 - - [03/Mar/2026:10:00:20 -0700] "POST /wp-cron.php?doing_wp_cron=1772557220.5804729461669921875000 HTTP/1.1" 200 - "http://www.icdp.co.in/wp-cron.php?doing_wp_cron=1772557220.5804729461669921875000" "WordPress/5.7.8; http://www.icdp.co.in" 3637 **3/3637833**
136.243.220.212 - - [03/Mar/2026:10:00:24 -0700] "GET /online-casinos-via-5-eur-einzahlung-2025-narcos-spielautomat-mindesteinzahlung/ HTTP/1.1" 200 73372 "-" "Mozilla/5.0 (compatible; DataForSeoBot/1.0; +https://dataforseo.com/dataforseo-bot)" 316 **0/316695**
85.208.96.195 - - [03/Mar/2026:10:00:27 -0700] "GET /soar-to-new-heights-with-the-aviator-game-master-3/ HTTP/1.1" 200 82359 "-" "Mozilla/5.0 (compatible; SemrushBot/7~bl; +http://www.semrush.com/bot.html)" 299 **0/299122**
136.243.220.212 - - [03/Mar/2026:10:00:28 -0700] "GET /ten-finest-real-money-on-line-casino-sites-us-promo-codes-for-flashdash-slots-inside-2025/ HTTP/1.1" 200 74044 "-" "Mozilla/5.0 (compatible; DataForSeoBot/1.0; +https://dataforseo.com/dataforseo-bot)" 313 **0/313478**
216.244.66.241 - - [03/Mar/2026:10:00:29 -0700] "GET /privacy-policy/ HTTP/1.1" 200 348750 "-" "Mozilla/5.0 (compatible; DotBot/1.2; +https://opensiteexplorer.org/dotbot; help@moz.com)" 284 **0/284265**
185.191.171.16 - - [03/Mar/2026:10:00:29 -0700] "GET /nadprogram-za-rejestracje-po-ggbet-unicorn-gem-automat-zabierz-bezplatny-promocje-w-kasynie-playamo-premia/ HTTP/1.1" 200 79688 "-" "Mozilla/5.0 (compatible; SemrushBot/7~bl; +http://www.semrush.com/bot.html)" 296 **0/296912**
136.243.220.212 - - [03/Mar/2026:10:00:32 -0700] "GET /neptunes-chance-megaways-because-of-the-isoftbet-free/ HTTP/1.1" 200 72217 "-" "Mozilla/5.0 (compatible; DataForSeoBot/1.0; +https://dataforseo.com/dataforseo-bot)" 278 **0/278122**
57.141.16.51 - - [03/Mar/2026:10:00:35 -0700] "GET /freebets-gratiswetten-exklusive-einzahlung-heute-am-29-dez-2025/feed/ HTTP/1.1" 200 942 "-" "meta-externalagent/1.1 (+https://developers.facebook.com/docs/sharing/webmasters/crawler)" 139 **0/139658**
136.243.220.212 - - [03/Mar/2026:10:00:36 -0700] "GET /soluciona-regalado-a-royal-seven-double-rush-acerca-de-manera-demo/ HTTP/1.1" 200 73823 "-" "Mozilla/5.0 (compatible; DataForSeoBot/1.0; +https://dataforseo.com/dataforseo-bot)" 333 **0/333393**
57.141.16.18 - - [03/Mar/2026:10:00:37 -0700] "GET /?p=150848 HTTP/1.1" 301 - "-" "meta-externalagent/1.1 (+https://developers.facebook.com/docs/sharing/webmasters/crawler)" 168 **0/168286**
136.243.220.212 - - [03/Mar/2026:10:00:40 -0700] "GET /%CF%83%CF%87%CF%8C%CE%BB%CE%B9%CE%BF-%CE%B8%CE%AD%CF%83%CE%B7%CF%82-lobstermania-%CE%BC%CF%80%CF%8C%CE%BD%CE%BF%CF%85%CF%82-%CE%BA%CE%B1%CE%B9-rtp-%CF%83%CF%84%CE%BF%CE%B9%CF%87%CE%B7%CE%BC%CE%B1/ HTTP/1.1" 200 72898 "-" "Mozilla/5.0 (compatible; DataForSeoBot/1.0; +https://dataforseo.com/dataforseo-bot)" 329 **0/329273**
