68.178.232.37 - - [03/Mar/2026:10:21:56 -0700] "POST /wp-cron.php?doing_wp_cron=1772558516.0562629699707031250000 HTTP/1.1" 200 - "http://www.icdp.co.in/wp-cron.php?doing_wp_cron=1772558516.0562629699707031250000" "WordPress/5.7.8; http://www.icdp.co.in" 153 **0/153158**
57.141.16.95 - - [03/Mar/2026:10:21:56 -0700] "GET /v-enregistree-sur-willemstad-benedictine-au-dessous-les-references-152285/feed/ HTTP/1.1" 200 968 "-" "meta-externalagent/1.1 (+https://developers.facebook.com/docs/sharing/webmasters/crawler)" 128 **0/128540**
216.244.66.241 - - [03/Mar/2026:10:21:55 -0700] "GET /spin-panda-salle-de-jeu-tienne-plateforme-de-gaming-quelque-peu-fiabilisee-de-choix-zephy/ HTTP/1.1" 200 347980 "-" "Mozilla/5.0 (compatible; DotBot/1.2; +https://opensiteexplorer.org/dotbot; help@moz.com)" 423 **0/423316**
136.243.220.212 - - [03/Mar/2026:10:21:58 -0700] "GET /finest-5-minimum-deposit-gambling-enterprises-inside-2025-rated-and-you-can-analyzed/ HTTP/1.1" 200 72778 "-" "Mozilla/5.0 (compatible; DataForSeoBot/1.0; +https://dataforseo.com/dataforseo-bot)" 324 **0/324391**
136.243.220.212 - - [03/Mar/2026:10:22:02 -0700] "GET /steeped-wilde-as-well-as-the-aztec-idols-slot-remark-demo-free-play-rtp-look-at/ HTTP/1.1" 200 73863 "-" "Mozilla/5.0 (compatible; DataForSeoBot/1.0; +https://dataforseo.com/dataforseo-bot)" 382 **0/382871**
136.243.220.212 - - [03/Mar/2026:10:22:06 -0700] "GET /beste-echtgeld-online-cobber-casino-login-pc-casinos-within-deutschland-2025/ HTTP/1.1" 200 72910 "-" "Mozilla/5.0 (compatible; DataForSeoBot/1.0; +https://dataforseo.com/dataforseo-bot)" 298 **0/298322**
136.243.220.212 - - [03/Mar/2026:10:22:11 -0700] "GET /bowl-gambling-enterprise-no-deposit-bonus-50-100-percent-free-spins/ HTTP/1.1" 200 71734 "-" "Mozilla/5.0 (compatible; DataForSeoBot/1.0; +https://dataforseo.com/dataforseo-bot)" 261 **0/261371**
51.195.244.52 - - [03/Mar/2026:10:22:12 -0700] "GET /emocje-w-gor-napicie-ronie-plinko-casino-gdzie/ HTTP/1.1" 200 73684 "-" "Mozilla/5.0 (compatible; AhrefsBot/7.0; +http://ahrefs.com/robot/)" 294 **0/294654**
136.243.220.212 - - [03/Mar/2026:10:22:15 -0700] "GET /mega-wealth/ HTTP/1.1" 200 73067 "-" "Mozilla/5.0 (compatible; DataForSeoBot/1.0; +https://dataforseo.com/dataforseo-bot)" 283 **0/283400**
136.243.220.212 - - [03/Mar/2026:10:22:19 -0700] "GET /europa-casino-bono-sobre-inclusive-usd-500-consejos-embocadura-buffalo-espana-2025/ HTTP/1.1" 200 73926 "-" "Mozilla/5.0 (compatible; DataForSeoBot/1.0; +https://dataforseo.com/dataforseo-bot)" 299 **0/299578**
136.243.220.212 - - [03/Mar/2026:10:22:22 -0700] "GET /what-exactly-is-confident-ev-playing-an-entire-self-help-guide-to-questioned-worth-in-the-sports-betting-2025/ HTTP/1.1" 200 73549 "-" "Mozilla/5.0 (compatible; DataForSeoBot/1.0; +https://dataforseo.com/dataforseo-bot)" 269 **0/269726**
216.244.66.241 - - [03/Mar/2026:10:22:24 -0700] "GET /on-the-web-crypto-casinos-have-become-a-high-option-for-of-a-lot-gamblers/ HTTP/1.1" 200 345447 "-" "Mozilla/5.0 (compatible; DotBot/1.2; +https://opensiteexplorer.org/dotbot; help@moz.com)" 262 **0/262910**
136.243.220.212 - - [03/Mar/2026:10:22:26 -0700] "GET /trial-free-enjoy-phone-call-of-your-own-colosseum-position-by-nyx-incentive-feature-and-you-can-strike-wavelengths-bnc-en/ HTTP/1.1" 200 74331 "-" "Mozilla/5.0 (compatible; DataForSeoBot/1.0; +https://dataforseo.com/dataforseo-bot)" 277 **0/277034**
17.241.219.111 - - [03/Mar/2026:10:22:29 -0700] "GET /onlajn-gama-casino-online-4623/ HTTP/1.1" 200 81294 "-" "Mozilla/5.0 (Macintosh; Intel Mac OS X 10_15_7) AppleWebKit/605.1.15 (KHTML, like Gecko) Version/17.4 Safari/605.1.15 (Applebot/0.1; +http://www.apple.com/go/applebot)" 309 **0/309460**
17.22.245.96 - - [03/Mar/2026:10:22:29 -0700] "GET /1win-skachat-513/ HTTP/1.1" 200 82546 "-" "Mozilla/5.0 (Macintosh; Intel Mac OS X 10_15_7) AppleWebKit/605.1.15 (KHTML, like Gecko) Version/17.4 Safari/605.1.15 (Applebot/0.1; +http://www.apple.com/go/applebot)" 262 **0/262498**
136.243.220.212 - - [03/Mar/2026:10:22:30 -0700] "GET /enjoy-internet-poker-for-real-money-in-online-no-deposit-betprimeiro-the-ignition/ HTTP/1.1" 200 73949 "-" "Mozilla/5.0 (compatible; DataForSeoBot/1.0; +https://dataforseo.com/dataforseo-bot)" 286 **0/286872**
57.141.16.12 - - [03/Mar/2026:10:22:34 -0700] "GET /?p=147225 HTTP/1.1" 301 - "-" "meta-externalagent/1.1 (+https://developers.facebook.com/docs/sharing/webmasters/crawler)" 137 **0/137611**
57.141.16.48 - - [03/Mar/2026:10:22:34 -0700] "GET /wp-json/oembed/1.0/embed?url=http%3A%2F%2Fwww.icdp.co.in%2Fthe-newest-casinos-area-and-also-the-amenities-it-has-got-join-its-huge-prominence%2F HTTP/1.1" 200 2596 "-" "meta-externalagent/1.1 (+https://developers.facebook.com/docs/sharing/webmasters/crawler)" 145 **0/145034**
136.243.220.212 - - [03/Mar/2026:10:22:35 -0700] "GET /bei-unseren-eu-casino-assessments-hatten-wir-haufig-gesehen-sic-selbige-limits-fur/ HTTP/1.1" 200 71992 "-" "Mozilla/5.0 (compatible; DataForSeoBot/1.0; +https://dataforseo.com/dataforseo-bot)" 293 **0/293542**
136.243.220.212 - - [03/Mar/2026:10:22:39 -0700] "GET /finest-blackjack-how-do-i-withdraw-money-from-karamba-casino-sites-2025-greatest-sites-to-experience-a-real-income-black-jack-on-the-web/ HTTP/1.1" 200 73962 "-" "Mozilla/5.0 (compatible; DataForSeoBot/1.0; +https://dataforseo.com/dataforseo-bot)" 328 **0/328093**
136.243.220.212 - - [03/Mar/2026:10:22:42 -0700] "GET /enjoy-100-percent-free-casino-poker-to-your-clubwpt-gamble-casino-cash-22bet-casino-poker-on-line-to-help-you-victory-dollars-awards/ HTTP/1.1" 200 73832 "-" "Mozilla/5.0 (compatible; DataForSeoBot/1.0; +https://dataforseo.com/dataforseo-bot)" 312 **0/312694**
136.243.220.212 - - [03/Mar/2026:10:22:47 -0700] "GET /top-ten-online-roulette-casinosecret-casino-money-transfer-web-sites-the-real-deal-money-enjoy-in-the-2025/ HTTP/1.1" 200 73930 "-" "Mozilla/5.0 (compatible; DataForSeoBot/1.0; +https://dataforseo.com/dataforseo-bot)" 297 **0/297390**
57.141.16.12 - - [03/Mar/2026:10:22:48 -0700] "GET /wp-json/oembed/1.0/embed?url=http%3A%2F%2Fwww.icdp.co.in%2Fmastering-mobile-casino-play-a-secure-payment-guide-for-modern-gamengers%2F HTTP/1.1" 200 2528 "-" "meta-externalagent/1.1 (+https://developers.facebook.com/docs/sharing/webmasters/crawler)" 119 **0/119401**
216.244.66.241 - - [03/Mar/2026:10:22:50 -0700] "GET /we-wish-to-desire-to-prompt-your-off-conditions-5/ HTTP/1.1" 200 344588 "-" "Mozilla/5.0 (compatible; DotBot/1.2; +https://opensiteexplorer.org/dotbot; help@moz.com)" 253 **0/253746**
136.243.220.212 - - [03/Mar/2026:10:22:51 -0700] "GET /greatest-on-line-casino-incentives-for-people-players-inside-no-deposit-promo-codes-for-iwinfortune-casino-the-october/ HTTP/1.1" 200 73032 "-" "Mozilla/5.0 (compatible; DataForSeoBot/1.0; +https://dataforseo.com/dataforseo-bot)" 306 **0/306941**
136.243.220.212 - - [03/Mar/2026:10:22:55 -0700] "GET /finest-live-casinos-to-have-2024-golden-ticket-mobile-best-alive-agent-gambling-games-which-have-real-investors-modify/ HTTP/1.1" 200 73591 "-" "Mozilla/5.0 (compatible; DataForSeoBot/1.0; +https://dataforseo.com/dataforseo-bot)" 266 **0/266767**
68.178.232.37 - - [03/Mar/2026:10:22:59 -0700] "POST /wp-cron.php?doing_wp_cron=1772558579.2621779441833496093750 HTTP/1.1" 200 - "http://www.icdp.co.in/wp-cron.php?doing_wp_cron=1772558579.2621779441833496093750" "WordPress/5.7.8; http://www.icdp.co.in" 167 **0/167169**
136.243.220.212 - - [03/Mar/2026:10:22:59 -0700] "GET /blast-bonus-windfall-casino-growth-shag-position-from-the-endorphina/ HTTP/1.1" 200 73881 "-" "Mozilla/5.0 (compatible; DataForSeoBot/1.0; +https://dataforseo.com/dataforseo-bot)" 493 **0/493598**
136.243.220.212 - - [03/Mar/2026:10:23:02 -0700] "GET /beste-mummy-kostenlose-spins-150-verbunden-casinos-2025-aktueller-kasino-vergleich/ HTTP/1.1" 200 73180 "-" "Mozilla/5.0 (compatible; DataForSeoBot/1.0; +https://dataforseo.com/dataforseo-bot)" 386 **0/386784**
136.243.220.212 - - [03/Mar/2026:10:23:06 -0700] "GET /texas-holdem-extra-tips-enjoy-laws-and-investigate-the-site-you-may-payout-opportunity/ HTTP/1.1" 200 73818 "-" "Mozilla/5.0 (compatible; DataForSeoBot/1.0; +https://dataforseo.com/dataforseo-bot)" 329 **0/329402**
136.243.220.212 - - [03/Mar/2026:10:23:11 -0700] "GET /secret-reflect-luxury-dos-demonstration-play-totally-free-ports-in-the-higher-com/ HTTP/1.1" 200 72951 "-" "Mozilla/5.0 (compatible; DataForSeoBot/1.0; +https://dataforseo.com/dataforseo-bot)" 284 **0/284939**
136.243.220.212 - - [03/Mar/2026:10:23:15 -0700] "GET /gwendoline-casino-big-ben-christie-meets-german-series-black-gold-around-the-world-briefs/ HTTP/1.1" 200 74072 "-" "Mozilla/5.0 (compatible; DataForSeoBot/1.0; +https://dataforseo.com/dataforseo-bot)" 273 **0/273232**
216.244.66.241 - - [03/Mar/2026:10:23:16 -0700] "GET /we-possibly-may-assume-that-bonuses-with-simple-terms-and-conditions-will-be-more-suitable-for-novices/ HTTP/1.1" 200 342562 "-" "Mozilla/5.0 (compatible; DotBot/1.2; +https://opensiteexplorer.org/dotbot; help@moz.com)" 282 **0/282921**
136.243.220.212 - - [03/Mar/2026:10:23:18 -0700] "GET /earn-real-money-free-of-charge-casino-vipspel-casino-at-the-no-deposit-required-casinos/ HTTP/1.1" 200 72363 "-" "Mozilla/5.0 (compatible; DataForSeoBot/1.0; +https://dataforseo.com/dataforseo-bot)" 297 **0/297123**
136.243.220.212 - - [03/Mar/2026:10:23:22 -0700] "GET /blood-suckers-2-position-here-you-spybet-casino-login-might-enjoy-netent-ports-to-own-100-percent-free/ HTTP/1.1" 200 74223 "-" "Mozilla/5.0 (compatible; DataForSeoBot/1.0; +https://dataforseo.com/dataforseo-bot)" 327 **0/327904**
136.243.220.212 - - [03/Mar/2026:10:23:26 -0700] "GET /2024-hit-slot-tragamonedas-hace-el-trabajo-regalado-sin-descargar/ HTTP/1.1" 200 73763 "-" "Mozilla/5.0 (compatible; DataForSeoBot/1.0; +https://dataforseo.com/dataforseo-bot)" 306 **0/306178**
185.191.171.19 - - [03/Mar/2026:10:23:27 -0700] "GET /the-evolution-and-impression-of-chatroulette-from-random-connections-to-a-social-phenomenon/ HTTP/1.1" 200 81128 "-" "Mozilla/5.0 (compatible; SemrushBot/7~bl; +http://www.semrush.com/bot.html)" 286 **0/286407**
136.243.220.212 - - [03/Mar/2026:10:23:30 -0700] "GET /sekundar-unter-unser-zweite-einzahlung-bekommt-ein-von-neuem-two-hundred-fifity%ef%bf%bd-bonus-sobald-40-freispiele-gutgeschrieben/ HTTP/1.1" 200 72061 "-" "Mozilla/5.0 (compatible; DataForSeoBot/1.0; +https://dataforseo.com/dataforseo-bot)" 294 **0/294741**
185.191.171.2 - - [03/Mar/2026:10:23:29 -0700] "GET /author/admin/page/5634/ HTTP/1.1" 200 79935 "-" "Mozilla/5.0 (compatible; SemrushBot/7~bl; +http://www.semrush.com/bot.html)" 1690 **1/1690484**
185.191.171.11 - - [03/Mar/2026:10:23:33 -0700] "GET /a-no-deposit-bonus-allows-you-to-play-real-casino-games-instead-financing-your-account-first/ HTTP/1.1" 200 78291 "-" "Mozilla/5.0 (compatible; SemrushBot/7~bl; +http://www.semrush.com/bot.html)" 275 **0/275433**
136.243.220.212 - - [03/Mar/2026:10:23:35 -0700] "GET /kenogo-australian-on-the-internet-keno-apps-online-play/ HTTP/1.1" 200 72939 "-" "Mozilla/5.0 (compatible; DataForSeoBot/1.0; +https://dataforseo.com/dataforseo-bot)" 303 **0/303369**
85.208.96.210 - - [03/Mar/2026:10:23:36 -0700] "GET /ebendiese-gewinne-sind-bei-angewandten-wichtigsten-casinos-unter-folgenden-handen-ausgezahlt/ HTTP/1.1" 200 79225 "-" "Mozilla/5.0 (compatible; SemrushBot/7~bl; +http://www.semrush.com/bot.html)" 358 **0/358956**
136.243.220.212 - - [03/Mar/2026:10:23:39 -0700] "GET /best-gambling-enterprise-web-sites-for-oct-2025-top-ten-uk-web-based-casinos/ HTTP/1.1" 200 72734 "-" "Mozilla/5.0 (compatible; DataForSeoBot/1.0; +https://dataforseo.com/dataforseo-bot)" 334 **0/334477**
136.243.220.212 - - [03/Mar/2026:10:23:43 -0700] "GET /wurfelspiele-probe-vergleich-slot-south-park-top-12-inoffizieller-mitarbeiter-november-2025/ HTTP/1.1" 200 73623 "-" "Mozilla/5.0 (compatible; DataForSeoBot/1.0; +https://dataforseo.com/dataforseo-bot)" 290 **0/290076**
136.243.220.212 - - [03/Mar/2026:10:23:47 -0700] "GET /totally-free-chips-harbors-black-jack-fun/ HTTP/1.1" 200 71828 "-" "Mozilla/5.0 (compatible; DataForSeoBot/1.0; +https://dataforseo.com/dataforseo-bot)" 315 **0/315538**
57.141.16.8 - - [03/Mar/2026:10:23:50 -0700] "GET /?p=144939 HTTP/1.1" 301 - "-" "meta-externalagent/1.1 (+https://developers.facebook.com/docs/sharing/webmasters/crawler)" 143 **0/143445**
136.243.220.212 - - [03/Mar/2026:10:23:52 -0700] "GET /azrbaycanda-onlayn-kazino-pin-up-rsmi-giri-2277-2/ HTTP/1.1" 200 72617 "-" "Mozilla/5.0 (compatible; DataForSeoBot/1.0; +https://dataforseo.com/dataforseo-bot)" 299 **0/299196**
57.141.16.95 - - [03/Mar/2026:10:23:54 -0700] "GET /offres-avec-bonus-et-free-spins-concernant-les-extremum-gaming-netent/feed/ HTTP/1.1" 200 952 "-" "meta-externalagent/1.1 (+https://developers.facebook.com/docs/sharing/webmasters/crawler)" 177 **0/177381**
68.178.232.37 - - [03/Mar/2026:10:23:56 -0700] "POST /wp-cron.php?doing_wp_cron=1772558636.2222929000854492187500 HTTP/1.1" 200 - "http://www.icdp.co.in/wp-cron.php?doing_wp_cron=1772558636.2222929000854492187500" "WordPress/5.7.8; http://www.icdp.co.in" 174 **0/174563**
136.243.220.212 - - [03/Mar/2026:10:23:56 -0700] "GET /leaders-options-gambling-enterprise-added-bonus-codes-2025-totally-free-revolves/ HTTP/1.1" 200 74262 "-" "Mozilla/5.0 (compatible; DataForSeoBot/1.0; +https://dataforseo.com/dataforseo-bot)" 473 **0/473086**
136.243.220.212 - - [03/Mar/2026:10:23:59 -0700] "GET /%CF%80%CE%B1%CE%B9%CF%87%CE%BD%CE%AF%CE%B4%CE%B9-%CE%BA%CE%BF%CF%85%CE%BB%CE%BF%CF%87%CE%AD%CF%81%CE%B7-kitty-sparkle-grand-trial-play-100-100-%CE%B4%CF%89%CF%81%CE%B5%CE%AC%CE%BD/ HTTP/1.1" 200 73204 "-" "Mozilla/5.0 (compatible; DataForSeoBot/1.0; +https://dataforseo.com/dataforseo-bot)" 370 **0/370863**
136.243.220.212 - - [03/Mar/2026:10:24:03 -0700] "GET /greatest-usd-money-gambling-enterprises-legitimate-internet-sites-for-2025/ HTTP/1.1" 200 72011 "-" "Mozilla/5.0 (compatible; DataForSeoBot/1.0; +https://dataforseo.com/dataforseo-bot)" 314 **0/314425**
216.73.216.40 - - [03/Mar/2026:10:24:05 -0700] "GET /robots.txt HTTP/1.1" 200 89 "-" "Mozilla/5.0 AppleWebKit/537.36 (KHTML, like Gecko; compatible; ClaudeBot/1.0; +claudebot@anthropic.com)" 120 **0/120453**
216.73.216.40 - - [03/Mar/2026:10:24:06 -0700] "GET /discover-the-exciting-benefits-of-juegging-welcome HTTP/1.1" 301 1 "-" "Mozilla/5.0 AppleWebKit/537.36 (KHTML, like Gecko; compatible; ClaudeBot/1.0; +claudebot@anthropic.com)" 131 **0/131910**
216.73.216.40 - - [03/Mar/2026:10:24:06 -0700] "GET /discover-the-exciting-benefits-of-juegging-welcome/ HTTP/1.1" 200 72996 "http://www.icdp.co.in/discover-the-exciting-benefits-of-juegging-welcome" "Mozilla/5.0 AppleWebKit/537.36 (KHTML, like Gecko; compatible; ClaudeBot/1.0; +claudebot@anthropic.com)" 279 **0/279828**
136.243.220.212 - - [03/Mar/2026:10:24:08 -0700] "GET /play-mermaid-slots-all-the-best-styled-harbors-at-no-cost/ HTTP/1.1" 200 71292 "-" "Mozilla/5.0 (compatible; DataForSeoBot/1.0; +https://dataforseo.com/dataforseo-bot)" 315 **0/315237**
136.243.220.212 - - [03/Mar/2026:10:24:12 -0700] "GET /better-zimpler-gambling-enterprises-british-2025-quick-places-private-bonuses/ HTTP/1.1" 200 71874 "-" "Mozilla/5.0 (compatible; DataForSeoBot/1.0; +https://dataforseo.com/dataforseo-bot)" 312 **0/312065**
136.243.220.212 - - [03/Mar/2026:10:24:15 -0700] "GET /write-in-private-free-online-log-and-private-diary/ HTTP/1.1" 200 73466 "-" "Mozilla/5.0 (compatible; DataForSeoBot/1.0; +https://dataforseo.com/dataforseo-bot)" 313 **0/313220**
136.243.220.212 - - [03/Mar/2026:10:24:19 -0700] "GET /london-local-casino-royal-unicorn-partnership-jack-flag-traveling-electric-guitar-hard-rock-eatery-pin-le-e-bay-australian-continent/ HTTP/1.1" 200 73536 "-" "Mozilla/5.0 (compatible; DataForSeoBot/1.0; +https://dataforseo.com/dataforseo-bot)" 321 **0/321118**
57.141.16.98 - - [03/Mar/2026:10:24:22 -0700] "GET /?p=150189 HTTP/1.1" 301 - "-" "meta-externalagent/1.1 (+https://developers.facebook.com/docs/sharing/webmasters/crawler)" 114 **0/114724**
136.243.220.212 - - [03/Mar/2026:10:24:23 -0700] "GET /goethes-faust-research-flame-against-ice-1-deposit-2025-guide-wulogix-tech-ltd/ HTTP/1.1" 200 72640 "-" "Mozilla/5.0 (compatible; DataForSeoBot/1.0; +https://dataforseo.com/dataforseo-bot)" 311 **0/311123**
68.178.232.37 - - [03/Mar/2026:10:24:27 -0700] "POST /wp-cron.php?doing_wp_cron=1772558667.6426908969879150390625 HTTP/1.1" 200 - "http://www.icdp.co.in/wp-cron.php?doing_wp_cron=1772558667.6426908969879150390625" "WordPress/5.7.8; http://www.icdp.co.in" 144 **0/144465**
136.243.220.212 - - [03/Mar/2026:10:24:27 -0700] "GET /ein-top-angeschlossen-kasino-sites-unser-visa-diese-seite-anklicken-electron-einlagen-aneignen-kontinent-abendland/ HTTP/1.1" 200 73666 "-" "Mozilla/5.0 (compatible; DataForSeoBot/1.0; +https://dataforseo.com/dataforseo-bot)" 465 **0/465186**
136.243.220.212 - - [03/Mar/2026:10:24:31 -0700] "GET /scarlet-tends-to-make-its-cellular-give-much-more-glamorous-and-you-will-introduces-an-enthusiastic-choice-for-shorter-house-web-deposit-200-get-bonus-sites/ HTTP/1.1" 200 74137 "-" "Mozilla/5.0 (compatible; DataForSeoBot/1.0; +https://dataforseo.com/dataforseo-bot)" 345 **0/345513**
57.141.16.4 - - [03/Mar/2026:10:24:32 -0700] "GET /wp-json/wp/v2/posts/144388 HTTP/1.1" 200 7037 "-" "meta-externalagent/1.1 (+https://developers.facebook.com/docs/sharing/webmasters/crawler)" 143 **0/143381**
136.243.220.212 - - [03/Mar/2026:10:24:35 -0700] "GET /alive-agent-baccarat-2025-play-alive-in-the-best-casinos-30-free-spins-orient-express-rtp-on-the-internet/ HTTP/1.1" 200 74003 "-" "Mozilla/5.0 (compatible; DataForSeoBot/1.0; +https://dataforseo.com/dataforseo-bot)" 346 **0/346073**
136.243.220.212 - - [03/Mar/2026:10:24:40 -0700] "GET /intel-pandamania-for-rigtige-penge-core-i5-vs-i7-foran-er-det-bedste-valgmulighed-indtil-gaming-som-2024/ HTTP/1.1" 200 73127 "-" "Mozilla/5.0 (compatible; DataForSeoBot/1.0; +https://dataforseo.com/dataforseo-bot)" 284 **0/284581**
136.243.220.212 - - [03/Mar/2026:10:24:44 -0700] "GET /zugang-in-comeoncasino-de-unter-anderem-bitkingz-bonus-anmeldung-erfahrungen-2025/ HTTP/1.1" 200 73312 "-" "Mozilla/5.0 (compatible; DataForSeoBot/1.0; +https://dataforseo.com/dataforseo-bot)" 298 **0/298595**
136.243.220.212 - - [03/Mar/2026:10:24:48 -0700] "GET /novoline-en-bloc-50-kostenlose-spins-nach-buffalo-lichtblitz-keine-einzahlung-spielbank-and-abu-king-casino-login-deutschland-slots-spiele/ HTTP/1.1" 200 73541 "-" "Mozilla/5.0 (compatible; DataForSeoBot/1.0; +https://dataforseo.com/dataforseo-bot)" 345 **0/345208**
136.243.220.212 - - [03/Mar/2026:10:24:52 -0700] "GET /weapons-n-roses-slot-opinion-added-bonus-requirements-100-percent-free-revolves/ HTTP/1.1" 200 72128 "-" "Mozilla/5.0 (compatible; DataForSeoBot/1.0; +https://dataforseo.com/dataforseo-bot)" 277 **0/277323**
136.243.220.212 - - [03/Mar/2026:10:24:55 -0700] "GET /advanced-mustache-care-brushing-by-live-bearded/ HTTP/1.1" 200 71490 "-" "Mozilla/5.0 (compatible; DataForSeoBot/1.0; +https://dataforseo.com/dataforseo-bot)" 276 **0/276568**
68.178.232.37 - - [03/Mar/2026:10:24:59 -0700] "POST /wp-cron.php?doing_wp_cron=1772558699.8474569320678710937500 HTTP/1.1" 200 - "http://www.icdp.co.in/wp-cron.php?doing_wp_cron=1772558699.8474569320678710937500" "WordPress/5.7.8; http://www.icdp.co.in" 145 **0/145545**
136.243.220.212 - - [03/Mar/2026:10:24:59 -0700] "GET /erfahrungen-2025-playtech-spielautomaten-software-bonus-100/ HTTP/1.1" 200 73113 "-" "Mozilla/5.0 (compatible; DataForSeoBot/1.0; +https://dataforseo.com/dataforseo-bot)" 452 **0/452536**
216.73.216.40 - - [03/Mar/2026:10:25:03 -0700] "GET /wp-sitemap.xml HTTP/1.1" 200 252 "-" "Mozilla/5.0 AppleWebKit/537.36 (KHTML, like Gecko; compatible; ClaudeBot/1.0; +claudebot@anthropic.com)" 328 **0/328303**
136.243.220.212 - - [03/Mar/2026:10:25:03 -0700] "GET /5-minimal-deposit-gambling-establishment-canada-%E1%90%88-150-totally-free-revolves-for-five-dollars/ HTTP/1.1" 200 72644 "-" "Mozilla/5.0 (compatible; DataForSeoBot/1.0; +https://dataforseo.com/dataforseo-bot)" 440 **0/440070**
136.243.220.212 - - [03/Mar/2026:10:25:08 -0700] "GET /zusatzlich-sollen-spieler-darauf-anerkennen-pass-away-spiele-uber-mark-vermittlungsgebuhr-vorgeschoben-sie-sind/ HTTP/1.1" 200 72015 "-" "Mozilla/5.0 (compatible; DataForSeoBot/1.0; +https://dataforseo.com/dataforseo-bot)" 422 **0/422694**
136.243.220.212 - - [03/Mar/2026:10:25:12 -0700] "GET /live-casino-france-les-meilleures-options-pour-une-ambiance-reelle/ HTTP/1.1" 200 71584 "-" "Mozilla/5.0 (compatible; DataForSeoBot/1.0; +https://dataforseo.com/dataforseo-bot)" 373 **0/373861**
136.243.220.212 - - [03/Mar/2026:10:25:15 -0700] "GET /females-from-egypt-position-from-the-wms-review-play-on-wealth-in-the-harsh-step-1-put-line-100percent-free/ HTTP/1.1" 200 73652 "-" "Mozilla/5.0 (compatible; DataForSeoBot/1.0; +https://dataforseo.com/dataforseo-bot)" 380 **0/380353**
136.243.220.212 - - [03/Mar/2026:10:25:20 -0700] "GET /theres-an-internet-blackjack-classification-at-the-betrivers-with-those-titles-and-blackjack-regal-web-based-poker-and-you-will-blackjack-multihand-in-home-private-as-the-ive-in/ HTTP/1.1" 200 73967 "-" "Mozilla/5.0 (compatible; DataForSeoBot/1.0; +https://dataforseo.com/dataforseo-bot)" 317 **0/317664**
136.243.220.212 - - [03/Mar/2026:10:25:23 -0700] "GET /better-alive-casinos-5-deposit-casinos-online-play-for-real-which-have-real-time-people/ HTTP/1.1" 200 73778 "-" "Mozilla/5.0 (compatible; DataForSeoBot/1.0; +https://dataforseo.com/dataforseo-bot)" 294 **0/294716**
57.141.16.73 - - [03/Mar/2026:10:25:25 -0700] "GET /wp-json/wp/v2/posts/149088 HTTP/1.1" 200 4689 "-" "meta-externalagent/1.1 (+https://developers.facebook.com/docs/sharing/webmasters/crawler)" 139 **0/139435**
198.244.226.147 - - [03/Mar/2026:10:25:27 -0700] "GET /queen-away-1-free-with-10x-multiplier-from-macedonia-position/ HTTP/1.1" 200 72988 "-" "Mozilla/5.0 (compatible; AhrefsBot/7.0; +http://ahrefs.com/robot/)" 272 **0/272804**
136.243.220.212 - - [03/Mar/2026:10:25:27 -0700] "GET /finest-web-sites-to-casino-energy-casino-possess-2025/ HTTP/1.1" 200 74075 "-" "Mozilla/5.0 (compatible; DataForSeoBot/1.0; +https://dataforseo.com/dataforseo-bot)" 264 **0/264874**
57.141.16.96 - - [03/Mar/2026:10:25:29 -0700] "GET /wp-json/oembed/1.0/embed?url=http%3A%2F%2Fwww.icdp.co.in%2Fdiscovering-the-top-mail-order-bride-website-your-ultimate-guide%2F HTTP/1.1" 200 2488 "-" "meta-externalagent/1.1 (+https://developers.facebook.com/docs/sharing/webmasters/crawler)" 150 **0/150698**
136.243.220.212 - - [03/Mar/2026:10:25:31 -0700] "GET /finest-on-line-casino-extra-also-offers-2025-claim-their-totally-free-casino-bgo-incentives/ HTTP/1.1" 200 72828 "-" "Mozilla/5.0 (compatible; DataForSeoBot/1.0; +https://dataforseo.com/dataforseo-bot)" 320 **0/320142**
136.243.220.212 - - [03/Mar/2026:10:25:36 -0700] "GET /roulette-systeme-tipps-alles-was-sie-wissen-mussen/ HTTP/1.1" 200 70901 "-" "Mozilla/5.0 (compatible; DataForSeoBot/1.0; +https://dataforseo.com/dataforseo-bot)" 271 **0/271094**
136.243.220.212 - - [03/Mar/2026:10:25:40 -0700] "GET /folgenden-musizieren-blackjack-a-b-grad-rates-blackjack-germanic-oder-english-language-game-of-chance/ HTTP/1.1" 200 72267 "-" "Mozilla/5.0 (compatible; DataForSeoBot/1.0; +https://dataforseo.com/dataforseo-bot)" 299 **0/299358**
136.243.220.212 - - [03/Mar/2026:10:25:44 -0700] "GET /caribbean-no-deposit-betprimeiro-online-casinos-hold-em-play-on-the-internet-100percent-free/ HTTP/1.1" 200 74106 "-" "Mozilla/5.0 (compatible; DataForSeoBot/1.0; +https://dataforseo.com/dataforseo-bot)" 300 **0/300908**
17.241.219.120 - - [03/Mar/2026:10:25:46 -0700] "GET /estrategias-de-remuneracion-mas-utilizados-acerca-de-los-casinos-online-legales/ HTTP/1.1" 200 78568 "-" "Mozilla/5.0 (Macintosh; Intel Mac OS X 10_15_7) AppleWebKit/605.1.15 (KHTML, like Gecko) Version/17.4 Safari/605.1.15 (Applebot/0.1; +http://www.apple.com/go/applebot)" 319 **0/319803**
17.241.219.120 - - [03/Mar/2026:10:25:47 -0700] "GET /jammin-jars-verbunden-casinos-unter-einsatz-von-echtgeld-bonus-2025/ HTTP/1.1" 200 79525 "-" "Mozilla/5.0 (Macintosh; Intel Mac OS X 10_15_7) AppleWebKit/605.1.15 (KHTML, like Gecko) Version/17.4 Safari/605.1.15 (Applebot/0.1; +http://www.apple.com/go/applebot)" 282 **0/282630**
136.243.220.212 - - [03/Mar/2026:10:25:47 -0700] "GET /1win-casino-no-pais-e-do-mundo-colecao-de-games-e-bonus-em-virtude-de-jogadores/ HTTP/1.1" 200 79179 "-" "Mozilla/5.0 (compatible; DataForSeoBot/1.0; +https://dataforseo.com/dataforseo-bot)" 309 **0/309772**
136.243.220.212 - - [03/Mar/2026:10:25:51 -0700] "GET /betway-free-spins-book-claim-your-bonus-today/ HTTP/1.1" 200 72984 "-" "Mozilla/5.0 (compatible; DataForSeoBot/1.0; +https://dataforseo.com/dataforseo-bot)" 325 **0/325482**
136.243.220.212 - - [03/Mar/2026:10:25:55 -0700] "GET /f1-12-months-preview-gambling-tips-for-2025/ HTTP/1.1" 200 75388 "-" "Mozilla/5.0 (compatible; DataForSeoBot/1.0; +https://dataforseo.com/dataforseo-bot)" 304 **0/304889**
136.243.220.212 - - [03/Mar/2026:10:25:59 -0700] "GET /erreichbar-casino-provision-2025-unser-besten-eye-of-horus-casino-aktionen/ HTTP/1.1" 200 73617 "-" "Mozilla/5.0 (compatible; DataForSeoBot/1.0; +https://dataforseo.com/dataforseo-bot)" 349 **0/349593**
104.168.98.195 - - [03/Mar/2026:10:26:02 -0700] "GET / HTTP/1.1" 200 9419 "-" "Mozilla/5.0 (Macintosh; Intel Mac OS X 15_7_3) AppleWebKit/605.1.15 (KHTML, like Gecko) Version/26.0 Safari/605.1.15" 184 **0/184411**
136.243.220.212 - - [03/Mar/2026:10:26:03 -0700] "GET /mostbet-ayaaper-tulnaay-anyaany-baaji-ayaaplikeshn/ HTTP/1.1" 200 71548 "-" "Mozilla/5.0 (compatible; DataForSeoBot/1.0; +https://dataforseo.com/dataforseo-bot)" 312 **0/312657**
185.191.171.11 - - [03/Mar/2026:10:26:04 -0700] "GET /forsoka-casino-online-50-gratissnurr-pa-6-million-dollar-man-tillsamman-egenskap-hos-fatpirate-interpretation-gallande-svenska/ HTTP/1.1" 200 79584 "-" "Mozilla/5.0 (compatible; SemrushBot/7~bl; +http://www.semrush.com/bot.html)" 305 **0/305699**
136.243.220.212 - - [03/Mar/2026:10:26:08 -0700] "GET /casinowilds-secret-forest-1-einsatz-mitteilung-voller-leben-solutions-enterprise/ HTTP/1.1" 200 74700 "-" "Mozilla/5.0 (compatible; DataForSeoBot/1.0; +https://dataforseo.com/dataforseo-bot)" 316 **0/316865**
185.191.171.2 - - [03/Mar/2026:10:26:11 -0700] "GET /des-eigenen-ein-wichtigsten-kriterien-fur-jedes-das-serioses-verbunden-spielcasino-in-europa-sei-diese-lizenzierung/ HTTP/1.1" 200 79244 "-" "Mozilla/5.0 (compatible; SemrushBot/7~bl; +http://www.semrush.com/bot.html)" 306 **0/306956**
136.243.220.212 - - [03/Mar/2026:10:26:11 -0700] "GET /book-of-ra-flanerie-bonus-pour-tours-gratis-un-typo3/ HTTP/1.1" 200 72655 "-" "Mozilla/5.0 (compatible; DataForSeoBot/1.0; +https://dataforseo.com/dataforseo-bot)" 285 **0/285237**
185.191.171.2 - - [03/Mar/2026:10:26:13 -0700] "GET /how-to-add-or-remove-programs-in-windows-11/ HTTP/1.1" 200 80154 "-" "Mozilla/5.0 (compatible; SemrushBot/7~bl; +http://www.semrush.com/bot.html)" 279 **0/279431**
136.243.220.212 - - [03/Mar/2026:10:26:15 -0700] "GET /spielbank-100-euroletten-maklercourtage-toki-time-1-sicherheit-blos-einzahlung-2024/ HTTP/1.1" 200 74954 "-" "Mozilla/5.0 (compatible; DataForSeoBot/1.0; +https://dataforseo.com/dataforseo-bot)" 267 **0/267652**
136.243.220.212 - - [03/Mar/2026:10:26:19 -0700] "GET /overwatch-gambling-odds-on-coinpoker-wager-on-owl-far-more/ HTTP/1.1" 200 73349 "-" "Mozilla/5.0 (compatible; DataForSeoBot/1.0; +https://dataforseo.com/dataforseo-bot)" 282 **0/282025**
136.243.220.212 - - [03/Mar/2026:10:26:23 -0700] "GET /orion-spins-local-casino-united-kingdom-trick-have-user-experience-2025/ HTTP/1.1" 200 72796 "-" "Mozilla/5.0 (compatible; DataForSeoBot/1.0; +https://dataforseo.com/dataforseo-bot)" 349 **0/349503**
57.141.16.57 - - [03/Mar/2026:10:26:25 -0700] "GET /comme-les-jeunes-salle-de-jeu-legerement-embryon-comparent-ceux-ci-pour-situation-de-confiance/feed/ HTTP/1.1" 200 1029 "-" "meta-externalagent/1.1 (+https://developers.facebook.com/docs/sharing/webmasters/crawler)" 121 **0/121711**
57.141.16.18 - - [03/Mar/2026:10:26:26 -0700] "GET /wp-json/oembed/1.0/embed?url=http%3A%2F%2Fwww.icdp.co.in%2Ftheres-also-titanplays-union-that-have-honor-successful-igaming-group-delasport%2F HTTP/1.1" 200 2602 "-" "meta-externalagent/1.1 (+https://developers.facebook.com/docs/sharing/webmasters/crawler)" 126 **0/126312**
136.243.220.212 - - [03/Mar/2026:10:26:27 -0700] "GET /skuespil-tilslutte-spil-beetle-frenzy-slot-videomaskine-poker-foran-aegte-penge-find-ma-bedste-casinoer-herti/ HTTP/1.1" 200 73099 "-" "Mozilla/5.0 (compatible; DataForSeoBot/1.0; +https://dataforseo.com/dataforseo-bot)" 264 **0/264145**
136.243.220.212 - - [03/Mar/2026:10:26:31 -0700] "GET /playn-go-chile-top-de-casinos-con-las-mas-grandes-juegos-2025/ HTTP/1.1" 200 73792 "-" "Mozilla/5.0 (compatible; DataForSeoBot/1.0; +https://dataforseo.com/dataforseo-bot)" 317 **0/317031**
57.141.16.35 - - [03/Mar/2026:10:26:32 -0700] "GET /wp-json/wp/v2/posts/146173 HTTP/1.1" 200 7644 "-" "meta-externalagent/1.1 (+https://developers.facebook.com/docs/sharing/webmasters/crawler)" 132 **0/132916**
5.36.183.50 - - [03/Mar/2026:10:26:35 -0700] "GET /the-ethical-landscape-of-online-gambling-media-3/ HTTP/1.1" 200 73215 "-" "Mozilla/5.0 (Windows NT 10.0; WOW64) AppleWebKit/537.36 (KHTML, like Gecko) Chrome/114.0.0.0 Safari/537.36 Vivaldi/5.3.2679.68" 275 **0/275923**
136.243.220.212 - - [03/Mar/2026:10:26:35 -0700] "GET /cruise-spielbank-verbunden-provision-1000-roulettino-willkommensbonus-200fs/ HTTP/1.1" 200 73503 "-" "Mozilla/5.0 (compatible; DataForSeoBot/1.0; +https://dataforseo.com/dataforseo-bot)" 260 **0/260544**
17.22.245.122 - - [03/Mar/2026:10:26:36 -0700] "GET /kupit-diplom-rggu-na-blanke-kachestvenno-i/ HTTP/1.1" 200 80255 "-" "Mozilla/5.0 (Macintosh; Intel Mac OS X 10_15_7) AppleWebKit/605.1.15 (KHTML, like Gecko) Version/17.4 Safari/605.1.15 (Applebot/0.1; +http://www.apple.com/go/applebot)" 288 **0/288070**
136.243.220.212 - - [03/Mar/2026:10:26:39 -0700] "GET /pirate-kingdom-megaways-slot-via-iron-dog-studio/ HTTP/1.1" 200 71954 "-" "Mozilla/5.0 (compatible; DataForSeoBot/1.0; +https://dataforseo.com/dataforseo-bot)" 333 **0/333846**
136.243.220.212 - - [03/Mar/2026:10:26:43 -0700] "GET /best-on-the-internet-live-broker-black-colored-jack-expert-series-reduced-restrict-promo-codes-for-beonbet-casino-5-reduced-put-gambling-enterprises-2025-5-put-more/ HTTP/1.1" 200 73966 "-" "Mozilla/5.0 (compatible; DataForSeoBot/1.0; +https://dataforseo.com/dataforseo-bot)" 314 **0/314069**
136.243.220.212 - - [03/Mar/2026:10:26:48 -0700] "GET /enzo-local-casino-suggestions-so-you-can-the-first-stepthree-hundred-extra-iwinfortune-bye-bye-spy-man-step-one-put-50-free-spins-2023/ HTTP/1.1" 200 74559 "-" "Mozilla/5.0 (compatible; DataForSeoBot/1.0; +https://dataforseo.com/dataforseo-bot)" 296 **0/296102**
57.141.16.93 - - [03/Mar/2026:10:26:50 -0700] "GET /?p=148668 HTTP/1.1" 301 - "-" "meta-externalagent/1.1 (+https://developers.facebook.com/docs/sharing/webmasters/crawler)" 111 **0/111213**
136.243.220.212 - - [03/Mar/2026:10:26:51 -0700] "GET /a-knowledgeable-a-real-income-casinos-on-the-internet-for-us-participants-inside-the-2025-al-casino-realbet-com/ HTTP/1.1" 200 74177 "-" "Mozilla/5.0 (compatible; DataForSeoBot/1.0; +https://dataforseo.com/dataforseo-bot)" 311 **0/311857**
68.178.232.37 - - [03/Mar/2026:10:26:56 -0700] "POST /wp-cron.php?doing_wp_cron=1772558816.2883648872375488281250 HTTP/1.1" 200 - "http://www.icdp.co.in/wp-cron.php?doing_wp_cron=1772558816.2883648872375488281250" "WordPress/5.7.8; http://www.icdp.co.in" 183 **0/183134**
136.243.220.212 - - [03/Mar/2026:10:26:56 -0700] "GET /bgo-kasino-gesamtschau-100percent-so-weit-royalgame-wie-200-willkommensbonus-as-part-of-land-der-dichter-und-denker-120-mobile-und-pc-spielsaal-spiele/ HTTP/1.1" 200 73913 "-" "Mozilla/5.0 (compatible; DataForSeoBot/1.0; +https://dataforseo.com/dataforseo-bot)" 473 **0/473466**
54.38.147.149 - - [03/Mar/2026:10:26:59 -0700] "GET /bier-haus-slot-simple-tips-to-gamble-where-you-can-gamble-free-online-where-to-play-bier-haus-position-server-online-totally-free/ HTTP/1.1" 200 72791 "-" "Mozilla/5.0 (compatible; AhrefsBot/7.0; +http://ahrefs.com/robot/)" 291 **0/291627**
136.243.220.212 - - [03/Mar/2026:10:26:59 -0700] "GET /golden-panda-gambling-enterprise-remark-around-5one-hundred-thousand-50fs-acceptance/ HTTP/1.1" 200 73355 "-" "Mozilla/5.0 (compatible; DataForSeoBot/1.0; +https://dataforseo.com/dataforseo-bot)" 310 **0/310012**
136.243.220.212 - - [03/Mar/2026:10:27:03 -0700] "GET /tennis-strings-size-guide-dos-mm-8-mm-cz-vs-research-diamond-versus-moissanite/ HTTP/1.1" 200 72278 "-" "Mozilla/5.0 (compatible; DataForSeoBot/1.0; +https://dataforseo.com/dataforseo-bot)" 596 **0/596026**
136.243.220.212 - - [03/Mar/2026:10:27:08 -0700] "GET /2025s-finest-league-out-of-legends-playing-websites-finest-lol-on-the-web-sportsbooks/ HTTP/1.1" 200 73138 "-" "Mozilla/5.0 (compatible; DataForSeoBot/1.0; +https://dataforseo.com/dataforseo-bot)" 295 **0/295952**
216.244.66.241 - - [03/Mar/2026:10:27:10 -0700] "GET /oficialnyj-sajt-kazino-onlajn-vhod-pokerdom/ HTTP/1.1" 200 352747 "-" "Mozilla/5.0 (compatible; DotBot/1.2; +https://opensiteexplorer.org/dotbot; help@moz.com)" 251 **0/251926**
136.243.220.212 - - [03/Mar/2026:10:27:12 -0700] "GET /what-is-actually-a-wire-import-the-newest-free-winner-10-spins-no-deposit-2023-motley-deceive/ HTTP/1.1" 200 72774 "-" "Mozilla/5.0 (compatible; DataForSeoBot/1.0; +https://dataforseo.com/dataforseo-bot)" 305 **0/305370**
136.243.220.212 - - [03/Mar/2026:10:27:15 -0700] "GET /100-percent-free-demonstration-provides/ HTTP/1.1" 200 72076 "-" "Mozilla/5.0 (compatible; DataForSeoBot/1.0; +https://dataforseo.com/dataforseo-bot)" 330 **0/330334**
136.243.220.212 - - [03/Mar/2026:10:27:19 -0700] "GET /top-10-no-deposit-phoenix-reborn-casino-extra-online-casinos-inside-2025/ HTTP/1.1" 200 72839 "-" "Mozilla/5.0 (compatible; DataForSeoBot/1.0; +https://dataforseo.com/dataforseo-bot)" 320 **0/320456**
57.141.16.4 - - [03/Mar/2026:10:27:23 -0700] "GET /wp-json/wp/v2/posts/150165 HTTP/1.1" 200 6772 "-" "meta-externalagent/1.1 (+https://developers.facebook.com/docs/sharing/webmasters/crawler)" 128 **0/128432**
136.243.220.212 - - [03/Mar/2026:10:27:23 -0700] "GET /best-a-real-income-ports-to-play-on-line-inside-the-2025-current/ HTTP/1.1" 200 71868 "-" "Mozilla/5.0 (compatible; DataForSeoBot/1.0; +https://dataforseo.com/dataforseo-bot)" 282 **0/282539**
136.243.220.212 - - [03/Mar/2026:10:27:27 -0700] "GET /20-greatest-web-based-casinos-for-real-money-october-2025/ HTTP/1.1" 200 73187 "-" "Mozilla/5.0 (compatible; DataForSeoBot/1.0; +https://dataforseo.com/dataforseo-bot)" 380 **0/380367**
136.243.220.212 - - [03/Mar/2026:10:27:32 -0700] "GET /your-panels-gutenberg-ebook-from-casual-items-from-the-publisher-w-h-davenport-adams/ HTTP/1.1" 200 72048 "-" "Mozilla/5.0 (compatible; DataForSeoBot/1.0; +https://dataforseo.com/dataforseo-bot)" 319 **0/319921**
216.244.66.241 - - [03/Mar/2026:10:27:33 -0700] "GET /olybet-espana-974-3/ HTTP/1.1" 200 348230 "-" "Mozilla/5.0 (compatible; DotBot/1.2; +https://opensiteexplorer.org/dotbot; help@moz.com)" 305 **0/305453**
136.243.220.212 - - [03/Mar/2026:10:27:36 -0700] "GET /how-to-take-a-look-at-black-widow-on-the-internet-5-place-local-wonclub-online-casino-free-money-casino-deposit-ten-get-50-gambling-enterprise-munchkins-now-european-fulfilling-for-the-veterinary-a/ HTTP/1.1" 200 73910 "-" "Mozilla/5.0 (compatible; DataForSeoBot/1.0; +https://dataforseo.com/dataforseo-bot)" 281 **0/281728**
136.243.220.212 - - [03/Mar/2026:10:27:40 -0700] "GET /f1-italian-huge-prix-2024-competition-effect-time-quickest-lap-we-planetf1/ HTTP/1.1" 200 73666 "-" "Mozilla/5.0 (compatible; DataForSeoBot/1.0; +https://dataforseo.com/dataforseo-bot)" 299 **0/299726**
136.243.220.212 - - [03/Mar/2026:10:27:44 -0700] "GET /spil-narcos-spilleautomaten-kendt-siden-netflix-casino-bet365-ingen-indbetalingsbonus-serien/ HTTP/1.1" 200 73050 "-" "Mozilla/5.0 (compatible; DataForSeoBot/1.0; +https://dataforseo.com/dataforseo-bot)" 281 **0/281402**
136.243.220.212 - - [03/Mar/2026:10:27:48 -0700] "GET /in-welchem-ausma-nachfolgende-blackjack-lightning-real-time-game-show-perform-behind-blackjack-beruhmte-personlichkeit-blackjack/ HTTP/1.1" 200 72358 "-" "Mozilla/5.0 (compatible; DataForSeoBot/1.0; +https://dataforseo.com/dataforseo-bot)" 307 **0/307526**
136.243.220.212 - - [03/Mar/2026:10:27:52 -0700] "GET /best-web-based-casinos-uk-22-web-based-casinos-analyzed-inside-2025/ HTTP/1.1" 200 71763 "-" "Mozilla/5.0 (compatible; DataForSeoBot/1.0; +https://dataforseo.com/dataforseo-bot)" 327 **0/327003**
57.141.16.19 - - [03/Mar/2026:10:27:52 -0700] "GET /wp-json/wp/v2/posts/147017 HTTP/1.1" 200 9951 "-" "meta-externalagent/1.1 (+https://developers.facebook.com/docs/sharing/webmasters/crawler)" 127 **0/127031**
68.178.232.37 - - [03/Mar/2026:10:27:56 -0700] "POST /wp-cron.php?doing_wp_cron=1772558876.4177460670471191406250 HTTP/1.1" 200 - "http://www.icdp.co.in/wp-cron.php?doing_wp_cron=1772558876.4177460670471191406250" "WordPress/5.7.8; http://www.icdp.co.in" 173 **0/173870**
136.243.220.212 - - [03/Mar/2026:10:27:56 -0700] "GET /enjoy-keno-on-the-web-for-real-money-free-better-keno-casinos-2025/ HTTP/1.1" 200 72543 "-" "Mozilla/5.0 (compatible; DataForSeoBot/1.0; +https://dataforseo.com/dataforseo-bot)" 495 **0/495378**
216.244.66.241 - - [03/Mar/2026:10:27:57 -0700] "GET /unique-casino-notre-avis-sur-cette-plateforme-2127/ HTTP/1.1" 200 358646 "-" "Mozilla/5.0 (compatible; DotBot/1.2; +https://opensiteexplorer.org/dotbot; help@moz.com)" 280 **0/280436**
136.243.220.212 - - [03/Mar/2026:10:27:59 -0700] "GET /auffuhren-football-legends-gemein-slot-quest-for-golden-slot-die-erreichbar-razor-returns-slot-pro-freies-echtes-bimbes-inside-slot-pelaa-casino-bonusspiel-lords-spielbank/ HTTP/1.1" 200 72463 "-" "Mozilla/5.0 (compatible; DataForSeoBot/1.0; +https://dataforseo.com/dataforseo-bot)" 304 **0/304564**
136.243.220.212 - - [03/Mar/2026:10:28:04 -0700] "GET /better-slingo-internet-sites-enjoy-on-the-web-slingo-today/ HTTP/1.1" 200 72437 "-" "Mozilla/5.0 (compatible; DataForSeoBot/1.0; +https://dataforseo.com/dataforseo-bot)" 271 **0/271762**
136.243.220.212 - - [03/Mar/2026:10:28:07 -0700] "GET /2025-language-motogp-jerez-full-being-qualified-efficiency/ HTTP/1.1" 200 74099 "-" "Mozilla/5.0 (compatible; DataForSeoBot/1.0; +https://dataforseo.com/dataforseo-bot)" 306 **0/306449**
17.246.23.10 - - [03/Mar/2026:10:28:12 -0700] "GET /5-minimal-put-bill-and-teds-excellent-adventure-slot-free-spins-web-based-casinos-united-states-of-america-best-picks-2025/ HTTP/1.1" 200 79845 "-" "Mozilla/5.0 (Macintosh; Intel Mac OS X 10_15_7) AppleWebKit/605.1.15 (KHTML, like Gecko) Version/17.4 Safari/605.1.15 (Applebot/0.1; +http://www.apple.com/go/applebot)" 283 **0/283657**
136.243.220.212 - - [03/Mar/2026:10:28:12 -0700] "GET /finest-on-the-internet-blackjack-websites-2025-where-you-can-gamble-black-jack-on-the-online-slot-games-seasons-rtp-internet/ HTTP/1.1" 200 74229 "-" "Mozilla/5.0 (compatible; DataForSeoBot/1.0; +https://dataforseo.com/dataforseo-bot)" 304 **0/304031**
17.246.23.245 - - [03/Mar/2026:10:28:13 -0700] "GET /ive-never-ever-gotten-anymore-statements-from-them/ HTTP/1.1" 200 78080 "-" "Mozilla/5.0 (Macintosh; Intel Mac OS X 10_15_7) AppleWebKit/605.1.15 (KHTML, like Gecko) Version/17.4 Safari/605.1.15 (Applebot/0.1; +http://www.apple.com/go/applebot)" 274 **0/274374**
136.243.220.212 - - [03/Mar/2026:10:28:16 -0700] "GET /greatest-web-based-casinos-usa-2025-better-real-cash-online-casinos/ HTTP/1.1" 200 72900 "-" "Mozilla/5.0 (compatible; DataForSeoBot/1.0; +https://dataforseo.com/dataforseo-bot)" 307 **0/307601**
136.243.220.212 - - [03/Mar/2026:10:28:20 -0700] "GET /nachfolgende-besten-10-euroletten-eye-of-horus-app-spielautomaten-rezension-high-school-manga-1-big-time-gaming-slots-echtes-bares-unzweifelhaftigkeit-provision-gleichwohl-einzahlung-angebote/ HTTP/1.1" 200 73651 "-" "Mozilla/5.0 (compatible; DataForSeoBot/1.0; +https://dataforseo.com/dataforseo-bot)" 271 **0/271196**
136.243.220.212 - - [03/Mar/2026:10:28:23 -0700] "GET /beste-erreichbar-casinos-qua-big-time-unlimluck-casino-ch-gaming-vortragen-2025/ HTTP/1.1" 200 74260 "-" "Mozilla/5.0 (compatible; DataForSeoBot/1.0; +https://dataforseo.com/dataforseo-bot)" 322 **0/322443**
136.243.220.212 - - [03/Mar/2026:10:28:27 -0700] "GET /pdf-doctrinas-fundamentales-y-la-tradicion-de-los-angeles-iglesia-de-los-primeros-siglos/ HTTP/1.1" 200 74387 "-" "Mozilla/5.0 (compatible; DataForSeoBot/1.0; +https://dataforseo.com/dataforseo-bot)" 300 **0/300448**
136.243.220.212 - - [03/Mar/2026:10:28:31 -0700] "GET /jumpin-jalapenos-with-short-hit-konami-position-opinion-trial-oct-2025/ HTTP/1.1" 200 72054 "-" "Mozilla/5.0 (compatible; DataForSeoBot/1.0; +https://dataforseo.com/dataforseo-bot)" 330 **0/330750**
57.141.16.70 - - [03/Mar/2026:10:28:35 -0700] "GET /?p=147619 HTTP/1.1" 301 - "-" "meta-externalagent/1.1 (+https://developers.facebook.com/docs/sharing/webmasters/crawler)" 114 **0/114047**
136.243.220.212 - - [03/Mar/2026:10:28:35 -0700] "GET /quels-sont-les-meilleurs-sites-en-compagnie-de-crazy-monkey-i-tous-les-bilans-accolai/ HTTP/1.1" 200 71493 "-" "Mozilla/5.0 (compatible; DataForSeoBot/1.0; +https://dataforseo.com/dataforseo-bot)" 285 **0/285895**
15.235.145.198 - - [03/Mar/2026:10:28:38 -0700] "GET /descubra-o-mundo-do-bcgame-a-nova-era-dos-jogos-de/ HTTP/1.1" 404 1 "http://www.icdp.co.in/" "Mozilla/5.0 (Windows NT 10.0; WOW64) AppleWebKit/537.36 (KHTML, like Gecko) Chrome/114.0.0.0 Safari/537.36" 108 **0/108624**
15.235.145.198 - - [03/Mar/2026:10:28:38 -0700] "GET / HTTP/1.1" 200 8588 "-" "Mozilla/5.0 (Windows NT 10.0; WOW64) AppleWebKit/537.36 (KHTML, like Gecko) Chrome/114.0.0.0 Safari/537.36" 167 **0/167774**
15.235.145.198 - - [03/Mar/2026:10:28:38 -0700] "GET /eminent-speakers/ HTTP/1.1" 200 18130 "http://www.icdp.co.in" "Mozilla/5.0 (Windows NT 10.0; WOW64) AppleWebKit/537.36 (KHTML, like Gecko) Chrome/114.0.0.0 Safari/537.36" 406 **0/406317**
136.243.220.212 - - [03/Mar/2026:10:28:40 -0700] "GET /2024-autocrate-leurs-bonus-en-compagnie-de-100-felins-spins/ HTTP/1.1" 200 72834 "-" "Mozilla/5.0 (compatible; DataForSeoBot/1.0; +https://dataforseo.com/dataforseo-bot)" 337 **0/337043**
136.243.220.212 - - [03/Mar/2026:10:28:43 -0700] "GET /5-lowest-deposit-casinos-in-the-canada-totally-free-spins-to-possess-5/ HTTP/1.1" 200 71252 "-" "Mozilla/5.0 (compatible; DataForSeoBot/1.0; +https://dataforseo.com/dataforseo-bot)" 318 **0/318319**
136.243.220.212 - - [03/Mar/2026:10:28:47 -0700] "GET /the-center-of-your-internet-sites/ HTTP/1.1" 200 72184 "-" "Mozilla/5.0 (compatible; DataForSeoBot/1.0; +https://dataforseo.com/dataforseo-bot)" 333 **0/333792**
136.243.220.212 - - [03/Mar/2026:10:28:51 -0700] "GET /relacion-de-tiradas-gratuito-sobre-casino-de-jimi-hendrix-giros-falto-brecha-argentina-acerca-de-2025/ HTTP/1.1" 200 74032 "-" "Mozilla/5.0 (compatible; DataForSeoBot/1.0; +https://dataforseo.com/dataforseo-bot)" 294 **0/294532**
136.243.220.212 - - [03/Mar/2026:10:28:55 -0700] "GET /house-online-casino-bonuses/ HTTP/1.1" 200 73791 "-" "Mozilla/5.0 (compatible; DataForSeoBot/1.0; +https://dataforseo.com/dataforseo-bot)" 265 **0/265428**
68.178.232.37 - - [03/Mar/2026:10:28:59 -0700] "POST /wp-cron.php?doing_wp_cron=1772558939.5972659587860107421875 HTTP/1.1" 200 - "http://www.icdp.co.in/wp-cron.php?doing_wp_cron=1772558939.5972659587860107421875" "WordPress/5.7.8; http://www.icdp.co.in" 157 **0/157348**
136.243.220.212 - - [03/Mar/2026:10:28:59 -0700] "GET /mejores-casinos-con-el-pasar-del-tiempo-bingo-en-internet-referente-a-de-cualquier-parte-del-mundo-con-el-fin-de-2025/ HTTP/1.1" 200 73334 "-" "Mozilla/5.0 (compatible; DataForSeoBot/1.0; +https://dataforseo.com/dataforseo-bot)" 449 **0/449636**
136.243.220.212 - - [03/Mar/2026:10:29:03 -0700] "GET /kast-king-sharky-iii-review-better-benefits-drawbacks-reel-opinion/ HTTP/1.1" 200 72096 "-" "Mozilla/5.0 (compatible; DataForSeoBot/1.0; +https://dataforseo.com/dataforseo-bot)" 349 **0/349548**
136.243.220.212 - - [03/Mar/2026:10:29:07 -0700] "GET /punctual-withdrawal-local-casino-sites-for-2025-quick-payment-gambling-enterprises/ HTTP/1.1" 200 72316 "-" "Mozilla/5.0 (compatible; DataForSeoBot/1.0; +https://dataforseo.com/dataforseo-bot)" 311 **0/311361**
136.243.220.212 - - [03/Mar/2026:10:29:12 -0700] "GET /sus-particulares-crystal-forest-ningun-tanque-de-su-tragamonedas-genies-and-gems-soluciona-con-giros-vano-mr-bet/ HTTP/1.1" 200 73764 "-" "Mozilla/5.0 (compatible; DataForSeoBot/1.0; +https://dataforseo.com/dataforseo-bot)" 285 **0/285732**
136.243.220.212 - - [03/Mar/2026:10:29:16 -0700] "GET /best-5-minimal-put-casinos-to-own-2025/ HTTP/1.1" 200 73829 "-" "Mozilla/5.0 (compatible; DataForSeoBot/1.0; +https://dataforseo.com/dataforseo-bot)" 318 **0/318649**
136.243.220.212 - - [03/Mar/2026:10:29:20 -0700] "GET /best-no-deposit-incentives-2024-finest-free-local-casino-added-bonus-now-offers/ HTTP/1.1" 200 72539 "-" "Mozilla/5.0 (compatible; DataForSeoBot/1.0; +https://dataforseo.com/dataforseo-bot)" 260 **0/260258**
136.243.220.212 - - [03/Mar/2026:10:29:23 -0700] "GET /handel-or-no-deal-live-berechnung-2025-entwicklungsprozess-gaming/ HTTP/1.1" 200 74781 "-" "Mozilla/5.0 (compatible; DataForSeoBot/1.0; +https://dataforseo.com/dataforseo-bot)" 279 **0/279028**
136.243.220.212 - - [03/Mar/2026:10:29:27 -0700] "GET /beste-angeschlossen-casinos-2025-unser-tagesordnungspunkt-bwin-casino-bewertet-echtes-geld-100-testberichte/ HTTP/1.1" 200 73796 "-" "Mozilla/5.0 (compatible; DataForSeoBot/1.0; +https://dataforseo.com/dataforseo-bot)" 287 **0/287804**
136.243.220.212 - - [03/Mar/2026:10:29:32 -0700] "GET /cazino-casino-remark-2025-awaken-so-you-can-29100000-lc-21-totally-free-sc/ HTTP/1.1" 200 74014 "-" "Mozilla/5.0 (compatible; DataForSeoBot/1.0; +https://dataforseo.com/dataforseo-bot)" 321 **0/321730**
37.139.53.179 - - [03/Mar/2026:10:29:35 -0700] "GET /eske-casino-ve-co-potebujete-vdt/ HTTP/1.1" 200 73451 "-" "Mozilla/5.0 (Windows NT 10.0; WOW64) AppleWebKit/537.36 (KHTML, like Gecko) Chrome/114.0.0.0 Safari/537.36 Vivaldi/5.3.2679.68" 264 **0/264540**
136.243.220.212 - - [03/Mar/2026:10:29:36 -0700] "GET /better-dolphins-pearl-deluxe-video-slot-on-the-web-black-jack-casinos-2025-best-black-jack-internet-sites/ HTTP/1.1" 200 73688 "-" "Mozilla/5.0 (compatible; DataForSeoBot/1.0; +https://dataforseo.com/dataforseo-bot)" 284 **0/284567**
136.243.220.212 - - [03/Mar/2026:10:29:39 -0700] "GET /browse-the-earn-sum-dark-share-slot-online-game-review-created-by-microgaming-in-addition-to-see-casinos-on-the-internet-and-you-may-100-percent-free-spins-to-try-out-the-newest-gam-the-real-deal-mone/ HTTP/1.1" 200 73830 "-" "Mozilla/5.0 (compatible; DataForSeoBot/1.0; +https://dataforseo.com/dataforseo-bot)" 277 **0/277482**
136.243.220.212 - - [03/Mar/2026:10:29:44 -0700] "GET /list-of-all-of-the-societal-casinos-one-hundred-web-sites-apps-oct-2025/ HTTP/1.1" 200 72027 "-" "Mozilla/5.0 (compatible; DataForSeoBot/1.0; +https://dataforseo.com/dataforseo-bot)" 256 **0/256513**
216.244.66.241 - - [03/Mar/2026:10:29:45 -0700] "GET /udenlandske-casinoer-uden-dansk-licens-en-guide/ HTTP/1.1" 200 349959 "-" "Mozilla/5.0 (compatible; DotBot/1.2; +https://opensiteexplorer.org/dotbot; help@moz.com)" 277 **0/277922**
136.243.220.212 - - [03/Mar/2026:10:29:47 -0700] "GET /high-restriction-blackjack-flashdash-promo-codes-2025-gamble-blackjack-to-the-large-risk-limitations/ HTTP/1.1" 200 73971 "-" "Mozilla/5.0 (compatible; DataForSeoBot/1.0; +https://dataforseo.com/dataforseo-bot)" 296 **0/296147**
136.243.220.212 - - [03/Mar/2026:10:29:51 -0700] "GET /best-totally-free-revolves-no-deposit-extra-rules-for-22-october-2025/ HTTP/1.1" 200 73432 "-" "Mozilla/5.0 (compatible; DataForSeoBot/1.0; +https://dataforseo.com/dataforseo-bot)" 280 **0/280349**
136.243.220.212 - - [03/Mar/2026:10:29:55 -0700] "GET /5-chinga-choong-step-one-deposit-put-local-casino-australian-continent-2025-put-5-get-100-free-revolves-minik-arilar-kres-anaokulu-secret-santa-online-slot-yuva-kizilay-ankara-kocatepe/ HTTP/1.1" 200 74370 "-" "Mozilla/5.0 (compatible; DataForSeoBot/1.0; +https://dataforseo.com/dataforseo-bot)" 281 **0/281538**
136.243.220.212 - - [03/Mar/2026:10:29:59 -0700] "GET /eurogrand-casino-maklercourtage-250-50-freispiele-narcos-slot-jackpot-eurogrand/ HTTP/1.1" 200 73302 "-" "Mozilla/5.0 (compatible; DataForSeoBot/1.0; +https://dataforseo.com/dataforseo-bot)" 314 **0/314680**
136.243.220.212 - - [03/Mar/2026:10:30:04 -0700] "GET /six-step-1-deposit-dragon-empire-reason-gnome-remains-an-enthusiastic-told-linux-pc-ecosystem/ HTTP/1.1" 200 71622 "-" "Mozilla/5.0 (compatible; DataForSeoBot/1.0; +https://dataforseo.com/dataforseo-bot)" 399 **0/399560**
216.244.66.241 - - [03/Mar/2026:10:30:06 -0700] "GET /vavada-zerkalo-vhod-na-oficialnyj-sajt-4931/ HTTP/1.1" 200 358703 "-" "Mozilla/5.0 (compatible; DotBot/1.2; +https://opensiteexplorer.org/dotbot; help@moz.com)" 357 **0/357351**
136.243.220.212 - - [03/Mar/2026:10:30:07 -0700] "GET /best-blackjack-websites-rome-warrior-slot-2025-best-websites-playing-real-money-black-jack-on-the-internet/ HTTP/1.1" 200 74206 "-" "Mozilla/5.0 (compatible; DataForSeoBot/1.0; +https://dataforseo.com/dataforseo-bot)" 361 **0/361799**
136.243.220.212 - - [03/Mar/2026:10:30:12 -0700] "GET /freispiele-abzuglich-einzahlung-2025-letzter-schrei-sizzling-hot-deluxe-slot-free-spins-1800-free-spins/ HTTP/1.1" 200 73695 "-" "Mozilla/5.0 (compatible; DataForSeoBot/1.0; +https://dataforseo.com/dataforseo-bot)" 271 **0/271443**
57.141.16.41 - - [03/Mar/2026:10:30:13 -0700] "GET /wp-json/oembed/1.0/embed?url=http%3A%2F%2Fwww.icdp.co.in%2Fcool-cat-gambling-establishment-reputable-inclave-gambling-establishment-with-regular-offers%2F HTTP/1.1" 200 2649 "-" "meta-externalagent/1.1 (+https://developers.facebook.com/docs/sharing/webmasters/crawler)" 142 **0/142814**
