66.102.6.76 - - [03/Mar/2026:20:25:35 -0700] "GET /wp-content/plugins/LayerSlider/assets/static/layerslider/css/layerslider.css?ver=7.12.3 HTTP/1.1" 200 5587 "https://oldwebsite.sbsc.in/our-alumni/" "Mozilla/5.0 (Linux; Android 10; K) AppleWebKit/537.36 (KHTML, like Gecko) Chrome/138.0.0.0 Mobile Safari/537.36 (compatible; Google-Read-Aloud; +https://support.google.com/webmasters/answer/1061943)" 5 **0/5127**
66.102.6.77 - - [03/Mar/2026:20:25:35 -0700] "GET /wp-content/uploads/maxmegamenu/style.css?ver=7a0c03 HTTP/1.1" 200 8635 "https://oldwebsite.sbsc.in/our-alumni/" "Mozilla/5.0 (Linux; Android 10; K) AppleWebKit/537.36 (KHTML, like Gecko) Chrome/138.0.0.0 Mobile Safari/537.36 (compatible; Google-Read-Aloud; +https://support.google.com/webmasters/answer/1061943)" 6 **0/6163**
66.102.6.77 - - [03/Mar/2026:20:25:35 -0700] "GET /wp-content/plugins/unlimited-theme-addons/assets/frontend/css/search.min.css?ver=1.2.3 HTTP/1.1" 200 268 "https://oldwebsite.sbsc.in/our-alumni/" "Mozilla/5.0 (Linux; Android 10; K) AppleWebKit/537.36 (KHTML, like Gecko) Chrome/138.0.0.0 Mobile Safari/537.36 (compatible; Google-Read-Aloud; +https://support.google.com/webmasters/answer/1061943)" 3 **0/3936**
66.102.6.76 - - [03/Mar/2026:20:25:35 -0700] "GET /wp-content/plugins/unlimited-theme-addons/assets/frontend/css/library/odometer.min.css?ver=1.2.3 HTTP/1.1" 200 419 "https://oldwebsite.sbsc.in/our-alumni/" "Mozilla/5.0 (Linux; Android 10; K) AppleWebKit/537.36 (KHTML, like Gecko) Chrome/138.0.0.0 Mobile Safari/537.36 (compatible; Google-Read-Aloud; +https://support.google.com/webmasters/answer/1061943)" 3 **0/3758**
66.102.6.76 - - [03/Mar/2026:20:25:35 -0700] "GET /wp-content/plugins/unlimited-theme-addons/assets/frontend/css/product-list.min.css?ver=1.2.3 HTTP/1.1" 200 602 "https://oldwebsite.sbsc.in/our-alumni/" "Mozilla/5.0 (Linux; Android 10; K) AppleWebKit/537.36 (KHTML, like Gecko) Chrome/138.0.0.0 Mobile Safari/537.36 (compatible; Google-Read-Aloud; +https://support.google.com/webmasters/answer/1061943)" 3 **0/3409**
66.102.6.64 - - [03/Mar/2026:20:25:35 -0700] "GET /wp-content/plugins/elementskit-lite/modules/elementskit-icon-pack/assets/css/ekiticons.css?ver=3.8.1 HTTP/1.1" 200 11048 "https://oldwebsite.sbsc.in/our-alumni/" "Mozilla/5.0 (Linux; Android 10; K) AppleWebKit/537.36 (KHTML, like Gecko) Chrome/138.0.0.0 Mobile Safari/537.36 (compatible; Google-Read-Aloud; +https://support.google.com/webmasters/answer/1061943)" 7 **0/7579**
66.102.6.76 - - [03/Mar/2026:20:25:35 -0700] "GET /wp-content/plugins/elementor/assets/lib/font-awesome/css/font-awesome.min.css?ver=4.7.0 HTTP/1.1" 200 7052 "https://oldwebsite.sbsc.in/our-alumni/" "Mozilla/5.0 (Linux; Android 10; K) AppleWebKit/537.36 (KHTML, like Gecko) Chrome/138.0.0.0 Mobile Safari/537.36 (compatible; Google-Read-Aloud; +https://support.google.com/webmasters/answer/1061943)" 8 **0/8758**
66.102.6.77 - - [03/Mar/2026:20:25:35 -0700] "GET /wp-content/plugins/elementor-pro/assets/css/widget-nav-menu.min.css?ver=3.26.0 HTTP/1.1" 200 3369 "https://oldwebsite.sbsc.in/our-alumni/" "Mozilla/5.0 (Linux; Android 10; K) AppleWebKit/537.36 (KHTML, like Gecko) Chrome/138.0.0.0 Mobile Safari/537.36 (compatible; Google-Read-Aloud; +https://support.google.com/webmasters/answer/1061943)" 3 **0/3561**
66.102.6.77 - - [03/Mar/2026:20:25:35 -0700] "GET /wp-content/plugins/elementor-pro/assets/css/modules/sticky.min.css?ver=3.28.2 HTTP/1.1" 200 116 "https://oldwebsite.sbsc.in/our-alumni/" "Mozilla/5.0 (Linux; Android 10; K) AppleWebKit/537.36 (KHTML, like Gecko) Chrome/138.0.0.0 Mobile Safari/537.36 (compatible; Google-Read-Aloud; +https://support.google.com/webmasters/answer/1061943)" 8 **0/8780**
66.102.6.76 - - [03/Mar/2026:20:25:35 -0700] "GET /wp-content/plugins/bdthemes-prime-slider-lite/assets/css/prime-slider-site.css?ver=4.1.9 HTTP/1.1" 200 2963 "https://oldwebsite.sbsc.in/our-alumni/" "Mozilla/5.0 (Linux; Android 10; K) AppleWebKit/537.36 (KHTML, like Gecko) Chrome/138.0.0.0 Mobile Safari/537.36 (compatible; Google-Read-Aloud; +https://support.google.com/webmasters/answer/1061943)" 5 **0/5290**
66.102.6.77 - - [03/Mar/2026:20:25:35 -0700] "GET /wp-content/tablepress-combined.min.css?ver=40 HTTP/1.1" 200 1805 "https://oldwebsite.sbsc.in/our-alumni/" "Mozilla/5.0 (Linux; Android 10; K) AppleWebKit/537.36 (KHTML, like Gecko) Chrome/138.0.0.0 Mobile Safari/537.36 (compatible; Google-Read-Aloud; +https://support.google.com/webmasters/answer/1061943)" 9 **0/9398**
66.102.6.76 - - [03/Mar/2026:20:25:35 -0700] "GET /wp-content/plugins/unlimited-theme-addons/assets/frontend/css/product-grid.css?ver=1.2.3 HTTP/1.1" 200 1265 "https://oldwebsite.sbsc.in/our-alumni/" "Mozilla/5.0 (Linux; Android 10; K) AppleWebKit/537.36 (KHTML, like Gecko) Chrome/138.0.0.0 Mobile Safari/537.36 (compatible; Google-Read-Aloud; +https://support.google.com/webmasters/answer/1061943)" 7 **0/7060**
66.102.6.77 - - [03/Mar/2026:20:25:35 -0700] "GET /wp-content/plugins/elementor/assets/lib/eicons/css/elementor-icons.min.css?ver=5.34.0 HTTP/1.1" 200 4429 "https://oldwebsite.sbsc.in/our-alumni/" "Mozilla/5.0 (Linux; Android 10; K) AppleWebKit/537.36 (KHTML, like Gecko) Chrome/138.0.0.0 Mobile Safari/537.36 (compatible; Google-Read-Aloud; +https://support.google.com/webmasters/answer/1061943)" 9 **0/9684**
66.102.6.76 - - [03/Mar/2026:20:25:35 -0700] "GET /wp-content/plugins/ditty-news-ticker/includes/libs/fontawesome-6.4.0/css/all.css?ver=6.4.0 HTTP/1.1" 200 23970 "https://oldwebsite.sbsc.in/our-alumni/" "Mozilla/5.0 (Linux; Android 10; K) AppleWebKit/537.36 (KHTML, like Gecko) Chrome/138.0.0.0 Mobile Safari/537.36 (compatible; Google-Read-Aloud; +https://support.google.com/webmasters/answer/1061943)" 7 **0/7025**
66.102.6.64 - - [03/Mar/2026:20:25:35 -0700] "GET /wp-includes/css/dashicons.min.css?ver=6.9.1 HTTP/1.1" 200 35721 "https://oldwebsite.sbsc.in/our-alumni/" "Mozilla/5.0 (Linux; Android 10; K) AppleWebKit/537.36 (KHTML, like Gecko) Chrome/138.0.0.0 Mobile Safari/537.36 (compatible; Google-Read-Aloud; +https://support.google.com/webmasters/answer/1061943)" 6 **0/6540**
66.102.6.64 - - [03/Mar/2026:20:25:35 -0700] "GET /wp-content/plugins/unlimited-theme-addons/assets/frontend/css/infobox.min.css?ver=1.2.3 HTTP/1.1" 200 1688 "https://oldwebsite.sbsc.in/our-alumni/" "Mozilla/5.0 (Linux; Android 10; K) AppleWebKit/537.36 (KHTML, like Gecko) Chrome/138.0.0.0 Mobile Safari/537.36 (compatible; Google-Read-Aloud; +https://support.google.com/webmasters/answer/1061943)" 3 **0/3932**
66.102.6.76 - - [03/Mar/2026:20:25:35 -0700] "GET /wp-content/plugins/bdthemes-prime-slider-lite/assets/css/bdt-uikit.css?ver=3.21.7 HTTP/1.1" 200 15503 "https://oldwebsite.sbsc.in/our-alumni/" "Mozilla/5.0 (Linux; Android 10; K) AppleWebKit/537.36 (KHTML, like Gecko) Chrome/138.0.0.0 Mobile Safari/537.36 (compatible; Google-Read-Aloud; +https://support.google.com/webmasters/answer/1061943)" 6 **0/6368**
66.102.6.64 - - [03/Mar/2026:20:25:35 -0700] "GET /wp-content/plugins/essential-addons-for-elementor-lite/assets/front-end/css/view/general.min.css?ver=6.5.12 HTTP/1.1" 200 1596 "https://oldwebsite.sbsc.in/our-alumni/" "Mozilla/5.0 (Linux; Android 10; K) AppleWebKit/537.36 (KHTML, like Gecko) Chrome/138.0.0.0 Mobile Safari/537.36 (compatible; Google-Read-Aloud; +https://support.google.com/webmasters/answer/1061943)" 6 **0/6129**
66.102.6.64 - - [03/Mar/2026:20:25:35 -0700] "GET /wp-content/plugins/unlimited-theme-addons/assets/frontend/css/company-logo.min.css?ver=1.2.3 HTTP/1.1" 200 1276 "https://oldwebsite.sbsc.in/our-alumni/" "Mozilla/5.0 (Linux; Android 10; K) AppleWebKit/537.36 (KHTML, like Gecko) Chrome/138.0.0.0 Mobile Safari/537.36 (compatible; Google-Read-Aloud; +https://support.google.com/webmasters/answer/1061943)" 6 **0/6028**
66.102.6.64 - - [03/Mar/2026:20:25:35 -0700] "GET /wp-content/uploads/elementor/google-fonts/css/roboto.css?ver=1742270437 HTTP/1.1" 200 2858 "https://oldwebsite.sbsc.in/our-alumni/" "Mozilla/5.0 (Linux; Android 10; K) AppleWebKit/537.36 (KHTML, like Gecko) Chrome/138.0.0.0 Mobile Safari/537.36 (compatible; Google-Read-Aloud; +https://support.google.com/webmasters/answer/1061943)" 9 **0/9034**
66.102.6.76 - - [03/Mar/2026:20:25:35 -0700] "GET /wp-content/plugins/gutenkit-blocks-addon/build/gutenkit/frontend-common.css?ver=a28538744097629e283d HTTP/1.1" 200 487 "https://oldwebsite.sbsc.in/our-alumni/" "Mozilla/5.0 (Linux; Android 10; K) AppleWebKit/537.36 (KHTML, like Gecko) Chrome/138.0.0.0 Mobile Safari/537.36 (compatible; Google-Read-Aloud; +https://support.google.com/webmasters/answer/1061943)" 5 **0/5104**
66.102.6.76 - - [03/Mar/2026:20:25:35 -0700] "GET /wp-content/plugins/elementor/assets/css/widget-social-icons.min.css?ver=3.35.5 HTTP/1.1" 200 1142 "https://oldwebsite.sbsc.in/our-alumni/" "Mozilla/5.0 (Linux; Android 10; K) AppleWebKit/537.36 (KHTML, like Gecko) Chrome/138.0.0.0 Mobile Safari/537.36 (compatible; Google-Read-Aloud; +https://support.google.com/webmasters/answer/1061943)" 4 **0/4827**
66.102.6.64 - - [03/Mar/2026:20:25:35 -0700] "GET /wp-content/plugins/elementor/assets/css/widget-social-icons.min.css?ver=3.24.0 HTTP/1.1" 200 1142 "https://oldwebsite.sbsc.in/our-alumni/" "Mozilla/5.0 (Linux; Android 10; K) AppleWebKit/537.36 (KHTML, like Gecko) Chrome/138.0.0.0 Mobile Safari/537.36 (compatible; Google-Read-Aloud; +https://support.google.com/webmasters/answer/1061943)" 3 **0/3105**
66.102.6.64 - - [03/Mar/2026:20:25:35 -0700] "GET /wp-content/plugins/ditty-news-ticker/legacy/inc/static/css/style.css?ver=3.1.63 HTTP/1.1" 200 2067 "https://oldwebsite.sbsc.in/our-alumni/" "Mozilla/5.0 (Linux; Android 10; K) AppleWebKit/537.36 (KHTML, like Gecko) Chrome/138.0.0.0 Mobile Safari/537.36 (compatible; Google-Read-Aloud; +https://support.google.com/webmasters/answer/1061943)" 3 **0/3927**
66.102.6.76 - - [03/Mar/2026:20:25:35 -0700] "GET /wp-content/plugins/elementor/assets/css/widget-image.min.css?ver=3.35.5 HTTP/1.1" 200 135 "https://oldwebsite.sbsc.in/our-alumni/" "Mozilla/5.0 (Linux; Android 10; K) AppleWebKit/537.36 (KHTML, like Gecko) Chrome/138.0.0.0 Mobile Safari/537.36 (compatible; Google-Read-Aloud; +https://support.google.com/webmasters/answer/1061943)" 6 **0/6532**
66.102.6.76 - - [03/Mar/2026:20:25:35 -0700] "GET /wp-content/plugins/unlimited-theme-addons/assets/frontend/css/library/twentytwenty.min.css?ver=1.2.3 HTTP/1.1" 200 1055 "https://oldwebsite.sbsc.in/our-alumni/" "Mozilla/5.0 (Linux; Android 10; K) AppleWebKit/537.36 (KHTML, like Gecko) Chrome/138.0.0.0 Mobile Safari/537.36 (compatible; Google-Read-Aloud; +https://support.google.com/webmasters/answer/1061943)" 3 **0/3601**
66.102.6.76 - - [03/Mar/2026:20:25:35 -0700] "GET /wp-content/plugins/unlimited-theme-addons/assets/frontend/css/pricing.min.css?ver=1.2.3 HTTP/1.1" 200 884 "https://oldwebsite.sbsc.in/our-alumni/" "Mozilla/5.0 (Linux; Android 10; K) AppleWebKit/537.36 (KHTML, like Gecko) Chrome/138.0.0.0 Mobile Safari/537.36 (compatible; Google-Read-Aloud; +https://support.google.com/webmasters/answer/1061943)" 4 **0/4771**
66.102.6.77 - - [03/Mar/2026:20:25:35 -0700] "GET /wp-content/plugins/elementor/assets/css/widget-icon-list.min.css?ver=3.35.5 HTTP/1.1" 200 1023 "https://oldwebsite.sbsc.in/our-alumni/" "Mozilla/5.0 (Linux; Android 10; K) AppleWebKit/537.36 (KHTML, like Gecko) Chrome/138.0.0.0 Mobile Safari/537.36 (compatible; Google-Read-Aloud; +https://support.google.com/webmasters/answer/1061943)" 5 **0/5507**
66.102.6.64 - - [03/Mar/2026:20:25:35 -0700] "GET /wp-content/plugins/elementor/assets/css/conditionals/apple-webkit.min.css?ver=3.35.5 HTTP/1.1" 200 547 "https://oldwebsite.sbsc.in/our-alumni/" "Mozilla/5.0 (Linux; Android 10; K) AppleWebKit/537.36 (KHTML, like Gecko) Chrome/138.0.0.0 Mobile Safari/537.36 (compatible; Google-Read-Aloud; +https://support.google.com/webmasters/answer/1061943)" 5 **0/5486**
66.102.6.64 - - [03/Mar/2026:20:25:35 -0700] "GET /wp-content/plugins/unlimited-theme-addons/assets/frontend/css/post.min.css?ver=1.2.3 HTTP/1.1" 200 2257 "https://oldwebsite.sbsc.in/our-alumni/" "Mozilla/5.0 (Linux; Android 10; K) AppleWebKit/537.36 (KHTML, like Gecko) Chrome/138.0.0.0 Mobile Safari/537.36 (compatible; Google-Read-Aloud; +https://support.google.com/webmasters/answer/1061943)" 5 **0/5058**
66.102.6.64 - - [03/Mar/2026:20:25:35 -0700] "GET /wp-content/plugins/unlimited-theme-addons/assets/frontend/css/team.min.css?ver=1.2.3 HTTP/1.1" 200 3496 "https://oldwebsite.sbsc.in/our-alumni/" "Mozilla/5.0 (Linux; Android 10; K) AppleWebKit/537.36 (KHTML, like Gecko) Chrome/138.0.0.0 Mobile Safari/537.36 (compatible; Google-Read-Aloud; +https://support.google.com/webmasters/answer/1061943)" 4 **0/4434**
66.102.6.77 - - [03/Mar/2026:20:25:35 -0700] "GET /wp-content/plugins/elementskit-lite/widgets/init/assets/css/widget-styles.css?ver=3.8.1 HTTP/1.1" 200 51933 "https://oldwebsite.sbsc.in/our-alumni/" "Mozilla/5.0 (Linux; Android 10; K) AppleWebKit/537.36 (KHTML, like Gecko) Chrome/138.0.0.0 Mobile Safari/537.36 (compatible; Google-Read-Aloud; +https://support.google.com/webmasters/answer/1061943)" 17 **0/17549**
66.102.6.64 - - [03/Mar/2026:20:25:35 -0700] "GET /wp-content/plugins/unlimited-theme-addons/assets/frontend/css/counterup.min.css?ver=1.2.3 HTTP/1.1" 200 608 "https://oldwebsite.sbsc.in/our-alumni/" "Mozilla/5.0 (Linux; Android 10; K) AppleWebKit/537.36 (KHTML, like Gecko) Chrome/138.0.0.0 Mobile Safari/537.36 (compatible; Google-Read-Aloud; +https://support.google.com/webmasters/answer/1061943)" 8 **0/8928**
66.102.6.77 - - [03/Mar/2026:20:25:35 -0700] "GET /wp-content/plugins/elementor/assets/css/widget-icon-list.min.css?ver=3.24.3 HTTP/1.1" 200 1023 "https://oldwebsite.sbsc.in/our-alumni/" "Mozilla/5.0 (Linux; Android 10; K) AppleWebKit/537.36 (KHTML, like Gecko) Chrome/138.0.0.0 Mobile Safari/537.36 (compatible; Google-Read-Aloud; +https://support.google.com/webmasters/answer/1061943)" 8 **0/8570**
66.102.6.64 - - [03/Mar/2026:20:25:35 -0700] "GET /wp-content/plugins/elementor/assets/css/widget-social-icons.min.css?ver=3.24.0 HTTP/1.1" 200 1142 "https://oldwebsite.sbsc.in/our-alumni/" "Mozilla/5.0 (Linux; Android 10; K) AppleWebKit/537.36 (KHTML, like Gecko) Chrome/138.0.0.0 Mobile Safari/537.36 (compatible; Google-Read-Aloud; +https://support.google.com/webmasters/answer/1061943)" 5 **0/5497**
66.102.6.64 - - [03/Mar/2026:20:25:35 -0700] "GET /wp-content/themes/generatepress/assets/css/main.min.css?ver=3.6.1 HTTP/1.1" 200 4675 "https://oldwebsite.sbsc.in/our-alumni/" "Mozilla/5.0 (Linux; Android 10; K) AppleWebKit/537.36 (KHTML, like Gecko) Chrome/138.0.0.0 Mobile Safari/537.36 (compatible; Google-Read-Aloud; +https://support.google.com/webmasters/answer/1061943)" 4 **0/4586**
66.102.6.64 - - [03/Mar/2026:20:25:35 -0700] "GET /wp-content/plugins/unlimited-theme-addons/assets/frontend/css/counterup.min.css?ver=1.2.3 HTTP/1.1" 200 608 "https://oldwebsite.sbsc.in/our-alumni/" "Mozilla/5.0 (Linux; Android 10; K) AppleWebKit/537.36 (KHTML, like Gecko) Chrome/138.0.0.0 Mobile Safari/537.36 (compatible; Google-Read-Aloud; +https://support.google.com/webmasters/answer/1061943)" 5 **0/5205**
66.102.6.64 - - [03/Mar/2026:20:25:35 -0700] "GET /wp-content/plugins/ditty-news-ticker/legacy/inc/static/libs/fontastic/styles.css?ver=3.1.63 HTTP/1.1" 200 980 "https://oldwebsite.sbsc.in/our-alumni/" "Mozilla/5.0 (Linux; Android 10; K) AppleWebKit/537.36 (KHTML, like Gecko) Chrome/138.0.0.0 Mobile Safari/537.36 (compatible; Google-Read-Aloud; +https://support.google.com/webmasters/answer/1061943)" 4 **0/4886**
66.102.6.76 - - [03/Mar/2026:20:25:35 -0700] "GET /wp-content/plugins/sp-news-and-widget/assets/css/wpnw-public.css?ver=5.0.6 HTTP/1.1" 200 1598 "https://oldwebsite.sbsc.in/our-alumni/" "Mozilla/5.0 (Linux; Android 10; K) AppleWebKit/537.36 (KHTML, like Gecko) Chrome/138.0.0.0 Mobile Safari/537.36 (compatible; Google-Read-Aloud; +https://support.google.com/webmasters/answer/1061943)" 11 **0/11231**
66.102.6.64 - - [03/Mar/2026:20:25:35 -0700] "GET /wp-content/plugins/theme-my-login/assets/styles/theme-my-login.min.css?ver=7.1.14 HTTP/1.1" 200 457 "https://oldwebsite.sbsc.in/our-alumni/" "Mozilla/5.0 (Linux; Android 10; K) AppleWebKit/537.36 (KHTML, like Gecko) Chrome/138.0.0.0 Mobile Safari/537.36 (compatible; Google-Read-Aloud; +https://support.google.com/webmasters/answer/1061943)" 4 **0/4686**
66.102.6.76 - - [03/Mar/2026:20:25:35 -0700] "GET /wp-content/plugins/unlimited-theme-addons/assets/frontend/css/library/twentytwenty.min.css?ver=1.2.3 HTTP/1.1" 200 1055 "https://oldwebsite.sbsc.in/our-alumni/" "Mozilla/5.0 (Linux; Android 10; K) AppleWebKit/537.36 (KHTML, like Gecko) Chrome/138.0.0.0 Mobile Safari/537.36 (compatible; Google-Read-Aloud; +https://support.google.com/webmasters/answer/1061943)" 3 **0/3896**
66.102.6.64 - - [03/Mar/2026:20:25:35 -0700] "GET /wp-content/uploads/elementor/google-fonts/css/opensans.css?ver=1748599186 HTTP/1.1" 200 2581 "https://oldwebsite.sbsc.in/our-alumni/" "Mozilla/5.0 (Linux; Android 10; K) AppleWebKit/537.36 (KHTML, like Gecko) Chrome/138.0.0.0 Mobile Safari/537.36 (compatible; Google-Read-Aloud; +https://support.google.com/webmasters/answer/1061943)" 8 **0/8081**
66.102.6.64 - - [03/Mar/2026:20:25:35 -0700] "GET /wp-content/plugins/unlimited-theme-addons/assets/frontend/css/team.min.css?ver=1.2.3 HTTP/1.1" 200 3496 "https://oldwebsite.sbsc.in/our-alumni/" "Mozilla/5.0 (Linux; Android 10; K) AppleWebKit/537.36 (KHTML, like Gecko) Chrome/138.0.0.0 Mobile Safari/537.36 (compatible; Google-Read-Aloud; +https://support.google.com/webmasters/answer/1061943)" 6 **0/6449**
66.102.6.64 - - [03/Mar/2026:20:25:35 -0700] "GET /wp-content/plugins/unlimited-theme-addons/assets/frontend/css/blockquote.min.css?ver=1.2.3 HTTP/1.1" 200 285 "https://oldwebsite.sbsc.in/our-alumni/" "Mozilla/5.0 (Linux; Android 10; K) AppleWebKit/537.36 (KHTML, like Gecko) Chrome/138.0.0.0 Mobile Safari/537.36 (compatible; Google-Read-Aloud; +https://support.google.com/webmasters/answer/1061943)" 4 **0/4609**
66.102.6.76 - - [03/Mar/2026:20:25:35 -0700] "GET /wp-content/plugins/unlimited-theme-addons/assets/frontend/css/library/odometer.min.css?ver=1.2.3 HTTP/1.1" 200 419 "https://oldwebsite.sbsc.in/our-alumni/" "Mozilla/5.0 (Linux; Android 10; K) AppleWebKit/537.36 (KHTML, like Gecko) Chrome/138.0.0.0 Mobile Safari/537.36 (compatible; Google-Read-Aloud; +https://support.google.com/webmasters/answer/1061943)" 8 **0/8057**
66.102.6.76 - - [03/Mar/2026:20:25:35 -0700] "GET /wp-content/plugins/elementor-pro/assets/css/widget-mega-menu.min.css?ver=3.26.2 HTTP/1.1" 200 2852 "https://oldwebsite.sbsc.in/our-alumni/" "Mozilla/5.0 (Linux; Android 10; K) AppleWebKit/537.36 (KHTML, like Gecko) Chrome/138.0.0.0 Mobile Safari/537.36 (compatible; Google-Read-Aloud; +https://support.google.com/webmasters/answer/1061943)" 6 **0/6499**
66.102.6.64 - - [03/Mar/2026:20:25:35 -0700] "GET /wp-content/plugins/elementor-pro/assets/css/widget-blockquote.min.css?ver=3.25.0 HTTP/1.1" 200 1113 "https://oldwebsite.sbsc.in/our-alumni/" "Mozilla/5.0 (Linux; Android 10; K) AppleWebKit/537.36 (KHTML, like Gecko) Chrome/138.0.0.0 Mobile Safari/537.36 (compatible; Google-Read-Aloud; +https://support.google.com/webmasters/answer/1061943)" 11 **0/11388**
66.102.6.76 - - [03/Mar/2026:20:25:35 -0700] "GET /wp-content/plugins/unlimited-theme-addons/assets/frontend/css/product-list.min.css?ver=1.2.3 HTTP/1.1" 200 602 "https://oldwebsite.sbsc.in/our-alumni/" "Mozilla/5.0 (Linux; Android 10; K) AppleWebKit/537.36 (KHTML, like Gecko) Chrome/138.0.0.0 Mobile Safari/537.36 (compatible; Google-Read-Aloud; +https://support.google.com/webmasters/answer/1061943)" 4 **0/4770**
66.102.6.77 - - [03/Mar/2026:20:25:35 -0700] "GET /wp-content/uploads/elementor/google-fonts/css/roboto.css?ver=1742270437 HTTP/1.1" 200 2858 "https://oldwebsite.sbsc.in/our-alumni/" "Mozilla/5.0 (Linux; Android 10; K) AppleWebKit/537.36 (KHTML, like Gecko) Chrome/138.0.0.0 Mobile Safari/537.36 (compatible; Google-Read-Aloud; +https://support.google.com/webmasters/answer/1061943)" 7 **0/7017**
66.102.6.77 - - [03/Mar/2026:20:25:35 -0700] "GET /wp-content/plugins/bdthemes-prime-slider-lite/assets/css/prime-slider-site.css?ver=4.1.9 HTTP/1.1" 200 2963 "https://oldwebsite.sbsc.in/our-alumni/" "Mozilla/5.0 (Linux; Android 10; K) AppleWebKit/537.36 (KHTML, like Gecko) Chrome/138.0.0.0 Mobile Safari/537.36 (compatible; Google-Read-Aloud; +https://support.google.com/webmasters/answer/1061943)" 7 **0/7270**
66.102.6.76 - - [03/Mar/2026:20:25:35 -0700] "GET /wp-content/plugins/unlimited-theme-addons/assets/frontend/css/library/slick-theme.min.css?ver=1.2.3 HTTP/1.1" 200 878 "https://oldwebsite.sbsc.in/our-alumni/" "Mozilla/5.0 (Linux; Android 10; K) AppleWebKit/537.36 (KHTML, like Gecko) Chrome/138.0.0.0 Mobile Safari/537.36 (compatible; Google-Read-Aloud; +https://support.google.com/webmasters/answer/1061943)" 3 **0/3700**
66.102.6.77 - - [03/Mar/2026:20:25:35 -0700] "GET /wp-content/plugins/ditty-news-ticker/assets/build/dittyDisplays.css?ver=3.1.63 HTTP/1.1" 200 1283 "https://oldwebsite.sbsc.in/our-alumni/" "Mozilla/5.0 (Linux; Android 10; K) AppleWebKit/537.36 (KHTML, like Gecko) Chrome/138.0.0.0 Mobile Safari/537.36 (compatible; Google-Read-Aloud; +https://support.google.com/webmasters/answer/1061943)" 5 **0/5456**
66.102.6.76 - - [03/Mar/2026:20:25:35 -0700] "GET /wp-includes/js/jquery/jquery.min.js?ver=3.7.1 HTTP/1.1" 200 30368 "https://oldwebsite.sbsc.in/our-alumni/" "Mozilla/5.0 (Linux; Android 10; K) AppleWebKit/537.36 (KHTML, like Gecko) Chrome/138.0.0.0 Mobile Safari/537.36 (compatible; Google-Read-Aloud; +https://support.google.com/webmasters/answer/1061943)" 16 **0/16056**
66.102.6.77 - - [03/Mar/2026:20:25:35 -0700] "GET /wp-content/plugins/elementor/assets/lib/font-awesome/css/brands.css?ver=5.15.3 HTTP/1.1" 200 322 "https://oldwebsite.sbsc.in/our-alumni/" "Mozilla/5.0 (Linux; Android 10; K) AppleWebKit/537.36 (KHTML, like Gecko) Chrome/138.0.0.0 Mobile Safari/537.36 (compatible; Google-Read-Aloud; +https://support.google.com/webmasters/answer/1061943)" 4 **0/4424**
66.102.6.77 - - [03/Mar/2026:20:25:35 -0700] "GET /wp-content/plugins/unlimited-theme-addons/assets/frontend/css/accordion.min.css?ver=1.2.3 HTTP/1.1" 200 523 "https://oldwebsite.sbsc.in/our-alumni/" "Mozilla/5.0 (Linux; Android 10; K) AppleWebKit/537.36 (KHTML, like Gecko) Chrome/138.0.0.0 Mobile Safari/537.36 (compatible; Google-Read-Aloud; +https://support.google.com/webmasters/answer/1061943)" 4 **0/4549**
66.102.6.76 - - [03/Mar/2026:20:25:35 -0700] "GET /wp-content/plugins/ditty-news-ticker/legacy/inc/static/css/style.css?ver=3.1.63 HTTP/1.1" 200 2067 "https://oldwebsite.sbsc.in/our-alumni/" "Mozilla/5.0 (Linux; Android 10; K) AppleWebKit/537.36 (KHTML, like Gecko) Chrome/138.0.0.0 Mobile Safari/537.36 (compatible; Google-Read-Aloud; +https://support.google.com/webmasters/answer/1061943)" 4 **0/4618**
66.102.6.77 - - [03/Mar/2026:20:25:35 -0700] "GET /wp-content/plugins/elementor/assets/lib/swiper/v8/css/swiper.min.css?ver=8.4.5 HTTP/1.1" 200 4583 "https://oldwebsite.sbsc.in/our-alumni/" "Mozilla/5.0 (Linux; Android 10; K) AppleWebKit/537.36 (KHTML, like Gecko) Chrome/138.0.0.0 Mobile Safari/537.36 (compatible; Google-Read-Aloud; +https://support.google.com/webmasters/answer/1061943)" 5 **0/5201**
66.102.6.64 - - [03/Mar/2026:20:25:35 -0700] "GET /wp-includes/js/jquery/jquery-migrate.min.js?ver=3.4.1 HTTP/1.1" 200 4872 "https://oldwebsite.sbsc.in/our-alumni/" "Mozilla/5.0 (Linux; Android 10; K) AppleWebKit/537.36 (KHTML, like Gecko) Chrome/138.0.0.0 Mobile Safari/537.36 (compatible; Google-Read-Aloud; +https://support.google.com/webmasters/answer/1061943)" 5 **0/5147**
66.102.6.77 - - [03/Mar/2026:20:25:35 -0700] "GET /wp-content/plugins/Newnoticeboard/public/display.css?ver=1.0 HTTP/1.1" 200 317 "https://oldwebsite.sbsc.in/our-alumni/" "Mozilla/5.0 (Linux; Android 10; K) AppleWebKit/537.36 (KHTML, like Gecko) Chrome/138.0.0.0 Mobile Safari/537.36 (compatible; Google-Read-Aloud; +https://support.google.com/webmasters/answer/1061943)" 9 **0/9866**
66.102.6.64 - - [03/Mar/2026:20:25:35 -0700] "GET /wp-content/plugins/unlimited-theme-addons/assets/frontend/css/post.min.css?ver=1.2.3 HTTP/1.1" 200 2257 "https://oldwebsite.sbsc.in/our-alumni/" "Mozilla/5.0 (Linux; Android 10; K) AppleWebKit/537.36 (KHTML, like Gecko) Chrome/138.0.0.0 Mobile Safari/537.36 (compatible; Google-Read-Aloud; +https://support.google.com/webmasters/answer/1061943)" 3 **0/3824**
66.102.6.64 - - [03/Mar/2026:20:25:35 -0700] "GET /wp-content/plugins/header-footer-elementor/inc/widgets-css/frontend.css?ver=2.8.4 HTTP/1.1" 200 9202 "https://oldwebsite.sbsc.in/our-alumni/" "Mozilla/5.0 (Linux; Android 10; K) AppleWebKit/537.36 (KHTML, like Gecko) Chrome/138.0.0.0 Mobile Safari/537.36 (compatible; Google-Read-Aloud; +https://support.google.com/webmasters/answer/1061943)" 7 **0/7261**
66.102.6.64 - - [03/Mar/2026:20:25:35 -0700] "GET /wp-content/plugins/elementskit-lite/widgets/init/assets/css/responsive.css?ver=3.8.1 HTTP/1.1" 200 3160 "https://oldwebsite.sbsc.in/our-alumni/" "Mozilla/5.0 (Linux; Android 10; K) AppleWebKit/537.36 (KHTML, like Gecko) Chrome/138.0.0.0 Mobile Safari/537.36 (compatible; Google-Read-Aloud; +https://support.google.com/webmasters/answer/1061943)" 5 **0/5177**
66.102.6.64 - - [03/Mar/2026:20:25:35 -0700] "GET /wp-content/plugins/elementor/assets/css/widget-icon-list.min.css?ver=3.24.3 HTTP/1.1" 200 1023 "https://oldwebsite.sbsc.in/our-alumni/" "Mozilla/5.0 (Linux; Android 10; K) AppleWebKit/537.36 (KHTML, like Gecko) Chrome/138.0.0.0 Mobile Safari/537.36 (compatible; Google-Read-Aloud; +https://support.google.com/webmasters/answer/1061943)" 8 **0/8210**
66.102.6.64 - - [03/Mar/2026:20:25:35 -0700] "GET /wp-content/plugins/elementor/assets/css/conditionals/e-swiper.min.css?ver=3.35.5 HTTP/1.1" 200 799 "https://oldwebsite.sbsc.in/our-alumni/" "Mozilla/5.0 (Linux; Android 10; K) AppleWebKit/537.36 (KHTML, like Gecko) Chrome/138.0.0.0 Mobile Safari/537.36 (compatible; Google-Read-Aloud; +https://support.google.com/webmasters/answer/1061943)" 6 **0/6613**
66.102.6.76 - - [03/Mar/2026:20:25:35 -0700] "GET /wp-content/plugins/ditty-news-ticker/includes/libs/fontawesome-6.4.0/css/all.css?ver=6.4.0 HTTP/1.1" 200 23970 "https://oldwebsite.sbsc.in/our-alumni/" "Mozilla/5.0 (Linux; Android 10; K) AppleWebKit/537.36 (KHTML, like Gecko) Chrome/138.0.0.0 Mobile Safari/537.36 (compatible; Google-Read-Aloud; +https://support.google.com/webmasters/answer/1061943)" 17 **0/17551**
66.102.6.76 - - [03/Mar/2026:20:25:35 -0700] "GET /wp-content/plugins/unlimited-theme-addons/assets/frontend/css/search.min.css?ver=1.2.3 HTTP/1.1" 200 268 "https://oldwebsite.sbsc.in/our-alumni/" "Mozilla/5.0 (Linux; Android 10; K) AppleWebKit/537.36 (KHTML, like Gecko) Chrome/138.0.0.0 Mobile Safari/537.36 (compatible; Google-Read-Aloud; +https://support.google.com/webmasters/answer/1061943)" 4 **0/4451**
66.102.6.64 - - [03/Mar/2026:20:25:35 -0700] "GET /wp-content/plugins/unlimited-theme-addons/assets/frontend/css/library/magnific-popup.min.css?ver=1.2.3 HTTP/1.1" 200 1851 "https://oldwebsite.sbsc.in/our-alumni/" "Mozilla/5.0 (Linux; Android 10; K) AppleWebKit/537.36 (KHTML, like Gecko) Chrome/138.0.0.0 Mobile Safari/537.36 (compatible; Google-Read-Aloud; +https://support.google.com/webmasters/answer/1061943)" 6 **0/6074**
66.102.6.76 - - [03/Mar/2026:20:25:35 -0700] "GET /wp-content/plugins/elementskit-lite/widgets/init/assets/js/widget-scripts.js?ver=3.8.1 HTTP/1.1" 200 16947 "https://oldwebsite.sbsc.in/our-alumni/" "Mozilla/5.0 (Linux; Android 10; K) AppleWebKit/537.36 (KHTML, like Gecko) Chrome/138.0.0.0 Mobile Safari/537.36 (compatible; Google-Read-Aloud; +https://support.google.com/webmasters/answer/1061943)" 6 **0/6053**
66.102.6.64 - - [03/Mar/2026:20:25:35 -0700] "GET /wp-content/plugins/unlimited-theme-addons/assets/frontend/css/button.min.css?ver=1.2.3 HTTP/1.1" 200 1501 "https://oldwebsite.sbsc.in/our-alumni/" "Mozilla/5.0 (Linux; Android 10; K) AppleWebKit/537.36 (KHTML, like Gecko) Chrome/138.0.0.0 Mobile Safari/537.36 (compatible; Google-Read-Aloud; +https://support.google.com/webmasters/answer/1061943)" 4 **0/4829**
66.102.6.76 - - [03/Mar/2026:20:25:35 -0700] "GET /wp-content/plugins/unlimited-theme-addons/assets/frontend/css/company-logo.min.css?ver=1.2.3 HTTP/1.1" 200 1276 "https://oldwebsite.sbsc.in/our-alumni/" "Mozilla/5.0 (Linux; Android 10; K) AppleWebKit/537.36 (KHTML, like Gecko) Chrome/138.0.0.0 Mobile Safari/537.36 (compatible; Google-Read-Aloud; +https://support.google.com/webmasters/answer/1061943)" 3 **0/3284**
66.102.6.77 - - [03/Mar/2026:20:25:35 -0700] "GET /wp-content/plugins/elementor/assets/css/widget-icon-list.min.css?ver=3.35.5 HTTP/1.1" 200 1023 "https://oldwebsite.sbsc.in/our-alumni/" "Mozilla/5.0 (Linux; Android 10; K) AppleWebKit/537.36 (KHTML, like Gecko) Chrome/138.0.0.0 Mobile Safari/537.36 (compatible; Google-Read-Aloud; +https://support.google.com/webmasters/answer/1061943)" 9 **0/9407**
66.102.6.64 - - [03/Mar/2026:20:25:35 -0700] "GET /wp-content/tablepress-combined.min.css?ver=40 HTTP/1.1" 200 1805 "https://oldwebsite.sbsc.in/our-alumni/" "Mozilla/5.0 (Linux; Android 10; K) AppleWebKit/537.36 (KHTML, like Gecko) Chrome/138.0.0.0 Mobile Safari/537.36 (compatible; Google-Read-Aloud; +https://support.google.com/webmasters/answer/1061943)" 5 **0/5096**
66.102.6.76 - - [03/Mar/2026:20:25:35 -0700] "GET /wp-content/plugins/unlimited-theme-addons/assets/frontend/css/testimonial.min.css?ver=1.2.3 HTTP/1.1" 200 1582 "https://oldwebsite.sbsc.in/our-alumni/" "Mozilla/5.0 (Linux; Android 10; K) AppleWebKit/537.36 (KHTML, like Gecko) Chrome/138.0.0.0 Mobile Safari/537.36 (compatible; Google-Read-Aloud; +https://support.google.com/webmasters/answer/1061943)" 3 **0/3521**
66.102.6.77 - - [03/Mar/2026:20:25:35 -0700] "GET /wp-content/plugins/unlimited-theme-addons/assets/frontend/css/library/slick.min.css?ver=1.2.3 HTTP/1.1" 200 577 "https://oldwebsite.sbsc.in/our-alumni/" "Mozilla/5.0 (Linux; Android 10; K) AppleWebKit/537.36 (KHTML, like Gecko) Chrome/138.0.0.0 Mobile Safari/537.36 (compatible; Google-Read-Aloud; +https://support.google.com/webmasters/answer/1061943)" 3 **0/3306**
66.102.6.64 - - [03/Mar/2026:20:25:35 -0700] "GET /wp-content/plugins/unlimited-theme-addons/assets/frontend/css/pricing.min.css?ver=1.2.3 HTTP/1.1" 200 884 "https://oldwebsite.sbsc.in/our-alumni/" "Mozilla/5.0 (Linux; Android 10; K) AppleWebKit/537.36 (KHTML, like Gecko) Chrome/138.0.0.0 Mobile Safari/537.36 (compatible; Google-Read-Aloud; +https://support.google.com/webmasters/answer/1061943)" 6 **0/6451**
66.102.6.77 - - [03/Mar/2026:20:25:35 -0700] "GET /wp-content/plugins/unlimited-theme-addons/assets/frontend/css/product-grid.css?ver=1.2.3 HTTP/1.1" 200 1265 "https://oldwebsite.sbsc.in/our-alumni/" "Mozilla/5.0 (Linux; Android 10; K) AppleWebKit/537.36 (KHTML, like Gecko) Chrome/138.0.0.0 Mobile Safari/537.36 (compatible; Google-Read-Aloud; +https://support.google.com/webmasters/answer/1061943)" 9 **0/9306**
66.102.6.64 - - [03/Mar/2026:20:25:35 -0700] "GET /wp-content/plugins/elementor/assets/css/widget-image.min.css?ver=3.35.5 HTTP/1.1" 200 135 "https://oldwebsite.sbsc.in/our-alumni/" "Mozilla/5.0 (Linux; Android 10; K) AppleWebKit/537.36 (KHTML, like Gecko) Chrome/138.0.0.0 Mobile Safari/537.36 (compatible; Google-Read-Aloud; +https://support.google.com/webmasters/answer/1061943)" 5 **0/5094**
66.102.6.77 - - [03/Mar/2026:20:25:35 -0700] "GET /wp-content/plugins/elementor/assets/css/conditionals/apple-webkit.min.css?ver=3.35.5 HTTP/1.1" 200 547 "https://oldwebsite.sbsc.in/our-alumni/" "Mozilla/5.0 (Linux; Android 10; K) AppleWebKit/537.36 (KHTML, like Gecko) Chrome/138.0.0.0 Mobile Safari/537.36 (compatible; Google-Read-Aloud; +https://support.google.com/webmasters/answer/1061943)" 3 **0/3856**
66.102.6.64 - - [03/Mar/2026:20:25:35 -0700] "GET /wp-content/plugins/elementor/assets/css/widget-heading.min.css?ver=3.35.5 HTTP/1.1" 200 160 "https://oldwebsite.sbsc.in/our-alumni/" "Mozilla/5.0 (Linux; Android 10; K) AppleWebKit/537.36 (KHTML, like Gecko) Chrome/138.0.0.0 Mobile Safari/537.36 (compatible; Google-Read-Aloud; +https://support.google.com/webmasters/answer/1061943)" 3 **0/3200**
66.102.6.76 - - [03/Mar/2026:20:25:35 -0700] "GET /wp-content/plugins/elementor/assets/lib/font-awesome/css/fontawesome.css?ver=5.15.3 HTTP/1.1" 200 13124 "https://oldwebsite.sbsc.in/our-alumni/" "Mozilla/5.0 (Linux; Android 10; K) AppleWebKit/537.36 (KHTML, like Gecko) Chrome/138.0.0.0 Mobile Safari/537.36 (compatible; Google-Read-Aloud; +https://support.google.com/webmasters/answer/1061943)" 5 **0/5443**
66.102.6.77 - - [03/Mar/2026:20:25:35 -0700] "GET /wp-content/plugins/LayerSlider/assets/static/layerslider/js/layerslider.transitions.js?ver=7.12.3 HTTP/1.1" 200 4907 "https://oldwebsite.sbsc.in/our-alumni/" "Mozilla/5.0 (Linux; Android 10; K) AppleWebKit/537.36 (KHTML, like Gecko) Chrome/138.0.0.0 Mobile Safari/537.36 (compatible; Google-Read-Aloud; +https://support.google.com/webmasters/answer/1061943)" 8 **0/8157**
66.102.6.76 - - [03/Mar/2026:20:25:35 -0700] "GET /wp-content/plugins/unlimited-theme-addons/assets/frontend/css/infobox.min.css?ver=1.2.3 HTTP/1.1" 200 1688 "https://oldwebsite.sbsc.in/our-alumni/" "Mozilla/5.0 (Linux; Android 10; K) AppleWebKit/537.36 (KHTML, like Gecko) Chrome/138.0.0.0 Mobile Safari/537.36 (compatible; Google-Read-Aloud; +https://support.google.com/webmasters/answer/1061943)" 5 **0/5268**
66.102.6.76 - - [03/Mar/2026:20:25:35 -0700] "GET /wp-content/plugins/LayerSlider/assets/static/layerslider/js/layerslider.kreaturamedia.jquery.js?ver=7.12.3 HTTP/1.1" 200 64709 "https://oldwebsite.sbsc.in/our-alumni/" "Mozilla/5.0 (Linux; Android 10; K) AppleWebKit/537.36 (KHTML, like Gecko) Chrome/138.0.0.0 Mobile Safari/537.36 (compatible; Google-Read-Aloud; +https://support.google.com/webmasters/answer/1061943)" 13 **0/13677**
66.102.6.76 - - [03/Mar/2026:20:25:35 -0700] "GET /wp-content/plugins/elementor-pro/assets/css/modules/sticky.min.css?ver=3.28.2 HTTP/1.1" 200 116 "https://oldwebsite.sbsc.in/our-alumni/" "Mozilla/5.0 (Linux; Android 10; K) AppleWebKit/537.36 (KHTML, like Gecko) Chrome/138.0.0.0 Mobile Safari/537.36 (compatible; Google-Read-Aloud; +https://support.google.com/webmasters/answer/1061943)" 8 **0/8466**
66.102.6.64 - - [03/Mar/2026:20:25:35 -0700] "GET /wp-content/plugins/elementor-pro/assets/css/widget-nav-menu.min.css?ver=3.26.0 HTTP/1.1" 200 3369 "https://oldwebsite.sbsc.in/our-alumni/" "Mozilla/5.0 (Linux; Android 10; K) AppleWebKit/537.36 (KHTML, like Gecko) Chrome/138.0.0.0 Mobile Safari/537.36 (compatible; Google-Read-Aloud; +https://support.google.com/webmasters/answer/1061943)" 6 **0/6542**
66.102.6.64 - - [03/Mar/2026:20:25:35 -0700] "GET /wp-content/plugins/unlimited-theme-addons/assets/frontend/css/title.min.css?ver=1.2.3 HTTP/1.1" 200 823 "https://oldwebsite.sbsc.in/our-alumni/" "Mozilla/5.0 (Linux; Android 10; K) AppleWebKit/537.36 (KHTML, like Gecko) Chrome/138.0.0.0 Mobile Safari/537.36 (compatible; Google-Read-Aloud; +https://support.google.com/webmasters/answer/1061943)" 8 **0/8192**
66.102.6.64 - - [03/Mar/2026:20:25:35 -0700] "GET /wp-includes/css/dashicons.min.css?ver=6.9.1 HTTP/1.1" 200 35721 "https://oldwebsite.sbsc.in/our-alumni/" "Mozilla/5.0 (Linux; Android 10; K) AppleWebKit/537.36 (KHTML, like Gecko) Chrome/138.0.0.0 Mobile Safari/537.36 (compatible; Google-Read-Aloud; +https://support.google.com/webmasters/answer/1061943)" 5 **0/5478**
66.102.6.76 - - [03/Mar/2026:20:25:35 -0700] "GET /wp-content/plugins/elementor/assets/css/widget-spacer.min.css?ver=3.35.5 HTTP/1.1" 200 338 "https://oldwebsite.sbsc.in/our-alumni/" "Mozilla/5.0 (Linux; Android 10; K) AppleWebKit/537.36 (KHTML, like Gecko) Chrome/138.0.0.0 Mobile Safari/537.36 (compatible; Google-Read-Aloud; +https://support.google.com/webmasters/answer/1061943)" 14 **0/14318**
66.102.6.64 - - [03/Mar/2026:20:25:35 -0700] "GET /wp-content/plugins/elementor/assets/css/widget-image-gallery.min.css?ver=3.35.5 HTTP/1.1" 200 358 "https://oldwebsite.sbsc.in/our-alumni/" "Mozilla/5.0 (Linux; Android 10; K) AppleWebKit/537.36 (KHTML, like Gecko) Chrome/138.0.0.0 Mobile Safari/537.36 (compatible; Google-Read-Aloud; +https://support.google.com/webmasters/answer/1061943)" 10 **0/10553**
66.102.6.77 - - [03/Mar/2026:20:25:35 -0700] "GET /wp-content/plugins/header-footer-elementor/assets/css/header-footer-elementor.css?ver=2.8.4 HTTP/1.1" 200 323 "https://oldwebsite.sbsc.in/our-alumni/" "Mozilla/5.0 (Linux; Android 10; K) AppleWebKit/537.36 (KHTML, like Gecko) Chrome/138.0.0.0 Mobile Safari/537.36 (compatible; Google-Read-Aloud; +https://support.google.com/webmasters/answer/1061943)" 5 **0/5628**
66.102.6.77 - - [03/Mar/2026:20:25:35 -0700] "GET /wp-content/uploads/maxmegamenu/style.css?ver=7a0c03 HTTP/1.1" 200 8635 "https://oldwebsite.sbsc.in/our-alumni/" "Mozilla/5.0 (Linux; Android 10; K) AppleWebKit/537.36 (KHTML, like Gecko) Chrome/138.0.0.0 Mobile Safari/537.36 (compatible; Google-Read-Aloud; +https://support.google.com/webmasters/answer/1061943)" 7 **0/7754**
66.102.6.76 - - [03/Mar/2026:20:25:35 -0700] "GET /wp-content/plugins/LayerSlider/assets/static/layerslider/js/layerslider.utils.js?ver=7.12.3 HTTP/1.1" 200 41565 "https://oldwebsite.sbsc.in/our-alumni/" "Mozilla/5.0 (Linux; Android 10; K) AppleWebKit/537.36 (KHTML, like Gecko) Chrome/138.0.0.0 Mobile Safari/537.36 (compatible; Google-Read-Aloud; +https://support.google.com/webmasters/answer/1061943)" 9 **0/9349**
66.102.6.77 - - [03/Mar/2026:20:25:35 -0700] "GET /wp-content/plugins/essential-addons-for-elementor-lite/assets/front-end/css/view/general.min.css?ver=6.5.12 HTTP/1.1" 200 1596 "https://oldwebsite.sbsc.in/our-alumni/" "Mozilla/5.0 (Linux; Android 10; K) AppleWebKit/537.36 (KHTML, like Gecko) Chrome/138.0.0.0 Mobile Safari/537.36 (compatible; Google-Read-Aloud; +https://support.google.com/webmasters/answer/1061943)" 8 **0/8550**
66.102.6.76 - - [03/Mar/2026:20:25:35 -0700] "GET /wp-content/uploads/elementor/google-fonts/css/robotoslab.css?ver=1742270438 HTTP/1.1" 200 947 "https://oldwebsite.sbsc.in/our-alumni/" "Mozilla/5.0 (Linux; Android 10; K) AppleWebKit/537.36 (KHTML, like Gecko) Chrome/138.0.0.0 Mobile Safari/537.36 (compatible; Google-Read-Aloud; +https://support.google.com/webmasters/answer/1061943)" 5 **0/5335**
66.102.6.76 - - [03/Mar/2026:20:25:35 -0700] "GET /wp-content/plugins/elementskit-lite/widgets/init/assets/css/widget-styles.css?ver=3.8.1 HTTP/1.1" 200 51933 "https://oldwebsite.sbsc.in/our-alumni/" "Mozilla/5.0 (Linux; Android 10; K) AppleWebKit/537.36 (KHTML, like Gecko) Chrome/138.0.0.0 Mobile Safari/537.36 (compatible; Google-Read-Aloud; +https://support.google.com/webmasters/answer/1061943)" 21 **0/21225**
66.102.6.77 - - [03/Mar/2026:20:25:35 -0700] "GET /wp-content/plugins/bdthemes-prime-slider-lite/assets/css/bdt-uikit.css?ver=3.21.7 HTTP/1.1" 200 15503 "https://oldwebsite.sbsc.in/our-alumni/" "Mozilla/5.0 (Linux; Android 10; K) AppleWebKit/537.36 (KHTML, like Gecko) Chrome/138.0.0.0 Mobile Safari/537.36 (compatible; Google-Read-Aloud; +https://support.google.com/webmasters/answer/1061943)" 8 **0/8564**
66.102.6.64 - - [03/Mar/2026:20:25:35 -0700] "GET /wp-content/plugins/elementor/assets/lib/font-awesome/css/solid.css?ver=5.15.3 HTTP/1.1" 200 325 "https://oldwebsite.sbsc.in/our-alumni/" "Mozilla/5.0 (Linux; Android 10; K) AppleWebKit/537.36 (KHTML, like Gecko) Chrome/138.0.0.0 Mobile Safari/537.36 (compatible; Google-Read-Aloud; +https://support.google.com/webmasters/answer/1061943)" 6 **0/6053**
66.102.6.64 - - [03/Mar/2026:20:25:35 -0700] "GET /wp-content/plugins/elementor/assets/css/widget-social-icons.min.css?ver=3.35.5 HTTP/1.1" 200 1142 "https://oldwebsite.sbsc.in/our-alumni/" "Mozilla/5.0 (Linux; Android 10; K) AppleWebKit/537.36 (KHTML, like Gecko) Chrome/138.0.0.0 Mobile Safari/537.36 (compatible; Google-Read-Aloud; +https://support.google.com/webmasters/answer/1061943)" 7 **0/7952**
66.102.6.64 - - [03/Mar/2026:20:25:35 -0700] "GET /wp-content/plugins/ditty-news-ticker/legacy/inc/static/js/swiped-events.min.js?ver=1.1.4 HTTP/1.1" 200 840 "https://oldwebsite.sbsc.in/our-alumni/" "Mozilla/5.0 (Linux; Android 10; K) AppleWebKit/537.36 (KHTML, like Gecko) Chrome/138.0.0.0 Mobile Safari/537.36 (compatible; Google-Read-Aloud; +https://support.google.com/webmasters/answer/1061943)" 10 **0/10055**
66.102.6.77 - - [03/Mar/2026:20:25:35 -0700] "GET /wp-content/plugins/elementor/assets/lib/font-awesome/css/font-awesome.min.css?ver=4.7.0 HTTP/1.1" 200 7052 "https://oldwebsite.sbsc.in/our-alumni/" "Mozilla/5.0 (Linux; Android 10; K) AppleWebKit/537.36 (KHTML, like Gecko) Chrome/138.0.0.0 Mobile Safari/537.36 (compatible; Google-Read-Aloud; +https://support.google.com/webmasters/answer/1061943)" 7 **0/7232**
66.102.6.77 - - [03/Mar/2026:20:25:35 -0700] "GET /wp-content/plugins/bdthemes-prime-slider-lite/assets/js/bdt-uikit.min.js?ver=3.21.7 HTTP/1.1" 200 49418 "https://oldwebsite.sbsc.in/our-alumni/" "Mozilla/5.0 (Linux; Android 10; K) AppleWebKit/537.36 (KHTML, like Gecko) Chrome/138.0.0.0 Mobile Safari/537.36 (compatible; Google-Read-Aloud; +https://support.google.com/webmasters/answer/1061943)" 12 **0/12036**
66.102.6.77 - - [03/Mar/2026:20:25:35 -0700] "GET /wp-content/plugins/elementor/assets/lib/eicons/css/elementor-icons.min.css?ver=5.34.0 HTTP/1.1" 200 4429 "https://oldwebsite.sbsc.in/our-alumni/" "Mozilla/5.0 (Linux; Android 10; K) AppleWebKit/537.36 (KHTML, like Gecko) Chrome/138.0.0.0 Mobile Safari/537.36 (compatible; Google-Read-Aloud; +https://support.google.com/webmasters/answer/1061943)" 7 **0/7118**
66.102.6.76 - - [03/Mar/2026:20:25:35 -0700] "GET /wp-content/plugins/elementor/assets/css/frontend.min.css?ver=3.35.5 HTTP/1.1" 200 7271 "https://oldwebsite.sbsc.in/our-alumni/" "Mozilla/5.0 (Linux; Android 10; K) AppleWebKit/537.36 (KHTML, like Gecko) Chrome/138.0.0.0 Mobile Safari/537.36 (compatible; Google-Read-Aloud; +https://support.google.com/webmasters/answer/1061943)" 6 **0/6092**
66.102.6.77 - - [03/Mar/2026:20:25:35 -0700] "GET /wp-content/plugins/elementskit-lite/modules/elementskit-icon-pack/assets/css/ekiticons.css?ver=3.8.1 HTTP/1.1" 200 11048 "https://oldwebsite.sbsc.in/our-alumni/" "Mozilla/5.0 (Linux; Android 10; K) AppleWebKit/537.36 (KHTML, like Gecko) Chrome/138.0.0.0 Mobile Safari/537.36 (compatible; Google-Read-Aloud; +https://support.google.com/webmasters/answer/1061943)" 10 **0/10615**
66.102.6.77 - - [03/Mar/2026:20:25:35 -0700] "GET /wp-includes/js/imagesloaded.min.js?ver=5.0.0 HTTP/1.1" 200 1803 "https://oldwebsite.sbsc.in/our-alumni/" "Mozilla/5.0 (Linux; Android 10; K) AppleWebKit/537.36 (KHTML, like Gecko) Chrome/138.0.0.0 Mobile Safari/537.36 (compatible; Google-Read-Aloud; +https://support.google.com/webmasters/answer/1061943)" 5 **0/5667**
66.102.6.77 - - [03/Mar/2026:20:25:35 -0700] "GET /wp-includes/js/jquery/ui/effect.min.js?ver=1.13.3 HTTP/1.1" 200 3886 "https://oldwebsite.sbsc.in/our-alumni/" "Mozilla/5.0 (Linux; Android 10; K) AppleWebKit/537.36 (KHTML, like Gecko) Chrome/138.0.0.0 Mobile Safari/537.36 (compatible; Google-Read-Aloud; +https://support.google.com/webmasters/answer/1061943)" 9 **0/9163**
66.102.6.76 - - [03/Mar/2026:20:25:36 -0700] "GET /wp-content/plugins/ditty-news-ticker/legacy/inc/static/js/ditty-news-ticker.js?ver=3.1.63 HTTP/1.1" 200 5973 "https://oldwebsite.sbsc.in/our-alumni/" "Mozilla/5.0 (Linux; Android 10; K) AppleWebKit/537.36 (KHTML, like Gecko) Chrome/138.0.0.0 Mobile Safari/537.36 (compatible; Google-Read-Aloud; +https://support.google.com/webmasters/answer/1061943)" 6 **0/6089**
66.102.6.76 - - [03/Mar/2026:20:25:36 -0700] "GET /wp-content/plugins/theme-my-login/assets/scripts/theme-my-login.min.js?ver=7.1.14 HTTP/1.1" 200 798 "https://oldwebsite.sbsc.in/our-alumni/" "Mozilla/5.0 (Linux; Android 10; K) AppleWebKit/537.36 (KHTML, like Gecko) Chrome/138.0.0.0 Mobile Safari/537.36 (compatible; Google-Read-Aloud; +https://support.google.com/webmasters/answer/1061943)" 4 **0/4907**
66.102.6.76 - - [03/Mar/2026:20:25:36 -0700] "GET /wp-content/plugins/elementor/assets/js/webpack.runtime.min.js?ver=3.35.5 HTTP/1.1" 200 2476 "https://oldwebsite.sbsc.in/our-alumni/" "Mozilla/5.0 (Linux; Android 10; K) AppleWebKit/537.36 (KHTML, like Gecko) Chrome/138.0.0.0 Mobile Safari/537.36 (compatible; Google-Read-Aloud; +https://support.google.com/webmasters/answer/1061943)" 6 **0/6273**
66.102.6.76 - - [03/Mar/2026:20:25:36 -0700] "GET /wp-content/plugins/elementor/assets/js/frontend-modules.min.js?ver=3.35.5 HTTP/1.1" 200 15944 "https://oldwebsite.sbsc.in/our-alumni/" "Mozilla/5.0 (Linux; Android 10; K) AppleWebKit/537.36 (KHTML, like Gecko) Chrome/138.0.0.0 Mobile Safari/537.36 (compatible; Google-Read-Aloud; +https://support.google.com/webmasters/answer/1061943)" 10 **0/10411**
68.178.232.37 - - [03/Mar/2026:20:25:36 -0700] "POST /wp-cron.php?doing_wp_cron=1772594736.5566480159759521484375 HTTP/1.1" 200 - "-" "WordPress/6.9.1; https://oldwebsite.sbsc.in" 16 **0/16606**
66.102.6.76 - - [03/Mar/2026:20:25:35 -0700] "GET /wp-content/themes/generatepress-child/style.css?ver=6.9.1 HTTP/1.1" 404 30370 "https://oldwebsite.sbsc.in/our-alumni/" "Mozilla/5.0 (Linux; Android 10; K) AppleWebKit/537.36 (KHTML, like Gecko) Chrome/138.0.0.0 Mobile Safari/537.36 (compatible; Google-Read-Aloud; +https://support.google.com/webmasters/answer/1061943)" 1266 **1/1266858**
66.102.6.76 - - [03/Mar/2026:20:25:36 -0700] "GET /wp-includes/js/jquery/ui/core.min.js?ver=1.13.3 HTTP/1.1" 200 7106 "https://oldwebsite.sbsc.in/our-alumni/" "Mozilla/5.0 (Linux; Android 10; K) AppleWebKit/537.36 (KHTML, like Gecko) Chrome/138.0.0.0 Mobile Safari/537.36 (compatible; Google-Read-Aloud; +https://support.google.com/webmasters/answer/1061943)" 6 **0/6831**
66.102.6.77 - - [03/Mar/2026:20:25:36 -0700] "GET /wp-content/plugins/elementor/assets/js/frontend.min.js?ver=3.35.5 HTTP/1.1" 200 10325 "https://oldwebsite.sbsc.in/our-alumni/" "Mozilla/5.0 (Linux; Android 10; K) AppleWebKit/537.36 (KHTML, like Gecko) Chrome/138.0.0.0 Mobile Safari/537.36 (compatible; Google-Read-Aloud; +https://support.google.com/webmasters/answer/1061943)" 7 **0/7063**
66.102.6.64 - - [03/Mar/2026:20:25:35 -0700] "GET /wp-content/themes/generatepress-child/style.css?ver=6.9.1 HTTP/1.1" 404 30370 "https://oldwebsite.sbsc.in/our-alumni/" "Mozilla/5.0 (Linux; Android 10; K) AppleWebKit/537.36 (KHTML, like Gecko) Chrome/138.0.0.0 Mobile Safari/537.36 (compatible; Google-Read-Aloud; +https://support.google.com/webmasters/answer/1061943)" 1153 **1/1153447**
66.102.6.64 - - [03/Mar/2026:20:25:36 -0700] "GET /wp-content/themes/generatepress/assets/js/menu.min.js?ver=3.6.1 HTTP/1.1" 200 1836 "https://oldwebsite.sbsc.in/our-alumni/" "Mozilla/5.0 (Linux; Android 10; K) AppleWebKit/537.36 (KHTML, like Gecko) Chrome/138.0.0.0 Mobile Safari/537.36 (compatible; Google-Read-Aloud; +https://support.google.com/webmasters/answer/1061943)" 9 **0/9231**
66.102.6.77 - - [03/Mar/2026:20:25:36 -0700] "GET /wp-content/plugins/elementskit-lite/widgets/init/assets/js/jquery.magnific-popup.min.js?ver=3.8.1 HTTP/1.1" 200 7314 "https://oldwebsite.sbsc.in/our-alumni/" "Mozilla/5.0 (Linux; Android 10; K) AppleWebKit/537.36 (KHTML, like Gecko) Chrome/138.0.0.0 Mobile Safari/537.36 (compatible; Google-Read-Aloud; +https://support.google.com/webmasters/answer/1061943)" 7 **0/7928**
66.102.6.76 - - [03/Mar/2026:20:25:36 -0700] "GET /wp-content/plugins/elementor/assets/lib/font-awesome/webfonts/fa-solid-900.woff2 HTTP/1.1" 200 78099 "https://oldwebsite.sbsc.in/wp-content/plugins/elementor/assets/lib/font-awesome/css/solid.css?ver=5.15.3" "Mozilla/5.0 (Linux; Android 10; K) AppleWebKit/537.36 (KHTML, like Gecko) Chrome/138.0.0.0 Mobile Safari/537.36 (compatible; Google-Read-Aloud; +https://support.google.com/webmasters/answer/1061943)" 10 **0/10009**
66.102.6.64 - - [03/Mar/2026:20:25:37 -0700] "GET /wp-content/plugins/essential-addons-for-elementor-lite/assets/front-end/js/view/general.min.js?ver=6.5.12 HTTP/1.1" 200 4106 "https://oldwebsite.sbsc.in/our-alumni/" "Mozilla/5.0 (Linux; Android 10; K) AppleWebKit/537.36 (KHTML, like Gecko) Chrome/138.0.0.0 Mobile Safari/537.36 (compatible; Google-Read-Aloud; +https://support.google.com/webmasters/answer/1061943)" 6 **0/6045**
66.102.6.76 - - [03/Mar/2026:20:25:37 -0700] "GET /wp-content/plugins/bdthemes-prime-slider-lite/assets/js/prime-slider-site.min.js?ver=4.1.9 HTTP/1.1" 200 982 "https://oldwebsite.sbsc.in/our-alumni/" "Mozilla/5.0 (Linux; Android 10; K) AppleWebKit/537.36 (KHTML, like Gecko) Chrome/138.0.0.0 Mobile Safari/537.36 (compatible; Google-Read-Aloud; +https://support.google.com/webmasters/answer/1061943)" 4 **0/4977**
66.102.6.76 - - [03/Mar/2026:20:25:37 -0700] "GET /wp-content/plugins/elementor-pro/assets/lib/sticky/jquery.sticky.min.js?ver=3.28.2 HTTP/1.1" 200 1542 "https://oldwebsite.sbsc.in/our-alumni/" "Mozilla/5.0 (Linux; Android 10; K) AppleWebKit/537.36 (KHTML, like Gecko) Chrome/138.0.0.0 Mobile Safari/537.36 (compatible; Google-Read-Aloud; +https://support.google.com/webmasters/answer/1061943)" 8 **0/8709**
66.102.6.76 - - [03/Mar/2026:20:25:37 -0700] "GET /wp-includes/js/hoverIntent.min.js?ver=1.10.2 HTTP/1.1" 200 706 "https://oldwebsite.sbsc.in/our-alumni/" "Mozilla/5.0 (Linux; Android 10; K) AppleWebKit/537.36 (KHTML, like Gecko) Chrome/138.0.0.0 Mobile Safari/537.36 (compatible; Google-Read-Aloud; +https://support.google.com/webmasters/answer/1061943)" 5 **0/5883**
66.102.6.64 - - [03/Mar/2026:20:25:37 -0700] "GET /wp-content/plugins/header-footer-elementor/inc/js/frontend.js?ver=2.8.4 HTTP/1.1" 200 4880 "https://oldwebsite.sbsc.in/our-alumni/" "Mozilla/5.0 (Linux; Android 10; K) AppleWebKit/537.36 (KHTML, like Gecko) Chrome/138.0.0.0 Mobile Safari/537.36 (compatible; Google-Read-Aloud; +https://support.google.com/webmasters/answer/1061943)" 8 **0/8402**
