144.76.32.236 - - [04/Mar/2026:05:20:58 -0700] "GET /200-kasino-sizzling-hot-deluxe-spielautomaten-echtes-geld-provision-verbunden-casinos-via-200-prozent-bonus-2025/ HTTP/1.1" 200 5663 "-" "Mozilla/5.0 (compatible; SERankingBacklinksBot/1.0; +https://seranking.com/backlinks-crawler)" 56 **0/56605**
74.7.227.26 - - [04/Mar/2026:05:20:58 -0700] "GET /wp-sitemap.xml?fileloc=/home/nyiet8349bzl/public_html/oldwebsite.sbsc.in/wp-content/plugins/unlimited-theme-addons/admin/template/support.php&path=/home/nyiet8349bzl/public_html/oldwebsite.sbsc.in/wp-content/plugins/unlimited-theme-addons/admin/template HTTP/1.1" 200 2858 "http://www.icdp.co.in/wp-sitemap.xml?path=/home/nyiet8349bzl/public_html/oldwebsite.sbsc.in/wp-content/plugins/unlimited-theme-addons/admin/template" "Mozilla/5.0 AppleWebKit/537.36 (KHTML, like Gecko; compatible; GPTBot/1.3; +https://openai.com/gptbot)" 45 **0/45283**
74.7.227.26 - - [04/Mar/2026:05:20:58 -0700] "GET /wp-sitemap.xml?fileloc=/home/nyiet8349bzl/public_html/ducoa.org/wp-content/plugins/revslider/admin/assets/images/sources/instagram.png&path=/home/nyiet8349bzl/public_html/ducoa.org/wp-content/plugins/revslider/admin/assets/images/sources HTTP/1.1" 200 7816 "http://www.icdp.co.in/wp-sitemap.xml?path=/home/nyiet8349bzl/public_html/ducoa.org/wp-content/plugins/revslider/admin/assets/images/sources" "Mozilla/5.0 AppleWebKit/537.36 (KHTML, like Gecko; compatible; GPTBot/1.3; +https://openai.com/gptbot)" 47 **0/47318**
74.7.227.26 - - [04/Mar/2026:05:20:59 -0700] "GET /wp-sitemap.xml?fileloc=/home/nyiet8349bzl/public_html/ducoa.org/wp-content/plugins/revslider/admin/assets/images/socials/instagram.png&path=/home/nyiet8349bzl/public_html/ducoa.org/wp-content/plugins/revslider/admin/assets/images/socials HTTP/1.1" 200 6270 "http://www.icdp.co.in/wp-sitemap.xml?path=/home/nyiet8349bzl/public_html/ducoa.org/wp-content/plugins/revslider/admin/assets/images/socials" "Mozilla/5.0 AppleWebKit/537.36 (KHTML, like Gecko; compatible; GPTBot/1.3; +https://openai.com/gptbot)" 39 **0/39740**
74.7.227.26 - - [04/Mar/2026:05:20:59 -0700] "GET /wp-sitemap.xml?fileloc=/home/nyiet8349bzl/public_html/ducoa.org/wp-content/plugins/revslider/admin/assets/images/socials/googleplus.png&path=/home/nyiet8349bzl/public_html/ducoa.org/wp-content/plugins/revslider/admin/assets/images/socials HTTP/1.1" 200 6533 "http://www.icdp.co.in/wp-sitemap.xml?path=/home/nyiet8349bzl/public_html/ducoa.org/wp-content/plugins/revslider/admin/assets/images/socials" "Mozilla/5.0 AppleWebKit/537.36 (KHTML, like Gecko; compatible; GPTBot/1.3; +https://openai.com/gptbot)" 44 **0/44287**
74.7.227.26 - - [04/Mar/2026:05:21:00 -0700] "GET /wp-sitemap.xml?fileloc=/home/nyiet8349bzl/www/icbm2026.sbsc.in/wp-content/plugins/elementor/app/modules/import-export-customization/runners/revert/site-settings.php&path=/home/nyiet8349bzl/www/icbm2026.sbsc.in/wp-content/plugins/elementor/app/modules/import-export-customization/runners/revert HTTP/1.1" 200 3434 "http://www.icdp.co.in/wp-sitemap.xml?path=/home/nyiet8349bzl/www/icbm2026.sbsc.in/wp-content/plugins/elementor/app/modules/import-export-customization/runners/revert" "Mozilla/5.0 AppleWebKit/537.36 (KHTML, like Gecko; compatible; GPTBot/1.3; +https://openai.com/gptbot)" 65 **0/65214**
74.7.227.26 - - [04/Mar/2026:05:21:00 -0700] "GET /wp-sitemap.xml?fileloc=/home/nyiet8349bzl/www/icbm2026.sbsc.in/wp-content/plugins/elementor/app/modules/import-export-customization/runners/revert/taxonomies.php&path=/home/nyiet8349bzl/www/icbm2026.sbsc.in/wp-content/plugins/elementor/app/modules/import-export-customization/runners/revert HTTP/1.1" 200 2788 "http://www.icdp.co.in/wp-sitemap.xml?path=/home/nyiet8349bzl/www/icbm2026.sbsc.in/wp-content/plugins/elementor/app/modules/import-export-customization/runners/revert" "Mozilla/5.0 AppleWebKit/537.36 (KHTML, like Gecko; compatible; GPTBot/1.3; +https://openai.com/gptbot)" 49 **0/49531**
74.7.227.26 - - [04/Mar/2026:05:21:01 -0700] "GET /wp-sitemap.xml?fileloc=/home/nyiet8349bzl/public_html/ducoa.org/wp-content/plugins/revslider/admin/assets/images/wc2.jpg&path=/home/nyiet8349bzl/public_html/ducoa.org/wp-content/plugins/revslider/admin/assets/images HTTP/1.1" 200 29252 "http://www.icdp.co.in/wp-sitemap.xml?path=/home/nyiet8349bzl/public_html/ducoa.org/wp-content/plugins/revslider/admin/assets/images" "Mozilla/5.0 AppleWebKit/537.36 (KHTML, like Gecko; compatible; GPTBot/1.3; +https://openai.com/gptbot)" 61 **0/61398**
74.7.227.26 - - [04/Mar/2026:05:21:01 -0700] "GET /wp-sitemap.xml?fileloc=/home/nyiet8349bzl/public_html/ducoa.org/wp-content/plugins/revslider/admin/assets/images/modal_asset2x.jpg&path=/home/nyiet8349bzl/public_html/ducoa.org/wp-content/plugins/revslider/admin/assets/images HTTP/1.1" 200 34724 "http://www.icdp.co.in/wp-sitemap.xml?path=/home/nyiet8349bzl/public_html/ducoa.org/wp-content/plugins/revslider/admin/assets/images" "Mozilla/5.0 AppleWebKit/537.36 (KHTML, like Gecko; compatible; GPTBot/1.3; +https://openai.com/gptbot)" 88 **0/88904**
74.7.227.26 - - [04/Mar/2026:05:21:02 -0700] "GET /wp-sitemap.xml?fileloc=/home/nyiet8349bzl/public_html/ducoa.org/wp-content/plugins/revslider/admin/assets/videos/hover_tutorial.mp4&path=/home/nyiet8349bzl/public_html/ducoa.org/wp-content/plugins/revslider/admin/assets/videos HTTP/1.1" 200 62021 "http://www.icdp.co.in/wp-sitemap.xml?path=/home/nyiet8349bzl/public_html/ducoa.org/wp-content/plugins/revslider/admin/assets/videos" "Mozilla/5.0 AppleWebKit/537.36 (KHTML, like Gecko; compatible; GPTBot/1.3; +https://openai.com/gptbot)" 86 **0/86220**
74.7.227.26 - - [04/Mar/2026:05:21:02 -0700] "GET /wp-sitemap.xml?fileloc=/home/nyiet8349bzl/public_html/ducoa.org/wp-content/plugins/revslider/admin/assets/images/sources/vimeo.png&path=/home/nyiet8349bzl/public_html/ducoa.org/wp-content/plugins/revslider/admin/assets/images/sources HTTP/1.1" 200 6554 "http://www.icdp.co.in/wp-sitemap.xml?path=/home/nyiet8349bzl/public_html/ducoa.org/wp-content/plugins/revslider/admin/assets/images/sources" "Mozilla/5.0 AppleWebKit/537.36 (KHTML, like Gecko; compatible; GPTBot/1.3; +https://openai.com/gptbot)" 56 **0/56951**
74.7.227.26 - - [04/Mar/2026:05:21:03 -0700] "GET /wp-sitemap.xml?fileloc=/home/nyiet8349bzl/public_html/ducoa.org/wp-content/plugins/revslider/admin/assets/images/sources/static.png&path=/home/nyiet8349bzl/public_html/ducoa.org/wp-content/plugins/revslider/admin/assets/images/sources HTTP/1.1" 200 8589 "http://www.icdp.co.in/wp-sitemap.xml?path=/home/nyiet8349bzl/public_html/ducoa.org/wp-content/plugins/revslider/admin/assets/images/sources" "Mozilla/5.0 AppleWebKit/537.36 (KHTML, like Gecko; compatible; GPTBot/1.3; +https://openai.com/gptbot)" 60 **0/60072**
74.7.227.26 - - [04/Mar/2026:05:21:04 -0700] "GET /wp-sitemap.xml?fileloc=/home/nyiet8349bzl/public_html/ducoa.org/wp-content/plugins/revslider/admin/assets/images/sources/flickr.png&path=/home/nyiet8349bzl/public_html/ducoa.org/wp-content/plugins/revslider/admin/assets/images/sources HTTP/1.1" 200 5202 "http://www.icdp.co.in/wp-sitemap.xml?path=/home/nyiet8349bzl/public_html/ducoa.org/wp-content/plugins/revslider/admin/assets/images/sources" "Mozilla/5.0 AppleWebKit/537.36 (KHTML, like Gecko; compatible; GPTBot/1.3; +https://openai.com/gptbot)" 56 **0/56312**
74.7.227.26 - - [04/Mar/2026:05:21:04 -0700] "GET /wp-sitemap.xml?fileloc=/home/nyiet8349bzl/public_html/ducoa.org/wp-content/plugins/revslider/admin/assets/images/sources/notice.txt&path=/home/nyiet8349bzl/public_html/ducoa.org/wp-content/plugins/revslider/admin/assets/images/sources HTTP/1.1" 200 2388 "http://www.icdp.co.in/wp-sitemap.xml?path=/home/nyiet8349bzl/public_html/ducoa.org/wp-content/plugins/revslider/admin/assets/images/sources" "Mozilla/5.0 AppleWebKit/537.36 (KHTML, like Gecko; compatible; GPTBot/1.3; +https://openai.com/gptbot)" 45 **0/45364**
74.7.227.26 - - [04/Mar/2026:05:21:05 -0700] "GET /wp-sitemap.xml?fileloc=/home/nyiet8349bzl/www/icbm2026.sbsc.in/wp-content/plugins/elementor/app/modules/import-export-customization/runners/revert/wp-content.php&path=/home/nyiet8349bzl/www/icbm2026.sbsc.in/wp-content/plugins/elementor/app/modules/import-export-customization/runners/revert HTTP/1.1" 200 3116 "http://www.icdp.co.in/wp-sitemap.xml?path=/home/nyiet8349bzl/www/icbm2026.sbsc.in/wp-content/plugins/elementor/app/modules/import-export-customization/runners/revert" "Mozilla/5.0 AppleWebKit/537.36 (KHTML, like Gecko; compatible; GPTBot/1.3; +https://openai.com/gptbot)" 47 **0/47322**
74.7.227.26 - - [04/Mar/2026:05:21:05 -0700] "GET /wp-sitemap.xml?fileloc=/home/nyiet8349bzl/public_html/ducoa.org/wp-content/plugins/revslider/admin/assets/images/UI-ICONS-BIG.png&path=/home/nyiet8349bzl/public_html/ducoa.org/wp-content/plugins/revslider/admin/assets/images HTTP/1.1" 200 7715 "http://www.icdp.co.in/wp-sitemap.xml?path=/home/nyiet8349bzl/public_html/ducoa.org/wp-content/plugins/revslider/admin/assets/images" "Mozilla/5.0 AppleWebKit/537.36 (KHTML, like Gecko; compatible; GPTBot/1.3; +https://openai.com/gptbot)" 43 **0/43724**
74.7.227.26 - - [04/Mar/2026:05:21:06 -0700] "GET /wp-sitemap.xml?fileloc=/home/nyiet8349bzl/public_html/ducoa.org/wp-content/plugins/revslider/admin/assets/images/UI-ICONS_bg.png&path=/home/nyiet8349bzl/public_html/ducoa.org/wp-content/plugins/revslider/admin/assets/images HTTP/1.1" 200 52274 "http://www.icdp.co.in/wp-sitemap.xml?path=/home/nyiet8349bzl/public_html/ducoa.org/wp-content/plugins/revslider/admin/assets/images" "Mozilla/5.0 AppleWebKit/537.36 (KHTML, like Gecko; compatible; GPTBot/1.3; +https://openai.com/gptbot)" 62 **0/62799**
74.7.227.26 - - [04/Mar/2026:05:21:06 -0700] "GET /wp-sitemap.xml?fileloc=/home/nyiet8349bzl/public_html/ducoa.org/wp-content/plugins/revslider/admin/assets/images/UI-ICONS-BIG_bg.png&path=/home/nyiet8349bzl/public_html/ducoa.org/wp-content/plugins/revslider/admin/assets/images HTTP/1.1" 200 8261 "http://www.icdp.co.in/wp-sitemap.xml?path=/home/nyiet8349bzl/public_html/ducoa.org/wp-content/plugins/revslider/admin/assets/images" "Mozilla/5.0 AppleWebKit/537.36 (KHTML, like Gecko; compatible; GPTBot/1.3; +https://openai.com/gptbot)" 43 **0/43987**
74.7.227.26 - - [04/Mar/2026:05:21:07 -0700] "GET /wp-sitemap.xml?fileloc=/home/nyiet8349bzl/public_html/ducoa.org/wp-content/plugins/revslider/admin/assets/images/red_diag2x.png&path=/home/nyiet8349bzl/public_html/ducoa.org/wp-content/plugins/revslider/admin/assets/images HTTP/1.1" 200 2991 "http://www.icdp.co.in/wp-sitemap.xml?path=/home/nyiet8349bzl/public_html/ducoa.org/wp-content/plugins/revslider/admin/assets/images" "Mozilla/5.0 AppleWebKit/537.36 (KHTML, like Gecko; compatible; GPTBot/1.3; +https://openai.com/gptbot)" 48 **0/48981**
74.7.227.26 - - [04/Mar/2026:05:21:07 -0700] "GET /wp-sitemap.xml?fileloc=/home/nyiet8349bzl/public_html/ducoa.org/wp-content/plugins/revslider/admin/assets/images/light_pattern_2x.png&path=/home/nyiet8349bzl/public_html/ducoa.org/wp-content/plugins/revslider/admin/assets/images HTTP/1.1" 200 3013 "http://www.icdp.co.in/wp-sitemap.xml?path=/home/nyiet8349bzl/public_html/ducoa.org/wp-content/plugins/revslider/admin/assets/images" "Mozilla/5.0 AppleWebKit/537.36 (KHTML, like Gecko; compatible; GPTBot/1.3; +https://openai.com/gptbot)" 48 **0/48766**
74.7.227.26 - - [04/Mar/2026:05:21:08 -0700] "GET /wp-sitemap.xml?fileloc=/home/nyiet8349bzl/public_html/ducoa.org/wp-content/plugins/revslider/admin/assets/images/gridtile_3x3.png&path=/home/nyiet8349bzl/public_html/ducoa.org/wp-content/plugins/revslider/admin/assets/images HTTP/1.1" 200 2912 "http://www.icdp.co.in/wp-sitemap.xml?path=/home/nyiet8349bzl/public_html/ducoa.org/wp-content/plugins/revslider/admin/assets/images" "Mozilla/5.0 AppleWebKit/537.36 (KHTML, like Gecko; compatible; GPTBot/1.3; +https://openai.com/gptbot)" 41 **0/41543**
74.7.227.26 - - [04/Mar/2026:05:21:08 -0700] "GET /wp-sitemap.xml?fileloc=/home/nyiet8349bzl/public_html/ducoa.org/wp-content/plugins/revslider/admin/assets/images/medium_pattern_2x.png&path=/home/nyiet8349bzl/public_html/ducoa.org/wp-content/plugins/revslider/admin/assets/images HTTP/1.1" 200 3009 "http://www.icdp.co.in/wp-sitemap.xml?path=/home/nyiet8349bzl/public_html/ducoa.org/wp-content/plugins/revslider/admin/assets/images" "Mozilla/5.0 AppleWebKit/537.36 (KHTML, like Gecko; compatible; GPTBot/1.3; +https://openai.com/gptbot)" 45 **0/45156**
74.7.227.26 - - [04/Mar/2026:05:21:09 -0700] "GET /wp-sitemap.xml?fileloc=/home/nyiet8349bzl/public_html/ducoa.org/wp-content/plugins/revslider/admin/assets/images/gridtile_3x3_white.png&path=/home/nyiet8349bzl/public_html/ducoa.org/wp-content/plugins/revslider/admin/assets/images HTTP/1.1" 200 2917 "http://www.icdp.co.in/wp-sitemap.xml?path=/home/nyiet8349bzl/public_html/ducoa.org/wp-content/plugins/revslider/admin/assets/images" "Mozilla/5.0 AppleWebKit/537.36 (KHTML, like Gecko; compatible; GPTBot/1.3; +https://openai.com/gptbot)" 44 **0/44130**
17.22.253.206 - - [04/Mar/2026:05:21:09 -0700] "GET /1win-login-296/ HTTP/1.1" 200 5663 "-" "Mozilla/5.0 (Macintosh; Intel Mac OS X 10_15_7) AppleWebKit/605.1.15 (KHTML, like Gecko) Version/17.4 Safari/605.1.15 (Applebot/0.1; +http://www.apple.com/go/applebot)" 45 **0/45038**
74.7.227.26 - - [04/Mar/2026:05:21:09 -0700] "GET /wp-sitemap.xml?fileloc=/home/nyiet8349bzl/public_html/ducoa.org/wp-content/plugins/revslider/admin/assets/images/icon16.png&path=/home/nyiet8349bzl/public_html/ducoa.org/wp-content/plugins/revslider/admin/assets/images HTTP/1.1" 200 2759 "http://www.icdp.co.in/wp-sitemap.xml?path=/home/nyiet8349bzl/public_html/ducoa.org/wp-content/plugins/revslider/admin/assets/images" "Mozilla/5.0 AppleWebKit/537.36 (KHTML, like Gecko; compatible; GPTBot/1.3; +https://openai.com/gptbot)" 40 **0/40405**
74.7.227.26 - - [04/Mar/2026:05:21:10 -0700] "GET /wp-sitemap.xml?fileloc=/home/nyiet8349bzl/public_html/oldwebsite.sbsc.in/wp-content/plugins/unlimited-theme-addons/admin/template/widgets.php&path=/home/nyiet8349bzl/public_html/oldwebsite.sbsc.in/wp-content/plugins/unlimited-theme-addons/admin/template HTTP/1.1" 200 3662 "http://www.icdp.co.in/wp-sitemap.xml?path=/home/nyiet8349bzl/public_html/oldwebsite.sbsc.in/wp-content/plugins/unlimited-theme-addons/admin/template" "Mozilla/5.0 AppleWebKit/537.36 (KHTML, like Gecko; compatible; GPTBot/1.3; +https://openai.com/gptbot)" 52 **0/52900**
85.208.96.195 - - [04/Mar/2026:05:21:10 -0700] "GET /kasino-runde-egypt-spinfest-app-apk-herunterladen-sky/ HTTP/1.1" 200 5663 "-" "Mozilla/5.0 (compatible; SemrushBot/7~bl; +http://www.semrush.com/bot.html)" 48 **0/48111**
74.7.227.26 - - [04/Mar/2026:05:21:10 -0700] "GET /wp-sitemap.xml?fileloc=/home/nyiet8349bzl/public_html/oldwebsite.sbsc.in/wp-content/plugins/unlimited-theme-addons/admin/template/addons.php&path=/home/nyiet8349bzl/public_html/oldwebsite.sbsc.in/wp-content/plugins/unlimited-theme-addons/admin/template HTTP/1.1" 200 3528 "http://www.icdp.co.in/wp-sitemap.xml?path=/home/nyiet8349bzl/public_html/oldwebsite.sbsc.in/wp-content/plugins/unlimited-theme-addons/admin/template" "Mozilla/5.0 AppleWebKit/537.36 (KHTML, like Gecko; compatible; GPTBot/1.3; +https://openai.com/gptbot)" 47 **0/47496**
74.7.227.26 - - [04/Mar/2026:05:21:11 -0700] "GET /wp-sitemap.xml?fileloc=/home/nyiet8349bzl/public_html/oldwebsite.sbsc.in/wp-content/plugins/logo-slider-wp/public/assets/fonts/fontawesome-webfont.ttf&path=/home/nyiet8349bzl/public_html/oldwebsite.sbsc.in/wp-content/plugins/logo-slider-wp/public/assets/fonts HTTP/1.1" 200 95711 "http://www.icdp.co.in/wp-sitemap.xml?path=/home/nyiet8349bzl/public_html/oldwebsite.sbsc.in/wp-content/plugins/logo-slider-wp/public/assets/fonts" "Mozilla/5.0 AppleWebKit/537.36 (KHTML, like Gecko; compatible; GPTBot/1.3; +https://openai.com/gptbot)" 69 **0/69849**
74.7.227.26 - - [04/Mar/2026:05:21:11 -0700] "GET /wp-sitemap.xml?fileloc=/home/nyiet8349bzl/public_html/oldwebsite.sbsc.in/wp-content/plugins/logo-slider-wp/public/assets/fonts/fontawesome-webfont.eot&path=/home/nyiet8349bzl/public_html/oldwebsite.sbsc.in/wp-content/plugins/logo-slider-wp/public/assets/fonts HTTP/1.1" 200 95774 "http://www.icdp.co.in/wp-sitemap.xml?path=/home/nyiet8349bzl/public_html/oldwebsite.sbsc.in/wp-content/plugins/logo-slider-wp/public/assets/fonts" "Mozilla/5.0 AppleWebKit/537.36 (KHTML, like Gecko; compatible; GPTBot/1.3; +https://openai.com/gptbot)" 73 **0/73208**
85.208.96.194 - - [04/Mar/2026:05:21:12 -0700] "GET /better-real-money-online-new-casino-online-canada-casinos-2025-current-checklist/ HTTP/1.1" 200 5663 "-" "Mozilla/5.0 (compatible; SemrushBot/7~bl; +http://www.semrush.com/bot.html)" 47 **0/47192**
74.7.227.26 - - [04/Mar/2026:05:21:12 -0700] "GET /wp-sitemap.xml?fileloc=/home/nyiet8349bzl/public_html/oldwebsite.sbsc.in/wp-content/plugins/ditty-news-ticker/includes/fields/js/ditty-fields.min.js&path=/home/nyiet8349bzl/public_html/oldwebsite.sbsc.in/wp-content/plugins/ditty-news-ticker/includes/fields/js HTTP/1.1" 200 4948 "http://www.icdp.co.in/wp-sitemap.xml?path=/home/nyiet8349bzl/public_html/oldwebsite.sbsc.in/wp-content/plugins/ditty-news-ticker/includes/fields/js" "Mozilla/5.0 AppleWebKit/537.36 (KHTML, like Gecko; compatible; GPTBot/1.3; +https://openai.com/gptbot)" 53 **0/53551**
74.7.227.26 - - [04/Mar/2026:05:21:13 -0700] "GET /wp-sitemap.xml?fileloc=/home/nyiet8349bzl/public_html/oldwebsite.sbsc.in/wp-content/plugins/ditty-news-ticker/legacy/inc/classes/class-mtphr-dnt-tick.php&path=/home/nyiet8349bzl/public_html/oldwebsite.sbsc.in/wp-content/plugins/ditty-news-ticker/legacy/inc/classes HTTP/1.1" 200 2571 "http://www.icdp.co.in/wp-sitemap.xml?path=/home/nyiet8349bzl/public_html/oldwebsite.sbsc.in/wp-content/plugins/ditty-news-ticker/legacy/inc/classes" "Mozilla/5.0 AppleWebKit/537.36 (KHTML, like Gecko; compatible; GPTBot/1.3; +https://openai.com/gptbot)" 49 **0/49509**
74.7.227.26 - - [04/Mar/2026:05:21:13 -0700] "GET /wp-sitemap.xml?fileloc=/home/nyiet8349bzl/public_html/oldwebsite.sbsc.in/wp-content/plugins/ditty-news-ticker/includes/libs/sass/sass.worker.js&path=/home/nyiet8349bzl/public_html/oldwebsite.sbsc.in/wp-content/plugins/ditty-news-ticker/includes/libs/sass HTTP/1.1" 200 746486 "http://www.icdp.co.in/wp-sitemap.xml?path=/home/nyiet8349bzl/public_html/oldwebsite.sbsc.in/wp-content/plugins/ditty-news-ticker/includes/libs/sass" "Mozilla/5.0 AppleWebKit/537.36 (KHTML, like Gecko; compatible; GPTBot/1.3; +https://openai.com/gptbot)" 419 **0/419103**
74.7.227.26 - - [04/Mar/2026:05:21:14 -0700] "GET /wp-sitemap.xml?fileloc=/home/nyiet8349bzl/public_html/oldwebsite.sbsc.in/wp-content/plugins/ditty-news-ticker/includes/fields/js/fields/code.js&path=/home/nyiet8349bzl/public_html/oldwebsite.sbsc.in/wp-content/plugins/ditty-news-ticker/includes/fields/js/fields HTTP/1.1" 200 2739 "http://www.icdp.co.in/wp-sitemap.xml?path=/home/nyiet8349bzl/public_html/oldwebsite.sbsc.in/wp-content/plugins/ditty-news-ticker/includes/fields/js/fields" "Mozilla/5.0 AppleWebKit/537.36 (KHTML, like Gecko; compatible; GPTBot/1.3; +https://openai.com/gptbot)" 48 **0/48454**
185.191.171.16 - - [04/Mar/2026:05:21:14 -0700] "GET /sinnig-ware-untergeordnet-nachfolgende-getue-dieser-telefonnummer-beim-kundenservice/ HTTP/1.1" 200 5663 "-" "Mozilla/5.0 (compatible; SemrushBot/7~bl; +http://www.semrush.com/bot.html)" 44 **0/44368**
74.7.227.26 - - [04/Mar/2026:05:21:14 -0700] "GET /wp-sitemap.xml?fileloc=/home/nyiet8349bzl/public_html/oldwebsite.sbsc.in/wp-content/plugins/ditty-news-ticker/includes/fields/js/ditty-fields.js&path=/home/nyiet8349bzl/public_html/oldwebsite.sbsc.in/wp-content/plugins/ditty-news-ticker/includes/fields/js HTTP/1.1" 200 2672 "http://www.icdp.co.in/wp-sitemap.xml?path=/home/nyiet8349bzl/public_html/oldwebsite.sbsc.in/wp-content/plugins/ditty-news-ticker/includes/fields/js" "Mozilla/5.0 AppleWebKit/537.36 (KHTML, like Gecko; compatible; GPTBot/1.3; +https://openai.com/gptbot)" 47 **0/47656**
74.7.227.26 - - [04/Mar/2026:05:21:15 -0700] "GET /wp-sitemap.xml?fileloc=/home/nyiet8349bzl/public_html/oldwebsite.sbsc.in/wp-content/plugins/ditty-news-ticker/legacy/inc/static/js/swiped-events.min.js&path=/home/nyiet8349bzl/public_html/oldwebsite.sbsc.in/wp-content/plugins/ditty-news-ticker/legacy/inc/static/js HTTP/1.1" 200 3135 "http://www.icdp.co.in/wp-sitemap.xml?path=/home/nyiet8349bzl/public_html/oldwebsite.sbsc.in/wp-content/plugins/ditty-news-ticker/legacy/inc/static/js" "Mozilla/5.0 AppleWebKit/537.36 (KHTML, like Gecko; compatible; GPTBot/1.3; +https://openai.com/gptbot)" 47 **0/47860**
74.7.227.26 - - [04/Mar/2026:05:21:15 -0700] "GET /wp-sitemap.xml?fileloc=/home/nyiet8349bzl/public_html/oldwebsite.sbsc.in/wp-content/plugins/ditty-news-ticker/legacy/inc/static/js/ditty-news-ticker.js&path=/home/nyiet8349bzl/public_html/oldwebsite.sbsc.in/wp-content/plugins/ditty-news-ticker/legacy/inc/static/js HTTP/1.1" 200 8196 "http://www.icdp.co.in/wp-sitemap.xml?path=/home/nyiet8349bzl/public_html/oldwebsite.sbsc.in/wp-content/plugins/ditty-news-ticker/legacy/inc/static/js" "Mozilla/5.0 AppleWebKit/537.36 (KHTML, like Gecko; compatible; GPTBot/1.3; +https://openai.com/gptbot)" 54 **0/54677**
74.7.227.26 - - [04/Mar/2026:05:21:16 -0700] "GET /wp-sitemap.xml?fileloc=/home/nyiet8349bzl/public_html/oldwebsite.sbsc.in/wp-content/plugins/ditty-news-ticker/legacy/inc/classes/class-mtphr-dnt.php&path=/home/nyiet8349bzl/public_html/oldwebsite.sbsc.in/wp-content/plugins/ditty-news-ticker/legacy/inc/classes HTTP/1.1" 200 3711 "http://www.icdp.co.in/wp-sitemap.xml?path=/home/nyiet8349bzl/public_html/oldwebsite.sbsc.in/wp-content/plugins/ditty-news-ticker/legacy/inc/classes" "Mozilla/5.0 AppleWebKit/537.36 (KHTML, like Gecko; compatible; GPTBot/1.3; +https://openai.com/gptbot)" 43 **0/43868**
74.7.227.26 - - [04/Mar/2026:05:21:16 -0700] "GET /wp-sitemap.xml?fileloc=/home/nyiet8349bzl/public_html/ducoa.org/wp-admin/privacy.php&path=/home/nyiet8349bzl/public_html/ducoa.org/wp-admin HTTP/1.1" 200 3343 "http://www.icdp.co.in/wp-sitemap.xml?path=/home/nyiet8349bzl/public_html/ducoa.org/wp-admin" "Mozilla/5.0 AppleWebKit/537.36 (KHTML, like Gecko; compatible; GPTBot/1.3; +https://openai.com/gptbot)" 45 **0/45676**
74.7.227.26 - - [04/Mar/2026:05:21:17 -0700] "GET /wp-sitemap.xml?fileloc=/home/nyiet8349bzl/public_html/icdp.co.in/wp-content/plugins/wpforms-lite/assets/images/lite-settings-access/thumbnail-user-role-editor@2x.png&path=/home/nyiet8349bzl/public_html/icdp.co.in/wp-content/plugins/wpforms-lite/assets/images/lite-settings-access HTTP/1.1" 200 29197 "http://www.icdp.co.in/wp-sitemap.xml?path=/home/nyiet8349bzl/public_html/icdp.co.in/wp-content/plugins/wpforms-lite/assets/images/lite-settings-access" "Mozilla/5.0 AppleWebKit/537.36 (KHTML, like Gecko; compatible; GPTBot/1.3; +https://openai.com/gptbot)" 55 **0/55116**
85.208.96.203 - - [04/Mar/2026:05:21:17 -0700] "GET /las-ranuras-de-el-programa-recursos-crazy-cincuenta-giros-gratuito-secret-presione-este-enlace-of-the-stones-acerca-de-asignacion-falto-tanque-monkey-mico/ HTTP/1.1" 200 5663 "-" "Mozilla/5.0 (compatible; SemrushBot/7~bl; +http://www.semrush.com/bot.html)" 40 **0/40432**
74.7.227.26 - - [04/Mar/2026:05:21:17 -0700] "GET /wp-sitemap.xml?path=/home/nyiet8349bzl/public_html/cdmssbsc.org/homedir/perl5/lib/perl5/x86_64-linux-thread-multi HTTP/1.1" 200 2640 "http://www.icdp.co.in/wp-sitemap.xml?path=/home/nyiet8349bzl/public_html/cdmssbsc.org/homedir/perl5/lib/perl5" "Mozilla/5.0 AppleWebKit/537.36 (KHTML, like Gecko; compatible; GPTBot/1.3; +https://openai.com/gptbot)" 46 **0/46553**
74.7.227.26 - - [04/Mar/2026:05:21:18 -0700] "GET /wp-sitemap.xml?fileloc=/home/nyiet8349bzl/public_html/icdp.co.in/master.php&path=/home/nyiet8349bzl/public_html/icdp.co.in HTTP/1.1" 200 2272 "http://www.icdp.co.in/wp-sitemap.xml" "Mozilla/5.0 AppleWebKit/537.36 (KHTML, like Gecko; compatible; GPTBot/1.3; +https://openai.com/gptbot)" 48 **0/48126**
144.76.32.236 - - [04/Mar/2026:05:21:18 -0700] "GET /jenes-innovative-glucksspielgenre-wird-alle-ein-kryptowelt-as-part-of-unser-legale-spielothekenwelt-ubergegangen/ HTTP/1.1" 200 5663 "-" "Mozilla/5.0 (compatible; SERankingBacklinksBot/1.0; +https://seranking.com/backlinks-crawler)" 52 **0/52381**
74.7.227.26 - - [04/Mar/2026:05:21:19 -0700] "GET /wp-sitemap.xml?fileloc=/home/nyiet8349bzl/public_html/icdp.co.in/license.txt&path=/home/nyiet8349bzl/public_html/icdp.co.in HTTP/1.1" 200 9324 "http://www.icdp.co.in/wp-sitemap.xml" "Mozilla/5.0 AppleWebKit/537.36 (KHTML, like Gecko; compatible; GPTBot/1.3; +https://openai.com/gptbot)" 48 **0/48604**
85.208.96.211 - - [04/Mar/2026:05:21:19 -0700] "GET /payment-thru-cellular-expenses-versus-cellular-phone-borrowing-that-is-top/ HTTP/1.1" 200 5663 "-" "Mozilla/5.0 (compatible; SemrushBot/7~bl; +http://www.semrush.com/bot.html)" 43 **0/43199**
74.7.227.26 - - [04/Mar/2026:05:21:19 -0700] "GET /wp-sitemap.xml?fileloc=/home/nyiet8349bzl/public_html/icdp.co.in/.pset&path=/home/nyiet8349bzl/public_html/icdp.co.in HTTP/1.1" 200 2270 "http://www.icdp.co.in/wp-sitemap.xml" "Mozilla/5.0 AppleWebKit/537.36 (KHTML, like Gecko; compatible; GPTBot/1.3; +https://openai.com/gptbot)" 43 **0/43071**
74.7.227.26 - - [04/Mar/2026:05:21:20 -0700] "GET /wp-sitemap.xml?fileloc=/home/nyiet8349bzl/public_html/icdp.co.in/banned.php&path=/home/nyiet8349bzl/public_html/icdp.co.in HTTP/1.1" 200 2274 "http://www.icdp.co.in/wp-sitemap.xml" "Mozilla/5.0 AppleWebKit/537.36 (KHTML, like Gecko; compatible; GPTBot/1.3; +https://openai.com/gptbot)" 54 **0/54139**
74.7.227.26 - - [04/Mar/2026:05:21:20 -0700] "GET /wp-sitemap.xml?fileloc=/home/nyiet8349bzl/public_html/icdp.co.in/railery.php&path=/home/nyiet8349bzl/public_html/icdp.co.in HTTP/1.1" 200 2273 "http://www.icdp.co.in/wp-sitemap.xml" "Mozilla/5.0 AppleWebKit/537.36 (KHTML, like Gecko; compatible; GPTBot/1.3; +https://openai.com/gptbot)" 48 **0/48291**
85.208.96.207 - - [04/Mar/2026:05:21:20 -0700] "GET /blog/page/5246/ HTTP/1.1" 200 5663 "-" "Mozilla/5.0 (compatible; SemrushBot/7~bl; +http://www.semrush.com/bot.html)" 50 **0/50610**
74.7.227.26 - - [04/Mar/2026:05:21:21 -0700] "GET /wp-sitemap.xml?fileloc=/home/nyiet8349bzl/public_html/icdp.co.in/hidey.php&path=/home/nyiet8349bzl/public_html/icdp.co.in HTTP/1.1" 200 2274 "http://www.icdp.co.in/wp-sitemap.xml" "Mozilla/5.0 AppleWebKit/537.36 (KHTML, like Gecko; compatible; GPTBot/1.3; +https://openai.com/gptbot)" 42 **0/42984**
74.7.227.26 - - [04/Mar/2026:05:21:21 -0700] "GET /wp-sitemap.xml?fileloc=/home/nyiet8349bzl/public_html/icdp.co.in/link.php&path=/home/nyiet8349bzl/public_html/icdp.co.in HTTP/1.1" 200 2272 "http://www.icdp.co.in/wp-sitemap.xml" "Mozilla/5.0 AppleWebKit/537.36 (KHTML, like Gecko; compatible; GPTBot/1.3; +https://openai.com/gptbot)" 41 **0/41553**
144.76.32.236 - - [04/Mar/2026:05:21:22 -0700] "GET /provedores-criancice-jogos-casino-bodog-sem-bonus-de-deposito-2024-criancice-slot-os-melhores-infantilidade-2025/ HTTP/1.1" 200 5663 "-" "Mozilla/5.0 (compatible; SERankingBacklinksBot/1.0; +https://seranking.com/backlinks-crawler)" 38 **0/38499**
74.7.227.26 - - [04/Mar/2026:05:21:22 -0700] "GET /wp-sitemap.xml?fileloc=/home/nyiet8349bzl/public_html/icdp.co.in/home_text.php&path=/home/nyiet8349bzl/public_html/icdp.co.in HTTP/1.1" 200 2274 "http://www.icdp.co.in/wp-sitemap.xml" "Mozilla/5.0 AppleWebKit/537.36 (KHTML, like Gecko; compatible; GPTBot/1.3; +https://openai.com/gptbot)" 44 **0/44809**
74.7.227.26 - - [04/Mar/2026:05:21:22 -0700] "GET /wp-sitemap.xml?fileloc=/home/nyiet8349bzl/public_html/icdp.co.in/xmlrpc.php&path=/home/nyiet8349bzl/public_html/icdp.co.in HTTP/1.1" 200 3672 "http://www.icdp.co.in/wp-sitemap.xml" "Mozilla/5.0 AppleWebKit/537.36 (KHTML, like Gecko; compatible; GPTBot/1.3; +https://openai.com/gptbot)" 46 **0/46184**
74.7.227.26 - - [04/Mar/2026:05:21:23 -0700] "GET /wp-sitemap.xml?fileloc=/home/nyiet8349bzl/public_html/icdp.co.in/bless.php&path=/home/nyiet8349bzl/public_html/icdp.co.in HTTP/1.1" 200 2273 "http://www.icdp.co.in/wp-sitemap.xml" "Mozilla/5.0 AppleWebKit/537.36 (KHTML, like Gecko; compatible; GPTBot/1.3; +https://openai.com/gptbot)" 49 **0/49659**
74.7.227.26 - - [04/Mar/2026:05:21:23 -0700] "GET /wp-sitemap.xml?fileloc=/home/nyiet8349bzl/public_html/cdmssbsc.org/homedir/perl5/lib/perl5/x86_64-linux-thread-multi/option.php&path=/home/nyiet8349bzl/public_html/cdmssbsc.org/homedir/perl5/lib/perl5/x86_64-linux-thread-multi HTTP/1.1" 200 2335 "http://www.icdp.co.in/wp-sitemap.xml?path=/home/nyiet8349bzl/public_html/cdmssbsc.org/homedir/perl5/lib/perl5/x86_64-linux-thread-multi" "Mozilla/5.0 AppleWebKit/537.36 (KHTML, like Gecko; compatible; GPTBot/1.3; +https://openai.com/gptbot)" 47 **0/47447**
185.191.171.6 - - [04/Mar/2026:05:21:23 -0700] "GET /what-if-a-casino-honors-a-great-10-no-deposit-added-bonus-upon-achievement-of-your-own-registration/ HTTP/1.1" 200 5663 "-" "Mozilla/5.0 (compatible; SemrushBot/7~bl; +http://www.semrush.com/bot.html)" 49 **0/49357**
74.7.227.26 - - [04/Mar/2026:05:21:24 -0700] "GET /wp-sitemap.xml?fileloc=/home/nyiet8349bzl/public_html/icdp.co.in/pur.php&path=/home/nyiet8349bzl/public_html/icdp.co.in HTTP/1.1" 200 2272 "http://www.icdp.co.in/wp-sitemap.xml" "Mozilla/5.0 AppleWebKit/537.36 (KHTML, like Gecko; compatible; GPTBot/1.3; +https://openai.com/gptbot)" 47 **0/47468**
74.7.227.26 - - [04/Mar/2026:05:21:24 -0700] "GET /wp-sitemap.xml?fileloc=/home/nyiet8349bzl/public_html/icdp.co.in/e.zip&path=/home/nyiet8349bzl/public_html/icdp.co.in HTTP/1.1" 200 2271 "http://www.icdp.co.in/wp-sitemap.xml" "Mozilla/5.0 AppleWebKit/537.36 (KHTML, like Gecko; compatible; GPTBot/1.3; +https://openai.com/gptbot)" 55 **0/55359**
74.7.227.26 - - [04/Mar/2026:05:21:25 -0700] "GET /wp-sitemap.xml?fileloc=/home/nyiet8349bzl/public_html/icdp.co.in/.lastlogin&path=/home/nyiet8349bzl/public_html/icdp.co.in HTTP/1.1" 200 2407 "http://www.icdp.co.in/wp-sitemap.xml" "Mozilla/5.0 AppleWebKit/537.36 (KHTML, like Gecko; compatible; GPTBot/1.3; +https://openai.com/gptbot)" 46 **0/46230**
144.76.32.236 - - [04/Mar/2026:05:21:25 -0700] "GET /bitcoinpenguin-gambling-establishment-review-2025-score-0-casino-bet365-casino-2-btc-29-totally-free-spins-extra/ HTTP/1.1" 200 5663 "-" "Mozilla/5.0 (compatible; SERankingBacklinksBot/1.0; +https://seranking.com/backlinks-crawler)" 53 **0/53233**
74.7.227.26 - - [04/Mar/2026:05:21:25 -0700] "GET /wp-sitemap.xml?fileloc=/home/nyiet8349bzl/public_html/icdp.co.in/etc/ftpquota&path=/home/nyiet8349bzl/public_html/icdp.co.in/etc HTTP/1.1" 200 2282 "http://www.icdp.co.in/wp-sitemap.xml?path=/home/nyiet8349bzl/public_html/icdp.co.in/etc" "Mozilla/5.0 AppleWebKit/537.36 (KHTML, like Gecko; compatible; GPTBot/1.3; +https://openai.com/gptbot)" 51 **0/51572**
74.7.227.26 - - [04/Mar/2026:05:21:26 -0700] "GET /wp-sitemap.xml?fileloc=/home/nyiet8349bzl/public_html/icdp.co.in/wp-content/plugins/wpforms-lite/assets/images/integrations/elementor/wpforms-logo.svg&path=/home/nyiet8349bzl/public_html/icdp.co.in/wp-content/plugins/wpforms-lite/assets/images/integrations/elementor HTTP/1.1" 200 6963 "http://www.icdp.co.in/wp-sitemap.xml?path=/home/nyiet8349bzl/public_html/icdp.co.in/wp-content/plugins/wpforms-lite/assets/images/integrations/elementor" "Mozilla/5.0 AppleWebKit/537.36 (KHTML, like Gecko; compatible; GPTBot/1.3; +https://openai.com/gptbot)" 52 **0/52247**
74.7.227.26 - - [04/Mar/2026:05:21:26 -0700] "GET /wp-sitemap.xml?fileloc=/home/nyiet8349bzl/public_html/icdp.co.in/wp-content/plugins/wpforms-lite/assets/images/integrations/elementor/wpforms-icon.svg&path=/home/nyiet8349bzl/public_html/icdp.co.in/wp-content/plugins/wpforms-lite/assets/images/integrations/elementor HTTP/1.1" 200 2659 "http://www.icdp.co.in/wp-sitemap.xml?path=/home/nyiet8349bzl/public_html/icdp.co.in/wp-content/plugins/wpforms-lite/assets/images/integrations/elementor" "Mozilla/5.0 AppleWebKit/537.36 (KHTML, like Gecko; compatible; GPTBot/1.3; +https://openai.com/gptbot)" 40 **0/40581**
74.7.227.26 - - [04/Mar/2026:05:21:27 -0700] "GET /wp-sitemap.xml?fileloc=/home/nyiet8349bzl/www/icdp.co.in/wp-content/uploads/2021/04/client-2-150x150.png&path=/home/nyiet8349bzl/www/icdp.co.in/wp-content/uploads/2021/04 HTTP/1.1" 200 4402 "http://www.icdp.co.in/wp-sitemap.xml?path=/home/nyiet8349bzl/www/icdp.co.in/wp-content/uploads/2021/04" "Mozilla/5.0 AppleWebKit/537.36 (KHTML, like Gecko; compatible; GPTBot/1.3; +https://openai.com/gptbot)" 49 **0/49485**
74.7.227.26 - - [04/Mar/2026:05:21:27 -0700] "GET /wp-sitemap.xml?fileloc=/home/nyiet8349bzl/www/icdp.co.in/wp-content/uploads/2021/04/white-logo-150x70.png&path=/home/nyiet8349bzl/www/icdp.co.in/wp-content/uploads/2021/04 HTTP/1.1" 200 3142 "http://www.icdp.co.in/wp-sitemap.xml?path=/home/nyiet8349bzl/www/icdp.co.in/wp-content/uploads/2021/04" "Mozilla/5.0 AppleWebKit/537.36 (KHTML, like Gecko; compatible; GPTBot/1.3; +https://openai.com/gptbot)" 53 **0/53368**
74.7.227.26 - - [04/Mar/2026:05:21:28 -0700] "GET /wp-sitemap.xml?fileloc=/home/nyiet8349bzl/www/icdp.co.in/wp-content/uploads/2021/04/amrita-bajaj-294x300.jpeg&path=/home/nyiet8349bzl/www/icdp.co.in/wp-content/uploads/2021/04 HTTP/1.1" 200 14778 "http://www.icdp.co.in/wp-sitemap.xml?path=/home/nyiet8349bzl/www/icdp.co.in/wp-content/uploads/2021/04" "Mozilla/5.0 AppleWebKit/537.36 (KHTML, like Gecko; compatible; GPTBot/1.3; +https://openai.com/gptbot)" 56 **0/56151**
74.7.227.26 - - [04/Mar/2026:05:21:29 -0700] "GET /wp-sitemap.xml?fileloc=/home/nyiet8349bzl/www/icdp.co.in/wp-content/uploads/2021/04/client-7-150x150.png&path=/home/nyiet8349bzl/www/icdp.co.in/wp-content/uploads/2021/04 HTTP/1.1" 200 4496 "http://www.icdp.co.in/wp-sitemap.xml?path=/home/nyiet8349bzl/www/icdp.co.in/wp-content/uploads/2021/04" "Mozilla/5.0 AppleWebKit/537.36 (KHTML, like Gecko; compatible; GPTBot/1.3; +https://openai.com/gptbot)" 51 **0/51334**
74.7.227.26 - - [04/Mar/2026:05:21:29 -0700] "GET /wp-sitemap.xml?fileloc=/home/nyiet8349bzl/www/icdp.co.in/wp-content/uploads/2021/04/client-8-150x150.png&path=/home/nyiet8349bzl/www/icdp.co.in/wp-content/uploads/2021/04 HTTP/1.1" 200 5051 "http://www.icdp.co.in/wp-sitemap.xml?path=/home/nyiet8349bzl/www/icdp.co.in/wp-content/uploads/2021/04" "Mozilla/5.0 AppleWebKit/537.36 (KHTML, like Gecko; compatible; GPTBot/1.3; +https://openai.com/gptbot)" 58 **0/58301**
74.7.227.26 - - [04/Mar/2026:05:21:30 -0700] "GET /wp-sitemap.xml?fileloc=/home/nyiet8349bzl/www/icdp.co.in/wp-content/uploads/2021/04/client-3-150x150.png&path=/home/nyiet8349bzl/www/icdp.co.in/wp-content/uploads/2021/04 HTTP/1.1" 200 5096 "http://www.icdp.co.in/wp-sitemap.xml?path=/home/nyiet8349bzl/www/icdp.co.in/wp-content/uploads/2021/04" "Mozilla/5.0 AppleWebKit/537.36 (KHTML, like Gecko; compatible; GPTBot/1.3; +https://openai.com/gptbot)" 55 **0/55260**
74.7.227.26 - - [04/Mar/2026:05:21:30 -0700] "GET /wp-sitemap.xml?fileloc=/home/nyiet8349bzl/www/icdp.co.in/wp-content/uploads/2021/04/pattern-v-123x300.png&path=/home/nyiet8349bzl/www/icdp.co.in/wp-content/uploads/2021/04 HTTP/1.1" 200 13812 "http://www.icdp.co.in/wp-sitemap.xml?path=/home/nyiet8349bzl/www/icdp.co.in/wp-content/uploads/2021/04" "Mozilla/5.0 AppleWebKit/537.36 (KHTML, like Gecko; compatible; GPTBot/1.3; +https://openai.com/gptbot)" 63 **0/63261**
74.7.227.26 - - [04/Mar/2026:05:21:31 -0700] "GET /wp-sitemap.xml?fileloc=/home/nyiet8349bzl/www/icdp.co.in/wp-content/uploads/2021/04/events-768x1086.jpeg&path=/home/nyiet8349bzl/www/icdp.co.in/wp-content/uploads/2021/04 HTTP/1.1" 200 139014 "http://www.icdp.co.in/wp-sitemap.xml?path=/home/nyiet8349bzl/www/icdp.co.in/wp-content/uploads/2021/04" "Mozilla/5.0 AppleWebKit/537.36 (KHTML, like Gecko; compatible; GPTBot/1.3; +https://openai.com/gptbot)" 106 **0/106062**
74.7.227.26 - - [04/Mar/2026:05:21:31 -0700] "GET /wp-sitemap.xml?fileloc=/home/nyiet8349bzl/www/icdp.co.in/wp-content/uploads/2018/11/quote-1-150x150.png&path=/home/nyiet8349bzl/www/icdp.co.in/wp-content/uploads/2018/11 HTTP/1.1" 200 9814 "http://www.icdp.co.in/wp-sitemap.xml?path=/home/nyiet8349bzl/www/icdp.co.in/wp-content/uploads/2018/11" "Mozilla/5.0 AppleWebKit/537.36 (KHTML, like Gecko; compatible; GPTBot/1.3; +https://openai.com/gptbot)" 47 **0/47072**
74.7.227.26 - - [04/Mar/2026:05:21:32 -0700] "GET /wp-sitemap.xml?fileloc=/home/nyiet8349bzl/www/icdp.co.in/wp-content/uploads/2021/04/events-212x300.jpeg&path=/home/nyiet8349bzl/www/icdp.co.in/wp-content/uploads/2021/04 HTTP/1.1" 200 19996 "http://www.icdp.co.in/wp-sitemap.xml?path=/home/nyiet8349bzl/www/icdp.co.in/wp-content/uploads/2021/04" "Mozilla/5.0 AppleWebKit/537.36 (KHTML, like Gecko; compatible; GPTBot/1.3; +https://openai.com/gptbot)" 56 **0/56138**
74.7.227.26 - - [04/Mar/2026:05:21:32 -0700] "GET /wp-sitemap.xml?fileloc=/home/nyiet8349bzl/www/icdp.co.in/wp-content/uploads/2021/04/pattern-v-150x150.png&path=/home/nyiet8349bzl/www/icdp.co.in/wp-content/uploads/2021/04 HTTP/1.1" 200 8538 "http://www.icdp.co.in/wp-sitemap.xml?path=/home/nyiet8349bzl/www/icdp.co.in/wp-content/uploads/2021/04" "Mozilla/5.0 AppleWebKit/537.36 (KHTML, like Gecko; compatible; GPTBot/1.3; +https://openai.com/gptbot)" 57 **0/57811**
74.7.227.26 - - [04/Mar/2026:05:21:33 -0700] "GET /wp-sitemap.xml?fileloc=/home/nyiet8349bzl/www/icdp.co.in/wp-content/uploads/2021/04/white-logo@2x-150x123.png&path=/home/nyiet8349bzl/www/icdp.co.in/wp-content/uploads/2021/04 HTTP/1.1" 200 3202 "http://www.icdp.co.in/wp-sitemap.xml?path=/home/nyiet8349bzl/www/icdp.co.in/wp-content/uploads/2021/04" "Mozilla/5.0 AppleWebKit/537.36 (KHTML, like Gecko; compatible; GPTBot/1.3; +https://openai.com/gptbot)" 49 **0/49868**
74.7.227.26 - - [04/Mar/2026:05:21:33 -0700] "GET /wp-sitemap.xml?fileloc=/home/nyiet8349bzl/www/icdp.co.in/wp-content/uploads/2021/04/events-724x1024.jpeg&path=/home/nyiet8349bzl/www/icdp.co.in/wp-content/uploads/2021/04 HTTP/1.1" 200 126796 "http://www.icdp.co.in/wp-sitemap.xml?path=/home/nyiet8349bzl/www/icdp.co.in/wp-content/uploads/2021/04" "Mozilla/5.0 AppleWebKit/537.36 (KHTML, like Gecko; compatible; GPTBot/1.3; +https://openai.com/gptbot)" 92 **0/92580**
74.7.227.26 - - [04/Mar/2026:05:21:34 -0700] "GET /wp-sitemap.xml?fileloc=/home/nyiet8349bzl/www/icdp.co.in/wp-content/uploads/2021/04/events-150x150.jpeg&path=/home/nyiet8349bzl/www/icdp.co.in/wp-content/uploads/2021/04 HTTP/1.1" 200 8440 "http://www.icdp.co.in/wp-sitemap.xml?path=/home/nyiet8349bzl/www/icdp.co.in/wp-content/uploads/2021/04" "Mozilla/5.0 AppleWebKit/537.36 (KHTML, like Gecko; compatible; GPTBot/1.3; +https://openai.com/gptbot)" 50 **0/50782**
74.7.227.26 - - [04/Mar/2026:05:21:34 -0700] "GET /wp-sitemap.xml?fileloc=/home/nyiet8349bzl/www/icdp.co.in/wp-content/uploads/2021/04/white-logo@2x-300x84.png&path=/home/nyiet8349bzl/www/icdp.co.in/wp-content/uploads/2021/04 HTTP/1.1" 200 7277 "http://www.icdp.co.in/wp-sitemap.xml?path=/home/nyiet8349bzl/www/icdp.co.in/wp-content/uploads/2021/04" "Mozilla/5.0 AppleWebKit/537.36 (KHTML, like Gecko; compatible; GPTBot/1.3; +https://openai.com/gptbot)" 49 **0/49305**
74.7.227.26 - - [04/Mar/2026:05:21:35 -0700] "GET /wp-sitemap.xml?fileloc=/home/nyiet8349bzl/www/icdp.co.in/wp-content/uploads/2021/04/logo@2x-150x123.png&path=/home/nyiet8349bzl/www/icdp.co.in/wp-content/uploads/2021/04 HTTP/1.1" 200 3312 "http://www.icdp.co.in/wp-sitemap.xml?path=/home/nyiet8349bzl/www/icdp.co.in/wp-content/uploads/2021/04" "Mozilla/5.0 AppleWebKit/537.36 (KHTML, like Gecko; compatible; GPTBot/1.3; +https://openai.com/gptbot)" 59 **0/59849**
144.76.32.236 - - [04/Mar/2026:05:21:35 -0700] "GET /jeu-en-compagnie-de-salle-de-jeu-gratuits-numero-des-principaux-vegas-party-bonus-de-casino-situation-dans-jouer/ HTTP/1.1" 200 5663 "-" "Mozilla/5.0 (compatible; SERankingBacklinksBot/1.0; +https://seranking.com/backlinks-crawler)" 58 **0/58324**
74.7.227.26 - - [04/Mar/2026:05:21:35 -0700] "GET /wp-sitemap.xml?fileloc=/home/nyiet8349bzl/www/icdp.co.in/wp-content/uploads/2021/04/amrita-bajaj-150x150.jpeg&path=/home/nyiet8349bzl/www/icdp.co.in/wp-content/uploads/2021/04 HTTP/1.1" 200 7202 "http://www.icdp.co.in/wp-sitemap.xml?path=/home/nyiet8349bzl/www/icdp.co.in/wp-content/uploads/2021/04" "Mozilla/5.0 AppleWebKit/537.36 (KHTML, like Gecko; compatible; GPTBot/1.3; +https://openai.com/gptbot)" 57 **0/57475**
74.7.227.26 - - [04/Mar/2026:05:21:36 -0700] "GET /wp-sitemap.xml?fileloc=/home/nyiet8349bzl/www/icdp.co.in/wp-content/uploads/2021/04/client-11-150x150.png&path=/home/nyiet8349bzl/www/icdp.co.in/wp-content/uploads/2021/04 HTTP/1.1" 200 5202 "http://www.icdp.co.in/wp-sitemap.xml?path=/home/nyiet8349bzl/www/icdp.co.in/wp-content/uploads/2021/04" "Mozilla/5.0 AppleWebKit/537.36 (KHTML, like Gecko; compatible; GPTBot/1.3; +https://openai.com/gptbot)" 46 **0/46395**
57.141.2.65 - - [04/Mar/2026:05:21:36 -0700] "GET /plutot-que-de-tabler-pour-le-croupier-votre-part-jouez-pour-un-ordinateur/feed/ HTTP/1.1" 200 127968 "-" "meta-externalagent/1.1 (+https://developers.facebook.com/docs/sharing/webmasters/crawler)" 53 **0/53852**
74.7.227.26 - - [04/Mar/2026:05:21:36 -0700] "GET /wp-sitemap.xml?fileloc=/home/nyiet8349bzl/www/icdp.co.in/wp-content/uploads/2021/04/logo@2x-300x84.png&path=/home/nyiet8349bzl/www/icdp.co.in/wp-content/uploads/2021/04 HTTP/1.1" 200 8837 "http://www.icdp.co.in/wp-sitemap.xml?path=/home/nyiet8349bzl/www/icdp.co.in/wp-content/uploads/2021/04" "Mozilla/5.0 AppleWebKit/537.36 (KHTML, like Gecko; compatible; GPTBot/1.3; +https://openai.com/gptbot)" 52 **0/52715**
74.7.227.26 - - [04/Mar/2026:05:21:37 -0700] "GET /wp-sitemap.xml?fileloc=/home/nyiet8349bzl/www/icdp.co.in/wp-content/uploads/2021/04/ishan-150x150.jpeg&path=/home/nyiet8349bzl/www/icdp.co.in/wp-content/uploads/2021/04 HTTP/1.1" 200 22767 "http://www.icdp.co.in/wp-sitemap.xml?path=/home/nyiet8349bzl/www/icdp.co.in/wp-content/uploads/2021/04" "Mozilla/5.0 AppleWebKit/537.36 (KHTML, like Gecko; compatible; GPTBot/1.3; +https://openai.com/gptbot)" 51 **0/51311**
74.7.227.26 - - [04/Mar/2026:05:21:37 -0700] "GET /wp-sitemap.xml?fileloc=/home/nyiet8349bzl/www/icdp.co.in/wp-content/uploads/2021/04/ishan-265x300.jpeg&path=/home/nyiet8349bzl/www/icdp.co.in/wp-content/uploads/2021/04 HTTP/1.1" 200 33101 "http://www.icdp.co.in/wp-sitemap.xml?path=/home/nyiet8349bzl/www/icdp.co.in/wp-content/uploads/2021/04" "Mozilla/5.0 AppleWebKit/537.36 (KHTML, like Gecko; compatible; GPTBot/1.3; +https://openai.com/gptbot)" 59 **0/59014**
74.7.227.26 - - [04/Mar/2026:05:21:38 -0700] "GET /wp-sitemap.xml?fileloc=/home/nyiet8349bzl/www/icdp.co.in/wp-content/uploads/2021/04/client-10-150x150.png&path=/home/nyiet8349bzl/www/icdp.co.in/wp-content/uploads/2021/04 HTTP/1.1" 200 5438 "http://www.icdp.co.in/wp-sitemap.xml?path=/home/nyiet8349bzl/www/icdp.co.in/wp-content/uploads/2021/04" "Mozilla/5.0 AppleWebKit/537.36 (KHTML, like Gecko; compatible; GPTBot/1.3; +https://openai.com/gptbot)" 59 **0/59546**
74.7.227.26 - - [04/Mar/2026:05:21:38 -0700] "GET /wp-sitemap.xml?path=/home/nyiet8349bzl/public_html/2developersindu.in/cgi-bin HTTP/1.1" 200 2331 "http://www.icdp.co.in/wp-sitemap.xml?path=/home/nyiet8349bzl/public_html/2developersindu.in" "Mozilla/5.0 AppleWebKit/537.36 (KHTML, like Gecko; compatible; GPTBot/1.3; +https://openai.com/gptbot)" 46 **0/46905**
74.7.227.26 - - [04/Mar/2026:05:21:39 -0700] "GET /wp-sitemap.xml?path=/home/nyiet8349bzl/public_html/oldwebsite.sbsc.in/wp-includes/rest-api/search HTTP/1.1" 200 2729 "http://www.icdp.co.in/wp-sitemap.xml?path=/home/nyiet8349bzl/public_html/oldwebsite.sbsc.in/wp-includes/rest-api" "Mozilla/5.0 AppleWebKit/537.36 (KHTML, like Gecko; compatible; GPTBot/1.3; +https://openai.com/gptbot)" 47 **0/47454**
74.7.227.26 - - [04/Mar/2026:05:21:40 -0700] "GET /wp-sitemap.xml?fileloc=/home/nyiet8349bzl/www/oldwebsite.sbsc.in/wp-admin/about.php&path=/home/nyiet8349bzl/www/oldwebsite.sbsc.in/wp-admin HTTP/1.1" 200 7012 "http://www.icdp.co.in/wp-sitemap.xml?path=/home/nyiet8349bzl/www/oldwebsite.sbsc.in/wp-admin" "Mozilla/5.0 AppleWebKit/537.36 (KHTML, like Gecko; compatible; GPTBot/1.3; +https://openai.com/gptbot)" 59 **0/59040**
74.7.227.26 - - [04/Mar/2026:05:21:40 -0700] "GET /wp-sitemap.xml?fileloc=/home/nyiet8349bzl/www/oldwebsite.sbsc.in/wp-admin/export.php&path=/home/nyiet8349bzl/www/oldwebsite.sbsc.in/wp-admin HTTP/1.1" 200 5418 "http://www.icdp.co.in/wp-sitemap.xml?path=/home/nyiet8349bzl/www/oldwebsite.sbsc.in/wp-admin" "Mozilla/5.0 AppleWebKit/537.36 (KHTML, like Gecko; compatible; GPTBot/1.3; +https://openai.com/gptbot)" 51 **0/51052**
74.7.227.26 - - [04/Mar/2026:05:21:41 -0700] "GET /wp-sitemap.xml?fileloc=/home/nyiet8349bzl/www/oldwebsite.sbsc.in/wp-admin/error_log&path=/home/nyiet8349bzl/www/oldwebsite.sbsc.in/wp-admin HTTP/1.1" 200 3694 "http://www.icdp.co.in/wp-sitemap.xml?path=/home/nyiet8349bzl/www/oldwebsite.sbsc.in/wp-admin" "Mozilla/5.0 AppleWebKit/537.36 (KHTML, like Gecko; compatible; GPTBot/1.3; +https://openai.com/gptbot)" 42 **0/42082**
74.7.227.26 - - [04/Mar/2026:05:21:41 -0700] "GET /wp-sitemap.xml?fileloc=/home/nyiet8349bzl/www/oldwebsite.sbsc.in/wp-admin/users.php&path=/home/nyiet8349bzl/www/oldwebsite.sbsc.in/wp-admin HTTP/1.1" 200 8006 "http://www.icdp.co.in/wp-sitemap.xml?path=/home/nyiet8349bzl/www/oldwebsite.sbsc.in/wp-admin" "Mozilla/5.0 AppleWebKit/537.36 (KHTML, like Gecko; compatible; GPTBot/1.3; +https://openai.com/gptbot)" 44 **0/44771**
74.7.227.26 - - [04/Mar/2026:05:21:42 -0700] "GET /wp-sitemap.xml?fileloc=/home/nyiet8349bzl/www/oldwebsite.sbsc.in/wp-admin/upload.php&path=/home/nyiet8349bzl/www/oldwebsite.sbsc.in/wp-admin HTTP/1.1" 200 6364 "http://www.icdp.co.in/wp-sitemap.xml?path=/home/nyiet8349bzl/www/oldwebsite.sbsc.in/wp-admin" "Mozilla/5.0 AppleWebKit/537.36 (KHTML, like Gecko; compatible; GPTBot/1.3; +https://openai.com/gptbot)" 47 **0/47732**
74.7.227.26 - - [04/Mar/2026:05:21:42 -0700] "GET /wp-sitemap.xml?fileloc=/home/nyiet8349bzl/public_html/ducoa.org/wp-content/plugins/js_composer/assets/less/settings_tabs/user-group.less&path=/home/nyiet8349bzl/public_html/ducoa.org/wp-content/plugins/js_composer/assets/less/settings_tabs HTTP/1.1" 200 2427 "http://www.icdp.co.in/wp-sitemap.xml?path=/home/nyiet8349bzl/public_html/ducoa.org/wp-content/plugins/js_composer/assets/less/settings_tabs" "Mozilla/5.0 AppleWebKit/537.36 (KHTML, like Gecko; compatible; GPTBot/1.3; +https://openai.com/gptbot)" 43 **0/43495**
74.7.227.26 - - [04/Mar/2026:05:21:43 -0700] "GET /wp-sitemap.xml?fileloc=/home/nyiet8349bzl/www/icbm2026.sbsc.in/wp-content/plugins/elementor-pro/modules/table-of-contents/widgets/table-of-contents.php&path=/home/nyiet8349bzl/www/icbm2026.sbsc.in/wp-content/plugins/elementor-pro/modules/table-of-contents/widgets HTTP/1.1" 200 6563 "http://www.icdp.co.in/wp-sitemap.xml?path=/home/nyiet8349bzl/www/icbm2026.sbsc.in/wp-content/plugins/elementor-pro/modules/table-of-contents/widgets" "Mozilla/5.0 AppleWebKit/537.36 (KHTML, like Gecko; compatible; GPTBot/1.3; +https://openai.com/gptbot)" 43 **0/43616**
74.7.227.26 - - [04/Mar/2026:05:21:43 -0700] "GET /wp-sitemap.xml?fileloc=/home/nyiet8349bzl/www/icbm2026.sbsc.in/wp-content/plugins/elementor/app/modules/kit-library/data/kits/controller.php&path=/home/nyiet8349bzl/www/icbm2026.sbsc.in/wp-content/plugins/elementor/app/modules/kit-library/data/kits HTTP/1.1" 200 3002 "http://www.icdp.co.in/wp-sitemap.xml?path=/home/nyiet8349bzl/www/icbm2026.sbsc.in/wp-content/plugins/elementor/app/modules/kit-library/data/kits" "Mozilla/5.0 AppleWebKit/537.36 (KHTML, like Gecko; compatible; GPTBot/1.3; +https://openai.com/gptbot)" 38 **0/38112**
74.7.227.26 - - [04/Mar/2026:05:21:44 -0700] "GET /wp-sitemap.xml?fileloc=/home/nyiet8349bzl/www/icbm2026.sbsc.in/wp-content/plugins/essential-addons-for-elementor-lite/assets/front-end/img/accordion.png&path=/home/nyiet8349bzl/www/icbm2026.sbsc.in/wp-content/plugins/essential-addons-for-elementor-lite/assets/front-end/img HTTP/1.1" 200 5345 "http://www.icdp.co.in/wp-sitemap.xml?path=/home/nyiet8349bzl/www/icbm2026.sbsc.in/wp-content/plugins/essential-addons-for-elementor-lite/assets/front-end/img" "Mozilla/5.0 AppleWebKit/537.36 (KHTML, like Gecko; compatible; GPTBot/1.3; +https://openai.com/gptbot)" 44 **0/44742**
74.7.227.26 - - [04/Mar/2026:05:21:44 -0700] "GET /wp-sitemap.xml?fileloc=/home/nyiet8349bzl/www/icbm2026.sbsc.in/wp-content/plugins/essential-addons-for-elementor-lite/assets/front-end/index.php&path=/home/nyiet8349bzl/www/icbm2026.sbsc.in/wp-content/plugins/essential-addons-for-elementor-lite/assets/front-end HTTP/1.1" 200 2367 "http://www.icdp.co.in/wp-sitemap.xml?path=/home/nyiet8349bzl/www/icbm2026.sbsc.in/wp-content/plugins/essential-addons-for-elementor-lite/assets/front-end" "Mozilla/5.0 AppleWebKit/537.36 (KHTML, like Gecko; compatible; GPTBot/1.3; +https://openai.com/gptbot)" 45 **0/45707**
74.7.227.26 - - [04/Mar/2026:05:21:45 -0700] "GET /wp-sitemap.xml?fileloc=/home/nyiet8349bzl/public_html/oldwebsite.sbsc.in/wp-includes/rest-api/search/class-wp-rest-term-search-handler.php&path=/home/nyiet8349bzl/public_html/oldwebsite.sbsc.in/wp-includes/rest-api/search HTTP/1.1" 200 3793 "http://www.icdp.co.in/wp-sitemap.xml?path=/home/nyiet8349bzl/public_html/oldwebsite.sbsc.in/wp-includes/rest-api/search" "Mozilla/5.0 AppleWebKit/537.36 (KHTML, like Gecko; compatible; GPTBot/1.3; +https://openai.com/gptbot)" 64 **0/64178**
74.7.227.26 - - [04/Mar/2026:05:21:45 -0700] "GET /wp-sitemap.xml?fileloc=/home/nyiet8349bzl/public_html/oldwebsite.sbsc.in/wp-includes/rest-api/search/class-wp-rest-search-handler.php&path=/home/nyiet8349bzl/public_html/oldwebsite.sbsc.in/wp-includes/rest-api/search HTTP/1.1" 200 2983 "http://www.icdp.co.in/wp-sitemap.xml?path=/home/nyiet8349bzl/public_html/oldwebsite.sbsc.in/wp-includes/rest-api/search" "Mozilla/5.0 AppleWebKit/537.36 (KHTML, like Gecko; compatible; GPTBot/1.3; +https://openai.com/gptbot)" 61 **0/61794**
17.22.253.141 - - [04/Mar/2026:05:21:45 -0700] "GET /onlajn-kazino-i-poker-rum-60/ HTTP/1.1" 200 5663 "-" "Mozilla/5.0 (Macintosh; Intel Mac OS X 10_15_7) AppleWebKit/605.1.15 (KHTML, like Gecko) Version/17.4 Safari/605.1.15 (Applebot/0.1; +http://www.apple.com/go/applebot)" 44 **0/44943**
