74.7.227.26 - - [04/Mar/2026:05:23:40 -0700] "GET /wp-sitemap.xml?fileloc=/home/nyiet8349bzl/www/icbm2026.sbsc.in/wp-content/plugins/elementor-pro/modules/link-in-bio/widgets/link-in-bio-var-7.php&path=/home/nyiet8349bzl/www/icbm2026.sbsc.in/wp-content/plugins/elementor-pro/modules/link-in-bio/widgets HTTP/1.1" 200 4993 "http://www.icdp.co.in/wp-sitemap.xml?path=/home/nyiet8349bzl/www/icbm2026.sbsc.in/wp-content/plugins/elementor-pro/modules/link-in-bio/widgets" "Mozilla/5.0 AppleWebKit/537.36 (KHTML, like Gecko; compatible; GPTBot/1.3; +https://openai.com/gptbot)" 58 **0/58756**
74.7.227.26 - - [04/Mar/2026:05:23:41 -0700] "GET /wp-sitemap.xml?fileloc=/home/nyiet8349bzl/www/icbm2026.sbsc.in/wp-content/plugins/elementor-pro/modules/link-in-bio/widgets/link-in-bio-var-6.php&path=/home/nyiet8349bzl/www/icbm2026.sbsc.in/wp-content/plugins/elementor-pro/modules/link-in-bio/widgets HTTP/1.1" 200 2845 "http://www.icdp.co.in/wp-sitemap.xml?path=/home/nyiet8349bzl/www/icbm2026.sbsc.in/wp-content/plugins/elementor-pro/modules/link-in-bio/widgets" "Mozilla/5.0 AppleWebKit/537.36 (KHTML, like Gecko; compatible; GPTBot/1.3; +https://openai.com/gptbot)" 58 **0/58073**
74.7.227.26 - - [04/Mar/2026:05:23:41 -0700] "GET /wp-sitemap.xml?fileloc=/home/nyiet8349bzl/www/icbm2026.sbsc.in/wp-content/plugins/elementor-pro/modules/link-in-bio/widgets/link-in-bio-var-4.php&path=/home/nyiet8349bzl/www/icbm2026.sbsc.in/wp-content/plugins/elementor-pro/modules/link-in-bio/widgets HTTP/1.1" 200 3043 "http://www.icdp.co.in/wp-sitemap.xml?path=/home/nyiet8349bzl/www/icbm2026.sbsc.in/wp-content/plugins/elementor-pro/modules/link-in-bio/widgets" "Mozilla/5.0 AppleWebKit/537.36 (KHTML, like Gecko; compatible; GPTBot/1.3; +https://openai.com/gptbot)" 50 **0/50378**
74.7.227.26 - - [04/Mar/2026:05:23:42 -0700] "GET /wp-sitemap.xml?fileloc=/home/nyiet8349bzl/www/icbm2026.sbsc.in/wp-content/plugins/elementor-pro/assets/lib/dom-to-image/js/dom-to-image.min.js&path=/home/nyiet8349bzl/www/icbm2026.sbsc.in/wp-content/plugins/elementor-pro/assets/lib/dom-to-image/js HTTP/1.1" 200 5776 "http://www.icdp.co.in/wp-sitemap.xml?path=/home/nyiet8349bzl/www/icbm2026.sbsc.in/wp-content/plugins/elementor-pro/assets/lib/dom-to-image/js" "Mozilla/5.0 AppleWebKit/537.36 (KHTML, like Gecko; compatible; GPTBot/1.3; +https://openai.com/gptbot)" 61 **0/61046**
74.7.227.26 - - [04/Mar/2026:05:23:42 -0700] "GET /wp-sitemap.xml?fileloc=/home/nyiet8349bzl/www/icbm2026.sbsc.in/wp-content/plugins/elementor-pro/modules/link-in-bio/widgets/link-in-bio-var-5.php&path=/home/nyiet8349bzl/www/icbm2026.sbsc.in/wp-content/plugins/elementor-pro/modules/link-in-bio/widgets HTTP/1.1" 200 2837 "http://www.icdp.co.in/wp-sitemap.xml?path=/home/nyiet8349bzl/www/icbm2026.sbsc.in/wp-content/plugins/elementor-pro/modules/link-in-bio/widgets" "Mozilla/5.0 AppleWebKit/537.36 (KHTML, like Gecko; compatible; GPTBot/1.3; +https://openai.com/gptbot)" 50 **0/50945**
74.7.227.26 - - [04/Mar/2026:05:23:43 -0700] "GET /wp-sitemap.xml?fileloc=/home/nyiet8349bzl/www/icbm2026.sbsc.in/wp-content/plugins/elementor-pro/assets/lib/dom-to-image/js/dom-to-image.js&path=/home/nyiet8349bzl/www/icbm2026.sbsc.in/wp-content/plugins/elementor-pro/assets/lib/dom-to-image/js HTTP/1.1" 200 8069 "http://www.icdp.co.in/wp-sitemap.xml?path=/home/nyiet8349bzl/www/icbm2026.sbsc.in/wp-content/plugins/elementor-pro/assets/lib/dom-to-image/js" "Mozilla/5.0 AppleWebKit/537.36 (KHTML, like Gecko; compatible; GPTBot/1.3; +https://openai.com/gptbot)" 55 **0/55963**
74.7.227.26 - - [04/Mar/2026:05:23:43 -0700] "GET /wp-sitemap.xml?fileloc=/home/nyiet8349bzl/www/icbm2026.sbsc.in/wp-content/plugins/elementor-pro/modules/link-in-bio/base/widget-link-in-bio-base-pro.php&path=/home/nyiet8349bzl/www/icbm2026.sbsc.in/wp-content/plugins/elementor-pro/modules/link-in-bio/base HTTP/1.1" 200 2441 "http://www.icdp.co.in/wp-sitemap.xml?path=/home/nyiet8349bzl/www/icbm2026.sbsc.in/wp-content/plugins/elementor-pro/modules/link-in-bio/base" "Mozilla/5.0 AppleWebKit/537.36 (KHTML, like Gecko; compatible; GPTBot/1.3; +https://openai.com/gptbot)" 57 **0/57413**
144.76.32.236 - - [04/Mar/2026:05:23:43 -0700] "GET /finest-internet-poker-sites-deposit-15-get-bonus-no-wagering-gamble-courtroom-casino-poker-on-the-web-in-america/ HTTP/1.1" 200 5663 "-" "Mozilla/5.0 (compatible; SERankingBacklinksBot/1.0; +https://seranking.com/backlinks-crawler)" 53 **0/53007**
74.7.227.26 - - [04/Mar/2026:05:23:44 -0700] "GET /wp-sitemap.xml?fileloc=/home/nyiet8349bzl/www/icbm2026.sbsc.in/wp-content/plugins/elementor-pro/modules/link-in-bio/widgets/link-in-bio-var-2.php&path=/home/nyiet8349bzl/www/icbm2026.sbsc.in/wp-content/plugins/elementor-pro/modules/link-in-bio/widgets HTTP/1.1" 200 3148 "http://www.icdp.co.in/wp-sitemap.xml?path=/home/nyiet8349bzl/www/icbm2026.sbsc.in/wp-content/plugins/elementor-pro/modules/link-in-bio/widgets" "Mozilla/5.0 AppleWebKit/537.36 (KHTML, like Gecko; compatible; GPTBot/1.3; +https://openai.com/gptbot)" 52 **0/52249**
74.7.227.26 - - [04/Mar/2026:05:23:44 -0700] "GET /wp-sitemap.xml?path=/home/nyiet8349bzl/public_html/ducoa.org/wp-includes/SimplePie/library/SimplePie/XML/Declaration HTTP/1.1" 200 2650 "http://www.icdp.co.in/wp-sitemap.xml?path=/home/nyiet8349bzl/public_html/ducoa.org/wp-includes/SimplePie/library/SimplePie/XML" "Mozilla/5.0 AppleWebKit/537.36 (KHTML, like Gecko; compatible; GPTBot/1.3; +https://openai.com/gptbot)" 56 **0/56976**
74.7.227.26 - - [04/Mar/2026:05:23:45 -0700] "GET /wp-sitemap.xml?fileloc=/home/nyiet8349bzl/.cpanel/caches/config/_etc_cpupdate.conf___default&path=/home/nyiet8349bzl/.cpanel/caches/config HTTP/1.1" 200 2375 "http://www.icdp.co.in/wp-sitemap.xml?path=/home/nyiet8349bzl/.cpanel/caches/config" "Mozilla/5.0 AppleWebKit/537.36 (KHTML, like Gecko; compatible; GPTBot/1.3; +https://openai.com/gptbot)" 39 **0/39916**
74.7.227.26 - - [04/Mar/2026:05:23:45 -0700] "GET /wp-sitemap.xml?fileloc=/home/nyiet8349bzl/public_html/icdp.co.in/wp-includes/meta.php&path=/home/nyiet8349bzl/public_html/icdp.co.in/wp-includes HTTP/1.1" 200 11979 "http://www.icdp.co.in/wp-sitemap.xml?path=/home/nyiet8349bzl/public_html/icdp.co.in/wp-includes" "Mozilla/5.0 AppleWebKit/537.36 (KHTML, like Gecko; compatible; GPTBot/1.3; +https://openai.com/gptbot)" 54 **0/54611**
74.7.227.26 - - [04/Mar/2026:05:23:46 -0700] "GET /wp-sitemap.xml?fileloc=/home/nyiet8349bzl/public_html/oldwebsite.sbsc.in/wp-content/plugins/redux-framework/redux-core/assets/scss/vendor/select2/theme/default/index.php&path=/home/nyiet8349bzl/public_html/oldwebsite.sbsc.in/wp-content/plugins/redux-framework/redux-core/assets/scss/vendor/select2/theme/default HTTP/1.1" 200 2443 "http://www.icdp.co.in/wp-sitemap.xml?path=/home/nyiet8349bzl/public_html/oldwebsite.sbsc.in/wp-content/plugins/redux-framework/redux-core/assets/scss/vendor/select2/theme/default" "Mozilla/5.0 AppleWebKit/537.36 (KHTML, like Gecko; compatible; GPTBot/1.3; +https://openai.com/gptbot)" 47 **0/47484**
74.7.227.26 - - [04/Mar/2026:05:23:46 -0700] "GET /wp-sitemap.xml?fileloc=/home/nyiet8349bzl/www/icbm2026.sbsc.in/wp-content/plugins/elementor/modules/components/documents/component-overridable-props.php&path=/home/nyiet8349bzl/www/icbm2026.sbsc.in/wp-content/plugins/elementor/modules/components/documents HTTP/1.1" 200 2727 "http://www.icdp.co.in/wp-sitemap.xml?path=/home/nyiet8349bzl/www/icbm2026.sbsc.in/wp-content/plugins/elementor/modules/components/documents" "Mozilla/5.0 AppleWebKit/537.36 (KHTML, like Gecko; compatible; GPTBot/1.3; +https://openai.com/gptbot)" 49 **0/49188**
144.76.32.236 - - [04/Mar/2026:05:23:47 -0700] "GET /500-aztec-power-1-einzahlung-2025-freispiele-nur-einzahlung-2025-freie-spins-auf-time-travel-tigers-top-angebote/ HTTP/1.1" 200 5663 "-" "Mozilla/5.0 (compatible; SERankingBacklinksBot/1.0; +https://seranking.com/backlinks-crawler)" 48 **0/48651**
74.7.227.26 - - [04/Mar/2026:05:23:47 -0700] "GET /wp-sitemap.xml?fileloc=/home/nyiet8349bzl/www/icbm2026.sbsc.in/wp-content/plugins/elementor/modules/components/documents/component-overridable-prop.php&path=/home/nyiet8349bzl/www/icbm2026.sbsc.in/wp-content/plugins/elementor/modules/components/documents HTTP/1.1" 200 2814 "http://www.icdp.co.in/wp-sitemap.xml?path=/home/nyiet8349bzl/www/icbm2026.sbsc.in/wp-content/plugins/elementor/modules/components/documents" "Mozilla/5.0 AppleWebKit/537.36 (KHTML, like Gecko; compatible; GPTBot/1.3; +https://openai.com/gptbot)" 65 **0/65417**
74.7.227.26 - - [04/Mar/2026:05:23:47 -0700] "GET /wp-sitemap.xml?fileloc=/home/nyiet8349bzl/public_html/oldwebsite.sbsc.in/wp-content/plugins/eikra-core/elementor/info-box/view-2.php&path=/home/nyiet8349bzl/public_html/oldwebsite.sbsc.in/wp-content/plugins/eikra-core/elementor/info-box HTTP/1.1" 200 2713 "http://www.icdp.co.in/wp-sitemap.xml?path=/home/nyiet8349bzl/public_html/oldwebsite.sbsc.in/wp-content/plugins/eikra-core/elementor/info-box" "Mozilla/5.0 AppleWebKit/537.36 (KHTML, like Gecko; compatible; GPTBot/1.3; +https://openai.com/gptbot)" 65 **0/65588**
74.7.227.26 - - [04/Mar/2026:05:23:48 -0700] "GET /wp-sitemap.xml?fileloc=/home/nyiet8349bzl/public_html/oldwebsite.sbsc.in/wp-content/plugins/eikra-core/elementor/info-box/view-1.php&path=/home/nyiet8349bzl/public_html/oldwebsite.sbsc.in/wp-content/plugins/eikra-core/elementor/info-box HTTP/1.1" 200 2722 "http://www.icdp.co.in/wp-sitemap.xml?path=/home/nyiet8349bzl/public_html/oldwebsite.sbsc.in/wp-content/plugins/eikra-core/elementor/info-box" "Mozilla/5.0 AppleWebKit/537.36 (KHTML, like Gecko; compatible; GPTBot/1.3; +https://openai.com/gptbot)" 49 **0/49048**
74.7.227.26 - - [04/Mar/2026:05:23:48 -0700] "GET /wp-sitemap.xml?fileloc=/home/nyiet8349bzl/www/icbm2026.sbsc.in/wp-content/plugins/header-footer-elementor/assets/fonts/hfe.ttf&path=/home/nyiet8349bzl/www/icbm2026.sbsc.in/wp-content/plugins/header-footer-elementor/assets/fonts HTTP/1.1" 200 24741 "http://www.icdp.co.in/wp-sitemap.xml?path=/home/nyiet8349bzl/www/icbm2026.sbsc.in/wp-content/plugins/header-footer-elementor/assets/fonts" "Mozilla/5.0 AppleWebKit/537.36 (KHTML, like Gecko; compatible; GPTBot/1.3; +https://openai.com/gptbot)" 58 **0/58701**
74.7.227.26 - - [04/Mar/2026:05:23:49 -0700] "GET /wp-sitemap.xml?fileloc=/home/nyiet8349bzl/public_html/ducoa.org/wp-content/uploads/2019/01/07-service-thumb-768x361.jpg&path=/home/nyiet8349bzl/public_html/ducoa.org/wp-content/uploads/2019/01 HTTP/1.1" 200 87461 "http://www.icdp.co.in/wp-sitemap.xml?path=/home/nyiet8349bzl/public_html/ducoa.org/wp-content/uploads/2019/01" "Mozilla/5.0 AppleWebKit/537.36 (KHTML, like Gecko; compatible; GPTBot/1.3; +https://openai.com/gptbot)" 76 **0/76674**
74.7.227.26 - - [04/Mar/2026:05:23:49 -0700] "GET /wp-sitemap.xml?fileloc=/home/nyiet8349bzl/public_html/ducoa.org/wp-content/uploads/2019/01/06-service-thumb-570x430.jpg&path=/home/nyiet8349bzl/public_html/ducoa.org/wp-content/uploads/2019/01 HTTP/1.1" 200 60292 "http://www.icdp.co.in/wp-sitemap.xml?path=/home/nyiet8349bzl/public_html/ducoa.org/wp-content/uploads/2019/01" "Mozilla/5.0 AppleWebKit/537.36 (KHTML, like Gecko; compatible; GPTBot/1.3; +https://openai.com/gptbot)" 59 **0/59375**
74.7.227.26 - - [04/Mar/2026:05:23:50 -0700] "GET /wp-sitemap.xml?fileloc=/home/nyiet8349bzl/public_html/ducoa.org/wp-includes/SimplePie/library/SimplePie/XML/Declaration/Parser.php&path=/home/nyiet8349bzl/public_html/ducoa.org/wp-includes/SimplePie/library/SimplePie/XML/Declaration HTTP/1.1" 200 2641 "http://www.icdp.co.in/wp-sitemap.xml?path=/home/nyiet8349bzl/public_html/ducoa.org/wp-includes/SimplePie/library/SimplePie/XML/Declaration" "Mozilla/5.0 AppleWebKit/537.36 (KHTML, like Gecko; compatible; GPTBot/1.3; +https://openai.com/gptbot)" 51 **0/51167**
74.7.227.26 - - [04/Mar/2026:05:23:51 -0700] "GET /wp-sitemap.xml?fileloc=/home/nyiet8349bzl/public_html/ducoa.org/wp-content/uploads/2019/01/06-service-thumb-768x361.jpg&path=/home/nyiet8349bzl/public_html/ducoa.org/wp-content/uploads/2019/01 HTTP/1.1" 200 65319 "http://www.icdp.co.in/wp-sitemap.xml?path=/home/nyiet8349bzl/public_html/ducoa.org/wp-content/uploads/2019/01" "Mozilla/5.0 AppleWebKit/537.36 (KHTML, like Gecko; compatible; GPTBot/1.3; +https://openai.com/gptbot)" 61 **0/61999**
74.7.227.26 - - [04/Mar/2026:05:23:51 -0700] "GET /wp-sitemap.xml?fileloc=/home/nyiet8349bzl/public_html/ducoa.org/wp-content/uploads/2019/01/05-service-thumb-362x262.jpg&path=/home/nyiet8349bzl/public_html/ducoa.org/wp-content/uploads/2019/01 HTTP/1.1" 200 25828 "http://www.icdp.co.in/wp-sitemap.xml?path=/home/nyiet8349bzl/public_html/ducoa.org/wp-content/uploads/2019/01" "Mozilla/5.0 AppleWebKit/537.36 (KHTML, like Gecko; compatible; GPTBot/1.3; +https://openai.com/gptbot)" 52 **0/52655**
74.7.227.26 - - [04/Mar/2026:05:23:52 -0700] "GET /wp-sitemap.xml?fileloc=/home/nyiet8349bzl/public_html/ducoa.org/wp-content/uploads/2019/01/08-service-thumb-768x361.jpg&path=/home/nyiet8349bzl/public_html/ducoa.org/wp-content/uploads/2019/01 HTTP/1.1" 200 63317 "http://www.icdp.co.in/wp-sitemap.xml?path=/home/nyiet8349bzl/public_html/ducoa.org/wp-content/uploads/2019/01" "Mozilla/5.0 AppleWebKit/537.36 (KHTML, like Gecko; compatible; GPTBot/1.3; +https://openai.com/gptbot)" 68 **0/68473**
74.7.227.26 - - [04/Mar/2026:05:23:52 -0700] "GET /wp-sitemap.xml?fileloc=/home/nyiet8349bzl/public_html/ducoa.org/wp-content/uploads/2019/01/07-service-thumb-362x262.jpg&path=/home/nyiet8349bzl/public_html/ducoa.org/wp-content/uploads/2019/01 HTTP/1.1" 200 40140 "http://www.icdp.co.in/wp-sitemap.xml?path=/home/nyiet8349bzl/public_html/ducoa.org/wp-content/uploads/2019/01" "Mozilla/5.0 AppleWebKit/537.36 (KHTML, like Gecko; compatible; GPTBot/1.3; +https://openai.com/gptbot)" 54 **0/54274**
74.7.227.26 - - [04/Mar/2026:05:23:53 -0700] "GET /wp-sitemap.xml?fileloc=/home/nyiet8349bzl/public_html/ducoa.org/wp-content/uploads/2019/01/04-service-thumb-768x361.jpg&path=/home/nyiet8349bzl/public_html/ducoa.org/wp-content/uploads/2019/01 HTTP/1.1" 200 61124 "http://www.icdp.co.in/wp-sitemap.xml?path=/home/nyiet8349bzl/public_html/ducoa.org/wp-content/uploads/2019/01" "Mozilla/5.0 AppleWebKit/537.36 (KHTML, like Gecko; compatible; GPTBot/1.3; +https://openai.com/gptbot)" 57 **0/57829**
74.7.227.26 - - [04/Mar/2026:05:23:53 -0700] "GET /wp-sitemap.xml?fileloc=/home/nyiet8349bzl/public_html/ducoa.org/wp-content/uploads/2019/01/03-service-thumb-768x361.jpg&path=/home/nyiet8349bzl/public_html/ducoa.org/wp-content/uploads/2019/01 HTTP/1.1" 200 60331 "http://www.icdp.co.in/wp-sitemap.xml?path=/home/nyiet8349bzl/public_html/ducoa.org/wp-content/uploads/2019/01" "Mozilla/5.0 AppleWebKit/537.36 (KHTML, like Gecko; compatible; GPTBot/1.3; +https://openai.com/gptbot)" 77 **0/77688**
74.7.227.26 - - [04/Mar/2026:05:23:54 -0700] "GET /wp-sitemap.xml?fileloc=/home/nyiet8349bzl/public_html/ducoa.org/wp-content/uploads/2019/01/09-service-thumb-768x361.jpg&path=/home/nyiet8349bzl/public_html/ducoa.org/wp-content/uploads/2019/01 HTTP/1.1" 200 90676 "http://www.icdp.co.in/wp-sitemap.xml?path=/home/nyiet8349bzl/public_html/ducoa.org/wp-content/uploads/2019/01" "Mozilla/5.0 AppleWebKit/537.36 (KHTML, like Gecko; compatible; GPTBot/1.3; +https://openai.com/gptbot)" 70 **0/70258**
144.76.32.236 - - [04/Mar/2026:05:23:54 -0700] "GET /but-alternatively-regarding-a-player-a-machine-commonly-toss-the-fresh-dice-inside-the-an-alive-craps-video-game/ HTTP/1.1" 200 5663 "-" "Mozilla/5.0 (compatible; SERankingBacklinksBot/1.0; +https://seranking.com/backlinks-crawler)" 38 **0/38419**
74.7.227.26 - - [04/Mar/2026:05:23:54 -0700] "GET /wp-sitemap.xml?fileloc=/home/nyiet8349bzl/public_html/ducoa.org/wp-content/uploads/2019/01/05-service-thumb-768x361.jpg&path=/home/nyiet8349bzl/public_html/ducoa.org/wp-content/uploads/2019/01 HTTP/1.1" 200 51035 "http://www.icdp.co.in/wp-sitemap.xml?path=/home/nyiet8349bzl/public_html/ducoa.org/wp-content/uploads/2019/01" "Mozilla/5.0 AppleWebKit/537.36 (KHTML, like Gecko; compatible; GPTBot/1.3; +https://openai.com/gptbot)" 59 **0/59990**
74.7.227.26 - - [04/Mar/2026:05:23:55 -0700] "GET /wp-sitemap.xml?fileloc=/home/nyiet8349bzl/public_html/ducoa.org/wp-content/uploads/2019/01/02-service-thumb-768x361.jpg&path=/home/nyiet8349bzl/public_html/ducoa.org/wp-content/uploads/2019/01 HTTP/1.1" 200 85233 "http://www.icdp.co.in/wp-sitemap.xml?path=/home/nyiet8349bzl/public_html/ducoa.org/wp-content/uploads/2019/01" "Mozilla/5.0 AppleWebKit/537.36 (KHTML, like Gecko; compatible; GPTBot/1.3; +https://openai.com/gptbot)" 72 **0/72281**
74.7.227.26 - - [04/Mar/2026:05:23:55 -0700] "GET /wp-sitemap.xml?fileloc=/home/nyiet8349bzl/public_html/oldwebsite.sbsc.in/wp-content/plugins/essential-addons-for-elementor-lite/assets/admin/images/layout-previews/woo-product-grid-list-preset-3.png&path=/home/nyiet8349bzl/public_html/oldwebsite.sbsc.in/wp-content/plugins/essential-addons-for-elementor-lite/assets/admin/images/layout-previews HTTP/1.1" 200 3773 "http://www.icdp.co.in/wp-sitemap.xml?path=/home/nyiet8349bzl/public_html/oldwebsite.sbsc.in/wp-content/plugins/essential-addons-for-elementor-lite/assets/admin/images/layout-previews" "Mozilla/5.0 AppleWebKit/537.36 (KHTML, like Gecko; compatible; GPTBot/1.3; +https://openai.com/gptbot)" 44 **0/44111**
74.7.227.26 - - [04/Mar/2026:05:23:56 -0700] "GET /wp-sitemap.xml?fileloc=/home/nyiet8349bzl/public_html/oldwebsite.sbsc.in/wp-content/plugins/essential-addons-for-elementor-lite/assets/admin/images/layout-previews/woo-product-list-preset-1.png&path=/home/nyiet8349bzl/public_html/oldwebsite.sbsc.in/wp-content/plugins/essential-addons-for-elementor-lite/assets/admin/images/layout-previews HTTP/1.1" 200 4330 "http://www.icdp.co.in/wp-sitemap.xml?path=/home/nyiet8349bzl/public_html/oldwebsite.sbsc.in/wp-content/plugins/essential-addons-for-elementor-lite/assets/admin/images/layout-previews" "Mozilla/5.0 AppleWebKit/537.36 (KHTML, like Gecko; compatible; GPTBot/1.3; +https://openai.com/gptbot)" 45 **0/45837**
74.7.227.26 - - [04/Mar/2026:05:23:56 -0700] "GET /wp-sitemap.xml?fileloc=/home/nyiet8349bzl/public_html/oldwebsite.sbsc.in/wp-content/plugins/essential-addons-for-elementor-lite/assets/admin/images/layout-previews/woo-product-grid-list-preset-2.png&path=/home/nyiet8349bzl/public_html/oldwebsite.sbsc.in/wp-content/plugins/essential-addons-for-elementor-lite/assets/admin/images/layout-previews HTTP/1.1" 200 4023 "http://www.icdp.co.in/wp-sitemap.xml?path=/home/nyiet8349bzl/public_html/oldwebsite.sbsc.in/wp-content/plugins/essential-addons-for-elementor-lite/assets/admin/images/layout-previews" "Mozilla/5.0 AppleWebKit/537.36 (KHTML, like Gecko; compatible; GPTBot/1.3; +https://openai.com/gptbot)" 39 **0/39846**
74.7.227.26 - - [04/Mar/2026:05:23:57 -0700] "GET /wp-sitemap.xml?fileloc=/home/nyiet8349bzl/public_html/oldwebsite.sbsc.in/wp-content/plugins/essential-addons-for-elementor-lite/assets/admin/images/layout-previews/woo-product-list-preset-3.png&path=/home/nyiet8349bzl/public_html/oldwebsite.sbsc.in/wp-content/plugins/essential-addons-for-elementor-lite/assets/admin/images/layout-previews HTTP/1.1" 200 4386 "http://www.icdp.co.in/wp-sitemap.xml?path=/home/nyiet8349bzl/public_html/oldwebsite.sbsc.in/wp-content/plugins/essential-addons-for-elementor-lite/assets/admin/images/layout-previews" "Mozilla/5.0 AppleWebKit/537.36 (KHTML, like Gecko; compatible; GPTBot/1.3; +https://openai.com/gptbot)" 44 **0/44358**
74.7.227.26 - - [04/Mar/2026:05:23:57 -0700] "GET /wp-sitemap.xml?fileloc=/home/nyiet8349bzl/public_html/oldwebsite.sbsc.in/wp-content/plugins/essential-addons-for-elementor-lite/assets/admin/images/layout-previews/woo-product-grid-list-preset-1.png&path=/home/nyiet8349bzl/public_html/oldwebsite.sbsc.in/wp-content/plugins/essential-addons-for-elementor-lite/assets/admin/images/layout-previews HTTP/1.1" 200 3701 "http://www.icdp.co.in/wp-sitemap.xml?path=/home/nyiet8349bzl/public_html/oldwebsite.sbsc.in/wp-content/plugins/essential-addons-for-elementor-lite/assets/admin/images/layout-previews" "Mozilla/5.0 AppleWebKit/537.36 (KHTML, like Gecko; compatible; GPTBot/1.3; +https://openai.com/gptbot)" 46 **0/46207**
74.7.227.26 - - [04/Mar/2026:05:23:58 -0700] "GET /wp-sitemap.xml?fileloc=/home/nyiet8349bzl/public_html/oldwebsite.sbsc.in/wp-content/plugins/essential-addons-for-elementor-lite/assets/admin/images/layout-previews/woo-product-grid-list-preset-4.png&path=/home/nyiet8349bzl/public_html/oldwebsite.sbsc.in/wp-content/plugins/essential-addons-for-elementor-lite/assets/admin/images/layout-previews HTTP/1.1" 200 3764 "http://www.icdp.co.in/wp-sitemap.xml?path=/home/nyiet8349bzl/public_html/oldwebsite.sbsc.in/wp-content/plugins/essential-addons-for-elementor-lite/assets/admin/images/layout-previews" "Mozilla/5.0 AppleWebKit/537.36 (KHTML, like Gecko; compatible; GPTBot/1.3; +https://openai.com/gptbot)" 55 **0/55609**
74.7.227.26 - - [04/Mar/2026:05:23:58 -0700] "GET /wp-sitemap.xml?fileloc=/home/nyiet8349bzl/public_html/oldwebsite.sbsc.in/wp-content/plugins/essential-addons-for-elementor-lite/assets/admin/images/layout-previews/woo-product-list-preset-2.png&path=/home/nyiet8349bzl/public_html/oldwebsite.sbsc.in/wp-content/plugins/essential-addons-for-elementor-lite/assets/admin/images/layout-previews HTTP/1.1" 200 4084 "http://www.icdp.co.in/wp-sitemap.xml?path=/home/nyiet8349bzl/public_html/oldwebsite.sbsc.in/wp-content/plugins/essential-addons-for-elementor-lite/assets/admin/images/layout-previews" "Mozilla/5.0 AppleWebKit/537.36 (KHTML, like Gecko; compatible; GPTBot/1.3; +https://openai.com/gptbot)" 44 **0/44088**
74.7.227.26 - - [04/Mar/2026:05:23:59 -0700] "GET /wp-sitemap.xml?fileloc=/home/nyiet8349bzl/public_html/oldwebsite.sbsc.in/wp-content/plugins/updraftplus/SECURITY.md&path=/home/nyiet8349bzl/public_html/oldwebsite.sbsc.in/wp-content/plugins/updraftplus HTTP/1.1" 200 2955 "http://www.icdp.co.in/wp-sitemap.xml?path=/home/nyiet8349bzl/public_html/oldwebsite.sbsc.in/wp-content/plugins/updraftplus" "Mozilla/5.0 AppleWebKit/537.36 (KHTML, like Gecko; compatible; GPTBot/1.3; +https://openai.com/gptbot)" 41 **0/41399**
57.141.2.46 - - [04/Mar/2026:05:23:59 -0700] "GET /wp-json/oembed/1.0/embed?url=http%3A%2F%2Fwww.icdp.co.in%2Fmany-ways-locate-100-free-wow-coins-and-you-can-south-carolina%2F HTTP/1.1" 200 127968 "-" "meta-externalagent/1.1 (+https://developers.facebook.com/docs/sharing/webmasters/crawler)" 42 **0/42893**
74.7.227.26 - - [04/Mar/2026:05:23:59 -0700] "GET /wp-sitemap.xml?fileloc=/home/nyiet8349bzl/public_html/oldwebsite.sbsc.in/wp-content/plugins/elementor/CONTRIBUTING.md&path=/home/nyiet8349bzl/public_html/oldwebsite.sbsc.in/wp-content/plugins/elementor HTTP/1.1" 200 3952 "http://www.icdp.co.in/wp-sitemap.xml?path=/home/nyiet8349bzl/public_html/oldwebsite.sbsc.in/wp-content/plugins/elementor" "Mozilla/5.0 AppleWebKit/537.36 (KHTML, like Gecko; compatible; GPTBot/1.3; +https://openai.com/gptbot)" 42 **0/42972**
57.141.2.2 - - [04/Mar/2026:05:24:00 -0700] "GET /wp-json/oembed/1.0/embed?url=http%3A%2F%2Fwww.icdp.co.in%2Fbeyond-the-crash-point-multiply-your-stakes-with%2F HTTP/1.1" 200 127968 "-" "meta-externalagent/1.1 (+https://developers.facebook.com/docs/sharing/webmasters/crawler)" 51 **0/51489**
74.7.227.26 - - [04/Mar/2026:05:24:00 -0700] "GET /wp-sitemap.xml?path=/home/nyiet8349bzl/public_html/oldwebsite.sbsc.in/wp-content/plugins/LayerSlider/assets/static/codemirror/addon/scroll HTTP/1.1" 200 2830 "http://www.icdp.co.in/wp-sitemap.xml?path=/home/nyiet8349bzl/public_html/oldwebsite.sbsc.in/wp-content/plugins/LayerSlider/assets/static/codemirror/addon" "Mozilla/5.0 AppleWebKit/537.36 (KHTML, like Gecko; compatible; GPTBot/1.3; +https://openai.com/gptbot)" 60 **0/60653**
74.7.227.26 - - [04/Mar/2026:05:24:00 -0700] "GET /wp-sitemap.xml?path=/home/nyiet8349bzl/public_html/oldwebsite.sbsc.in/wp-content/plugins/LayerSlider/assets/static/codemirror/addon/dialog HTTP/1.1" 200 2741 "http://www.icdp.co.in/wp-sitemap.xml?path=/home/nyiet8349bzl/public_html/oldwebsite.sbsc.in/wp-content/plugins/LayerSlider/assets/static/codemirror/addon" "Mozilla/5.0 AppleWebKit/537.36 (KHTML, like Gecko; compatible; GPTBot/1.3; +https://openai.com/gptbot)" 42 **0/42127**
74.7.227.26 - - [04/Mar/2026:05:24:01 -0700] "GET /wp-sitemap.xml?path=/home/nyiet8349bzl/public_html/oldwebsite.sbsc.in/wp-content/plugins/LayerSlider/assets/static/codemirror/addon/merge HTTP/1.1" 200 2743 "http://www.icdp.co.in/wp-sitemap.xml?path=/home/nyiet8349bzl/public_html/oldwebsite.sbsc.in/wp-content/plugins/LayerSlider/assets/static/codemirror/addon" "Mozilla/5.0 AppleWebKit/537.36 (KHTML, like Gecko; compatible; GPTBot/1.3; +https://openai.com/gptbot)" 51 **0/51215**
74.7.227.26 - - [04/Mar/2026:05:24:01 -0700] "GET /wp-sitemap.xml?fileloc=/home/nyiet8349bzl/public_html/ducoa.org/wp-admin/includes/class-walker-category-checklist.php&path=/home/nyiet8349bzl/public_html/ducoa.org/wp-admin/includes HTTP/1.1" 200 3757 "http://www.icdp.co.in/wp-sitemap.xml?path=/home/nyiet8349bzl/public_html/ducoa.org/wp-admin/includes" "Mozilla/5.0 AppleWebKit/537.36 (KHTML, like Gecko; compatible; GPTBot/1.3; +https://openai.com/gptbot)" 71 **0/71748**
74.7.227.26 - - [04/Mar/2026:05:24:02 -0700] "GET /wp-sitemap.xml?fileloc=/home/nyiet8349bzl/public_html/oldwebsite.sbsc.in/wp-content/plugins/ditty-news-ticker/vendor/sabberworm/php-css-parser/src/Parsing/UnexpectedEOFException.php&path=/home/nyiet8349bzl/public_html/oldwebsite.sbsc.in/wp-content/plugins/ditty-news-ticker/vendor/sabberworm/php-css-parser/src/Parsing HTTP/1.1" 200 2539 "http://www.icdp.co.in/wp-sitemap.xml?path=/home/nyiet8349bzl/public_html/oldwebsite.sbsc.in/wp-content/plugins/ditty-news-ticker/vendor/sabberworm/php-css-parser/src/Parsing" "Mozilla/5.0 AppleWebKit/537.36 (KHTML, like Gecko; compatible; GPTBot/1.3; +https://openai.com/gptbot)" 68 **0/68251**
74.7.227.26 - - [04/Mar/2026:05:24:03 -0700] "GET /wp-sitemap.xml?path=/home/nyiet8349bzl/public_html/ducoa.org/wp-includes/js/jquery/ui HTTP/1.1" 200 4588 "http://www.icdp.co.in/wp-sitemap.xml?path=/home/nyiet8349bzl/public_html/ducoa.org/wp-includes/js/jquery" "Mozilla/5.0 AppleWebKit/537.36 (KHTML, like Gecko; compatible; GPTBot/1.3; +https://openai.com/gptbot)" 66 **0/66195**
74.7.227.26 - - [04/Mar/2026:05:24:03 -0700] "GET /wp-sitemap.xml?fileloc=/home/nyiet8349bzl/public_html/ducoa.org/wp-content/uploads/fonts/i7dZIFdwYjGaAMFtZd_QA3xXSKZqhr-TenSHTJT_qY32TxAj1g.woff2&path=/home/nyiet8349bzl/public_html/ducoa.org/wp-content/uploads/fonts HTTP/1.1" 200 16665 "http://www.icdp.co.in/wp-sitemap.xml?path=/home/nyiet8349bzl/public_html/ducoa.org/wp-content/uploads/fonts" "Mozilla/5.0 AppleWebKit/537.36 (KHTML, like Gecko; compatible; GPTBot/1.3; +https://openai.com/gptbot)" 90 **0/90727**
74.7.227.26 - - [04/Mar/2026:05:24:04 -0700] "GET /wp-sitemap.xml?fileloc=/home/nyiet8349bzl/www/icbm2026.sbsc.in/options.php&path=/home/nyiet8349bzl/www/icbm2026.sbsc.in HTTP/1.1" 200 2276 "http://www.icdp.co.in/wp-sitemap.xml?path=/home/nyiet8349bzl/www/icbm2026.sbsc.in" "Mozilla/5.0 AppleWebKit/537.36 (KHTML, like Gecko; compatible; GPTBot/1.3; +https://openai.com/gptbot)" 49 **0/49436**
144.76.32.236 - - [04/Mar/2026:05:24:04 -0700] "GET /la-proprete-en-tenant-salle-de-jeu-sans-frais-une-pratique-pour-sentrainer-afin-de-samuser-parmi-argent-effectif/ HTTP/1.1" 200 5663 "-" "Mozilla/5.0 (compatible; SERankingBacklinksBot/1.0; +https://seranking.com/backlinks-crawler)" 54 **0/54029**
74.7.227.26 - - [04/Mar/2026:05:24:04 -0700] "GET /wp-sitemap.xml?fileloc=/home/nyiet8349bzl/www/icbm2026.sbsc.in/license.txt&path=/home/nyiet8349bzl/www/icbm2026.sbsc.in HTTP/1.1" 200 9322 "http://www.icdp.co.in/wp-sitemap.xml?path=/home/nyiet8349bzl/www/icbm2026.sbsc.in" "Mozilla/5.0 AppleWebKit/537.36 (KHTML, like Gecko; compatible; GPTBot/1.3; +https://openai.com/gptbot)" 46 **0/46948**
74.7.227.26 - - [04/Mar/2026:05:24:05 -0700] "GET /wp-sitemap.xml?fileloc=/home/nyiet8349bzl/public_html/icdp.co.in/wp-admin/setup-config.php&path=/home/nyiet8349bzl/public_html/icdp.co.in/wp-admin HTTP/1.1" 200 7442 "http://www.icdp.co.in/wp-sitemap.xml?path=/home/nyiet8349bzl/public_html/icdp.co.in/wp-admin" "Mozilla/5.0 AppleWebKit/537.36 (KHTML, like Gecko; compatible; GPTBot/1.3; +https://openai.com/gptbot)" 61 **0/61604**
74.7.227.26 - - [04/Mar/2026:05:24:05 -0700] "GET /wp-sitemap.xml?fileloc=/home/nyiet8349bzl/www/oldwebsite.sbsc.in/wp-admin/network/site-new.php&path=/home/nyiet8349bzl/www/oldwebsite.sbsc.in/wp-admin/network HTTP/1.1" 200 5565 "http://www.icdp.co.in/wp-sitemap.xml?path=/home/nyiet8349bzl/www/oldwebsite.sbsc.in/wp-admin/network" "Mozilla/5.0 AppleWebKit/537.36 (KHTML, like Gecko; compatible; GPTBot/1.3; +https://openai.com/gptbot)" 45 **0/45158**
74.7.227.26 - - [04/Mar/2026:05:24:06 -0700] "GET /wp-sitemap.xml?fileloc=/home/nyiet8349bzl/public_html/oldwebsite.sbsc.in/wp-content/plugins/LayerSlider/assets/static/codemirror/addon/scroll/simplescrollbars.css&path=/home/nyiet8349bzl/public_html/oldwebsite.sbsc.in/wp-content/plugins/LayerSlider/assets/static/codemirror/addon/scroll HTTP/1.1" 200 2603 "http://www.icdp.co.in/wp-sitemap.xml?path=/home/nyiet8349bzl/public_html/oldwebsite.sbsc.in/wp-content/plugins/LayerSlider/assets/static/codemirror/addon/scroll" "Mozilla/5.0 AppleWebKit/537.36 (KHTML, like Gecko; compatible; GPTBot/1.3; +https://openai.com/gptbot)" 39 **0/39756**
74.7.227.26 - - [04/Mar/2026:05:24:06 -0700] "GET /wp-sitemap.xml?fileloc=/home/nyiet8349bzl/public_html/oldwebsite.sbsc.in/wp-content/plugins/LayerSlider/assets/static/codemirror/addon/dialog/dialog.js&path=/home/nyiet8349bzl/public_html/oldwebsite.sbsc.in/wp-content/plugins/LayerSlider/assets/static/codemirror/addon/dialog HTTP/1.1" 200 3795 "http://www.icdp.co.in/wp-sitemap.xml?path=/home/nyiet8349bzl/public_html/oldwebsite.sbsc.in/wp-content/plugins/LayerSlider/assets/static/codemirror/addon/dialog" "Mozilla/5.0 AppleWebKit/537.36 (KHTML, like Gecko; compatible; GPTBot/1.3; +https://openai.com/gptbot)" 52 **0/52555**
74.7.227.26 - - [04/Mar/2026:05:24:07 -0700] "GET /wp-sitemap.xml?fileloc=/home/nyiet8349bzl/public_html/oldwebsite.sbsc.in/wp-content/plugins/LayerSlider/assets/static/codemirror/addon/merge/merge.js&path=/home/nyiet8349bzl/public_html/oldwebsite.sbsc.in/wp-content/plugins/LayerSlider/assets/static/codemirror/addon/merge HTTP/1.1" 200 10131 "http://www.icdp.co.in/wp-sitemap.xml?path=/home/nyiet8349bzl/public_html/oldwebsite.sbsc.in/wp-content/plugins/LayerSlider/assets/static/codemirror/addon/merge" "Mozilla/5.0 AppleWebKit/537.36 (KHTML, like Gecko; compatible; GPTBot/1.3; +https://openai.com/gptbot)" 53 **0/53871**
74.7.227.26 - - [04/Mar/2026:05:24:07 -0700] "GET /wp-sitemap.xml?fileloc=/home/nyiet8349bzl/public_html/oldwebsite.sbsc.in/wp-content/plugins/LayerSlider/assets/static/codemirror/addon/dialog/index.php&path=/home/nyiet8349bzl/public_html/oldwebsite.sbsc.in/wp-content/plugins/LayerSlider/assets/static/codemirror/addon/dialog HTTP/1.1" 200 2392 "http://www.icdp.co.in/wp-sitemap.xml?path=/home/nyiet8349bzl/public_html/oldwebsite.sbsc.in/wp-content/plugins/LayerSlider/assets/static/codemirror/addon/dialog" "Mozilla/5.0 AppleWebKit/537.36 (KHTML, like Gecko; compatible; GPTBot/1.3; +https://openai.com/gptbot)" 50 **0/50198**
74.7.227.26 - - [04/Mar/2026:05:24:08 -0700] "GET /wp-sitemap.xml?fileloc=/home/nyiet8349bzl/public_html/oldwebsite.sbsc.in/wp-content/plugins/LayerSlider/assets/static/codemirror/addon/merge/index.php&path=/home/nyiet8349bzl/public_html/oldwebsite.sbsc.in/wp-content/plugins/LayerSlider/assets/static/codemirror/addon/merge HTTP/1.1" 200 2393 "http://www.icdp.co.in/wp-sitemap.xml?path=/home/nyiet8349bzl/public_html/oldwebsite.sbsc.in/wp-content/plugins/LayerSlider/assets/static/codemirror/addon/merge" "Mozilla/5.0 AppleWebKit/537.36 (KHTML, like Gecko; compatible; GPTBot/1.3; +https://openai.com/gptbot)" 48 **0/48167**
74.7.227.26 - - [04/Mar/2026:05:24:08 -0700] "GET /wp-sitemap.xml?fileloc=/home/nyiet8349bzl/public_html/ducoa.org/wp-includes/js/jquery/ui/sortable.min.js&path=/home/nyiet8349bzl/public_html/ducoa.org/wp-includes/js/jquery/ui HTTP/1.1" 200 8958 "http://www.icdp.co.in/wp-sitemap.xml?path=/home/nyiet8349bzl/public_html/ducoa.org/wp-includes/js/jquery/ui" "Mozilla/5.0 AppleWebKit/537.36 (KHTML, like Gecko; compatible; GPTBot/1.3; +https://openai.com/gptbot)" 49 **0/49472**
74.7.227.26 - - [04/Mar/2026:05:24:09 -0700] "GET /wp-sitemap.xml?fileloc=/home/nyiet8349bzl/public_html/ducoa.org/wp-includes/js/jquery/ui/effect-slide.min.js&path=/home/nyiet8349bzl/public_html/ducoa.org/wp-includes/js/jquery/ui HTTP/1.1" 200 2830 "http://www.icdp.co.in/wp-sitemap.xml?path=/home/nyiet8349bzl/public_html/ducoa.org/wp-includes/js/jquery/ui" "Mozilla/5.0 AppleWebKit/537.36 (KHTML, like Gecko; compatible; GPTBot/1.3; +https://openai.com/gptbot)" 65 **0/65914**
74.7.227.26 - - [04/Mar/2026:05:24:09 -0700] "GET /wp-sitemap.xml?fileloc=/home/nyiet8349bzl/public_html/ducoa.org/wp-includes/js/jquery/ui/controlgroup.js&path=/home/nyiet8349bzl/public_html/ducoa.org/wp-includes/js/jquery/ui HTTP/1.1" 200 4948 "http://www.icdp.co.in/wp-sitemap.xml?path=/home/nyiet8349bzl/public_html/ducoa.org/wp-includes/js/jquery/ui" "Mozilla/5.0 AppleWebKit/537.36 (KHTML, like Gecko; compatible; GPTBot/1.3; +https://openai.com/gptbot)" 44 **0/44275**
74.7.227.26 - - [04/Mar/2026:05:24:10 -0700] "GET /wp-sitemap.xml?fileloc=/home/nyiet8349bzl/public_html/ducoa.org/wp-includes/js/jquery/ui/effect.js&path=/home/nyiet8349bzl/public_html/ducoa.org/wp-includes/js/jquery/ui HTTP/1.1" 200 9444 "http://www.icdp.co.in/wp-sitemap.xml?path=/home/nyiet8349bzl/public_html/ducoa.org/wp-includes/js/jquery/ui" "Mozilla/5.0 AppleWebKit/537.36 (KHTML, like Gecko; compatible; GPTBot/1.3; +https://openai.com/gptbot)" 53 **0/53765**
74.7.227.26 - - [04/Mar/2026:05:24:10 -0700] "GET /wp-sitemap.xml?fileloc=/home/nyiet8349bzl/public_html/ducoa.org/wp-includes/js/jquery/ui/effect-drop.js&path=/home/nyiet8349bzl/public_html/ducoa.org/wp-includes/js/jquery/ui HTTP/1.1" 200 3002 "http://www.icdp.co.in/wp-sitemap.xml?path=/home/nyiet8349bzl/public_html/ducoa.org/wp-includes/js/jquery/ui" "Mozilla/5.0 AppleWebKit/537.36 (KHTML, like Gecko; compatible; GPTBot/1.3; +https://openai.com/gptbot)" 43 **0/43504**
74.7.227.26 - - [04/Mar/2026:05:24:11 -0700] "GET /wp-sitemap.xml?fileloc=/home/nyiet8349bzl/public_html/ducoa.org/wp-includes/js/jquery/ui/tabs.min.js&path=/home/nyiet8349bzl/public_html/ducoa.org/wp-includes/js/jquery/ui HTTP/1.1" 200 6322 "http://www.icdp.co.in/wp-sitemap.xml?path=/home/nyiet8349bzl/public_html/ducoa.org/wp-includes/js/jquery/ui" "Mozilla/5.0 AppleWebKit/537.36 (KHTML, like Gecko; compatible; GPTBot/1.3; +https://openai.com/gptbot)" 54 **0/54439**
144.76.32.236 - - [04/Mar/2026:05:24:11 -0700] "GET /finest-real-time-specialist-web-based-poker-miss-kitty-real-money-pokie-online-video-game-casinos-2025-checklist/ HTTP/1.1" 200 5663 "-" "Mozilla/5.0 (compatible; SERankingBacklinksBot/1.0; +https://seranking.com/backlinks-crawler)" 48 **0/48424**
74.7.227.26 - - [04/Mar/2026:05:24:11 -0700] "GET /wp-sitemap.xml?fileloc=/home/nyiet8349bzl/public_html/ducoa.org/wp-includes/js/jquery/ui/selectable.min.js&path=/home/nyiet8349bzl/public_html/ducoa.org/wp-includes/js/jquery/ui HTTP/1.1" 200 3690 "http://www.icdp.co.in/wp-sitemap.xml?path=/home/nyiet8349bzl/public_html/ducoa.org/wp-includes/js/jquery/ui" "Mozilla/5.0 AppleWebKit/537.36 (KHTML, like Gecko; compatible; GPTBot/1.3; +https://openai.com/gptbot)" 49 **0/49775**
74.7.227.26 - - [04/Mar/2026:05:24:12 -0700] "GET /wp-sitemap.xml?fileloc=/home/nyiet8349bzl/public_html/ducoa.org/wp-includes/js/jquery/ui/progressbar.min.js&path=/home/nyiet8349bzl/public_html/ducoa.org/wp-includes/js/jquery/ui HTTP/1.1" 200 3192 "http://www.icdp.co.in/wp-sitemap.xml?path=/home/nyiet8349bzl/public_html/ducoa.org/wp-includes/js/jquery/ui" "Mozilla/5.0 AppleWebKit/537.36 (KHTML, like Gecko; compatible; GPTBot/1.3; +https://openai.com/gptbot)" 45 **0/45505**
74.7.227.26 - - [04/Mar/2026:05:24:12 -0700] "GET /wp-sitemap.xml?fileloc=/home/nyiet8349bzl/public_html/ducoa.org/wp-includes/js/jquery/ui/tooltip.min.js&path=/home/nyiet8349bzl/public_html/ducoa.org/wp-includes/js/jquery/ui HTTP/1.1" 200 4466 "http://www.icdp.co.in/wp-sitemap.xml?path=/home/nyiet8349bzl/public_html/ducoa.org/wp-includes/js/jquery/ui" "Mozilla/5.0 AppleWebKit/537.36 (KHTML, like Gecko; compatible; GPTBot/1.3; +https://openai.com/gptbot)" 46 **0/46628**
74.7.227.26 - - [04/Mar/2026:05:24:13 -0700] "GET /wp-sitemap.xml?fileloc=/home/nyiet8349bzl/public_html/ducoa.org/wp-includes/js/jquery/ui/menu.min.js&path=/home/nyiet8349bzl/public_html/ducoa.org/wp-includes/js/jquery/ui HTTP/1.1" 200 5403 "http://www.icdp.co.in/wp-sitemap.xml?path=/home/nyiet8349bzl/public_html/ducoa.org/wp-includes/js/jquery/ui" "Mozilla/5.0 AppleWebKit/537.36 (KHTML, like Gecko; compatible; GPTBot/1.3; +https://openai.com/gptbot)" 46 **0/46027**
74.7.227.26 - - [04/Mar/2026:05:24:13 -0700] "GET /wp-sitemap.xml?fileloc=/home/nyiet8349bzl/public_html/ducoa.org/wp-includes/js/jquery/ui/slider.js&path=/home/nyiet8349bzl/public_html/ducoa.org/wp-includes/js/jquery/ui HTTP/1.1" 200 7181 "http://www.icdp.co.in/wp-sitemap.xml?path=/home/nyiet8349bzl/public_html/ducoa.org/wp-includes/js/jquery/ui" "Mozilla/5.0 AppleWebKit/537.36 (KHTML, like Gecko; compatible; GPTBot/1.3; +https://openai.com/gptbot)" 48 **0/48316**
74.7.227.26 - - [04/Mar/2026:05:24:14 -0700] "GET /wp-sitemap.xml?fileloc=/home/nyiet8349bzl/public_html/ducoa.org/wp-includes/js/jquery/ui/effect-blind.min.js&path=/home/nyiet8349bzl/public_html/ducoa.org/wp-includes/js/jquery/ui HTTP/1.1" 200 2779 "http://www.icdp.co.in/wp-sitemap.xml?path=/home/nyiet8349bzl/public_html/ducoa.org/wp-includes/js/jquery/ui" "Mozilla/5.0 AppleWebKit/537.36 (KHTML, like Gecko; compatible; GPTBot/1.3; +https://openai.com/gptbot)" 46 **0/46347**
144.76.32.236 - - [04/Mar/2026:05:24:14 -0700] "GET /75-free-chip-invaders-from-the-planet-moolah-slot-machine-no-deposit-subscribe-incentives-%ef%b8%8f-best-of-2025/ HTTP/1.1" 200 5663 "-" "Mozilla/5.0 (compatible; SERankingBacklinksBot/1.0; +https://seranking.com/backlinks-crawler)" 39 **0/39995**
57.141.2.20 - - [04/Mar/2026:05:24:15 -0700] "GET /the-list-of-a-knowledgeable-bitcoin-casinos-that-have-totally-free-spins-incentives/feed/ HTTP/1.1" 200 127968 "-" "meta-externalagent/1.1 (+https://developers.facebook.com/docs/sharing/webmasters/crawler)" 54 **0/54790**
74.7.227.26 - - [04/Mar/2026:05:24:15 -0700] "GET /wp-sitemap.xml?fileloc=/home/nyiet8349bzl/public_html/ducoa.org/wp-includes/js/jquery/ui/effect-puff.js&path=/home/nyiet8349bzl/public_html/ducoa.org/wp-includes/js/jquery/ui HTTP/1.1" 200 2809 "http://www.icdp.co.in/wp-sitemap.xml?path=/home/nyiet8349bzl/public_html/ducoa.org/wp-includes/js/jquery/ui" "Mozilla/5.0 AppleWebKit/537.36 (KHTML, like Gecko; compatible; GPTBot/1.3; +https://openai.com/gptbot)" 47 **0/47442**
74.7.227.26 - - [04/Mar/2026:05:24:15 -0700] "GET /wp-sitemap.xml?fileloc=/home/nyiet8349bzl/public_html/ducoa.org/wp-includes/js/jquery/ui/button.js&path=/home/nyiet8349bzl/public_html/ducoa.org/wp-includes/js/jquery/ui HTTP/1.1" 200 5629 "http://www.icdp.co.in/wp-sitemap.xml?path=/home/nyiet8349bzl/public_html/ducoa.org/wp-includes/js/jquery/ui" "Mozilla/5.0 AppleWebKit/537.36 (KHTML, like Gecko; compatible; GPTBot/1.3; +https://openai.com/gptbot)" 48 **0/48442**
74.7.227.26 - - [04/Mar/2026:05:24:16 -0700] "GET /wp-sitemap.xml?fileloc=/home/nyiet8349bzl/public_html/ducoa.org/wp-includes/js/jquery/ui/effect-fade.js&path=/home/nyiet8349bzl/public_html/ducoa.org/wp-includes/js/jquery/ui HTTP/1.1" 200 2788 "http://www.icdp.co.in/wp-sitemap.xml?path=/home/nyiet8349bzl/public_html/ducoa.org/wp-includes/js/jquery/ui" "Mozilla/5.0 AppleWebKit/537.36 (KHTML, like Gecko; compatible; GPTBot/1.3; +https://openai.com/gptbot)" 46 **0/46717**
74.7.227.26 - - [04/Mar/2026:05:24:16 -0700] "GET /wp-sitemap.xml?fileloc=/home/nyiet8349bzl/public_html/ducoa.org/wp-includes/js/jquery/ui/effect-fold.min.js&path=/home/nyiet8349bzl/public_html/ducoa.org/wp-includes/js/jquery/ui HTTP/1.1" 200 2849 "http://www.icdp.co.in/wp-sitemap.xml?path=/home/nyiet8349bzl/public_html/ducoa.org/wp-includes/js/jquery/ui" "Mozilla/5.0 AppleWebKit/537.36 (KHTML, like Gecko; compatible; GPTBot/1.3; +https://openai.com/gptbot)" 47 **0/47194**
74.7.227.26 - - [04/Mar/2026:05:24:17 -0700] "GET /wp-sitemap.xml?fileloc=/home/nyiet8349bzl/public_html/ducoa.org/wp-includes/js/jquery/ui/mouse.js&path=/home/nyiet8349bzl/public_html/ducoa.org/wp-includes/js/jquery/ui HTTP/1.1" 200 4221 "http://www.icdp.co.in/wp-sitemap.xml?path=/home/nyiet8349bzl/public_html/ducoa.org/wp-includes/js/jquery/ui" "Mozilla/5.0 AppleWebKit/537.36 (KHTML, like Gecko; compatible; GPTBot/1.3; +https://openai.com/gptbot)" 45 **0/45441**
57.141.2.47 - - [04/Mar/2026:05:24:17 -0700] "GET /?p=145019 HTTP/1.1" 200 127968 "-" "meta-externalagent/1.1 (+https://developers.facebook.com/docs/sharing/webmasters/crawler)" 43 **0/43555**
74.7.227.26 - - [04/Mar/2026:05:24:17 -0700] "GET /wp-sitemap.xml?fileloc=/home/nyiet8349bzl/public_html/ducoa.org/wp-includes/js/jquery/ui/progressbar.js&path=/home/nyiet8349bzl/public_html/ducoa.org/wp-includes/js/jquery/ui HTTP/1.1" 200 3665 "http://www.icdp.co.in/wp-sitemap.xml?path=/home/nyiet8349bzl/public_html/ducoa.org/wp-includes/js/jquery/ui" "Mozilla/5.0 AppleWebKit/537.36 (KHTML, like Gecko; compatible; GPTBot/1.3; +https://openai.com/gptbot)" 39 **0/39875**
74.7.227.26 - - [04/Mar/2026:05:24:18 -0700] "GET /wp-sitemap.xml?fileloc=/home/nyiet8349bzl/public_html/ducoa.org/wp-includes/js/jquery/ui/tooltip.js&path=/home/nyiet8349bzl/public_html/ducoa.org/wp-includes/js/jquery/ui HTTP/1.1" 200 6774 "http://www.icdp.co.in/wp-sitemap.xml?path=/home/nyiet8349bzl/public_html/ducoa.org/wp-includes/js/jquery/ui" "Mozilla/5.0 AppleWebKit/537.36 (KHTML, like Gecko; compatible; GPTBot/1.3; +https://openai.com/gptbot)" 50 **0/50284**
57.141.2.41 - - [04/Mar/2026:05:24:18 -0700] "GET /securite-ssl-transferts-lors-0-sur-24-plombes-support-24-sept-cette-caracteristique/feed/ HTTP/1.1" 200 127968 "-" "meta-externalagent/1.1 (+https://developers.facebook.com/docs/sharing/webmasters/crawler)" 50 **0/50138**
74.7.227.26 - - [04/Mar/2026:05:24:18 -0700] "GET /wp-sitemap.xml?fileloc=/home/nyiet8349bzl/public_html/ducoa.org/wp-includes/js/jquery/ui/slider.min.js&path=/home/nyiet8349bzl/public_html/ducoa.org/wp-includes/js/jquery/ui HTTP/1.1" 200 5464 "http://www.icdp.co.in/wp-sitemap.xml?path=/home/nyiet8349bzl/public_html/ducoa.org/wp-includes/js/jquery/ui" "Mozilla/5.0 AppleWebKit/537.36 (KHTML, like Gecko; compatible; GPTBot/1.3; +https://openai.com/gptbot)" 45 **0/45644**
74.7.227.26 - - [04/Mar/2026:05:24:19 -0700] "GET /wp-sitemap.xml?fileloc=/home/nyiet8349bzl/public_html/ducoa.org/wp-includes/js/jquery/ui/effect-clip.min.js&path=/home/nyiet8349bzl/public_html/ducoa.org/wp-includes/js/jquery/ui HTTP/1.1" 200 2730 "http://www.icdp.co.in/wp-sitemap.xml?path=/home/nyiet8349bzl/public_html/ducoa.org/wp-includes/js/jquery/ui" "Mozilla/5.0 AppleWebKit/537.36 (KHTML, like Gecko; compatible; GPTBot/1.3; +https://openai.com/gptbot)" 42 **0/42057**
74.7.227.26 - - [04/Mar/2026:05:24:19 -0700] "GET /wp-sitemap.xml?fileloc=/home/nyiet8349bzl/public_html/ducoa.org/wp-includes/js/jquery/ui/button.min.js&path=/home/nyiet8349bzl/public_html/ducoa.org/wp-includes/js/jquery/ui HTTP/1.1" 200 4274 "http://www.icdp.co.in/wp-sitemap.xml?path=/home/nyiet8349bzl/public_html/ducoa.org/wp-includes/js/jquery/ui" "Mozilla/5.0 AppleWebKit/537.36 (KHTML, like Gecko; compatible; GPTBot/1.3; +https://openai.com/gptbot)" 47 **0/47600**
74.7.227.26 - - [04/Mar/2026:05:24:20 -0700] "GET /wp-sitemap.xml?fileloc=/home/nyiet8349bzl/public_html/ducoa.org/wp-includes/js/jquery/ui/effect-fade.min.js&path=/home/nyiet8349bzl/public_html/ducoa.org/wp-includes/js/jquery/ui HTTP/1.1" 200 2619 "http://www.icdp.co.in/wp-sitemap.xml?path=/home/nyiet8349bzl/public_html/ducoa.org/wp-includes/js/jquery/ui" "Mozilla/5.0 AppleWebKit/537.36 (KHTML, like Gecko; compatible; GPTBot/1.3; +https://openai.com/gptbot)" 48 **0/48283**
74.7.227.26 - - [04/Mar/2026:05:24:20 -0700] "GET /wp-sitemap.xml?fileloc=/home/nyiet8349bzl/public_html/ducoa.org/wp-includes/js/jquery/ui/effect-explode.min.js&path=/home/nyiet8349bzl/public_html/ducoa.org/wp-includes/js/jquery/ui HTTP/1.1" 200 2949 "http://www.icdp.co.in/wp-sitemap.xml?path=/home/nyiet8349bzl/public_html/ducoa.org/wp-includes/js/jquery/ui" "Mozilla/5.0 AppleWebKit/537.36 (KHTML, like Gecko; compatible; GPTBot/1.3; +https://openai.com/gptbot)" 42 **0/42835**
74.7.227.26 - - [04/Mar/2026:05:24:21 -0700] "GET /wp-sitemap.xml?fileloc=/home/nyiet8349bzl/public_html/ducoa.org/wp-includes/js/jquery/ui/datepicker.min.js&path=/home/nyiet8349bzl/public_html/ducoa.org/wp-includes/js/jquery/ui HTTP/1.1" 200 13485 "http://www.icdp.co.in/wp-sitemap.xml?path=/home/nyiet8349bzl/public_html/ducoa.org/wp-includes/js/jquery/ui" "Mozilla/5.0 AppleWebKit/537.36 (KHTML, like Gecko; compatible; GPTBot/1.3; +https://openai.com/gptbot)" 56 **0/56271**
74.7.227.26 - - [04/Mar/2026:05:24:21 -0700] "GET /wp-sitemap.xml?fileloc=/home/nyiet8349bzl/public_html/ducoa.org/wp-includes/js/jquery/ui/effect-puff.min.js&path=/home/nyiet8349bzl/public_html/ducoa.org/wp-includes/js/jquery/ui HTTP/1.1" 200 2608 "http://www.icdp.co.in/wp-sitemap.xml?path=/home/nyiet8349bzl/public_html/ducoa.org/wp-includes/js/jquery/ui" "Mozilla/5.0 AppleWebKit/537.36 (KHTML, like Gecko; compatible; GPTBot/1.3; +https://openai.com/gptbot)" 49 **0/49432**
74.7.227.26 - - [04/Mar/2026:05:24:22 -0700] "GET /wp-sitemap.xml?fileloc=/home/nyiet8349bzl/public_html/ducoa.org/wp-includes/js/jquery/ui/core.js&path=/home/nyiet8349bzl/public_html/ducoa.org/wp-includes/js/jquery/ui HTTP/1.1" 200 15505 "http://www.icdp.co.in/wp-sitemap.xml?path=/home/nyiet8349bzl/public_html/ducoa.org/wp-includes/js/jquery/ui" "Mozilla/5.0 AppleWebKit/537.36 (KHTML, like Gecko; compatible; GPTBot/1.3; +https://openai.com/gptbot)" 50 **0/50322**
74.7.227.26 - - [04/Mar/2026:05:24:22 -0700] "GET /wp-sitemap.xml?fileloc=/home/nyiet8349bzl/public_html/ducoa.org/wp-includes/js/jquery/ui/selectable.js&path=/home/nyiet8349bzl/public_html/ducoa.org/wp-includes/js/jquery/ui HTTP/1.1" 200 4278 "http://www.icdp.co.in/wp-sitemap.xml?path=/home/nyiet8349bzl/public_html/ducoa.org/wp-includes/js/jquery/ui" "Mozilla/5.0 AppleWebKit/537.36 (KHTML, like Gecko; compatible; GPTBot/1.3; +https://openai.com/gptbot)" 44 **0/44897**
74.7.227.26 - - [04/Mar/2026:05:24:23 -0700] "GET /wp-sitemap.xml?fileloc=/home/nyiet8349bzl/public_html/ducoa.org/wp-includes/js/jquery/ui/accordion.js&path=/home/nyiet8349bzl/public_html/ducoa.org/wp-includes/js/jquery/ui HTTP/1.1" 200 6797 "http://www.icdp.co.in/wp-sitemap.xml?path=/home/nyiet8349bzl/public_html/ducoa.org/wp-includes/js/jquery/ui" "Mozilla/5.0 AppleWebKit/537.36 (KHTML, like Gecko; compatible; GPTBot/1.3; +https://openai.com/gptbot)" 55 **0/55897**
74.7.227.26 - - [04/Mar/2026:05:24:23 -0700] "GET /wp-sitemap.xml?fileloc=/home/nyiet8349bzl/public_html/ducoa.org/wp-includes/js/jquery/ui/controlgroup.min.js&path=/home/nyiet8349bzl/public_html/ducoa.org/wp-includes/js/jquery/ui HTTP/1.1" 200 3908 "http://www.icdp.co.in/wp-sitemap.xml?path=/home/nyiet8349bzl/public_html/ducoa.org/wp-includes/js/jquery/ui" "Mozilla/5.0 AppleWebKit/537.36 (KHTML, like Gecko; compatible; GPTBot/1.3; +https://openai.com/gptbot)" 69 **0/69348**
74.7.227.26 - - [04/Mar/2026:05:24:24 -0700] "GET /wp-sitemap.xml?fileloc=/home/nyiet8349bzl/public_html/ducoa.org/wp-includes/js/jquery/ui/effect-highlight.js&path=/home/nyiet8349bzl/public_html/ducoa.org/wp-includes/js/jquery/ui HTTP/1.1" 200 2883 "http://www.icdp.co.in/wp-sitemap.xml?path=/home/nyiet8349bzl/public_html/ducoa.org/wp-includes/js/jquery/ui" "Mozilla/5.0 AppleWebKit/537.36 (KHTML, like Gecko; compatible; GPTBot/1.3; +https://openai.com/gptbot)" 42 **0/42048**
74.7.227.26 - - [04/Mar/2026:05:24:25 -0700] "GET /wp-sitemap.xml?fileloc=/home/nyiet8349bzl/public_html/ducoa.org/wp-includes/js/jquery/ui/checkboxradio.min.js&path=/home/nyiet8349bzl/public_html/ducoa.org/wp-includes/js/jquery/ui HTTP/1.1" 200 3694 "http://www.icdp.co.in/wp-sitemap.xml?path=/home/nyiet8349bzl/public_html/ducoa.org/wp-includes/js/jquery/ui" "Mozilla/5.0 AppleWebKit/537.36 (KHTML, like Gecko; compatible; GPTBot/1.3; +https://openai.com/gptbot)" 46 **0/46901**
74.7.227.26 - - [04/Mar/2026:05:24:25 -0700] "GET /wp-sitemap.xml?fileloc=/home/nyiet8349bzl/public_html/ducoa.org/wp-includes/js/jquery/ui/sortable.js&path=/home/nyiet8349bzl/public_html/ducoa.org/wp-includes/js/jquery/ui HTTP/1.1" 200 13879 "http://www.icdp.co.in/wp-sitemap.xml?path=/home/nyiet8349bzl/public_html/ducoa.org/wp-includes/js/jquery/ui" "Mozilla/5.0 AppleWebKit/537.36 (KHTML, like Gecko; compatible; GPTBot/1.3; +https://openai.com/gptbot)" 53 **0/53949**
74.7.227.26 - - [04/Mar/2026:05:24:26 -0700] "GET /wp-sitemap.xml?fileloc=/home/nyiet8349bzl/public_html/ducoa.org/wp-includes/js/jquery/ui/mouse.min.js&path=/home/nyiet8349bzl/public_html/ducoa.org/wp-includes/js/jquery/ui HTTP/1.1" 200 3370 "http://www.icdp.co.in/wp-sitemap.xml?path=/home/nyiet8349bzl/public_html/ducoa.org/wp-includes/js/jquery/ui" "Mozilla/5.0 AppleWebKit/537.36 (KHTML, like Gecko; compatible; GPTBot/1.3; +https://openai.com/gptbot)" 45 **0/45510**
74.7.227.26 - - [04/Mar/2026:05:24:26 -0700] "GET /wp-sitemap.xml?fileloc=/home/nyiet8349bzl/public_html/ducoa.org/wp-includes/js/jquery/ui/effect-drop.min.js&path=/home/nyiet8349bzl/public_html/ducoa.org/wp-includes/js/jquery/ui HTTP/1.1" 200 2743 "http://www.icdp.co.in/wp-sitemap.xml?path=/home/nyiet8349bzl/public_html/ducoa.org/wp-includes/js/jquery/ui" "Mozilla/5.0 AppleWebKit/537.36 (KHTML, like Gecko; compatible; GPTBot/1.3; +https://openai.com/gptbot)" 98 **0/98791**
