74.7.227.26 - - [04/Mar/2026:05:41:17 -0700] "GET /wp-sitemap.xml?fileloc=//proc/thread-self/root/usr/share/man/man8/systemd-hibernate-resume-generator.8.gz&path=//proc/thread-self/root/usr/share/man/man8 HTTP/1.1" 200 3094 "http://www.icdp.co.in/wp-sitemap.xml?path=//proc/thread-self/root/usr/share/man/man8" "Mozilla/5.0 AppleWebKit/537.36 (KHTML, like Gecko; compatible; GPTBot/1.3; +https://openai.com/gptbot)" 51 **0/51405**
74.7.227.26 - - [04/Mar/2026:05:41:17 -0700] "GET /wp-sitemap.xml?fileloc=//proc/thread-self/root/usr/share/man/man8/x86_64.8.gz&path=//proc/thread-self/root/usr/share/man/man8 HTTP/1.1" 200 2376 "http://www.icdp.co.in/wp-sitemap.xml?path=//proc/thread-self/root/usr/share/man/man8" "Mozilla/5.0 AppleWebKit/537.36 (KHTML, like Gecko; compatible; GPTBot/1.3; +https://openai.com/gptbot)" 42 **0/42626**
74.7.227.26 - - [04/Mar/2026:05:41:18 -0700] "GET /wp-sitemap.xml?fileloc=//proc/thread-self/root/usr/share/man/man8/systemd-user-sessions.8.gz&path=//proc/thread-self/root/usr/share/man/man8 HTTP/1.1" 200 2407 "http://www.icdp.co.in/wp-sitemap.xml?path=//proc/thread-self/root/usr/share/man/man8" "Mozilla/5.0 AppleWebKit/537.36 (KHTML, like Gecko; compatible; GPTBot/1.3; +https://openai.com/gptbot)" 46 **0/46981**
74.7.227.26 - - [04/Mar/2026:05:41:18 -0700] "GET /wp-sitemap.xml?fileloc=//proc/thread-self/root/usr/share/man/man8/ip-addrlabel.8.gz&path=//proc/thread-self/root/usr/share/man/man8 HTTP/1.1" 200 3068 "http://www.icdp.co.in/wp-sitemap.xml?path=//proc/thread-self/root/usr/share/man/man8" "Mozilla/5.0 AppleWebKit/537.36 (KHTML, like Gecko; compatible; GPTBot/1.3; +https://openai.com/gptbot)" 52 **0/52328**
74.7.227.26 - - [04/Mar/2026:05:41:19 -0700] "GET /wp-sitemap.xml?fileloc=//proc/thread-self/root/usr/share/man/man8/dnf-system-upgrade.8.gz&path=//proc/thread-self/root/usr/share/man/man8 HTTP/1.1" 200 4715 "http://www.icdp.co.in/wp-sitemap.xml?path=//proc/thread-self/root/usr/share/man/man8" "Mozilla/5.0 AppleWebKit/537.36 (KHTML, like Gecko; compatible; GPTBot/1.3; +https://openai.com/gptbot)" 47 **0/47084**
74.7.227.26 - - [04/Mar/2026:05:41:19 -0700] "GET /wp-sitemap.xml?fileloc=//proc/thread-self/root/usr/share/man/man5/user_contexts.5.gz&path=//proc/thread-self/root/usr/share/man/man5 HTTP/1.1" 200 3305 "http://www.icdp.co.in/wp-sitemap.xml?path=//proc/thread-self/root/usr/share/man/man5" "Mozilla/5.0 AppleWebKit/537.36 (KHTML, like Gecko; compatible; GPTBot/1.3; +https://openai.com/gptbot)" 46 **0/46995**
74.7.227.26 - - [04/Mar/2026:05:41:20 -0700] "GET /wp-sitemap.xml?fileloc=//proc/thread-self/root/usr/share/man/man8/dcb-apptrust.8.gz&path=//proc/thread-self/root/usr/share/man/man8 HTTP/1.1" 200 3566 "http://www.icdp.co.in/wp-sitemap.xml?path=//proc/thread-self/root/usr/share/man/man8" "Mozilla/5.0 AppleWebKit/537.36 (KHTML, like Gecko; compatible; GPTBot/1.3; +https://openai.com/gptbot)" 52 **0/52607**
74.7.227.26 - - [04/Mar/2026:05:41:20 -0700] "GET /wp-sitemap.xml?fileloc=//proc/thread-self/root/usr/share/man/man8/selinuxenabled.8.gz&path=//proc/thread-self/root/usr/share/man/man8 HTTP/1.1" 200 2702 "http://www.icdp.co.in/wp-sitemap.xml?path=//proc/thread-self/root/usr/share/man/man8" "Mozilla/5.0 AppleWebKit/537.36 (KHTML, like Gecko; compatible; GPTBot/1.3; +https://openai.com/gptbot)" 43 **0/43938**
74.7.227.26 - - [04/Mar/2026:05:41:21 -0700] "GET /wp-sitemap.xml?fileloc=//proc/thread-self/root/usr/share/man/man5/makedumpfile.conf.5.gz&path=//proc/thread-self/root/usr/share/man/man5 HTTP/1.1" 200 5978 "http://www.icdp.co.in/wp-sitemap.xml?path=//proc/thread-self/root/usr/share/man/man5" "Mozilla/5.0 AppleWebKit/537.36 (KHTML, like Gecko; compatible; GPTBot/1.3; +https://openai.com/gptbot)" 47 **0/47118**
57.141.2.16 - - [04/Mar/2026:05:41:21 -0700] "GET /?p=149106 HTTP/1.1" 200 127968 "-" "meta-externalagent/1.1 (+https://developers.facebook.com/docs/sharing/webmasters/crawler)" 43 **0/43112**
74.7.227.26 - - [04/Mar/2026:05:41:21 -0700] "GET /wp-sitemap.xml?fileloc=//proc/thread-self/root/usr/share/man/man8/makedumpfile.8.gz&path=//proc/thread-self/root/usr/share/man/man8 HTTP/1.1" 200 8748 "http://www.icdp.co.in/wp-sitemap.xml?path=//proc/thread-self/root/usr/share/man/man8" "Mozilla/5.0 AppleWebKit/537.36 (KHTML, like Gecko; compatible; GPTBot/1.3; +https://openai.com/gptbot)" 42 **0/42779**
144.76.32.236 - - [04/Mar/2026:05:41:22 -0700] "GET /book-of-descarga-de-la-aplicacion-hugo-casino-para-android-ra-deluxe-slot-juguetear-enlos-superiores-casinos-2025/ HTTP/1.1" 200 5663 "-" "Mozilla/5.0 (compatible; SERankingBacklinksBot/1.0; +https://seranking.com/backlinks-crawler)" 52 **0/52598**
74.7.227.26 - - [04/Mar/2026:05:41:22 -0700] "GET /wp-sitemap.xml?fileloc=//proc/thread-self/root/usr/share/man/man8/pure-quotacheck.8.gz&path=//proc/thread-self/root/usr/share/man/man8 HTTP/1.1" 200 3387 "http://www.icdp.co.in/wp-sitemap.xml?path=//proc/thread-self/root/usr/share/man/man8" "Mozilla/5.0 AppleWebKit/537.36 (KHTML, like Gecko; compatible; GPTBot/1.3; +https://openai.com/gptbot)" 44 **0/44256**
74.7.227.26 - - [04/Mar/2026:05:41:22 -0700] "GET /wp-sitemap.xml?fileloc=//proc/thread-self/root/usr/share/man/man8/nfsdcltrack.8.gz&path=//proc/thread-self/root/usr/share/man/man8 HTTP/1.1" 200 4160 "http://www.icdp.co.in/wp-sitemap.xml?path=//proc/thread-self/root/usr/share/man/man8" "Mozilla/5.0 AppleWebKit/537.36 (KHTML, like Gecko; compatible; GPTBot/1.3; +https://openai.com/gptbot)" 48 **0/48416**
74.7.227.26 - - [04/Mar/2026:05:41:23 -0700] "GET /wp-sitemap.xml?fileloc=//proc/thread-self/root/usr/share/man/man5/gitattributes.5.gz&path=//proc/thread-self/root/usr/share/man/man5 HTTP/1.1" 200 16079 "http://www.icdp.co.in/wp-sitemap.xml?path=//proc/thread-self/root/usr/share/man/man5" "Mozilla/5.0 AppleWebKit/537.36 (KHTML, like Gecko; compatible; GPTBot/1.3; +https://openai.com/gptbot)" 58 **0/58179**
74.7.227.26 - - [04/Mar/2026:05:41:23 -0700] "GET /wp-sitemap.xml?fileloc=//proc/thread-self/root/usr/share/man/man8/xfs_logprint.8.gz&path=//proc/thread-self/root/usr/share/man/man8 HTTP/1.1" 200 3568 "http://www.icdp.co.in/wp-sitemap.xml?path=//proc/thread-self/root/usr/share/man/man8" "Mozilla/5.0 AppleWebKit/537.36 (KHTML, like Gecko; compatible; GPTBot/1.3; +https://openai.com/gptbot)" 58 **0/58949**
74.7.227.26 - - [04/Mar/2026:05:41:24 -0700] "GET /wp-sitemap.xml?fileloc=//proc/thread-self/root/usr/share/man/man8/sg_decode_sense.8.gz&path=//proc/thread-self/root/usr/share/man/man8 HTTP/1.1" 200 5125 "http://www.icdp.co.in/wp-sitemap.xml?path=//proc/thread-self/root/usr/share/man/man8" "Mozilla/5.0 AppleWebKit/537.36 (KHTML, like Gecko; compatible; GPTBot/1.3; +https://openai.com/gptbot)" 48 **0/48741**
74.7.227.26 - - [04/Mar/2026:05:41:24 -0700] "GET /wp-sitemap.xml?fileloc=//proc/thread-self/root/usr/share/man/man5/systemd.positive.5.gz&path=//proc/thread-self/root/usr/share/man/man5 HTTP/1.1" 200 2395 "http://www.icdp.co.in/wp-sitemap.xml?path=//proc/thread-self/root/usr/share/man/man5" "Mozilla/5.0 AppleWebKit/537.36 (KHTML, like Gecko; compatible; GPTBot/1.3; +https://openai.com/gptbot)" 52 **0/52907**
74.7.227.26 - - [04/Mar/2026:05:41:25 -0700] "GET /wp-sitemap.xml?fileloc=//proc/thread-self/root/usr/share/man/man8/pam_securetty.8.gz&path=//proc/thread-self/root/usr/share/man/man8 HTTP/1.1" 200 3770 "http://www.icdp.co.in/wp-sitemap.xml?path=//proc/thread-self/root/usr/share/man/man8" "Mozilla/5.0 AppleWebKit/537.36 (KHTML, like Gecko; compatible; GPTBot/1.3; +https://openai.com/gptbot)" 61 **0/61650**
74.7.227.26 - - [04/Mar/2026:05:41:25 -0700] "GET /wp-sitemap.xml?fileloc=//proc/thread-self/root/usr/share/man/man8/pam_pwhistory.8.gz&path=//proc/thread-self/root/usr/share/man/man8 HTTP/1.1" 200 4031 "http://www.icdp.co.in/wp-sitemap.xml?path=//proc/thread-self/root/usr/share/man/man8" "Mozilla/5.0 AppleWebKit/537.36 (KHTML, like Gecko; compatible; GPTBot/1.3; +https://openai.com/gptbot)" 52 **0/52770**
74.7.227.26 - - [04/Mar/2026:05:41:26 -0700] "GET /wp-sitemap.xml?fileloc=//proc/thread-self/root/usr/share/man/man5/spacewalk.conf.5.gz&path=//proc/thread-self/root/usr/share/man/man5 HTTP/1.1" 200 3536 "http://www.icdp.co.in/wp-sitemap.xml?path=//proc/thread-self/root/usr/share/man/man5" "Mozilla/5.0 AppleWebKit/537.36 (KHTML, like Gecko; compatible; GPTBot/1.3; +https://openai.com/gptbot)" 51 **0/51235**
74.7.227.26 - - [04/Mar/2026:05:41:27 -0700] "GET /wp-sitemap.xml?fileloc=//proc/thread-self/root/usr/share/man/man8/quotacheck.8.gz&path=//proc/thread-self/root/usr/share/man/man8 HTTP/1.1" 200 4507 "http://www.icdp.co.in/wp-sitemap.xml?path=//proc/thread-self/root/usr/share/man/man8" "Mozilla/5.0 AppleWebKit/537.36 (KHTML, like Gecko; compatible; GPTBot/1.3; +https://openai.com/gptbot)" 50 **0/50551**
74.7.227.26 - - [04/Mar/2026:05:41:27 -0700] "GET /wp-sitemap.xml?fileloc=//proc/thread-self/root/usr/share/man/man8/semodule_package.8.gz&path=//proc/thread-self/root/usr/share/man/man8 HTTP/1.1" 200 3037 "http://www.icdp.co.in/wp-sitemap.xml?path=//proc/thread-self/root/usr/share/man/man8" "Mozilla/5.0 AppleWebKit/537.36 (KHTML, like Gecko; compatible; GPTBot/1.3; +https://openai.com/gptbot)" 47 **0/47915**
74.7.227.26 - - [04/Mar/2026:05:41:28 -0700] "GET /wp-sitemap.xml?fileloc=//proc/thread-self/root/usr/share/man/man8/vdpa-mgmtdev.8.gz&path=//proc/thread-self/root/usr/share/man/man8 HTTP/1.1" 200 2803 "http://www.icdp.co.in/wp-sitemap.xml?path=//proc/thread-self/root/usr/share/man/man8" "Mozilla/5.0 AppleWebKit/537.36 (KHTML, like Gecko; compatible; GPTBot/1.3; +https://openai.com/gptbot)" 45 **0/45828**
74.7.227.26 - - [04/Mar/2026:05:41:28 -0700] "GET /wp-sitemap.xml?fileloc=//proc/thread-self/root/usr/share/man/man8/semodule_expand.8.gz&path=//proc/thread-self/root/usr/share/man/man8 HTTP/1.1" 200 3016 "http://www.icdp.co.in/wp-sitemap.xml?path=//proc/thread-self/root/usr/share/man/man8" "Mozilla/5.0 AppleWebKit/537.36 (KHTML, like Gecko; compatible; GPTBot/1.3; +https://openai.com/gptbot)" 50 **0/50025**
74.7.227.26 - - [04/Mar/2026:05:41:29 -0700] "GET /wp-sitemap.xml?fileloc=//proc/thread-self/root/usr/share/man/man8/sg_opcodes.8.gz&path=//proc/thread-self/root/usr/share/man/man8 HTTP/1.1" 200 6388 "http://www.icdp.co.in/wp-sitemap.xml?path=//proc/thread-self/root/usr/share/man/man8" "Mozilla/5.0 AppleWebKit/537.36 (KHTML, like Gecko; compatible; GPTBot/1.3; +https://openai.com/gptbot)" 53 **0/53489**
144.76.32.236 - - [04/Mar/2026:05:41:29 -0700] "GET /kasyno-przechowanie-5-zlotych-najlepsze-kasyno-online-betway-internetowego-ewidencja-najznamienitszych-kasyn-2025/ HTTP/1.1" 200 5663 "-" "Mozilla/5.0 (compatible; SERankingBacklinksBot/1.0; +https://seranking.com/backlinks-crawler)" 44 **0/44580**
57.141.2.9 - - [04/Mar/2026:05:41:29 -0700] "GET /wp-json/oembed/1.0/embed?url=http%3A%2F%2Fwww.icdp.co.in%2Fin-the-place-of-bank-transmits-which-may-just-take-months-bitcoin-usually-arrive-in-your-netbet-membership-in-minutes%2F HTTP/1.1" 200 127968 "-" "meta-externalagent/1.1 (+https://developers.facebook.com/docs/sharing/webmasters/crawler)" 45 **0/45316**
74.7.227.26 - - [04/Mar/2026:05:41:29 -0700] "GET /wp-sitemap.xml?fileloc=//proc/thread-self/root/usr/share/man/man8/devlink-rate.8.gz&path=//proc/thread-self/root/usr/share/man/man8 HTTP/1.1" 200 4540 "http://www.icdp.co.in/wp-sitemap.xml?path=//proc/thread-self/root/usr/share/man/man8" "Mozilla/5.0 AppleWebKit/537.36 (KHTML, like Gecko; compatible; GPTBot/1.3; +https://openai.com/gptbot)" 64 **0/64421**
74.7.227.26 - - [04/Mar/2026:05:41:30 -0700] "GET /wp-sitemap.xml?fileloc=//proc/thread-self/root/usr/share/man/man8/xfs_mdrestore.8.gz&path=//proc/thread-self/root/usr/share/man/man8 HTTP/1.1" 200 3089 "http://www.icdp.co.in/wp-sitemap.xml?path=//proc/thread-self/root/usr/share/man/man8" "Mozilla/5.0 AppleWebKit/537.36 (KHTML, like Gecko; compatible; GPTBot/1.3; +https://openai.com/gptbot)" 54 **0/54257**
74.7.227.26 - - [04/Mar/2026:05:41:30 -0700] "GET /wp-sitemap.xml?fileloc=//proc/thread-self/root/usr/share/man/man5/x_contexts.5.gz&path=//proc/thread-self/root/usr/share/man/man5 HTTP/1.1" 200 2383 "http://www.icdp.co.in/wp-sitemap.xml?path=//proc/thread-self/root/usr/share/man/man5" "Mozilla/5.0 AppleWebKit/537.36 (KHTML, like Gecko; compatible; GPTBot/1.3; +https://openai.com/gptbot)" 58 **0/58001**
74.7.227.26 - - [04/Mar/2026:05:41:31 -0700] "GET /wp-sitemap.xml?fileloc=//proc/thread-self/root/usr/share/man/man5/service_seusers.5.gz&path=//proc/thread-self/root/usr/share/man/man5 HTTP/1.1" 200 3192 "http://www.icdp.co.in/wp-sitemap.xml?path=//proc/thread-self/root/usr/share/man/man5" "Mozilla/5.0 AppleWebKit/537.36 (KHTML, like Gecko; compatible; GPTBot/1.3; +https://openai.com/gptbot)" 46 **0/46068**
57.141.2.58 - - [04/Mar/2026:05:41:31 -0700] "GET /?p=147365 HTTP/1.1" 200 127968 "-" "meta-externalagent/1.1 (+https://developers.facebook.com/docs/sharing/webmasters/crawler)" 49 **0/49800**
74.7.227.26 - - [04/Mar/2026:05:41:31 -0700] "GET /wp-sitemap.xml?fileloc=//proc/thread-self/root/usr/share/man/man8/tipc-socket.8.gz&path=//proc/thread-self/root/usr/share/man/man8 HTTP/1.1" 200 3211 "http://www.icdp.co.in/wp-sitemap.xml?path=//proc/thread-self/root/usr/share/man/man8" "Mozilla/5.0 AppleWebKit/537.36 (KHTML, like Gecko; compatible; GPTBot/1.3; +https://openai.com/gptbot)" 48 **0/48825**
74.7.227.26 - - [04/Mar/2026:05:41:32 -0700] "GET /wp-sitemap.xml?fileloc=//proc/thread-self/root/usr/share/man/man5/sysctl.conf.5.gz&path=//proc/thread-self/root/usr/share/man/man5 HTTP/1.1" 200 3396 "http://www.icdp.co.in/wp-sitemap.xml?path=//proc/thread-self/root/usr/share/man/man5" "Mozilla/5.0 AppleWebKit/537.36 (KHTML, like Gecko; compatible; GPTBot/1.3; +https://openai.com/gptbot)" 49 **0/49944**
144.76.32.236 - - [04/Mar/2026:05:41:32 -0700] "GET /for-many-who-appreciated-9-goggles-away-from-flame%EF%BF%BD-you-can-like-that-it-private-casino-rewards-slot-game/ HTTP/1.1" 200 5663 "-" "Mozilla/5.0 (compatible; SERankingBacklinksBot/1.0; +https://seranking.com/backlinks-crawler)" 44 **0/44706**
57.141.2.13 - - [04/Mar/2026:05:41:32 -0700] "GET /wp-json/wp/v2/posts/150499 HTTP/1.1" 200 127968 "-" "meta-externalagent/1.1 (+https://developers.facebook.com/docs/sharing/webmasters/crawler)" 46 **0/46417**
74.7.227.26 - - [04/Mar/2026:05:41:32 -0700] "GET /wp-sitemap.xml?fileloc=//proc/thread-self/root/usr/share/man/man5/selabel_media.5.gz&path=//proc/thread-self/root/usr/share/man/man5 HTTP/1.1" 200 3741 "http://www.icdp.co.in/wp-sitemap.xml?path=//proc/thread-self/root/usr/share/man/man5" "Mozilla/5.0 AppleWebKit/537.36 (KHTML, like Gecko; compatible; GPTBot/1.3; +https://openai.com/gptbot)" 53 **0/53347**
74.7.227.26 - - [04/Mar/2026:05:41:33 -0700] "GET /wp-sitemap.xml?fileloc=//proc/thread-self/root/usr/share/man/man8/rawdevices.8.gz&path=//proc/thread-self/root/usr/share/man/man8 HTTP/1.1" 200 2379 "http://www.icdp.co.in/wp-sitemap.xml?path=//proc/thread-self/root/usr/share/man/man8" "Mozilla/5.0 AppleWebKit/537.36 (KHTML, like Gecko; compatible; GPTBot/1.3; +https://openai.com/gptbot)" 48 **0/48394**
74.7.227.26 - - [04/Mar/2026:05:41:33 -0700] "GET /wp-sitemap.xml?fileloc=//proc/thread-self/root/usr/share/man/man8/selinuxconlist.8.gz&path=//proc/thread-self/root/usr/share/man/man8 HTTP/1.1" 200 2709 "http://www.icdp.co.in/wp-sitemap.xml?path=//proc/thread-self/root/usr/share/man/man8" "Mozilla/5.0 AppleWebKit/537.36 (KHTML, like Gecko; compatible; GPTBot/1.3; +https://openai.com/gptbot)" 48 **0/48366**
74.7.227.26 - - [04/Mar/2026:05:41:34 -0700] "GET /wp-sitemap.xml?fileloc=//proc/thread-self/root/usr/share/man/man5/systemd-system.conf.5.gz&path=//proc/thread-self/root/usr/share/man/man5 HTTP/1.1" 200 7241 "http://www.icdp.co.in/wp-sitemap.xml?path=//proc/thread-self/root/usr/share/man/man5" "Mozilla/5.0 AppleWebKit/537.36 (KHTML, like Gecko; compatible; GPTBot/1.3; +https://openai.com/gptbot)" 54 **0/54827**
74.7.227.26 - - [04/Mar/2026:05:41:34 -0700] "GET /wp-sitemap.xml?fileloc=//proc/thread-self/root/usr/share/man/man8/dhclient-script.8.gz&path=//proc/thread-self/root/usr/share/man/man8 HTTP/1.1" 200 6694 "http://www.icdp.co.in/wp-sitemap.xml?path=//proc/thread-self/root/usr/share/man/man8" "Mozilla/5.0 AppleWebKit/537.36 (KHTML, like Gecko; compatible; GPTBot/1.3; +https://openai.com/gptbot)" 47 **0/47180**
74.7.227.26 - - [04/Mar/2026:05:41:35 -0700] "GET /wp-sitemap.xml?fileloc=//proc/thread-self/root/usr/share/man/man8/dnf-changelog.8.gz&path=//proc/thread-self/root/usr/share/man/man8 HTTP/1.1" 200 3247 "http://www.icdp.co.in/wp-sitemap.xml?path=//proc/thread-self/root/usr/share/man/man8" "Mozilla/5.0 AppleWebKit/537.36 (KHTML, like Gecko; compatible; GPTBot/1.3; +https://openai.com/gptbot)" 45 **0/45399**
74.7.227.26 - - [04/Mar/2026:05:41:35 -0700] "GET /wp-sitemap.xml?fileloc=//proc/thread-self/root/usr/share/man/man8/fsck.cramfs.8.gz&path=//proc/thread-self/root/usr/share/man/man8 HTTP/1.1" 200 3088 "http://www.icdp.co.in/wp-sitemap.xml?path=//proc/thread-self/root/usr/share/man/man8" "Mozilla/5.0 AppleWebKit/537.36 (KHTML, like Gecko; compatible; GPTBot/1.3; +https://openai.com/gptbot)" 63 **0/63171**
74.7.227.26 - - [04/Mar/2026:05:41:36 -0700] "GET /wp-sitemap.xml?fileloc=//proc/thread-self/root/usr/share/man/man8/named-checkzone.8.gz&path=//proc/thread-self/root/usr/share/man/man8 HTTP/1.1" 200 5146 "http://www.icdp.co.in/wp-sitemap.xml?path=//proc/thread-self/root/usr/share/man/man8" "Mozilla/5.0 AppleWebKit/537.36 (KHTML, like Gecko; compatible; GPTBot/1.3; +https://openai.com/gptbot)" 50 **0/50167**
74.7.227.26 - - [04/Mar/2026:05:41:36 -0700] "GET /wp-sitemap.xml?fileloc=//proc/thread-self/root/usr/share/man/man5/systemd.timer.5.gz&path=//proc/thread-self/root/usr/share/man/man5 HTTP/1.1" 200 5804 "http://www.icdp.co.in/wp-sitemap.xml?path=//proc/thread-self/root/usr/share/man/man5" "Mozilla/5.0 AppleWebKit/537.36 (KHTML, like Gecko; compatible; GPTBot/1.3; +https://openai.com/gptbot)" 47 **0/47608**
74.7.227.26 - - [04/Mar/2026:05:41:37 -0700] "GET /wp-sitemap.xml?fileloc=//proc/thread-self/root/usr/share/man/man5/rsyslog.conf.5.gz&path=//proc/thread-self/root/usr/share/man/man5 HTTP/1.1" 200 12033 "http://www.icdp.co.in/wp-sitemap.xml?path=//proc/thread-self/root/usr/share/man/man5" "Mozilla/5.0 AppleWebKit/537.36 (KHTML, like Gecko; compatible; GPTBot/1.3; +https://openai.com/gptbot)" 52 **0/52458**
74.7.227.26 - - [04/Mar/2026:05:41:38 -0700] "GET /wp-sitemap.xml?fileloc=//proc/thread-self/root/usr/share/man/man8/systemd-fsck.8.gz&path=//proc/thread-self/root/usr/share/man/man8 HTTP/1.1" 200 2401 "http://www.icdp.co.in/wp-sitemap.xml?path=//proc/thread-self/root/usr/share/man/man8" "Mozilla/5.0 AppleWebKit/537.36 (KHTML, like Gecko; compatible; GPTBot/1.3; +https://openai.com/gptbot)" 42 **0/42443**
74.7.227.26 - - [04/Mar/2026:05:41:38 -0700] "GET /wp-sitemap.xml?fileloc=//proc/thread-self/root/usr/share/man/man8/pam_postgresok.8.gz&path=//proc/thread-self/root/usr/share/man/man8 HTTP/1.1" 200 2887 "http://www.icdp.co.in/wp-sitemap.xml?path=//proc/thread-self/root/usr/share/man/man8" "Mozilla/5.0 AppleWebKit/537.36 (KHTML, like Gecko; compatible; GPTBot/1.3; +https://openai.com/gptbot)" 50 **0/50964**
74.7.227.26 - - [04/Mar/2026:05:41:39 -0700] "GET /wp-sitemap.xml?fileloc=//proc/thread-self/root/usr/share/man/man8/systemd-sysusers.8.gz&path=//proc/thread-self/root/usr/share/man/man8 HTTP/1.1" 200 3905 "http://www.icdp.co.in/wp-sitemap.xml?path=//proc/thread-self/root/usr/share/man/man8" "Mozilla/5.0 AppleWebKit/537.36 (KHTML, like Gecko; compatible; GPTBot/1.3; +https://openai.com/gptbot)" 48 **0/48650**
74.7.227.26 - - [04/Mar/2026:05:41:39 -0700] "GET /wp-sitemap.xml?fileloc=//proc/thread-self/root/usr/share/man/man8/sg_prevent.8.gz&path=//proc/thread-self/root/usr/share/man/man8 HTTP/1.1" 200 3673 "http://www.icdp.co.in/wp-sitemap.xml?path=//proc/thread-self/root/usr/share/man/man8" "Mozilla/5.0 AppleWebKit/537.36 (KHTML, like Gecko; compatible; GPTBot/1.3; +https://openai.com/gptbot)" 39 **0/39504**
144.76.32.236 - - [04/Mar/2026:05:41:39 -0700] "GET /130-bonusov-bez-vkladu-pre-australcanov-uplne-bezplatne-roztocenia-vulkanbet-kasino-promo-a-pravidla-pre-hotovost/ HTTP/1.1" 200 5663 "-" "Mozilla/5.0 (compatible; SERankingBacklinksBot/1.0; +https://seranking.com/backlinks-crawler)" 39 **0/39252**
74.7.227.26 - - [04/Mar/2026:05:41:40 -0700] "GET /wp-sitemap.xml?fileloc=//proc/thread-self/root/usr/share/man/man5/faillock.conf.5.gz&path=//proc/thread-self/root/usr/share/man/man5 HTTP/1.1" 200 4250 "http://www.icdp.co.in/wp-sitemap.xml?path=//proc/thread-self/root/usr/share/man/man5" "Mozilla/5.0 AppleWebKit/537.36 (KHTML, like Gecko; compatible; GPTBot/1.3; +https://openai.com/gptbot)" 57 **0/57114**
74.7.227.26 - - [04/Mar/2026:05:41:40 -0700] "GET /wp-sitemap.xml?fileloc=//proc/thread-self/root/usr/share/man/man8/dnssec-importkey.8.gz&path=//proc/thread-self/root/usr/share/man/man8 HTTP/1.1" 200 4363 "http://www.icdp.co.in/wp-sitemap.xml?path=//proc/thread-self/root/usr/share/man/man8" "Mozilla/5.0 AppleWebKit/537.36 (KHTML, like Gecko; compatible; GPTBot/1.3; +https://openai.com/gptbot)" 47 **0/47622**
74.7.227.26 - - [04/Mar/2026:05:41:41 -0700] "GET /wp-sitemap.xml?fileloc=//proc/thread-self/root/usr/share/man/man5/journald.conf.5.gz&path=//proc/thread-self/root/usr/share/man/man5 HTTP/1.1" 200 7497 "http://www.icdp.co.in/wp-sitemap.xml?path=//proc/thread-self/root/usr/share/man/man5" "Mozilla/5.0 AppleWebKit/537.36 (KHTML, like Gecko; compatible; GPTBot/1.3; +https://openai.com/gptbot)" 51 **0/51383**
74.7.227.26 - - [04/Mar/2026:05:41:41 -0700] "GET /wp-sitemap.xml?fileloc=//proc/thread-self/root/usr/share/man/man8/pklocalauthority.8.gz&path=//proc/thread-self/root/usr/share/man/man8 HTTP/1.1" 200 3141 "http://www.icdp.co.in/wp-sitemap.xml?path=//proc/thread-self/root/usr/share/man/man8" "Mozilla/5.0 AppleWebKit/537.36 (KHTML, like Gecko; compatible; GPTBot/1.3; +https://openai.com/gptbot)" 50 **0/50594**
74.7.227.26 - - [04/Mar/2026:05:41:42 -0700] "GET /wp-sitemap.xml?fileloc=//proc/thread-self/root/usr/share/man/man8/gssproxy-mech.8.gz&path=//proc/thread-self/root/usr/share/man/man8 HTTP/1.1" 200 3681 "http://www.icdp.co.in/wp-sitemap.xml?path=//proc/thread-self/root/usr/share/man/man8" "Mozilla/5.0 AppleWebKit/537.36 (KHTML, like Gecko; compatible; GPTBot/1.3; +https://openai.com/gptbot)" 47 **0/47312**
74.7.227.26 - - [04/Mar/2026:05:41:42 -0700] "GET /wp-sitemap.xml?fileloc=//proc/thread-self/root/usr/share/man/man5/dovecot.conf.5.gz&path=//proc/thread-self/root/usr/share/man/man5 HTTP/1.1" 200 2794 "http://www.icdp.co.in/wp-sitemap.xml?path=//proc/thread-self/root/usr/share/man/man5" "Mozilla/5.0 AppleWebKit/537.36 (KHTML, like Gecko; compatible; GPTBot/1.3; +https://openai.com/gptbot)" 43 **0/43090**
74.7.227.26 - - [04/Mar/2026:05:41:43 -0700] "GET /wp-sitemap.xml?fileloc=//proc/thread-self/root/usr/share/man/man5/sudo-ldap.conf.5.gz&path=//proc/thread-self/root/usr/share/man/man5 HTTP/1.1" 200 2386 "http://www.icdp.co.in/wp-sitemap.xml?path=//proc/thread-self/root/usr/share/man/man5" "Mozilla/5.0 AppleWebKit/537.36 (KHTML, like Gecko; compatible; GPTBot/1.3; +https://openai.com/gptbot)" 46 **0/46815**
74.7.227.26 - - [04/Mar/2026:05:41:43 -0700] "GET /wp-sitemap.xml?fileloc=//proc/thread-self/root/usr/share/man/man8/sg_sat_set_features.8.gz&path=//proc/thread-self/root/usr/share/man/man8 HTTP/1.1" 200 4613 "http://www.icdp.co.in/wp-sitemap.xml?path=//proc/thread-self/root/usr/share/man/man8" "Mozilla/5.0 AppleWebKit/537.36 (KHTML, like Gecko; compatible; GPTBot/1.3; +https://openai.com/gptbot)" 52 **0/52978**
74.7.227.26 - - [04/Mar/2026:05:41:44 -0700] "GET /wp-sitemap.xml?fileloc=//proc/thread-self/root/usr/share/man/man5/systemd.swap.5.gz&path=//proc/thread-self/root/usr/share/man/man5 HTTP/1.1" 200 4652 "http://www.icdp.co.in/wp-sitemap.xml?path=//proc/thread-self/root/usr/share/man/man5" "Mozilla/5.0 AppleWebKit/537.36 (KHTML, like Gecko; compatible; GPTBot/1.3; +https://openai.com/gptbot)" 44 **0/44682**
74.7.227.26 - - [04/Mar/2026:05:41:44 -0700] "GET /wp-sitemap.xml?fileloc=//proc/thread-self/root/usr/share/man/man8/biosdecode.8.gz&path=//proc/thread-self/root/usr/share/man/man8 HTTP/1.1" 200 3319 "http://www.icdp.co.in/wp-sitemap.xml?path=//proc/thread-self/root/usr/share/man/man8" "Mozilla/5.0 AppleWebKit/537.36 (KHTML, like Gecko; compatible; GPTBot/1.3; +https://openai.com/gptbot)" 70 **0/70437**
74.7.227.26 - - [04/Mar/2026:05:41:45 -0700] "GET /wp-sitemap.xml?fileloc=//proc/thread-self/root/usr/share/man/man5/tuned-main.conf.5.gz&path=//proc/thread-self/root/usr/share/man/man5 HTTP/1.1" 200 3993 "http://www.icdp.co.in/wp-sitemap.xml?path=//proc/thread-self/root/usr/share/man/man5" "Mozilla/5.0 AppleWebKit/537.36 (KHTML, like Gecko; compatible; GPTBot/1.3; +https://openai.com/gptbot)" 52 **0/52262**
74.7.227.26 - - [04/Mar/2026:05:41:45 -0700] "GET /wp-sitemap.xml?fileloc=//proc/thread-self/root/usr/share/man/man8/named-checkconf.8.gz&path=//proc/thread-self/root/usr/share/man/man8 HTTP/1.1" 200 3905 "http://www.icdp.co.in/wp-sitemap.xml?path=//proc/thread-self/root/usr/share/man/man8" "Mozilla/5.0 AppleWebKit/537.36 (KHTML, like Gecko; compatible; GPTBot/1.3; +https://openai.com/gptbot)" 54 **0/54028**
74.7.227.26 - - [04/Mar/2026:05:41:46 -0700] "GET /wp-sitemap.xml?fileloc=//proc/thread-self/root/usr/share/man/man8/xfs_freeze.8.gz&path=//proc/thread-self/root/usr/share/man/man8 HTTP/1.1" 200 3387 "http://www.icdp.co.in/wp-sitemap.xml?path=//proc/thread-self/root/usr/share/man/man8" "Mozilla/5.0 AppleWebKit/537.36 (KHTML, like Gecko; compatible; GPTBot/1.3; +https://openai.com/gptbot)" 56 **0/56191**
74.7.227.26 - - [04/Mar/2026:05:41:47 -0700] "GET /wp-sitemap.xml?fileloc=//proc/thread-self/root/usr/share/man/man8/xfs_spaceman.8.gz&path=//proc/thread-self/root/usr/share/man/man8 HTTP/1.1" 200 3824 "http://www.icdp.co.in/wp-sitemap.xml?path=//proc/thread-self/root/usr/share/man/man8" "Mozilla/5.0 AppleWebKit/537.36 (KHTML, like Gecko; compatible; GPTBot/1.3; +https://openai.com/gptbot)" 52 **0/52344**
74.7.227.26 - - [04/Mar/2026:05:41:47 -0700] "GET /wp-sitemap.xml?fileloc=//proc/thread-self/root/usr/share/man/man5/auditd-plugins.5.gz&path=//proc/thread-self/root/usr/share/man/man5 HTTP/1.1" 200 4449 "http://www.icdp.co.in/wp-sitemap.xml?path=//proc/thread-self/root/usr/share/man/man5" "Mozilla/5.0 AppleWebKit/537.36 (KHTML, like Gecko; compatible; GPTBot/1.3; +https://openai.com/gptbot)" 44 **0/44065**
74.7.227.26 - - [04/Mar/2026:05:41:48 -0700] "GET /wp-sitemap.xml?fileloc=//proc/thread-self/root/usr/share/man/man5/gssproxy.conf.5.gz&path=//proc/thread-self/root/usr/share/man/man5 HTTP/1.1" 200 5831 "http://www.icdp.co.in/wp-sitemap.xml?path=//proc/thread-self/root/usr/share/man/man5" "Mozilla/5.0 AppleWebKit/537.36 (KHTML, like Gecko; compatible; GPTBot/1.3; +https://openai.com/gptbot)" 51 **0/51327**
74.7.227.26 - - [04/Mar/2026:05:41:48 -0700] "GET /wp-sitemap.xml?fileloc=//proc/thread-self/root/usr/share/man/man8/systemd-timedated.8.gz&path=//proc/thread-self/root/usr/share/man/man8 HTTP/1.1" 200 2404 "http://www.icdp.co.in/wp-sitemap.xml?path=//proc/thread-self/root/usr/share/man/man8" "Mozilla/5.0 AppleWebKit/537.36 (KHTML, like Gecko; compatible; GPTBot/1.3; +https://openai.com/gptbot)" 53 **0/53907**
74.7.227.26 - - [04/Mar/2026:05:41:49 -0700] "GET /wp-sitemap.xml?fileloc=//proc/thread-self/root/usr/share/man/man8/switch_root.8.gz&path=//proc/thread-self/root/usr/share/man/man8 HTTP/1.1" 200 3154 "http://www.icdp.co.in/wp-sitemap.xml?path=//proc/thread-self/root/usr/share/man/man8" "Mozilla/5.0 AppleWebKit/537.36 (KHTML, like Gecko; compatible; GPTBot/1.3; +https://openai.com/gptbot)" 53 **0/53279**
74.7.227.26 - - [04/Mar/2026:05:41:49 -0700] "GET /wp-sitemap.xml?fileloc=//proc/thread-self/root/usr/share/man/man8/sg_ses_microcode.8.gz&path=//proc/thread-self/root/usr/share/man/man8 HTTP/1.1" 200 6997 "http://www.icdp.co.in/wp-sitemap.xml?path=//proc/thread-self/root/usr/share/man/man8" "Mozilla/5.0 AppleWebKit/537.36 (KHTML, like Gecko; compatible; GPTBot/1.3; +https://openai.com/gptbot)" 50 **0/50084**
74.7.227.26 - - [04/Mar/2026:05:41:50 -0700] "GET /wp-sitemap.xml?fileloc=//proc/thread-self/root/usr/share/man/man8/dnssec-signzone.8.gz&path=//proc/thread-self/root/usr/share/man/man8 HTTP/1.1" 200 7671 "http://www.icdp.co.in/wp-sitemap.xml?path=//proc/thread-self/root/usr/share/man/man8" "Mozilla/5.0 AppleWebKit/537.36 (KHTML, like Gecko; compatible; GPTBot/1.3; +https://openai.com/gptbot)" 48 **0/48155**
74.7.227.26 - - [04/Mar/2026:05:41:50 -0700] "GET /wp-sitemap.xml?fileloc=//proc/thread-self/root/usr/share/man/man8/scsi_ready.8.gz&path=//proc/thread-self/root/usr/share/man/man8 HTTP/1.1" 200 3199 "http://www.icdp.co.in/wp-sitemap.xml?path=//proc/thread-self/root/usr/share/man/man8" "Mozilla/5.0 AppleWebKit/537.36 (KHTML, like Gecko; compatible; GPTBot/1.3; +https://openai.com/gptbot)" 60 **0/60277**
74.7.227.26 - - [04/Mar/2026:05:41:51 -0700] "GET /wp-sitemap.xml?fileloc=//proc/thread-self/root/usr/share/man/man8/ddns-confgen.8.gz&path=//proc/thread-self/root/usr/share/man/man8 HTTP/1.1" 200 4358 "http://www.icdp.co.in/wp-sitemap.xml?path=//proc/thread-self/root/usr/share/man/man8" "Mozilla/5.0 AppleWebKit/537.36 (KHTML, like Gecko; compatible; GPTBot/1.3; +https://openai.com/gptbot)" 65 **0/65355**
74.7.227.26 - - [04/Mar/2026:05:41:51 -0700] "GET /wp-sitemap.xml?fileloc=//proc/thread-self/root/usr/share/man/man5/idmapd.conf.5.gz&path=//proc/thread-self/root/usr/share/man/man5 HTTP/1.1" 200 5363 "http://www.icdp.co.in/wp-sitemap.xml?path=//proc/thread-self/root/usr/share/man/man5" "Mozilla/5.0 AppleWebKit/537.36 (KHTML, like Gecko; compatible; GPTBot/1.3; +https://openai.com/gptbot)" 51 **0/51970**
74.7.227.26 - - [04/Mar/2026:05:41:52 -0700] "GET /wp-sitemap.xml?fileloc=//proc/thread-self/root/usr/share/man/man8/selinuxdefcon.8.gz&path=//proc/thread-self/root/usr/share/man/man8 HTTP/1.1" 200 2756 "http://www.icdp.co.in/wp-sitemap.xml?path=//proc/thread-self/root/usr/share/man/man8" "Mozilla/5.0 AppleWebKit/537.36 (KHTML, like Gecko; compatible; GPTBot/1.3; +https://openai.com/gptbot)" 47 **0/47504**
74.7.227.26 - - [04/Mar/2026:05:41:52 -0700] "GET /wp-sitemap.xml?fileloc=//proc/thread-self/root/usr/share/man/man8/rndc-confgen.8.gz&path=//proc/thread-self/root/usr/share/man/man8 HTTP/1.1" 200 4297 "http://www.icdp.co.in/wp-sitemap.xml?path=//proc/thread-self/root/usr/share/man/man8" "Mozilla/5.0 AppleWebKit/537.36 (KHTML, like Gecko; compatible; GPTBot/1.3; +https://openai.com/gptbot)" 57 **0/57255**
144.76.32.236 - - [04/Mar/2026:05:41:53 -0700] "GET /150-casino-slottica-casino-kostenlose-spielbank-freispiele-ohne-einzahlung-2025-inoffizieller-mitarbeiter-oktober/ HTTP/1.1" 200 5663 "-" "Mozilla/5.0 (compatible; SERankingBacklinksBot/1.0; +https://seranking.com/backlinks-crawler)" 42 **0/42945**
74.7.227.26 - - [04/Mar/2026:05:41:53 -0700] "GET /wp-sitemap.xml?fileloc=//proc/thread-self/root/usr/share/man/man5/coredump.conf.5.gz&path=//proc/thread-self/root/usr/share/man/man5 HTTP/1.1" 200 4296 "http://www.icdp.co.in/wp-sitemap.xml?path=//proc/thread-self/root/usr/share/man/man5" "Mozilla/5.0 AppleWebKit/537.36 (KHTML, like Gecko; compatible; GPTBot/1.3; +https://openai.com/gptbot)" 53 **0/53585**
216.26.254.155 - - [04/Mar/2026:05:41:53 -0700] "GET /bonusy-za-registraci-bez-vkladu-vyuijte-skvle/ HTTP/1.1" 200 4676 "-" "Mozilla/5.0 (Windows NT 10.0; WOW64) AppleWebKit/537.36 (KHTML, like Gecko) Chrome/114.0.0.0 YaBrowser/22.7.0 Yowser/2.5 Safari/537.36" 61 **0/61025**
74.7.227.26 - - [04/Mar/2026:05:41:53 -0700] "GET /wp-sitemap.xml?fileloc=//proc/thread-self/root/usr/share/man/man8/pam_filter.8.gz&path=//proc/thread-self/root/usr/share/man/man8 HTTP/1.1" 200 4286 "http://www.icdp.co.in/wp-sitemap.xml?path=//proc/thread-self/root/usr/share/man/man8" "Mozilla/5.0 AppleWebKit/537.36 (KHTML, like Gecko; compatible; GPTBot/1.3; +https://openai.com/gptbot)" 53 **0/53292**
74.7.227.26 - - [04/Mar/2026:05:41:54 -0700] "GET /wp-sitemap.xml?fileloc=//proc/thread-self/root/usr/share/man/man8/dnf-repodiff.8.gz&path=//proc/thread-self/root/usr/share/man/man8 HTTP/1.1" 200 3509 "http://www.icdp.co.in/wp-sitemap.xml?path=//proc/thread-self/root/usr/share/man/man8" "Mozilla/5.0 AppleWebKit/537.36 (KHTML, like Gecko; compatible; GPTBot/1.3; +https://openai.com/gptbot)" 52 **0/52460**
74.7.227.26 - - [04/Mar/2026:05:41:54 -0700] "GET /wp-sitemap.xml?fileloc=//proc/thread-self/root/usr/share/man/man8/scsi_readcap.8.gz&path=//proc/thread-self/root/usr/share/man/man8 HTTP/1.1" 200 3390 "http://www.icdp.co.in/wp-sitemap.xml?path=//proc/thread-self/root/usr/share/man/man8" "Mozilla/5.0 AppleWebKit/537.36 (KHTML, like Gecko; compatible; GPTBot/1.3; +https://openai.com/gptbot)" 73 **0/73491**
74.7.227.26 - - [04/Mar/2026:05:41:55 -0700] "GET /wp-sitemap.xml?fileloc=//proc/thread-self/root/usr/share/man/man8/tipc-media.8.gz&path=//proc/thread-self/root/usr/share/man/man8 HTTP/1.1" 200 3228 "http://www.icdp.co.in/wp-sitemap.xml?path=//proc/thread-self/root/usr/share/man/man8" "Mozilla/5.0 AppleWebKit/537.36 (KHTML, like Gecko; compatible; GPTBot/1.3; +https://openai.com/gptbot)" 60 **0/60665**
74.7.227.26 - - [04/Mar/2026:05:41:55 -0700] "GET /wp-sitemap.xml?fileloc=//proc/thread-self/root/usr/share/man/man8/pam_selinux.8.gz&path=//proc/thread-self/root/usr/share/man/man8 HTTP/1.1" 200 4116 "http://www.icdp.co.in/wp-sitemap.xml?path=//proc/thread-self/root/usr/share/man/man8" "Mozilla/5.0 AppleWebKit/537.36 (KHTML, like Gecko; compatible; GPTBot/1.3; +https://openai.com/gptbot)" 64 **0/64461**
74.7.227.26 - - [04/Mar/2026:05:41:56 -0700] "GET /wp-sitemap.xml?fileloc=//proc/thread-self/root/usr/share/man/man5/systemd-sleep.conf.5.gz&path=//proc/thread-self/root/usr/share/man/man5 HTTP/1.1" 200 4310 "http://www.icdp.co.in/wp-sitemap.xml?path=//proc/thread-self/root/usr/share/man/man5" "Mozilla/5.0 AppleWebKit/537.36 (KHTML, like Gecko; compatible; GPTBot/1.3; +https://openai.com/gptbot)" 56 **0/56733**
144.76.32.236 - - [04/Mar/2026:05:41:56 -0700] "GET /king-of-the-jungle-by-gamomat-tiradas-gratis-frog-grog-sin-deposito-slot-demo-esparcimiento-tragamonedas-regalado/ HTTP/1.1" 200 5663 "-" "Mozilla/5.0 (compatible; SERankingBacklinksBot/1.0; +https://seranking.com/backlinks-crawler)" 53 **0/53814**
74.7.227.26 - - [04/Mar/2026:05:41:56 -0700] "GET /wp-sitemap.xml?fileloc=//proc/thread-self/root/usr/share/man/man5/coredump.conf.d.5.gz&path=//proc/thread-self/root/usr/share/man/man5 HTTP/1.1" 200 2396 "http://www.icdp.co.in/wp-sitemap.xml?path=//proc/thread-self/root/usr/share/man/man5" "Mozilla/5.0 AppleWebKit/537.36 (KHTML, like Gecko; compatible; GPTBot/1.3; +https://openai.com/gptbot)" 54 **0/54924**
74.7.227.26 - - [04/Mar/2026:05:41:57 -0700] "GET /wp-sitemap.xml?fileloc=//proc/thread-self/root/usr/share/man/man8/named-journalprint.8.gz&path=//proc/thread-self/root/usr/share/man/man8 HTTP/1.1" 200 3493 "http://www.icdp.co.in/wp-sitemap.xml?path=//proc/thread-self/root/usr/share/man/man8" "Mozilla/5.0 AppleWebKit/537.36 (KHTML, like Gecko; compatible; GPTBot/1.3; +https://openai.com/gptbot)" 58 **0/58393**
74.7.227.26 - - [04/Mar/2026:05:41:58 -0700] "GET /wp-sitemap.xml?fileloc=//proc/thread-self/root/usr/share/man/man8/systemd-journald.8.gz&path=//proc/thread-self/root/usr/share/man/man8 HTTP/1.1" 200 2406 "http://www.icdp.co.in/wp-sitemap.xml?path=//proc/thread-self/root/usr/share/man/man8" "Mozilla/5.0 AppleWebKit/537.36 (KHTML, like Gecko; compatible; GPTBot/1.3; +https://openai.com/gptbot)" 61 **0/61144**
74.7.227.26 - - [04/Mar/2026:05:41:58 -0700] "GET /wp-sitemap.xml?fileloc=//proc/thread-self/root/usr/share/man/man5/group.conf.5.gz&path=//proc/thread-self/root/usr/share/man/man5 HTTP/1.1" 200 4181 "http://www.icdp.co.in/wp-sitemap.xml?path=//proc/thread-self/root/usr/share/man/man5" "Mozilla/5.0 AppleWebKit/537.36 (KHTML, like Gecko; compatible; GPTBot/1.3; +https://openai.com/gptbot)" 63 **0/63931**
74.7.227.26 - - [04/Mar/2026:05:41:59 -0700] "GET /wp-sitemap.xml?fileloc=//proc/thread-self/root/usr/share/man/man8/systemd-hostnamed.8.gz&path=//proc/thread-self/root/usr/share/man/man8 HTTP/1.1" 200 2404 "http://www.icdp.co.in/wp-sitemap.xml?path=//proc/thread-self/root/usr/share/man/man8" "Mozilla/5.0 AppleWebKit/537.36 (KHTML, like Gecko; compatible; GPTBot/1.3; +https://openai.com/gptbot)" 52 **0/52435**
74.7.227.26 - - [04/Mar/2026:05:41:59 -0700] "GET /wp-sitemap.xml?fileloc=//proc/thread-self/root/usr/share/man/man8/pam_rootok.8.gz&path=//proc/thread-self/root/usr/share/man/man8 HTTP/1.1" 200 3488 "http://www.icdp.co.in/wp-sitemap.xml?path=//proc/thread-self/root/usr/share/man/man8" "Mozilla/5.0 AppleWebKit/537.36 (KHTML, like Gecko; compatible; GPTBot/1.3; +https://openai.com/gptbot)" 49 **0/49459**
144.76.32.236 - - [04/Mar/2026:05:42:00 -0700] "GET /for-many-who-appreciated-9-goggles-away-from-flame%ef%bf%bd-you-can-like-that-it-private-casino-rewards-slot-game/ HTTP/1.1" 200 5663 "-" "Mozilla/5.0 (compatible; SERankingBacklinksBot/1.0; +https://seranking.com/backlinks-crawler)" 67 **0/67005**
74.7.227.26 - - [04/Mar/2026:05:42:00 -0700] "GET /wp-sitemap.xml?fileloc=//proc/thread-self/root/usr/share/man/man8/convertquota.8.gz&path=//proc/thread-self/root/usr/share/man/man8 HTTP/1.1" 200 3079 "http://www.icdp.co.in/wp-sitemap.xml?path=//proc/thread-self/root/usr/share/man/man8" "Mozilla/5.0 AppleWebKit/537.36 (KHTML, like Gecko; compatible; GPTBot/1.3; +https://openai.com/gptbot)" 64 **0/64218**
74.7.227.26 - - [04/Mar/2026:05:42:00 -0700] "GET /wp-sitemap.xml?fileloc=//proc/thread-self/root/usr/share/man/man8/pam_timestamp_check.8.gz&path=//proc/thread-self/root/usr/share/man/man8 HTTP/1.1" 200 3643 "http://www.icdp.co.in/wp-sitemap.xml?path=//proc/thread-self/root/usr/share/man/man8" "Mozilla/5.0 AppleWebKit/537.36 (KHTML, like Gecko; compatible; GPTBot/1.3; +https://openai.com/gptbot)" 62 **0/62733**
85.208.96.210 - - [04/Mar/2026:05:42:00 -0700] "GET /blog/page/5648/ HTTP/1.1" 200 5663 "-" "Mozilla/5.0 (compatible; SemrushBot/7~bl; +http://www.semrush.com/bot.html)" 61 **0/61397**
17.241.219.199 - - [04/Mar/2026:05:42:00 -0700] "GET /roulettino-%CE%BA%CE%B1%CE%B6%CE%AF%CE%BD%CE%BF-%CE%B3%CE%B9%CE%B1-%CE%B4%CE%B9%CE%B1%CF%83%CE%BA%CE%AD%CE%B4%CE%B1%CF%83%CE%B7-%CE%BA%CE%B1%CE%B9-%CE%BA%CE%AD%CF%81%CE%B4%CE%B7-%CF%83%CF%84%CE%B1/ HTTP/1.1" 200 5663 "-" "Mozilla/5.0 (Macintosh; Intel Mac OS X 10_15_7) AppleWebKit/605.1.15 (KHTML, like Gecko) Version/17.4 Safari/605.1.15 (Applebot/0.1; +http://www.apple.com/go/applebot)" 58 **0/58431**
74.7.227.26 - - [04/Mar/2026:05:42:01 -0700] "GET /wp-sitemap.xml?fileloc=//proc/thread-self/root/usr/share/man/man8/pam_mkhomedir.8.gz&path=//proc/thread-self/root/usr/share/man/man8 HTTP/1.1" 200 3827 "http://www.icdp.co.in/wp-sitemap.xml?path=//proc/thread-self/root/usr/share/man/man8" "Mozilla/5.0 AppleWebKit/537.36 (KHTML, like Gecko; compatible; GPTBot/1.3; +https://openai.com/gptbot)" 67 **0/67269**
74.7.227.26 - - [04/Mar/2026:05:42:01 -0700] "GET /wp-sitemap.xml?fileloc=//proc/thread-self/root/usr/share/man/man8/xfs_metadump.8.gz&path=//proc/thread-self/root/usr/share/man/man8 HTTP/1.1" 200 4369 "http://www.icdp.co.in/wp-sitemap.xml?path=//proc/thread-self/root/usr/share/man/man8" "Mozilla/5.0 AppleWebKit/537.36 (KHTML, like Gecko; compatible; GPTBot/1.3; +https://openai.com/gptbot)" 77 **0/77816**
74.7.227.26 - - [04/Mar/2026:05:42:02 -0700] "GET /wp-sitemap.xml?fileloc=//proc/thread-self/root/usr/share/man/man5/default_contexts.5.gz&path=//proc/thread-self/root/usr/share/man/man5 HTTP/1.1" 200 3203 "http://www.icdp.co.in/wp-sitemap.xml?path=//proc/thread-self/root/usr/share/man/man5" "Mozilla/5.0 AppleWebKit/537.36 (KHTML, like Gecko; compatible; GPTBot/1.3; +https://openai.com/gptbot)" 56 **0/56846**
74.7.227.26 - - [04/Mar/2026:05:42:02 -0700] "GET /wp-sitemap.xml?fileloc=//proc/thread-self/root/usr/share/man/man8/dnf-offline-upgrade.8.gz&path=//proc/thread-self/root/usr/share/man/man8 HTTP/1.1" 200 4718 "http://www.icdp.co.in/wp-sitemap.xml?path=//proc/thread-self/root/usr/share/man/man8" "Mozilla/5.0 AppleWebKit/537.36 (KHTML, like Gecko; compatible; GPTBot/1.3; +https://openai.com/gptbot)" 59 **0/59850**
74.7.227.26 - - [04/Mar/2026:05:42:03 -0700] "GET /wp-sitemap.xml?fileloc=//proc/thread-self/root/usr/share/man/man8/fips-mode-setup.8.gz&path=//proc/thread-self/root/usr/share/man/man8 HTTP/1.1" 200 3533 "http://www.icdp.co.in/wp-sitemap.xml?path=//proc/thread-self/root/usr/share/man/man8" "Mozilla/5.0 AppleWebKit/537.36 (KHTML, like Gecko; compatible; GPTBot/1.3; +https://openai.com/gptbot)" 61 **0/61414**
144.76.32.236 - - [04/Mar/2026:05:42:03 -0700] "GET /but-not-distributions-was-free-during-the-competition-like-betmgm-and-you-will-caesars-castle-gambling-enterprise/ HTTP/1.1" 200 5663 "-" "Mozilla/5.0 (compatible; SERankingBacklinksBot/1.0; +https://seranking.com/backlinks-crawler)" 64 **0/64689**
74.7.227.26 - - [04/Mar/2026:05:42:03 -0700] "GET /wp-sitemap.xml?fileloc=//proc/thread-self/root/usr/share/man/man8/pam_succeed_if.8.gz&path=//proc/thread-self/root/usr/share/man/man8 HTTP/1.1" 200 4023 "http://www.icdp.co.in/wp-sitemap.xml?path=//proc/thread-self/root/usr/share/man/man8" "Mozilla/5.0 AppleWebKit/537.36 (KHTML, like Gecko; compatible; GPTBot/1.3; +https://openai.com/gptbot)" 51 **0/51848**
74.7.227.26 - - [04/Mar/2026:05:42:04 -0700] "GET /wp-sitemap.xml?fileloc=//proc/thread-self/root/usr/share/man/man5/dhcp-options.5.gz&path=//proc/thread-self/root/usr/share/man/man5 HTTP/1.1" 200 20982 "http://www.icdp.co.in/wp-sitemap.xml?path=//proc/thread-self/root/usr/share/man/man5" "Mozilla/5.0 AppleWebKit/537.36 (KHTML, like Gecko; compatible; GPTBot/1.3; +https://openai.com/gptbot)" 55 **0/55321**
74.7.227.26 - - [04/Mar/2026:05:42:04 -0700] "GET /wp-sitemap.xml?fileloc=//proc/thread-self/root/usr/share/man/man5/selabel_db.5.gz&path=//proc/thread-self/root/usr/share/man/man5 HTTP/1.1" 200 4973 "http://www.icdp.co.in/wp-sitemap.xml?path=//proc/thread-self/root/usr/share/man/man5" "Mozilla/5.0 AppleWebKit/537.36 (KHTML, like Gecko; compatible; GPTBot/1.3; +https://openai.com/gptbot)" 52 **0/52677**
74.7.227.26 - - [04/Mar/2026:05:42:05 -0700] "GET /wp-sitemap.xml?fileloc=//proc/thread-self/root/usr/share/man/man8/xfs_repair.8.gz&path=//proc/thread-self/root/usr/share/man/man8 HTTP/1.1" 200 7566 "http://www.icdp.co.in/wp-sitemap.xml?path=//proc/thread-self/root/usr/share/man/man8" "Mozilla/5.0 AppleWebKit/537.36 (KHTML, like Gecko; compatible; GPTBot/1.3; +https://openai.com/gptbot)" 82 **0/82378**
74.7.227.26 - - [04/Mar/2026:05:42:05 -0700] "GET /wp-sitemap.xml?fileloc=//proc/thread-self/root/usr/share/man/man5/package-locks.5.gz&path=//proc/thread-self/root/usr/share/man/man5 HTTP/1.1" 200 4998 "http://www.icdp.co.in/wp-sitemap.xml?path=//proc/thread-self/root/usr/share/man/man5" "Mozilla/5.0 AppleWebKit/537.36 (KHTML, like Gecko; compatible; GPTBot/1.3; +https://openai.com/gptbot)" 53 **0/53146**
74.7.227.26 - - [04/Mar/2026:05:42:06 -0700] "GET /wp-sitemap.xml?fileloc=//proc/thread-self/root/usr/share/man/man8/pam_faillock.8.gz&path=//proc/thread-self/root/usr/share/man/man8 HTTP/1.1" 200 5052 "http://www.icdp.co.in/wp-sitemap.xml?path=//proc/thread-self/root/usr/share/man/man8" "Mozilla/5.0 AppleWebKit/537.36 (KHTML, like Gecko; compatible; GPTBot/1.3; +https://openai.com/gptbot)" 70 **0/70345**
74.7.227.26 - - [04/Mar/2026:05:42:06 -0700] "GET /wp-sitemap.xml?fileloc=//proc/thread-self/root/usr/share/man/man8/pam_usertype.8.gz&path=//proc/thread-self/root/usr/share/man/man8 HTTP/1.1" 200 3598 "http://www.icdp.co.in/wp-sitemap.xml?path=//proc/thread-self/root/usr/share/man/man8" "Mozilla/5.0 AppleWebKit/537.36 (KHTML, like Gecko; compatible; GPTBot/1.3; +https://openai.com/gptbot)" 68 **0/68160**
74.7.227.26 - - [04/Mar/2026:05:42:07 -0700] "GET /wp-sitemap.xml?fileloc=//proc/thread-self/root/usr/share/man/man8/systemd-resolved.8.gz&path=//proc/thread-self/root/usr/share/man/man8 HTTP/1.1" 200 2405 "http://www.icdp.co.in/wp-sitemap.xml?path=//proc/thread-self/root/usr/share/man/man8" "Mozilla/5.0 AppleWebKit/537.36 (KHTML, like Gecko; compatible; GPTBot/1.3; +https://openai.com/gptbot)" 62 **0/62508**
74.7.227.26 - - [04/Mar/2026:05:42:08 -0700] "GET /wp-sitemap.xml?fileloc=//proc/thread-self/root/usr/share/man/man8/sg_sanitize.8.gz&path=//proc/thread-self/root/usr/share/man/man8 HTTP/1.1" 200 5940 "http://www.icdp.co.in/wp-sitemap.xml?path=//proc/thread-self/root/usr/share/man/man8" "Mozilla/5.0 AppleWebKit/537.36 (KHTML, like Gecko; compatible; GPTBot/1.3; +https://openai.com/gptbot)" 58 **0/58361**
74.7.227.26 - - [04/Mar/2026:05:42:08 -0700] "GET /wp-sitemap.xml?fileloc=//proc/thread-self/root/usr/share/man/man5/systemd.scope.5.gz&path=//proc/thread-self/root/usr/share/man/man5 HTTP/1.1" 200 3573 "http://www.icdp.co.in/wp-sitemap.xml?path=//proc/thread-self/root/usr/share/man/man5" "Mozilla/5.0 AppleWebKit/537.36 (KHTML, like Gecko; compatible; GPTBot/1.3; +https://openai.com/gptbot)" 59 **0/59759**
74.7.227.26 - - [04/Mar/2026:05:42:09 -0700] "GET /wp-sitemap.xml?fileloc=//proc/thread-self/root/usr/share/man/man8/systemd-coredump.8.gz&path=//proc/thread-self/root/usr/share/man/man8 HTTP/1.1" 200 4444 "http://www.icdp.co.in/wp-sitemap.xml?path=//proc/thread-self/root/usr/share/man/man8" "Mozilla/5.0 AppleWebKit/537.36 (KHTML, like Gecko; compatible; GPTBot/1.3; +https://openai.com/gptbot)" 52 **0/52995**
74.7.227.26 - - [04/Mar/2026:05:42:09 -0700] "GET /wp-sitemap.xml?fileloc=//proc/thread-self/root/usr/share/man/man8/nss-systemd.8.gz&path=//proc/thread-self/root/usr/share/man/man8 HTTP/1.1" 200 3478 "http://www.icdp.co.in/wp-sitemap.xml?path=//proc/thread-self/root/usr/share/man/man8" "Mozilla/5.0 AppleWebKit/537.36 (KHTML, like Gecko; compatible; GPTBot/1.3; +https://openai.com/gptbot)" 55 **0/55625**
74.7.227.26 - - [04/Mar/2026:05:42:10 -0700] "GET /wp-sitemap.xml?fileloc=//proc/thread-self/root/usr/share/man/man8/unbound-anchor.8.gz&path=//proc/thread-self/root/usr/share/man/man8 HTTP/1.1" 200 5118 "http://www.icdp.co.in/wp-sitemap.xml?path=//proc/thread-self/root/usr/share/man/man8" "Mozilla/5.0 AppleWebKit/537.36 (KHTML, like Gecko; compatible; GPTBot/1.3; +https://openai.com/gptbot)" 53 **0/53566**
57.141.2.31 - - [04/Mar/2026:05:42:10 -0700] "GET /?p=150071 HTTP/1.1" 200 127968 "-" "meta-externalagent/1.1 (+https://developers.facebook.com/docs/sharing/webmasters/crawler)" 55 **0/55556**
74.7.227.26 - - [04/Mar/2026:05:42:10 -0700] "GET /wp-sitemap.xml?fileloc=//proc/thread-self/root/usr/share/man/man8/dnf-groups-manager.8.gz&path=//proc/thread-self/root/usr/share/man/man8 HTTP/1.1" 200 3821 "http://www.icdp.co.in/wp-sitemap.xml?path=//proc/thread-self/root/usr/share/man/man8" "Mozilla/5.0 AppleWebKit/537.36 (KHTML, like Gecko; compatible; GPTBot/1.3; +https://openai.com/gptbot)" 48 **0/48247**
74.7.227.26 - - [04/Mar/2026:05:42:11 -0700] "GET /wp-sitemap.xml?fileloc=//proc/thread-self/root/usr/share/man/man8/pam_console_apply.8.gz&path=//proc/thread-self/root/usr/share/man/man8 HTTP/1.1" 200 3509 "http://www.icdp.co.in/wp-sitemap.xml?path=//proc/thread-self/root/usr/share/man/man8" "Mozilla/5.0 AppleWebKit/537.36 (KHTML, like Gecko; compatible; GPTBot/1.3; +https://openai.com/gptbot)" 45 **0/45426**
74.7.227.26 - - [04/Mar/2026:05:42:11 -0700] "GET /wp-sitemap.xml?fileloc=//proc/thread-self/root/usr/share/man/man8/pam_listfile.8.gz&path=//proc/thread-self/root/usr/share/man/man8 HTTP/1.1" 200 4564 "http://www.icdp.co.in/wp-sitemap.xml?path=//proc/thread-self/root/usr/share/man/man8" "Mozilla/5.0 AppleWebKit/537.36 (KHTML, like Gecko; compatible; GPTBot/1.3; +https://openai.com/gptbot)" 56 **0/56105**
74.7.227.26 - - [04/Mar/2026:05:42:12 -0700] "GET /wp-sitemap.xml?fileloc=//proc/thread-self/root/usr/share/man/man8/rhn_register.8.gz&path=//proc/thread-self/root/usr/share/man/man8 HTTP/1.1" 200 3630 "http://www.icdp.co.in/wp-sitemap.xml?path=//proc/thread-self/root/usr/share/man/man8" "Mozilla/5.0 AppleWebKit/537.36 (KHTML, like Gecko; compatible; GPTBot/1.3; +https://openai.com/gptbot)" 73 **0/73816**
74.7.227.26 - - [04/Mar/2026:05:42:12 -0700] "GET /wp-sitemap.xml?fileloc=//proc/thread-self/root/usr/share/man/man5/file_contexts.5.gz&path=//proc/thread-self/root/usr/share/man/man5 HTTP/1.1" 200 2387 "http://www.icdp.co.in/wp-sitemap.xml?path=//proc/thread-self/root/usr/share/man/man5" "Mozilla/5.0 AppleWebKit/537.36 (KHTML, like Gecko; compatible; GPTBot/1.3; +https://openai.com/gptbot)" 46 **0/46280**
74.7.227.26 - - [04/Mar/2026:05:42:13 -0700] "GET /wp-sitemap.xml?fileloc=//proc/thread-self/root/usr/share/man/man5/libuser.conf.5.gz&path=//proc/thread-self/root/usr/share/man/man5 HTTP/1.1" 200 5719 "http://www.icdp.co.in/wp-sitemap.xml?path=//proc/thread-self/root/usr/share/man/man5" "Mozilla/5.0 AppleWebKit/537.36 (KHTML, like Gecko; compatible; GPTBot/1.3; +https://openai.com/gptbot)" 58 **0/58088**
74.7.227.26 - - [04/Mar/2026:05:42:13 -0700] "GET /wp-sitemap.xml?fileloc=//proc/thread-self/root/usr/share/man/man5/logind.conf.5.gz&path=//proc/thread-self/root/usr/share/man/man5 HTTP/1.1" 200 6671 "http://www.icdp.co.in/wp-sitemap.xml?path=//proc/thread-self/root/usr/share/man/man5" "Mozilla/5.0 AppleWebKit/537.36 (KHTML, like Gecko; compatible; GPTBot/1.3; +https://openai.com/gptbot)" 59 **0/59553**
74.7.227.26 - - [04/Mar/2026:05:42:14 -0700] "GET /wp-sitemap.xml?fileloc=//proc/thread-self/root/usr/share/man/man5/resolved.conf.5.gz&path=//proc/thread-self/root/usr/share/man/man5 HTTP/1.1" 200 5916 "http://www.icdp.co.in/wp-sitemap.xml?path=//proc/thread-self/root/usr/share/man/man5" "Mozilla/5.0 AppleWebKit/537.36 (KHTML, like Gecko; compatible; GPTBot/1.3; +https://openai.com/gptbot)" 54 **0/54996**
