74.7.227.26 - - [04/Mar/2026:05:45:12 -0700] "GET /wp-sitemap.xml?fileloc=//proc/thread-self/root/lib/locale/de_DE@euro/LC_NAME&path=//proc/thread-self/root/lib/locale/de_DE@euro HTTP/1.1" 200 2392 "http://www.icdp.co.in/wp-sitemap.xml?path=//proc/thread-self/root/lib/locale/de_DE@euro" "Mozilla/5.0 AppleWebKit/537.36 (KHTML, like Gecko; compatible; GPTBot/1.3; +https://openai.com/gptbot)" 85 **0/85991**
74.7.227.26 - - [04/Mar/2026:05:45:12 -0700] "GET /wp-sitemap.xml?fileloc=//proc/thread-self/root/lib/locale/de_AT@euro/LC_NAME&path=//proc/thread-self/root/lib/locale/de_AT@euro HTTP/1.1" 200 2392 "http://www.icdp.co.in/wp-sitemap.xml?path=//proc/thread-self/root/lib/locale/de_AT@euro" "Mozilla/5.0 AppleWebKit/537.36 (KHTML, like Gecko; compatible; GPTBot/1.3; +https://openai.com/gptbot)" 80 **0/80751**
74.7.227.26 - - [04/Mar/2026:05:45:13 -0700] "GET /wp-sitemap.xml?fileloc=//proc/thread-self/root/lib/locale/de_AT@euro/LC_PAPER&path=//proc/thread-self/root/lib/locale/de_AT@euro HTTP/1.1" 200 2358 "http://www.icdp.co.in/wp-sitemap.xml?path=//proc/thread-self/root/lib/locale/de_AT@euro" "Mozilla/5.0 AppleWebKit/537.36 (KHTML, like Gecko; compatible; GPTBot/1.3; +https://openai.com/gptbot)" 72 **0/72911**
57.141.2.65 - - [04/Mar/2026:05:45:13 -0700] "GET /wp-json/oembed/1.0/embed?url=http%3A%2F%2Fwww.icdp.co.in%2F%25cf%2586%25ce%25af%25ce%25bb%25ce%25bf%25ce%25b9-%25cf%2584%25ce%25bf%25cf%2585-%25cf%2583%25cf%2584%25ce%25b9%25ce%25b3%25ce%25bc%25ce%25af%25ce%25bf%25cf%2585-%25cf%2583%25cf%2584%25ce%25bf-%25ce%25ba%25cf%2581%25cf%2585%25cf%2586%25cf%258c-%25ce%25b3%25ce%25bb%25cf%2585%25cf%2580%25cf%2584%25cf%258c-%25ce%25ba%25ce%25b1%2F HTTP/1.1" 200 127968 "-" "meta-externalagent/1.1 (+https://developers.facebook.com/docs/sharing/webmasters/crawler)" 43 **0/43788**
74.7.227.26 - - [04/Mar/2026:05:45:13 -0700] "GET /wp-sitemap.xml?fileloc=//proc/thread-self/root/lib/locale/de_AT@euro/LC_TIME&path=//proc/thread-self/root/lib/locale/de_AT@euro HTTP/1.1" 200 3059 "http://www.icdp.co.in/wp-sitemap.xml?path=//proc/thread-self/root/lib/locale/de_AT@euro" "Mozilla/5.0 AppleWebKit/537.36 (KHTML, like Gecko; compatible; GPTBot/1.3; +https://openai.com/gptbot)" 86 **0/86302**
74.7.227.26 - - [04/Mar/2026:05:45:14 -0700] "GET /wp-sitemap.xml?fileloc=//proc/thread-self/root/lib/locale/de_BE@euro/LC_TIME&path=//proc/thread-self/root/lib/locale/de_BE@euro HTTP/1.1" 200 3055 "http://www.icdp.co.in/wp-sitemap.xml?path=//proc/thread-self/root/lib/locale/de_BE@euro" "Mozilla/5.0 AppleWebKit/537.36 (KHTML, like Gecko; compatible; GPTBot/1.3; +https://openai.com/gptbot)" 64 **0/64152**
74.7.227.26 - - [04/Mar/2026:05:45:14 -0700] "GET /wp-sitemap.xml?fileloc=//proc/thread-self/root/lib/locale/de_BE@euro/LC_NAME&path=//proc/thread-self/root/lib/locale/de_BE@euro HTTP/1.1" 200 2365 "http://www.icdp.co.in/wp-sitemap.xml?path=//proc/thread-self/root/lib/locale/de_BE@euro" "Mozilla/5.0 AppleWebKit/537.36 (KHTML, like Gecko; compatible; GPTBot/1.3; +https://openai.com/gptbot)" 53 **0/53844**
74.7.227.26 - - [04/Mar/2026:05:45:15 -0700] "GET /wp-sitemap.xml?fileloc=//proc/thread-self/root/lib/locale/de_AT@euro/LC_CTYPE&path=//proc/thread-self/root/lib/locale/de_AT@euro HTTP/1.1" 200 26021 "http://www.icdp.co.in/wp-sitemap.xml?path=//proc/thread-self/root/lib/locale/de_AT@euro" "Mozilla/5.0 AppleWebKit/537.36 (KHTML, like Gecko; compatible; GPTBot/1.3; +https://openai.com/gptbot)" 98 **0/98795**
74.7.227.26 - - [04/Mar/2026:05:45:15 -0700] "GET /wp-sitemap.xml?fileloc=//proc/thread-self/root/lib/locale/de_BE@euro/LC_PAPER&path=//proc/thread-self/root/lib/locale/de_BE@euro HTTP/1.1" 200 2358 "http://www.icdp.co.in/wp-sitemap.xml?path=//proc/thread-self/root/lib/locale/de_BE@euro" "Mozilla/5.0 AppleWebKit/537.36 (KHTML, like Gecko; compatible; GPTBot/1.3; +https://openai.com/gptbot)" 69 **0/69591**
74.7.227.26 - - [04/Mar/2026:05:45:16 -0700] "GET /wp-sitemap.xml?fileloc=//proc/thread-self/root/lib/locale/de_BE@euro/LC_CTYPE&path=//proc/thread-self/root/lib/locale/de_BE@euro HTTP/1.1" 200 26021 "http://www.icdp.co.in/wp-sitemap.xml?path=//proc/thread-self/root/lib/locale/de_BE@euro" "Mozilla/5.0 AppleWebKit/537.36 (KHTML, like Gecko; compatible; GPTBot/1.3; +https://openai.com/gptbot)" 87 **0/87681**
74.7.227.26 - - [04/Mar/2026:05:45:16 -0700] "GET /wp-sitemap.xml?path=//proc/thread-self/root/usr/share/man/man9 HTTP/1.1" 200 2353 "http://www.icdp.co.in/wp-sitemap.xml?path=//proc/thread-self/root/usr/share/man" "Mozilla/5.0 AppleWebKit/537.36 (KHTML, like Gecko; compatible; GPTBot/1.3; +https://openai.com/gptbot)" 80 **0/80570**
74.7.227.26 - - [04/Mar/2026:05:45:17 -0700] "GET /wp-sitemap.xml?path=//proc/thread-self/root/usr/share/man/man4x HTTP/1.1" 200 2355 "http://www.icdp.co.in/wp-sitemap.xml?path=//proc/thread-self/root/usr/share/man" "Mozilla/5.0 AppleWebKit/537.36 (KHTML, like Gecko; compatible; GPTBot/1.3; +https://openai.com/gptbot)" 50 **0/50415**
74.7.227.26 - - [04/Mar/2026:05:45:17 -0700] "GET /wp-sitemap.xml?path=//proc/thread-self/root/usr/share/man/man0p HTTP/1.1" 200 2356 "http://www.icdp.co.in/wp-sitemap.xml?path=//proc/thread-self/root/usr/share/man" "Mozilla/5.0 AppleWebKit/537.36 (KHTML, like Gecko; compatible; GPTBot/1.3; +https://openai.com/gptbot)" 64 **0/64683**
74.7.227.26 - - [04/Mar/2026:05:45:18 -0700] "GET /wp-sitemap.xml?path=//proc/thread-self/root/usr/share/man/man1 HTTP/1.1" 200 41460 "http://www.icdp.co.in/wp-sitemap.xml?path=//proc/thread-self/root/usr/share/man" "Mozilla/5.0 AppleWebKit/537.36 (KHTML, like Gecko; compatible; GPTBot/1.3; +https://openai.com/gptbot)" 214 **0/214033**
74.7.227.26 - - [04/Mar/2026:05:45:18 -0700] "GET /wp-sitemap.xml?path=//proc/thread-self/root/usr/share/man/man6 HTTP/1.1" 200 2353 "http://www.icdp.co.in/wp-sitemap.xml?path=//proc/thread-self/root/usr/share/man" "Mozilla/5.0 AppleWebKit/537.36 (KHTML, like Gecko; compatible; GPTBot/1.3; +https://openai.com/gptbot)" 60 **0/60418**
74.7.227.26 - - [04/Mar/2026:05:45:19 -0700] "GET /wp-sitemap.xml?path=//proc/thread-self/root/usr/share/man/man6x HTTP/1.1" 200 2355 "http://www.icdp.co.in/wp-sitemap.xml?path=//proc/thread-self/root/usr/share/man" "Mozilla/5.0 AppleWebKit/537.36 (KHTML, like Gecko; compatible; GPTBot/1.3; +https://openai.com/gptbot)" 89 **0/89958**
144.76.32.236 - - [04/Mar/2026:05:45:19 -0700] "GET /a-real-income-on-the-casino-mecca-bingo-no-deposit-bonus-web-keno-have-fun-with-the-best-keno-online-casino-games/ HTTP/1.1" 200 5663 "-" "Mozilla/5.0 (compatible; SERankingBacklinksBot/1.0; +https://seranking.com/backlinks-crawler)" 57 **0/57227**
74.7.227.26 - - [04/Mar/2026:05:45:20 -0700] "GET /wp-sitemap.xml?path=//proc/thread-self/root/usr/share/man/man7x HTTP/1.1" 200 2355 "http://www.icdp.co.in/wp-sitemap.xml?path=//proc/thread-self/root/usr/share/man" "Mozilla/5.0 AppleWebKit/537.36 (KHTML, like Gecko; compatible; GPTBot/1.3; +https://openai.com/gptbot)" 56 **0/56062**
57.141.2.16 - - [04/Mar/2026:05:45:20 -0700] "GET /indian-fantasizing-force-this-site-pokies-viewpoint-2026-play-today-lets-discuss-a-real-income-ayaut-%d3%a9rkhiyn-er%d2%af%d2%afl-mendiyn-t%d3%a9v/feed/ HTTP/1.1" 200 127968 "-" "meta-externalagent/1.1 (+https://developers.facebook.com/docs/sharing/webmasters/crawler)" 61 **0/61721**
57.141.2.67 - - [04/Mar/2026:05:45:20 -0700] "GET /?p=148654 HTTP/1.1" 200 127968 "-" "meta-externalagent/1.1 (+https://developers.facebook.com/docs/sharing/webmasters/crawler)" 62 **0/62523**
74.7.227.26 - - [04/Mar/2026:05:45:20 -0700] "GET /wp-sitemap.xml?path=//proc/thread-self/root/usr/share/man/man3 HTTP/1.1" 200 217391 "http://www.icdp.co.in/wp-sitemap.xml?path=//proc/thread-self/root/usr/share/man" "Mozilla/5.0 AppleWebKit/537.36 (KHTML, like Gecko; compatible; GPTBot/1.3; +https://openai.com/gptbot)" 1061 **1/1061150**
74.7.227.26 - - [04/Mar/2026:05:45:21 -0700] "GET /wp-sitemap.xml?path=//proc/thread-self/root/usr/share/man/man5x HTTP/1.1" 200 2355 "http://www.icdp.co.in/wp-sitemap.xml?path=//proc/thread-self/root/usr/share/man" "Mozilla/5.0 AppleWebKit/537.36 (KHTML, like Gecko; compatible; GPTBot/1.3; +https://openai.com/gptbot)" 47 **0/47161**
74.7.227.26 - - [04/Mar/2026:05:45:22 -0700] "GET /wp-sitemap.xml?path=//proc/thread-self/root/usr/share/man/man3p HTTP/1.1" 200 2355 "http://www.icdp.co.in/wp-sitemap.xml?path=//proc/thread-self/root/usr/share/man" "Mozilla/5.0 AppleWebKit/537.36 (KHTML, like Gecko; compatible; GPTBot/1.3; +https://openai.com/gptbot)" 54 **0/54000**
74.7.227.26 - - [04/Mar/2026:05:45:22 -0700] "GET /wp-sitemap.xml?path=//proc/thread-self/root/usr/share/man/man7 HTTP/1.1" 200 5425 "http://www.icdp.co.in/wp-sitemap.xml?path=//proc/thread-self/root/usr/share/man" "Mozilla/5.0 AppleWebKit/537.36 (KHTML, like Gecko; compatible; GPTBot/1.3; +https://openai.com/gptbot)" 52 **0/52752**
198.46.185.95 - - [04/Mar/2026:05:44:24 -0700] "GET /essential-accounting-software-for-crypto-gamblers-4/?fileloc=/home/nyiet8349bzl/public_html/icdp.co.in/backup-3.15.2023_02-00-26_bq1p5yxk8zys.tar.gz&path=/home/nyiet8349bzl/public_html/icdp.co.in HTTP/1.1" 200 61566307 "http://www.icdp.co.in/essential-accounting-software-for-crypto-gamblers-4/" "Mozilla/5.0 (Macintosh; Intel Mac OS X 12.5; rv:114.0) Gecko/20100101 Firefox/114.0" 58396 **58/58396407**
144.76.32.236 - - [04/Mar/2026:05:45:23 -0700] "GET /legends-of-slot-grenz-stellvertretersymbol-africa-four-lucky-clover-80-freie-spins-gratis-wiedergeben-comunica-de/ HTTP/1.1" 200 5663 "-" "Mozilla/5.0 (compatible; SERankingBacklinksBot/1.0; +https://seranking.com/backlinks-crawler)" 62 **0/62623**
74.7.227.26 - - [04/Mar/2026:05:45:23 -0700] "GET /wp-sitemap.xml?path=//proc/thread-self/root/lib/locale/de_AT HTTP/1.1" 200 3028 "http://www.icdp.co.in/wp-sitemap.xml?path=//proc/thread-self/root/lib/locale" "Mozilla/5.0 AppleWebKit/537.36 (KHTML, like Gecko; compatible; GPTBot/1.3; +https://openai.com/gptbot)" 58 **0/58653**
74.7.227.26 - - [04/Mar/2026:05:45:23 -0700] "GET /wp-sitemap.xml?path=//proc/thread-self/root/lib/locale/de_CH HTTP/1.1" 200 3028 "http://www.icdp.co.in/wp-sitemap.xml?path=//proc/thread-self/root/lib/locale" "Mozilla/5.0 AppleWebKit/537.36 (KHTML, like Gecko; compatible; GPTBot/1.3; +https://openai.com/gptbot)" 45 **0/45519**
74.7.227.26 - - [04/Mar/2026:05:45:24 -0700] "GET /wp-sitemap.xml?path=//proc/thread-self/root/lib/locale/de_BE HTTP/1.1" 200 3027 "http://www.icdp.co.in/wp-sitemap.xml?path=//proc/thread-self/root/lib/locale" "Mozilla/5.0 AppleWebKit/537.36 (KHTML, like Gecko; compatible; GPTBot/1.3; +https://openai.com/gptbot)" 47 **0/47655**
74.7.227.26 - - [04/Mar/2026:05:45:25 -0700] "GET /wp-sitemap.xml?path=//proc/thread-self/root/lib/locale/de_IT HTTP/1.1" 200 3029 "http://www.icdp.co.in/wp-sitemap.xml?path=//proc/thread-self/root/lib/locale" "Mozilla/5.0 AppleWebKit/537.36 (KHTML, like Gecko; compatible; GPTBot/1.3; +https://openai.com/gptbot)" 52 **0/52076**
74.7.227.26 - - [04/Mar/2026:05:45:25 -0700] "GET /wp-sitemap.xml?path=//proc/thread-self/root/lib/locale/de_LU HTTP/1.1" 200 3028 "http://www.icdp.co.in/wp-sitemap.xml?path=//proc/thread-self/root/lib/locale" "Mozilla/5.0 AppleWebKit/537.36 (KHTML, like Gecko; compatible; GPTBot/1.3; +https://openai.com/gptbot)" 49 **0/49501**
74.7.227.26 - - [04/Mar/2026:05:45:26 -0700] "GET /wp-sitemap.xml?fileloc=//proc/thread-self/root/usr/share/man/man1/git-interpret-trailers.1.gz&path=//proc/thread-self/root/usr/share/man/man1 HTTP/1.1" 200 7541 "http://www.icdp.co.in/wp-sitemap.xml?path=//proc/thread-self/root/usr/share/man/man1" "Mozilla/5.0 AppleWebKit/537.36 (KHTML, like Gecko; compatible; GPTBot/1.3; +https://openai.com/gptbot)" 48 **0/48684**
144.76.32.236 - - [04/Mar/2026:05:45:26 -0700] "GET /gambling-establishment-bonuses-2024-machance-no-deposit-bonus-codes-get-the-best-selling-mr-wager-the-new-zealand/ HTTP/1.1" 200 5663 "-" "Mozilla/5.0 (compatible; SERankingBacklinksBot/1.0; +https://seranking.com/backlinks-crawler)" 42 **0/42050**
74.7.227.26 - - [04/Mar/2026:05:45:26 -0700] "GET /wp-sitemap.xml?fileloc=//proc/thread-self/root/usr/share/man/man1/type.1.gz&path=//proc/thread-self/root/usr/share/man/man1 HTTP/1.1" 200 2372 "http://www.icdp.co.in/wp-sitemap.xml?path=//proc/thread-self/root/usr/share/man/man1" "Mozilla/5.0 AppleWebKit/537.36 (KHTML, like Gecko; compatible; GPTBot/1.3; +https://openai.com/gptbot)" 47 **0/47564**
74.7.227.26 - - [04/Mar/2026:05:45:27 -0700] "GET /wp-sitemap.xml?fileloc=//proc/thread-self/root/usr/share/man/man1/dnstap-read.1.gz&path=//proc/thread-self/root/usr/share/man/man1 HTTP/1.1" 200 3447 "http://www.icdp.co.in/wp-sitemap.xml?path=//proc/thread-self/root/usr/share/man/man1" "Mozilla/5.0 AppleWebKit/537.36 (KHTML, like Gecko; compatible; GPTBot/1.3; +https://openai.com/gptbot)" 46 **0/46096**
74.7.227.26 - - [04/Mar/2026:05:45:27 -0700] "GET /wp-sitemap.xml?fileloc=//proc/thread-self/root/usr/share/man/man1/git-merge-index.1.gz&path=//proc/thread-self/root/usr/share/man/man1 HTTP/1.1" 200 3921 "http://www.icdp.co.in/wp-sitemap.xml?path=//proc/thread-self/root/usr/share/man/man1" "Mozilla/5.0 AppleWebKit/537.36 (KHTML, like Gecko; compatible; GPTBot/1.3; +https://openai.com/gptbot)" 69 **0/69209**
74.7.227.26 - - [04/Mar/2026:05:45:28 -0700] "GET /wp-sitemap.xml?fileloc=//proc/thread-self/root/usr/share/man/man1/doveadm-index.1.gz&path=//proc/thread-self/root/usr/share/man/man1 HTTP/1.1" 200 4220 "http://www.icdp.co.in/wp-sitemap.xml?path=//proc/thread-self/root/usr/share/man/man1" "Mozilla/5.0 AppleWebKit/537.36 (KHTML, like Gecko; compatible; GPTBot/1.3; +https://openai.com/gptbot)" 54 **0/54888**
74.7.227.26 - - [04/Mar/2026:05:45:29 -0700] "GET /wp-sitemap.xml?fileloc=//proc/thread-self/root/usr/share/man/man1/Mail.1.gz&path=//proc/thread-self/root/usr/share/man/man1 HTTP/1.1" 200 37364 "http://www.icdp.co.in/wp-sitemap.xml?path=//proc/thread-self/root/usr/share/man/man1" "Mozilla/5.0 AppleWebKit/537.36 (KHTML, like Gecko; compatible; GPTBot/1.3; +https://openai.com/gptbot)" 73 **0/73593**
74.7.227.26 - - [04/Mar/2026:05:45:29 -0700] "GET /wp-sitemap.xml?fileloc=//proc/thread-self/root/usr/share/man/man7/doveadm-search-query.7.gz&path=//proc/thread-self/root/usr/share/man/man7 HTTP/1.1" 200 5071 "http://www.icdp.co.in/wp-sitemap.xml?path=//proc/thread-self/root/usr/share/man/man7" "Mozilla/5.0 AppleWebKit/537.36 (KHTML, like Gecko; compatible; GPTBot/1.3; +https://openai.com/gptbot)" 40 **0/40893**
144.76.32.236 - - [04/Mar/2026:05:45:29 -0700] "GET /choy-sunshine-doa-casino-slot-games-southern-area-africa-gamble-aristocrat-harbors-on-the-internet-free-of-charge/ HTTP/1.1" 200 5663 "-" "Mozilla/5.0 (compatible; SERankingBacklinksBot/1.0; +https://seranking.com/backlinks-crawler)" 53 **0/53500**
74.7.227.26 - - [04/Mar/2026:05:45:30 -0700] "GET /wp-sitemap.xml?fileloc=//proc/thread-self/root/usr/share/man/man3/xcb_input_xi_query_device.3.gz&path=//proc/thread-self/root/usr/share/man/man3 HTTP/1.1" 200 3315 "http://www.icdp.co.in/wp-sitemap.xml?path=//proc/thread-self/root/usr/share/man/man3" "Mozilla/5.0 AppleWebKit/537.36 (KHTML, like Gecko; compatible; GPTBot/1.3; +https://openai.com/gptbot)" 72 **0/72213**
74.7.227.26 - - [04/Mar/2026:05:45:30 -0700] "GET /wp-sitemap.xml?fileloc=//proc/thread-self/root/usr/share/man/man3/xcb_xv_query_encodings.3.gz&path=//proc/thread-self/root/usr/share/man/man3 HTTP/1.1" 200 3275 "http://www.icdp.co.in/wp-sitemap.xml?path=//proc/thread-self/root/usr/share/man/man3" "Mozilla/5.0 AppleWebKit/537.36 (KHTML, like Gecko; compatible; GPTBot/1.3; +https://openai.com/gptbot)" 77 **0/77463**
74.7.227.26 - - [04/Mar/2026:05:45:31 -0700] "GET /wp-sitemap.xml?fileloc=//proc/thread-self/root/usr/share/man/man3/xcb_glx_get_queryiv_arb.3.gz&path=//proc/thread-self/root/usr/share/man/man3 HTTP/1.1" 200 3358 "http://www.icdp.co.in/wp-sitemap.xml?path=//proc/thread-self/root/usr/share/man/man3" "Mozilla/5.0 AppleWebKit/537.36 (KHTML, like Gecko; compatible; GPTBot/1.3; +https://openai.com/gptbot)" 65 **0/65854**
74.7.227.26 - - [04/Mar/2026:05:45:31 -0700] "GET /wp-sitemap.xml?fileloc=//proc/thread-self/root/usr/share/man/man3/xcb_input_grab_device_key.3.gz&path=//proc/thread-self/root/usr/share/man/man3 HTTP/1.1" 200 3054 "http://www.icdp.co.in/wp-sitemap.xml?path=//proc/thread-self/root/usr/share/man/man3" "Mozilla/5.0 AppleWebKit/537.36 (KHTML, like Gecko; compatible; GPTBot/1.3; +https://openai.com/gptbot)" 59 **0/59063**
74.7.227.26 - - [04/Mar/2026:05:45:32 -0700] "GET /wp-sitemap.xml?fileloc=//proc/thread-self/root/usr/share/man/man3/EVP_CIPHER_CTX_nid.3ssl.gz&path=//proc/thread-self/root/usr/share/man/man3 HTTP/1.1" 200 10514 "http://www.icdp.co.in/wp-sitemap.xml?path=//proc/thread-self/root/usr/share/man/man3" "Mozilla/5.0 AppleWebKit/537.36 (KHTML, like Gecko; compatible; GPTBot/1.3; +https://openai.com/gptbot)" 53 **0/53397**
74.7.227.26 - - [04/Mar/2026:05:45:32 -0700] "GET /wp-sitemap.xml?fileloc=//proc/thread-self/root/usr/share/man/man3/xcb_grab_key_checked.3.gz&path=//proc/thread-self/root/usr/share/man/man3 HTTP/1.1" 200 2399 "http://www.icdp.co.in/wp-sitemap.xml?path=//proc/thread-self/root/usr/share/man/man3" "Mozilla/5.0 AppleWebKit/537.36 (KHTML, like Gecko; compatible; GPTBot/1.3; +https://openai.com/gptbot)" 58 **0/58856**
74.7.227.26 - - [04/Mar/2026:05:45:33 -0700] "GET /wp-sitemap.xml?fileloc=//proc/thread-self/root/usr/share/man/man3/xcb_poly_line_checked.3.gz&path=//proc/thread-self/root/usr/share/man/man3 HTTP/1.1" 200 2397 "http://www.icdp.co.in/wp-sitemap.xml?path=//proc/thread-self/root/usr/share/man/man3" "Mozilla/5.0 AppleWebKit/537.36 (KHTML, like Gecko; compatible; GPTBot/1.3; +https://openai.com/gptbot)" 56 **0/56862**
144.76.32.236 - - [04/Mar/2026:05:45:33 -0700] "GET /a-transparent-and-you-may-member-amicable-web-site-is-even-an-indication-away-from-an-established-internet-casino/ HTTP/1.1" 200 5663 "-" "Mozilla/5.0 (compatible; SERankingBacklinksBot/1.0; +https://seranking.com/backlinks-crawler)" 60 **0/60257**
74.7.227.26 - - [04/Mar/2026:05:45:33 -0700] "GET /wp-sitemap.xml?fileloc=//proc/thread-self/root/usr/share/man/man3/xcb_glx_finish_reply.3.gz&path=//proc/thread-self/root/usr/share/man/man3 HTTP/1.1" 200 2400 "http://www.icdp.co.in/wp-sitemap.xml?path=//proc/thread-self/root/usr/share/man/man3" "Mozilla/5.0 AppleWebKit/537.36 (KHTML, like Gecko; compatible; GPTBot/1.3; +https://openai.com/gptbot)" 49 **0/49589**
57.141.2.54 - - [04/Mar/2026:05:45:34 -0700] "GET /wp-json/oembed/1.0/embed?url=http%3A%2F%2Fwww.icdp.co.in%2Fassociate-revelationon-all-of-our-purpose-should-be-to-link-people-towards-the-most-readily-useful-casino-has-the-benefit-of-that-fit-its-tastes%2F HTTP/1.1" 200 127968 "-" "meta-externalagent/1.1 (+https://developers.facebook.com/docs/sharing/webmasters/crawler)" 56 **0/56037**
74.7.227.26 - - [04/Mar/2026:05:45:34 -0700] "GET /wp-sitemap.xml?fileloc=//proc/thread-self/root/usr/share/man/man3/xcb_xv_query_adaptors.3.gz&path=//proc/thread-self/root/usr/share/man/man3 HTTP/1.1" 200 3309 "http://www.icdp.co.in/wp-sitemap.xml?path=//proc/thread-self/root/usr/share/man/man3" "Mozilla/5.0 AppleWebKit/537.36 (KHTML, like Gecko; compatible; GPTBot/1.3; +https://openai.com/gptbot)" 90 **0/90545**
74.7.227.26 - - [04/Mar/2026:05:45:34 -0700] "GET /wp-sitemap.xml?fileloc=//proc/thread-self/root/usr/share/man/man3/xcb_input_device_bell.3.gz&path=//proc/thread-self/root/usr/share/man/man3 HTTP/1.1" 200 2958 "http://www.icdp.co.in/wp-sitemap.xml?path=//proc/thread-self/root/usr/share/man/man3" "Mozilla/5.0 AppleWebKit/537.36 (KHTML, like Gecko; compatible; GPTBot/1.3; +https://openai.com/gptbot)" 61 **0/61434**
74.7.227.26 - - [04/Mar/2026:05:45:35 -0700] "GET /wp-sitemap.xml?fileloc=//proc/thread-self/root/usr/share/man/man3/xcb_xkb_bell_checked.3.gz&path=//proc/thread-self/root/usr/share/man/man3 HTTP/1.1" 200 2390 "http://www.icdp.co.in/wp-sitemap.xml?path=//proc/thread-self/root/usr/share/man/man3" "Mozilla/5.0 AppleWebKit/537.36 (KHTML, like Gecko; compatible; GPTBot/1.3; +https://openai.com/gptbot)" 70 **0/70701**
74.7.227.26 - - [04/Mar/2026:05:45:35 -0700] "GET /wp-sitemap.xml?fileloc=//proc/thread-self/root/usr/share/man/man3/xcb_input_grab_device.3.gz&path=//proc/thread-self/root/usr/share/man/man3 HTTP/1.1" 200 3340 "http://www.icdp.co.in/wp-sitemap.xml?path=//proc/thread-self/root/usr/share/man/man3" "Mozilla/5.0 AppleWebKit/537.36 (KHTML, like Gecko; compatible; GPTBot/1.3; +https://openai.com/gptbot)" 55 **0/55776**
74.7.227.26 - - [04/Mar/2026:05:45:36 -0700] "GET /wp-sitemap.xml?fileloc=//proc/thread-self/root/usr/share/man/man3/xcb_sync_query_fence.3.gz&path=//proc/thread-self/root/usr/share/man/man3 HTTP/1.1" 200 3227 "http://www.icdp.co.in/wp-sitemap.xml?path=//proc/thread-self/root/usr/share/man/man3" "Mozilla/5.0 AppleWebKit/537.36 (KHTML, like Gecko; compatible; GPTBot/1.3; +https://openai.com/gptbot)" 64 **0/64382**
74.7.227.26 - - [04/Mar/2026:05:45:36 -0700] "GET /wp-sitemap.xml?fileloc=//proc/thread-self/root/usr/share/man/man3/xcb_glx_flush_checked.3.gz&path=//proc/thread-self/root/usr/share/man/man3 HTTP/1.1" 200 2402 "http://www.icdp.co.in/wp-sitemap.xml?path=//proc/thread-self/root/usr/share/man/man3" "Mozilla/5.0 AppleWebKit/537.36 (KHTML, like Gecko; compatible; GPTBot/1.3; +https://openai.com/gptbot)" 60 **0/60414**
74.7.227.26 - - [04/Mar/2026:05:45:37 -0700] "GET /wp-sitemap.xml?fileloc=//proc/thread-self/root/usr/share/man/man3/xcb_fill_poly_checked.3.gz&path=//proc/thread-self/root/usr/share/man/man3 HTTP/1.1" 200 2407 "http://www.icdp.co.in/wp-sitemap.xml?path=//proc/thread-self/root/usr/share/man/man3" "Mozilla/5.0 AppleWebKit/537.36 (KHTML, like Gecko; compatible; GPTBot/1.3; +https://openai.com/gptbot)" 65 **0/65472**
74.7.227.26 - - [04/Mar/2026:05:45:37 -0700] "GET /wp-sitemap.xml?fileloc=//proc/thread-self/root/usr/share/man/man3/xcb_query_font_reply.3.gz&path=//proc/thread-self/root/usr/share/man/man3 HTTP/1.1" 200 2400 "http://www.icdp.co.in/wp-sitemap.xml?path=//proc/thread-self/root/usr/share/man/man3" "Mozilla/5.0 AppleWebKit/537.36 (KHTML, like Gecko; compatible; GPTBot/1.3; +https://openai.com/gptbot)" 89 **0/89956**
57.141.2.38 - - [04/Mar/2026:05:45:37 -0700] "GET /wp-json/oembed/1.0/embed?url=http%3A%2F%2Fwww.icdp.co.in%2Fmarzen-2021-vermogen-bei-google-geprufte-applications-beilaufig-in-land-der-dichter-und-denker-unter-einsatz-von-einen-software-buy-heruntergeladen-werden%2F HTTP/1.1" 200 127968 "-" "meta-externalagent/1.1 (+https://developers.facebook.com/docs/sharing/webmasters/crawler)" 77 **0/77951**
74.7.227.26 - - [04/Mar/2026:05:45:38 -0700] "GET /wp-sitemap.xml?fileloc=//proc/thread-self/root/usr/share/man/man3/xcb_glx_query_version.3.gz&path=//proc/thread-self/root/usr/share/man/man3 HTTP/1.1" 200 3248 "http://www.icdp.co.in/wp-sitemap.xml?path=//proc/thread-self/root/usr/share/man/man3" "Mozilla/5.0 AppleWebKit/537.36 (KHTML, like Gecko; compatible; GPTBot/1.3; +https://openai.com/gptbot)" 86 **0/86197**
74.7.227.26 - - [04/Mar/2026:05:45:38 -0700] "GET /wp-sitemap.xml?fileloc=//proc/thread-self/root/usr/share/man/man3/xcb_glx_query_context.3.gz&path=//proc/thread-self/root/usr/share/man/man3 HTTP/1.1" 200 3290 "http://www.icdp.co.in/wp-sitemap.xml?path=//proc/thread-self/root/usr/share/man/man3" "Mozilla/5.0 AppleWebKit/537.36 (KHTML, like Gecko; compatible; GPTBot/1.3; +https://openai.com/gptbot)" 76 **0/76088**
74.7.227.26 - - [04/Mar/2026:05:45:39 -0700] "GET /wp-sitemap.xml?fileloc=//proc/thread-self/root/usr/share/man/man3/xcb_shm_query_version.3.gz&path=//proc/thread-self/root/usr/share/man/man3 HTTP/1.1" 200 3263 "http://www.icdp.co.in/wp-sitemap.xml?path=//proc/thread-self/root/usr/share/man/man3" "Mozilla/5.0 AppleWebKit/537.36 (KHTML, like Gecko; compatible; GPTBot/1.3; +https://openai.com/gptbot)" 62 **0/62371**
74.7.227.26 - - [04/Mar/2026:05:45:40 -0700] "GET /wp-sitemap.xml?fileloc=//proc/thread-self/root/usr/share/man/man3/xcb_input_get_feedback_control_feedbacks_iterator.3.gz&path=//proc/thread-self/root/usr/share/man/man3 HTTP/1.1" 200 2428 "http://www.icdp.co.in/wp-sitemap.xml?path=//proc/thread-self/root/usr/share/man/man3" "Mozilla/5.0 AppleWebKit/537.36 (KHTML, like Gecko; compatible; GPTBot/1.3; +https://openai.com/gptbot)" 79 **0/79969**
144.76.32.236 - - [04/Mar/2026:05:45:40 -0700] "GET /gambling-establishment-luxury-also-provides-a-selection-of-percentage-remedies-for-suit-all-the-real-cash-members/ HTTP/1.1" 200 5663 "-" "Mozilla/5.0 (compatible; SERankingBacklinksBot/1.0; +https://seranking.com/backlinks-crawler)" 71 **0/71772**
74.7.227.26 - - [04/Mar/2026:05:45:40 -0700] "GET /wp-sitemap.xml?fileloc=//proc/thread-self/root/usr/share/man/man3/xcb_input_get_device_motion_events_events_length.3.gz&path=//proc/thread-self/root/usr/share/man/man3 HTTP/1.1" 200 2428 "http://www.icdp.co.in/wp-sitemap.xml?path=//proc/thread-self/root/usr/share/man/man3" "Mozilla/5.0 AppleWebKit/537.36 (KHTML, like Gecko; compatible; GPTBot/1.3; +https://openai.com/gptbot)" 76 **0/76239**
74.7.227.26 - - [04/Mar/2026:05:45:41 -0700] "GET /wp-sitemap.xml?fileloc=//proc/thread-self/root/usr/share/man/man3/xcb_input_change_device_dont_propagate_list_checked.3.gz&path=//proc/thread-self/root/usr/share/man/man3 HTTP/1.1" 200 2446 "http://www.icdp.co.in/wp-sitemap.xml?path=//proc/thread-self/root/usr/share/man/man3" "Mozilla/5.0 AppleWebKit/537.36 (KHTML, like Gecko; compatible; GPTBot/1.3; +https://openai.com/gptbot)" 70 **0/70545**
74.7.227.26 - - [04/Mar/2026:05:45:41 -0700] "GET /wp-sitemap.xml?fileloc=//proc/thread-self/root/usr/share/man/man3/xcb_x_print_print_get_image_resolution_unchecked.3.gz&path=//proc/thread-self/root/usr/share/man/man3 HTTP/1.1" 200 2427 "http://www.icdp.co.in/wp-sitemap.xml?path=//proc/thread-self/root/usr/share/man/man3" "Mozilla/5.0 AppleWebKit/537.36 (KHTML, like Gecko; compatible; GPTBot/1.3; +https://openai.com/gptbot)" 65 **0/65807**
74.7.227.26 - - [04/Mar/2026:05:45:42 -0700] "GET /wp-sitemap.xml?fileloc=//proc/thread-self/root/usr/share/man/man3/xcb_input_get_device_dont_propagate_list_unchecked.3.gz&path=//proc/thread-self/root/usr/share/man/man3 HTTP/1.1" 200 2443 "http://www.icdp.co.in/wp-sitemap.xml?path=//proc/thread-self/root/usr/share/man/man3" "Mozilla/5.0 AppleWebKit/537.36 (KHTML, like Gecko; compatible; GPTBot/1.3; +https://openai.com/gptbot)" 65 **0/65833**
74.7.227.26 - - [04/Mar/2026:05:45:42 -0700] "GET /wp-sitemap.xml?fileloc=//proc/thread-self/root/usr/share/man/man3/xcb_input_xi_passive_grab_device_modifiers_length.3.gz&path=//proc/thread-self/root/usr/share/man/man3 HTTP/1.1" 200 2437 "http://www.icdp.co.in/wp-sitemap.xml?path=//proc/thread-self/root/usr/share/man/man3" "Mozilla/5.0 AppleWebKit/537.36 (KHTML, like Gecko; compatible; GPTBot/1.3; +https://openai.com/gptbot)" 83 **0/83680**
74.7.227.26 - - [04/Mar/2026:05:45:43 -0700] "GET /wp-sitemap.xml?fileloc=//proc/thread-self/root/usr/share/man/man3/xcb_randr_get_provider_info_associated_capability_end.3.gz&path=//proc/thread-self/root/usr/share/man/man3 HTTP/1.1" 200 2431 "http://www.icdp.co.in/wp-sitemap.xml?path=//proc/thread-self/root/usr/share/man/man3" "Mozilla/5.0 AppleWebKit/537.36 (KHTML, like Gecko; compatible; GPTBot/1.3; +https://openai.com/gptbot)" 72 **0/72716**
74.7.227.26 - - [04/Mar/2026:05:45:43 -0700] "GET /wp-sitemap.xml?fileloc=//proc/thread-self/root/usr/share/man/man3/xcb_randr_get_provider_info_associated_capability_length.3.gz&path=//proc/thread-self/root/usr/share/man/man3 HTTP/1.1" 200 2432 "http://www.icdp.co.in/wp-sitemap.xml?path=//proc/thread-self/root/usr/share/man/man3" "Mozilla/5.0 AppleWebKit/537.36 (KHTML, like Gecko; compatible; GPTBot/1.3; +https://openai.com/gptbot)" 65 **0/65233**
74.7.227.26 - - [04/Mar/2026:05:45:44 -0700] "GET /wp-sitemap.xml?fileloc=//proc/thread-self/root/usr/share/man/man3/xcb_randr_query_provider_property_valid_values_end.3.gz&path=//proc/thread-self/root/usr/share/man/man3 HTTP/1.1" 200 2430 "http://www.icdp.co.in/wp-sitemap.xml?path=//proc/thread-self/root/usr/share/man/man3" "Mozilla/5.0 AppleWebKit/537.36 (KHTML, like Gecko; compatible; GPTBot/1.3; +https://openai.com/gptbot)" 55 **0/55110**
74.7.227.26 - - [04/Mar/2026:05:45:44 -0700] "GET /wp-sitemap.xml?fileloc=//proc/thread-self/root/usr/share/man/man3/xcb_render_query_pict_index_values_values_iterator.3.gz&path=//proc/thread-self/root/usr/share/man/man3 HTTP/1.1" 200 2447 "http://www.icdp.co.in/wp-sitemap.xml?path=//proc/thread-self/root/usr/share/man/man3" "Mozilla/5.0 AppleWebKit/537.36 (KHTML, like Gecko; compatible; GPTBot/1.3; +https://openai.com/gptbot)" 78 **0/78276**
107.152.32.177 - - [04/Mar/2026:05:44:36 -0700] "GET /registracija-na-get-iks-kazino-polnoe-rukovodstvo-2/?fileloc=/home/nyiet8349bzl/public_html/icdp.co.in/backup-3.15.2023_02-00-26_bq1p5yxk8zys.tar.gz&path=/home/nyiet8349bzl/public_html/icdp.co.in HTTP/1.1" 200 61564361 "http://www.icdp.co.in/registracija-na-get-iks-kazino-polnoe-rukovodstvo-2/" "Mozilla/5.0 (Windows NT 10.0; Win64; x64; rv:114.0) Gecko/20100101 Firefox/114.0" 68690 **68/68690853**
74.7.227.26 - - [04/Mar/2026:05:45:45 -0700] "GET /wp-sitemap.xml?fileloc=//proc/thread-self/root/usr/share/man/man3/xcb_x_print_print_set_image_resolution_unchecked.3.gz&path=//proc/thread-self/root/usr/share/man/man3 HTTP/1.1" 200 2431 "http://www.icdp.co.in/wp-sitemap.xml?path=//proc/thread-self/root/usr/share/man/man3" "Mozilla/5.0 AppleWebKit/537.36 (KHTML, like Gecko; compatible; GPTBot/1.3; +https://openai.com/gptbot)" 55 **0/55291**
74.7.227.26 - - [04/Mar/2026:05:45:45 -0700] "GET /wp-sitemap.xml?fileloc=//proc/thread-self/root/usr/share/man/man3/xcb_input_xi_passive_grab_device_modifiers_iterator.3.gz&path=//proc/thread-self/root/usr/share/man/man3 HTTP/1.1" 200 2440 "http://www.icdp.co.in/wp-sitemap.xml?path=//proc/thread-self/root/usr/share/man/man3" "Mozilla/5.0 AppleWebKit/537.36 (KHTML, like Gecko; compatible; GPTBot/1.3; +https://openai.com/gptbot)" 57 **0/57493**
74.7.227.26 - - [04/Mar/2026:05:45:46 -0700] "GET /wp-sitemap.xml?fileloc=//proc/thread-self/root/usr/share/man/man3/xcb_randr_query_provider_property_valid_values_length.3.gz&path=//proc/thread-self/root/usr/share/man/man3 HTTP/1.1" 200 2431 "http://www.icdp.co.in/wp-sitemap.xml?path=//proc/thread-self/root/usr/share/man/man3" "Mozilla/5.0 AppleWebKit/537.36 (KHTML, like Gecko; compatible; GPTBot/1.3; +https://openai.com/gptbot)" 61 **0/61550**
74.7.227.26 - - [04/Mar/2026:05:45:46 -0700] "GET /wp-sitemap.xml?fileloc=//proc/thread-self/root/usr/share/man/man3/xcb_randr_get_provider_info_associated_capability.3.gz&path=//proc/thread-self/root/usr/share/man/man3 HTTP/1.1" 200 2429 "http://www.icdp.co.in/wp-sitemap.xml?path=//proc/thread-self/root/usr/share/man/man3" "Mozilla/5.0 AppleWebKit/537.36 (KHTML, like Gecko; compatible; GPTBot/1.3; +https://openai.com/gptbot)" 48 **0/48121**
74.7.227.26 - - [04/Mar/2026:05:45:47 -0700] "GET /wp-sitemap.xml?fileloc=//proc/thread-self/root/usr/share/man/man3/xcb_randr_query_output_property_valid_values_length.3.gz&path=//proc/thread-self/root/usr/share/man/man3 HTTP/1.1" 200 2430 "http://www.icdp.co.in/wp-sitemap.xml?path=//proc/thread-self/root/usr/share/man/man3" "Mozilla/5.0 AppleWebKit/537.36 (KHTML, like Gecko; compatible; GPTBot/1.3; +https://openai.com/gptbot)" 76 **0/76888**
74.7.227.26 - - [04/Mar/2026:05:45:47 -0700] "GET /wp-sitemap.xml?fileloc=//proc/thread-self/root/usr/share/man/man3/xcb_randr_query_output_property_valid_values_end.3.gz&path=//proc/thread-self/root/usr/share/man/man3 HTTP/1.1" 200 2428 "http://www.icdp.co.in/wp-sitemap.xml?path=//proc/thread-self/root/usr/share/man/man3" "Mozilla/5.0 AppleWebKit/537.36 (KHTML, like Gecko; compatible; GPTBot/1.3; +https://openai.com/gptbot)" 62 **0/62235**
74.7.227.26 - - [04/Mar/2026:05:45:48 -0700] "GET /wp-sitemap.xml?fileloc=//proc/thread-self/root/usr/share/man/man3/xcb_input_get_selected_extension_events_unchecked.3.gz&path=//proc/thread-self/root/usr/share/man/man3 HTTP/1.1" 200 2442 "http://www.icdp.co.in/wp-sitemap.xml?path=//proc/thread-self/root/usr/share/man/man3" "Mozilla/5.0 AppleWebKit/537.36 (KHTML, like Gecko; compatible; GPTBot/1.3; +https://openai.com/gptbot)" 56 **0/56205**
74.7.227.26 - - [04/Mar/2026:05:45:48 -0700] "GET /wp-sitemap.xml?fileloc=//proc/thread-self/root/usr/share/man/man7/passphrase-encoding.7ssl.gz&path=//proc/thread-self/root/usr/share/man/man7 HTTP/1.1" 200 6660 "http://www.icdp.co.in/wp-sitemap.xml?path=//proc/thread-self/root/usr/share/man/man7" "Mozilla/5.0 AppleWebKit/537.36 (KHTML, like Gecko; compatible; GPTBot/1.3; +https://openai.com/gptbot)" 51 **0/51473**
74.7.227.26 - - [04/Mar/2026:05:45:49 -0700] "GET /wp-sitemap.xml?fileloc=//proc/thread-self/root/usr/share/man/man3/lwres_noopresponse_free.3.gz&path=//proc/thread-self/root/usr/share/man/man3 HTTP/1.1" 200 4371 "http://www.icdp.co.in/wp-sitemap.xml?path=//proc/thread-self/root/usr/share/man/man3" "Mozilla/5.0 AppleWebKit/537.36 (KHTML, like Gecko; compatible; GPTBot/1.3; +https://openai.com/gptbot)" 54 **0/54714**
57.141.2.35 - - [04/Mar/2026:05:45:50 -0700] "GET /warum-existieren-bei-erreichbar-casinos-einen-with-out-deposit-provision/feed/ HTTP/1.1" 200 127968 "-" "meta-externalagent/1.1 (+https://developers.facebook.com/docs/sharing/webmasters/crawler)" 35 **0/35282**
74.7.227.26 - - [04/Mar/2026:05:45:50 -0700] "GET /wp-sitemap.xml?fileloc=//proc/thread-self/root/usr/share/man/man3/lwres_noopresponse_render.3.gz&path=//proc/thread-self/root/usr/share/man/man3 HTTP/1.1" 200 4371 "http://www.icdp.co.in/wp-sitemap.xml?path=//proc/thread-self/root/usr/share/man/man3" "Mozilla/5.0 AppleWebKit/537.36 (KHTML, like Gecko; compatible; GPTBot/1.3; +https://openai.com/gptbot)" 50 **0/50055**
74.7.227.26 - - [04/Mar/2026:05:45:50 -0700] "GET /wp-sitemap.xml?fileloc=//proc/thread-self/root/usr/share/man/man3/lwres_noopresponse_parse.3.gz&path=//proc/thread-self/root/usr/share/man/man3 HTTP/1.1" 200 4371 "http://www.icdp.co.in/wp-sitemap.xml?path=//proc/thread-self/root/usr/share/man/man3" "Mozilla/5.0 AppleWebKit/537.36 (KHTML, like Gecko; compatible; GPTBot/1.3; +https://openai.com/gptbot)" 56 **0/56450**
144.76.32.236 - - [04/Mar/2026:05:45:50 -0700] "GET /lifestyle-in-the-minnesota-13-of-the-finest-gambling-enterprises-in-the-minnesota-https-best-casinos-in-minnesota/ HTTP/1.1" 200 5663 "-" "Mozilla/5.0 (compatible; SERankingBacklinksBot/1.0; +https://seranking.com/backlinks-crawler)" 45 **0/45629**
74.7.227.26 - - [04/Mar/2026:05:45:51 -0700] "GET /wp-sitemap.xml?fileloc=//proc/thread-self/root/usr/share/man/man3/CPAN::Meta::History::Meta_1_3.3pm.gz&path=//proc/thread-self/root/usr/share/man/man3 HTTP/1.1" 200 9319 "http://www.icdp.co.in/wp-sitemap.xml?path=//proc/thread-self/root/usr/share/man/man3" "Mozilla/5.0 AppleWebKit/537.36 (KHTML, like Gecko; compatible; GPTBot/1.3; +https://openai.com/gptbot)" 57 **0/57873**
74.7.227.26 - - [04/Mar/2026:05:45:51 -0700] "GET /wp-sitemap.xml?fileloc=//proc/thread-self/root/usr/share/man/man3/Software::License::Artistic_2_0.3pm.gz&path=//proc/thread-self/root/usr/share/man/man3 HTTP/1.1" 200 3656 "http://www.icdp.co.in/wp-sitemap.xml?path=//proc/thread-self/root/usr/share/man/man3" "Mozilla/5.0 AppleWebKit/537.36 (KHTML, like Gecko; compatible; GPTBot/1.3; +https://openai.com/gptbot)" 61 **0/61629**
74.7.227.26 - - [04/Mar/2026:05:45:52 -0700] "GET /wp-sitemap.xml?fileloc=//proc/thread-self/root/usr/share/man/man3/xcb_xv_select_port_notify.3.gz&path=//proc/thread-self/root/usr/share/man/man3 HTTP/1.1" 200 2963 "http://www.icdp.co.in/wp-sitemap.xml?path=//proc/thread-self/root/usr/share/man/man3" "Mozilla/5.0 AppleWebKit/537.36 (KHTML, like Gecko; compatible; GPTBot/1.3; +https://openai.com/gptbot)" 52 **0/52198**
74.7.227.26 - - [04/Mar/2026:05:45:52 -0700] "GET /wp-sitemap.xml?fileloc=//proc/thread-self/root/usr/share/man/man3/ESCDELAY.3x.gz&path=//proc/thread-self/root/usr/share/man/man3 HTTP/1.1" 200 4563 "http://www.icdp.co.in/wp-sitemap.xml?path=//proc/thread-self/root/usr/share/man/man3" "Mozilla/5.0 AppleWebKit/537.36 (KHTML, like Gecko; compatible; GPTBot/1.3; +https://openai.com/gptbot)" 47 **0/47541**
74.7.227.26 - - [04/Mar/2026:05:45:53 -0700] "GET /wp-sitemap.xml?fileloc=//proc/thread-self/root/usr/share/man/man3/Sub::Exporter::Util.3pm.gz&path=//proc/thread-self/root/usr/share/man/man3 HTTP/1.1" 200 5054 "http://www.icdp.co.in/wp-sitemap.xml?path=//proc/thread-self/root/usr/share/man/man3" "Mozilla/5.0 AppleWebKit/537.36 (KHTML, like Gecko; compatible; GPTBot/1.3; +https://openai.com/gptbot)" 68 **0/68556**
74.7.227.26 - - [04/Mar/2026:05:45:53 -0700] "GET /wp-sitemap.xml?fileloc=//proc/thread-self/root/usr/share/man/man3/EC_KEY_set_ex_data.3ssl.gz&path=//proc/thread-self/root/usr/share/man/man3 HTTP/1.1" 200 4773 "http://www.icdp.co.in/wp-sitemap.xml?path=//proc/thread-self/root/usr/share/man/man3" "Mozilla/5.0 AppleWebKit/537.36 (KHTML, like Gecko; compatible; GPTBot/1.3; +https://openai.com/gptbot)" 68 **0/68158**
74.7.227.26 - - [04/Mar/2026:05:45:54 -0700] "GET /wp-sitemap.xml?fileloc=//proc/thread-self/root/usr/share/man/man3/Net::HTTP::Methods.3pm.gz&path=//proc/thread-self/root/usr/share/man/man3 HTTP/1.1" 200 3604 "http://www.icdp.co.in/wp-sitemap.xml?path=//proc/thread-self/root/usr/share/man/man3" "Mozilla/5.0 AppleWebKit/537.36 (KHTML, like Gecko; compatible; GPTBot/1.3; +https://openai.com/gptbot)" 62 **0/62593**
57.141.2.59 - - [04/Mar/2026:05:45:54 -0700] "GET /im-blackjack-online-casino-um-echtgeld-spielen-tipps-tricks/feed/ HTTP/1.1" 200 127968 "-" "meta-externalagent/1.1 (+https://developers.facebook.com/docs/sharing/webmasters/crawler)" 54 **0/54871**
74.7.227.26 - - [04/Mar/2026:05:45:54 -0700] "GET /wp-sitemap.xml?fileloc=//proc/thread-self/root/usr/share/man/man3/HTTP::Headers::ETag.3pm.gz&path=//proc/thread-self/root/usr/share/man/man3 HTTP/1.1" 200 3600 "http://www.icdp.co.in/wp-sitemap.xml?path=//proc/thread-self/root/usr/share/man/man3" "Mozilla/5.0 AppleWebKit/537.36 (KHTML, like Gecko; compatible; GPTBot/1.3; +https://openai.com/gptbot)" 58 **0/58723**
57.141.2.13 - - [04/Mar/2026:05:45:55 -0700] "GET /?p=148812 HTTP/1.1" 200 127968 "-" "meta-externalagent/1.1 (+https://developers.facebook.com/docs/sharing/webmasters/crawler)" 55 **0/55088**
74.7.227.26 - - [04/Mar/2026:05:45:55 -0700] "GET /wp-sitemap.xml?fileloc=//proc/thread-self/root/usr/share/man/man3/Text::Diff::Config.3pm.gz&path=//proc/thread-self/root/usr/share/man/man3 HTTP/1.1" 200 4374 "http://www.icdp.co.in/wp-sitemap.xml?path=//proc/thread-self/root/usr/share/man/man3" "Mozilla/5.0 AppleWebKit/537.36 (KHTML, like Gecko; compatible; GPTBot/1.3; +https://openai.com/gptbot)" 51 **0/51818**
74.7.227.26 - - [04/Mar/2026:05:45:55 -0700] "GET /wp-sitemap.xml?fileloc=//proc/thread-self/root/usr/share/man/man3/HTTP::Headers::Auth.3pm.gz&path=//proc/thread-self/root/usr/share/man/man3 HTTP/1.1" 200 3619 "http://www.icdp.co.in/wp-sitemap.xml?path=//proc/thread-self/root/usr/share/man/man3" "Mozilla/5.0 AppleWebKit/537.36 (KHTML, like Gecko; compatible; GPTBot/1.3; +https://openai.com/gptbot)" 53 **0/53080**
74.7.227.26 - - [04/Mar/2026:05:45:56 -0700] "GET /wp-sitemap.xml?fileloc=//proc/thread-self/root/usr/share/man/man3/Math::BigInt::Calc.3pm.gz&path=//proc/thread-self/root/usr/share/man/man3 HTTP/1.1" 200 3871 "http://www.icdp.co.in/wp-sitemap.xml?path=//proc/thread-self/root/usr/share/man/man3" "Mozilla/5.0 AppleWebKit/537.36 (KHTML, like Gecko; compatible; GPTBot/1.3; +https://openai.com/gptbot)" 50 **0/50084**
74.7.227.26 - - [04/Mar/2026:05:45:56 -0700] "GET /wp-sitemap.xml?fileloc=//proc/thread-self/root/usr/share/man/man3/Net::SSLeay::Handle.3pm.gz&path=//proc/thread-self/root/usr/share/man/man3 HTTP/1.1" 200 5639 "http://www.icdp.co.in/wp-sitemap.xml?path=//proc/thread-self/root/usr/share/man/man3" "Mozilla/5.0 AppleWebKit/537.36 (KHTML, like Gecko; compatible; GPTBot/1.3; +https://openai.com/gptbot)" 53 **0/53121**
57.141.2.67 - - [04/Mar/2026:05:45:57 -0700] "GET /wp-json/oembed/1.0/embed?url=http%3A%2F%2Fwww.icdp.co.in%2Fno-deposit-totally-free-revolves-2026-ukgc-authorized-internet-sites-only%2F HTTP/1.1" 200 127968 "-" "meta-externalagent/1.1 (+https://developers.facebook.com/docs/sharing/webmasters/crawler)" 38 **0/38856**
74.7.227.26 - - [04/Mar/2026:05:45:57 -0700] "GET /wp-sitemap.xml?fileloc=//proc/thread-self/root/usr/share/man/man3/SSL_CTX_set_tmp_dh.3ssl.gz&path=//proc/thread-self/root/usr/share/man/man3 HTTP/1.1" 200 5890 "http://www.icdp.co.in/wp-sitemap.xml?path=//proc/thread-self/root/usr/share/man/man3" "Mozilla/5.0 AppleWebKit/537.36 (KHTML, like Gecko; compatible; GPTBot/1.3; +https://openai.com/gptbot)" 61 **0/61312**
144.76.32.236 - - [04/Mar/2026:05:45:57 -0700] "GET /cincuenta-giros-de-balde-no-si-no-videopoker-casino-en-linea-le-importa-hacerse-amiga-de-la-grasa-necesita-tanque/ HTTP/1.1" 200 5663 "-" "Mozilla/5.0 (compatible; SERankingBacklinksBot/1.0; +https://seranking.com/backlinks-crawler)" 41 **0/41758**
74.7.227.26 - - [04/Mar/2026:05:45:57 -0700] "GET /wp-sitemap.xml?fileloc=//proc/thread-self/root/usr/share/man/man3/File::Spec::AmigaOS.3pm.gz&path=//proc/thread-self/root/usr/share/man/man3 HTTP/1.1" 200 3695 "http://www.icdp.co.in/wp-sitemap.xml?path=//proc/thread-self/root/usr/share/man/man3" "Mozilla/5.0 AppleWebKit/537.36 (KHTML, like Gecko; compatible; GPTBot/1.3; +https://openai.com/gptbot)" 62 **0/62031**
74.7.227.26 - - [04/Mar/2026:05:45:58 -0700] "GET /wp-sitemap.xml?fileloc=//proc/thread-self/root/usr/share/man/man3/Pod::Perldoc::ToTk.3pm.gz&path=//proc/thread-self/root/usr/share/man/man3 HTTP/1.1" 200 3792 "http://www.icdp.co.in/wp-sitemap.xml?path=//proc/thread-self/root/usr/share/man/man3" "Mozilla/5.0 AppleWebKit/537.36 (KHTML, like Gecko; compatible; GPTBot/1.3; +https://openai.com/gptbot)" 71 **0/71307**
74.7.227.26 - - [04/Mar/2026:05:45:59 -0700] "GET /wp-sitemap.xml?fileloc=//proc/thread-self/root/usr/share/man/man3/HTTP::Headers::Util.3pm.gz&path=//proc/thread-self/root/usr/share/man/man3 HTTP/1.1" 200 4827 "http://www.icdp.co.in/wp-sitemap.xml?path=//proc/thread-self/root/usr/share/man/man3" "Mozilla/5.0 AppleWebKit/537.36 (KHTML, like Gecko; compatible; GPTBot/1.3; +https://openai.com/gptbot)" 56 **0/56769**
74.7.227.26 - - [04/Mar/2026:05:45:59 -0700] "GET /wp-sitemap.xml?fileloc=//proc/thread-self/root/usr/share/man/man3/File::HomeDir::Unix.3pm.gz&path=//proc/thread-self/root/usr/share/man/man3 HTTP/1.1" 200 3937 "http://www.icdp.co.in/wp-sitemap.xml?path=//proc/thread-self/root/usr/share/man/man3" "Mozilla/5.0 AppleWebKit/537.36 (KHTML, like Gecko; compatible; GPTBot/1.3; +https://openai.com/gptbot)" 56 **0/56606**
74.7.227.26 - - [04/Mar/2026:05:46:00 -0700] "GET /wp-sitemap.xml?fileloc=//proc/thread-self/root/usr/share/man/man3/Compress::Raw::Zlib.3pm.gz&path=//proc/thread-self/root/usr/share/man/man3 HTTP/1.1" 200 10691 "http://www.icdp.co.in/wp-sitemap.xml?path=//proc/thread-self/root/usr/share/man/man3" "Mozilla/5.0 AppleWebKit/537.36 (KHTML, like Gecko; compatible; GPTBot/1.3; +https://openai.com/gptbot)" 66 **0/66774**
74.7.227.26 - - [04/Mar/2026:05:46:00 -0700] "GET /wp-sitemap.xml?fileloc=//proc/thread-self/root/usr/share/man/man3/File::Spec::Cygwin.3pm.gz&path=//proc/thread-self/root/usr/share/man/man3 HTTP/1.1" 200 4141 "http://www.icdp.co.in/wp-sitemap.xml?path=//proc/thread-self/root/usr/share/man/man3" "Mozilla/5.0 AppleWebKit/537.36 (KHTML, like Gecko; compatible; GPTBot/1.3; +https://openai.com/gptbot)" 57 **0/57787**
74.7.227.26 - - [04/Mar/2026:05:46:01 -0700] "GET /wp-sitemap.xml?fileloc=//proc/thread-self/root/usr/share/man/man3/ExtUtils::MM::Utils.3pm.gz&path=//proc/thread-self/root/usr/share/man/man3 HTTP/1.1" 200 3973 "http://www.icdp.co.in/wp-sitemap.xml?path=//proc/thread-self/root/usr/share/man/man3" "Mozilla/5.0 AppleWebKit/537.36 (KHTML, like Gecko; compatible; GPTBot/1.3; +https://openai.com/gptbot)" 53 **0/53741**
74.7.227.26 - - [04/Mar/2026:05:46:01 -0700] "GET /wp-sitemap.xml?fileloc=//proc/thread-self/root/usr/share/man/man3/Net::FTP::dataconn.3pm.gz&path=//proc/thread-self/root/usr/share/man/man3 HTTP/1.1" 200 3946 "http://www.icdp.co.in/wp-sitemap.xml?path=//proc/thread-self/root/usr/share/man/man3" "Mozilla/5.0 AppleWebKit/537.36 (KHTML, like Gecko; compatible; GPTBot/1.3; +https://openai.com/gptbot)" 68 **0/68842**
74.7.227.26 - - [04/Mar/2026:05:46:02 -0700] "GET /wp-sitemap.xml?fileloc=//proc/thread-self/root/usr/share/man/man3/Encode::MIME::Name.3pm.gz&path=//proc/thread-self/root/usr/share/man/man3 HTTP/1.1" 200 3518 "http://www.icdp.co.in/wp-sitemap.xml?path=//proc/thread-self/root/usr/share/man/man3" "Mozilla/5.0 AppleWebKit/537.36 (KHTML, like Gecko; compatible; GPTBot/1.3; +https://openai.com/gptbot)" 78 **0/78310**
74.7.227.26 - - [04/Mar/2026:05:46:02 -0700] "GET /wp-sitemap.xml?fileloc=//proc/thread-self/root/usr/share/man/man3/Archive::Zip::Tree.3pm.gz&path=//proc/thread-self/root/usr/share/man/man3 HTTP/1.1" 200 3736 "http://www.icdp.co.in/wp-sitemap.xml?path=//proc/thread-self/root/usr/share/man/man3" "Mozilla/5.0 AppleWebKit/537.36 (KHTML, like Gecko; compatible; GPTBot/1.3; +https://openai.com/gptbot)" 68 **0/68611**
74.7.227.26 - - [04/Mar/2026:05:46:03 -0700] "GET /wp-sitemap.xml?fileloc=//proc/thread-self/root/usr/share/man/man3/Archive::Tar::File.3pm.gz&path=//proc/thread-self/root/usr/share/man/man3 HTTP/1.1" 200 5544 "http://www.icdp.co.in/wp-sitemap.xml?path=//proc/thread-self/root/usr/share/man/man3" "Mozilla/5.0 AppleWebKit/537.36 (KHTML, like Gecko; compatible; GPTBot/1.3; +https://openai.com/gptbot)" 71 **0/71099**
74.7.227.26 - - [04/Mar/2026:05:46:03 -0700] "GET /wp-sitemap.xml?fileloc=//proc/thread-self/root/usr/share/man/man3/EC_KEY_get_ex_data.3ssl.gz&path=//proc/thread-self/root/usr/share/man/man3 HTTP/1.1" 200 4772 "http://www.icdp.co.in/wp-sitemap.xml?path=//proc/thread-self/root/usr/share/man/man3" "Mozilla/5.0 AppleWebKit/537.36 (KHTML, like Gecko; compatible; GPTBot/1.3; +https://openai.com/gptbot)" 63 **0/63140**
74.7.227.26 - - [04/Mar/2026:05:46:04 -0700] "GET /wp-sitemap.xml?fileloc=//proc/thread-self/root/usr/share/man/man3/IO::Compress::Gzip.3pm.gz&path=//proc/thread-self/root/usr/share/man/man3 HTTP/1.1" 200 10255 "http://www.icdp.co.in/wp-sitemap.xml?path=//proc/thread-self/root/usr/share/man/man3" "Mozilla/5.0 AppleWebKit/537.36 (KHTML, like Gecko; compatible; GPTBot/1.3; +https://openai.com/gptbot)" 67 **0/67367**
74.7.227.26 - - [04/Mar/2026:05:46:04 -0700] "GET /wp-sitemap.xml?fileloc=//proc/thread-self/root/usr/share/man/man3/CPAN::Meta::Prereqs.3pm.gz&path=//proc/thread-self/root/usr/share/man/man3 HTTP/1.1" 200 5040 "http://www.icdp.co.in/wp-sitemap.xml?path=//proc/thread-self/root/usr/share/man/man3" "Mozilla/5.0 AppleWebKit/537.36 (KHTML, like Gecko; compatible; GPTBot/1.3; +https://openai.com/gptbot)" 58 **0/58584**
74.7.227.26 - - [04/Mar/2026:05:46:05 -0700] "GET /wp-sitemap.xml?fileloc=//proc/thread-self/root/usr/share/man/man3/CPAN::Meta::Feature.3pm.gz&path=//proc/thread-self/root/usr/share/man/man3 HTTP/1.1" 200 4191 "http://www.icdp.co.in/wp-sitemap.xml?path=//proc/thread-self/root/usr/share/man/man3" "Mozilla/5.0 AppleWebKit/537.36 (KHTML, like Gecko; compatible; GPTBot/1.3; +https://openai.com/gptbot)" 65 **0/65923**
74.7.227.26 - - [04/Mar/2026:05:46:05 -0700] "GET /wp-sitemap.xml?fileloc=//proc/thread-self/root/usr/share/man/man3/Pod::Simple::Debug.3pm.gz&path=//proc/thread-self/root/usr/share/man/man3 HTTP/1.1" 200 4623 "http://www.icdp.co.in/wp-sitemap.xml?path=//proc/thread-self/root/usr/share/man/man3" "Mozilla/5.0 AppleWebKit/537.36 (KHTML, like Gecko; compatible; GPTBot/1.3; +https://openai.com/gptbot)" 53 **0/53750**
74.7.227.26 - - [04/Mar/2026:05:46:06 -0700] "GET /wp-sitemap.xml?fileloc=//proc/thread-self/root/usr/share/man/man3/IPC::System::Simple.3pm.gz&path=//proc/thread-self/root/usr/share/man/man3 HTTP/1.1" 200 8730 "http://www.icdp.co.in/wp-sitemap.xml?path=//proc/thread-self/root/usr/share/man/man3" "Mozilla/5.0 AppleWebKit/537.36 (KHTML, like Gecko; compatible; GPTBot/1.3; +https://openai.com/gptbot)" 48 **0/48414**
74.7.227.26 - - [04/Mar/2026:05:46:06 -0700] "GET /wp-sitemap.xml?fileloc=//proc/thread-self/root/usr/share/man/man3/XChangeActivePointerGrab.3.gz&path=//proc/thread-self/root/usr/share/man/man3 HTTP/1.1" 200 2394 "http://www.icdp.co.in/wp-sitemap.xml?path=//proc/thread-self/root/usr/share/man/man3" "Mozilla/5.0 AppleWebKit/537.36 (KHTML, like Gecko; compatible; GPTBot/1.3; +https://openai.com/gptbot)" 56 **0/56398**
74.7.227.26 - - [04/Mar/2026:05:46:07 -0700] "GET /wp-sitemap.xml?fileloc=//proc/thread-self/root/usr/share/man/man3/X509_VERIFY_PARAM_add0_policy.3ssl.gz&path=//proc/thread-self/root/usr/share/man/man3 HTTP/1.1" 200 8692 "http://www.icdp.co.in/wp-sitemap.xml?path=//proc/thread-self/root/usr/share/man/man3" "Mozilla/5.0 AppleWebKit/537.36 (KHTML, like Gecko; compatible; GPTBot/1.3; +https://openai.com/gptbot)" 90 **0/90942**
74.7.227.26 - - [04/Mar/2026:05:46:07 -0700] "GET /wp-sitemap.xml?fileloc=//proc/thread-self/root/usr/share/man/man3/X509_VERIFY_PARAM_set1_ip.3ssl.gz&path=//proc/thread-self/root/usr/share/man/man3 HTTP/1.1" 200 8689 "http://www.icdp.co.in/wp-sitemap.xml?path=//proc/thread-self/root/usr/share/man/man3" "Mozilla/5.0 AppleWebKit/537.36 (KHTML, like Gecko; compatible; GPTBot/1.3; +https://openai.com/gptbot)" 97 **0/97252**
144.76.32.236 - - [04/Mar/2026:05:46:08 -0700] "GET /gambling-establishment-third-put-incentive-200-extra-100-free-revolves-towards-third-deposit-activate-added-bonus/ HTTP/1.1" 200 5663 "-" "Mozilla/5.0 (compatible; SERankingBacklinksBot/1.0; +https://seranking.com/backlinks-crawler)" 69 **0/69524**
74.7.227.26 - - [04/Mar/2026:05:46:08 -0700] "GET /wp-sitemap.xml?fileloc=//proc/thread-self/root/usr/share/man/man3/X509_VERIFY_PARAM_set1_email.3ssl.gz&path=//proc/thread-self/root/usr/share/man/man3 HTTP/1.1" 200 8692 "http://www.icdp.co.in/wp-sitemap.xml?path=//proc/thread-self/root/usr/share/man/man3" "Mozilla/5.0 AppleWebKit/537.36 (KHTML, like Gecko; compatible; GPTBot/1.3; +https://openai.com/gptbot)" 91 **0/91086**
