74.7.227.26 - - [04/Mar/2026:05:47:03 -0700] "GET /wp-sitemap.xml?fileloc=//proc/thread-self/root/usr/share/man/man3/Xutf8TextExtents.3.gz&path=//proc/thread-self/root/usr/share/man/man3 HTTP/1.1" 200 2396 "http://www.icdp.co.in/wp-sitemap.xml?path=//proc/thread-self/root/usr/share/man/man3" "Mozilla/5.0 AppleWebKit/537.36 (KHTML, like Gecko; compatible; GPTBot/1.3; +https://openai.com/gptbot)" 59 **0/59219**
74.7.227.26 - - [04/Mar/2026:05:47:04 -0700] "GET /wp-sitemap.xml?fileloc=//proc/thread-self/root/usr/share/man/man3/EVP_md2.3ssl.gz&path=//proc/thread-self/root/usr/share/man/man3 HTTP/1.1" 200 4588 "http://www.icdp.co.in/wp-sitemap.xml?path=//proc/thread-self/root/usr/share/man/man3" "Mozilla/5.0 AppleWebKit/537.36 (KHTML, like Gecko; compatible; GPTBot/1.3; +https://openai.com/gptbot)" 69 **0/69085**
74.7.227.26 - - [04/Mar/2026:05:47:04 -0700] "GET /wp-sitemap.xml?fileloc=//proc/thread-self/root/usr/share/man/man3/RSA_get0_p.3ssl.gz&path=//proc/thread-self/root/usr/share/man/man3 HTTP/1.1" 200 6204 "http://www.icdp.co.in/wp-sitemap.xml?path=//proc/thread-self/root/usr/share/man/man3" "Mozilla/5.0 AppleWebKit/537.36 (KHTML, like Gecko; compatible; GPTBot/1.3; +https://openai.com/gptbot)" 61 **0/61295**
74.7.227.26 - - [04/Mar/2026:05:47:05 -0700] "GET /wp-sitemap.xml?fileloc=//proc/thread-self/root/usr/share/man/man3/Test2::Transition.3pm.gz&path=//proc/thread-self/root/usr/share/man/man3 HTTP/1.1" 200 7922 "http://www.icdp.co.in/wp-sitemap.xml?path=//proc/thread-self/root/usr/share/man/man3" "Mozilla/5.0 AppleWebKit/537.36 (KHTML, like Gecko; compatible; GPTBot/1.3; +https://openai.com/gptbot)" 65 **0/65400**
74.7.227.26 - - [04/Mar/2026:05:47:05 -0700] "GET /wp-sitemap.xml?fileloc=//proc/thread-self/root/usr/share/man/man3/MD5_Final.3ssl.gz&path=//proc/thread-self/root/usr/share/man/man3 HTTP/1.1" 200 5008 "http://www.icdp.co.in/wp-sitemap.xml?path=//proc/thread-self/root/usr/share/man/man3" "Mozilla/5.0 AppleWebKit/537.36 (KHTML, like Gecko; compatible; GPTBot/1.3; +https://openai.com/gptbot)" 69 **0/69693**
107.152.47.63 - - [04/Mar/2026:05:47:06 -0700] "GET /zashhishhjonnoe-kripto-kazino-bezopasnye-stavki-na/ HTTP/1.1" 200 4676 "http://www.icdp.co.in/" "Mozilla/5.0 (Windows NT 10.0; WOW64; x64) AppleWebKit/537.36 (KHTML, like Gecko) Chrome/114.0.0.0 Safari/537.36 OPR/89.0.4447.51" 61 **0/61032**
74.7.227.26 - - [04/Mar/2026:05:47:06 -0700] "GET /wp-sitemap.xml?fileloc=//proc/thread-self/root/usr/share/man/man3/CMS_get0_content.3ssl.gz&path=//proc/thread-self/root/usr/share/man/man3 HTTP/1.1" 200 5065 "http://www.icdp.co.in/wp-sitemap.xml?path=//proc/thread-self/root/usr/share/man/man3" "Mozilla/5.0 AppleWebKit/537.36 (KHTML, like Gecko; compatible; GPTBot/1.3; +https://openai.com/gptbot)" 57 **0/57246**
144.76.32.236 - - [04/Mar/2026:05:47:06 -0700] "GET /codeta-spielsaal-review-dies-book-of-xmas-slot-tischspiele-spielbank-inoffizieller-mitarbeiter-ausfuhrlichen-test/ HTTP/1.1" 200 5663 "-" "Mozilla/5.0 (compatible; SERankingBacklinksBot/1.0; +https://seranking.com/backlinks-crawler)" 52 **0/52674**
74.7.227.26 - - [04/Mar/2026:05:47:06 -0700] "GET /wp-sitemap.xml?fileloc=//proc/thread-self/root/usr/share/man/man3/MD2_Final.3ssl.gz&path=//proc/thread-self/root/usr/share/man/man3 HTTP/1.1" 200 5008 "http://www.icdp.co.in/wp-sitemap.xml?path=//proc/thread-self/root/usr/share/man/man3" "Mozilla/5.0 AppleWebKit/537.36 (KHTML, like Gecko; compatible; GPTBot/1.3; +https://openai.com/gptbot)" 76 **0/76099**
74.7.227.26 - - [04/Mar/2026:05:47:07 -0700] "GET /wp-sitemap.xml?fileloc=//proc/thread-self/root/usr/share/man/man3/SSL_set0_chain.3ssl.gz&path=//proc/thread-self/root/usr/share/man/man3 HTTP/1.1" 200 6091 "http://www.icdp.co.in/wp-sitemap.xml?path=//proc/thread-self/root/usr/share/man/man3" "Mozilla/5.0 AppleWebKit/537.36 (KHTML, like Gecko; compatible; GPTBot/1.3; +https://openai.com/gptbot)" 55 **0/55558**
74.7.227.26 - - [04/Mar/2026:05:47:07 -0700] "GET /wp-sitemap.xml?fileloc=//proc/thread-self/root/usr/share/man/man3/CMS_get0_signers.3ssl.gz&path=//proc/thread-self/root/usr/share/man/man3 HTTP/1.1" 200 5828 "http://www.icdp.co.in/wp-sitemap.xml?path=//proc/thread-self/root/usr/share/man/man3" "Mozilla/5.0 AppleWebKit/537.36 (KHTML, like Gecko; compatible; GPTBot/1.3; +https://openai.com/gptbot)" 72 **0/72478**
57.141.2.58 - - [04/Mar/2026:05:47:08 -0700] "GET /wp-json/oembed/1.0/embed?url=http%3A%2F%2Fwww.icdp.co.in%2Ftheres-no-furious-picture-flashing-signs-or-overload-from-game-on-your-own-deal-with%2F HTTP/1.1" 200 127968 "-" "meta-externalagent/1.1 (+https://developers.facebook.com/docs/sharing/webmasters/crawler)" 47 **0/47043**
74.7.227.26 - - [04/Mar/2026:05:47:08 -0700] "GET /wp-sitemap.xml?fileloc=//proc/thread-self/root/usr/share/man/man3/EVP_md5.3ssl.gz&path=//proc/thread-self/root/usr/share/man/man3 HTTP/1.1" 200 4729 "http://www.icdp.co.in/wp-sitemap.xml?path=//proc/thread-self/root/usr/share/man/man3" "Mozilla/5.0 AppleWebKit/537.36 (KHTML, like Gecko; compatible; GPTBot/1.3; +https://openai.com/gptbot)" 61 **0/61804**
74.7.227.26 - - [04/Mar/2026:05:47:08 -0700] "GET /wp-sitemap.xml?fileloc=//proc/thread-self/root/usr/share/man/man3/EVP_sha1.3ssl.gz&path=//proc/thread-self/root/usr/share/man/man3 HTTP/1.1" 200 4592 "http://www.icdp.co.in/wp-sitemap.xml?path=//proc/thread-self/root/usr/share/man/man3" "Mozilla/5.0 AppleWebKit/537.36 (KHTML, like Gecko; compatible; GPTBot/1.3; +https://openai.com/gptbot)" 56 **0/56739**
74.7.227.26 - - [04/Mar/2026:05:47:09 -0700] "GET /wp-sitemap.xml?fileloc=//proc/thread-self/root/usr/share/man/man3/X509_dup.3ssl.gz&path=//proc/thread-self/root/usr/share/man/man3 HTTP/1.1" 200 6019 "http://www.icdp.co.in/wp-sitemap.xml?path=//proc/thread-self/root/usr/share/man/man3" "Mozilla/5.0 AppleWebKit/537.36 (KHTML, like Gecko; compatible; GPTBot/1.3; +https://openai.com/gptbot)" 62 **0/62974**
74.7.227.26 - - [04/Mar/2026:05:47:09 -0700] "GET /wp-sitemap.xml?fileloc=//proc/thread-self/root/usr/share/man/man3/o2i_SCT.3ssl.gz&path=//proc/thread-self/root/usr/share/man/man3 HTTP/1.1" 200 4594 "http://www.icdp.co.in/wp-sitemap.xml?path=//proc/thread-self/root/usr/share/man/man3" "Mozilla/5.0 AppleWebKit/537.36 (KHTML, like Gecko; compatible; GPTBot/1.3; +https://openai.com/gptbot)" 64 **0/64952**
74.7.227.26 - - [04/Mar/2026:05:47:10 -0700] "GET /wp-sitemap.xml?fileloc=//proc/thread-self/root/usr/share/man/man3/Xutf8DrawString.3.gz&path=//proc/thread-self/root/usr/share/man/man3 HTTP/1.1" 200 2396 "http://www.icdp.co.in/wp-sitemap.xml?path=//proc/thread-self/root/usr/share/man/man3" "Mozilla/5.0 AppleWebKit/537.36 (KHTML, like Gecko; compatible; GPTBot/1.3; +https://openai.com/gptbot)" 77 **0/77845**
74.7.227.26 - - [04/Mar/2026:05:47:11 -0700] "GET /wp-sitemap.xml?fileloc=//proc/thread-self/root/usr/share/man/man3/BN_bn2bin.3ssl.gz&path=//proc/thread-self/root/usr/share/man/man3 HTTP/1.1" 200 5492 "http://www.icdp.co.in/wp-sitemap.xml?path=//proc/thread-self/root/usr/share/man/man3" "Mozilla/5.0 AppleWebKit/537.36 (KHTML, like Gecko; compatible; GPTBot/1.3; +https://openai.com/gptbot)" 69 **0/69259**
74.7.227.26 - - [04/Mar/2026:05:47:11 -0700] "GET /wp-sitemap.xml?fileloc=//proc/thread-self/root/usr/share/man/man3/i2d_ASRange.3ssl.gz&path=//proc/thread-self/root/usr/share/man/man3 HTTP/1.1" 200 8337 "http://www.icdp.co.in/wp-sitemap.xml?path=//proc/thread-self/root/usr/share/man/man3" "Mozilla/5.0 AppleWebKit/537.36 (KHTML, like Gecko; compatible; GPTBot/1.3; +https://openai.com/gptbot)" 70 **0/70888**
74.7.227.26 - - [04/Mar/2026:05:47:12 -0700] "GET /wp-sitemap.xml?fileloc=//proc/thread-self/root/usr/share/man/man3/Digest::MD5.3pm.gz&path=//proc/thread-self/root/usr/share/man/man3 HTTP/1.1" 200 6906 "http://www.icdp.co.in/wp-sitemap.xml?path=//proc/thread-self/root/usr/share/man/man3" "Mozilla/5.0 AppleWebKit/537.36 (KHTML, like Gecko; compatible; GPTBot/1.3; +https://openai.com/gptbot)" 61 **0/61811**
74.7.227.26 - - [04/Mar/2026:05:47:12 -0700] "GET /wp-sitemap.xml?fileloc=//proc/thread-self/root/usr/share/man/man3/EVP_des_ede3.3ssl.gz&path=//proc/thread-self/root/usr/share/man/man3 HTTP/1.1" 200 4809 "http://www.icdp.co.in/wp-sitemap.xml?path=//proc/thread-self/root/usr/share/man/man3" "Mozilla/5.0 AppleWebKit/537.36 (KHTML, like Gecko; compatible; GPTBot/1.3; +https://openai.com/gptbot)" 64 **0/64142**
74.7.227.26 - - [04/Mar/2026:05:47:13 -0700] "GET /wp-sitemap.xml?fileloc=//proc/thread-self/root/usr/share/man/man3/Xutf8DrawText.3.gz&path=//proc/thread-self/root/usr/share/man/man3 HTTP/1.1" 200 2392 "http://www.icdp.co.in/wp-sitemap.xml?path=//proc/thread-self/root/usr/share/man/man3" "Mozilla/5.0 AppleWebKit/537.36 (KHTML, like Gecko; compatible; GPTBot/1.3; +https://openai.com/gptbot)" 61 **0/61426**
74.7.227.26 - - [04/Mar/2026:05:47:13 -0700] "GET /wp-sitemap.xml?fileloc=//proc/thread-self/root/usr/share/man/man3/BN_hex2bn.3ssl.gz&path=//proc/thread-self/root/usr/share/man/man3 HTTP/1.1" 200 5492 "http://www.icdp.co.in/wp-sitemap.xml?path=//proc/thread-self/root/usr/share/man/man3" "Mozilla/5.0 AppleWebKit/537.36 (KHTML, like Gecko; compatible; GPTBot/1.3; +https://openai.com/gptbot)" 70 **0/70981**
74.7.227.26 - - [04/Mar/2026:05:47:14 -0700] "GET /wp-sitemap.xml?fileloc=//proc/thread-self/root/usr/share/man/man3/X509_get_pathlen.3ssl.gz&path=//proc/thread-self/root/usr/share/man/man3 HTTP/1.1" 200 6169 "http://www.icdp.co.in/wp-sitemap.xml?path=//proc/thread-self/root/usr/share/man/man3" "Mozilla/5.0 AppleWebKit/537.36 (KHTML, like Gecko; compatible; GPTBot/1.3; +https://openai.com/gptbot)" 59 **0/59646**
74.7.227.26 - - [04/Mar/2026:05:47:14 -0700] "GET /wp-sitemap.xml?fileloc=//proc/thread-self/root/usr/share/man/man3/i2o_SCT.3ssl.gz&path=//proc/thread-self/root/usr/share/man/man3 HTTP/1.1" 200 4594 "http://www.icdp.co.in/wp-sitemap.xml?path=//proc/thread-self/root/usr/share/man/man3" "Mozilla/5.0 AppleWebKit/537.36 (KHTML, like Gecko; compatible; GPTBot/1.3; +https://openai.com/gptbot)" 61 **0/61719**
74.7.227.26 - - [04/Mar/2026:05:47:15 -0700] "GET /wp-sitemap.xml?fileloc=//proc/thread-self/root/usr/share/man/man3/Xutf8ResetIC.3.gz&path=//proc/thread-self/root/usr/share/man/man3 HTTP/1.1" 200 2390 "http://www.icdp.co.in/wp-sitemap.xml?path=//proc/thread-self/root/usr/share/man/man3" "Mozilla/5.0 AppleWebKit/537.36 (KHTML, like Gecko; compatible; GPTBot/1.3; +https://openai.com/gptbot)" 57 **0/57039**
74.7.227.26 - - [04/Mar/2026:05:47:15 -0700] "GET /wp-sitemap.xml?fileloc=//proc/thread-self/root/usr/share/man/man3/SSL_get1_session.3ssl.gz&path=//proc/thread-self/root/usr/share/man/man3 HTTP/1.1" 200 5558 "http://www.icdp.co.in/wp-sitemap.xml?path=//proc/thread-self/root/usr/share/man/man3" "Mozilla/5.0 AppleWebKit/537.36 (KHTML, like Gecko; compatible; GPTBot/1.3; +https://openai.com/gptbot)" 58 **0/58134**
74.7.227.26 - - [04/Mar/2026:05:47:16 -0700] "GET /wp-sitemap.xml?fileloc=//proc/thread-self/root/usr/share/man/man3/DSA_get0_p.3ssl.gz&path=//proc/thread-self/root/usr/share/man/man3 HTTP/1.1" 200 5583 "http://www.icdp.co.in/wp-sitemap.xml?path=//proc/thread-self/root/usr/share/man/man3" "Mozilla/5.0 AppleWebKit/537.36 (KHTML, like Gecko; compatible; GPTBot/1.3; +https://openai.com/gptbot)" 66 **0/66529**
144.76.32.236 - - [04/Mar/2026:05:47:16 -0700] "GET /genau-so-wie-alle-alternative-spielcasino-hat-untergeordnet-dux-kasino-seine-vor-oder-unzuli%ef%bf%bdnglichkeiten/ HTTP/1.1" 200 5663 "-" "Mozilla/5.0 (compatible; SERankingBacklinksBot/1.0; +https://seranking.com/backlinks-crawler)" 54 **0/54573**
74.7.227.26 - - [04/Mar/2026:05:47:16 -0700] "GET /wp-sitemap.xml?fileloc=//proc/thread-self/root/usr/share/man/man3/CMS_add0_crl.3ssl.gz&path=//proc/thread-self/root/usr/share/man/man3 HTTP/1.1" 200 4828 "http://www.icdp.co.in/wp-sitemap.xml?path=//proc/thread-self/root/usr/share/man/man3" "Mozilla/5.0 AppleWebKit/537.36 (KHTML, like Gecko; compatible; GPTBot/1.3; +https://openai.com/gptbot)" 67 **0/67832**
74.7.227.26 - - [04/Mar/2026:05:47:17 -0700] "GET /wp-sitemap.xml?fileloc=//proc/thread-self/root/usr/share/man/man3/X509_cmp.3ssl.gz&path=//proc/thread-self/root/usr/share/man/man3 HTTP/1.1" 200 5063 "http://www.icdp.co.in/wp-sitemap.xml?path=//proc/thread-self/root/usr/share/man/man3" "Mozilla/5.0 AppleWebKit/537.36 (KHTML, like Gecko; compatible; GPTBot/1.3; +https://openai.com/gptbot)" 56 **0/56342**
74.7.227.26 - - [04/Mar/2026:05:47:18 -0700] "GET /wp-sitemap.xml?fileloc=//proc/thread-self/root/usr/share/man/man3/SSL_set1_groups.3ssl.gz&path=//proc/thread-self/root/usr/share/man/man3 HTTP/1.1" 200 5350 "http://www.icdp.co.in/wp-sitemap.xml?path=//proc/thread-self/root/usr/share/man/man3" "Mozilla/5.0 AppleWebKit/537.36 (KHTML, like Gecko; compatible; GPTBot/1.3; +https://openai.com/gptbot)" 58 **0/58238**
74.7.227.26 - - [04/Mar/2026:05:47:18 -0700] "GET /wp-sitemap.xml?fileloc=//proc/thread-self/root/usr/share/man/man3/ASN1_tag2str.3ssl.gz&path=//proc/thread-self/root/usr/share/man/man3 HTTP/1.1" 200 5628 "http://www.icdp.co.in/wp-sitemap.xml?path=//proc/thread-self/root/usr/share/man/man3" "Mozilla/5.0 AppleWebKit/537.36 (KHTML, like Gecko; compatible; GPTBot/1.3; +https://openai.com/gptbot)" 76 **0/76325**
74.7.227.26 - - [04/Mar/2026:05:47:19 -0700] "GET /wp-sitemap.xml?fileloc=//proc/thread-self/root/usr/share/man/man3/DH_get0_q.3ssl.gz&path=//proc/thread-self/root/usr/share/man/man3 HTTP/1.1" 200 5751 "http://www.icdp.co.in/wp-sitemap.xml?path=//proc/thread-self/root/usr/share/man/man3" "Mozilla/5.0 AppleWebKit/537.36 (KHTML, like Gecko; compatible; GPTBot/1.3; +https://openai.com/gptbot)" 65 **0/65590**
74.7.227.26 - - [04/Mar/2026:05:47:19 -0700] "GET /wp-sitemap.xml?fileloc=//proc/thread-self/root/usr/share/man/man3/DH_set0_pqg.3ssl.gz&path=//proc/thread-self/root/usr/share/man/man3 HTTP/1.1" 200 5749 "http://www.icdp.co.in/wp-sitemap.xml?path=//proc/thread-self/root/usr/share/man/man3" "Mozilla/5.0 AppleWebKit/537.36 (KHTML, like Gecko; compatible; GPTBot/1.3; +https://openai.com/gptbot)" 62 **0/62359**
74.7.227.26 - - [04/Mar/2026:05:47:20 -0700] "GET /wp-sitemap.xml?fileloc=//proc/thread-self/root/usr/share/man/man3/SSL_add1_host.3ssl.gz&path=//proc/thread-self/root/usr/share/man/man3 HTTP/1.1" 200 5707 "http://www.icdp.co.in/wp-sitemap.xml?path=//proc/thread-self/root/usr/share/man/man3" "Mozilla/5.0 AppleWebKit/537.36 (KHTML, like Gecko; compatible; GPTBot/1.3; +https://openai.com/gptbot)" 67 **0/67897**
74.7.227.26 - - [04/Mar/2026:05:47:20 -0700] "GET /wp-sitemap.xml?fileloc=//proc/thread-self/root/usr/share/man/man3/PKCS7_free.3ssl.gz&path=//proc/thread-self/root/usr/share/man/man3 HTTP/1.1" 200 6021 "http://www.icdp.co.in/wp-sitemap.xml?path=//proc/thread-self/root/usr/share/man/man3" "Mozilla/5.0 AppleWebKit/537.36 (KHTML, like Gecko; compatible; GPTBot/1.3; +https://openai.com/gptbot)" 63 **0/63997**
74.7.227.26 - - [04/Mar/2026:05:47:21 -0700] "GET /wp-sitemap.xml?fileloc=//proc/thread-self/root/usr/share/man/man3/OBJ_nid2sn.3ssl.gz&path=//proc/thread-self/root/usr/share/man/man3 HTTP/1.1" 200 6319 "http://www.icdp.co.in/wp-sitemap.xml?path=//proc/thread-self/root/usr/share/man/man3" "Mozilla/5.0 AppleWebKit/537.36 (KHTML, like Gecko; compatible; GPTBot/1.3; +https://openai.com/gptbot)" 68 **0/68255**
74.7.227.26 - - [04/Mar/2026:05:47:21 -0700] "GET /wp-sitemap.xml?fileloc=//proc/thread-self/root/usr/share/man/man3/EVP_mdc2.3ssl.gz&path=//proc/thread-self/root/usr/share/man/man3 HTTP/1.1" 200 4583 "http://www.icdp.co.in/wp-sitemap.xml?path=//proc/thread-self/root/usr/share/man/man3" "Mozilla/5.0 AppleWebKit/537.36 (KHTML, like Gecko; compatible; GPTBot/1.3; +https://openai.com/gptbot)" 66 **0/66940**
74.7.227.26 - - [04/Mar/2026:05:47:22 -0700] "GET /wp-sitemap.xml?fileloc=//proc/thread-self/root/usr/share/man/man3/SSL_get0_param.3ssl.gz&path=//proc/thread-self/root/usr/share/man/man3 HTTP/1.1" 200 4693 "http://www.icdp.co.in/wp-sitemap.xml?path=//proc/thread-self/root/usr/share/man/man3" "Mozilla/5.0 AppleWebKit/537.36 (KHTML, like Gecko; compatible; GPTBot/1.3; +https://openai.com/gptbot)" 62 **0/62177**
74.7.227.26 - - [04/Mar/2026:05:47:22 -0700] "GET /wp-sitemap.xml?fileloc=//proc/thread-self/root/usr/share/man/man3/Net::POP3.3pm.gz&path=//proc/thread-self/root/usr/share/man/man3 HTTP/1.1" 200 6524 "http://www.icdp.co.in/wp-sitemap.xml?path=//proc/thread-self/root/usr/share/man/man3" "Mozilla/5.0 AppleWebKit/537.36 (KHTML, like Gecko; compatible; GPTBot/1.3; +https://openai.com/gptbot)" 72 **0/72715**
74.7.227.26 - - [04/Mar/2026:05:47:23 -0700] "GET /wp-sitemap.xml?fileloc=//proc/thread-self/root/usr/share/man/man3/EVP_chacha20.3ssl.gz&path=//proc/thread-self/root/usr/share/man/man3 HTTP/1.1" 200 4740 "http://www.icdp.co.in/wp-sitemap.xml?path=//proc/thread-self/root/usr/share/man/man3" "Mozilla/5.0 AppleWebKit/537.36 (KHTML, like Gecko; compatible; GPTBot/1.3; +https://openai.com/gptbot)" 70 **0/70668**
74.7.227.26 - - [04/Mar/2026:05:47:23 -0700] "GET /wp-sitemap.xml?fileloc=//proc/thread-self/root/usr/share/man/man3/OBJ_get0_data.3ssl.gz&path=//proc/thread-self/root/usr/share/man/man3 HTTP/1.1" 200 6244 "http://www.icdp.co.in/wp-sitemap.xml?path=//proc/thread-self/root/usr/share/man/man3" "Mozilla/5.0 AppleWebKit/537.36 (KHTML, like Gecko; compatible; GPTBot/1.3; +https://openai.com/gptbot)" 61 **0/61460**
74.7.227.26 - - [04/Mar/2026:05:47:24 -0700] "GET /wp-sitemap.xml?fileloc=//proc/thread-self/root/usr/share/man/man3/SSL_set1_host.3ssl.gz&path=//proc/thread-self/root/usr/share/man/man3 HTTP/1.1" 200 5707 "http://www.icdp.co.in/wp-sitemap.xml?path=//proc/thread-self/root/usr/share/man/man3" "Mozilla/5.0 AppleWebKit/537.36 (KHTML, like Gecko; compatible; GPTBot/1.3; +https://openai.com/gptbot)" 69 **0/69989**
74.7.227.26 - - [04/Mar/2026:05:47:24 -0700] "GET /wp-sitemap.xml?fileloc=//proc/thread-self/root/usr/share/man/man3/X509_up_ref.3ssl.gz&path=//proc/thread-self/root/usr/share/man/man3 HTTP/1.1" 200 4956 "http://www.icdp.co.in/wp-sitemap.xml?path=//proc/thread-self/root/usr/share/man/man3" "Mozilla/5.0 AppleWebKit/537.36 (KHTML, like Gecko; compatible; GPTBot/1.3; +https://openai.com/gptbot)" 75 **0/75330**
74.7.227.26 - - [04/Mar/2026:05:47:25 -0700] "GET /wp-sitemap.xml?fileloc=//proc/thread-self/root/usr/share/man/man3/XDrawText16.3.gz&path=//proc/thread-self/root/usr/share/man/man3 HTTP/1.1" 200 2390 "http://www.icdp.co.in/wp-sitemap.xml?path=//proc/thread-self/root/usr/share/man/man3" "Mozilla/5.0 AppleWebKit/537.36 (KHTML, like Gecko; compatible; GPTBot/1.3; +https://openai.com/gptbot)" 68 **0/68043**
74.7.227.26 - - [04/Mar/2026:05:47:25 -0700] "GET /wp-sitemap.xml?fileloc=//proc/thread-self/root/usr/share/man/man3/i2d_DHxparams.3ssl.gz&path=//proc/thread-self/root/usr/share/man/man3 HTTP/1.1" 200 8340 "http://www.icdp.co.in/wp-sitemap.xml?path=//proc/thread-self/root/usr/share/man/man3" "Mozilla/5.0 AppleWebKit/537.36 (KHTML, like Gecko; compatible; GPTBot/1.3; +https://openai.com/gptbot)" 68 **0/68205**
74.7.227.26 - - [04/Mar/2026:05:47:26 -0700] "GET /wp-sitemap.xml?fileloc=//proc/thread-self/root/usr/share/man/man3/d2i_ECParameters.3ssl.gz&path=//proc/thread-self/root/usr/share/man/man3 HTTP/1.1" 200 8342 "http://www.icdp.co.in/wp-sitemap.xml?path=//proc/thread-self/root/usr/share/man/man3" "Mozilla/5.0 AppleWebKit/537.36 (KHTML, like Gecko; compatible; GPTBot/1.3; +https://openai.com/gptbot)" 59 **0/59678**
74.7.227.26 - - [04/Mar/2026:05:47:26 -0700] "GET /wp-sitemap.xml?fileloc=//proc/thread-self/root/usr/share/man/man3/Compress::Bzip2.3pm.gz&path=//proc/thread-self/root/usr/share/man/man3 HTTP/1.1" 200 10765 "http://www.icdp.co.in/wp-sitemap.xml?path=//proc/thread-self/root/usr/share/man/man3" "Mozilla/5.0 AppleWebKit/537.36 (KHTML, like Gecko; compatible; GPTBot/1.3; +https://openai.com/gptbot)" 69 **0/69736**
144.76.32.236 - - [04/Mar/2026:05:47:26 -0700] "GET /los-simbolos-especiales-suelen-expandirse-por-las-rodillos-asi%ef%bf%bd-como-activan-los-bonos-de-giros-gratuitos/ HTTP/1.1" 200 5663 "-" "Mozilla/5.0 (compatible; SERankingBacklinksBot/1.0; +https://seranking.com/backlinks-crawler)" 47 **0/47776**
74.7.227.26 - - [04/Mar/2026:05:47:27 -0700] "GET /wp-sitemap.xml?fileloc=//proc/thread-self/root/usr/share/man/man3/CMS_add1_crl.3ssl.gz&path=//proc/thread-self/root/usr/share/man/man3 HTTP/1.1" 200 4828 "http://www.icdp.co.in/wp-sitemap.xml?path=//proc/thread-self/root/usr/share/man/man3" "Mozilla/5.0 AppleWebKit/537.36 (KHTML, like Gecko; compatible; GPTBot/1.3; +https://openai.com/gptbot)" 62 **0/62968**
74.7.227.26 - - [04/Mar/2026:05:47:27 -0700] "GET /wp-sitemap.xml?fileloc=//proc/thread-self/root/usr/share/man/man3/SSL_set1_chain.3ssl.gz&path=//proc/thread-self/root/usr/share/man/man3 HTTP/1.1" 200 6091 "http://www.icdp.co.in/wp-sitemap.xml?path=//proc/thread-self/root/usr/share/man/man3" "Mozilla/5.0 AppleWebKit/537.36 (KHTML, like Gecko; compatible; GPTBot/1.3; +https://openai.com/gptbot)" 66 **0/66499**
74.7.227.26 - - [04/Mar/2026:05:47:28 -0700] "GET /wp-sitemap.xml?fileloc=//proc/thread-self/root/usr/share/man/man3/BN_mpi2bn.3ssl.gz&path=//proc/thread-self/root/usr/share/man/man3 HTTP/1.1" 200 5492 "http://www.icdp.co.in/wp-sitemap.xml?path=//proc/thread-self/root/usr/share/man/man3" "Mozilla/5.0 AppleWebKit/537.36 (KHTML, like Gecko; compatible; GPTBot/1.3; +https://openai.com/gptbot)" 79 **0/79838**
74.7.227.26 - - [04/Mar/2026:05:47:28 -0700] "GET /wp-sitemap.xml?fileloc=//proc/thread-self/root/usr/share/man/man3/BN_lshift1.3ssl.gz&path=//proc/thread-self/root/usr/share/man/man3 HTTP/1.1" 200 4787 "http://www.icdp.co.in/wp-sitemap.xml?path=//proc/thread-self/root/usr/share/man/man3" "Mozilla/5.0 AppleWebKit/537.36 (KHTML, like Gecko; compatible; GPTBot/1.3; +https://openai.com/gptbot)" 70 **0/70650**
74.7.227.26 - - [04/Mar/2026:05:47:29 -0700] "GET /wp-sitemap.xml?fileloc=//proc/thread-self/root/usr/share/man/man3/DH_get0_engine.3ssl.gz&path=//proc/thread-self/root/usr/share/man/man3 HTTP/1.1" 200 5753 "http://www.icdp.co.in/wp-sitemap.xml?path=//proc/thread-self/root/usr/share/man/man3" "Mozilla/5.0 AppleWebKit/537.36 (KHTML, like Gecko; compatible; GPTBot/1.3; +https://openai.com/gptbot)" 55 **0/55589**
74.7.227.26 - - [04/Mar/2026:05:47:30 -0700] "GET /wp-sitemap.xml?fileloc=//proc/thread-self/root/usr/share/man/man3/X509_delete_ext.3ssl.gz&path=//proc/thread-self/root/usr/share/man/man3 HTTP/1.1" 200 5595 "http://www.icdp.co.in/wp-sitemap.xml?path=//proc/thread-self/root/usr/share/man/man3" "Mozilla/5.0 AppleWebKit/537.36 (KHTML, like Gecko; compatible; GPTBot/1.3; +https://openai.com/gptbot)" 67 **0/67402**
74.7.227.26 - - [04/Mar/2026:05:47:30 -0700] "GET /wp-sitemap.xml?fileloc=//proc/thread-self/root/usr/share/man/man3/RSA_get0_n.3ssl.gz&path=//proc/thread-self/root/usr/share/man/man3 HTTP/1.1" 200 6204 "http://www.icdp.co.in/wp-sitemap.xml?path=//proc/thread-self/root/usr/share/man/man3" "Mozilla/5.0 AppleWebKit/537.36 (KHTML, like Gecko; compatible; GPTBot/1.3; +https://openai.com/gptbot)" 70 **0/70399**
74.7.227.26 - - [04/Mar/2026:05:47:31 -0700] "GET /wp-sitemap.xml?fileloc=//proc/thread-self/root/usr/share/man/man3/DH_get0_p.3ssl.gz&path=//proc/thread-self/root/usr/share/man/man3 HTTP/1.1" 200 5750 "http://www.icdp.co.in/wp-sitemap.xml?path=//proc/thread-self/root/usr/share/man/man3" "Mozilla/5.0 AppleWebKit/537.36 (KHTML, like Gecko; compatible; GPTBot/1.3; +https://openai.com/gptbot)" 72 **0/72709**
98.98.33.73 - - [04/Mar/2026:05:47:31 -0700] "POST /xmlrpc.php HTTP/1.1" 200 127968 "-" "Mozilla/5.0 (Windows NT 10.0; Win64; x64) AppleWebKit/537.36 (KHTML, like Gecko) Chrome/114.0.0.0 Safari/537.36" 50 **0/50380**
57.141.2.61 - - [04/Mar/2026:05:47:31 -0700] "GET /50-or-higher-no-deposit-bonuses-having-united-states-of-america-players/feed/ HTTP/1.1" 200 127968 "-" "meta-externalagent/1.1 (+https://developers.facebook.com/docs/sharing/webmasters/crawler)" 55 **0/55892**
74.7.227.26 - - [04/Mar/2026:05:47:31 -0700] "GET /wp-sitemap.xml?fileloc=//proc/thread-self/root/usr/share/man/man3/Test2::Util.3pm.gz&path=//proc/thread-self/root/usr/share/man/man3 HTTP/1.1" 200 5251 "http://www.icdp.co.in/wp-sitemap.xml?path=//proc/thread-self/root/usr/share/man/man3" "Mozilla/5.0 AppleWebKit/537.36 (KHTML, like Gecko; compatible; GPTBot/1.3; +https://openai.com/gptbot)" 62 **0/62076**
74.7.227.26 - - [04/Mar/2026:05:47:32 -0700] "GET /wp-sitemap.xml?fileloc=//proc/thread-self/root/usr/share/man/man3/d2i_DSAparams.3ssl.gz&path=//proc/thread-self/root/usr/share/man/man3 HTTP/1.1" 200 8341 "http://www.icdp.co.in/wp-sitemap.xml?path=//proc/thread-self/root/usr/share/man/man3" "Mozilla/5.0 AppleWebKit/537.36 (KHTML, like Gecko; compatible; GPTBot/1.3; +https://openai.com/gptbot)" 73 **0/73700**
74.7.227.26 - - [04/Mar/2026:05:47:32 -0700] "GET /wp-sitemap.xml?fileloc=//proc/thread-self/root/usr/share/man/man3/FcUtf16Len.3.gz&path=//proc/thread-self/root/usr/share/man/man3 HTTP/1.1" 200 2835 "http://www.icdp.co.in/wp-sitemap.xml?path=//proc/thread-self/root/usr/share/man/man3" "Mozilla/5.0 AppleWebKit/537.36 (KHTML, like Gecko; compatible; GPTBot/1.3; +https://openai.com/gptbot)" 76 **0/76735**
98.98.33.73 - - [04/Mar/2026:05:47:32 -0700] "POST /xmlrpc.php HTTP/1.1" 200 127968 "-" "Mozilla/5.0 (Windows NT 10.0; Win64; x64) AppleWebKit/537.36 (KHTML, like Gecko) Chrome/114.0.0.0 Safari/537.36" 59 **0/59484**
74.7.227.26 - - [04/Mar/2026:05:47:33 -0700] "GET /wp-sitemap.xml?fileloc=//proc/thread-self/root/usr/share/man/man3/OBJ_ln2nid.3ssl.gz&path=//proc/thread-self/root/usr/share/man/man3 HTTP/1.1" 200 6319 "http://www.icdp.co.in/wp-sitemap.xml?path=//proc/thread-self/root/usr/share/man/man3" "Mozilla/5.0 AppleWebKit/537.36 (KHTML, like Gecko; compatible; GPTBot/1.3; +https://openai.com/gptbot)" 69 **0/69161**
74.7.227.26 - - [04/Mar/2026:05:47:33 -0700] "GET /wp-sitemap.xml?fileloc=//proc/thread-self/root/usr/share/man/man3/MD5_Init.3ssl.gz&path=//proc/thread-self/root/usr/share/man/man3 HTTP/1.1" 200 5006 "http://www.icdp.co.in/wp-sitemap.xml?path=//proc/thread-self/root/usr/share/man/man3" "Mozilla/5.0 AppleWebKit/537.36 (KHTML, like Gecko; compatible; GPTBot/1.3; +https://openai.com/gptbot)" 57 **0/57296**
144.76.32.236 - - [04/Mar/2026:05:47:33 -0700] "GET /conformemente-il-sviluppo-assenso-dai-principali-benefici-offerti-ci-vuole-operare-il-parere-e-unautorita-austero/ HTTP/1.1" 200 5663 "-" "Mozilla/5.0 (compatible; SERankingBacklinksBot/1.0; +https://seranking.com/backlinks-crawler)" 43 **0/43912**
74.7.227.26 - - [04/Mar/2026:05:47:34 -0700] "GET /wp-sitemap.xml?fileloc=//proc/thread-self/root/usr/share/man/man3/Test2::Formatter.3pm.gz&path=//proc/thread-self/root/usr/share/man/man3 HTTP/1.1" 200 4616 "http://www.icdp.co.in/wp-sitemap.xml?path=//proc/thread-self/root/usr/share/man/man3" "Mozilla/5.0 AppleWebKit/537.36 (KHTML, like Gecko; compatible; GPTBot/1.3; +https://openai.com/gptbot)" 62 **0/62329**
57.141.2.65 - - [04/Mar/2026:05:47:34 -0700] "GET /this-economic-exchange-does-not-feeling-our-advice-pointers-critiques-or-studies/feed/ HTTP/1.1" 200 127968 "-" "meta-externalagent/1.1 (+https://developers.facebook.com/docs/sharing/webmasters/crawler)" 49 **0/49169**
74.7.227.26 - - [04/Mar/2026:05:47:34 -0700] "GET /wp-sitemap.xml?fileloc=//proc/thread-self/root/usr/share/man/man3/EVP_sm3.3ssl.gz&path=//proc/thread-self/root/usr/share/man/man3 HTTP/1.1" 200 4551 "http://www.icdp.co.in/wp-sitemap.xml?path=//proc/thread-self/root/usr/share/man/man3" "Mozilla/5.0 AppleWebKit/537.36 (KHTML, like Gecko; compatible; GPTBot/1.3; +https://openai.com/gptbot)" 72 **0/72981**
74.7.227.26 - - [04/Mar/2026:05:47:35 -0700] "GET /wp-sitemap.xml?fileloc=//proc/thread-self/root/usr/share/man/man3/SSL_set1_sigalgs.3ssl.gz&path=//proc/thread-self/root/usr/share/man/man3 HTTP/1.1" 200 5539 "http://www.icdp.co.in/wp-sitemap.xml?path=//proc/thread-self/root/usr/share/man/man3" "Mozilla/5.0 AppleWebKit/537.36 (KHTML, like Gecko; compatible; GPTBot/1.3; +https://openai.com/gptbot)" 71 **0/71824**
74.7.227.26 - - [04/Mar/2026:05:47:35 -0700] "GET /wp-sitemap.xml?fileloc=//proc/thread-self/root/usr/share/man/man3/MD4_Final.3ssl.gz&path=//proc/thread-self/root/usr/share/man/man3 HTTP/1.1" 200 5009 "http://www.icdp.co.in/wp-sitemap.xml?path=//proc/thread-self/root/usr/share/man/man3" "Mozilla/5.0 AppleWebKit/537.36 (KHTML, like Gecko; compatible; GPTBot/1.3; +https://openai.com/gptbot)" 61 **0/61055**
74.7.227.26 - - [04/Mar/2026:05:47:36 -0700] "GET /wp-sitemap.xml?fileloc=//proc/thread-self/root/usr/share/man/man3/X509_new.3ssl.gz&path=//proc/thread-self/root/usr/share/man/man3 HTTP/1.1" 200 4953 "http://www.icdp.co.in/wp-sitemap.xml?path=//proc/thread-self/root/usr/share/man/man3" "Mozilla/5.0 AppleWebKit/537.36 (KHTML, like Gecko; compatible; GPTBot/1.3; +https://openai.com/gptbot)" 62 **0/62192**
74.7.227.26 - - [04/Mar/2026:05:47:36 -0700] "GET /wp-sitemap.xml?fileloc=//proc/thread-self/root/usr/share/man/man3/MD4_Update.3ssl.gz&path=//proc/thread-self/root/usr/share/man/man3 HTTP/1.1" 200 5012 "http://www.icdp.co.in/wp-sitemap.xml?path=//proc/thread-self/root/usr/share/man/man3" "Mozilla/5.0 AppleWebKit/537.36 (KHTML, like Gecko; compatible; GPTBot/1.3; +https://openai.com/gptbot)" 53 **0/53893**
144.76.32.236 - - [04/Mar/2026:05:47:37 -0700] "GET /agent-jane-blond-productivity-slot-opinion-96-forty-fivepercent-slot-machine-koi-gate-online-rtp-microgaming-2025/ HTTP/1.1" 200 5663 "-" "Mozilla/5.0 (compatible; SERankingBacklinksBot/1.0; +https://seranking.com/backlinks-crawler)" 54 **0/54864**
74.7.227.26 - - [04/Mar/2026:05:47:37 -0700] "GET /wp-sitemap.xml?fileloc=//proc/thread-self/root/usr/share/man/man3/BN_bn2dec.3ssl.gz&path=//proc/thread-self/root/usr/share/man/man3 HTTP/1.1" 200 5492 "http://www.icdp.co.in/wp-sitemap.xml?path=//proc/thread-self/root/usr/share/man/man3" "Mozilla/5.0 AppleWebKit/537.36 (KHTML, like Gecko; compatible; GPTBot/1.3; +https://openai.com/gptbot)" 64 **0/64288**
74.7.227.26 - - [04/Mar/2026:05:47:37 -0700] "GET /wp-sitemap.xml?fileloc=//proc/thread-self/root/usr/share/man/man3/UI_get0_result.3ssl.gz&path=//proc/thread-self/root/usr/share/man/man3 HTTP/1.1" 200 7404 "http://www.icdp.co.in/wp-sitemap.xml?path=//proc/thread-self/root/usr/share/man/man3" "Mozilla/5.0 AppleWebKit/537.36 (KHTML, like Gecko; compatible; GPTBot/1.3; +https://openai.com/gptbot)" 57 **0/57402**
74.7.227.26 - - [04/Mar/2026:05:47:38 -0700] "GET /wp-sitemap.xml?fileloc=//proc/thread-self/root/usr/share/man/man3/BN_bn2lebinpad.3ssl.gz&path=//proc/thread-self/root/usr/share/man/man3 HTTP/1.1" 200 5494 "http://www.icdp.co.in/wp-sitemap.xml?path=//proc/thread-self/root/usr/share/man/man3" "Mozilla/5.0 AppleWebKit/537.36 (KHTML, like Gecko; compatible; GPTBot/1.3; +https://openai.com/gptbot)" 75 **0/75494**
74.7.227.26 - - [04/Mar/2026:05:47:38 -0700] "GET /wp-sitemap.xml?fileloc=//proc/thread-self/root/usr/share/man/man3/EVP_sm4_ctr.3ssl.gz&path=//proc/thread-self/root/usr/share/man/man3 HTTP/1.1" 200 4635 "http://www.icdp.co.in/wp-sitemap.xml?path=//proc/thread-self/root/usr/share/man/man3" "Mozilla/5.0 AppleWebKit/537.36 (KHTML, like Gecko; compatible; GPTBot/1.3; +https://openai.com/gptbot)" 56 **0/56851**
74.7.227.26 - - [04/Mar/2026:05:47:39 -0700] "GET /wp-sitemap.xml?fileloc=//proc/thread-self/root/usr/share/man/man3/MD2_Init.3ssl.gz&path=//proc/thread-self/root/usr/share/man/man3 HTTP/1.1" 200 5006 "http://www.icdp.co.in/wp-sitemap.xml?path=//proc/thread-self/root/usr/share/man/man3" "Mozilla/5.0 AppleWebKit/537.36 (KHTML, like Gecko; compatible; GPTBot/1.3; +https://openai.com/gptbot)" 56 **0/56926**
74.7.227.26 - - [04/Mar/2026:05:47:39 -0700] "GET /wp-sitemap.xml?fileloc=//proc/thread-self/root/usr/share/man/man3/X509_cmp_time.3ssl.gz&path=//proc/thread-self/root/usr/share/man/man3 HTTP/1.1" 200 4767 "http://www.icdp.co.in/wp-sitemap.xml?path=//proc/thread-self/root/usr/share/man/man3" "Mozilla/5.0 AppleWebKit/537.36 (KHTML, like Gecko; compatible; GPTBot/1.3; +https://openai.com/gptbot)" 56 **0/56178**
74.7.227.26 - - [04/Mar/2026:05:47:40 -0700] "GET /wp-sitemap.xml?fileloc=//proc/thread-self/root/usr/share/man/man3/d2i_ASRange.3ssl.gz&path=//proc/thread-self/root/usr/share/man/man3 HTTP/1.1" 200 8337 "http://www.icdp.co.in/wp-sitemap.xml?path=//proc/thread-self/root/usr/share/man/man3" "Mozilla/5.0 AppleWebKit/537.36 (KHTML, like Gecko; compatible; GPTBot/1.3; +https://openai.com/gptbot)" 67 **0/67265**
74.7.227.26 - - [04/Mar/2026:05:47:41 -0700] "GET /wp-sitemap.xml?fileloc=//proc/thread-self/root/usr/share/man/man3/SSLv3_method.3ssl.gz&path=//proc/thread-self/root/usr/share/man/man3 HTTP/1.1" 200 6205 "http://www.icdp.co.in/wp-sitemap.xml?path=//proc/thread-self/root/usr/share/man/man3" "Mozilla/5.0 AppleWebKit/537.36 (KHTML, like Gecko; compatible; GPTBot/1.3; +https://openai.com/gptbot)" 62 **0/62940**
74.7.227.26 - - [04/Mar/2026:05:47:41 -0700] "GET /wp-sitemap.xml?fileloc=//proc/thread-self/root/usr/share/man/man3/XTextItem16.3.gz&path=//proc/thread-self/root/usr/share/man/man3 HTTP/1.1" 200 2390 "http://www.icdp.co.in/wp-sitemap.xml?path=//proc/thread-self/root/usr/share/man/man3" "Mozilla/5.0 AppleWebKit/537.36 (KHTML, like Gecko; compatible; GPTBot/1.3; +https://openai.com/gptbot)" 49 **0/49816**
74.7.227.26 - - [04/Mar/2026:05:47:42 -0700] "GET /wp-sitemap.xml?fileloc=//proc/thread-self/root/usr/share/man/man3/SSLv23_method.3ssl.gz&path=//proc/thread-self/root/usr/share/man/man3 HTTP/1.1" 200 6206 "http://www.icdp.co.in/wp-sitemap.xml?path=//proc/thread-self/root/usr/share/man/man3" "Mozilla/5.0 AppleWebKit/537.36 (KHTML, like Gecko; compatible; GPTBot/1.3; +https://openai.com/gptbot)" 55 **0/55852**
74.7.227.26 - - [04/Mar/2026:05:47:42 -0700] "GET /wp-sitemap.xml?fileloc=//proc/thread-self/root/usr/share/man/man3/SSL_set1_curves.3ssl.gz&path=//proc/thread-self/root/usr/share/man/man3 HTTP/1.1" 200 5348 "http://www.icdp.co.in/wp-sitemap.xml?path=//proc/thread-self/root/usr/share/man/man3" "Mozilla/5.0 AppleWebKit/537.36 (KHTML, like Gecko; compatible; GPTBot/1.3; +https://openai.com/gptbot)" 59 **0/59039**
74.7.227.26 - - [04/Mar/2026:05:47:43 -0700] "GET /wp-sitemap.xml?fileloc=//proc/thread-self/root/usr/share/man/man3/MD4_Init.3ssl.gz&path=//proc/thread-self/root/usr/share/man/man3 HTTP/1.1" 200 5006 "http://www.icdp.co.in/wp-sitemap.xml?path=//proc/thread-self/root/usr/share/man/man3" "Mozilla/5.0 AppleWebKit/537.36 (KHTML, like Gecko; compatible; GPTBot/1.3; +https://openai.com/gptbot)" 55 **0/55439**
74.7.227.26 - - [04/Mar/2026:05:47:43 -0700] "GET /wp-sitemap.xml?fileloc=//proc/thread-self/root/usr/share/man/man3/MD5_Update.3ssl.gz&path=//proc/thread-self/root/usr/share/man/man3 HTTP/1.1" 200 5012 "http://www.icdp.co.in/wp-sitemap.xml?path=//proc/thread-self/root/usr/share/man/man3" "Mozilla/5.0 AppleWebKit/537.36 (KHTML, like Gecko; compatible; GPTBot/1.3; +https://openai.com/gptbot)" 54 **0/54309**
144.76.32.236 - - [04/Mar/2026:05:47:43 -0700] "GET /genau-so-wie-vermogen-die-kunden-umherwandern-gewinne-ihres-50-eur-bonus-blank-einzahlung-amortisieren-bewilligen/ HTTP/1.1" 200 5663 "-" "Mozilla/5.0 (compatible; SERankingBacklinksBot/1.0; +https://seranking.com/backlinks-crawler)" 48 **0/48638**
74.7.227.26 - - [04/Mar/2026:05:47:44 -0700] "GET /wp-sitemap.xml?fileloc=//proc/thread-self/root/usr/share/man/man3/OBJ_nid2ln.3ssl.gz&path=//proc/thread-self/root/usr/share/man/man3 HTTP/1.1" 200 6319 "http://www.icdp.co.in/wp-sitemap.xml?path=//proc/thread-self/root/usr/share/man/man3" "Mozilla/5.0 AppleWebKit/537.36 (KHTML, like Gecko; compatible; GPTBot/1.3; +https://openai.com/gptbot)" 60 **0/60578**
74.7.227.26 - - [04/Mar/2026:05:47:44 -0700] "GET /wp-sitemap.xml?fileloc=//proc/thread-self/root/usr/share/man/man3/X509_sign.3ssl.gz&path=//proc/thread-self/root/usr/share/man/man3 HTTP/1.1" 200 5203 "http://www.icdp.co.in/wp-sitemap.xml?path=//proc/thread-self/root/usr/share/man/man3" "Mozilla/5.0 AppleWebKit/537.36 (KHTML, like Gecko; compatible; GPTBot/1.3; +https://openai.com/gptbot)" 67 **0/67540**
74.7.227.26 - - [04/Mar/2026:05:47:45 -0700] "GET /wp-sitemap.xml?fileloc=//proc/thread-self/root/usr/share/man/man3/EVP_md4.3ssl.gz&path=//proc/thread-self/root/usr/share/man/man3 HTTP/1.1" 200 4599 "http://www.icdp.co.in/wp-sitemap.xml?path=//proc/thread-self/root/usr/share/man/man3" "Mozilla/5.0 AppleWebKit/537.36 (KHTML, like Gecko; compatible; GPTBot/1.3; +https://openai.com/gptbot)" 54 **0/54605**
74.7.241.175 - - [04/Mar/2026:05:47:45 -0700] "GET /robots.txt HTTP/1.1" 200 4676 "-" "Mozilla/5.0 (Macintosh; Intel Mac OS X 10_15_7) AppleWebKit/537.36 (KHTML, like Gecko) Chrome/131.0.0.0 Safari/537.36; compatible; OAI-SearchBot/1.3; robots.txt; +https://openai.com/searchbot" 47 **0/47794**
74.7.227.26 - - [04/Mar/2026:05:47:45 -0700] "GET /wp-sitemap.xml?fileloc=//proc/thread-self/root/usr/share/man/man3/BN_dec2bn.3ssl.gz&path=//proc/thread-self/root/usr/share/man/man3 HTTP/1.1" 200 5492 "http://www.icdp.co.in/wp-sitemap.xml?path=//proc/thread-self/root/usr/share/man/man3" "Mozilla/5.0 AppleWebKit/537.36 (KHTML, like Gecko; compatible; GPTBot/1.3; +https://openai.com/gptbot)" 55 **0/55711**
74.7.227.26 - - [04/Mar/2026:05:47:46 -0700] "GET /wp-sitemap.xml?fileloc=//proc/thread-self/root/usr/share/man/man3/SSL_set0_rbio.3ssl.gz&path=//proc/thread-self/root/usr/share/man/man3 HTTP/1.1" 200 5105 "http://www.icdp.co.in/wp-sitemap.xml?path=//proc/thread-self/root/usr/share/man/man3" "Mozilla/5.0 AppleWebKit/537.36 (KHTML, like Gecko; compatible; GPTBot/1.3; +https://openai.com/gptbot)" 55 **0/55359**
74.7.227.26 - - [04/Mar/2026:05:47:46 -0700] "GET /wp-sitemap.xml?fileloc=//proc/thread-self/root/usr/share/man/man3/CMS_get1_certs.3ssl.gz&path=//proc/thread-self/root/usr/share/man/man3 HTTP/1.1" 200 4832 "http://www.icdp.co.in/wp-sitemap.xml?path=//proc/thread-self/root/usr/share/man/man3" "Mozilla/5.0 AppleWebKit/537.36 (KHTML, like Gecko; compatible; GPTBot/1.3; +https://openai.com/gptbot)" 51 **0/51057**
144.76.32.236 - - [04/Mar/2026:05:47:47 -0700] "GET /corrente-significa-quale-molti-settori-beneficiano-di-qualsiasi-modo-di-rimessa-totale-il-inganno-dazzardo-online/ HTTP/1.1" 200 5663 "-" "Mozilla/5.0 (compatible; SERankingBacklinksBot/1.0; +https://seranking.com/backlinks-crawler)" 39 **0/39415**
74.7.227.26 - - [04/Mar/2026:05:47:47 -0700] "GET /wp-sitemap.xml?fileloc=//proc/thread-self/root/usr/share/man/man3/CMS_add0_cert.3ssl.gz&path=//proc/thread-self/root/usr/share/man/man3 HTTP/1.1" 200 4829 "http://www.icdp.co.in/wp-sitemap.xml?path=//proc/thread-self/root/usr/share/man/man3" "Mozilla/5.0 AppleWebKit/537.36 (KHTML, like Gecko; compatible; GPTBot/1.3; +https://openai.com/gptbot)" 50 **0/50863**
74.7.227.26 - - [04/Mar/2026:05:47:47 -0700] "GET /wp-sitemap.xml?fileloc=//proc/thread-self/root/usr/share/man/man3/d2i_DHparams.3ssl.gz&path=//proc/thread-self/root/usr/share/man/man3 HTTP/1.1" 200 4567 "http://www.icdp.co.in/wp-sitemap.xml?path=//proc/thread-self/root/usr/share/man/man3" "Mozilla/5.0 AppleWebKit/537.36 (KHTML, like Gecko; compatible; GPTBot/1.3; +https://openai.com/gptbot)" 49 **0/49306**
74.7.227.26 - - [04/Mar/2026:05:47:48 -0700] "GET /wp-sitemap.xml?fileloc=//proc/thread-self/root/usr/share/man/man3/X509_digest.3ssl.gz&path=//proc/thread-self/root/usr/share/man/man3 HTTP/1.1" 200 4674 "http://www.icdp.co.in/wp-sitemap.xml?path=//proc/thread-self/root/usr/share/man/man3" "Mozilla/5.0 AppleWebKit/537.36 (KHTML, like Gecko; compatible; GPTBot/1.3; +https://openai.com/gptbot)" 48 **0/48539**
74.7.227.26 - - [04/Mar/2026:05:47:49 -0700] "GET /wp-sitemap.xml?fileloc=//proc/thread-self/root/usr/share/man/man3/SSL_get1_groups.3ssl.gz&path=//proc/thread-self/root/usr/share/man/man3 HTTP/1.1" 200 5348 "http://www.icdp.co.in/wp-sitemap.xml?path=//proc/thread-self/root/usr/share/man/man3" "Mozilla/5.0 AppleWebKit/537.36 (KHTML, like Gecko; compatible; GPTBot/1.3; +https://openai.com/gptbot)" 63 **0/63965**
74.7.227.26 - - [04/Mar/2026:05:47:49 -0700] "GET /wp-sitemap.xml?fileloc=//proc/thread-self/root/usr/share/man/man3/Test2::Event.3pm.gz&path=//proc/thread-self/root/usr/share/man/man3 HTTP/1.1" 200 8597 "http://www.icdp.co.in/wp-sitemap.xml?path=//proc/thread-self/root/usr/share/man/man3" "Mozilla/5.0 AppleWebKit/537.36 (KHTML, like Gecko; compatible; GPTBot/1.3; +https://openai.com/gptbot)" 58 **0/58884**
74.7.227.26 - - [04/Mar/2026:05:47:50 -0700] "GET /wp-sitemap.xml?fileloc=//proc/thread-self/root/usr/share/man/man3/Test2::Hub.3pm.gz&path=//proc/thread-self/root/usr/share/man/man3 HTTP/1.1" 200 6923 "http://www.icdp.co.in/wp-sitemap.xml?path=//proc/thread-self/root/usr/share/man/man3" "Mozilla/5.0 AppleWebKit/537.36 (KHTML, like Gecko; compatible; GPTBot/1.3; +https://openai.com/gptbot)" 50 **0/50470**
144.76.32.236 - - [04/Mar/2026:05:47:50 -0700] "GET /alice-in-wonderland-spelautomat-att-forsoka-avgiftsfri-i-wmss-casinoluck-casino-valkomsterbjudande-online-casinos/ HTTP/1.1" 200 5663 "-" "Mozilla/5.0 (compatible; SERankingBacklinksBot/1.0; +https://seranking.com/backlinks-crawler)" 45 **0/45446**
74.7.227.26 - - [04/Mar/2026:05:47:50 -0700] "GET /wp-sitemap.xml?fileloc=//proc/thread-self/root/usr/share/man/man3/X509_set_version.3ssl.gz&path=//proc/thread-self/root/usr/share/man/man3 HTTP/1.1" 200 4865 "http://www.icdp.co.in/wp-sitemap.xml?path=//proc/thread-self/root/usr/share/man/man3" "Mozilla/5.0 AppleWebKit/537.36 (KHTML, like Gecko; compatible; GPTBot/1.3; +https://openai.com/gptbot)" 47 **0/47909**
74.7.227.26 - - [04/Mar/2026:05:47:51 -0700] "GET /wp-sitemap.xml?fileloc=//proc/thread-self/root/usr/share/man/man3/CMS_add1_cert.3ssl.gz&path=//proc/thread-self/root/usr/share/man/man3 HTTP/1.1" 200 4829 "http://www.icdp.co.in/wp-sitemap.xml?path=//proc/thread-self/root/usr/share/man/man3" "Mozilla/5.0 AppleWebKit/537.36 (KHTML, like Gecko; compatible; GPTBot/1.3; +https://openai.com/gptbot)" 56 **0/56146**
74.7.227.26 - - [04/Mar/2026:05:47:51 -0700] "GET /wp-sitemap.xml?fileloc=//proc/thread-self/root/usr/share/man/man3/XTextExtents16.3.gz&path=//proc/thread-self/root/usr/share/man/man3 HTTP/1.1" 200 2392 "http://www.icdp.co.in/wp-sitemap.xml?path=//proc/thread-self/root/usr/share/man/man3" "Mozilla/5.0 AppleWebKit/537.36 (KHTML, like Gecko; compatible; GPTBot/1.3; +https://openai.com/gptbot)" 55 **0/55802**
74.7.227.26 - - [04/Mar/2026:05:47:52 -0700] "GET /wp-sitemap.xml?fileloc=//proc/thread-self/root/usr/share/man/man3/OBJ_sn2nid.3ssl.gz&path=//proc/thread-self/root/usr/share/man/man3 HTTP/1.1" 200 6319 "http://www.icdp.co.in/wp-sitemap.xml?path=//proc/thread-self/root/usr/share/man/man3" "Mozilla/5.0 AppleWebKit/537.36 (KHTML, like Gecko; compatible; GPTBot/1.3; +https://openai.com/gptbot)" 59 **0/59053**
74.7.227.26 - - [04/Mar/2026:05:47:52 -0700] "GET /wp-sitemap.xml?fileloc=//proc/thread-self/root/usr/share/man/man3/CMS_get1_crls.3ssl.gz&path=//proc/thread-self/root/usr/share/man/man3 HTTP/1.1" 200 4831 "http://www.icdp.co.in/wp-sitemap.xml?path=//proc/thread-self/root/usr/share/man/man3" "Mozilla/5.0 AppleWebKit/537.36 (KHTML, like Gecko; compatible; GPTBot/1.3; +https://openai.com/gptbot)" 60 **0/60057**
74.7.227.26 - - [04/Mar/2026:05:47:53 -0700] "GET /wp-sitemap.xml?fileloc=//proc/thread-self/root/usr/share/man/man3/DH_get0_g.3ssl.gz&path=//proc/thread-self/root/usr/share/man/man3 HTTP/1.1" 200 5750 "http://www.icdp.co.in/wp-sitemap.xml?path=//proc/thread-self/root/usr/share/man/man3" "Mozilla/5.0 AppleWebKit/537.36 (KHTML, like Gecko; compatible; GPTBot/1.3; +https://openai.com/gptbot)" 51 **0/51052**
144.76.32.236 - - [04/Mar/2026:05:47:53 -0700] "GET /mas-grandes-casinos-online-attila-play-de-tragamonedas-por-dinero-real-con-juegos-novomatic-acerca-de-espana-2025/ HTTP/1.1" 200 5663 "-" "Mozilla/5.0 (compatible; SERankingBacklinksBot/1.0; +https://seranking.com/backlinks-crawler)" 50 **0/50658**
74.7.227.26 - - [04/Mar/2026:05:47:53 -0700] "GET /wp-sitemap.xml?fileloc=//proc/thread-self/root/usr/share/man/man3/XDrawString16.3.gz&path=//proc/thread-self/root/usr/share/man/man3 HTTP/1.1" 200 2392 "http://www.icdp.co.in/wp-sitemap.xml?path=//proc/thread-self/root/usr/share/man/man3" "Mozilla/5.0 AppleWebKit/537.36 (KHTML, like Gecko; compatible; GPTBot/1.3; +https://openai.com/gptbot)" 57 **0/57973**
57.141.2.65 - - [04/Mar/2026:05:47:53 -0700] "GET /wp-json/wp/v2/posts/150131 HTTP/1.1" 200 127968 "-" "meta-externalagent/1.1 (+https://developers.facebook.com/docs/sharing/webmasters/crawler)" 40 **0/40678**
74.7.227.26 - - [04/Mar/2026:05:47:54 -0700] "GET /wp-sitemap.xml?fileloc=//proc/thread-self/root/usr/share/man/man3/BN_bn2mpi.3ssl.gz&path=//proc/thread-self/root/usr/share/man/man3 HTTP/1.1" 200 5492 "http://www.icdp.co.in/wp-sitemap.xml?path=//proc/thread-self/root/usr/share/man/man3" "Mozilla/5.0 AppleWebKit/537.36 (KHTML, like Gecko; compatible; GPTBot/1.3; +https://openai.com/gptbot)" 59 **0/59837**
74.7.227.26 - - [04/Mar/2026:05:47:54 -0700] "GET /wp-sitemap.xml?fileloc=//proc/thread-self/root/usr/share/man/man3/X509_free.3ssl.gz&path=//proc/thread-self/root/usr/share/man/man3 HTTP/1.1" 200 4956 "http://www.icdp.co.in/wp-sitemap.xml?path=//proc/thread-self/root/usr/share/man/man3" "Mozilla/5.0 AppleWebKit/537.36 (KHTML, like Gecko; compatible; GPTBot/1.3; +https://openai.com/gptbot)" 56 **0/56976**
74.7.227.26 - - [04/Mar/2026:05:47:55 -0700] "GET /wp-sitemap.xml?fileloc=//proc/thread-self/root/usr/share/man/man3/RSA_set0_factors.3ssl.gz&path=//proc/thread-self/root/usr/share/man/man3 HTTP/1.1" 200 6208 "http://www.icdp.co.in/wp-sitemap.xml?path=//proc/thread-self/root/usr/share/man/man3" "Mozilla/5.0 AppleWebKit/537.36 (KHTML, like Gecko; compatible; GPTBot/1.3; +https://openai.com/gptbot)" 57 **0/57324**
74.7.227.26 - - [04/Mar/2026:05:47:55 -0700] "GET /wp-sitemap.xml?fileloc=//proc/thread-self/root/usr/share/man/man3/RSA_get0_e.3ssl.gz&path=//proc/thread-self/root/usr/share/man/man3 HTTP/1.1" 200 6204 "http://www.icdp.co.in/wp-sitemap.xml?path=//proc/thread-self/root/usr/share/man/man3" "Mozilla/5.0 AppleWebKit/537.36 (KHTML, like Gecko; compatible; GPTBot/1.3; +https://openai.com/gptbot)" 53 **0/53862**
74.7.227.26 - - [04/Mar/2026:05:47:56 -0700] "GET /wp-sitemap.xml?fileloc=//proc/thread-self/root/usr/share/man/man3/MD2_Update.3ssl.gz&path=//proc/thread-self/root/usr/share/man/man3 HTTP/1.1" 200 5012 "http://www.icdp.co.in/wp-sitemap.xml?path=//proc/thread-self/root/usr/share/man/man3" "Mozilla/5.0 AppleWebKit/537.36 (KHTML, like Gecko; compatible; GPTBot/1.3; +https://openai.com/gptbot)" 55 **0/55148**
74.7.227.26 - - [04/Mar/2026:05:47:56 -0700] "GET /wp-sitemap.xml?fileloc=//proc/thread-self/root/usr/share/man/man3/BN_bn2hex.3ssl.gz&path=//proc/thread-self/root/usr/share/man/man3 HTTP/1.1" 200 5492 "http://www.icdp.co.in/wp-sitemap.xml?path=//proc/thread-self/root/usr/share/man/man3" "Mozilla/5.0 AppleWebKit/537.36 (KHTML, like Gecko; compatible; GPTBot/1.3; +https://openai.com/gptbot)" 63 **0/63831**
74.7.227.26 - - [04/Mar/2026:05:47:57 -0700] "GET /wp-sitemap.xml?fileloc=//proc/thread-self/root/usr/share/man/man3/i2d_DSAparams.3ssl.gz&path=//proc/thread-self/root/usr/share/man/man3 HTTP/1.1" 200 8341 "http://www.icdp.co.in/wp-sitemap.xml?path=//proc/thread-self/root/usr/share/man/man3" "Mozilla/5.0 AppleWebKit/537.36 (KHTML, like Gecko; compatible; GPTBot/1.3; +https://openai.com/gptbot)" 58 **0/58112**
74.7.227.26 - - [04/Mar/2026:05:47:57 -0700] "GET /wp-sitemap.xml?fileloc=//proc/thread-self/root/usr/share/man/man3/i2d_ECParameters.3ssl.gz&path=//proc/thread-self/root/usr/share/man/man3 HTTP/1.1" 200 8342 "http://www.icdp.co.in/wp-sitemap.xml?path=//proc/thread-self/root/usr/share/man/man3" "Mozilla/5.0 AppleWebKit/537.36 (KHTML, like Gecko; compatible; GPTBot/1.3; +https://openai.com/gptbot)" 53 **0/53758**
74.7.227.26 - - [04/Mar/2026:05:47:58 -0700] "GET /wp-sitemap.xml?fileloc=//proc/thread-self/root/usr/share/man/man3/BN_bin2bn.3ssl.gz&path=//proc/thread-self/root/usr/share/man/man3 HTTP/1.1" 200 5492 "http://www.icdp.co.in/wp-sitemap.xml?path=//proc/thread-self/root/usr/share/man/man3" "Mozilla/5.0 AppleWebKit/537.36 (KHTML, like Gecko; compatible; GPTBot/1.3; +https://openai.com/gptbot)" 61 **0/61429**
74.7.227.26 - - [04/Mar/2026:05:47:59 -0700] "GET /wp-sitemap.xml?fileloc=//proc/thread-self/root/usr/share/man/man3/EVP_des_ede3_ecb.3ssl.gz&path=//proc/thread-self/root/usr/share/man/man3 HTTP/1.1" 200 4810 "http://www.icdp.co.in/wp-sitemap.xml?path=//proc/thread-self/root/usr/share/man/man3" "Mozilla/5.0 AppleWebKit/537.36 (KHTML, like Gecko; compatible; GPTBot/1.3; +https://openai.com/gptbot)" 60 **0/60442**
74.7.227.26 - - [04/Mar/2026:05:47:59 -0700] "GET /wp-sitemap.xml?fileloc=//proc/thread-self/root/usr/share/man/man3/X509_set_ex_data.3ssl.gz&path=//proc/thread-self/root/usr/share/man/man3 HTTP/1.1" 200 4768 "http://www.icdp.co.in/wp-sitemap.xml?path=//proc/thread-self/root/usr/share/man/man3" "Mozilla/5.0 AppleWebKit/537.36 (KHTML, like Gecko; compatible; GPTBot/1.3; +https://openai.com/gptbot)" 54 **0/54251**
74.7.227.26 - - [04/Mar/2026:05:48:00 -0700] "GET /wp-sitemap.xml?fileloc=//proc/thread-self/root/usr/share/man/man3/SSL_set1_param.3ssl.gz&path=//proc/thread-self/root/usr/share/man/man3 HTTP/1.1" 200 4693 "http://www.icdp.co.in/wp-sitemap.xml?path=//proc/thread-self/root/usr/share/man/man3" "Mozilla/5.0 AppleWebKit/537.36 (KHTML, like Gecko; compatible; GPTBot/1.3; +https://openai.com/gptbot)" 57 **0/57766**
74.7.227.26 - - [04/Mar/2026:05:48:00 -0700] "GET /wp-sitemap.xml?fileloc=//proc/thread-self/root/usr/share/man/man3/BN_lebin2bn.3ssl.gz&path=//proc/thread-self/root/usr/share/man/man3 HTTP/1.1" 200 5494 "http://www.icdp.co.in/wp-sitemap.xml?path=//proc/thread-self/root/usr/share/man/man3" "Mozilla/5.0 AppleWebKit/537.36 (KHTML, like Gecko; compatible; GPTBot/1.3; +https://openai.com/gptbot)" 65 **0/65566**
