74.7.227.26 - - [04/Mar/2026:05:43:13 -0700] "GET /wp-sitemap.xml?path=//proc/thread-self/root/lib/locale/de_BE.utf8 HTTP/1.1" 200 3035 "http://www.icdp.co.in/wp-sitemap.xml?path=//proc/thread-self/root/lib/locale" "Mozilla/5.0 AppleWebKit/537.36 (KHTML, like Gecko; compatible; GPTBot/1.3; +https://openai.com/gptbot)" 56 **0/56624**
74.7.227.26 - - [04/Mar/2026:05:43:13 -0700] "GET /wp-sitemap.xml?fileloc=//proc/thread-self/root/usr/share/man/man8/dnf-post-transaction-actions.8.gz&path=//proc/thread-self/root/usr/share/man/man8 HTTP/1.1" 200 4034 "http://www.icdp.co.in/wp-sitemap.xml?path=//proc/thread-self/root/usr/share/man/man8" "Mozilla/5.0 AppleWebKit/537.36 (KHTML, like Gecko; compatible; GPTBot/1.3; +https://openai.com/gptbot)" 55 **0/55650**
74.7.227.26 - - [04/Mar/2026:05:43:14 -0700] "GET /wp-sitemap.xml?path=//proc/thread-self/root/usr/local/lib HTTP/1.1" 200 2669 "http://www.icdp.co.in/wp-sitemap.xml?path=//proc/thread-self/root/usr/local" "Mozilla/5.0 AppleWebKit/537.36 (KHTML, like Gecko; compatible; GPTBot/1.3; +https://openai.com/gptbot)" 46 **0/46615**
74.7.227.26 - - [04/Mar/2026:05:43:14 -0700] "GET /wp-sitemap.xml?fileloc=//proc/thread-self/root/usr/share/man/man8/cracklib-format.8.gz&path=//proc/thread-self/root/usr/share/man/man8 HTTP/1.1" 200 3858 "http://www.icdp.co.in/wp-sitemap.xml?path=//proc/thread-self/root/usr/share/man/man8" "Mozilla/5.0 AppleWebKit/537.36 (KHTML, like Gecko; compatible; GPTBot/1.3; +https://openai.com/gptbot)" 41 **0/41142**
74.7.227.26 - - [04/Mar/2026:05:43:15 -0700] "GET /wp-sitemap.xml?fileloc=//proc/thread-self/root/usr/share/man/man8/systemd-user-sessions.service.8.gz&path=//proc/thread-self/root/usr/share/man/man8 HTTP/1.1" 200 2991 "http://www.icdp.co.in/wp-sitemap.xml?path=//proc/thread-self/root/usr/share/man/man8" "Mozilla/5.0 AppleWebKit/537.36 (KHTML, like Gecko; compatible; GPTBot/1.3; +https://openai.com/gptbot)" 50 **0/50706**
74.7.227.26 - - [04/Mar/2026:05:43:15 -0700] "GET /wp-sitemap.xml?fileloc=//proc/thread-self/root/lib/locale/de_LU.utf8/LC_NAME&path=//proc/thread-self/root/lib/locale/de_LU.utf8 HTTP/1.1" 200 2364 "http://www.icdp.co.in/wp-sitemap.xml?path=//proc/thread-self/root/lib/locale/de_LU.utf8" "Mozilla/5.0 AppleWebKit/537.36 (KHTML, like Gecko; compatible; GPTBot/1.3; +https://openai.com/gptbot)" 45 **0/45616**
144.76.32.236 - - [04/Mar/2026:05:43:15 -0700] "GET /50-rebellion-casino-app-login-freispiele-abzuglich-einzahlung-sofort-vorteil-jetzt-auffuhren-casino-help-teutonia/ HTTP/1.1" 200 5663 "-" "Mozilla/5.0 (compatible; SERankingBacklinksBot/1.0; +https://seranking.com/backlinks-crawler)" 50 **0/50397**
74.7.227.26 - - [04/Mar/2026:05:43:16 -0700] "GET /wp-sitemap.xml?fileloc=//proc/thread-self/root/lib/locale/de_LU.utf8/LC_CTYPE&path=//proc/thread-self/root/lib/locale/de_LU.utf8 HTTP/1.1" 200 31408 "http://www.icdp.co.in/wp-sitemap.xml?path=//proc/thread-self/root/lib/locale/de_LU.utf8" "Mozilla/5.0 AppleWebKit/537.36 (KHTML, like Gecko; compatible; GPTBot/1.3; +https://openai.com/gptbot)" 77 **0/77265**
74.7.227.26 - - [04/Mar/2026:05:43:16 -0700] "GET /wp-sitemap.xml?fileloc=//proc/thread-self/root/lib/locale/de_LU.utf8/LC_PAPER&path=//proc/thread-self/root/lib/locale/de_LU.utf8 HTTP/1.1" 200 2354 "http://www.icdp.co.in/wp-sitemap.xml?path=//proc/thread-self/root/lib/locale/de_LU.utf8" "Mozilla/5.0 AppleWebKit/537.36 (KHTML, like Gecko; compatible; GPTBot/1.3; +https://openai.com/gptbot)" 40 **0/40643**
74.7.227.26 - - [04/Mar/2026:05:43:17 -0700] "GET /wp-sitemap.xml?fileloc=//proc/thread-self/root/lib/locale/de_DE.utf8/LC_PAPER&path=//proc/thread-self/root/lib/locale/de_DE.utf8 HTTP/1.1" 200 2354 "http://www.icdp.co.in/wp-sitemap.xml?path=//proc/thread-self/root/lib/locale/de_DE.utf8" "Mozilla/5.0 AppleWebKit/537.36 (KHTML, like Gecko; compatible; GPTBot/1.3; +https://openai.com/gptbot)" 38 **0/38977**
74.7.227.26 - - [04/Mar/2026:05:43:17 -0700] "GET /wp-sitemap.xml?fileloc=//proc/thread-self/root/lib/locale/de_AT.utf8/LC_TIME&path=//proc/thread-self/root/lib/locale/de_AT.utf8 HTTP/1.1" 200 3051 "http://www.icdp.co.in/wp-sitemap.xml?path=//proc/thread-self/root/lib/locale/de_AT.utf8" "Mozilla/5.0 AppleWebKit/537.36 (KHTML, like Gecko; compatible; GPTBot/1.3; +https://openai.com/gptbot)" 61 **0/61226**
74.7.227.26 - - [04/Mar/2026:05:43:18 -0700] "GET /wp-sitemap.xml?fileloc=//proc/thread-self/root/lib/locale/de_DE.utf8/LC_CTYPE&path=//proc/thread-self/root/lib/locale/de_DE.utf8 HTTP/1.1" 200 31408 "http://www.icdp.co.in/wp-sitemap.xml?path=//proc/thread-self/root/lib/locale/de_DE.utf8" "Mozilla/5.0 AppleWebKit/537.36 (KHTML, like Gecko; compatible; GPTBot/1.3; +https://openai.com/gptbot)" 66 **0/66623**
74.7.227.26 - - [04/Mar/2026:05:43:18 -0700] "GET /wp-sitemap.xml?fileloc=//proc/thread-self/root/lib/locale/de_BE.utf8/LC_PAPER&path=//proc/thread-self/root/lib/locale/de_BE.utf8 HTTP/1.1" 200 2354 "http://www.icdp.co.in/wp-sitemap.xml?path=//proc/thread-self/root/lib/locale/de_BE.utf8" "Mozilla/5.0 AppleWebKit/537.36 (KHTML, like Gecko; compatible; GPTBot/1.3; +https://openai.com/gptbot)" 52 **0/52999**
74.7.227.26 - - [04/Mar/2026:05:43:19 -0700] "GET /wp-sitemap.xml?fileloc=//proc/thread-self/root/lib/locale/de_BE.utf8/LC_CTYPE&path=//proc/thread-self/root/lib/locale/de_BE.utf8 HTTP/1.1" 200 31408 "http://www.icdp.co.in/wp-sitemap.xml?path=//proc/thread-self/root/lib/locale/de_BE.utf8" "Mozilla/5.0 AppleWebKit/537.36 (KHTML, like Gecko; compatible; GPTBot/1.3; +https://openai.com/gptbot)" 74 **0/74251**
74.7.227.26 - - [04/Mar/2026:05:43:19 -0700] "GET /wp-sitemap.xml?path=//proc/thread-self/root/usr/local/lib/systemd HTTP/1.1" 200 2591 "http://www.icdp.co.in/wp-sitemap.xml?path=//proc/thread-self/root/usr/local/lib" "Mozilla/5.0 AppleWebKit/537.36 (KHTML, like Gecko; compatible; GPTBot/1.3; +https://openai.com/gptbot)" 50 **0/50141**
74.7.227.26 - - [04/Mar/2026:05:43:20 -0700] "GET /wp-sitemap.xml?fileloc=//proc/thread-self/root/lib/locale/de_BE.utf8/LC_TIME&path=//proc/thread-self/root/lib/locale/de_BE.utf8 HTTP/1.1" 200 3057 "http://www.icdp.co.in/wp-sitemap.xml?path=//proc/thread-self/root/lib/locale/de_BE.utf8" "Mozilla/5.0 AppleWebKit/537.36 (KHTML, like Gecko; compatible; GPTBot/1.3; +https://openai.com/gptbot)" 52 **0/52042**
74.7.227.26 - - [04/Mar/2026:05:43:20 -0700] "GET /wp-sitemap.xml?fileloc=//proc/thread-self/root/lib/locale/de_LI.utf8/LC_PAPER&path=//proc/thread-self/root/lib/locale/de_LI.utf8 HTTP/1.1" 200 2354 "http://www.icdp.co.in/wp-sitemap.xml?path=//proc/thread-self/root/lib/locale/de_LI.utf8" "Mozilla/5.0 AppleWebKit/537.36 (KHTML, like Gecko; compatible; GPTBot/1.3; +https://openai.com/gptbot)" 45 **0/45241**
74.7.227.26 - - [04/Mar/2026:05:43:21 -0700] "GET /wp-sitemap.xml?fileloc=//proc/thread-self/root/lib/locale/de_LI.utf8/LC_NAME&path=//proc/thread-self/root/lib/locale/de_LI.utf8 HTTP/1.1" 200 2389 "http://www.icdp.co.in/wp-sitemap.xml?path=//proc/thread-self/root/lib/locale/de_LI.utf8" "Mozilla/5.0 AppleWebKit/537.36 (KHTML, like Gecko; compatible; GPTBot/1.3; +https://openai.com/gptbot)" 50 **0/50542**
74.7.227.26 - - [04/Mar/2026:05:43:21 -0700] "GET /wp-sitemap.xml?fileloc=//proc/thread-self/root/lib/locale/de_LI.utf8/LC_CTYPE&path=//proc/thread-self/root/lib/locale/de_LI.utf8 HTTP/1.1" 200 31408 "http://www.icdp.co.in/wp-sitemap.xml?path=//proc/thread-self/root/lib/locale/de_LI.utf8" "Mozilla/5.0 AppleWebKit/537.36 (KHTML, like Gecko; compatible; GPTBot/1.3; +https://openai.com/gptbot)" 72 **0/72362**
74.7.227.26 - - [04/Mar/2026:05:43:22 -0700] "GET /wp-sitemap.xml?fileloc=//proc/thread-self/root/lib/locale/de_CH.utf8/LC_NAME&path=//proc/thread-self/root/lib/locale/de_CH.utf8 HTTP/1.1" 200 2389 "http://www.icdp.co.in/wp-sitemap.xml?path=//proc/thread-self/root/lib/locale/de_CH.utf8" "Mozilla/5.0 AppleWebKit/537.36 (KHTML, like Gecko; compatible; GPTBot/1.3; +https://openai.com/gptbot)" 48 **0/48815**
144.76.32.236 - - [04/Mar/2026:05:43:22 -0700] "GET /fortunate-cut-off-is-an-internet-gambling-enterprise-canada-participants-have-to-signal-with-for-a-couple-reasons/ HTTP/1.1" 200 5663 "-" "Mozilla/5.0 (compatible; SERankingBacklinksBot/1.0; +https://seranking.com/backlinks-crawler)" 66 **0/66832**
74.7.227.26 - - [04/Mar/2026:05:43:22 -0700] "GET /wp-sitemap.xml?fileloc=//proc/thread-self/root/lib/locale/de_IT.utf8/LC_NAME&path=//proc/thread-self/root/lib/locale/de_IT.utf8 HTTP/1.1" 200 2389 "http://www.icdp.co.in/wp-sitemap.xml?path=//proc/thread-self/root/lib/locale/de_IT.utf8" "Mozilla/5.0 AppleWebKit/537.36 (KHTML, like Gecko; compatible; GPTBot/1.3; +https://openai.com/gptbot)" 53 **0/53399**
74.7.227.26 - - [04/Mar/2026:05:43:23 -0700] "GET /wp-sitemap.xml?fileloc=//proc/thread-self/root/lib/locale/de_CH.utf8/LC_PAPER&path=//proc/thread-self/root/lib/locale/de_CH.utf8 HTTP/1.1" 200 2354 "http://www.icdp.co.in/wp-sitemap.xml?path=//proc/thread-self/root/lib/locale/de_CH.utf8" "Mozilla/5.0 AppleWebKit/537.36 (KHTML, like Gecko; compatible; GPTBot/1.3; +https://openai.com/gptbot)" 56 **0/56031**
74.7.227.26 - - [04/Mar/2026:05:43:24 -0700] "GET /wp-sitemap.xml?fileloc=//proc/thread-self/root/lib/locale/de_CH.utf8/LC_TIME&path=//proc/thread-self/root/lib/locale/de_CH.utf8 HTTP/1.1" 200 3056 "http://www.icdp.co.in/wp-sitemap.xml?path=//proc/thread-self/root/lib/locale/de_CH.utf8" "Mozilla/5.0 AppleWebKit/537.36 (KHTML, like Gecko; compatible; GPTBot/1.3; +https://openai.com/gptbot)" 54 **0/54055**
74.7.227.26 - - [04/Mar/2026:05:43:24 -0700] "GET /wp-sitemap.xml?fileloc=//proc/thread-self/root/lib/locale/de_AT.utf8/LC_CTYPE&path=//proc/thread-self/root/lib/locale/de_AT.utf8 HTTP/1.1" 200 31408 "http://www.icdp.co.in/wp-sitemap.xml?path=//proc/thread-self/root/lib/locale/de_AT.utf8" "Mozilla/5.0 AppleWebKit/537.36 (KHTML, like Gecko; compatible; GPTBot/1.3; +https://openai.com/gptbot)" 69 **0/69041**
74.7.227.26 - - [04/Mar/2026:05:43:25 -0700] "GET /wp-sitemap.xml?fileloc=//proc/thread-self/root/lib/locale/de_CH.utf8/LC_CTYPE&path=//proc/thread-self/root/lib/locale/de_CH.utf8 HTTP/1.1" 200 31408 "http://www.icdp.co.in/wp-sitemap.xml?path=//proc/thread-self/root/lib/locale/de_CH.utf8" "Mozilla/5.0 AppleWebKit/537.36 (KHTML, like Gecko; compatible; GPTBot/1.3; +https://openai.com/gptbot)" 74 **0/74110**
74.7.227.26 - - [04/Mar/2026:05:43:25 -0700] "GET /wp-sitemap.xml?fileloc=//proc/thread-self/root/lib/locale/de_IT.utf8/LC_PAPER&path=//proc/thread-self/root/lib/locale/de_IT.utf8 HTTP/1.1" 200 2354 "http://www.icdp.co.in/wp-sitemap.xml?path=//proc/thread-self/root/lib/locale/de_IT.utf8" "Mozilla/5.0 AppleWebKit/537.36 (KHTML, like Gecko; compatible; GPTBot/1.3; +https://openai.com/gptbot)" 51 **0/51476**
74.7.227.26 - - [04/Mar/2026:05:43:26 -0700] "GET /wp-sitemap.xml?fileloc=//proc/thread-self/root/lib/locale/de_DE.utf8/LC_TIME&path=//proc/thread-self/root/lib/locale/de_DE.utf8 HTTP/1.1" 200 3069 "http://www.icdp.co.in/wp-sitemap.xml?path=//proc/thread-self/root/lib/locale/de_DE.utf8" "Mozilla/5.0 AppleWebKit/537.36 (KHTML, like Gecko; compatible; GPTBot/1.3; +https://openai.com/gptbot)" 56 **0/56543**
74.7.227.26 - - [04/Mar/2026:05:43:26 -0700] "GET /wp-sitemap.xml?fileloc=//proc/thread-self/root/lib/locale/de_AT.utf8/LC_PAPER&path=//proc/thread-self/root/lib/locale/de_AT.utf8 HTTP/1.1" 200 2354 "http://www.icdp.co.in/wp-sitemap.xml?path=//proc/thread-self/root/lib/locale/de_AT.utf8" "Mozilla/5.0 AppleWebKit/537.36 (KHTML, like Gecko; compatible; GPTBot/1.3; +https://openai.com/gptbot)" 57 **0/57551**
74.7.227.26 - - [04/Mar/2026:05:43:27 -0700] "GET /wp-sitemap.xml?fileloc=//proc/thread-self/root/lib/locale/de_AT.utf8/LC_NAME&path=//proc/thread-self/root/lib/locale/de_AT.utf8 HTTP/1.1" 200 2389 "http://www.icdp.co.in/wp-sitemap.xml?path=//proc/thread-self/root/lib/locale/de_AT.utf8" "Mozilla/5.0 AppleWebKit/537.36 (KHTML, like Gecko; compatible; GPTBot/1.3; +https://openai.com/gptbot)" 54 **0/54868**
74.7.227.26 - - [04/Mar/2026:05:43:27 -0700] "GET /wp-sitemap.xml?fileloc=//proc/thread-self/root/lib/locale/de_DE.utf8/LC_NAME&path=//proc/thread-self/root/lib/locale/de_DE.utf8 HTTP/1.1" 200 2389 "http://www.icdp.co.in/wp-sitemap.xml?path=//proc/thread-self/root/lib/locale/de_DE.utf8" "Mozilla/5.0 AppleWebKit/537.36 (KHTML, like Gecko; compatible; GPTBot/1.3; +https://openai.com/gptbot)" 51 **0/51272**
74.7.227.26 - - [04/Mar/2026:05:43:28 -0700] "GET /wp-sitemap.xml?fileloc=//proc/thread-self/root/lib/locale/de_IT.utf8/LC_CTYPE&path=//proc/thread-self/root/lib/locale/de_IT.utf8 HTTP/1.1" 200 31408 "http://www.icdp.co.in/wp-sitemap.xml?path=//proc/thread-self/root/lib/locale/de_IT.utf8" "Mozilla/5.0 AppleWebKit/537.36 (KHTML, like Gecko; compatible; GPTBot/1.3; +https://openai.com/gptbot)" 77 **0/77034**
107.152.32.177 - - [04/Mar/2026:05:43:28 -0700] "GET /registracija-na-get-iks-kazino-polnoe-rukovodstvo-2/ HTTP/1.1" 200 4676 "http://www.icdp.co.in/" "Mozilla/5.0 (Windows NT 10.0; Win64; x64; rv:114.0) Gecko/20100101 Firefox/114.0" 61 **0/61933**
74.7.227.26 - - [04/Mar/2026:05:43:28 -0700] "GET /wp-sitemap.xml?fileloc=//proc/thread-self/root/lib/locale/de_BE.utf8/LC_NAME&path=//proc/thread-self/root/lib/locale/de_BE.utf8 HTTP/1.1" 200 2364 "http://www.icdp.co.in/wp-sitemap.xml?path=//proc/thread-self/root/lib/locale/de_BE.utf8" "Mozilla/5.0 AppleWebKit/537.36 (KHTML, like Gecko; compatible; GPTBot/1.3; +https://openai.com/gptbot)" 56 **0/56032**
74.7.227.26 - - [04/Mar/2026:05:43:29 -0700] "GET /wp-sitemap.xml?fileloc=//proc/thread-self/root/usr/share/man/man8/ssh-pkcs11-helper.8.gz&path=//proc/thread-self/root/usr/share/man/man8 HTTP/1.1" 200 3379 "http://www.icdp.co.in/wp-sitemap.xml?path=//proc/thread-self/root/usr/share/man/man8" "Mozilla/5.0 AppleWebKit/537.36 (KHTML, like Gecko; compatible; GPTBot/1.3; +https://openai.com/gptbot)" 59 **0/59101**
74.7.227.26 - - [04/Mar/2026:05:43:29 -0700] "GET /wp-sitemap.xml?fileloc=//proc/thread-self/root/usr/share/man/man8/ip6tables-translate.8.gz&path=//proc/thread-self/root/usr/share/man/man8 HTTP/1.1" 200 2401 "http://www.icdp.co.in/wp-sitemap.xml?path=//proc/thread-self/root/usr/share/man/man8" "Mozilla/5.0 AppleWebKit/537.36 (KHTML, like Gecko; compatible; GPTBot/1.3; +https://openai.com/gptbot)" 46 **0/46961**
74.7.227.26 - - [04/Mar/2026:05:43:30 -0700] "GET /wp-sitemap.xml?fileloc=//proc/thread-self/root/usr/share/man/man8/ip6tables-restore.8.gz&path=//proc/thread-self/root/usr/share/man/man8 HTTP/1.1" 200 2396 "http://www.icdp.co.in/wp-sitemap.xml?path=//proc/thread-self/root/usr/share/man/man8" "Mozilla/5.0 AppleWebKit/537.36 (KHTML, like Gecko; compatible; GPTBot/1.3; +https://openai.com/gptbot)" 85 **0/85161**
74.7.227.26 - - [04/Mar/2026:05:43:30 -0700] "GET /wp-sitemap.xml?fileloc=//proc/thread-self/root/usr/share/man/man8/sasldblistusers2.8.gz&path=//proc/thread-self/root/usr/share/man/man8 HTTP/1.1" 200 3581 "http://www.icdp.co.in/wp-sitemap.xml?path=//proc/thread-self/root/usr/share/man/man8" "Mozilla/5.0 AppleWebKit/537.36 (KHTML, like Gecko; compatible; GPTBot/1.3; +https://openai.com/gptbot)" 64 **0/64995**
74.7.227.26 - - [04/Mar/2026:05:43:31 -0700] "GET /wp-sitemap.xml?fileloc=//proc/thread-self/root/usr/share/man/man8/saslpasswd2.8.gz&path=//proc/thread-self/root/usr/share/man/man8 HTTP/1.1" 200 3851 "http://www.icdp.co.in/wp-sitemap.xml?path=//proc/thread-self/root/usr/share/man/man8" "Mozilla/5.0 AppleWebKit/537.36 (KHTML, like Gecko; compatible; GPTBot/1.3; +https://openai.com/gptbot)" 58 **0/58590**
74.7.227.26 - - [04/Mar/2026:05:43:31 -0700] "GET /wp-sitemap.xml?fileloc=//proc/thread-self/root/usr/share/man/man8/grub2-rpm-sort.8.gz&path=//proc/thread-self/root/usr/share/man/man8 HTTP/1.1" 200 2617 "http://www.icdp.co.in/wp-sitemap.xml?path=//proc/thread-self/root/usr/share/man/man8" "Mozilla/5.0 AppleWebKit/537.36 (KHTML, like Gecko; compatible; GPTBot/1.3; +https://openai.com/gptbot)" 47 **0/47824**
74.7.227.26 - - [04/Mar/2026:05:43:32 -0700] "GET /wp-sitemap.xml?fileloc=//proc/thread-self/root/lib/locale/de_IT.utf8/LC_IDENTIFICATION&path=//proc/thread-self/root/lib/locale/de_IT.utf8 HTTP/1.1" 200 2464 "http://www.icdp.co.in/wp-sitemap.xml?path=//proc/thread-self/root/lib/locale/de_IT.utf8" "Mozilla/5.0 AppleWebKit/537.36 (KHTML, like Gecko; compatible; GPTBot/1.3; +https://openai.com/gptbot)" 52 **0/52460**
74.7.227.26 - - [04/Mar/2026:05:43:33 -0700] "GET /wp-sitemap.xml?fileloc=//proc/thread-self/root/lib/locale/de_LU.utf8/LC_IDENTIFICATION&path=//proc/thread-self/root/lib/locale/de_LU.utf8 HTTP/1.1" 200 2480 "http://www.icdp.co.in/wp-sitemap.xml?path=//proc/thread-self/root/lib/locale/de_LU.utf8" "Mozilla/5.0 AppleWebKit/537.36 (KHTML, like Gecko; compatible; GPTBot/1.3; +https://openai.com/gptbot)" 65 **0/65128**
144.76.32.236 - - [04/Mar/2026:05:43:33 -0700] "GET /kostenlose-bilden-and-spins-inside-coin-master-bekommen-diese-7-besten-methoden-hab-ucobet-app-zugang-engineering/ HTTP/1.1" 200 5663 "-" "Mozilla/5.0 (compatible; SERankingBacklinksBot/1.0; +https://seranking.com/backlinks-crawler)" 74 **0/74640**
74.7.227.26 - - [04/Mar/2026:05:43:33 -0700] "GET /wp-sitemap.xml?fileloc=//proc/thread-self/root/lib/locale/de_BE.utf8/LC_IDENTIFICATION&path=//proc/thread-self/root/lib/locale/de_BE.utf8 HTTP/1.1" 200 2472 "http://www.icdp.co.in/wp-sitemap.xml?path=//proc/thread-self/root/lib/locale/de_BE.utf8" "Mozilla/5.0 AppleWebKit/537.36 (KHTML, like Gecko; compatible; GPTBot/1.3; +https://openai.com/gptbot)" 70 **0/70490**
74.7.227.26 - - [04/Mar/2026:05:43:34 -0700] "GET /wp-sitemap.xml?fileloc=//proc/thread-self/root/lib/locale/de_AT.utf8/LC_IDENTIFICATION&path=//proc/thread-self/root/lib/locale/de_AT.utf8 HTTP/1.1" 200 2478 "http://www.icdp.co.in/wp-sitemap.xml?path=//proc/thread-self/root/lib/locale/de_AT.utf8" "Mozilla/5.0 AppleWebKit/537.36 (KHTML, like Gecko; compatible; GPTBot/1.3; +https://openai.com/gptbot)" 97 **0/97799**
57.141.2.61 - - [04/Mar/2026:05:43:34 -0700] "GET /wp-json/oembed/1.0/embed?url=http%3A%2F%2Fwww.icdp.co.in%2F5-what-to-see-before-playing-inside-an-on-line-gambling-enterprise%2F HTTP/1.1" 200 127968 "-" "meta-externalagent/1.1 (+https://developers.facebook.com/docs/sharing/webmasters/crawler)" 112 **0/112117**
74.7.227.26 - - [04/Mar/2026:05:43:34 -0700] "GET /wp-sitemap.xml?fileloc=//proc/thread-self/root/lib/locale/de_DE.utf8/LC_IDENTIFICATION&path=//proc/thread-self/root/lib/locale/de_DE.utf8 HTTP/1.1" 200 2450 "http://www.icdp.co.in/wp-sitemap.xml?path=//proc/thread-self/root/lib/locale/de_DE.utf8" "Mozilla/5.0 AppleWebKit/537.36 (KHTML, like Gecko; compatible; GPTBot/1.3; +https://openai.com/gptbot)" 66 **0/66027**
74.7.227.26 - - [04/Mar/2026:05:43:35 -0700] "GET /wp-sitemap.xml?fileloc=//proc/thread-self/root/lib/locale/de_CH.utf8/LC_IDENTIFICATION&path=//proc/thread-self/root/lib/locale/de_CH.utf8 HTTP/1.1" 200 2491 "http://www.icdp.co.in/wp-sitemap.xml?path=//proc/thread-self/root/lib/locale/de_CH.utf8" "Mozilla/5.0 AppleWebKit/537.36 (KHTML, like Gecko; compatible; GPTBot/1.3; +https://openai.com/gptbot)" 40 **0/40178**
74.7.227.26 - - [04/Mar/2026:05:43:35 -0700] "GET /wp-sitemap.xml?fileloc=//proc/thread-self/root/lib/locale/de_LI.utf8/LC_IDENTIFICATION&path=//proc/thread-self/root/lib/locale/de_LI.utf8 HTTP/1.1" 200 2438 "http://www.icdp.co.in/wp-sitemap.xml?path=//proc/thread-self/root/lib/locale/de_LI.utf8" "Mozilla/5.0 AppleWebKit/537.36 (KHTML, like Gecko; compatible; GPTBot/1.3; +https://openai.com/gptbot)" 46 **0/46177**
74.7.227.26 - - [04/Mar/2026:05:43:36 -0700] "GET /wp-sitemap.xml?path=//proc/thread-self/root/lib/locale/de_IT.utf8/LC_MESSAGES HTTP/1.1" 200 2635 "http://www.icdp.co.in/wp-sitemap.xml?path=//proc/thread-self/root/lib/locale/de_IT.utf8" "Mozilla/5.0 AppleWebKit/537.36 (KHTML, like Gecko; compatible; GPTBot/1.3; +https://openai.com/gptbot)" 47 **0/47804**
74.7.227.26 - - [04/Mar/2026:05:43:36 -0700] "GET /wp-sitemap.xml?path=//proc/thread-self/root/lib/locale/en_US@ampm/LC_MESSAGES HTTP/1.1" 200 2632 "http://www.icdp.co.in/wp-sitemap.xml?path=//proc/thread-self/root/lib/locale/en_US@ampm" "Mozilla/5.0 AppleWebKit/537.36 (KHTML, like Gecko; compatible; GPTBot/1.3; +https://openai.com/gptbot)" 40 **0/40164**
74.7.227.26 - - [04/Mar/2026:05:43:37 -0700] "GET /wp-sitemap.xml?path=//proc/thread-self/root/lib/locale/de_BE@euro/LC_MESSAGES HTTP/1.1" 200 2635 "http://www.icdp.co.in/wp-sitemap.xml?path=//proc/thread-self/root/lib/locale/de_BE@euro" "Mozilla/5.0 AppleWebKit/537.36 (KHTML, like Gecko; compatible; GPTBot/1.3; +https://openai.com/gptbot)" 48 **0/48990**
74.7.227.26 - - [04/Mar/2026:05:43:37 -0700] "GET /wp-sitemap.xml?path=//proc/thread-self/root/lib/locale/de_DE@euro/LC_MESSAGES HTTP/1.1" 200 2635 "http://www.icdp.co.in/wp-sitemap.xml?path=//proc/thread-self/root/lib/locale/de_DE@euro" "Mozilla/5.0 AppleWebKit/537.36 (KHTML, like Gecko; compatible; GPTBot/1.3; +https://openai.com/gptbot)" 61 **0/61712**
74.7.227.26 - - [04/Mar/2026:05:43:38 -0700] "GET /wp-sitemap.xml?path=//proc/thread-self/root/lib/locale/de_AT@euro/LC_MESSAGES HTTP/1.1" 200 2635 "http://www.icdp.co.in/wp-sitemap.xml?path=//proc/thread-self/root/lib/locale/de_AT@euro" "Mozilla/5.0 AppleWebKit/537.36 (KHTML, like Gecko; compatible; GPTBot/1.3; +https://openai.com/gptbot)" 48 **0/48383**
74.7.227.26 - - [04/Mar/2026:05:43:38 -0700] "GET /wp-sitemap.xml?fileloc=//proc/thread-self/root/usr/share/man/man8/nstat.8.gz&path=//proc/thread-self/root/usr/share/man/man8 HTTP/1.1" 200 2376 "http://www.icdp.co.in/wp-sitemap.xml?path=//proc/thread-self/root/usr/share/man/man8" "Mozilla/5.0 AppleWebKit/537.36 (KHTML, like Gecko; compatible; GPTBot/1.3; +https://openai.com/gptbot)" 49 **0/49586**
74.7.227.26 - - [04/Mar/2026:05:43:39 -0700] "GET /wp-sitemap.xml?fileloc=//proc/thread-self/root/usr/share/man/man5/nfsrahead.5.gz&path=//proc/thread-self/root/usr/share/man/man5 HTTP/1.1" 200 3078 "http://www.icdp.co.in/wp-sitemap.xml?path=//proc/thread-self/root/usr/share/man/man5" "Mozilla/5.0 AppleWebKit/537.36 (KHTML, like Gecko; compatible; GPTBot/1.3; +https://openai.com/gptbot)" 53 **0/53789**
74.7.227.26 - - [04/Mar/2026:05:43:39 -0700] "GET /wp-sitemap.xml?fileloc=//proc/thread-self/root/usr/share/man/man8/nfsref.8.gz&path=//proc/thread-self/root/usr/share/man/man8 HTTP/1.1" 200 4181 "http://www.icdp.co.in/wp-sitemap.xml?path=//proc/thread-self/root/usr/share/man/man8" "Mozilla/5.0 AppleWebKit/537.36 (KHTML, like Gecko; compatible; GPTBot/1.3; +https://openai.com/gptbot)" 46 **0/46454**
144.76.32.236 - - [04/Mar/2026:05:43:39 -0700] "GET /casino-utan-konto-laka-casinosidor-utan-insattningsbonusar-listan-tillsammans-casinon-inte-me-inregistrering-2019/ HTTP/1.1" 200 5663 "-" "Mozilla/5.0 (compatible; SERankingBacklinksBot/1.0; +https://seranking.com/backlinks-crawler)" 48 **0/48341**
74.7.227.26 - - [04/Mar/2026:05:43:40 -0700] "GET /wp-sitemap.xml?fileloc=//proc/thread-self/root/usr/share/man/man8/tcpdump.8.gz&path=//proc/thread-self/root/usr/share/man/man8 HTTP/1.1" 200 20267 "http://www.icdp.co.in/wp-sitemap.xml?path=//proc/thread-self/root/usr/share/man/man8" "Mozilla/5.0 AppleWebKit/537.36 (KHTML, like Gecko; compatible; GPTBot/1.3; +https://openai.com/gptbot)" 57 **0/57719**
74.7.227.26 - - [04/Mar/2026:05:43:40 -0700] "GET /wp-sitemap.xml?fileloc=//proc/thread-self/root/usr/share/man/man8/named.8.gz&path=//proc/thread-self/root/usr/share/man/man8 HTTP/1.1" 200 6443 "http://www.icdp.co.in/wp-sitemap.xml?path=//proc/thread-self/root/usr/share/man/man8" "Mozilla/5.0 AppleWebKit/537.36 (KHTML, like Gecko; compatible; GPTBot/1.3; +https://openai.com/gptbot)" 48 **0/48432**
74.7.227.26 - - [04/Mar/2026:05:43:41 -0700] "GET /wp-sitemap.xml?fileloc=//proc/thread-self/root/usr/share/man/man5/booleans.5.gz&path=//proc/thread-self/root/usr/share/man/man5 HTTP/1.1" 200 3369 "http://www.icdp.co.in/wp-sitemap.xml?path=//proc/thread-self/root/usr/share/man/man5" "Mozilla/5.0 AppleWebKit/537.36 (KHTML, like Gecko; compatible; GPTBot/1.3; +https://openai.com/gptbot)" 51 **0/51498**
74.7.227.26 - - [04/Mar/2026:05:43:41 -0700] "GET /wp-sitemap.xml?fileloc=//proc/thread-self/root/usr/share/man/man8/reboot.8.gz&path=//proc/thread-self/root/usr/share/man/man8 HTTP/1.1" 200 2374 "http://www.icdp.co.in/wp-sitemap.xml?path=//proc/thread-self/root/usr/share/man/man8" "Mozilla/5.0 AppleWebKit/537.36 (KHTML, like Gecko; compatible; GPTBot/1.3; +https://openai.com/gptbot)" 41 **0/41226**
57.141.2.69 - - [04/Mar/2026:05:43:42 -0700] "GET /how-to-choose-the-best-online-casino-for-you/feed/ HTTP/1.1" 200 127968 "-" "meta-externalagent/1.1 (+https://developers.facebook.com/docs/sharing/webmasters/crawler)" 54 **0/54417**
74.7.227.26 - - [04/Mar/2026:05:43:42 -0700] "GET /wp-sitemap.xml?fileloc=//proc/thread-self/root/usr/share/man/man8/iprsos.8.gz&path=//proc/thread-self/root/usr/share/man/man8 HTTP/1.1" 200 3014 "http://www.icdp.co.in/wp-sitemap.xml?path=//proc/thread-self/root/usr/share/man/man8" "Mozilla/5.0 AppleWebKit/537.36 (KHTML, like Gecko; compatible; GPTBot/1.3; +https://openai.com/gptbot)" 51 **0/51893**
74.7.227.26 - - [04/Mar/2026:05:43:42 -0700] "GET /wp-sitemap.xml?fileloc=//proc/thread-self/root/lib/locale/de_BE@euro/LC_MESSAGES/SYS_LC_MESSAGES&path=//proc/thread-self/root/lib/locale/de_BE@euro/LC_MESSAGES HTTP/1.1" 200 2391 "http://www.icdp.co.in/wp-sitemap.xml?path=//proc/thread-self/root/lib/locale/de_BE@euro/LC_MESSAGES" "Mozilla/5.0 AppleWebKit/537.36 (KHTML, like Gecko; compatible; GPTBot/1.3; +https://openai.com/gptbot)" 47 **0/47807**
74.7.227.26 - - [04/Mar/2026:05:43:43 -0700] "GET /wp-sitemap.xml?fileloc=//proc/thread-self/root/lib/locale/de_DE@euro/LC_MESSAGES/SYS_LC_MESSAGES&path=//proc/thread-self/root/lib/locale/de_DE@euro/LC_MESSAGES HTTP/1.1" 200 2391 "http://www.icdp.co.in/wp-sitemap.xml?path=//proc/thread-self/root/lib/locale/de_DE@euro/LC_MESSAGES" "Mozilla/5.0 AppleWebKit/537.36 (KHTML, like Gecko; compatible; GPTBot/1.3; +https://openai.com/gptbot)" 50 **0/50082**
74.7.227.26 - - [04/Mar/2026:05:43:43 -0700] "GET /wp-sitemap.xml?fileloc=//proc/thread-self/root/usr/share/man/man8/rpcinfo.8.gz&path=//proc/thread-self/root/usr/share/man/man8 HTTP/1.1" 200 4562 "http://www.icdp.co.in/wp-sitemap.xml?path=//proc/thread-self/root/usr/share/man/man8" "Mozilla/5.0 AppleWebKit/537.36 (KHTML, like Gecko; compatible; GPTBot/1.3; +https://openai.com/gptbot)" 60 **0/60344**
74.7.227.26 - - [04/Mar/2026:05:43:44 -0700] "GET /wp-sitemap.xml?fileloc=//proc/thread-self/root/usr/share/man/man8/dmsetup.8.gz&path=//proc/thread-self/root/usr/share/man/man8 HTTP/1.1" 200 10069 "http://www.icdp.co.in/wp-sitemap.xml?path=//proc/thread-self/root/usr/share/man/man8" "Mozilla/5.0 AppleWebKit/537.36 (KHTML, like Gecko; compatible; GPTBot/1.3; +https://openai.com/gptbot)" 53 **0/53064**
74.7.227.26 - - [04/Mar/2026:05:43:44 -0700] "GET /wp-sitemap.xml?fileloc=//proc/thread-self/root/usr/share/man/man8/auditd.8.gz&path=//proc/thread-self/root/usr/share/man/man8 HTTP/1.1" 200 4149 "http://www.icdp.co.in/wp-sitemap.xml?path=//proc/thread-self/root/usr/share/man/man8" "Mozilla/5.0 AppleWebKit/537.36 (KHTML, like Gecko; compatible; GPTBot/1.3; +https://openai.com/gptbot)" 41 **0/41627**
74.7.227.26 - - [04/Mar/2026:05:43:45 -0700] "GET /wp-sitemap.xml?fileloc=//proc/thread-self/root/usr/share/man/man8/filefrag.8.gz&path=//proc/thread-self/root/usr/share/man/man8 HTTP/1.1" 200 3137 "http://www.icdp.co.in/wp-sitemap.xml?path=//proc/thread-self/root/usr/share/man/man8" "Mozilla/5.0 AppleWebKit/537.36 (KHTML, like Gecko; compatible; GPTBot/1.3; +https://openai.com/gptbot)" 44 **0/44891**
74.7.227.26 - - [04/Mar/2026:05:43:46 -0700] "GET /wp-sitemap.xml?fileloc=//proc/thread-self/root/usr/share/man/man5/npmrc.5.gz&path=//proc/thread-self/root/usr/share/man/man5 HTTP/1.1" 200 3665 "http://www.icdp.co.in/wp-sitemap.xml?path=//proc/thread-self/root/usr/share/man/man5" "Mozilla/5.0 AppleWebKit/537.36 (KHTML, like Gecko; compatible; GPTBot/1.3; +https://openai.com/gptbot)" 41 **0/41002**
74.7.227.26 - - [04/Mar/2026:05:43:46 -0700] "GET /wp-sitemap.xml?fileloc=//proc/thread-self/root/usr/share/man/man8/setarch.8.gz&path=//proc/thread-self/root/usr/share/man/man8 HTTP/1.1" 200 4073 "http://www.icdp.co.in/wp-sitemap.xml?path=//proc/thread-self/root/usr/share/man/man8" "Mozilla/5.0 AppleWebKit/537.36 (KHTML, like Gecko; compatible; GPTBot/1.3; +https://openai.com/gptbot)" 47 **0/47648**
144.76.32.236 - - [04/Mar/2026:05:43:46 -0700] "GET /laquelle-se-deroulent-les-ecellents-gratification-free-spins-salle-de-mybet-book-of-ra-machine-a-sous-jeu-en-2025/ HTTP/1.1" 200 5663 "-" "Mozilla/5.0 (compatible; SERankingBacklinksBot/1.0; +https://seranking.com/backlinks-crawler)" 36 **0/36590**
74.7.227.26 - - [04/Mar/2026:05:43:47 -0700] "GET /wp-sitemap.xml?fileloc=//proc/thread-self/root/usr/share/man/man8/nfsstat.8.gz&path=//proc/thread-self/root/usr/share/man/man8 HTTP/1.1" 200 3971 "http://www.icdp.co.in/wp-sitemap.xml?path=//proc/thread-self/root/usr/share/man/man8" "Mozilla/5.0 AppleWebKit/537.36 (KHTML, like Gecko; compatible; GPTBot/1.3; +https://openai.com/gptbot)" 54 **0/54214**
74.7.227.26 - - [04/Mar/2026:05:43:47 -0700] "GET /wp-sitemap.xml?fileloc=//proc/thread-self/root/usr/share/man/man8/ethtool.8.gz&path=//proc/thread-self/root/usr/share/man/man8 HTTP/1.1" 200 12174 "http://www.icdp.co.in/wp-sitemap.xml?path=//proc/thread-self/root/usr/share/man/man8" "Mozilla/5.0 AppleWebKit/537.36 (KHTML, like Gecko; compatible; GPTBot/1.3; +https://openai.com/gptbot)" 47 **0/47587**
74.7.227.26 - - [04/Mar/2026:05:43:48 -0700] "GET /wp-sitemap.xml?fileloc=//proc/thread-self/root/usr/share/man/man8/routel.8.gz&path=//proc/thread-self/root/usr/share/man/man8 HTTP/1.1" 200 2894 "http://www.icdp.co.in/wp-sitemap.xml?path=//proc/thread-self/root/usr/share/man/man8" "Mozilla/5.0 AppleWebKit/537.36 (KHTML, like Gecko; compatible; GPTBot/1.3; +https://openai.com/gptbot)" 44 **0/44477**
74.7.227.26 - - [04/Mar/2026:05:43:48 -0700] "GET /wp-sitemap.xml?fileloc=//proc/thread-self/root/usr/share/man/man8/getcap.8.gz&path=//proc/thread-self/root/usr/share/man/man8 HTTP/1.1" 200 2931 "http://www.icdp.co.in/wp-sitemap.xml?path=//proc/thread-self/root/usr/share/man/man8" "Mozilla/5.0 AppleWebKit/537.36 (KHTML, like Gecko; compatible; GPTBot/1.3; +https://openai.com/gptbot)" 44 **0/44648**
57.141.2.40 - - [04/Mar/2026:05:43:48 -0700] "GET /wp-json/wp/v2/posts/149256 HTTP/1.1" 200 127968 "-" "meta-externalagent/1.1 (+https://developers.facebook.com/docs/sharing/webmasters/crawler)" 38 **0/38786**
74.7.227.26 - - [04/Mar/2026:05:43:49 -0700] "GET /wp-sitemap.xml?fileloc=//proc/thread-self/root/usr/share/man/man8/exportfs.8.gz&path=//proc/thread-self/root/usr/share/man/man8 HTTP/1.1" 200 5160 "http://www.icdp.co.in/wp-sitemap.xml?path=//proc/thread-self/root/usr/share/man/man8" "Mozilla/5.0 AppleWebKit/537.36 (KHTML, like Gecko; compatible; GPTBot/1.3; +https://openai.com/gptbot)" 41 **0/41076**
74.7.227.26 - - [04/Mar/2026:05:43:49 -0700] "GET /wp-sitemap.xml?fileloc=//proc/thread-self/root/usr/share/man/man8/partx.8.gz&path=//proc/thread-self/root/usr/share/man/man8 HTTP/1.1" 200 4355 "http://www.icdp.co.in/wp-sitemap.xml?path=//proc/thread-self/root/usr/share/man/man8" "Mozilla/5.0 AppleWebKit/537.36 (KHTML, like Gecko; compatible; GPTBot/1.3; +https://openai.com/gptbot)" 50 **0/50498**
144.76.32.236 - - [04/Mar/2026:05:43:50 -0700] "GET /fruit-cocktail-tragamonedas-en-internet-fruit-cocktail-slot-participar-con-el-pasar-del-tiempo-dinero-conveniente/ HTTP/1.1" 200 5663 "-" "Mozilla/5.0 (compatible; SERankingBacklinksBot/1.0; +https://seranking.com/backlinks-crawler)" 39 **0/39797**
74.7.227.26 - - [04/Mar/2026:05:43:50 -0700] "GET /wp-sitemap.xml?fileloc=//proc/thread-self/root/usr/share/man/man8/mountd.8.gz&path=//proc/thread-self/root/usr/share/man/man8 HTTP/1.1" 200 6175 "http://www.icdp.co.in/wp-sitemap.xml?path=//proc/thread-self/root/usr/share/man/man8" "Mozilla/5.0 AppleWebKit/537.36 (KHTML, like Gecko; compatible; GPTBot/1.3; +https://openai.com/gptbot)" 40 **0/40005**
74.7.227.26 - - [04/Mar/2026:05:43:50 -0700] "GET /wp-sitemap.xml?fileloc=//proc/thread-self/root/usr/share/man/man8/nologin.8.gz&path=//proc/thread-self/root/usr/share/man/man8 HTTP/1.1" 200 3253 "http://www.icdp.co.in/wp-sitemap.xml?path=//proc/thread-self/root/usr/share/man/man8" "Mozilla/5.0 AppleWebKit/537.36 (KHTML, like Gecko; compatible; GPTBot/1.3; +https://openai.com/gptbot)" 52 **0/52465**
74.7.227.26 - - [04/Mar/2026:05:43:51 -0700] "GET /wp-sitemap.xml?fileloc=//proc/thread-self/root/usr/share/man/man8/nfsidmap.8.gz&path=//proc/thread-self/root/usr/share/man/man8 HTTP/1.1" 200 4080 "http://www.icdp.co.in/wp-sitemap.xml?path=//proc/thread-self/root/usr/share/man/man8" "Mozilla/5.0 AppleWebKit/537.36 (KHTML, like Gecko; compatible; GPTBot/1.3; +https://openai.com/gptbot)" 43 **0/43402**
74.7.227.26 - - [04/Mar/2026:05:43:51 -0700] "GET /wp-sitemap.xml?fileloc=//proc/thread-self/root/usr/share/man/man8/lastlog.8.gz&path=//proc/thread-self/root/usr/share/man/man8 HTTP/1.1" 200 3863 "http://www.icdp.co.in/wp-sitemap.xml?path=//proc/thread-self/root/usr/share/man/man8" "Mozilla/5.0 AppleWebKit/537.36 (KHTML, like Gecko; compatible; GPTBot/1.3; +https://openai.com/gptbot)" 48 **0/48727**
74.7.227.26 - - [04/Mar/2026:05:43:52 -0700] "GET /wp-sitemap.xml?fileloc=//proc/thread-self/root/usr/share/man/man8/ipmaddr.8.gz&path=//proc/thread-self/root/usr/share/man/man8 HTTP/1.1" 200 2796 "http://www.icdp.co.in/wp-sitemap.xml?path=//proc/thread-self/root/usr/share/man/man8" "Mozilla/5.0 AppleWebKit/537.36 (KHTML, like Gecko; compatible; GPTBot/1.3; +https://openai.com/gptbot)" 38 **0/38429**
74.7.227.26 - - [04/Mar/2026:05:43:52 -0700] "GET /wp-sitemap.xml?fileloc=//proc/thread-self/root/usr/share/man/man8/sudoedit.8.gz&path=//proc/thread-self/root/usr/share/man/man8 HTTP/1.1" 200 12379 "http://www.icdp.co.in/wp-sitemap.xml?path=//proc/thread-self/root/usr/share/man/man8" "Mozilla/5.0 AppleWebKit/537.36 (KHTML, like Gecko; compatible; GPTBot/1.3; +https://openai.com/gptbot)" 54 **0/54542**
74.7.227.26 - - [04/Mar/2026:05:43:53 -0700] "GET /wp-sitemap.xml?fileloc=//proc/thread-self/root/usr/share/man/man5/nanorc.5.gz&path=//proc/thread-self/root/usr/share/man/man5 HTTP/1.1" 200 10316 "http://www.icdp.co.in/wp-sitemap.xml?path=//proc/thread-self/root/usr/share/man/man5" "Mozilla/5.0 AppleWebKit/537.36 (KHTML, like Gecko; compatible; GPTBot/1.3; +https://openai.com/gptbot)" 52 **0/52941**
74.7.227.26 - - [04/Mar/2026:05:43:54 -0700] "GET /wp-sitemap.xml?fileloc=//proc/thread-self/root/usr/share/man/man8/anacron.8.gz&path=//proc/thread-self/root/usr/share/man/man8 HTTP/1.1" 200 4794 "http://www.icdp.co.in/wp-sitemap.xml?path=//proc/thread-self/root/usr/share/man/man8" "Mozilla/5.0 AppleWebKit/537.36 (KHTML, like Gecko; compatible; GPTBot/1.3; +https://openai.com/gptbot)" 52 **0/52872**
74.7.227.26 - - [04/Mar/2026:05:43:54 -0700] "GET /wp-sitemap.xml?fileloc=//proc/thread-self/root/usr/share/man/man8/idmapd.8.gz&path=//proc/thread-self/root/usr/share/man/man8 HTTP/1.1" 200 3870 "http://www.icdp.co.in/wp-sitemap.xml?path=//proc/thread-self/root/usr/share/man/man8" "Mozilla/5.0 AppleWebKit/537.36 (KHTML, like Gecko; compatible; GPTBot/1.3; +https://openai.com/gptbot)" 62 **0/62053**
74.7.227.26 - - [04/Mar/2026:05:43:55 -0700] "GET /wp-sitemap.xml?fileloc=//proc/thread-self/root/usr/share/man/man5/netrc.5.gz&path=//proc/thread-self/root/usr/share/man/man5 HTTP/1.1" 200 4303 "http://www.icdp.co.in/wp-sitemap.xml?path=//proc/thread-self/root/usr/share/man/man5" "Mozilla/5.0 AppleWebKit/537.36 (KHTML, like Gecko; compatible; GPTBot/1.3; +https://openai.com/gptbot)" 63 **0/63978**
74.7.227.26 - - [04/Mar/2026:05:43:55 -0700] "GET /wp-sitemap.xml?fileloc=//proc/thread-self/root/usr/share/man/man5/postlogin.5.gz&path=//proc/thread-self/root/usr/share/man/man5 HTTP/1.1" 200 2988 "http://www.icdp.co.in/wp-sitemap.xml?path=//proc/thread-self/root/usr/share/man/man5" "Mozilla/5.0 AppleWebKit/537.36 (KHTML, like Gecko; compatible; GPTBot/1.3; +https://openai.com/gptbot)" 49 **0/49983**
74.7.227.26 - - [04/Mar/2026:05:43:56 -0700] "GET /wp-sitemap.xml?fileloc=//proc/thread-self/root/usr/share/man/man5/sysstat.5.gz&path=//proc/thread-self/root/usr/share/man/man5 HTTP/1.1" 200 4218 "http://www.icdp.co.in/wp-sitemap.xml?path=//proc/thread-self/root/usr/share/man/man5" "Mozilla/5.0 AppleWebKit/537.36 (KHTML, like Gecko; compatible; GPTBot/1.3; +https://openai.com/gptbot)" 52 **0/52950**
74.7.227.26 - - [04/Mar/2026:05:43:56 -0700] "GET /wp-sitemap.xml?fileloc=//proc/thread-self/root/usr/share/man/man8/userdel.8.gz&path=//proc/thread-self/root/usr/share/man/man8 HTTP/1.1" 200 5138 "http://www.icdp.co.in/wp-sitemap.xml?path=//proc/thread-self/root/usr/share/man/man8" "Mozilla/5.0 AppleWebKit/537.36 (KHTML, like Gecko; compatible; GPTBot/1.3; +https://openai.com/gptbot)" 44 **0/44246**
144.76.32.236 - - [04/Mar/2026:05:43:57 -0700] "GET /77777-online-pacanele-marco-waterpol-rotiri-insa-sloturi-microgaming-jocuri-de-sloturi-pentru-pc-joc-demo-gratuit/ HTTP/1.1" 200 5663 "-" "Mozilla/5.0 (compatible; SERankingBacklinksBot/1.0; +https://seranking.com/backlinks-crawler)" 41 **0/41572**
74.7.227.26 - - [04/Mar/2026:05:43:57 -0700] "GET /wp-sitemap.xml?fileloc=//proc/thread-self/root/usr/share/man/man8/zramctl.8.gz&path=//proc/thread-self/root/usr/share/man/man8 HTTP/1.1" 200 3889 "http://www.icdp.co.in/wp-sitemap.xml?path=//proc/thread-self/root/usr/share/man/man8" "Mozilla/5.0 AppleWebKit/537.36 (KHTML, like Gecko; compatible; GPTBot/1.3; +https://openai.com/gptbot)" 48 **0/48538**
74.7.227.26 - - [04/Mar/2026:05:43:57 -0700] "GET /wp-sitemap.xml?fileloc=//proc/thread-self/root/usr/share/man/man8/acpid.8.gz&path=//proc/thread-self/root/usr/share/man/man8 HTTP/1.1" 200 5795 "http://www.icdp.co.in/wp-sitemap.xml?path=//proc/thread-self/root/usr/share/man/man8" "Mozilla/5.0 AppleWebKit/537.36 (KHTML, like Gecko; compatible; GPTBot/1.3; +https://openai.com/gptbot)" 44 **0/44938**
74.7.227.26 - - [04/Mar/2026:05:43:58 -0700] "GET /wp-sitemap.xml?fileloc=//proc/thread-self/root/usr/share/man/man8/smartctl.8.gz&path=//proc/thread-self/root/usr/share/man/man8 HTTP/1.1" 200 29247 "http://www.icdp.co.in/wp-sitemap.xml?path=//proc/thread-self/root/usr/share/man/man8" "Mozilla/5.0 AppleWebKit/537.36 (KHTML, like Gecko; compatible; GPTBot/1.3; +https://openai.com/gptbot)" 50 **0/50012**
74.7.227.26 - - [04/Mar/2026:05:43:58 -0700] "GET /wp-sitemap.xml?fileloc=//proc/thread-self/root/usr/share/man/man8/tmpwatch.8.gz&path=//proc/thread-self/root/usr/share/man/man8 HTTP/1.1" 200 4726 "http://www.icdp.co.in/wp-sitemap.xml?path=//proc/thread-self/root/usr/share/man/man8" "Mozilla/5.0 AppleWebKit/537.36 (KHTML, like Gecko; compatible; GPTBot/1.3; +https://openai.com/gptbot)" 56 **0/56876**
74.7.227.26 - - [04/Mar/2026:05:43:59 -0700] "GET /wp-sitemap.xml?fileloc=//proc/thread-self/root/usr/share/man/man8/logrotate.8.gz&path=//proc/thread-self/root/usr/share/man/man8 HTTP/1.1" 200 9004 "http://www.icdp.co.in/wp-sitemap.xml?path=//proc/thread-self/root/usr/share/man/man8" "Mozilla/5.0 AppleWebKit/537.36 (KHTML, like Gecko; compatible; GPTBot/1.3; +https://openai.com/gptbot)" 56 **0/56786**
74.7.227.26 - - [04/Mar/2026:05:43:59 -0700] "GET /wp-sitemap.xml?fileloc=//proc/thread-self/root/usr/share/man/man8/nfsconf.8.gz&path=//proc/thread-self/root/usr/share/man/man8 HTTP/1.1" 200 3574 "http://www.icdp.co.in/wp-sitemap.xml?path=//proc/thread-self/root/usr/share/man/man8" "Mozilla/5.0 AppleWebKit/537.36 (KHTML, like Gecko; compatible; GPTBot/1.3; +https://openai.com/gptbot)" 56 **0/56032**
74.7.227.26 - - [04/Mar/2026:05:44:00 -0700] "GET /wp-sitemap.xml?fileloc=//proc/thread-self/root/usr/share/man/man8/hdparm.8.gz&path=//proc/thread-self/root/usr/share/man/man8 HTTP/1.1" 200 13932 "http://www.icdp.co.in/wp-sitemap.xml?path=//proc/thread-self/root/usr/share/man/man8" "Mozilla/5.0 AppleWebKit/537.36 (KHTML, like Gecko; compatible; GPTBot/1.3; +https://openai.com/gptbot)" 71 **0/71902**
74.7.227.26 - - [04/Mar/2026:05:44:00 -0700] "GET /wp-sitemap.xml?fileloc=//proc/thread-self/root/usr/share/man/man8/fsfreeze.8.gz&path=//proc/thread-self/root/usr/share/man/man8 HTTP/1.1" 200 3634 "http://www.icdp.co.in/wp-sitemap.xml?path=//proc/thread-self/root/usr/share/man/man8" "Mozilla/5.0 AppleWebKit/537.36 (KHTML, like Gecko; compatible; GPTBot/1.3; +https://openai.com/gptbot)" 52 **0/52108**
74.7.227.26 - - [04/Mar/2026:05:44:01 -0700] "GET /wp-sitemap.xml?fileloc=//proc/thread-self/root/usr/share/man/man8/lnstat.8.gz&path=//proc/thread-self/root/usr/share/man/man8 HTTP/1.1" 200 4803 "http://www.icdp.co.in/wp-sitemap.xml?path=//proc/thread-self/root/usr/share/man/man8" "Mozilla/5.0 AppleWebKit/537.36 (KHTML, like Gecko; compatible; GPTBot/1.3; +https://openai.com/gptbot)" 72 **0/72257**
74.7.227.26 - - [04/Mar/2026:05:44:01 -0700] "GET /wp-sitemap.xml?fileloc=//proc/thread-self/root/usr/share/man/man5/seusers.5.gz&path=//proc/thread-self/root/usr/share/man/man5 HTTP/1.1" 200 3139 "http://www.icdp.co.in/wp-sitemap.xml?path=//proc/thread-self/root/usr/share/man/man5" "Mozilla/5.0 AppleWebKit/537.36 (KHTML, like Gecko; compatible; GPTBot/1.3; +https://openai.com/gptbot)" 93 **0/93066**
74.7.227.26 - - [04/Mar/2026:05:44:02 -0700] "GET /wp-sitemap.xml?fileloc=//proc/thread-self/root/usr/share/man/man8/chpasswd.8.gz&path=//proc/thread-self/root/usr/share/man/man8 HTTP/1.1" 200 4448 "http://www.icdp.co.in/wp-sitemap.xml?path=//proc/thread-self/root/usr/share/man/man8" "Mozilla/5.0 AppleWebKit/537.36 (KHTML, like Gecko; compatible; GPTBot/1.3; +https://openai.com/gptbot)" 60 **0/60938**
74.7.227.26 - - [04/Mar/2026:05:44:02 -0700] "GET /wp-sitemap.xml?fileloc=//proc/thread-self/root/usr/share/man/man8/adduser.8.gz&path=//proc/thread-self/root/usr/share/man/man8 HTTP/1.1" 200 7456 "http://www.icdp.co.in/wp-sitemap.xml?path=//proc/thread-self/root/usr/share/man/man8" "Mozilla/5.0 AppleWebKit/537.36 (KHTML, like Gecko; compatible; GPTBot/1.3; +https://openai.com/gptbot)" 60 **0/60455**
74.7.227.26 - - [04/Mar/2026:05:44:03 -0700] "GET /wp-sitemap.xml?fileloc=//proc/thread-self/root/usr/share/man/man8/modprobe.8.gz&path=//proc/thread-self/root/usr/share/man/man8 HTTP/1.1" 200 5625 "http://www.icdp.co.in/wp-sitemap.xml?path=//proc/thread-self/root/usr/share/man/man8" "Mozilla/5.0 AppleWebKit/537.36 (KHTML, like Gecko; compatible; GPTBot/1.3; +https://openai.com/gptbot)" 55 **0/55410**
74.7.227.26 - - [04/Mar/2026:05:44:04 -0700] "GET /wp-sitemap.xml?fileloc=//proc/thread-self/root/usr/share/man/man8/swapon.8.gz&path=//proc/thread-self/root/usr/share/man/man8 HTTP/1.1" 200 5485 "http://www.icdp.co.in/wp-sitemap.xml?path=//proc/thread-self/root/usr/share/man/man8" "Mozilla/5.0 AppleWebKit/537.36 (KHTML, like Gecko; compatible; GPTBot/1.3; +https://openai.com/gptbot)" 50 **0/50433**
74.7.227.26 - - [04/Mar/2026:05:44:04 -0700] "GET /wp-sitemap.xml?fileloc=//proc/thread-self/root/usr/share/man/man5/shadow.5.gz&path=//proc/thread-self/root/usr/share/man/man5 HTTP/1.1" 200 4136 "http://www.icdp.co.in/wp-sitemap.xml?path=//proc/thread-self/root/usr/share/man/man5" "Mozilla/5.0 AppleWebKit/537.36 (KHTML, like Gecko; compatible; GPTBot/1.3; +https://openai.com/gptbot)" 48 **0/48765**
185.191.171.10 - - [04/Mar/2026:05:44:04 -0700] "GET /blog/page/68/ HTTP/1.1" 200 5663 "-" "Mozilla/5.0 (compatible; SemrushBot/7~bl; +http://www.semrush.com/bot.html)" 39 **0/39531**
74.7.227.26 - - [04/Mar/2026:05:44:05 -0700] "GET /wp-sitemap.xml?fileloc=//proc/thread-self/root/usr/share/man/man5/terminfo.5.gz&path=//proc/thread-self/root/usr/share/man/man5 HTTP/1.1" 200 32106 "http://www.icdp.co.in/wp-sitemap.xml?path=//proc/thread-self/root/usr/share/man/man5" "Mozilla/5.0 AppleWebKit/537.36 (KHTML, like Gecko; compatible; GPTBot/1.3; +https://openai.com/gptbot)" 59 **0/59017**
74.7.227.26 - - [04/Mar/2026:05:44:05 -0700] "GET /wp-sitemap.xml?fileloc=//proc/thread-self/root/usr/share/man/man8/getpcaps.8.gz&path=//proc/thread-self/root/usr/share/man/man8 HTTP/1.1" 200 3000 "http://www.icdp.co.in/wp-sitemap.xml?path=//proc/thread-self/root/usr/share/man/man8" "Mozilla/5.0 AppleWebKit/537.36 (KHTML, like Gecko; compatible; GPTBot/1.3; +https://openai.com/gptbot)" 46 **0/46612**
74.7.227.26 - - [04/Mar/2026:05:44:06 -0700] "GET /wp-sitemap.xml?fileloc=//proc/thread-self/root/usr/share/man/man4/mailcap.4.gz&path=//proc/thread-self/root/usr/share/man/man4 HTTP/1.1" 200 5820 "http://www.icdp.co.in/wp-sitemap.xml?path=//proc/thread-self/root/usr/share/man/man4" "Mozilla/5.0 AppleWebKit/537.36 (KHTML, like Gecko; compatible; GPTBot/1.3; +https://openai.com/gptbot)" 47 **0/47908**
74.7.227.26 - - [04/Mar/2026:05:44:06 -0700] "GET /wp-sitemap.xml?fileloc=//proc/thread-self/root/usr/share/man/man5/moduli.5.gz&path=//proc/thread-self/root/usr/share/man/man5 HTTP/1.1" 200 4089 "http://www.icdp.co.in/wp-sitemap.xml?path=//proc/thread-self/root/usr/share/man/man5" "Mozilla/5.0 AppleWebKit/537.36 (KHTML, like Gecko; compatible; GPTBot/1.3; +https://openai.com/gptbot)" 49 **0/49111**
74.7.227.26 - - [04/Mar/2026:05:44:07 -0700] "GET /wp-sitemap.xml?fileloc=//proc/thread-self/root/usr/share/man/man8/mount.8.gz&path=//proc/thread-self/root/usr/share/man/man8 HTTP/1.1" 200 23616 "http://www.icdp.co.in/wp-sitemap.xml?path=//proc/thread-self/root/usr/share/man/man8" "Mozilla/5.0 AppleWebKit/537.36 (KHTML, like Gecko; compatible; GPTBot/1.3; +https://openai.com/gptbot)" 57 **0/57176**
74.7.227.26 - - [04/Mar/2026:05:44:07 -0700] "GET /wp-sitemap.xml?fileloc=//proc/thread-self/root/usr/share/man/man8/parted.8.gz&path=//proc/thread-self/root/usr/share/man/man8 HTTP/1.1" 200 4414 "http://www.icdp.co.in/wp-sitemap.xml?path=//proc/thread-self/root/usr/share/man/man8" "Mozilla/5.0 AppleWebKit/537.36 (KHTML, like Gecko; compatible; GPTBot/1.3; +https://openai.com/gptbot)" 44 **0/44097**
74.7.227.26 - - [04/Mar/2026:05:44:08 -0700] "GET /wp-sitemap.xml?fileloc=//proc/thread-self/root/usr/share/man/man8/showmount.8.gz&path=//proc/thread-self/root/usr/share/man/man8 HTTP/1.1" 200 3206 "http://www.icdp.co.in/wp-sitemap.xml?path=//proc/thread-self/root/usr/share/man/man8" "Mozilla/5.0 AppleWebKit/537.36 (KHTML, like Gecko; compatible; GPTBot/1.3; +https://openai.com/gptbot)" 53 **0/53121**
74.7.227.26 - - [04/Mar/2026:05:44:08 -0700] "GET /wp-sitemap.xml?fileloc=//proc/thread-self/root/usr/share/man/man8/setfont.8.gz&path=//proc/thread-self/root/usr/share/man/man8 HTTP/1.1" 200 5079 "http://www.icdp.co.in/wp-sitemap.xml?path=//proc/thread-self/root/usr/share/man/man8" "Mozilla/5.0 AppleWebKit/537.36 (KHTML, like Gecko; compatible; GPTBot/1.3; +https://openai.com/gptbot)" 44 **0/44813**
74.7.227.26 - - [04/Mar/2026:05:44:09 -0700] "GET /wp-sitemap.xml?fileloc=//proc/thread-self/root/usr/share/man/man8/aulastlog.8.gz&path=//proc/thread-self/root/usr/share/man/man8 HTTP/1.1" 200 2841 "http://www.icdp.co.in/wp-sitemap.xml?path=//proc/thread-self/root/usr/share/man/man8" "Mozilla/5.0 AppleWebKit/537.36 (KHTML, like Gecko; compatible; GPTBot/1.3; +https://openai.com/gptbot)" 49 **0/49571**
74.7.227.26 - - [04/Mar/2026:05:44:09 -0700] "GET /wp-sitemap.xml?fileloc=//proc/thread-self/root/usr/share/man/man8/ldattach.8.gz&path=//proc/thread-self/root/usr/share/man/man8 HTTP/1.1" 200 4082 "http://www.icdp.co.in/wp-sitemap.xml?path=//proc/thread-self/root/usr/share/man/man8" "Mozilla/5.0 AppleWebKit/537.36 (KHTML, like Gecko; compatible; GPTBot/1.3; +https://openai.com/gptbot)" 43 **0/43939**
74.7.227.26 - - [04/Mar/2026:05:44:10 -0700] "GET /wp-sitemap.xml?fileloc=//proc/thread-self/root/usr/share/man/man8/route.8.gz&path=//proc/thread-self/root/usr/share/man/man8 HTTP/1.1" 200 5546 "http://www.icdp.co.in/wp-sitemap.xml?path=//proc/thread-self/root/usr/share/man/man8" "Mozilla/5.0 AppleWebKit/537.36 (KHTML, like Gecko; compatible; GPTBot/1.3; +https://openai.com/gptbot)" 49 **0/49493**
74.7.227.26 - - [04/Mar/2026:05:44:11 -0700] "GET /wp-sitemap.xml?fileloc=//proc/thread-self/root/usr/share/man/man8/iprupdate.8.gz&path=//proc/thread-self/root/usr/share/man/man8 HTTP/1.1" 200 3291 "http://www.icdp.co.in/wp-sitemap.xml?path=//proc/thread-self/root/usr/share/man/man8" "Mozilla/5.0 AppleWebKit/537.36 (KHTML, like Gecko; compatible; GPTBot/1.3; +https://openai.com/gptbot)" 49 **0/49978**
144.76.32.236 - - [04/Mar/2026:05:44:11 -0700] "GET /7bit-bitcoin-gambling-establishment-opinion-2025-allege-the-huge-invited-plan-casino-das-ist-no-deposit-bonus-now/ HTTP/1.1" 200 5663 "-" "Mozilla/5.0 (compatible; SERankingBacklinksBot/1.0; +https://seranking.com/backlinks-crawler)" 37 **0/37061**
74.7.227.26 - - [04/Mar/2026:05:44:11 -0700] "GET /wp-sitemap.xml?fileloc=//proc/thread-self/root/usr/share/man/man8/lsscsi.8.gz&path=//proc/thread-self/root/usr/share/man/man8 HTTP/1.1" 200 11151 "http://www.icdp.co.in/wp-sitemap.xml?path=//proc/thread-self/root/usr/share/man/man8" "Mozilla/5.0 AppleWebKit/537.36 (KHTML, like Gecko; compatible; GPTBot/1.3; +https://openai.com/gptbot)" 44 **0/44034**
74.7.227.26 - - [04/Mar/2026:05:44:12 -0700] "GET /wp-sitemap.xml?fileloc=//proc/thread-self/root/usr/share/man/man8/catman.8.gz&path=//proc/thread-self/root/usr/share/man/man8 HTTP/1.1" 200 3754 "http://www.icdp.co.in/wp-sitemap.xml?path=//proc/thread-self/root/usr/share/man/man8" "Mozilla/5.0 AppleWebKit/537.36 (KHTML, like Gecko; compatible; GPTBot/1.3; +https://openai.com/gptbot)" 46 **0/46657**
74.7.227.26 - - [04/Mar/2026:05:44:12 -0700] "GET /wp-sitemap.xml?fileloc=//proc/thread-self/root/usr/share/man/man8/groupdel.8.gz&path=//proc/thread-self/root/usr/share/man/man8 HTTP/1.1" 200 3891 "http://www.icdp.co.in/wp-sitemap.xml?path=//proc/thread-self/root/usr/share/man/man8" "Mozilla/5.0 AppleWebKit/537.36 (KHTML, like Gecko; compatible; GPTBot/1.3; +https://openai.com/gptbot)" 52 **0/52507**
