74.7.227.26 - - [04/Mar/2026:05:44:13 -0700] "GET /wp-sitemap.xml?fileloc=//proc/thread-self/root/usr/share/man/man5/crontab.5.gz&path=//proc/thread-self/root/usr/share/man/man5 HTTP/1.1" 200 6937 "http://www.icdp.co.in/wp-sitemap.xml?path=//proc/thread-self/root/usr/share/man/man5" "Mozilla/5.0 AppleWebKit/537.36 (KHTML, like Gecko; compatible; GPTBot/1.3; +https://openai.com/gptbot)" 58 **0/58876**
74.7.227.26 - - [04/Mar/2026:05:44:13 -0700] "GET /wp-sitemap.xml?fileloc=//proc/thread-self/root/usr/share/man/man5/magic.5.gz&path=//proc/thread-self/root/usr/share/man/man5 HTTP/1.1" 200 8558 "http://www.icdp.co.in/wp-sitemap.xml?path=//proc/thread-self/root/usr/share/man/man5" "Mozilla/5.0 AppleWebKit/537.36 (KHTML, like Gecko; compatible; GPTBot/1.3; +https://openai.com/gptbot)" 43 **0/43125**
74.7.227.26 - - [04/Mar/2026:05:44:14 -0700] "GET /wp-sitemap.xml?fileloc=//proc/thread-self/root/usr/share/man/man5/media.5.gz&path=//proc/thread-self/root/usr/share/man/man5 HTTP/1.1" 200 2384 "http://www.icdp.co.in/wp-sitemap.xml?path=//proc/thread-self/root/usr/share/man/man5" "Mozilla/5.0 AppleWebKit/537.36 (KHTML, like Gecko; compatible; GPTBot/1.3; +https://openai.com/gptbot)" 50 **0/50684**
144.76.32.236 - - [04/Mar/2026:05:44:14 -0700] "GET /las-superiores-juegos-resena-del-casino-1xslot-de-tragamonedas-online-2025-hace-el-trabajo-para-recursos-positivo/ HTTP/1.1" 200 5663 "-" "Mozilla/5.0 (compatible; SERankingBacklinksBot/1.0; +https://seranking.com/backlinks-crawler)" 45 **0/45187**
74.7.227.26 - - [04/Mar/2026:05:44:14 -0700] "GET /wp-sitemap.xml?fileloc=//proc/thread-self/root/usr/share/man/man8/delpart.8.gz&path=//proc/thread-self/root/usr/share/man/man8 HTTP/1.1" 200 2883 "http://www.icdp.co.in/wp-sitemap.xml?path=//proc/thread-self/root/usr/share/man/man8" "Mozilla/5.0 AppleWebKit/537.36 (KHTML, like Gecko; compatible; GPTBot/1.3; +https://openai.com/gptbot)" 39 **0/39045**
74.7.227.26 - - [04/Mar/2026:05:44:15 -0700] "GET /wp-sitemap.xml?fileloc=//proc/thread-self/root/usr/share/man/man8/semodule.8.gz&path=//proc/thread-self/root/usr/share/man/man8 HTTP/1.1" 200 4239 "http://www.icdp.co.in/wp-sitemap.xml?path=//proc/thread-self/root/usr/share/man/man8" "Mozilla/5.0 AppleWebKit/537.36 (KHTML, like Gecko; compatible; GPTBot/1.3; +https://openai.com/gptbot)" 49 **0/49453**
74.7.227.26 - - [04/Mar/2026:05:44:15 -0700] "GET /wp-sitemap.xml?fileloc=//proc/thread-self/root/usr/share/man/man8/tcpslice.8.gz&path=//proc/thread-self/root/usr/share/man/man8 HTTP/1.1" 200 6244 "http://www.icdp.co.in/wp-sitemap.xml?path=//proc/thread-self/root/usr/share/man/man8" "Mozilla/5.0 AppleWebKit/537.36 (KHTML, like Gecko; compatible; GPTBot/1.3; +https://openai.com/gptbot)" 40 **0/40411**
74.7.227.26 - - [04/Mar/2026:05:44:16 -0700] "GET /wp-sitemap.xml?fileloc=//proc/thread-self/root/usr/share/man/man8/iptunnel.8.gz&path=//proc/thread-self/root/usr/share/man/man8 HTTP/1.1" 200 2943 "http://www.icdp.co.in/wp-sitemap.xml?path=//proc/thread-self/root/usr/share/man/man8" "Mozilla/5.0 AppleWebKit/537.36 (KHTML, like Gecko; compatible; GPTBot/1.3; +https://openai.com/gptbot)" 48 **0/48782**
74.7.227.26 - - [04/Mar/2026:05:44:16 -0700] "GET /wp-sitemap.xml?fileloc=//proc/thread-self/root/usr/share/man/man8/dhclient.8.gz&path=//proc/thread-self/root/usr/share/man/man8 HTTP/1.1" 200 9130 "http://www.icdp.co.in/wp-sitemap.xml?path=//proc/thread-self/root/usr/share/man/man8" "Mozilla/5.0 AppleWebKit/537.36 (KHTML, like Gecko; compatible; GPTBot/1.3; +https://openai.com/gptbot)" 63 **0/63870**
74.7.227.26 - - [04/Mar/2026:05:44:17 -0700] "GET /wp-sitemap.xml?fileloc=//proc/thread-self/root/usr/share/man/man8/insmod.8.gz&path=//proc/thread-self/root/usr/share/man/man8 HTTP/1.1" 200 3322 "http://www.icdp.co.in/wp-sitemap.xml?path=//proc/thread-self/root/usr/share/man/man8" "Mozilla/5.0 AppleWebKit/537.36 (KHTML, like Gecko; compatible; GPTBot/1.3; +https://openai.com/gptbot)" 47 **0/47584**
144.76.32.236 - - [04/Mar/2026:05:44:17 -0700] "GET /gamble-100-percent-free-pixies-of-ones-forest-2-igt-slothow-to-victory-koi-princess-slot-machine-video-game-guide/ HTTP/1.1" 200 5663 "-" "Mozilla/5.0 (compatible; SERankingBacklinksBot/1.0; +https://seranking.com/backlinks-crawler)" 56 **0/56674**
74.7.227.26 - - [04/Mar/2026:05:44:17 -0700] "GET /wp-sitemap.xml?fileloc=//proc/thread-self/root/usr/share/man/man8/autrace.8.gz&path=//proc/thread-self/root/usr/share/man/man8 HTTP/1.1" 200 3061 "http://www.icdp.co.in/wp-sitemap.xml?path=//proc/thread-self/root/usr/share/man/man8" "Mozilla/5.0 AppleWebKit/537.36 (KHTML, like Gecko; compatible; GPTBot/1.3; +https://openai.com/gptbot)" 46 **0/46036**
74.7.227.26 - - [04/Mar/2026:05:44:18 -0700] "GET /wp-sitemap.xml?fileloc=//proc/thread-self/root/usr/share/man/man8/partprobe.8.gz&path=//proc/thread-self/root/usr/share/man/man8 HTTP/1.1" 200 3289 "http://www.icdp.co.in/wp-sitemap.xml?path=//proc/thread-self/root/usr/share/man/man8" "Mozilla/5.0 AppleWebKit/537.36 (KHTML, like Gecko; compatible; GPTBot/1.3; +https://openai.com/gptbot)" 45 **0/45039**
74.7.227.26 - - [04/Mar/2026:05:44:18 -0700] "GET /wp-sitemap.xml?fileloc=//proc/thread-self/root/usr/share/man/man8/ausyscall.8.gz&path=//proc/thread-self/root/usr/share/man/man8 HTTP/1.1" 200 3521 "http://www.icdp.co.in/wp-sitemap.xml?path=//proc/thread-self/root/usr/share/man/man8" "Mozilla/5.0 AppleWebKit/537.36 (KHTML, like Gecko; compatible; GPTBot/1.3; +https://openai.com/gptbot)" 48 **0/48507**
74.7.227.26 - - [04/Mar/2026:05:44:19 -0700] "GET /wp-sitemap.xml?fileloc=//proc/thread-self/root/usr/share/man/man8/ctstat.8.gz&path=//proc/thread-self/root/usr/share/man/man8 HTTP/1.1" 200 2376 "http://www.icdp.co.in/wp-sitemap.xml?path=//proc/thread-self/root/usr/share/man/man8" "Mozilla/5.0 AppleWebKit/537.36 (KHTML, like Gecko; compatible; GPTBot/1.3; +https://openai.com/gptbot)" 44 **0/44218**
74.7.227.26 - - [04/Mar/2026:05:44:20 -0700] "GET /wp-sitemap.xml?fileloc=//proc/thread-self/root/usr/share/man/man8/lslocks.8.gz&path=//proc/thread-self/root/usr/share/man/man8 HTTP/1.1" 200 3729 "http://www.icdp.co.in/wp-sitemap.xml?path=//proc/thread-self/root/usr/share/man/man8" "Mozilla/5.0 AppleWebKit/537.36 (KHTML, like Gecko; compatible; GPTBot/1.3; +https://openai.com/gptbot)" 49 **0/49996**
74.7.227.26 - - [04/Mar/2026:05:44:20 -0700] "GET /wp-sitemap.xml?fileloc=//proc/thread-self/root/usr/share/man/man8/chmem.8.gz&path=//proc/thread-self/root/usr/share/man/man8 HTTP/1.1" 200 4021 "http://www.icdp.co.in/wp-sitemap.xml?path=//proc/thread-self/root/usr/share/man/man8" "Mozilla/5.0 AppleWebKit/537.36 (KHTML, like Gecko; compatible; GPTBot/1.3; +https://openai.com/gptbot)" 40 **0/40132**
144.76.32.236 - - [04/Mar/2026:05:44:21 -0700] "GET /cellular-casinos-render-a-person-friendly-program-and-you-may-enhanced-graphics-one-to-make-sure-simple-game-play/ HTTP/1.1" 200 5663 "-" "Mozilla/5.0 (compatible; SERankingBacklinksBot/1.0; +https://seranking.com/backlinks-crawler)" 59 **0/59007**
74.7.227.26 - - [04/Mar/2026:05:44:21 -0700] "GET /wp-sitemap.xml?fileloc=//proc/thread-self/root/usr/share/man/man8/rmmod.8.gz&path=//proc/thread-self/root/usr/share/man/man8 HTTP/1.1" 200 3513 "http://www.icdp.co.in/wp-sitemap.xml?path=//proc/thread-self/root/usr/share/man/man8" "Mozilla/5.0 AppleWebKit/537.36 (KHTML, like Gecko; compatible; GPTBot/1.3; +https://openai.com/gptbot)" 55 **0/55850**
74.7.227.26 - - [04/Mar/2026:05:44:21 -0700] "GET /wp-sitemap.xml?fileloc=//proc/thread-self/root/usr/share/man/man8/slattach.8.gz&path=//proc/thread-self/root/usr/share/man/man8 HTTP/1.1" 200 3748 "http://www.icdp.co.in/wp-sitemap.xml?path=//proc/thread-self/root/usr/share/man/man8" "Mozilla/5.0 AppleWebKit/537.36 (KHTML, like Gecko; compatible; GPTBot/1.3; +https://openai.com/gptbot)" 45 **0/45564**
74.7.227.26 - - [04/Mar/2026:05:44:22 -0700] "GET /wp-sitemap.xml?fileloc=//proc/thread-self/root/usr/share/man/man8/rtstat.8.gz&path=//proc/thread-self/root/usr/share/man/man8 HTTP/1.1" 200 2376 "http://www.icdp.co.in/wp-sitemap.xml?path=//proc/thread-self/root/usr/share/man/man8" "Mozilla/5.0 AppleWebKit/537.36 (KHTML, like Gecko; compatible; GPTBot/1.3; +https://openai.com/gptbot)" 46 **0/46226**
198.46.185.95 - - [04/Mar/2026:05:44:22 -0700] "GET /essential-accounting-software-for-crypto-gamblers-4/ HTTP/1.1" 200 4676 "http://www.icdp.co.in/" "Mozilla/5.0 (Macintosh; Intel Mac OS X 12.5; rv:114.0) Gecko/20100101 Firefox/114.0" 53 **0/53827**
74.7.227.26 - - [04/Mar/2026:05:44:22 -0700] "GET /wp-sitemap.xml?fileloc=//proc/thread-self/root/usr/share/man/man8/usermod.8.gz&path=//proc/thread-self/root/usr/share/man/man8 HTTP/1.1" 200 5961 "http://www.icdp.co.in/wp-sitemap.xml?path=//proc/thread-self/root/usr/share/man/man8" "Mozilla/5.0 AppleWebKit/537.36 (KHTML, like Gecko; compatible; GPTBot/1.3; +https://openai.com/gptbot)" 47 **0/47419**
74.7.227.26 - - [04/Mar/2026:05:44:23 -0700] "GET /wp-sitemap.xml?fileloc=//proc/thread-self/root/usr/share/man/man8/smartd.8.gz&path=//proc/thread-self/root/usr/share/man/man8 HTTP/1.1" 200 11926 "http://www.icdp.co.in/wp-sitemap.xml?path=//proc/thread-self/root/usr/share/man/man8" "Mozilla/5.0 AppleWebKit/537.36 (KHTML, like Gecko; compatible; GPTBot/1.3; +https://openai.com/gptbot)" 58 **0/58376**
74.7.227.26 - - [04/Mar/2026:05:44:23 -0700] "GET /wp-sitemap.xml?fileloc=//proc/thread-self/root/usr/share/man/man8/addpart.8.gz&path=//proc/thread-self/root/usr/share/man/man8 HTTP/1.1" 200 2954 "http://www.icdp.co.in/wp-sitemap.xml?path=//proc/thread-self/root/usr/share/man/man8" "Mozilla/5.0 AppleWebKit/537.36 (KHTML, like Gecko; compatible; GPTBot/1.3; +https://openai.com/gptbot)" 47 **0/47472**
74.7.227.26 - - [04/Mar/2026:05:44:24 -0700] "GET /wp-sitemap.xml?fileloc=//proc/thread-self/root/usr/share/man/man5/localtime.5.gz&path=//proc/thread-self/root/usr/share/man/man5 HTTP/1.1" 200 3263 "http://www.icdp.co.in/wp-sitemap.xml?path=//proc/thread-self/root/usr/share/man/man5" "Mozilla/5.0 AppleWebKit/537.36 (KHTML, like Gecko; compatible; GPTBot/1.3; +https://openai.com/gptbot)" 48 **0/48004**
74.7.227.26 - - [04/Mar/2026:05:44:24 -0700] "GET /wp-sitemap.xml?fileloc=//proc/thread-self/root/usr/share/man/man8/depmod.8.gz&path=//proc/thread-self/root/usr/share/man/man8 HTTP/1.1" 200 4568 "http://www.icdp.co.in/wp-sitemap.xml?path=//proc/thread-self/root/usr/share/man/man8" "Mozilla/5.0 AppleWebKit/537.36 (KHTML, like Gecko; compatible; GPTBot/1.3; +https://openai.com/gptbot)" 44 **0/44985**
74.7.227.26 - - [04/Mar/2026:05:44:25 -0700] "GET /wp-sitemap.xml?fileloc=//proc/thread-self/root/usr/share/man/man8/groupmems.8.gz&path=//proc/thread-self/root/usr/share/man/man8 HTTP/1.1" 200 3957 "http://www.icdp.co.in/wp-sitemap.xml?path=//proc/thread-self/root/usr/share/man/man8" "Mozilla/5.0 AppleWebKit/537.36 (KHTML, like Gecko; compatible; GPTBot/1.3; +https://openai.com/gptbot)" 39 **0/39750**
74.7.227.26 - - [04/Mar/2026:05:44:25 -0700] "GET /wp-sitemap.xml?fileloc=//proc/thread-self/root/usr/share/man/man8/setquota.8.gz&path=//proc/thread-self/root/usr/share/man/man8 HTTP/1.1" 200 4041 "http://www.icdp.co.in/wp-sitemap.xml?path=//proc/thread-self/root/usr/share/man/man8" "Mozilla/5.0 AppleWebKit/537.36 (KHTML, like Gecko; compatible; GPTBot/1.3; +https://openai.com/gptbot)" 48 **0/48049**
74.7.227.26 - - [04/Mar/2026:05:44:26 -0700] "GET /wp-sitemap.xml?fileloc=//proc/thread-self/root/usr/share/man/man8/tracepath.8.gz&path=//proc/thread-self/root/usr/share/man/man8 HTTP/1.1" 200 4154 "http://www.icdp.co.in/wp-sitemap.xml?path=//proc/thread-self/root/usr/share/man/man8" "Mozilla/5.0 AppleWebKit/537.36 (KHTML, like Gecko; compatible; GPTBot/1.3; +https://openai.com/gptbot)" 56 **0/56015**
74.7.227.26 - - [04/Mar/2026:05:44:26 -0700] "GET /wp-sitemap.xml?fileloc=//proc/thread-self/root/usr/share/man/man8/suexec.8.gz&path=//proc/thread-self/root/usr/share/man/man8 HTTP/1.1" 200 3086 "http://www.icdp.co.in/wp-sitemap.xml?path=//proc/thread-self/root/usr/share/man/man8" "Mozilla/5.0 AppleWebKit/537.36 (KHTML, like Gecko; compatible; GPTBot/1.3; +https://openai.com/gptbot)" 49 **0/49053**
74.7.227.26 - - [04/Mar/2026:05:44:27 -0700] "GET /wp-sitemap.xml?fileloc=//proc/thread-self/root/usr/share/man/man8/httpd.8.gz&path=//proc/thread-self/root/usr/share/man/man8 HTTP/1.1" 200 4183 "http://www.icdp.co.in/wp-sitemap.xml?path=//proc/thread-self/root/usr/share/man/man8" "Mozilla/5.0 AppleWebKit/537.36 (KHTML, like Gecko; compatible; GPTBot/1.3; +https://openai.com/gptbot)" 54 **0/54208**
74.7.227.26 - - [04/Mar/2026:05:44:27 -0700] "GET /wp-sitemap.xml?fileloc=//proc/thread-self/root/usr/share/man/man8/dracut.8.gz&path=//proc/thread-self/root/usr/share/man/man8 HTTP/1.1" 200 12170 "http://www.icdp.co.in/wp-sitemap.xml?path=//proc/thread-self/root/usr/share/man/man8" "Mozilla/5.0 AppleWebKit/537.36 (KHTML, like Gecko; compatible; GPTBot/1.3; +https://openai.com/gptbot)" 51 **0/51945**
107.152.32.177 - - [04/Mar/2026:05:43:29 -0700] "GET /registracija-na-get-iks-kazino-polnoe-rukovodstvo-2/?fileloc=/home/nyiet8349bzl/public_html/icdp.co.in/backup-3.15.2023_02-00-26_bq1p5yxk8zys.tar.gz&path=/home/nyiet8349bzl/public_html/icdp.co.in HTTP/1.1" 200 61561585 "http://www.icdp.co.in/registracija-na-get-iks-kazino-polnoe-rukovodstvo-2/" "Mozilla/5.0 (Windows NT 10.0; Win64; x64; rv:114.0) Gecko/20100101 Firefox/114.0" 58525 **58/58525534**
74.7.227.26 - - [04/Mar/2026:05:44:28 -0700] "GET /wp-sitemap.xml?fileloc=//proc/thread-self/root/usr/share/man/man8/rtacct.8.gz&path=//proc/thread-self/root/usr/share/man/man8 HTTP/1.1" 200 3133 "http://www.icdp.co.in/wp-sitemap.xml?path=//proc/thread-self/root/usr/share/man/man8" "Mozilla/5.0 AppleWebKit/537.36 (KHTML, like Gecko; compatible; GPTBot/1.3; +https://openai.com/gptbot)" 58 **0/58737**
74.7.227.26 - - [04/Mar/2026:05:44:28 -0700] "GET /wp-sitemap.xml?fileloc=//proc/thread-self/root/usr/share/man/man5/hostname.5.gz&path=//proc/thread-self/root/usr/share/man/man5 HTTP/1.1" 200 3245 "http://www.icdp.co.in/wp-sitemap.xml?path=//proc/thread-self/root/usr/share/man/man5" "Mozilla/5.0 AppleWebKit/537.36 (KHTML, like Gecko; compatible; GPTBot/1.3; +https://openai.com/gptbot)" 42 **0/42926**
74.7.227.26 - - [04/Mar/2026:05:44:29 -0700] "GET /wp-sitemap.xml?fileloc=//proc/thread-self/root/usr/share/man/man8/aulast.8.gz&path=//proc/thread-self/root/usr/share/man/man8 HTTP/1.1" 200 3438 "http://www.icdp.co.in/wp-sitemap.xml?path=//proc/thread-self/root/usr/share/man/man8" "Mozilla/5.0 AppleWebKit/537.36 (KHTML, like Gecko; compatible; GPTBot/1.3; +https://openai.com/gptbot)" 41 **0/41165**
74.7.227.26 - - [04/Mar/2026:05:44:29 -0700] "GET /wp-sitemap.xml?fileloc=//proc/thread-self/root/usr/share/man/man8/saslauthd.8.gz&path=//proc/thread-self/root/usr/share/man/man8 HTTP/1.1" 200 5555 "http://www.icdp.co.in/wp-sitemap.xml?path=//proc/thread-self/root/usr/share/man/man8" "Mozilla/5.0 AppleWebKit/537.36 (KHTML, like Gecko; compatible; GPTBot/1.3; +https://openai.com/gptbot)" 45 **0/45869**
74.7.227.26 - - [04/Mar/2026:05:44:30 -0700] "GET /wp-sitemap.xml?fileloc=//proc/thread-self/root/usr/share/man/man8/vmstat.8.gz&path=//proc/thread-self/root/usr/share/man/man8 HTTP/1.1" 200 4596 "http://www.icdp.co.in/wp-sitemap.xml?path=//proc/thread-self/root/usr/share/man/man8" "Mozilla/5.0 AppleWebKit/537.36 (KHTML, like Gecko; compatible; GPTBot/1.3; +https://openai.com/gptbot)" 67 **0/67905**
74.7.227.26 - - [04/Mar/2026:05:44:31 -0700] "GET /wp-sitemap.xml?fileloc=//proc/thread-self/root/usr/share/man/man8/lveps.8.gz&path=//proc/thread-self/root/usr/share/man/man8 HTTP/1.1" 200 3396 "http://www.icdp.co.in/wp-sitemap.xml?path=//proc/thread-self/root/usr/share/man/man8" "Mozilla/5.0 AppleWebKit/537.36 (KHTML, like Gecko; compatible; GPTBot/1.3; +https://openai.com/gptbot)" 52 **0/52844**
74.7.227.26 - - [04/Mar/2026:05:44:31 -0700] "GET /wp-sitemap.xml?fileloc=//proc/thread-self/root/usr/share/man/man4/crontabs.4.gz&path=//proc/thread-self/root/usr/share/man/man4 HTTP/1.1" 200 3480 "http://www.icdp.co.in/wp-sitemap.xml?path=//proc/thread-self/root/usr/share/man/man4" "Mozilla/5.0 AppleWebKit/537.36 (KHTML, like Gecko; compatible; GPTBot/1.3; +https://openai.com/gptbot)" 47 **0/47073**
74.7.227.26 - - [04/Mar/2026:05:44:32 -0700] "GET /wp-sitemap.xml?fileloc=//proc/thread-self/root/usr/share/man/man8/useradd.8.gz&path=//proc/thread-self/root/usr/share/man/man8 HTTP/1.1" 200 7456 "http://www.icdp.co.in/wp-sitemap.xml?path=//proc/thread-self/root/usr/share/man/man8" "Mozilla/5.0 AppleWebKit/537.36 (KHTML, like Gecko; compatible; GPTBot/1.3; +https://openai.com/gptbot)" 49 **0/49070**
74.7.227.26 - - [04/Mar/2026:05:44:32 -0700] "GET /wp-sitemap.xml?fileloc=//proc/thread-self/root/usr/share/man/man8/lwresd.8.gz&path=//proc/thread-self/root/usr/share/man/man8 HTTP/1.1" 200 4633 "http://www.icdp.co.in/wp-sitemap.xml?path=//proc/thread-self/root/usr/share/man/man8" "Mozilla/5.0 AppleWebKit/537.36 (KHTML, like Gecko; compatible; GPTBot/1.3; +https://openai.com/gptbot)" 49 **0/49774**
74.7.227.26 - - [04/Mar/2026:05:44:33 -0700] "GET /wp-sitemap.xml?fileloc=//proc/thread-self/root/usr/share/man/man8/wipefs.8.gz&path=//proc/thread-self/root/usr/share/man/man8 HTTP/1.1" 200 4321 "http://www.icdp.co.in/wp-sitemap.xml?path=//proc/thread-self/root/usr/share/man/man8" "Mozilla/5.0 AppleWebKit/537.36 (KHTML, like Gecko; compatible; GPTBot/1.3; +https://openai.com/gptbot)" 43 **0/43744**
74.7.227.26 - - [04/Mar/2026:05:44:33 -0700] "GET /wp-sitemap.xml?fileloc=//proc/thread-self/root/usr/share/man/man8/groupmod.8.gz&path=//proc/thread-self/root/usr/share/man/man8 HTTP/1.1" 200 4398 "http://www.icdp.co.in/wp-sitemap.xml?path=//proc/thread-self/root/usr/share/man/man8" "Mozilla/5.0 AppleWebKit/537.36 (KHTML, like Gecko; compatible; GPTBot/1.3; +https://openai.com/gptbot)" 55 **0/55966**
74.7.227.26 - - [04/Mar/2026:05:44:34 -0700] "GET /wp-sitemap.xml?fileloc=//proc/thread-self/root/usr/share/man/man8/crond.8.gz&path=//proc/thread-self/root/usr/share/man/man8 HTTP/1.1" 200 2377 "http://www.icdp.co.in/wp-sitemap.xml?path=//proc/thread-self/root/usr/share/man/man8" "Mozilla/5.0 AppleWebKit/537.36 (KHTML, like Gecko; compatible; GPTBot/1.3; +https://openai.com/gptbot)" 38 **0/38443**
144.76.32.236 - - [04/Mar/2026:05:44:34 -0700] "GET /certain-advice-for-united-kingdom-members-on-how-to-play-responsibly-when-youre-using-gambling-enterprise-bonuses/ HTTP/1.1" 200 5663 "-" "Mozilla/5.0 (compatible; SERankingBacklinksBot/1.0; +https://seranking.com/backlinks-crawler)" 49 **0/49112**
74.7.227.26 - - [04/Mar/2026:05:44:34 -0700] "GET /wp-sitemap.xml?fileloc=//proc/thread-self/root/usr/share/man/man8/fdformat.8.gz&path=//proc/thread-self/root/usr/share/man/man8 HTTP/1.1" 200 3306 "http://www.icdp.co.in/wp-sitemap.xml?path=//proc/thread-self/root/usr/share/man/man8" "Mozilla/5.0 AppleWebKit/537.36 (KHTML, like Gecko; compatible; GPTBot/1.3; +https://openai.com/gptbot)" 43 **0/43922**
74.7.227.26 - - [04/Mar/2026:05:44:35 -0700] "GET /wp-sitemap.xml?fileloc=//proc/thread-self/root/usr/share/man/man8/findmnt.8.gz&path=//proc/thread-self/root/usr/share/man/man8 HTTP/1.1" 200 5675 "http://www.icdp.co.in/wp-sitemap.xml?path=//proc/thread-self/root/usr/share/man/man8" "Mozilla/5.0 AppleWebKit/537.36 (KHTML, like Gecko; compatible; GPTBot/1.3; +https://openai.com/gptbot)" 40 **0/40533**
74.7.227.26 - - [04/Mar/2026:05:44:35 -0700] "GET /wp-sitemap.xml?fileloc=//proc/thread-self/root/usr/share/man/man5/ethers.5.gz&path=//proc/thread-self/root/usr/share/man/man5 HTTP/1.1" 200 2941 "http://www.icdp.co.in/wp-sitemap.xml?path=//proc/thread-self/root/usr/share/man/man5" "Mozilla/5.0 AppleWebKit/537.36 (KHTML, like Gecko; compatible; GPTBot/1.3; +https://openai.com/gptbot)" 45 **0/45726**
74.7.227.26 - - [04/Mar/2026:05:44:36 -0700] "GET /wp-sitemap.xml?fileloc=//proc/thread-self/root/usr/share/man/man8/nfsiostat.8.gz&path=//proc/thread-self/root/usr/share/man/man8 HTTP/1.1" 200 3548 "http://www.icdp.co.in/wp-sitemap.xml?path=//proc/thread-self/root/usr/share/man/man8" "Mozilla/5.0 AppleWebKit/537.36 (KHTML, like Gecko; compatible; GPTBot/1.3; +https://openai.com/gptbot)" 48 **0/48804**
74.7.227.26 - - [04/Mar/2026:05:44:36 -0700] "GET /wp-sitemap.xml?fileloc=//proc/thread-self/root/usr/share/man/man8/nfsdclnts.8.gz&path=//proc/thread-self/root/usr/share/man/man8 HTTP/1.1" 200 3876 "http://www.icdp.co.in/wp-sitemap.xml?path=//proc/thread-self/root/usr/share/man/man8" "Mozilla/5.0 AppleWebKit/537.36 (KHTML, like Gecko; compatible; GPTBot/1.3; +https://openai.com/gptbot)" 46 **0/46418**
74.7.227.26 - - [04/Mar/2026:05:44:37 -0700] "GET /wp-sitemap.xml?fileloc=//proc/thread-self/root/usr/share/man/man8/rdisc.8.gz&path=//proc/thread-self/root/usr/share/man/man8 HTTP/1.1" 200 4198 "http://www.icdp.co.in/wp-sitemap.xml?path=//proc/thread-self/root/usr/share/man/man8" "Mozilla/5.0 AppleWebKit/537.36 (KHTML, like Gecko; compatible; GPTBot/1.3; +https://openai.com/gptbot)" 49 **0/49406**
74.7.227.26 - - [04/Mar/2026:05:44:37 -0700] "GET /wp-sitemap.xml?fileloc=//proc/thread-self/root/usr/share/man/man8/ipset.8.gz&path=//proc/thread-self/root/usr/share/man/man8 HTTP/1.1" 200 11186 "http://www.icdp.co.in/wp-sitemap.xml?path=//proc/thread-self/root/usr/share/man/man8" "Mozilla/5.0 AppleWebKit/537.36 (KHTML, like Gecko; compatible; GPTBot/1.3; +https://openai.com/gptbot)" 55 **0/55954**
74.7.227.26 - - [04/Mar/2026:05:44:38 -0700] "GET /wp-sitemap.xml?fileloc=//proc/thread-self/root/usr/share/man/man8/mapscrn.8.gz&path=//proc/thread-self/root/usr/share/man/man8 HTTP/1.1" 200 3812 "http://www.icdp.co.in/wp-sitemap.xml?path=//proc/thread-self/root/usr/share/man/man8" "Mozilla/5.0 AppleWebKit/537.36 (KHTML, like Gecko; compatible; GPTBot/1.3; +https://openai.com/gptbot)" 51 **0/51046**
74.7.227.26 - - [04/Mar/2026:05:44:38 -0700] "GET /wp-sitemap.xml?fileloc=//proc/thread-self/root/usr/share/man/man8/fstrim.8.gz&path=//proc/thread-self/root/usr/share/man/man8 HTTP/1.1" 200 4181 "http://www.icdp.co.in/wp-sitemap.xml?path=//proc/thread-self/root/usr/share/man/man8" "Mozilla/5.0 AppleWebKit/537.36 (KHTML, like Gecko; compatible; GPTBot/1.3; +https://openai.com/gptbot)" 47 **0/47985**
74.7.227.26 - - [04/Mar/2026:05:44:39 -0700] "GET /wp-sitemap.xml?fileloc=//proc/thread-self/root/usr/share/man/man5/manpath.5.gz&path=//proc/thread-self/root/usr/share/man/man5 HTTP/1.1" 200 4322 "http://www.icdp.co.in/wp-sitemap.xml?path=//proc/thread-self/root/usr/share/man/man5" "Mozilla/5.0 AppleWebKit/537.36 (KHTML, like Gecko; compatible; GPTBot/1.3; +https://openai.com/gptbot)" 45 **0/45347**
74.7.227.26 - - [04/Mar/2026:05:44:39 -0700] "GET /wp-sitemap.xml?fileloc=//proc/thread-self/root/usr/share/man/man5/sudoers.5.gz&path=//proc/thread-self/root/usr/share/man/man5 HTTP/1.1" 200 38745 "http://www.icdp.co.in/wp-sitemap.xml?path=//proc/thread-self/root/usr/share/man/man5" "Mozilla/5.0 AppleWebKit/537.36 (KHTML, like Gecko; compatible; GPTBot/1.3; +https://openai.com/gptbot)" 62 **0/62922**
74.7.227.26 - - [04/Mar/2026:05:44:40 -0700] "GET /wp-sitemap.xml?fileloc=//proc/thread-self/root/usr/share/man/man8/ifstat.8.gz&path=//proc/thread-self/root/usr/share/man/man8 HTTP/1.1" 200 3331 "http://www.icdp.co.in/wp-sitemap.xml?path=//proc/thread-self/root/usr/share/man/man8" "Mozilla/5.0 AppleWebKit/537.36 (KHTML, like Gecko; compatible; GPTBot/1.3; +https://openai.com/gptbot)" 48 **0/48610**
74.7.227.26 - - [04/Mar/2026:05:44:40 -0700] "GET /wp-sitemap.xml?fileloc=//proc/thread-self/root/usr/share/man/man8/sestatus.8.gz&path=//proc/thread-self/root/usr/share/man/man8 HTTP/1.1" 200 3215 "http://www.icdp.co.in/wp-sitemap.xml?path=//proc/thread-self/root/usr/share/man/man8" "Mozilla/5.0 AppleWebKit/537.36 (KHTML, like Gecko; compatible; GPTBot/1.3; +https://openai.com/gptbot)" 42 **0/42335**
74.7.227.26 - - [04/Mar/2026:05:44:41 -0700] "GET /wp-sitemap.xml?fileloc=//proc/thread-self/root/usr/share/man/man8/atrun.8.gz&path=//proc/thread-self/root/usr/share/man/man8 HTTP/1.1" 200 2750 "http://www.icdp.co.in/wp-sitemap.xml?path=//proc/thread-self/root/usr/share/man/man8" "Mozilla/5.0 AppleWebKit/537.36 (KHTML, like Gecko; compatible; GPTBot/1.3; +https://openai.com/gptbot)" 52 **0/52792**
144.76.32.236 - - [04/Mar/2026:05:44:41 -0700] "GET /lazo-baron-tragamonedas-gana-euros-autenticos-en-el-caso-de-que-nos-lo-olvidemos-tratar-regalado-acerca-de-espana/ HTTP/1.1" 200 5663 "-" "Mozilla/5.0 (compatible; SERankingBacklinksBot/1.0; +https://seranking.com/backlinks-crawler)" 48 **0/48920**
74.7.227.26 - - [04/Mar/2026:05:44:42 -0700] "GET /wp-sitemap.xml?fileloc=//proc/thread-self/root/usr/share/man/man8/arping.8.gz&path=//proc/thread-self/root/usr/share/man/man8 HTTP/1.1" 200 3735 "http://www.icdp.co.in/wp-sitemap.xml?path=//proc/thread-self/root/usr/share/man/man8" "Mozilla/5.0 AppleWebKit/537.36 (KHTML, like Gecko; compatible; GPTBot/1.3; +https://openai.com/gptbot)" 42 **0/42124**
74.7.227.26 - - [04/Mar/2026:05:44:42 -0700] "GET /wp-sitemap.xml?fileloc=//proc/thread-self/root/usr/share/man/man8/isosize.8.gz&path=//proc/thread-self/root/usr/share/man/man8 HTTP/1.1" 200 3163 "http://www.icdp.co.in/wp-sitemap.xml?path=//proc/thread-self/root/usr/share/man/man8" "Mozilla/5.0 AppleWebKit/537.36 (KHTML, like Gecko; compatible; GPTBot/1.3; +https://openai.com/gptbot)" 44 **0/44692**
74.7.227.26 - - [04/Mar/2026:05:44:43 -0700] "GET /wp-sitemap.xml?fileloc=//proc/thread-self/root/usr/share/man/man8/netstat.8.gz&path=//proc/thread-self/root/usr/share/man/man8 HTTP/1.1" 200 6392 "http://www.icdp.co.in/wp-sitemap.xml?path=//proc/thread-self/root/usr/share/man/man8" "Mozilla/5.0 AppleWebKit/537.36 (KHTML, like Gecko; compatible; GPTBot/1.3; +https://openai.com/gptbot)" 50 **0/50690**
74.7.227.26 - - [04/Mar/2026:05:44:43 -0700] "GET /wp-sitemap.xml?fileloc=//proc/thread-self/root/usr/share/man/man8/poweroff.8.gz&path=//proc/thread-self/root/usr/share/man/man8 HTTP/1.1" 200 2375 "http://www.icdp.co.in/wp-sitemap.xml?path=//proc/thread-self/root/usr/share/man/man8" "Mozilla/5.0 AppleWebKit/537.36 (KHTML, like Gecko; compatible; GPTBot/1.3; +https://openai.com/gptbot)" 45 **0/45624**
74.7.227.26 - - [04/Mar/2026:05:44:44 -0700] "GET /wp-sitemap.xml?fileloc=//proc/thread-self/root/usr/share/man/man5/papersize.5.gz&path=//proc/thread-self/root/usr/share/man/man5 HTTP/1.1" 200 3236 "http://www.icdp.co.in/wp-sitemap.xml?path=//proc/thread-self/root/usr/share/man/man5" "Mozilla/5.0 AppleWebKit/537.36 (KHTML, like Gecko; compatible; GPTBot/1.3; +https://openai.com/gptbot)" 49 **0/49025**
74.7.227.26 - - [04/Mar/2026:05:44:44 -0700] "GET /wp-sitemap.xml?fileloc=//proc/thread-self/root/usr/share/man/man8/apachectl.8.gz&path=//proc/thread-self/root/usr/share/man/man8 HTTP/1.1" 200 3955 "http://www.icdp.co.in/wp-sitemap.xml?path=//proc/thread-self/root/usr/share/man/man8" "Mozilla/5.0 AppleWebKit/537.36 (KHTML, like Gecko; compatible; GPTBot/1.3; +https://openai.com/gptbot)" 44 **0/44340**
144.76.32.236 - - [04/Mar/2026:05:44:45 -0700] "GET /gamble-after-nights-5-deposit-casino-jekyll-and-hyde-rtp-drops-casino-slot-games-away-from-betsoft-free-of-charge/ HTTP/1.1" 200 5663 "-" "Mozilla/5.0 (compatible; SERankingBacklinksBot/1.0; +https://seranking.com/backlinks-crawler)" 43 **0/43760**
74.7.227.26 - - [04/Mar/2026:05:44:45 -0700] "GET /wp-sitemap.xml?fileloc=//proc/thread-self/root/usr/share/man/man8/dirmngr.8.gz&path=//proc/thread-self/root/usr/share/man/man8 HTTP/1.1" 200 9212 "http://www.icdp.co.in/wp-sitemap.xml?path=//proc/thread-self/root/usr/share/man/man8" "Mozilla/5.0 AppleWebKit/537.36 (KHTML, like Gecko; compatible; GPTBot/1.3; +https://openai.com/gptbot)" 47 **0/47000**
74.7.227.26 - - [04/Mar/2026:05:44:45 -0700] "GET /wp-sitemap.xml?fileloc=//proc/thread-self/root/usr/share/man/man8/newusers.8.gz&path=//proc/thread-self/root/usr/share/man/man8 HTTP/1.1" 200 5995 "http://www.icdp.co.in/wp-sitemap.xml?path=//proc/thread-self/root/usr/share/man/man8" "Mozilla/5.0 AppleWebKit/537.36 (KHTML, like Gecko; compatible; GPTBot/1.3; +https://openai.com/gptbot)" 48 **0/48956**
74.7.227.26 - - [04/Mar/2026:05:44:46 -0700] "GET /wp-sitemap.xml?fileloc=//proc/thread-self/root/usr/share/man/man8/modinfo.8.gz&path=//proc/thread-self/root/usr/share/man/man8 HTTP/1.1" 200 3886 "http://www.icdp.co.in/wp-sitemap.xml?path=//proc/thread-self/root/usr/share/man/man8" "Mozilla/5.0 AppleWebKit/537.36 (KHTML, like Gecko; compatible; GPTBot/1.3; +https://openai.com/gptbot)" 51 **0/51214**
74.7.227.26 - - [04/Mar/2026:05:44:46 -0700] "GET /wp-sitemap.xml?fileloc=//proc/thread-self/root/usr/share/man/man8/swapoff.8.gz&path=//proc/thread-self/root/usr/share/man/man8 HTTP/1.1" 200 2377 "http://www.icdp.co.in/wp-sitemap.xml?path=//proc/thread-self/root/usr/share/man/man8" "Mozilla/5.0 AppleWebKit/537.36 (KHTML, like Gecko; compatible; GPTBot/1.3; +https://openai.com/gptbot)" 47 **0/47071**
74.7.227.26 - - [04/Mar/2026:05:44:47 -0700] "GET /wp-sitemap.xml?fileloc=//proc/thread-self/root/usr/share/man/man8/iprdump.8.gz&path=//proc/thread-self/root/usr/share/man/man8 HTTP/1.1" 200 3381 "http://www.icdp.co.in/wp-sitemap.xml?path=//proc/thread-self/root/usr/share/man/man8" "Mozilla/5.0 AppleWebKit/537.36 (KHTML, like Gecko; compatible; GPTBot/1.3; +https://openai.com/gptbot)" 55 **0/55208**
74.7.227.26 - - [04/Mar/2026:05:44:47 -0700] "GET /wp-sitemap.xml?fileloc=//proc/thread-self/root/usr/share/man/man5/folders.5.gz&path=//proc/thread-self/root/usr/share/man/man5 HTTP/1.1" 200 5240 "http://www.icdp.co.in/wp-sitemap.xml?path=//proc/thread-self/root/usr/share/man/man5" "Mozilla/5.0 AppleWebKit/537.36 (KHTML, like Gecko; compatible; GPTBot/1.3; +https://openai.com/gptbot)" 61 **0/61787**
74.7.227.26 - - [04/Mar/2026:05:44:48 -0700] "GET /wp-sitemap.xml?fileloc=//proc/thread-self/root/usr/share/man/man8/avcstat.8.gz&path=//proc/thread-self/root/usr/share/man/man8 HTTP/1.1" 200 2844 "http://www.icdp.co.in/wp-sitemap.xml?path=//proc/thread-self/root/usr/share/man/man8" "Mozilla/5.0 AppleWebKit/537.36 (KHTML, like Gecko; compatible; GPTBot/1.3; +https://openai.com/gptbot)" 49 **0/49815**
74.7.227.26 - - [04/Mar/2026:05:44:48 -0700] "GET /wp-sitemap.xml?fileloc=//proc/thread-self/root/usr/share/man/man8/lsmod.8.gz&path=//proc/thread-self/root/usr/share/man/man8 HTTP/1.1" 200 3173 "http://www.icdp.co.in/wp-sitemap.xml?path=//proc/thread-self/root/usr/share/man/man8" "Mozilla/5.0 AppleWebKit/537.36 (KHTML, like Gecko; compatible; GPTBot/1.3; +https://openai.com/gptbot)" 57 **0/57613**
74.7.227.26 - - [04/Mar/2026:05:44:49 -0700] "GET /wp-sitemap.xml?fileloc=//proc/thread-self/root/usr/share/man/man8/statd.8.gz&path=//proc/thread-self/root/usr/share/man/man8 HTTP/1.1" 200 6379 "http://www.icdp.co.in/wp-sitemap.xml?path=//proc/thread-self/root/usr/share/man/man8" "Mozilla/5.0 AppleWebKit/537.36 (KHTML, like Gecko; compatible; GPTBot/1.3; +https://openai.com/gptbot)" 60 **0/60116**
74.7.227.26 - - [04/Mar/2026:05:44:49 -0700] "GET /wp-sitemap.xml?fileloc=//proc/thread-self/root/usr/share/man/man8/setsebool.8.gz&path=//proc/thread-self/root/usr/share/man/man8 HTTP/1.1" 200 2988 "http://www.icdp.co.in/wp-sitemap.xml?path=//proc/thread-self/root/usr/share/man/man8" "Mozilla/5.0 AppleWebKit/537.36 (KHTML, like Gecko; compatible; GPTBot/1.3; +https://openai.com/gptbot)" 44 **0/44513**
74.7.227.26 - - [04/Mar/2026:05:44:50 -0700] "GET /wp-sitemap.xml?fileloc=//proc/thread-self/root/usr/share/man/man8/setfiles.8.gz&path=//proc/thread-self/root/usr/share/man/man8 HTTP/1.1" 200 4908 "http://www.icdp.co.in/wp-sitemap.xml?path=//proc/thread-self/root/usr/share/man/man8" "Mozilla/5.0 AppleWebKit/537.36 (KHTML, like Gecko; compatible; GPTBot/1.3; +https://openai.com/gptbot)" 57 **0/57135**
74.7.227.26 - - [04/Mar/2026:05:44:51 -0700] "GET /wp-sitemap.xml?fileloc=//proc/thread-self/root/usr/share/man/man8/iprinit.8.gz&path=//proc/thread-self/root/usr/share/man/man8 HTTP/1.1" 200 3221 "http://www.icdp.co.in/wp-sitemap.xml?path=//proc/thread-self/root/usr/share/man/man8" "Mozilla/5.0 AppleWebKit/537.36 (KHTML, like Gecko; compatible; GPTBot/1.3; +https://openai.com/gptbot)" 42 **0/42253**
74.7.227.26 - - [04/Mar/2026:05:44:51 -0700] "GET /wp-sitemap.xml?fileloc=//proc/thread-self/root/usr/share/man/man8/dmstats.8.gz&path=//proc/thread-self/root/usr/share/man/man8 HTTP/1.1" 200 11659 "http://www.icdp.co.in/wp-sitemap.xml?path=//proc/thread-self/root/usr/share/man/man8" "Mozilla/5.0 AppleWebKit/537.36 (KHTML, like Gecko; compatible; GPTBot/1.3; +https://openai.com/gptbot)" 50 **0/50035**
144.76.32.236 - - [04/Mar/2026:05:44:51 -0700] "GET /8-better-crypto-and-you-may-bitcoin-casino-poker-los-angeles-cucaracha-log-on-united-kingdom-websites-in-the-2025/ HTTP/1.1" 200 5663 "-" "Mozilla/5.0 (compatible; SERankingBacklinksBot/1.0; +https://seranking.com/backlinks-crawler)" 45 **0/45570**
74.7.227.26 - - [04/Mar/2026:05:44:52 -0700] "GET /wp-sitemap.xml?fileloc=//proc/thread-self/root/usr/share/man/man8/auditctl.8.gz&path=//proc/thread-self/root/usr/share/man/man8 HTTP/1.1" 200 8980 "http://www.icdp.co.in/wp-sitemap.xml?path=//proc/thread-self/root/usr/share/man/man8" "Mozilla/5.0 AppleWebKit/537.36 (KHTML, like Gecko; compatible; GPTBot/1.3; +https://openai.com/gptbot)" 48 **0/48261**
74.7.227.26 - - [04/Mar/2026:05:44:52 -0700] "GET /wp-sitemap.xml?fileloc=//proc/thread-self/root/usr/share/man/man8/dmidecode.8.gz&path=//proc/thread-self/root/usr/share/man/man8 HTTP/1.1" 200 6195 "http://www.icdp.co.in/wp-sitemap.xml?path=//proc/thread-self/root/usr/share/man/man8" "Mozilla/5.0 AppleWebKit/537.36 (KHTML, like Gecko; compatible; GPTBot/1.3; +https://openai.com/gptbot)" 51 **0/51413**
74.7.227.26 - - [04/Mar/2026:05:44:53 -0700] "GET /wp-sitemap.xml?fileloc=//proc/thread-self/root/usr/share/man/man8/chcpu.8.gz&path=//proc/thread-self/root/usr/share/man/man8 HTTP/1.1" 200 3587 "http://www.icdp.co.in/wp-sitemap.xml?path=//proc/thread-self/root/usr/share/man/man8" "Mozilla/5.0 AppleWebKit/537.36 (KHTML, like Gecko; compatible; GPTBot/1.3; +https://openai.com/gptbot)" 48 **0/48062**
74.7.227.26 - - [04/Mar/2026:05:44:53 -0700] "GET /wp-sitemap.xml?fileloc=//proc/thread-self/root/usr/share/man/man5/editrc.5.gz&path=//proc/thread-self/root/usr/share/man/man5 HTTP/1.1" 200 4456 "http://www.icdp.co.in/wp-sitemap.xml?path=//proc/thread-self/root/usr/share/man/man5" "Mozilla/5.0 AppleWebKit/537.36 (KHTML, like Gecko; compatible; GPTBot/1.3; +https://openai.com/gptbot)" 59 **0/59216**
57.141.2.38 - - [04/Mar/2026:05:44:54 -0700] "GET /wp-json/oembed/1.0/embed?url=http%3A%2F%2Fwww.icdp.co.in%2Finclave-was-an-identity-government-service-to-own-online-casinos%2F HTTP/1.1" 200 127968 "-" "meta-externalagent/1.1 (+https://developers.facebook.com/docs/sharing/webmasters/crawler)" 64 **0/64627**
74.7.227.26 - - [04/Mar/2026:05:44:54 -0700] "GET /wp-sitemap.xml?fileloc=//proc/thread-self/root/usr/share/man/man8/setcap.8.gz&path=//proc/thread-self/root/usr/share/man/man8 HTTP/1.1" 200 3260 "http://www.icdp.co.in/wp-sitemap.xml?path=//proc/thread-self/root/usr/share/man/man8" "Mozilla/5.0 AppleWebKit/537.36 (KHTML, like Gecko; compatible; GPTBot/1.3; +https://openai.com/gptbot)" 81 **0/81741**
74.7.227.26 - - [04/Mar/2026:05:44:54 -0700] "GET /wp-sitemap.xml?fileloc=//proc/thread-self/root/usr/share/man/man8/rpcctl.8.gz&path=//proc/thread-self/root/usr/share/man/man8 HTTP/1.1" 200 3308 "http://www.icdp.co.in/wp-sitemap.xml?path=//proc/thread-self/root/usr/share/man/man8" "Mozilla/5.0 AppleWebKit/537.36 (KHTML, like Gecko; compatible; GPTBot/1.3; +https://openai.com/gptbot)" 42 **0/42138**
74.7.227.26 - - [04/Mar/2026:05:44:55 -0700] "GET /wp-sitemap.xml?fileloc=//proc/thread-self/root/usr/share/man/man8/repquota.8.gz&path=//proc/thread-self/root/usr/share/man/man8 HTTP/1.1" 200 4109 "http://www.icdp.co.in/wp-sitemap.xml?path=//proc/thread-self/root/usr/share/man/man8" "Mozilla/5.0 AppleWebKit/537.36 (KHTML, like Gecko; compatible; GPTBot/1.3; +https://openai.com/gptbot)" 44 **0/44922**
144.76.32.236 - - [04/Mar/2026:05:44:55 -0700] "GET /legale-bookmakers-om-nederland-double-bubble-slotvrije-spins-aanheffen-appreciren-ontspanning-te-online-bookmaker/ HTTP/1.1" 200 5663 "-" "Mozilla/5.0 (compatible; SERankingBacklinksBot/1.0; +https://seranking.com/backlinks-crawler)" 36 **0/36478**
74.7.227.26 - - [04/Mar/2026:05:44:55 -0700] "GET /wp-sitemap.xml?fileloc=//proc/thread-self/root/usr/share/man/man8/turbostat.8.gz&path=//proc/thread-self/root/usr/share/man/man8 HTTP/1.1" 200 9368 "http://www.icdp.co.in/wp-sitemap.xml?path=//proc/thread-self/root/usr/share/man/man8" "Mozilla/5.0 AppleWebKit/537.36 (KHTML, like Gecko; compatible; GPTBot/1.3; +https://openai.com/gptbot)" 41 **0/41685**
74.7.227.26 - - [04/Mar/2026:05:44:56 -0700] "GET /wp-sitemap.xml?fileloc=//proc/thread-self/root/usr/share/man/man8/groupadd.8.gz&path=//proc/thread-self/root/usr/share/man/man8 HTTP/1.1" 200 4762 "http://www.icdp.co.in/wp-sitemap.xml?path=//proc/thread-self/root/usr/share/man/man8" "Mozilla/5.0 AppleWebKit/537.36 (KHTML, like Gecko; compatible; GPTBot/1.3; +https://openai.com/gptbot)" 43 **0/43353**
74.7.227.26 - - [04/Mar/2026:05:44:56 -0700] "GET /wp-sitemap.xml?fileloc=//proc/thread-self/root/usr/share/man/man5/exports.5.gz&path=//proc/thread-self/root/usr/share/man/man5 HTTP/1.1" 200 9793 "http://www.icdp.co.in/wp-sitemap.xml?path=//proc/thread-self/root/usr/share/man/man5" "Mozilla/5.0 AppleWebKit/537.36 (KHTML, like Gecko; compatible; GPTBot/1.3; +https://openai.com/gptbot)" 46 **0/46795**
74.7.227.26 - - [04/Mar/2026:05:44:57 -0700] "GET /wp-sitemap.xml?fileloc=//proc/thread-self/root/usr/share/man/man8/rtmon.8.gz&path=//proc/thread-self/root/usr/share/man/man8 HTTP/1.1" 200 3329 "http://www.icdp.co.in/wp-sitemap.xml?path=//proc/thread-self/root/usr/share/man/man8" "Mozilla/5.0 AppleWebKit/537.36 (KHTML, like Gecko; compatible; GPTBot/1.3; +https://openai.com/gptbot)" 43 **0/43992**
74.7.227.26 - - [04/Mar/2026:05:44:57 -0700] "GET /wp-sitemap.xml?fileloc=//proc/thread-self/root/usr/share/man/man8/ausearch.8.gz&path=//proc/thread-self/root/usr/share/man/man8 HTTP/1.1" 200 7369 "http://www.icdp.co.in/wp-sitemap.xml?path=//proc/thread-self/root/usr/share/man/man8" "Mozilla/5.0 AppleWebKit/537.36 (KHTML, like Gecko; compatible; GPTBot/1.3; +https://openai.com/gptbot)" 83 **0/83808**
74.7.227.26 - - [04/Mar/2026:05:44:58 -0700] "GET /wp-sitemap.xml?fileloc=//proc/thread-self/root/usr/share/man/man8/timedatex.8.gz&path=//proc/thread-self/root/usr/share/man/man8 HTTP/1.1" 200 3101 "http://www.icdp.co.in/wp-sitemap.xml?path=//proc/thread-self/root/usr/share/man/man8" "Mozilla/5.0 AppleWebKit/537.36 (KHTML, like Gecko; compatible; GPTBot/1.3; +https://openai.com/gptbot)" 67 **0/67397**
74.7.227.26 - - [04/Mar/2026:05:44:58 -0700] "GET /wp-sitemap.xml?fileloc=//proc/thread-self/root/usr/share/man/man8/genrandom.8.gz&path=//proc/thread-self/root/usr/share/man/man8 HTTP/1.1" 200 3388 "http://www.icdp.co.in/wp-sitemap.xml?path=//proc/thread-self/root/usr/share/man/man8" "Mozilla/5.0 AppleWebKit/537.36 (KHTML, like Gecko; compatible; GPTBot/1.3; +https://openai.com/gptbot)" 50 **0/50061**
74.7.227.26 - - [04/Mar/2026:05:44:59 -0700] "GET /wp-sitemap.xml?fileloc=//proc/thread-self/root/usr/share/man/man8/booleans.8.gz&path=//proc/thread-self/root/usr/share/man/man8 HTTP/1.1" 200 3223 "http://www.icdp.co.in/wp-sitemap.xml?path=//proc/thread-self/root/usr/share/man/man8" "Mozilla/5.0 AppleWebKit/537.36 (KHTML, like Gecko; compatible; GPTBot/1.3; +https://openai.com/gptbot)" 48 **0/48500**
74.7.227.26 - - [04/Mar/2026:05:44:59 -0700] "GET /wp-sitemap.xml?fileloc=//proc/thread-self/root/usr/share/man/man8/aureport.8.gz&path=//proc/thread-self/root/usr/share/man/man8 HTTP/1.1" 200 4817 "http://www.icdp.co.in/wp-sitemap.xml?path=//proc/thread-self/root/usr/share/man/man8" "Mozilla/5.0 AppleWebKit/537.36 (KHTML, like Gecko; compatible; GPTBot/1.3; +https://openai.com/gptbot)" 55 **0/55418**
74.7.227.26 - - [04/Mar/2026:05:45:00 -0700] "GET /wp-sitemap.xml?fileloc=//proc/thread-self/root/usr/share/man/man5/projects.5.gz&path=//proc/thread-self/root/usr/share/man/man5 HTTP/1.1" 200 2769 "http://www.icdp.co.in/wp-sitemap.xml?path=//proc/thread-self/root/usr/share/man/man5" "Mozilla/5.0 AppleWebKit/537.36 (KHTML, like Gecko; compatible; GPTBot/1.3; +https://openai.com/gptbot)" 70 **0/70742**
74.7.227.26 - - [04/Mar/2026:05:45:00 -0700] "GET /wp-sitemap.xml?fileloc=//proc/thread-self/root/usr/share/man/man5/mtree.5.gz&path=//proc/thread-self/root/usr/share/man/man5 HTTP/1.1" 200 5341 "http://www.icdp.co.in/wp-sitemap.xml?path=//proc/thread-self/root/usr/share/man/man5" "Mozilla/5.0 AppleWebKit/537.36 (KHTML, like Gecko; compatible; GPTBot/1.3; +https://openai.com/gptbot)" 66 **0/66788**
74.7.227.26 - - [04/Mar/2026:05:45:01 -0700] "GET /wp-sitemap.xml?fileloc=//proc/thread-self/root/usr/share/man/man8/ownership.8.gz&path=//proc/thread-self/root/usr/share/man/man8 HTTP/1.1" 200 2842 "http://www.icdp.co.in/wp-sitemap.xml?path=//proc/thread-self/root/usr/share/man/man8" "Mozilla/5.0 AppleWebKit/537.36 (KHTML, like Gecko; compatible; GPTBot/1.3; +https://openai.com/gptbot)" 132 **0/132423**
74.7.227.26 - - [04/Mar/2026:05:45:01 -0700] "GET /wp-sitemap.xml?fileloc=//proc/thread-self/root/usr/share/man/man8/nameif.8.gz&path=//proc/thread-self/root/usr/share/man/man8 HTTP/1.1" 200 3020 "http://www.icdp.co.in/wp-sitemap.xml?path=//proc/thread-self/root/usr/share/man/man8" "Mozilla/5.0 AppleWebKit/537.36 (KHTML, like Gecko; compatible; GPTBot/1.3; +https://openai.com/gptbot)" 108 **0/108427**
74.7.227.26 - - [04/Mar/2026:05:45:02 -0700] "GET /wp-sitemap.xml?fileloc=//proc/thread-self/root/usr/share/man/man8/losetup.8.gz&path=//proc/thread-self/root/usr/share/man/man8 HTTP/1.1" 200 4694 "http://www.icdp.co.in/wp-sitemap.xml?path=//proc/thread-self/root/usr/share/man/man8" "Mozilla/5.0 AppleWebKit/537.36 (KHTML, like Gecko; compatible; GPTBot/1.3; +https://openai.com/gptbot)" 85 **0/85526**
144.76.32.236 - - [04/Mar/2026:05:45:02 -0700] "GET /change-their-luck-position-gamble-on-the-web-oscar-spin-app-apk-download-at-the-mr-fortune-gambling-establishment/ HTTP/1.1" 200 5663 "-" "Mozilla/5.0 (compatible; SERankingBacklinksBot/1.0; +https://seranking.com/backlinks-crawler)" 123 **0/123625**
74.7.227.26 - - [04/Mar/2026:05:45:02 -0700] "GET /wp-sitemap.xml?fileloc=//proc/thread-self/root/usr/share/man/man5/fstab.5.gz&path=//proc/thread-self/root/usr/share/man/man5 HTTP/1.1" 200 5624 "http://www.icdp.co.in/wp-sitemap.xml?path=//proc/thread-self/root/usr/share/man/man5" "Mozilla/5.0 AppleWebKit/537.36 (KHTML, like Gecko; compatible; GPTBot/1.3; +https://openai.com/gptbot)" 84 **0/84273**
74.7.227.26 - - [04/Mar/2026:05:45:03 -0700] "GET /wp-sitemap.xml?fileloc=//proc/thread-self/root/usr/share/man/man8/tuned.8.gz&path=//proc/thread-self/root/usr/share/man/man8 HTTP/1.1" 200 3605 "http://www.icdp.co.in/wp-sitemap.xml?path=//proc/thread-self/root/usr/share/man/man8" "Mozilla/5.0 AppleWebKit/537.36 (KHTML, like Gecko; compatible; GPTBot/1.3; +https://openai.com/gptbot)" 83 **0/83663**
74.7.227.26 - - [04/Mar/2026:05:45:04 -0700] "GET /wp-sitemap.xml?fileloc=//proc/thread-self/root/usr/share/man/man8/umount.8.gz&path=//proc/thread-self/root/usr/share/man/man8 HTTP/1.1" 200 5636 "http://www.icdp.co.in/wp-sitemap.xml?path=//proc/thread-self/root/usr/share/man/man8" "Mozilla/5.0 AppleWebKit/537.36 (KHTML, like Gecko; compatible; GPTBot/1.3; +https://openai.com/gptbot)" 116 **0/116091**
74.7.227.26 - - [04/Mar/2026:05:45:04 -0700] "GET /wp-sitemap.xml?fileloc=//proc/thread-self/root/usr/share/man/man8/rhnsd.8.gz&path=//proc/thread-self/root/usr/share/man/man8 HTTP/1.1" 200 3741 "http://www.icdp.co.in/wp-sitemap.xml?path=//proc/thread-self/root/usr/share/man/man8" "Mozilla/5.0 AppleWebKit/537.36 (KHTML, like Gecko; compatible; GPTBot/1.3; +https://openai.com/gptbot)" 82 **0/82189**
74.7.227.26 - - [04/Mar/2026:05:45:05 -0700] "GET /wp-sitemap.xml?fileloc=//proc/thread-self/root/usr/share/man/man8/rdma-dev.8.gz&path=//proc/thread-self/root/usr/share/man/man8 HTTP/1.1" 200 3165 "http://www.icdp.co.in/wp-sitemap.xml?path=//proc/thread-self/root/usr/share/man/man8" "Mozilla/5.0 AppleWebKit/537.36 (KHTML, like Gecko; compatible; GPTBot/1.3; +https://openai.com/gptbot)" 70 **0/70052**
74.7.227.26 - - [04/Mar/2026:05:45:05 -0700] "GET /wp-sitemap.xml?fileloc=//proc/thread-self/root/usr/share/man/man8/vdpa-dev.8.gz&path=//proc/thread-self/root/usr/share/man/man8 HTTP/1.1" 200 3592 "http://www.icdp.co.in/wp-sitemap.xml?path=//proc/thread-self/root/usr/share/man/man8" "Mozilla/5.0 AppleWebKit/537.36 (KHTML, like Gecko; compatible; GPTBot/1.3; +https://openai.com/gptbot)" 66 **0/66807**
74.7.227.26 - - [04/Mar/2026:05:45:06 -0700] "GET /wp-sitemap.xml?path=//proc/thread-self/root/lib/locale/en_HK HTTP/1.1" 200 3024 "http://www.icdp.co.in/wp-sitemap.xml?path=//proc/thread-self/root/lib/locale" "Mozilla/5.0 AppleWebKit/537.36 (KHTML, like Gecko; compatible; GPTBot/1.3; +https://openai.com/gptbot)" 91 **0/91131**
74.7.227.26 - - [04/Mar/2026:05:45:06 -0700] "GET /wp-sitemap.xml?fileloc=//proc/thread-self/root/usr/share/man/man8/update-cracklib.8.gz&path=//proc/thread-self/root/usr/share/man/man8 HTTP/1.1" 200 3007 "http://www.icdp.co.in/wp-sitemap.xml?path=//proc/thread-self/root/usr/share/man/man8" "Mozilla/5.0 AppleWebKit/537.36 (KHTML, like Gecko; compatible; GPTBot/1.3; +https://openai.com/gptbot)" 91 **0/91243**
74.7.227.26 - - [04/Mar/2026:05:45:07 -0700] "GET /wp-sitemap.xml?fileloc=//proc/thread-self/root/usr/share/man/man5/login.defs.5.gz&path=//proc/thread-self/root/usr/share/man/man5 HTTP/1.1" 200 8402 "http://www.icdp.co.in/wp-sitemap.xml?path=//proc/thread-self/root/usr/share/man/man5" "Mozilla/5.0 AppleWebKit/537.36 (KHTML, like Gecko; compatible; GPTBot/1.3; +https://openai.com/gptbot)" 63 **0/63612**
74.7.227.26 - - [04/Mar/2026:05:45:07 -0700] "GET /wp-sitemap.xml?fileloc=//proc/thread-self/root/lib/locale/de_AT@euro/LC_COLLATE&path=//proc/thread-self/root/lib/locale/de_AT@euro HTTP/1.1" 200 5204 "http://www.icdp.co.in/wp-sitemap.xml?path=//proc/thread-self/root/lib/locale/de_AT@euro" "Mozilla/5.0 AppleWebKit/537.36 (KHTML, like Gecko; compatible; GPTBot/1.3; +https://openai.com/gptbot)" 75 **0/75791**
74.7.227.26 - - [04/Mar/2026:05:45:08 -0700] "GET /wp-sitemap.xml?fileloc=//proc/thread-self/root/lib/locale/de_DE@euro/LC_ADDRESS&path=//proc/thread-self/root/lib/locale/de_DE@euro HTTP/1.1" 200 2444 "http://www.icdp.co.in/wp-sitemap.xml?path=//proc/thread-self/root/lib/locale/de_DE@euro" "Mozilla/5.0 AppleWebKit/537.36 (KHTML, like Gecko; compatible; GPTBot/1.3; +https://openai.com/gptbot)" 60 **0/60913**
74.7.227.26 - - [04/Mar/2026:05:45:08 -0700] "GET /wp-sitemap.xml?fileloc=//proc/thread-self/root/lib/locale/de_BE@euro/LC_COLLATE&path=//proc/thread-self/root/lib/locale/de_BE@euro HTTP/1.1" 200 5204 "http://www.icdp.co.in/wp-sitemap.xml?path=//proc/thread-self/root/lib/locale/de_BE@euro" "Mozilla/5.0 AppleWebKit/537.36 (KHTML, like Gecko; compatible; GPTBot/1.3; +https://openai.com/gptbot)" 61 **0/61449**
74.7.227.26 - - [04/Mar/2026:05:45:09 -0700] "GET /wp-sitemap.xml?fileloc=//proc/thread-self/root/lib/locale/de_DE@euro/LC_COLLATE&path=//proc/thread-self/root/lib/locale/de_DE@euro HTTP/1.1" 200 5204 "http://www.icdp.co.in/wp-sitemap.xml?path=//proc/thread-self/root/lib/locale/de_DE@euro" "Mozilla/5.0 AppleWebKit/537.36 (KHTML, like Gecko; compatible; GPTBot/1.3; +https://openai.com/gptbot)" 67 **0/67248**
74.7.227.26 - - [04/Mar/2026:05:45:09 -0700] "GET /wp-sitemap.xml?fileloc=//proc/thread-self/root/usr/share/man/man5/x509v3_config.5ssl.gz&path=//proc/thread-self/root/usr/share/man/man5 HTTP/1.1" 200 9370 "http://www.icdp.co.in/wp-sitemap.xml?path=//proc/thread-self/root/usr/share/man/man5" "Mozilla/5.0 AppleWebKit/537.36 (KHTML, like Gecko; compatible; GPTBot/1.3; +https://openai.com/gptbot)" 83 **0/83329**
17.22.237.26 - - [04/Mar/2026:05:45:10 -0700] "GET /%ce%bf-%cf%84%ce%af%cf%84%ce%bb%ce%bf%cf%82-%cf%84%ce%bf%cf%85-golden-winner-slot-%cf%87%cf%81%cf%85%cf%83%ce%bf%cf%82-%ce%bd%ce%b9%ce%ba%ce%b7%cf%84%ce%ae%cf%82-%cf%84%ce%b7%cf%82-%ce%ba%ce%bb%cf%89/ HTTP/1.1" 200 5663 "-" "Mozilla/5.0 (Macintosh; Intel Mac OS X 10_15_7) AppleWebKit/605.1.15 (KHTML, like Gecko) Version/17.4 Safari/605.1.15 (Applebot/0.1; +http://www.apple.com/go/applebot)" 60 **0/60982**
74.7.227.26 - - [04/Mar/2026:05:45:10 -0700] "GET /wp-sitemap.xml?fileloc=//proc/thread-self/root/lib/locale/de_DE@euro/LC_TIME&path=//proc/thread-self/root/lib/locale/de_DE@euro HTTP/1.1" 200 3067 "http://www.icdp.co.in/wp-sitemap.xml?path=//proc/thread-self/root/lib/locale/de_DE@euro" "Mozilla/5.0 AppleWebKit/537.36 (KHTML, like Gecko; compatible; GPTBot/1.3; +https://openai.com/gptbot)" 93 **0/93394**
74.7.227.26 - - [04/Mar/2026:05:45:11 -0700] "GET /wp-sitemap.xml?fileloc=//proc/thread-self/root/lib/locale/de_DE@euro/LC_CTYPE&path=//proc/thread-self/root/lib/locale/de_DE@euro HTTP/1.1" 200 26021 "http://www.icdp.co.in/wp-sitemap.xml?path=//proc/thread-self/root/lib/locale/de_DE@euro" "Mozilla/5.0 AppleWebKit/537.36 (KHTML, like Gecko; compatible; GPTBot/1.3; +https://openai.com/gptbot)" 126 **0/126525**
57.141.2.7 - - [04/Mar/2026:05:45:11 -0700] "GET /?p=150445 HTTP/1.1" 200 127968 "-" "meta-externalagent/1.1 (+https://developers.facebook.com/docs/sharing/webmasters/crawler)" 72 **0/72180**
74.7.227.26 - - [04/Mar/2026:05:45:11 -0700] "GET /wp-sitemap.xml?fileloc=//proc/thread-self/root/lib/locale/de_DE@euro/LC_PAPER&path=//proc/thread-self/root/lib/locale/de_DE@euro HTTP/1.1" 200 2358 "http://www.icdp.co.in/wp-sitemap.xml?path=//proc/thread-self/root/lib/locale/de_DE@euro" "Mozilla/5.0 AppleWebKit/537.36 (KHTML, like Gecko; compatible; GPTBot/1.3; +https://openai.com/gptbot)" 80 **0/80692**
