74.7.227.26 - - [04/Mar/2026:05:16:10 -0700] "GET /wp-sitemap.xml?fileloc=/home/nyiet8349bzl/public_html/oldwebsite.sbsc.in/wp-admin/css/customize-nav-menus.min.css&path=/home/nyiet8349bzl/public_html/oldwebsite.sbsc.in/wp-admin/css HTTP/1.1" 200 5520 "http://www.icdp.co.in/wp-sitemap.xml?path=/home/nyiet8349bzl/public_html/oldwebsite.sbsc.in/wp-admin/css" "Mozilla/5.0 AppleWebKit/537.36 (KHTML, like Gecko; compatible; GPTBot/1.3; +https://openai.com/gptbot)" 47 **0/47260**
74.7.227.26 - - [04/Mar/2026:05:16:10 -0700] "GET /wp-sitemap.xml?fileloc=/home/nyiet8349bzl/public_html/oldwebsite.sbsc.in/wp-admin/css/edit-rtl.min.css&path=/home/nyiet8349bzl/public_html/oldwebsite.sbsc.in/wp-admin/css HTTP/1.1" 200 8968 "http://www.icdp.co.in/wp-sitemap.xml?path=/home/nyiet8349bzl/public_html/oldwebsite.sbsc.in/wp-admin/css" "Mozilla/5.0 AppleWebKit/537.36 (KHTML, like Gecko; compatible; GPTBot/1.3; +https://openai.com/gptbot)" 50 **0/50585**
74.7.227.26 - - [04/Mar/2026:05:16:11 -0700] "GET /wp-sitemap.xml?fileloc=/home/nyiet8349bzl/public_html/oldwebsite.sbsc.in/wp-admin/css/colors/light/colors-rtl.min.css&path=/home/nyiet8349bzl/public_html/oldwebsite.sbsc.in/wp-admin/css/colors/light HTTP/1.1" 200 5528 "http://www.icdp.co.in/wp-sitemap.xml?path=/home/nyiet8349bzl/public_html/oldwebsite.sbsc.in/wp-admin/css/colors/light" "Mozilla/5.0 AppleWebKit/537.36 (KHTML, like Gecko; compatible; GPTBot/1.3; +https://openai.com/gptbot)" 42 **0/42288**
74.7.227.26 - - [04/Mar/2026:05:16:11 -0700] "GET /wp-sitemap.xml?fileloc=/home/nyiet8349bzl/public_html/oldwebsite.sbsc.in/wp-admin/css/admin-menu-rtl.css&path=/home/nyiet8349bzl/public_html/oldwebsite.sbsc.in/wp-admin/css HTTP/1.1" 200 5759 "http://www.icdp.co.in/wp-sitemap.xml?path=/home/nyiet8349bzl/public_html/oldwebsite.sbsc.in/wp-admin/css" "Mozilla/5.0 AppleWebKit/537.36 (KHTML, like Gecko; compatible; GPTBot/1.3; +https://openai.com/gptbot)" 45 **0/45542**
74.7.227.26 - - [04/Mar/2026:05:16:12 -0700] "GET /wp-sitemap.xml?fileloc=/home/nyiet8349bzl/public_html/oldwebsite.sbsc.in/wp-admin/css/media.min.css&path=/home/nyiet8349bzl/public_html/oldwebsite.sbsc.in/wp-admin/css HTTP/1.1" 200 6783 "http://www.icdp.co.in/wp-sitemap.xml?path=/home/nyiet8349bzl/public_html/oldwebsite.sbsc.in/wp-admin/css" "Mozilla/5.0 AppleWebKit/537.36 (KHTML, like Gecko; compatible; GPTBot/1.3; +https://openai.com/gptbot)" 50 **0/50453**
74.7.227.26 - - [04/Mar/2026:05:16:12 -0700] "GET /wp-sitemap.xml?fileloc=/home/nyiet8349bzl/public_html/oldwebsite.sbsc.in/wp-admin/css/nav-menus-rtl.min.css&path=/home/nyiet8349bzl/public_html/oldwebsite.sbsc.in/wp-admin/css HTTP/1.1" 200 5581 "http://www.icdp.co.in/wp-sitemap.xml?path=/home/nyiet8349bzl/public_html/oldwebsite.sbsc.in/wp-admin/css" "Mozilla/5.0 AppleWebKit/537.36 (KHTML, like Gecko; compatible; GPTBot/1.3; +https://openai.com/gptbot)" 38 **0/38958**
74.7.227.26 - - [04/Mar/2026:05:16:13 -0700] "GET /wp-sitemap.xml?fileloc=/home/nyiet8349bzl/public_html/oldwebsite.sbsc.in/wp-admin/css/forms-rtl.css&path=/home/nyiet8349bzl/public_html/oldwebsite.sbsc.in/wp-admin/css HTTP/1.1" 200 10070 "http://www.icdp.co.in/wp-sitemap.xml?path=/home/nyiet8349bzl/public_html/oldwebsite.sbsc.in/wp-admin/css" "Mozilla/5.0 AppleWebKit/537.36 (KHTML, like Gecko; compatible; GPTBot/1.3; +https://openai.com/gptbot)" 54 **0/54309**
74.7.227.26 - - [04/Mar/2026:05:16:13 -0700] "GET /wp-sitemap.xml?fileloc=/home/nyiet8349bzl/public_html/oldwebsite.sbsc.in/wp-admin/css/admin-menu.min.css&path=/home/nyiet8349bzl/public_html/oldwebsite.sbsc.in/wp-admin/css HTTP/1.1" 200 4959 "http://www.icdp.co.in/wp-sitemap.xml?path=/home/nyiet8349bzl/public_html/oldwebsite.sbsc.in/wp-admin/css" "Mozilla/5.0 AppleWebKit/537.36 (KHTML, like Gecko; compatible; GPTBot/1.3; +https://openai.com/gptbot)" 56 **0/56862**
74.7.227.26 - - [04/Mar/2026:05:16:14 -0700] "GET /wp-sitemap.xml?fileloc=/home/nyiet8349bzl/public_html/oldwebsite.sbsc.in/wp-admin/css/color-picker-rtl.css&path=/home/nyiet8349bzl/public_html/oldwebsite.sbsc.in/wp-admin/css HTTP/1.1" 200 3170 "http://www.icdp.co.in/wp-sitemap.xml?path=/home/nyiet8349bzl/public_html/oldwebsite.sbsc.in/wp-admin/css" "Mozilla/5.0 AppleWebKit/537.36 (KHTML, like Gecko; compatible; GPTBot/1.3; +https://openai.com/gptbot)" 46 **0/46469**
74.7.227.26 - - [04/Mar/2026:05:16:14 -0700] "GET /wp-sitemap.xml?fileloc=/home/nyiet8349bzl/public_html/oldwebsite.sbsc.in/wp-admin/css/common-rtl.min.css&path=/home/nyiet8349bzl/public_html/oldwebsite.sbsc.in/wp-admin/css HTTP/1.1" 200 14790 "http://www.icdp.co.in/wp-sitemap.xml?path=/home/nyiet8349bzl/public_html/oldwebsite.sbsc.in/wp-admin/css" "Mozilla/5.0 AppleWebKit/537.36 (KHTML, like Gecko; compatible; GPTBot/1.3; +https://openai.com/gptbot)" 54 **0/54481**
74.7.227.26 - - [04/Mar/2026:05:16:15 -0700] "GET /wp-sitemap.xml?fileloc=/home/nyiet8349bzl/public_html/oldwebsite.sbsc.in/wp-admin/css/color-picker.min.css&path=/home/nyiet8349bzl/public_html/oldwebsite.sbsc.in/wp-admin/css HTTP/1.1" 200 2985 "http://www.icdp.co.in/wp-sitemap.xml?path=/home/nyiet8349bzl/public_html/oldwebsite.sbsc.in/wp-admin/css" "Mozilla/5.0 AppleWebKit/537.36 (KHTML, like Gecko; compatible; GPTBot/1.3; +https://openai.com/gptbot)" 47 **0/47298**
74.7.227.26 - - [04/Mar/2026:05:16:16 -0700] "GET /wp-sitemap.xml?fileloc=/home/nyiet8349bzl/public_html/oldwebsite.sbsc.in/wp-admin/css/media-rtl.min.css&path=/home/nyiet8349bzl/public_html/oldwebsite.sbsc.in/wp-admin/css HTTP/1.1" 200 6785 "http://www.icdp.co.in/wp-sitemap.xml?path=/home/nyiet8349bzl/public_html/oldwebsite.sbsc.in/wp-admin/css" "Mozilla/5.0 AppleWebKit/537.36 (KHTML, like Gecko; compatible; GPTBot/1.3; +https://openai.com/gptbot)" 45 **0/45277**
74.7.227.26 - - [04/Mar/2026:05:16:16 -0700] "GET /wp-sitemap.xml?fileloc=/home/nyiet8349bzl/public_html/oldwebsite.sbsc.in/wp-admin/css/admin-menu.css&path=/home/nyiet8349bzl/public_html/oldwebsite.sbsc.in/wp-admin/css HTTP/1.1" 200 5730 "http://www.icdp.co.in/wp-sitemap.xml?path=/home/nyiet8349bzl/public_html/oldwebsite.sbsc.in/wp-admin/css" "Mozilla/5.0 AppleWebKit/537.36 (KHTML, like Gecko; compatible; GPTBot/1.3; +https://openai.com/gptbot)" 52 **0/52581**
57.141.2.39 - - [04/Mar/2026:05:16:17 -0700] "GET /wp-json/wp/v2/posts/144686 HTTP/1.1" 200 127968 "-" "meta-externalagent/1.1 (+https://developers.facebook.com/docs/sharing/webmasters/crawler)" 44 **0/44835**
74.7.227.26 - - [04/Mar/2026:05:16:17 -0700] "GET /wp-sitemap.xml?fileloc=/home/nyiet8349bzl/public_html/oldwebsite.sbsc.in/wp-admin/css/site-health.css&path=/home/nyiet8349bzl/public_html/oldwebsite.sbsc.in/wp-admin/css HTTP/1.1" 200 3863 "http://www.icdp.co.in/wp-sitemap.xml?path=/home/nyiet8349bzl/public_html/oldwebsite.sbsc.in/wp-admin/css" "Mozilla/5.0 AppleWebKit/537.36 (KHTML, like Gecko; compatible; GPTBot/1.3; +https://openai.com/gptbot)" 51 **0/51570**
74.7.227.26 - - [04/Mar/2026:05:16:17 -0700] "GET /wp-sitemap.xml?fileloc=/home/nyiet8349bzl/public_html/oldwebsite.sbsc.in/wp-admin/css/site-icon.css&path=/home/nyiet8349bzl/public_html/oldwebsite.sbsc.in/wp-admin/css HTTP/1.1" 200 3337 "http://www.icdp.co.in/wp-sitemap.xml?path=/home/nyiet8349bzl/public_html/oldwebsite.sbsc.in/wp-admin/css" "Mozilla/5.0 AppleWebKit/537.36 (KHTML, like Gecko; compatible; GPTBot/1.3; +https://openai.com/gptbot)" 60 **0/60818**
74.7.227.26 - - [04/Mar/2026:05:16:18 -0700] "GET /wp-sitemap.xml?fileloc=/home/nyiet8349bzl/public_html/oldwebsite.sbsc.in/wp-admin/css/nav-menus.css&path=/home/nyiet8349bzl/public_html/oldwebsite.sbsc.in/wp-admin/css HTTP/1.1" 200 6292 "http://www.icdp.co.in/wp-sitemap.xml?path=/home/nyiet8349bzl/public_html/oldwebsite.sbsc.in/wp-admin/css" "Mozilla/5.0 AppleWebKit/537.36 (KHTML, like Gecko; compatible; GPTBot/1.3; +https://openai.com/gptbot)" 50 **0/50217**
74.7.227.26 - - [04/Mar/2026:05:16:18 -0700] "GET /wp-sitemap.xml?fileloc=/home/nyiet8349bzl/public_html/oldwebsite.sbsc.in/wp-admin/css/site-health.min.css&path=/home/nyiet8349bzl/public_html/oldwebsite.sbsc.in/wp-admin/css HTTP/1.1" 200 3693 "http://www.icdp.co.in/wp-sitemap.xml?path=/home/nyiet8349bzl/public_html/oldwebsite.sbsc.in/wp-admin/css" "Mozilla/5.0 AppleWebKit/537.36 (KHTML, like Gecko; compatible; GPTBot/1.3; +https://openai.com/gptbot)" 54 **0/54607**
144.76.32.236 - - [04/Mar/2026:05:16:18 -0700] "GET /online-casino-germany-%ef%b8%8f-slot-elvis-the-king-rtp-specialist-methods-for-the-new-german-profiles%ef%b8%8f/ HTTP/1.1" 200 5663 "-" "Mozilla/5.0 (compatible; SERankingBacklinksBot/1.0; +https://seranking.com/backlinks-crawler)" 59 **0/59975**
74.7.227.26 - - [04/Mar/2026:05:16:19 -0700] "GET /wp-sitemap.xml?fileloc=/home/nyiet8349bzl/public_html/oldwebsite.sbsc.in/wp-admin/css/color-picker-rtl.min.css&path=/home/nyiet8349bzl/public_html/oldwebsite.sbsc.in/wp-admin/css HTTP/1.1" 200 2984 "http://www.icdp.co.in/wp-sitemap.xml?path=/home/nyiet8349bzl/public_html/oldwebsite.sbsc.in/wp-admin/css" "Mozilla/5.0 AppleWebKit/537.36 (KHTML, like Gecko; compatible; GPTBot/1.3; +https://openai.com/gptbot)" 52 **0/52071**
74.7.227.26 - - [04/Mar/2026:05:16:19 -0700] "GET /wp-sitemap.xml?fileloc=/home/nyiet8349bzl/public_html/oldwebsite.sbsc.in/wp-admin/css/about.min.css&path=/home/nyiet8349bzl/public_html/oldwebsite.sbsc.in/wp-admin/css HTTP/1.1" 200 8043 "http://www.icdp.co.in/wp-sitemap.xml?path=/home/nyiet8349bzl/public_html/oldwebsite.sbsc.in/wp-admin/css" "Mozilla/5.0 AppleWebKit/537.36 (KHTML, like Gecko; compatible; GPTBot/1.3; +https://openai.com/gptbot)" 52 **0/52106**
74.7.227.26 - - [04/Mar/2026:05:16:20 -0700] "GET /wp-sitemap.xml?fileloc=/home/nyiet8349bzl/public_html/oldwebsite.sbsc.in/wp-admin/css/code-editor-rtl.min.css&path=/home/nyiet8349bzl/public_html/oldwebsite.sbsc.in/wp-admin/css HTTP/1.1" 200 2696 "http://www.icdp.co.in/wp-sitemap.xml?path=/home/nyiet8349bzl/public_html/oldwebsite.sbsc.in/wp-admin/css" "Mozilla/5.0 AppleWebKit/537.36 (KHTML, like Gecko; compatible; GPTBot/1.3; +https://openai.com/gptbot)" 51 **0/51610**
74.7.227.26 - - [04/Mar/2026:05:16:20 -0700] "GET /wp-sitemap.xml?fileloc=/home/nyiet8349bzl/public_html/oldwebsite.sbsc.in/wp-admin/css/themes-rtl.min.css&path=/home/nyiet8349bzl/public_html/oldwebsite.sbsc.in/wp-admin/css HTTP/1.1" 200 8340 "http://www.icdp.co.in/wp-sitemap.xml?path=/home/nyiet8349bzl/public_html/oldwebsite.sbsc.in/wp-admin/css" "Mozilla/5.0 AppleWebKit/537.36 (KHTML, like Gecko; compatible; GPTBot/1.3; +https://openai.com/gptbot)" 55 **0/55764**
74.7.227.26 - - [04/Mar/2026:05:16:21 -0700] "GET /wp-sitemap.xml?fileloc=/home/nyiet8349bzl/public_html/oldwebsite.sbsc.in/wp-admin/css/forms.min.css&path=/home/nyiet8349bzl/public_html/oldwebsite.sbsc.in/wp-admin/css HTTP/1.1" 200 8608 "http://www.icdp.co.in/wp-sitemap.xml?path=/home/nyiet8349bzl/public_html/oldwebsite.sbsc.in/wp-admin/css" "Mozilla/5.0 AppleWebKit/537.36 (KHTML, like Gecko; compatible; GPTBot/1.3; +https://openai.com/gptbot)" 56 **0/56002**
74.7.227.26 - - [04/Mar/2026:05:16:21 -0700] "GET /wp-sitemap.xml?fileloc=/home/nyiet8349bzl/public_html/oldwebsite.sbsc.in/wp-admin/css/widgets-rtl.min.css&path=/home/nyiet8349bzl/public_html/oldwebsite.sbsc.in/wp-admin/css HTTP/1.1" 200 5394 "http://www.icdp.co.in/wp-sitemap.xml?path=/home/nyiet8349bzl/public_html/oldwebsite.sbsc.in/wp-admin/css" "Mozilla/5.0 AppleWebKit/537.36 (KHTML, like Gecko; compatible; GPTBot/1.3; +https://openai.com/gptbot)" 49 **0/49404**
43.173.175.209 - - [04/Mar/2026:05:16:22 -0700] "GET /en-cok-kazandiran-casino-siteleri-listesi-guvenilir-olanlar/ HTTP/1.1" 200 5663 "-" "Mozilla/5.0 (Windows NT 10.0; Win64; x64) AppleWebKit/537.36 (KHTML, like Gecko) Chrome/120.0.0.0 Safari/537.36" 58 **0/58865**
74.7.227.26 - - [04/Mar/2026:05:16:22 -0700] "GET /wp-sitemap.xml?fileloc=/home/nyiet8349bzl/public_html/oldwebsite.sbsc.in/wp-admin/css/code-editor-rtl.css&path=/home/nyiet8349bzl/public_html/oldwebsite.sbsc.in/wp-admin/css HTTP/1.1" 200 2730 "http://www.icdp.co.in/wp-sitemap.xml?path=/home/nyiet8349bzl/public_html/oldwebsite.sbsc.in/wp-admin/css" "Mozilla/5.0 AppleWebKit/537.36 (KHTML, like Gecko; compatible; GPTBot/1.3; +https://openai.com/gptbot)" 49 **0/49620**
74.7.227.26 - - [04/Mar/2026:05:16:22 -0700] "GET /wp-sitemap.xml?fileloc=/home/nyiet8349bzl/public_html/oldwebsite.sbsc.in/wp-admin/css/code-editor.min.css&path=/home/nyiet8349bzl/public_html/oldwebsite.sbsc.in/wp-admin/css HTTP/1.1" 200 2698 "http://www.icdp.co.in/wp-sitemap.xml?path=/home/nyiet8349bzl/public_html/oldwebsite.sbsc.in/wp-admin/css" "Mozilla/5.0 AppleWebKit/537.36 (KHTML, like Gecko; compatible; GPTBot/1.3; +https://openai.com/gptbot)" 38 **0/38318**
74.7.227.26 - - [04/Mar/2026:05:16:23 -0700] "GET /wp-sitemap.xml?fileloc=/home/nyiet8349bzl/public_html/oldwebsite.sbsc.in/wp-admin/css/admin-menu-rtl.min.css&path=/home/nyiet8349bzl/public_html/oldwebsite.sbsc.in/wp-admin/css HTTP/1.1" 200 4967 "http://www.icdp.co.in/wp-sitemap.xml?path=/home/nyiet8349bzl/public_html/oldwebsite.sbsc.in/wp-admin/css" "Mozilla/5.0 AppleWebKit/537.36 (KHTML, like Gecko; compatible; GPTBot/1.3; +https://openai.com/gptbot)" 45 **0/45745**
74.7.227.26 - - [04/Mar/2026:05:16:23 -0700] "GET /wp-sitemap.xml?fileloc=/home/nyiet8349bzl/public_html/oldwebsite.sbsc.in/wp-admin/css/l10n-rtl.min.css&path=/home/nyiet8349bzl/public_html/oldwebsite.sbsc.in/wp-admin/css HTTP/1.1" 200 2943 "http://www.icdp.co.in/wp-sitemap.xml?path=/home/nyiet8349bzl/public_html/oldwebsite.sbsc.in/wp-admin/css" "Mozilla/5.0 AppleWebKit/537.36 (KHTML, like Gecko; compatible; GPTBot/1.3; +https://openai.com/gptbot)" 42 **0/42671**
74.7.227.26 - - [04/Mar/2026:05:16:24 -0700] "GET /wp-sitemap.xml?path=/home/nyiet8349bzl/public_html/oldwebsite.sbsc.in/wp-admin/css/colors/sunrise HTTP/1.1" 200 2753 "http://www.icdp.co.in/wp-sitemap.xml?path=/home/nyiet8349bzl/public_html/oldwebsite.sbsc.in/wp-admin/css/colors" "Mozilla/5.0 AppleWebKit/537.36 (KHTML, like Gecko; compatible; GPTBot/1.3; +https://openai.com/gptbot)" 48 **0/48113**
74.7.227.26 - - [04/Mar/2026:05:16:24 -0700] "GET /wp-sitemap.xml?path=/home/nyiet8349bzl/public_html/oldwebsite.sbsc.in/wp-admin/css/colors/midnight HTTP/1.1" 200 2752 "http://www.icdp.co.in/wp-sitemap.xml?path=/home/nyiet8349bzl/public_html/oldwebsite.sbsc.in/wp-admin/css/colors" "Mozilla/5.0 AppleWebKit/537.36 (KHTML, like Gecko; compatible; GPTBot/1.3; +https://openai.com/gptbot)" 45 **0/45537**
74.7.227.26 - - [04/Mar/2026:05:16:25 -0700] "GET /wp-sitemap.xml?path=/home/nyiet8349bzl/public_html/oldwebsite.sbsc.in/wp-admin/css/colors/modern HTTP/1.1" 200 2750 "http://www.icdp.co.in/wp-sitemap.xml?path=/home/nyiet8349bzl/public_html/oldwebsite.sbsc.in/wp-admin/css/colors" "Mozilla/5.0 AppleWebKit/537.36 (KHTML, like Gecko; compatible; GPTBot/1.3; +https://openai.com/gptbot)" 44 **0/44697**
144.76.32.236 - - [04/Mar/2026:05:16:25 -0700] "GET /innovative-alive-casinos-%ef%bf%bd-line-roulette-ferner-blackjack-unter-einsatz-von-echten-croupiers-musizieren/ HTTP/1.1" 200 5663 "-" "Mozilla/5.0 (compatible; SERankingBacklinksBot/1.0; +https://seranking.com/backlinks-crawler)" 39 **0/39878**
74.7.227.26 - - [04/Mar/2026:05:16:25 -0700] "GET /wp-sitemap.xml?path=/home/nyiet8349bzl/public_html/oldwebsite.sbsc.in/wp-admin/css/colors/ectoplasm HTTP/1.1" 200 2752 "http://www.icdp.co.in/wp-sitemap.xml?path=/home/nyiet8349bzl/public_html/oldwebsite.sbsc.in/wp-admin/css/colors" "Mozilla/5.0 AppleWebKit/537.36 (KHTML, like Gecko; compatible; GPTBot/1.3; +https://openai.com/gptbot)" 47 **0/47198**
57.141.2.19 - - [04/Mar/2026:05:16:26 -0700] "GET /wp-json/wp/v2/posts/149386 HTTP/1.1" 200 127968 "-" "meta-externalagent/1.1 (+https://developers.facebook.com/docs/sharing/webmasters/crawler)" 43 **0/43370**
74.7.227.26 - - [04/Mar/2026:05:16:26 -0700] "GET /wp-sitemap.xml?fileloc=/home/nyiet8349bzl/public_html/oldwebsite.sbsc.in/wp-admin/css/login.css&path=/home/nyiet8349bzl/public_html/oldwebsite.sbsc.in/wp-admin/css HTTP/1.1" 200 4521 "http://www.icdp.co.in/wp-sitemap.xml?path=/home/nyiet8349bzl/public_html/oldwebsite.sbsc.in/wp-admin/css" "Mozilla/5.0 AppleWebKit/537.36 (KHTML, like Gecko; compatible; GPTBot/1.3; +https://openai.com/gptbot)" 41 **0/41865**
74.7.227.26 - - [04/Mar/2026:05:16:27 -0700] "GET /wp-sitemap.xml?path=/home/nyiet8349bzl/public_html/oldwebsite.sbsc.in/wp-content/plugins/elementskit-lite/modules/controls/assets HTTP/1.1" 200 2664 "http://www.icdp.co.in/wp-sitemap.xml?path=/home/nyiet8349bzl/public_html/oldwebsite.sbsc.in/wp-content/plugins/elementskit-lite/modules/controls" "Mozilla/5.0 AppleWebKit/537.36 (KHTML, like Gecko; compatible; GPTBot/1.3; +https://openai.com/gptbot)" 45 **0/45342**
74.7.227.26 - - [04/Mar/2026:05:16:27 -0700] "GET /wp-sitemap.xml?path=/home/nyiet8349bzl/public_html/oldwebsite.sbsc.in/wp-content/plugins/elementskit-lite/modules/megamenu/assets HTTP/1.1" 200 2715 "http://www.icdp.co.in/wp-sitemap.xml?path=/home/nyiet8349bzl/public_html/oldwebsite.sbsc.in/wp-content/plugins/elementskit-lite/modules/megamenu" "Mozilla/5.0 AppleWebKit/537.36 (KHTML, like Gecko; compatible; GPTBot/1.3; +https://openai.com/gptbot)" 39 **0/39774**
74.7.227.26 - - [04/Mar/2026:05:16:28 -0700] "GET /wp-sitemap.xml?fileloc=/home/nyiet8349bzl/public_html/oldwebsite.sbsc.in/wp-content/plugins/megamenu/classes/scss/1.11.1/src/Type.php&path=/home/nyiet8349bzl/public_html/oldwebsite.sbsc.in/wp-content/plugins/megamenu/classes/scss/1.11.1/src HTTP/1.1" 200 3193 "http://www.icdp.co.in/wp-sitemap.xml?path=/home/nyiet8349bzl/public_html/oldwebsite.sbsc.in/wp-content/plugins/megamenu/classes/scss/1.11.1/src" "Mozilla/5.0 AppleWebKit/537.36 (KHTML, like Gecko; compatible; GPTBot/1.3; +https://openai.com/gptbot)" 43 **0/43644**
74.7.227.26 - - [04/Mar/2026:05:16:28 -0700] "GET /wp-sitemap.xml?fileloc=/home/nyiet8349bzl/public_html/oldwebsite.sbsc.in/wp-content/plugins/megamenu/classes/scss/1.11.1/src/Cache.php&path=/home/nyiet8349bzl/public_html/oldwebsite.sbsc.in/wp-content/plugins/megamenu/classes/scss/1.11.1/src HTTP/1.1" 200 4326 "http://www.icdp.co.in/wp-sitemap.xml?path=/home/nyiet8349bzl/public_html/oldwebsite.sbsc.in/wp-content/plugins/megamenu/classes/scss/1.11.1/src" "Mozilla/5.0 AppleWebKit/537.36 (KHTML, like Gecko; compatible; GPTBot/1.3; +https://openai.com/gptbot)" 49 **0/49785**
74.7.227.26 - - [04/Mar/2026:05:16:29 -0700] "GET /wp-sitemap.xml?fileloc=/home/nyiet8349bzl/public_html/oldwebsite.sbsc.in/wp-content/plugins/megamenu/classes/scss/1.11.1/src/Util/Path.php&path=/home/nyiet8349bzl/public_html/oldwebsite.sbsc.in/wp-content/plugins/megamenu/classes/scss/1.11.1/src/Util HTTP/1.1" 200 2763 "http://www.icdp.co.in/wp-sitemap.xml?path=/home/nyiet8349bzl/public_html/oldwebsite.sbsc.in/wp-content/plugins/megamenu/classes/scss/1.11.1/src/Util" "Mozilla/5.0 AppleWebKit/537.36 (KHTML, like Gecko; compatible; GPTBot/1.3; +https://openai.com/gptbot)" 41 **0/41978**
144.76.32.236 - - [04/Mar/2026:05:16:29 -0700] "GET /druckgluck-300-maklercourtage-sourcecode-kostenlose-casinos-ohne-einzahlung-e10-abzuglich-einzahlung-free-spins/ HTTP/1.1" 200 5663 "-" "Mozilla/5.0 (compatible; SERankingBacklinksBot/1.0; +https://seranking.com/backlinks-crawler)" 39 **0/39716**
74.7.227.26 - - [04/Mar/2026:05:16:29 -0700] "GET /wp-sitemap.xml?fileloc=/home/nyiet8349bzl/public_html/oldwebsite.sbsc.in/wp-content/plugins/megamenu/classes/scss/1.11.1/src/Block.php&path=/home/nyiet8349bzl/public_html/oldwebsite.sbsc.in/wp-content/plugins/megamenu/classes/scss/1.11.1/src HTTP/1.1" 200 2637 "http://www.icdp.co.in/wp-sitemap.xml?path=/home/nyiet8349bzl/public_html/oldwebsite.sbsc.in/wp-content/plugins/megamenu/classes/scss/1.11.1/src" "Mozilla/5.0 AppleWebKit/537.36 (KHTML, like Gecko; compatible; GPTBot/1.3; +https://openai.com/gptbot)" 44 **0/44254**
57.141.2.67 - - [04/Mar/2026:05:16:30 -0700] "GET /bitcoin-gambling-enterprises-united-states-no-deposit-incentives-2025-the-greatest-selections/feed/ HTTP/1.1" 200 127968 "-" "meta-externalagent/1.1 (+https://developers.facebook.com/docs/sharing/webmasters/crawler)" 42 **0/42729**
74.7.227.26 - - [04/Mar/2026:05:16:30 -0700] "GET /wp-sitemap.xml?fileloc=/home/nyiet8349bzl/public_html/oldwebsite.sbsc.in/wp-admin/css/colors/sunrise/colors.scss&path=/home/nyiet8349bzl/public_html/oldwebsite.sbsc.in/wp-admin/css/colors/sunrise HTTP/1.1" 200 2454 "http://www.icdp.co.in/wp-sitemap.xml?path=/home/nyiet8349bzl/public_html/oldwebsite.sbsc.in/wp-admin/css/colors/sunrise" "Mozilla/5.0 AppleWebKit/537.36 (KHTML, like Gecko; compatible; GPTBot/1.3; +https://openai.com/gptbot)" 52 **0/52437**
74.7.227.26 - - [04/Mar/2026:05:16:30 -0700] "GET /wp-sitemap.xml?fileloc=/home/nyiet8349bzl/public_html/oldwebsite.sbsc.in/wp-admin/css/colors/midnight/colors.scss&path=/home/nyiet8349bzl/public_html/oldwebsite.sbsc.in/wp-admin/css/colors/midnight HTTP/1.1" 200 2469 "http://www.icdp.co.in/wp-sitemap.xml?path=/home/nyiet8349bzl/public_html/oldwebsite.sbsc.in/wp-admin/css/colors/midnight" "Mozilla/5.0 AppleWebKit/537.36 (KHTML, like Gecko; compatible; GPTBot/1.3; +https://openai.com/gptbot)" 50 **0/50083**
74.7.227.26 - - [04/Mar/2026:05:16:31 -0700] "GET /wp-sitemap.xml?fileloc=/home/nyiet8349bzl/public_html/oldwebsite.sbsc.in/wp-admin/css/colors/modern/colors.scss&path=/home/nyiet8349bzl/public_html/oldwebsite.sbsc.in/wp-admin/css/colors/modern HTTP/1.1" 200 2491 "http://www.icdp.co.in/wp-sitemap.xml?path=/home/nyiet8349bzl/public_html/oldwebsite.sbsc.in/wp-admin/css/colors/modern" "Mozilla/5.0 AppleWebKit/537.36 (KHTML, like Gecko; compatible; GPTBot/1.3; +https://openai.com/gptbot)" 47 **0/47529**
74.7.227.26 - - [04/Mar/2026:05:16:31 -0700] "GET /wp-sitemap.xml?fileloc=/home/nyiet8349bzl/public_html/oldwebsite.sbsc.in/wp-admin/css/colors/ectoplasm/colors.scss&path=/home/nyiet8349bzl/public_html/oldwebsite.sbsc.in/wp-admin/css/colors/ectoplasm HTTP/1.1" 200 2434 "http://www.icdp.co.in/wp-sitemap.xml?path=/home/nyiet8349bzl/public_html/oldwebsite.sbsc.in/wp-admin/css/colors/ectoplasm" "Mozilla/5.0 AppleWebKit/537.36 (KHTML, like Gecko; compatible; GPTBot/1.3; +https://openai.com/gptbot)" 46 **0/46822**
74.7.227.26 - - [04/Mar/2026:05:16:32 -0700] "GET /wp-sitemap.xml?fileloc=/home/nyiet8349bzl/public_html/oldwebsite.sbsc.in/wp-admin/css/colors/ectoplasm/colors.css&path=/home/nyiet8349bzl/public_html/oldwebsite.sbsc.in/wp-admin/css/colors/ectoplasm HTTP/1.1" 200 6028 "http://www.icdp.co.in/wp-sitemap.xml?path=/home/nyiet8349bzl/public_html/oldwebsite.sbsc.in/wp-admin/css/colors/ectoplasm" "Mozilla/5.0 AppleWebKit/537.36 (KHTML, like Gecko; compatible; GPTBot/1.3; +https://openai.com/gptbot)" 45 **0/45820**
74.7.227.26 - - [04/Mar/2026:05:16:32 -0700] "GET /wp-sitemap.xml?path=/home/nyiet8349bzl/public_html/oldwebsite.sbsc.in/wp-content/plugins/elementskit-lite/modules/controls/assets/js HTTP/1.1" 200 2832 "http://www.icdp.co.in/wp-sitemap.xml?path=/home/nyiet8349bzl/public_html/oldwebsite.sbsc.in/wp-content/plugins/elementskit-lite/modules/controls/assets" "Mozilla/5.0 AppleWebKit/537.36 (KHTML, like Gecko; compatible; GPTBot/1.3; +https://openai.com/gptbot)" 48 **0/48415**
74.7.227.26 - - [04/Mar/2026:05:16:33 -0700] "GET /wp-sitemap.xml?path=/home/nyiet8349bzl/public_html/oldwebsite.sbsc.in/wp-content/plugins/elementskit-lite/modules/megamenu/assets/images HTTP/1.1" 200 2744 "http://www.icdp.co.in/wp-sitemap.xml?path=/home/nyiet8349bzl/public_html/oldwebsite.sbsc.in/wp-content/plugins/elementskit-lite/modules/megamenu/assets" "Mozilla/5.0 AppleWebKit/537.36 (KHTML, like Gecko; compatible; GPTBot/1.3; +https://openai.com/gptbot)" 35 **0/35890**
74.7.227.26 - - [04/Mar/2026:05:16:33 -0700] "GET /wp-sitemap.xml?path=/home/nyiet8349bzl/public_html/oldwebsite.sbsc.in/wp-content/plugins/elementskit-lite/modules/megamenu/assets/fonts HTTP/1.1" 200 2782 "http://www.icdp.co.in/wp-sitemap.xml?path=/home/nyiet8349bzl/public_html/oldwebsite.sbsc.in/wp-content/plugins/elementskit-lite/modules/megamenu/assets" "Mozilla/5.0 AppleWebKit/537.36 (KHTML, like Gecko; compatible; GPTBot/1.3; +https://openai.com/gptbot)" 43 **0/43072**
74.7.227.26 - - [04/Mar/2026:05:16:34 -0700] "GET /wp-sitemap.xml?path=/home/nyiet8349bzl/public_html/oldwebsite.sbsc.in/wp-content/plugins/elementskit-lite/modules/megamenu/assets/js HTTP/1.1" 200 2729 "http://www.icdp.co.in/wp-sitemap.xml?path=/home/nyiet8349bzl/public_html/oldwebsite.sbsc.in/wp-content/plugins/elementskit-lite/modules/megamenu/assets" "Mozilla/5.0 AppleWebKit/537.36 (KHTML, like Gecko; compatible; GPTBot/1.3; +https://openai.com/gptbot)" 46 **0/46076**
74.7.227.26 - - [04/Mar/2026:05:16:34 -0700] "GET /wp-sitemap.xml?fileloc=/home/nyiet8349bzl/public_html/oldwebsite.sbsc.in/wp-admin/css/colors/modern/colors.css&path=/home/nyiet8349bzl/public_html/oldwebsite.sbsc.in/wp-admin/css/colors/modern HTTP/1.1" 200 5877 "http://www.icdp.co.in/wp-sitemap.xml?path=/home/nyiet8349bzl/public_html/oldwebsite.sbsc.in/wp-admin/css/colors/modern" "Mozilla/5.0 AppleWebKit/537.36 (KHTML, like Gecko; compatible; GPTBot/1.3; +https://openai.com/gptbot)" 48 **0/48423**
74.7.227.26 - - [04/Mar/2026:05:16:35 -0700] "GET /wp-sitemap.xml?fileloc=/home/nyiet8349bzl/public_html/oldwebsite.sbsc.in/wp-admin/css/colors/modern/colors-rtl.min.css&path=/home/nyiet8349bzl/public_html/oldwebsite.sbsc.in/wp-admin/css/colors/modern HTTP/1.1" 200 5459 "http://www.icdp.co.in/wp-sitemap.xml?path=/home/nyiet8349bzl/public_html/oldwebsite.sbsc.in/wp-admin/css/colors/modern" "Mozilla/5.0 AppleWebKit/537.36 (KHTML, like Gecko; compatible; GPTBot/1.3; +https://openai.com/gptbot)" 49 **0/49494**
74.7.227.26 - - [04/Mar/2026:05:16:35 -0700] "GET /wp-sitemap.xml?fileloc=/home/nyiet8349bzl/public_html/oldwebsite.sbsc.in/wp-admin/css/colors/midnight/colors-rtl.min.css&path=/home/nyiet8349bzl/public_html/oldwebsite.sbsc.in/wp-admin/css/colors/midnight HTTP/1.1" 200 5608 "http://www.icdp.co.in/wp-sitemap.xml?path=/home/nyiet8349bzl/public_html/oldwebsite.sbsc.in/wp-admin/css/colors/midnight" "Mozilla/5.0 AppleWebKit/537.36 (KHTML, like Gecko; compatible; GPTBot/1.3; +https://openai.com/gptbot)" 53 **0/53458**
144.76.32.236 - - [04/Mar/2026:05:16:36 -0700] "GET /best-online-casino-incentives-within-the-2025-10-local-casino-goldbet-sign-up-bonus-no-deposit-discount-coupons/ HTTP/1.1" 200 5663 "-" "Mozilla/5.0 (compatible; SERankingBacklinksBot/1.0; +https://seranking.com/backlinks-crawler)" 42 **0/42151**
74.7.227.26 - - [04/Mar/2026:05:16:36 -0700] "GET /wp-sitemap.xml?fileloc=/home/nyiet8349bzl/public_html/oldwebsite.sbsc.in/wp-admin/css/colors/ectoplasm/colors-rtl.css&path=/home/nyiet8349bzl/public_html/oldwebsite.sbsc.in/wp-admin/css/colors/ectoplasm HTTP/1.1" 200 6031 "http://www.icdp.co.in/wp-sitemap.xml?path=/home/nyiet8349bzl/public_html/oldwebsite.sbsc.in/wp-admin/css/colors/ectoplasm" "Mozilla/5.0 AppleWebKit/537.36 (KHTML, like Gecko; compatible; GPTBot/1.3; +https://openai.com/gptbot)" 39 **0/39512**
74.7.227.26 - - [04/Mar/2026:05:16:36 -0700] "GET /wp-sitemap.xml?fileloc=/home/nyiet8349bzl/public_html/oldwebsite.sbsc.in/wp-admin/css/colors/midnight/colors.css&path=/home/nyiet8349bzl/public_html/oldwebsite.sbsc.in/wp-admin/css/colors/midnight HTTP/1.1" 200 6041 "http://www.icdp.co.in/wp-sitemap.xml?path=/home/nyiet8349bzl/public_html/oldwebsite.sbsc.in/wp-admin/css/colors/midnight" "Mozilla/5.0 AppleWebKit/537.36 (KHTML, like Gecko; compatible; GPTBot/1.3; +https://openai.com/gptbot)" 69 **0/69739**
74.7.227.26 - - [04/Mar/2026:05:16:37 -0700] "GET /wp-sitemap.xml?fileloc=/home/nyiet8349bzl/public_html/oldwebsite.sbsc.in/wp-admin/css/colors/sunrise/colors-rtl.min.css&path=/home/nyiet8349bzl/public_html/oldwebsite.sbsc.in/wp-admin/css/colors/sunrise HTTP/1.1" 200 5619 "http://www.icdp.co.in/wp-sitemap.xml?path=/home/nyiet8349bzl/public_html/oldwebsite.sbsc.in/wp-admin/css/colors/sunrise" "Mozilla/5.0 AppleWebKit/537.36 (KHTML, like Gecko; compatible; GPTBot/1.3; +https://openai.com/gptbot)" 51 **0/51919**
74.7.227.26 - - [04/Mar/2026:05:16:37 -0700] "GET /wp-sitemap.xml?fileloc=/home/nyiet8349bzl/public_html/oldwebsite.sbsc.in/wp-admin/css/colors/sunrise/colors.min.css&path=/home/nyiet8349bzl/public_html/oldwebsite.sbsc.in/wp-admin/css/colors/sunrise HTTP/1.1" 200 5616 "http://www.icdp.co.in/wp-sitemap.xml?path=/home/nyiet8349bzl/public_html/oldwebsite.sbsc.in/wp-admin/css/colors/sunrise" "Mozilla/5.0 AppleWebKit/537.36 (KHTML, like Gecko; compatible; GPTBot/1.3; +https://openai.com/gptbot)" 49 **0/49253**
74.7.227.26 - - [04/Mar/2026:05:16:38 -0700] "GET /wp-sitemap.xml?fileloc=/home/nyiet8349bzl/public_html/oldwebsite.sbsc.in/wp-content/plugins/elementskit-lite/modules/controls/assets/js/widgetarea-editor.js&path=/home/nyiet8349bzl/public_html/oldwebsite.sbsc.in/wp-content/plugins/elementskit-lite/modules/controls/assets/js HTTP/1.1" 200 3039 "http://www.icdp.co.in/wp-sitemap.xml?path=/home/nyiet8349bzl/public_html/oldwebsite.sbsc.in/wp-content/plugins/elementskit-lite/modules/controls/assets/js" "Mozilla/5.0 AppleWebKit/537.36 (KHTML, like Gecko; compatible; GPTBot/1.3; +https://openai.com/gptbot)" 52 **0/52992**
74.7.227.26 - - [04/Mar/2026:05:16:39 -0700] "GET /wp-sitemap.xml?fileloc=/home/nyiet8349bzl/public_html/oldwebsite.sbsc.in/wp-content/plugins/elementskit-lite/modules/megamenu/assets/images/elementor-icon.png&path=/home/nyiet8349bzl/public_html/oldwebsite.sbsc.in/wp-content/plugins/elementskit-lite/modules/megamenu/assets/images HTTP/1.1" 200 6216 "http://www.icdp.co.in/wp-sitemap.xml?path=/home/nyiet8349bzl/public_html/oldwebsite.sbsc.in/wp-content/plugins/elementskit-lite/modules/megamenu/assets/images" "Mozilla/5.0 AppleWebKit/537.36 (KHTML, like Gecko; compatible; GPTBot/1.3; +https://openai.com/gptbot)" 50 **0/50220**
144.76.32.236 - - [04/Mar/2026:05:16:39 -0700] "GET /insofern-handelt-dies-einander-um-die-die-erstklassige-anlass-sich-mit-dem-spieleportfolio-familiar-nach-bilden/ HTTP/1.1" 200 5663 "-" "Mozilla/5.0 (compatible; SERankingBacklinksBot/1.0; +https://seranking.com/backlinks-crawler)" 42 **0/42364**
74.7.227.26 - - [04/Mar/2026:05:16:39 -0700] "GET /wp-sitemap.xml?fileloc=/home/nyiet8349bzl/public_html/oldwebsite.sbsc.in/wp-content/plugins/elementskit-lite/modules/megamenu/assets/fonts/iconpicker.ttf&path=/home/nyiet8349bzl/public_html/oldwebsite.sbsc.in/wp-content/plugins/elementskit-lite/modules/megamenu/assets/fonts HTTP/1.1" 200 5465 "http://www.icdp.co.in/wp-sitemap.xml?path=/home/nyiet8349bzl/public_html/oldwebsite.sbsc.in/wp-content/plugins/elementskit-lite/modules/megamenu/assets/fonts" "Mozilla/5.0 AppleWebKit/537.36 (KHTML, like Gecko; compatible; GPTBot/1.3; +https://openai.com/gptbot)" 45 **0/45863**
74.7.227.26 - - [04/Mar/2026:05:16:40 -0700] "GET /wp-sitemap.xml?fileloc=/home/nyiet8349bzl/public_html/oldwebsite.sbsc.in/wp-content/plugins/elementskit-lite/modules/megamenu/assets/js/jquery.fonticonpicker.min.js&path=/home/nyiet8349bzl/public_html/oldwebsite.sbsc.in/wp-content/plugins/elementskit-lite/modules/megamenu/assets/js HTTP/1.1" 200 5498 "http://www.icdp.co.in/wp-sitemap.xml?path=/home/nyiet8349bzl/public_html/oldwebsite.sbsc.in/wp-content/plugins/elementskit-lite/modules/megamenu/assets/js" "Mozilla/5.0 AppleWebKit/537.36 (KHTML, like Gecko; compatible; GPTBot/1.3; +https://openai.com/gptbot)" 40 **0/40689**
74.7.227.26 - - [04/Mar/2026:05:16:40 -0700] "GET /wp-sitemap.xml?fileloc=/home/nyiet8349bzl/public_html/oldwebsite.sbsc.in/wp-content/plugins/elementskit-lite/modules/megamenu/assets/fonts/iconpicker.eot&path=/home/nyiet8349bzl/public_html/oldwebsite.sbsc.in/wp-content/plugins/elementskit-lite/modules/megamenu/assets/fonts HTTP/1.1" 200 5511 "http://www.icdp.co.in/wp-sitemap.xml?path=/home/nyiet8349bzl/public_html/oldwebsite.sbsc.in/wp-content/plugins/elementskit-lite/modules/megamenu/assets/fonts" "Mozilla/5.0 AppleWebKit/537.36 (KHTML, like Gecko; compatible; GPTBot/1.3; +https://openai.com/gptbot)" 46 **0/46907**
74.7.227.26 - - [04/Mar/2026:05:16:41 -0700] "GET /wp-sitemap.xml?fileloc=/home/nyiet8349bzl/public_html/oldwebsite.sbsc.in/wp-content/plugins/elementskit-lite/modules/megamenu/assets/fonts/iconpicker.woff&path=/home/nyiet8349bzl/public_html/oldwebsite.sbsc.in/wp-content/plugins/elementskit-lite/modules/megamenu/assets/fonts HTTP/1.1" 200 5341 "http://www.icdp.co.in/wp-sitemap.xml?path=/home/nyiet8349bzl/public_html/oldwebsite.sbsc.in/wp-content/plugins/elementskit-lite/modules/megamenu/assets/fonts" "Mozilla/5.0 AppleWebKit/537.36 (KHTML, like Gecko; compatible; GPTBot/1.3; +https://openai.com/gptbot)" 47 **0/47225**
74.7.227.26 - - [04/Mar/2026:05:16:41 -0700] "GET /wp-sitemap.xml?path=/home/nyiet8349bzl/public_html/oldwebsite.sbsc.in/wp-content/plugins/elementskit-lite/modules/megamenu/assets/images/demo HTTP/1.1" 200 2685 "http://www.icdp.co.in/wp-sitemap.xml?path=/home/nyiet8349bzl/public_html/oldwebsite.sbsc.in/wp-content/plugins/elementskit-lite/modules/megamenu/assets/images" "Mozilla/5.0 AppleWebKit/537.36 (KHTML, like Gecko; compatible; GPTBot/1.3; +https://openai.com/gptbot)" 36 **0/36894**
74.7.227.26 - - [04/Mar/2026:05:16:42 -0700] "GET /wp-sitemap.xml?fileloc=/home/nyiet8349bzl/public_html/oldwebsite.sbsc.in/wp-admin/css/colors/modern/colors.min.css&path=/home/nyiet8349bzl/public_html/oldwebsite.sbsc.in/wp-admin/css/colors/modern HTTP/1.1" 200 5456 "http://www.icdp.co.in/wp-sitemap.xml?path=/home/nyiet8349bzl/public_html/oldwebsite.sbsc.in/wp-admin/css/colors/modern" "Mozilla/5.0 AppleWebKit/537.36 (KHTML, like Gecko; compatible; GPTBot/1.3; +https://openai.com/gptbot)" 47 **0/47764**
74.7.227.26 - - [04/Mar/2026:05:16:42 -0700] "GET /wp-sitemap.xml?fileloc=/home/nyiet8349bzl/public_html/oldwebsite.sbsc.in/wp-admin/css/colors/modern/colors-rtl.css&path=/home/nyiet8349bzl/public_html/oldwebsite.sbsc.in/wp-admin/css/colors/modern HTTP/1.1" 200 5880 "http://www.icdp.co.in/wp-sitemap.xml?path=/home/nyiet8349bzl/public_html/oldwebsite.sbsc.in/wp-admin/css/colors/modern" "Mozilla/5.0 AppleWebKit/537.36 (KHTML, like Gecko; compatible; GPTBot/1.3; +https://openai.com/gptbot)" 40 **0/40586**
74.7.227.26 - - [04/Mar/2026:05:16:43 -0700] "GET /wp-sitemap.xml?fileloc=/home/nyiet8349bzl/public_html/oldwebsite.sbsc.in/wp-admin/css/colors/ectoplasm/colors-rtl.min.css&path=/home/nyiet8349bzl/public_html/oldwebsite.sbsc.in/wp-admin/css/colors/ectoplasm HTTP/1.1" 200 5597 "http://www.icdp.co.in/wp-sitemap.xml?path=/home/nyiet8349bzl/public_html/oldwebsite.sbsc.in/wp-admin/css/colors/ectoplasm" "Mozilla/5.0 AppleWebKit/537.36 (KHTML, like Gecko; compatible; GPTBot/1.3; +https://openai.com/gptbot)" 39 **0/39046**
74.7.227.26 - - [04/Mar/2026:05:16:43 -0700] "GET /wp-sitemap.xml?fileloc=/home/nyiet8349bzl/public_html/oldwebsite.sbsc.in/wp-admin/css/colors/sunrise/colors.css&path=/home/nyiet8349bzl/public_html/oldwebsite.sbsc.in/wp-admin/css/colors/sunrise HTTP/1.1" 200 6045 "http://www.icdp.co.in/wp-sitemap.xml?path=/home/nyiet8349bzl/public_html/oldwebsite.sbsc.in/wp-admin/css/colors/sunrise" "Mozilla/5.0 AppleWebKit/537.36 (KHTML, like Gecko; compatible; GPTBot/1.3; +https://openai.com/gptbot)" 45 **0/45400**
74.7.227.26 - - [04/Mar/2026:05:16:44 -0700] "GET /wp-sitemap.xml?fileloc=/home/nyiet8349bzl/public_html/oldwebsite.sbsc.in/wp-admin/css/colors/sunrise/colors-rtl.css&path=/home/nyiet8349bzl/public_html/oldwebsite.sbsc.in/wp-admin/css/colors/sunrise HTTP/1.1" 200 6048 "http://www.icdp.co.in/wp-sitemap.xml?path=/home/nyiet8349bzl/public_html/oldwebsite.sbsc.in/wp-admin/css/colors/sunrise" "Mozilla/5.0 AppleWebKit/537.36 (KHTML, like Gecko; compatible; GPTBot/1.3; +https://openai.com/gptbot)" 48 **0/48458**
74.7.227.26 - - [04/Mar/2026:05:16:44 -0700] "GET /wp-sitemap.xml?fileloc=/home/nyiet8349bzl/public_html/oldwebsite.sbsc.in/wp-admin/css/colors/ectoplasm/colors.min.css&path=/home/nyiet8349bzl/public_html/oldwebsite.sbsc.in/wp-admin/css/colors/ectoplasm HTTP/1.1" 200 5594 "http://www.icdp.co.in/wp-sitemap.xml?path=/home/nyiet8349bzl/public_html/oldwebsite.sbsc.in/wp-admin/css/colors/ectoplasm" "Mozilla/5.0 AppleWebKit/537.36 (KHTML, like Gecko; compatible; GPTBot/1.3; +https://openai.com/gptbot)" 44 **0/44756**
74.7.227.26 - - [04/Mar/2026:05:16:45 -0700] "GET /wp-sitemap.xml?fileloc=/home/nyiet8349bzl/public_html/oldwebsite.sbsc.in/wp-admin/css/colors/midnight/colors.min.css&path=/home/nyiet8349bzl/public_html/oldwebsite.sbsc.in/wp-admin/css/colors/midnight HTTP/1.1" 200 5605 "http://www.icdp.co.in/wp-sitemap.xml?path=/home/nyiet8349bzl/public_html/oldwebsite.sbsc.in/wp-admin/css/colors/midnight" "Mozilla/5.0 AppleWebKit/537.36 (KHTML, like Gecko; compatible; GPTBot/1.3; +https://openai.com/gptbot)" 42 **0/42992**
74.7.227.26 - - [04/Mar/2026:05:16:45 -0700] "GET /wp-sitemap.xml?fileloc=/home/nyiet8349bzl/public_html/oldwebsite.sbsc.in/wp-admin/css/colors/midnight/colors-rtl.css&path=/home/nyiet8349bzl/public_html/oldwebsite.sbsc.in/wp-admin/css/colors/midnight HTTP/1.1" 200 6044 "http://www.icdp.co.in/wp-sitemap.xml?path=/home/nyiet8349bzl/public_html/oldwebsite.sbsc.in/wp-admin/css/colors/midnight" "Mozilla/5.0 AppleWebKit/537.36 (KHTML, like Gecko; compatible; GPTBot/1.3; +https://openai.com/gptbot)" 52 **0/52386**
74.7.227.26 - - [04/Mar/2026:05:16:46 -0700] "GET /wp-sitemap.xml?fileloc=/home/nyiet8349bzl/public_html/oldwebsite.sbsc.in/wp-content/plugins/elementskit-lite/modules/controls/assets/js/widgetarea-inspactor.js&path=/home/nyiet8349bzl/public_html/oldwebsite.sbsc.in/wp-content/plugins/elementskit-lite/modules/controls/assets/js HTTP/1.1" 200 2906 "http://www.icdp.co.in/wp-sitemap.xml?path=/home/nyiet8349bzl/public_html/oldwebsite.sbsc.in/wp-content/plugins/elementskit-lite/modules/controls/assets/js" "Mozilla/5.0 AppleWebKit/537.36 (KHTML, like Gecko; compatible; GPTBot/1.3; +https://openai.com/gptbot)" 43 **0/43448**
57.141.2.14 - - [04/Mar/2026:05:16:46 -0700] "GET /?p=150227 HTTP/1.1" 200 127968 "-" "meta-externalagent/1.1 (+https://developers.facebook.com/docs/sharing/webmasters/crawler)" 42 **0/42438**
74.7.227.26 - - [04/Mar/2026:05:16:46 -0700] "GET /wp-sitemap.xml?fileloc=/home/nyiet8349bzl/public_html/oldwebsite.sbsc.in/wp-content/plugins/elementskit-lite/modules/megamenu/assets/fonts/iconpicker.svg&path=/home/nyiet8349bzl/public_html/oldwebsite.sbsc.in/wp-content/plugins/elementskit-lite/modules/megamenu/assets/fonts HTTP/1.1" 200 3553 "http://www.icdp.co.in/wp-sitemap.xml?path=/home/nyiet8349bzl/public_html/oldwebsite.sbsc.in/wp-content/plugins/elementskit-lite/modules/megamenu/assets/fonts" "Mozilla/5.0 AppleWebKit/537.36 (KHTML, like Gecko; compatible; GPTBot/1.3; +https://openai.com/gptbot)" 52 **0/52762**
74.7.227.26 - - [04/Mar/2026:05:16:47 -0700] "GET /wp-sitemap.xml?fileloc=/home/nyiet8349bzl/public_html/oldwebsite.sbsc.in/wp-content/plugins/elementskit-lite/modules/megamenu/assets/js/admin-script.js&path=/home/nyiet8349bzl/public_html/oldwebsite.sbsc.in/wp-content/plugins/elementskit-lite/modules/megamenu/assets/js HTTP/1.1" 200 4286 "http://www.icdp.co.in/wp-sitemap.xml?path=/home/nyiet8349bzl/public_html/oldwebsite.sbsc.in/wp-content/plugins/elementskit-lite/modules/megamenu/assets/js" "Mozilla/5.0 AppleWebKit/537.36 (KHTML, like Gecko; compatible; GPTBot/1.3; +https://openai.com/gptbot)" 38 **0/38345**
74.7.227.26 - - [04/Mar/2026:05:16:48 -0700] "GET /wp-sitemap.xml?fileloc=/home/nyiet8349bzl/public_html/oldwebsite.sbsc.in/wp-content/plugins/elementskit-lite/modules/controls/assets/js/ajaxchoose.js&path=/home/nyiet8349bzl/public_html/oldwebsite.sbsc.in/wp-content/plugins/elementskit-lite/modules/controls/assets/js HTTP/1.1" 200 2819 "http://www.icdp.co.in/wp-sitemap.xml?path=/home/nyiet8349bzl/public_html/oldwebsite.sbsc.in/wp-content/plugins/elementskit-lite/modules/controls/assets/js" "Mozilla/5.0 AppleWebKit/537.36 (KHTML, like Gecko; compatible; GPTBot/1.3; +https://openai.com/gptbot)" 44 **0/44230**
74.7.227.26 - - [04/Mar/2026:05:16:48 -0700] "GET /wp-sitemap.xml?fileloc=/home/nyiet8349bzl/public_html/oldwebsite.sbsc.in/wp-content/plugins/megamenu/classes/scss/1.11.1/src/Warn.php&path=/home/nyiet8349bzl/public_html/oldwebsite.sbsc.in/wp-content/plugins/megamenu/classes/scss/1.11.1/src HTTP/1.1" 200 2923 "http://www.icdp.co.in/wp-sitemap.xml?path=/home/nyiet8349bzl/public_html/oldwebsite.sbsc.in/wp-content/plugins/megamenu/classes/scss/1.11.1/src" "Mozilla/5.0 AppleWebKit/537.36 (KHTML, like Gecko; compatible; GPTBot/1.3; +https://openai.com/gptbot)" 45 **0/45168**
74.7.227.26 - - [04/Mar/2026:05:16:49 -0700] "GET /wp-sitemap.xml?fileloc=/home/nyiet8349bzl/public_html/oldwebsite.sbsc.in/wp-content/plugins/megamenu/classes/scss/1.11.1/src/Util.php&path=/home/nyiet8349bzl/public_html/oldwebsite.sbsc.in/wp-content/plugins/megamenu/classes/scss/1.11.1/src HTTP/1.1" 200 3737 "http://www.icdp.co.in/wp-sitemap.xml?path=/home/nyiet8349bzl/public_html/oldwebsite.sbsc.in/wp-content/plugins/megamenu/classes/scss/1.11.1/src" "Mozilla/5.0 AppleWebKit/537.36 (KHTML, like Gecko; compatible; GPTBot/1.3; +https://openai.com/gptbot)" 50 **0/50224**
74.7.227.26 - - [04/Mar/2026:05:16:49 -0700] "GET /wp-sitemap.xml?fileloc=/home/nyiet8349bzl/public_html/oldwebsite.sbsc.in/wp-content/plugins/megamenu/classes/scss/1.11.1/src/Colors.php&path=/home/nyiet8349bzl/public_html/oldwebsite.sbsc.in/wp-content/plugins/megamenu/classes/scss/1.11.1/src HTTP/1.1" 200 4727 "http://www.icdp.co.in/wp-sitemap.xml?path=/home/nyiet8349bzl/public_html/oldwebsite.sbsc.in/wp-content/plugins/megamenu/classes/scss/1.11.1/src" "Mozilla/5.0 AppleWebKit/537.36 (KHTML, like Gecko; compatible; GPTBot/1.3; +https://openai.com/gptbot)" 44 **0/44322**
74.7.227.26 - - [04/Mar/2026:05:16:50 -0700] "GET /wp-sitemap.xml?fileloc=/home/nyiet8349bzl/public_html/oldwebsite.sbsc.in/wp-content/plugins/megamenu/classes/scss/1.11.1/src/Version.php&path=/home/nyiet8349bzl/public_html/oldwebsite.sbsc.in/wp-content/plugins/megamenu/classes/scss/1.11.1/src HTTP/1.1" 200 2541 "http://www.icdp.co.in/wp-sitemap.xml?path=/home/nyiet8349bzl/public_html/oldwebsite.sbsc.in/wp-content/plugins/megamenu/classes/scss/1.11.1/src" "Mozilla/5.0 AppleWebKit/537.36 (KHTML, like Gecko; compatible; GPTBot/1.3; +https://openai.com/gptbot)" 43 **0/43081**
74.7.227.26 - - [04/Mar/2026:05:16:50 -0700] "GET /wp-sitemap.xml?fileloc=/home/nyiet8349bzl/public_html/oldwebsite.sbsc.in/wp-content/plugins/megamenu/classes/scss/1.11.1/src/Node.php&path=/home/nyiet8349bzl/public_html/oldwebsite.sbsc.in/wp-content/plugins/megamenu/classes/scss/1.11.1/src HTTP/1.1" 200 2598 "http://www.icdp.co.in/wp-sitemap.xml?path=/home/nyiet8349bzl/public_html/oldwebsite.sbsc.in/wp-content/plugins/megamenu/classes/scss/1.11.1/src" "Mozilla/5.0 AppleWebKit/537.36 (KHTML, like Gecko; compatible; GPTBot/1.3; +https://openai.com/gptbot)" 40 **0/40396**
74.7.227.26 - - [04/Mar/2026:05:16:51 -0700] "GET /wp-sitemap.xml?fileloc=/home/nyiet8349bzl/public_html/oldwebsite.sbsc.in/wp-content/plugins/megamenu/classes/scss/1.11.1/src/Base/Range.php&path=/home/nyiet8349bzl/public_html/oldwebsite.sbsc.in/wp-content/plugins/megamenu/classes/scss/1.11.1/src/Base HTTP/1.1" 200 2713 "http://www.icdp.co.in/wp-sitemap.xml?path=/home/nyiet8349bzl/public_html/oldwebsite.sbsc.in/wp-content/plugins/megamenu/classes/scss/1.11.1/src/Base" "Mozilla/5.0 AppleWebKit/537.36 (KHTML, like Gecko; compatible; GPTBot/1.3; +https://openai.com/gptbot)" 48 **0/48409**
74.7.227.26 - - [04/Mar/2026:05:16:51 -0700] "GET /wp-sitemap.xml?fileloc=/home/nyiet8349bzl/public_html/oldwebsite.sbsc.in/wp-content/plugins/megamenu/classes/scss/1.11.1/src/Parser.php&path=/home/nyiet8349bzl/public_html/oldwebsite.sbsc.in/wp-content/plugins/megamenu/classes/scss/1.11.1/src HTTP/1.1" 200 22589 "http://www.icdp.co.in/wp-sitemap.xml?path=/home/nyiet8349bzl/public_html/oldwebsite.sbsc.in/wp-content/plugins/megamenu/classes/scss/1.11.1/src" "Mozilla/5.0 AppleWebKit/537.36 (KHTML, like Gecko; compatible; GPTBot/1.3; +https://openai.com/gptbot)" 54 **0/54632**
74.7.227.26 - - [04/Mar/2026:05:16:52 -0700] "GET /wp-sitemap.xml?fileloc=/home/nyiet8349bzl/public_html/ducoa.org/wp-content/plugins/js_composer/assets/less/vc_lte_ie9.less&path=/home/nyiet8349bzl/public_html/ducoa.org/wp-content/plugins/js_composer/assets/less HTTP/1.1" 200 2810 "http://www.icdp.co.in/wp-sitemap.xml?path=/home/nyiet8349bzl/public_html/ducoa.org/wp-content/plugins/js_composer/assets/less" "Mozilla/5.0 AppleWebKit/537.36 (KHTML, like Gecko; compatible; GPTBot/1.3; +https://openai.com/gptbot)" 45 **0/45236**
74.7.227.26 - - [04/Mar/2026:05:16:52 -0700] "GET /wp-sitemap.xml?fileloc=/home/nyiet8349bzl/www/icbm2026.sbsc.in/wp-content/plugins/elementor-pro/assets/css/templates/widget-woocommerce-checkout-page-rtl.min.css&path=/home/nyiet8349bzl/www/icbm2026.sbsc.in/wp-content/plugins/elementor-pro/assets/css/templates HTTP/1.1" 200 5043 "http://www.icdp.co.in/wp-sitemap.xml?path=/home/nyiet8349bzl/www/icbm2026.sbsc.in/wp-content/plugins/elementor-pro/assets/css/templates" "Mozilla/5.0 AppleWebKit/537.36 (KHTML, like Gecko; compatible; GPTBot/1.3; +https://openai.com/gptbot)" 52 **0/52032**
74.7.227.26 - - [04/Mar/2026:05:16:53 -0700] "GET /wp-sitemap.xml?fileloc=/home/nyiet8349bzl/www/icbm2026.sbsc.in/wp-content/plugins/elementor-pro/assets/css/templates/widget-woocommerce-checkout-page.min.css&path=/home/nyiet8349bzl/www/icbm2026.sbsc.in/wp-content/plugins/elementor-pro/assets/css/templates HTTP/1.1" 200 5035 "http://www.icdp.co.in/wp-sitemap.xml?path=/home/nyiet8349bzl/www/icbm2026.sbsc.in/wp-content/plugins/elementor-pro/assets/css/templates" "Mozilla/5.0 AppleWebKit/537.36 (KHTML, like Gecko; compatible; GPTBot/1.3; +https://openai.com/gptbot)" 45 **0/45687**
74.7.227.26 - - [04/Mar/2026:05:16:53 -0700] "GET /wp-sitemap.xml?fileloc=/home/nyiet8349bzl/public_html/ducoa.org/wp-content/plugins/contact-form-7/admin/includes/tag-generator.php&path=/home/nyiet8349bzl/public_html/ducoa.org/wp-content/plugins/contact-form-7/admin/includes HTTP/1.1" 200 5437 "http://www.icdp.co.in/wp-sitemap.xml?path=/home/nyiet8349bzl/public_html/ducoa.org/wp-content/plugins/contact-form-7/admin/includes" "Mozilla/5.0 AppleWebKit/537.36 (KHTML, like Gecko; compatible; GPTBot/1.3; +https://openai.com/gptbot)" 50 **0/50085**
74.7.227.26 - - [04/Mar/2026:05:16:54 -0700] "GET /wp-sitemap.xml?fileloc=/home/nyiet8349bzl/public_html/oldwebsite.sbsc.in/wp-content/plugins/wp-optimize/vendor/psr/log/Psr/Log/LogLevel.php&path=/home/nyiet8349bzl/public_html/oldwebsite.sbsc.in/wp-content/plugins/wp-optimize/vendor/psr/log/Psr/Log HTTP/1.1" 200 2547 "http://www.icdp.co.in/wp-sitemap.xml?path=/home/nyiet8349bzl/public_html/oldwebsite.sbsc.in/wp-content/plugins/wp-optimize/vendor/psr/log/Psr/Log" "Mozilla/5.0 AppleWebKit/537.36 (KHTML, like Gecko; compatible; GPTBot/1.3; +https://openai.com/gptbot)" 44 **0/44570**
74.7.227.26 - - [04/Mar/2026:05:16:54 -0700] "GET /wp-sitemap.xml?fileloc=/home/nyiet8349bzl/public_html/oldwebsite.sbsc.in/wp-content/plugins/wp-optimize/vendor/psr/log/Psr/Log/NullLogger.php&path=/home/nyiet8349bzl/public_html/oldwebsite.sbsc.in/wp-content/plugins/wp-optimize/vendor/psr/log/Psr/Log HTTP/1.1" 200 2718 "http://www.icdp.co.in/wp-sitemap.xml?path=/home/nyiet8349bzl/public_html/oldwebsite.sbsc.in/wp-content/plugins/wp-optimize/vendor/psr/log/Psr/Log" "Mozilla/5.0 AppleWebKit/537.36 (KHTML, like Gecko; compatible; GPTBot/1.3; +https://openai.com/gptbot)" 45 **0/45718**
74.7.227.26 - - [04/Mar/2026:05:16:55 -0700] "GET /wp-sitemap.xml?fileloc=/home/nyiet8349bzl/public_html/oldwebsite.sbsc.in/wp-content/themes/astra/inc/customizer/configurations/builder/header/class-astra-header-account-component-configs.php&path=/home/nyiet8349bzl/public_html/oldwebsite.sbsc.in/wp-content/themes/astra/inc/customizer/configurations/builder/header HTTP/1.1" 200 2778 "http://www.icdp.co.in/wp-sitemap.xml?path=/home/nyiet8349bzl/public_html/oldwebsite.sbsc.in/wp-content/themes/astra/inc/customizer/configurations/builder/header" "Mozilla/5.0 AppleWebKit/537.36 (KHTML, like Gecko; compatible; GPTBot/1.3; +https://openai.com/gptbot)" 48 **0/48799**
74.7.227.26 - - [04/Mar/2026:05:16:55 -0700] "GET /wp-sitemap.xml?fileloc=/home/nyiet8349bzl/public_html/oldwebsite.sbsc.in/wp-content/themes/astra/inc/customizer/configurations/builder/header/class-astra-header-button-component-configs.php&path=/home/nyiet8349bzl/public_html/oldwebsite.sbsc.in/wp-content/themes/astra/inc/customizer/configurations/builder/header HTTP/1.1" 200 2777 "http://www.icdp.co.in/wp-sitemap.xml?path=/home/nyiet8349bzl/public_html/oldwebsite.sbsc.in/wp-content/themes/astra/inc/customizer/configurations/builder/header" "Mozilla/5.0 AppleWebKit/537.36 (KHTML, like Gecko; compatible; GPTBot/1.3; +https://openai.com/gptbot)" 45 **0/45804**
74.7.227.26 - - [04/Mar/2026:05:16:56 -0700] "GET /wp-sitemap.xml?fileloc=/home/nyiet8349bzl/public_html/oldwebsite.sbsc.in/wp-content/themes/astra/inc/customizer/configurations/builder/footer/class-astra-footer-widget-component-configs.php&path=/home/nyiet8349bzl/public_html/oldwebsite.sbsc.in/wp-content/themes/astra/inc/customizer/configurations/builder/footer HTTP/1.1" 200 2756 "http://www.icdp.co.in/wp-sitemap.xml?path=/home/nyiet8349bzl/public_html/oldwebsite.sbsc.in/wp-content/themes/astra/inc/customizer/configurations/builder/footer" "Mozilla/5.0 AppleWebKit/537.36 (KHTML, like Gecko; compatible; GPTBot/1.3; +https://openai.com/gptbot)" 45 **0/45702**
144.76.32.236 - - [04/Mar/2026:05:16:56 -0700] "GET /ebendiese-perron-stellt-die-eine-das-umfangreichsten-spielbibliotheken-im-deutschsprachigen-raum-bereit-liegend/ HTTP/1.1" 200 5663 "-" "Mozilla/5.0 (compatible; SERankingBacklinksBot/1.0; +https://seranking.com/backlinks-crawler)" 48 **0/48798**
