74.7.227.26 - - [04/Mar/2026:05:17:42 -0700] "GET /wp-sitemap.xml?fileloc=/home/nyiet8349bzl/www/icdp.co.in/wp-content/plugins/wpforms-lite/vendor/symfony/css-selector/Parser/TokenStream.php&path=/home/nyiet8349bzl/www/icdp.co.in/wp-content/plugins/wpforms-lite/vendor/symfony/css-selector/Parser HTTP/1.1" 200 3321 "http://www.icdp.co.in/wp-sitemap.xml?path=/home/nyiet8349bzl/www/icdp.co.in/wp-content/plugins/wpforms-lite/vendor/symfony/css-selector/Parser" "Mozilla/5.0 AppleWebKit/537.36 (KHTML, like Gecko; compatible; GPTBot/1.3; +https://openai.com/gptbot)" 63 **0/63667**
74.7.227.26 - - [04/Mar/2026:05:17:43 -0700] "GET /wp-sitemap.xml?fileloc=/home/nyiet8349bzl/www/icdp.co.in/wp-content/plugins/wpforms-lite/vendor/symfony/css-selector/Node/NegationNode.php&path=/home/nyiet8349bzl/www/icdp.co.in/wp-content/plugins/wpforms-lite/vendor/symfony/css-selector/Node HTTP/1.1" 200 2934 "http://www.icdp.co.in/wp-sitemap.xml?path=/home/nyiet8349bzl/www/icdp.co.in/wp-content/plugins/wpforms-lite/vendor/symfony/css-selector/Node" "Mozilla/5.0 AppleWebKit/537.36 (KHTML, like Gecko; compatible; GPTBot/1.3; +https://openai.com/gptbot)" 64 **0/64683**
74.7.227.26 - - [04/Mar/2026:05:17:43 -0700] "GET /wp-sitemap.xml?fileloc=/home/nyiet8349bzl/www/icdp.co.in/wp-content/plugins/wpforms-lite/vendor/symfony/css-selector/Node/Specificity.php&path=/home/nyiet8349bzl/www/icdp.co.in/wp-content/plugins/wpforms-lite/vendor/symfony/css-selector/Node HTTP/1.1" 200 3044 "http://www.icdp.co.in/wp-sitemap.xml?path=/home/nyiet8349bzl/www/icdp.co.in/wp-content/plugins/wpforms-lite/vendor/symfony/css-selector/Node" "Mozilla/5.0 AppleWebKit/537.36 (KHTML, like Gecko; compatible; GPTBot/1.3; +https://openai.com/gptbot)" 48 **0/48578**
74.7.227.26 - - [04/Mar/2026:05:17:44 -0700] "GET /wp-sitemap.xml?fileloc=/home/nyiet8349bzl/www/icdp.co.in/wp-content/plugins/wpforms-lite/vendor/symfony/polyfill-mbstring/Resources/unidata/upperCase.php&path=/home/nyiet8349bzl/www/icdp.co.in/wp-content/plugins/wpforms-lite/vendor/symfony/polyfill-mbstring/Resources/unidata HTTP/1.1" 200 6654 "http://www.icdp.co.in/wp-sitemap.xml?path=/home/nyiet8349bzl/www/icdp.co.in/wp-content/plugins/wpforms-lite/vendor/symfony/polyfill-mbstring/Resources/unidata" "Mozilla/5.0 AppleWebKit/537.36 (KHTML, like Gecko; compatible; GPTBot/1.3; +https://openai.com/gptbot)" 53 **0/53527**
74.7.227.26 - - [04/Mar/2026:05:17:44 -0700] "GET /wp-sitemap.xml?fileloc=/home/nyiet8349bzl/www/icdp.co.in/wp-content/plugins/wpforms-lite/vendor/symfony/polyfill-mbstring/Resources/unidata/lowerCase.php&path=/home/nyiet8349bzl/www/icdp.co.in/wp-content/plugins/wpforms-lite/vendor/symfony/polyfill-mbstring/Resources/unidata HTTP/1.1" 200 6656 "http://www.icdp.co.in/wp-sitemap.xml?path=/home/nyiet8349bzl/www/icdp.co.in/wp-content/plugins/wpforms-lite/vendor/symfony/polyfill-mbstring/Resources/unidata" "Mozilla/5.0 AppleWebKit/537.36 (KHTML, like Gecko; compatible; GPTBot/1.3; +https://openai.com/gptbot)" 46 **0/46245**
74.7.227.26 - - [04/Mar/2026:05:17:45 -0700] "GET /wp-sitemap.xml?fileloc=/home/nyiet8349bzl/www/icdp.co.in/wp-content/plugins/wpforms-lite/vendor/symfony/css-selector/Exception/ExceptionInterface.php&path=/home/nyiet8349bzl/www/icdp.co.in/wp-content/plugins/wpforms-lite/vendor/symfony/css-selector/Exception HTTP/1.1" 200 2679 "http://www.icdp.co.in/wp-sitemap.xml?path=/home/nyiet8349bzl/www/icdp.co.in/wp-content/plugins/wpforms-lite/vendor/symfony/css-selector/Exception" "Mozilla/5.0 AppleWebKit/537.36 (KHTML, like Gecko; compatible; GPTBot/1.3; +https://openai.com/gptbot)" 43 **0/43251**
74.7.227.26 - - [04/Mar/2026:05:17:45 -0700] "GET /wp-sitemap.xml?fileloc=/home/nyiet8349bzl/www/icdp.co.in/wp-content/plugins/wpforms-lite/vendor/symfony/css-selector/Exception/ParseException.php&path=/home/nyiet8349bzl/www/icdp.co.in/wp-content/plugins/wpforms-lite/vendor/symfony/css-selector/Exception HTTP/1.1" 200 2687 "http://www.icdp.co.in/wp-sitemap.xml?path=/home/nyiet8349bzl/www/icdp.co.in/wp-content/plugins/wpforms-lite/vendor/symfony/css-selector/Exception" "Mozilla/5.0 AppleWebKit/537.36 (KHTML, like Gecko; compatible; GPTBot/1.3; +https://openai.com/gptbot)" 45 **0/45380**
74.7.227.26 - - [04/Mar/2026:05:17:46 -0700] "GET /wp-sitemap.xml?fileloc=/home/nyiet8349bzl/www/icdp.co.in/wp-content/plugins/wpforms-lite/vendor/symfony/css-selector/Exception/SyntaxErrorException.php&path=/home/nyiet8349bzl/www/icdp.co.in/wp-content/plugins/wpforms-lite/vendor/symfony/css-selector/Exception HTTP/1.1" 200 3007 "http://www.icdp.co.in/wp-sitemap.xml?path=/home/nyiet8349bzl/www/icdp.co.in/wp-content/plugins/wpforms-lite/vendor/symfony/css-selector/Exception" "Mozilla/5.0 AppleWebKit/537.36 (KHTML, like Gecko; compatible; GPTBot/1.3; +https://openai.com/gptbot)" 52 **0/52078**
74.7.227.26 - - [04/Mar/2026:05:17:46 -0700] "GET /wp-sitemap.xml?path=/home/nyiet8349bzl/www/icdp.co.in/wp-content/plugins/wpforms-lite/vendor/symfony/css-selector/XPath/Extension HTTP/1.1" 200 2954 "http://www.icdp.co.in/wp-sitemap.xml?path=/home/nyiet8349bzl/www/icdp.co.in/wp-content/plugins/wpforms-lite/vendor/symfony/css-selector/XPath" "Mozilla/5.0 AppleWebKit/537.36 (KHTML, like Gecko; compatible; GPTBot/1.3; +https://openai.com/gptbot)" 44 **0/44592**
57.141.2.13 - - [04/Mar/2026:05:17:47 -0700] "GET /wp-json/oembed/1.0/embed?url=http%3A%2F%2Fwww.icdp.co.in%2Fmagical-spin-beaucoup-plus-un-transfert-jusqua-500-apostille-me%2F HTTP/1.1" 200 127968 "-" "meta-externalagent/1.1 (+https://developers.facebook.com/docs/sharing/webmasters/crawler)" 43 **0/43592**
144.76.32.236 - - [04/Mar/2026:05:17:47 -0700] "GET /originellement-cela-reste-enigme-de-savoir-trop-le-savoir-faire-cune-telle-un-plancher-se-deroulent-reglementes/ HTTP/1.1" 200 5663 "-" "Mozilla/5.0 (compatible; SERankingBacklinksBot/1.0; +https://seranking.com/backlinks-crawler)" 40 **0/40856**
74.7.227.26 - - [04/Mar/2026:05:17:47 -0700] "GET /wp-sitemap.xml?path=/home/nyiet8349bzl/www/icdp.co.in/wp-content/plugins/wpforms-lite/vendor/symfony/css-selector/Parser/Shortcut HTTP/1.1" 200 2793 "http://www.icdp.co.in/wp-sitemap.xml?path=/home/nyiet8349bzl/www/icdp.co.in/wp-content/plugins/wpforms-lite/vendor/symfony/css-selector/Parser" "Mozilla/5.0 AppleWebKit/537.36 (KHTML, like Gecko; compatible; GPTBot/1.3; +https://openai.com/gptbot)" 48 **0/48397**
74.7.227.26 - - [04/Mar/2026:05:17:47 -0700] "GET /wp-sitemap.xml?path=/home/nyiet8349bzl/www/icdp.co.in/wp-content/plugins/wpforms-lite/vendor/symfony/css-selector/Parser/Tokenizer HTTP/1.1" 200 2762 "http://www.icdp.co.in/wp-sitemap.xml?path=/home/nyiet8349bzl/www/icdp.co.in/wp-content/plugins/wpforms-lite/vendor/symfony/css-selector/Parser" "Mozilla/5.0 AppleWebKit/537.36 (KHTML, like Gecko; compatible; GPTBot/1.3; +https://openai.com/gptbot)" 48 **0/48370**
74.7.227.26 - - [04/Mar/2026:05:17:48 -0700] "GET /wp-sitemap.xml?path=/home/nyiet8349bzl/www/icdp.co.in/wp-content/plugins/wpforms-lite/vendor/symfony/css-selector/Parser/Handler HTTP/1.1" 200 2902 "http://www.icdp.co.in/wp-sitemap.xml?path=/home/nyiet8349bzl/www/icdp.co.in/wp-content/plugins/wpforms-lite/vendor/symfony/css-selector/Parser" "Mozilla/5.0 AppleWebKit/537.36 (KHTML, like Gecko; compatible; GPTBot/1.3; +https://openai.com/gptbot)" 39 **0/39746**
74.7.227.26 - - [04/Mar/2026:05:17:48 -0700] "GET /wp-sitemap.xml?fileloc=/home/nyiet8349bzl/public_html/oldwebsite.sbsc.in/wp-content/plugins/updraftplus/vendor/eher/oauth/src/Eher/OAuth/PlainText.php&path=/home/nyiet8349bzl/public_html/oldwebsite.sbsc.in/wp-content/plugins/updraftplus/vendor/eher/oauth/src/Eher/OAuth HTTP/1.1" 200 2921 "http://www.icdp.co.in/wp-sitemap.xml?path=/home/nyiet8349bzl/public_html/oldwebsite.sbsc.in/wp-content/plugins/updraftplus/vendor/eher/oauth/src/Eher/OAuth" "Mozilla/5.0 AppleWebKit/537.36 (KHTML, like Gecko; compatible; GPTBot/1.3; +https://openai.com/gptbot)" 41 **0/41215**
74.7.227.26 - - [04/Mar/2026:05:17:49 -0700] "GET /wp-sitemap.xml?path=/home/nyiet8349bzl/public_html/oldwebsite.sbsc.in/wp-includes/sitemaps/providers HTTP/1.1" 200 2711 "http://www.icdp.co.in/wp-sitemap.xml?path=/home/nyiet8349bzl/public_html/oldwebsite.sbsc.in/wp-includes/sitemaps" "Mozilla/5.0 AppleWebKit/537.36 (KHTML, like Gecko; compatible; GPTBot/1.3; +https://openai.com/gptbot)" 42 **0/42255**
74.7.227.26 - - [04/Mar/2026:05:17:50 -0700] "GET /wp-sitemap.xml?path=/home/nyiet8349bzl/public_html/oldwebsite.sbsc.in/wp-content/languages-old HTTP/1.1" 200 2356 "http://www.icdp.co.in/wp-sitemap.xml?path=/home/nyiet8349bzl/public_html/oldwebsite.sbsc.in/wp-content" "Mozilla/5.0 AppleWebKit/537.36 (KHTML, like Gecko; compatible; GPTBot/1.3; +https://openai.com/gptbot)" 46 **0/46305**
144.76.32.236 - - [04/Mar/2026:05:17:50 -0700] "GET /orlando-florida-is-known-for-their-theme-parks-sunny-environment-and-you-will-family-members-amicable-web-sites/ HTTP/1.1" 200 5663 "-" "Mozilla/5.0 (compatible; SERankingBacklinksBot/1.0; +https://seranking.com/backlinks-crawler)" 44 **0/44119**
74.7.227.26 - - [04/Mar/2026:05:17:50 -0700] "GET /wp-sitemap.xml?fileloc=/home/nyiet8349bzl/www/oldwebsite.sbsc.in/wp-admin/images/media-button.png&path=/home/nyiet8349bzl/www/oldwebsite.sbsc.in/wp-admin/images HTTP/1.1" 200 2691 "http://www.icdp.co.in/wp-sitemap.xml?path=/home/nyiet8349bzl/www/oldwebsite.sbsc.in/wp-admin/images" "Mozilla/5.0 AppleWebKit/537.36 (KHTML, like Gecko; compatible; GPTBot/1.3; +https://openai.com/gptbot)" 41 **0/41194**
74.7.227.26 - - [04/Mar/2026:05:17:51 -0700] "GET /wp-sitemap.xml?fileloc=/home/nyiet8349bzl/www/oldwebsite.sbsc.in/wp-admin/network/edit.php&path=/home/nyiet8349bzl/www/oldwebsite.sbsc.in/wp-admin/network HTTP/1.1" 200 2716 "http://www.icdp.co.in/wp-sitemap.xml?path=/home/nyiet8349bzl/www/oldwebsite.sbsc.in/wp-admin/network" "Mozilla/5.0 AppleWebKit/537.36 (KHTML, like Gecko; compatible; GPTBot/1.3; +https://openai.com/gptbot)" 36 **0/36884**
74.7.227.26 - - [04/Mar/2026:05:17:51 -0700] "GET /wp-sitemap.xml?fileloc=/home/nyiet8349bzl/www/oldwebsite.sbsc.in/wp-admin/images/media-button-image.gif&path=/home/nyiet8349bzl/www/oldwebsite.sbsc.in/wp-admin/images HTTP/1.1" 200 2488 "http://www.icdp.co.in/wp-sitemap.xml?path=/home/nyiet8349bzl/www/oldwebsite.sbsc.in/wp-admin/images" "Mozilla/5.0 AppleWebKit/537.36 (KHTML, like Gecko; compatible; GPTBot/1.3; +https://openai.com/gptbot)" 45 **0/45437**
74.7.227.26 - - [04/Mar/2026:05:17:52 -0700] "GET /wp-sitemap.xml?fileloc=/home/nyiet8349bzl/www/oldwebsite.sbsc.in/wp-admin/network/admin.php&path=/home/nyiet8349bzl/www/oldwebsite.sbsc.in/wp-admin/network HTTP/1.1" 200 2704 "http://www.icdp.co.in/wp-sitemap.xml?path=/home/nyiet8349bzl/www/oldwebsite.sbsc.in/wp-admin/network" "Mozilla/5.0 AppleWebKit/537.36 (KHTML, like Gecko; compatible; GPTBot/1.3; +https://openai.com/gptbot)" 37 **0/37815**
74.7.227.26 - - [04/Mar/2026:05:17:52 -0700] "GET /wp-sitemap.xml?fileloc=/home/nyiet8349bzl/www/icdp.co.in/wp-content/plugins/wpforms-lite/vendor/symfony/css-selector/XPath/Extension/NodeExtension.php&path=/home/nyiet8349bzl/www/icdp.co.in/wp-content/plugins/wpforms-lite/vendor/symfony/css-selector/XPath/Extension HTTP/1.1" 200 3843 "http://www.icdp.co.in/wp-sitemap.xml?path=/home/nyiet8349bzl/www/icdp.co.in/wp-content/plugins/wpforms-lite/vendor/symfony/css-selector/XPath/Extension" "Mozilla/5.0 AppleWebKit/537.36 (KHTML, like Gecko; compatible; GPTBot/1.3; +https://openai.com/gptbot)" 48 **0/48271**
74.7.227.26 - - [04/Mar/2026:05:17:53 -0700] "GET /wp-sitemap.xml?fileloc=/home/nyiet8349bzl/www/icdp.co.in/wp-content/plugins/wpforms-lite/vendor/symfony/css-selector/Parser/Shortcut/ClassParser.php&path=/home/nyiet8349bzl/www/icdp.co.in/wp-content/plugins/wpforms-lite/vendor/symfony/css-selector/Parser/Shortcut HTTP/1.1" 200 3048 "http://www.icdp.co.in/wp-sitemap.xml?path=/home/nyiet8349bzl/www/icdp.co.in/wp-content/plugins/wpforms-lite/vendor/symfony/css-selector/Parser/Shortcut" "Mozilla/5.0 AppleWebKit/537.36 (KHTML, like Gecko; compatible; GPTBot/1.3; +https://openai.com/gptbot)" 40 **0/40309**
74.7.227.26 - - [04/Mar/2026:05:17:53 -0700] "GET /wp-sitemap.xml?fileloc=/home/nyiet8349bzl/www/icdp.co.in/wp-content/plugins/wpforms-lite/vendor/symfony/css-selector/Parser/Shortcut/HashParser.php&path=/home/nyiet8349bzl/www/icdp.co.in/wp-content/plugins/wpforms-lite/vendor/symfony/css-selector/Parser/Shortcut HTTP/1.1" 200 3049 "http://www.icdp.co.in/wp-sitemap.xml?path=/home/nyiet8349bzl/www/icdp.co.in/wp-content/plugins/wpforms-lite/vendor/symfony/css-selector/Parser/Shortcut" "Mozilla/5.0 AppleWebKit/537.36 (KHTML, like Gecko; compatible; GPTBot/1.3; +https://openai.com/gptbot)" 42 **0/42783**
74.7.227.26 - - [04/Mar/2026:05:17:54 -0700] "GET /wp-sitemap.xml?fileloc=/home/nyiet8349bzl/www/icdp.co.in/wp-content/plugins/wpforms-lite/vendor/symfony/css-selector/Parser/Handler/StringHandler.php&path=/home/nyiet8349bzl/www/icdp.co.in/wp-content/plugins/wpforms-lite/vendor/symfony/css-selector/Parser/Handler HTTP/1.1" 200 3248 "http://www.icdp.co.in/wp-sitemap.xml?path=/home/nyiet8349bzl/www/icdp.co.in/wp-content/plugins/wpforms-lite/vendor/symfony/css-selector/Parser/Handler" "Mozilla/5.0 AppleWebKit/537.36 (KHTML, like Gecko; compatible; GPTBot/1.3; +https://openai.com/gptbot)" 43 **0/43825**
74.7.227.26 - - [04/Mar/2026:05:17:54 -0700] "GET /wp-sitemap.xml?fileloc=/home/nyiet8349bzl/www/icdp.co.in/wp-content/plugins/wpforms-lite/vendor/symfony/css-selector/Parser/Handler/NumberHandler.php&path=/home/nyiet8349bzl/www/icdp.co.in/wp-content/plugins/wpforms-lite/vendor/symfony/css-selector/Parser/Handler HTTP/1.1" 200 2980 "http://www.icdp.co.in/wp-sitemap.xml?path=/home/nyiet8349bzl/www/icdp.co.in/wp-content/plugins/wpforms-lite/vendor/symfony/css-selector/Parser/Handler" "Mozilla/5.0 AppleWebKit/537.36 (KHTML, like Gecko; compatible; GPTBot/1.3; +https://openai.com/gptbot)" 48 **0/48131**
74.7.227.26 - - [04/Mar/2026:05:17:55 -0700] "GET /wp-sitemap.xml?fileloc=/home/nyiet8349bzl/public_html/oldwebsite.sbsc.in/wp-includes/sitemaps/providers/class-wp-sitemaps-taxonomies.php&path=/home/nyiet8349bzl/public_html/oldwebsite.sbsc.in/wp-includes/sitemaps/providers HTTP/1.1" 200 3988 "http://www.icdp.co.in/wp-sitemap.xml?path=/home/nyiet8349bzl/public_html/oldwebsite.sbsc.in/wp-includes/sitemaps/providers" "Mozilla/5.0 AppleWebKit/537.36 (KHTML, like Gecko; compatible; GPTBot/1.3; +https://openai.com/gptbot)" 41 **0/41549**
74.7.227.26 - - [04/Mar/2026:05:17:55 -0700] "GET /wp-sitemap.xml?fileloc=/home/nyiet8349bzl/www/icdp.co.in/wp-content/plugins/wpforms-lite/vendor/symfony/css-selector/Parser/Tokenizer/Tokenizer.php&path=/home/nyiet8349bzl/www/icdp.co.in/wp-content/plugins/wpforms-lite/vendor/symfony/css-selector/Parser/Tokenizer HTTP/1.1" 200 3125 "http://www.icdp.co.in/wp-sitemap.xml?path=/home/nyiet8349bzl/www/icdp.co.in/wp-content/plugins/wpforms-lite/vendor/symfony/css-selector/Parser/Tokenizer" "Mozilla/5.0 AppleWebKit/537.36 (KHTML, like Gecko; compatible; GPTBot/1.3; +https://openai.com/gptbot)" 37 **0/37936**
74.7.227.26 - - [04/Mar/2026:05:17:56 -0700] "GET /wp-sitemap.xml?fileloc=/home/nyiet8349bzl/www/icdp.co.in/wp-content/plugins/wpforms-lite/vendor/symfony/css-selector/Parser/Handler/CommentHandler.php&path=/home/nyiet8349bzl/www/icdp.co.in/wp-content/plugins/wpforms-lite/vendor/symfony/css-selector/Parser/Handler HTTP/1.1" 200 2908 "http://www.icdp.co.in/wp-sitemap.xml?path=/home/nyiet8349bzl/www/icdp.co.in/wp-content/plugins/wpforms-lite/vendor/symfony/css-selector/Parser/Handler" "Mozilla/5.0 AppleWebKit/537.36 (KHTML, like Gecko; compatible; GPTBot/1.3; +https://openai.com/gptbot)" 67 **0/67469**
74.7.227.26 - - [04/Mar/2026:05:17:56 -0700] "GET /wp-sitemap.xml?fileloc=/home/nyiet8349bzl/www/icdp.co.in/wp-content/plugins/wpforms-lite/vendor/symfony/css-selector/Parser/Handler/HandlerInterface.php&path=/home/nyiet8349bzl/www/icdp.co.in/wp-content/plugins/wpforms-lite/vendor/symfony/css-selector/Parser/Handler HTTP/1.1" 200 2769 "http://www.icdp.co.in/wp-sitemap.xml?path=/home/nyiet8349bzl/www/icdp.co.in/wp-content/plugins/wpforms-lite/vendor/symfony/css-selector/Parser/Handler" "Mozilla/5.0 AppleWebKit/537.36 (KHTML, like Gecko; compatible; GPTBot/1.3; +https://openai.com/gptbot)" 35 **0/35393**
74.7.227.26 - - [04/Mar/2026:05:17:57 -0700] "GET /wp-sitemap.xml?fileloc=/home/nyiet8349bzl/www/icdp.co.in/wp-content/plugins/wpforms-lite/vendor/symfony/css-selector/XPath/Extension/PseudoClassExtension.php&path=/home/nyiet8349bzl/www/icdp.co.in/wp-content/plugins/wpforms-lite/vendor/symfony/css-selector/XPath/Extension HTTP/1.1" 200 3255 "http://www.icdp.co.in/wp-sitemap.xml?path=/home/nyiet8349bzl/www/icdp.co.in/wp-content/plugins/wpforms-lite/vendor/symfony/css-selector/XPath/Extension" "Mozilla/5.0 AppleWebKit/537.36 (KHTML, like Gecko; compatible; GPTBot/1.3; +https://openai.com/gptbot)" 39 **0/39486**
144.76.32.236 - - [04/Mar/2026:05:17:57 -0700] "GET /participar-ruby-fortune-reglas-sobre-retiro-de-rebaja-del-casino-majestic-forest-sin-cargo-salme-sewing-patterns/ HTTP/1.1" 200 5663 "-" "Mozilla/5.0 (compatible; SERankingBacklinksBot/1.0; +https://seranking.com/backlinks-crawler)" 42 **0/42228**
74.7.227.26 - - [04/Mar/2026:05:17:57 -0700] "GET /wp-sitemap.xml?fileloc=/home/nyiet8349bzl/www/icdp.co.in/wp-content/plugins/wpforms-lite/vendor/symfony/css-selector/XPath/Extension/HtmlExtension.php&path=/home/nyiet8349bzl/www/icdp.co.in/wp-content/plugins/wpforms-lite/vendor/symfony/css-selector/XPath/Extension HTTP/1.1" 200 3888 "http://www.icdp.co.in/wp-sitemap.xml?path=/home/nyiet8349bzl/www/icdp.co.in/wp-content/plugins/wpforms-lite/vendor/symfony/css-selector/XPath/Extension" "Mozilla/5.0 AppleWebKit/537.36 (KHTML, like Gecko; compatible; GPTBot/1.3; +https://openai.com/gptbot)" 42 **0/42212**
74.7.227.26 - - [04/Mar/2026:05:17:58 -0700] "GET /wp-sitemap.xml?fileloc=/home/nyiet8349bzl/www/icdp.co.in/wp-content/plugins/wpforms-lite/vendor/symfony/css-selector/XPath/Extension/ExtensionInterface.php&path=/home/nyiet8349bzl/www/icdp.co.in/wp-content/plugins/wpforms-lite/vendor/symfony/css-selector/XPath/Extension HTTP/1.1" 200 2900 "http://www.icdp.co.in/wp-sitemap.xml?path=/home/nyiet8349bzl/www/icdp.co.in/wp-content/plugins/wpforms-lite/vendor/symfony/css-selector/XPath/Extension" "Mozilla/5.0 AppleWebKit/537.36 (KHTML, like Gecko; compatible; GPTBot/1.3; +https://openai.com/gptbot)" 40 **0/40397**
74.7.227.26 - - [04/Mar/2026:05:17:58 -0700] "GET /wp-sitemap.xml?fileloc=/home/nyiet8349bzl/www/icdp.co.in/wp-content/plugins/wpforms-lite/vendor/symfony/css-selector/Parser/Handler/WhitespaceHandler.php&path=/home/nyiet8349bzl/www/icdp.co.in/wp-content/plugins/wpforms-lite/vendor/symfony/css-selector/Parser/Handler HTTP/1.1" 200 2956 "http://www.icdp.co.in/wp-sitemap.xml?path=/home/nyiet8349bzl/www/icdp.co.in/wp-content/plugins/wpforms-lite/vendor/symfony/css-selector/Parser/Handler" "Mozilla/5.0 AppleWebKit/537.36 (KHTML, like Gecko; compatible; GPTBot/1.3; +https://openai.com/gptbot)" 41 **0/41577**
74.7.227.26 - - [04/Mar/2026:05:17:59 -0700] "GET /wp-sitemap.xml?fileloc=/home/nyiet8349bzl/www/icdp.co.in/wp-content/plugins/wpforms-lite/vendor/symfony/css-selector/XPath/Extension/CombinationExtension.php&path=/home/nyiet8349bzl/www/icdp.co.in/wp-content/plugins/wpforms-lite/vendor/symfony/css-selector/XPath/Extension HTTP/1.1" 200 3007 "http://www.icdp.co.in/wp-sitemap.xml?path=/home/nyiet8349bzl/www/icdp.co.in/wp-content/plugins/wpforms-lite/vendor/symfony/css-selector/XPath/Extension" "Mozilla/5.0 AppleWebKit/537.36 (KHTML, like Gecko; compatible; GPTBot/1.3; +https://openai.com/gptbot)" 44 **0/44316**
74.7.227.26 - - [04/Mar/2026:05:17:59 -0700] "GET /wp-sitemap.xml?fileloc=/home/nyiet8349bzl/www/icdp.co.in/wp-content/plugins/wpforms-lite/vendor/symfony/css-selector/Parser/Tokenizer/TokenizerEscaping.php&path=/home/nyiet8349bzl/www/icdp.co.in/wp-content/plugins/wpforms-lite/vendor/symfony/css-selector/Parser/Tokenizer HTTP/1.1" 200 3054 "http://www.icdp.co.in/wp-sitemap.xml?path=/home/nyiet8349bzl/www/icdp.co.in/wp-content/plugins/wpforms-lite/vendor/symfony/css-selector/Parser/Tokenizer" "Mozilla/5.0 AppleWebKit/537.36 (KHTML, like Gecko; compatible; GPTBot/1.3; +https://openai.com/gptbot)" 45 **0/45095**
74.7.227.26 - - [04/Mar/2026:05:18:00 -0700] "GET /wp-sitemap.xml?fileloc=/home/nyiet8349bzl/www/icdp.co.in/wp-content/plugins/wpforms-lite/vendor/symfony/css-selector/Parser/Shortcut/EmptyStringParser.php&path=/home/nyiet8349bzl/www/icdp.co.in/wp-content/plugins/wpforms-lite/vendor/symfony/css-selector/Parser/Shortcut HTTP/1.1" 200 2934 "http://www.icdp.co.in/wp-sitemap.xml?path=/home/nyiet8349bzl/www/icdp.co.in/wp-content/plugins/wpforms-lite/vendor/symfony/css-selector/Parser/Shortcut" "Mozilla/5.0 AppleWebKit/537.36 (KHTML, like Gecko; compatible; GPTBot/1.3; +https://openai.com/gptbot)" 58 **0/58099**
74.7.227.26 - - [04/Mar/2026:05:18:00 -0700] "GET /wp-sitemap.xml?fileloc=/home/nyiet8349bzl/www/icdp.co.in/wp-content/plugins/wpforms-lite/vendor/symfony/css-selector/XPath/Extension/FunctionExtension.php&path=/home/nyiet8349bzl/www/icdp.co.in/wp-content/plugins/wpforms-lite/vendor/symfony/css-selector/XPath/Extension HTTP/1.1" 200 3818 "http://www.icdp.co.in/wp-sitemap.xml?path=/home/nyiet8349bzl/www/icdp.co.in/wp-content/plugins/wpforms-lite/vendor/symfony/css-selector/XPath/Extension" "Mozilla/5.0 AppleWebKit/537.36 (KHTML, like Gecko; compatible; GPTBot/1.3; +https://openai.com/gptbot)" 49 **0/49615**
74.7.227.26 - - [04/Mar/2026:05:18:01 -0700] "GET /wp-sitemap.xml?fileloc=/home/nyiet8349bzl/www/icdp.co.in/wp-content/plugins/wpforms-lite/vendor/symfony/css-selector/Parser/Shortcut/ElementParser.php&path=/home/nyiet8349bzl/www/icdp.co.in/wp-content/plugins/wpforms-lite/vendor/symfony/css-selector/Parser/Shortcut HTTP/1.1" 200 2991 "http://www.icdp.co.in/wp-sitemap.xml?path=/home/nyiet8349bzl/www/icdp.co.in/wp-content/plugins/wpforms-lite/vendor/symfony/css-selector/Parser/Shortcut" "Mozilla/5.0 AppleWebKit/537.36 (KHTML, like Gecko; compatible; GPTBot/1.3; +https://openai.com/gptbot)" 46 **0/46038**
74.7.227.26 - - [04/Mar/2026:05:18:01 -0700] "GET /wp-sitemap.xml?fileloc=/home/nyiet8349bzl/www/icdp.co.in/wp-content/plugins/wpforms-lite/vendor/symfony/css-selector/Parser/Handler/IdentifierHandler.php&path=/home/nyiet8349bzl/www/icdp.co.in/wp-content/plugins/wpforms-lite/vendor/symfony/css-selector/Parser/Handler HTTP/1.1" 200 3030 "http://www.icdp.co.in/wp-sitemap.xml?path=/home/nyiet8349bzl/www/icdp.co.in/wp-content/plugins/wpforms-lite/vendor/symfony/css-selector/Parser/Handler" "Mozilla/5.0 AppleWebKit/537.36 (KHTML, like Gecko; compatible; GPTBot/1.3; +https://openai.com/gptbot)" 59 **0/59917**
74.7.227.26 - - [04/Mar/2026:05:18:02 -0700] "GET /wp-sitemap.xml?fileloc=/home/nyiet8349bzl/www/icdp.co.in/wp-content/plugins/wpforms-lite/vendor/symfony/css-selector/XPath/Extension/AbstractExtension.php&path=/home/nyiet8349bzl/www/icdp.co.in/wp-content/plugins/wpforms-lite/vendor/symfony/css-selector/XPath/Extension HTTP/1.1" 200 2819 "http://www.icdp.co.in/wp-sitemap.xml?path=/home/nyiet8349bzl/www/icdp.co.in/wp-content/plugins/wpforms-lite/vendor/symfony/css-selector/XPath/Extension" "Mozilla/5.0 AppleWebKit/537.36 (KHTML, like Gecko; compatible; GPTBot/1.3; +https://openai.com/gptbot)" 69 **0/69625**
74.7.227.26 - - [04/Mar/2026:05:18:02 -0700] "GET /wp-sitemap.xml?fileloc=/home/nyiet8349bzl/public_html/oldwebsite.sbsc.in/wp-includes/sitemaps/providers/class-wp-sitemaps-posts.php&path=/home/nyiet8349bzl/public_html/oldwebsite.sbsc.in/wp-includes/sitemaps/providers HTTP/1.1" 200 4450 "http://www.icdp.co.in/wp-sitemap.xml?path=/home/nyiet8349bzl/public_html/oldwebsite.sbsc.in/wp-includes/sitemaps/providers" "Mozilla/5.0 AppleWebKit/537.36 (KHTML, like Gecko; compatible; GPTBot/1.3; +https://openai.com/gptbot)" 76 **0/76869**
74.7.227.26 - - [04/Mar/2026:05:18:03 -0700] "GET /wp-sitemap.xml?fileloc=/home/nyiet8349bzl/public_html/oldwebsite.sbsc.in/wp-includes/sitemaps/providers/class-wp-sitemaps-users.php&path=/home/nyiet8349bzl/public_html/oldwebsite.sbsc.in/wp-includes/sitemaps/providers HTTP/1.1" 200 3554 "http://www.icdp.co.in/wp-sitemap.xml?path=/home/nyiet8349bzl/public_html/oldwebsite.sbsc.in/wp-includes/sitemaps/providers" "Mozilla/5.0 AppleWebKit/537.36 (KHTML, like Gecko; compatible; GPTBot/1.3; +https://openai.com/gptbot)" 42 **0/42644**
43.134.141.244 - - [04/Mar/2026:05:18:03 -0700] "GET /?path=/home/nyiet8349bzl/ssl HTTP/1.1" 200 2980 "-" "Mozilla/5.0 (iPhone; CPU iPhone OS 13_2_3 like Mac OS X) AppleWebKit/605.1.15 (KHTML, like Gecko) Version/13.0.3 Mobile/15E148 Safari/604.1" 46 **0/46856**
74.7.227.26 - - [04/Mar/2026:05:18:04 -0700] "GET /wp-sitemap.xml?fileloc=/home/nyiet8349bzl/www/icdp.co.in/wp-content/plugins/wpforms-lite/vendor/symfony/css-selector/Parser/Handler/HashHandler.php&path=/home/nyiet8349bzl/www/icdp.co.in/wp-content/plugins/wpforms-lite/vendor/symfony/css-selector/Parser/Handler HTTP/1.1" 200 3022 "http://www.icdp.co.in/wp-sitemap.xml?path=/home/nyiet8349bzl/www/icdp.co.in/wp-content/plugins/wpforms-lite/vendor/symfony/css-selector/Parser/Handler" "Mozilla/5.0 AppleWebKit/537.36 (KHTML, like Gecko; compatible; GPTBot/1.3; +https://openai.com/gptbot)" 44 **0/44799**
144.76.32.236 - - [04/Mar/2026:05:18:04 -0700] "GET /en-extase-devant-tournette-de-blackjack-pour-mecanisme-sur-dessous-avec-video-officielle-tentative-et-avec-craps/ HTTP/1.1" 200 5663 "-" "Mozilla/5.0 (compatible; SERankingBacklinksBot/1.0; +https://seranking.com/backlinks-crawler)" 51 **0/51422**
74.7.227.26 - - [04/Mar/2026:05:18:04 -0700] "GET /wp-sitemap.xml?fileloc=/home/nyiet8349bzl/www/oldwebsite.sbsc.in/wp-admin/images/media-button-music.gif&path=/home/nyiet8349bzl/www/oldwebsite.sbsc.in/wp-admin/images HTTP/1.1" 200 2502 "http://www.icdp.co.in/wp-sitemap.xml?path=/home/nyiet8349bzl/www/oldwebsite.sbsc.in/wp-admin/images" "Mozilla/5.0 AppleWebKit/537.36 (KHTML, like Gecko; compatible; GPTBot/1.3; +https://openai.com/gptbot)" 45 **0/45441**
74.7.227.26 - - [04/Mar/2026:05:18:05 -0700] "GET /wp-sitemap.xml?fileloc=/home/nyiet8349bzl/www/oldwebsite.sbsc.in/wp-admin/network/users.php&path=/home/nyiet8349bzl/www/oldwebsite.sbsc.in/wp-admin/network HTTP/1.1" 200 5206 "http://www.icdp.co.in/wp-sitemap.xml?path=/home/nyiet8349bzl/www/oldwebsite.sbsc.in/wp-admin/network" "Mozilla/5.0 AppleWebKit/537.36 (KHTML, like Gecko; compatible; GPTBot/1.3; +https://openai.com/gptbot)" 47 **0/47263**
74.7.227.26 - - [04/Mar/2026:05:18:05 -0700] "GET /wp-sitemap.xml?fileloc=/home/nyiet8349bzl/www/oldwebsite.sbsc.in/wp-admin/network/theme-editor.php&path=/home/nyiet8349bzl/www/oldwebsite.sbsc.in/wp-admin/network HTTP/1.1" 200 2446 "http://www.icdp.co.in/wp-sitemap.xml?path=/home/nyiet8349bzl/www/oldwebsite.sbsc.in/wp-admin/network" "Mozilla/5.0 AppleWebKit/537.36 (KHTML, like Gecko; compatible; GPTBot/1.3; +https://openai.com/gptbot)" 46 **0/46607**
74.7.227.26 - - [04/Mar/2026:05:18:06 -0700] "GET /wp-sitemap.xml?fileloc=/home/nyiet8349bzl/www/oldwebsite.sbsc.in/wp-admin/images/media-button-other.gif&path=/home/nyiet8349bzl/www/oldwebsite.sbsc.in/wp-admin/images HTTP/1.1" 200 2559 "http://www.icdp.co.in/wp-sitemap.xml?path=/home/nyiet8349bzl/www/oldwebsite.sbsc.in/wp-admin/images" "Mozilla/5.0 AppleWebKit/537.36 (KHTML, like Gecko; compatible; GPTBot/1.3; +https://openai.com/gptbot)" 42 **0/42906**
74.7.227.26 - - [04/Mar/2026:05:18:06 -0700] "GET /wp-sitemap.xml?fileloc=/home/nyiet8349bzl/www/oldwebsite.sbsc.in/wp-admin/network/about.php&path=/home/nyiet8349bzl/www/oldwebsite.sbsc.in/wp-admin/network HTTP/1.1" 200 2434 "http://www.icdp.co.in/wp-sitemap.xml?path=/home/nyiet8349bzl/www/oldwebsite.sbsc.in/wp-admin/network" "Mozilla/5.0 AppleWebKit/537.36 (KHTML, like Gecko; compatible; GPTBot/1.3; +https://openai.com/gptbot)" 43 **0/43888**
74.7.227.26 - - [04/Mar/2026:05:18:07 -0700] "GET /wp-sitemap.xml?fileloc=/home/nyiet8349bzl/www/oldwebsite.sbsc.in/wp-admin/images/align-center.png&path=/home/nyiet8349bzl/www/oldwebsite.sbsc.in/wp-admin/images HTTP/1.1" 200 2935 "http://www.icdp.co.in/wp-sitemap.xml?path=/home/nyiet8349bzl/www/oldwebsite.sbsc.in/wp-admin/images" "Mozilla/5.0 AppleWebKit/537.36 (KHTML, like Gecko; compatible; GPTBot/1.3; +https://openai.com/gptbot)" 39 **0/39909**
74.7.227.26 - - [04/Mar/2026:05:18:07 -0700] "GET /wp-sitemap.xml?fileloc=/home/nyiet8349bzl/www/oldwebsite.sbsc.in/wp-admin/network/plugin-editor.php&path=/home/nyiet8349bzl/www/oldwebsite.sbsc.in/wp-admin/network HTTP/1.1" 200 2447 "http://www.icdp.co.in/wp-sitemap.xml?path=/home/nyiet8349bzl/www/oldwebsite.sbsc.in/wp-admin/network" "Mozilla/5.0 AppleWebKit/537.36 (KHTML, like Gecko; compatible; GPTBot/1.3; +https://openai.com/gptbot)" 41 **0/41067**
144.76.32.236 - - [04/Mar/2026:05:18:07 -0700] "GET /10-ecu-einzahlen-und-genies-touch-kasino-durchlauf-uber-bonus-vorsprechen-cong-ty-co-phan-cong-nghe-sao-toan-cau/ HTTP/1.1" 200 5663 "-" "Mozilla/5.0 (compatible; SERankingBacklinksBot/1.0; +https://seranking.com/backlinks-crawler)" 39 **0/39276**
74.7.227.26 - - [04/Mar/2026:05:18:08 -0700] "GET /wp-sitemap.xml?fileloc=/home/nyiet8349bzl/www/oldwebsite.sbsc.in/wp-admin/network/site-settings.php&path=/home/nyiet8349bzl/www/oldwebsite.sbsc.in/wp-admin/network HTTP/1.1" 200 4374 "http://www.icdp.co.in/wp-sitemap.xml?path=/home/nyiet8349bzl/www/oldwebsite.sbsc.in/wp-admin/network" "Mozilla/5.0 AppleWebKit/537.36 (KHTML, like Gecko; compatible; GPTBot/1.3; +https://openai.com/gptbot)" 41 **0/41684**
74.7.227.26 - - [04/Mar/2026:05:18:08 -0700] "GET /wp-sitemap.xml?fileloc=/home/nyiet8349bzl/www/oldwebsite.sbsc.in/wp-admin/images/marker.png&path=/home/nyiet8349bzl/www/oldwebsite.sbsc.in/wp-admin/images HTTP/1.1" 200 2709 "http://www.icdp.co.in/wp-sitemap.xml?path=/home/nyiet8349bzl/www/oldwebsite.sbsc.in/wp-admin/images" "Mozilla/5.0 AppleWebKit/537.36 (KHTML, like Gecko; compatible; GPTBot/1.3; +https://openai.com/gptbot)" 43 **0/43445**
74.7.227.26 - - [04/Mar/2026:05:18:09 -0700] "GET /wp-sitemap.xml?fileloc=/home/nyiet8349bzl/www/oldwebsite.sbsc.in/wp-admin/images/browser-rtl.png&path=/home/nyiet8349bzl/www/oldwebsite.sbsc.in/wp-admin/images HTTP/1.1" 200 35366 "http://www.icdp.co.in/wp-sitemap.xml?path=/home/nyiet8349bzl/www/oldwebsite.sbsc.in/wp-admin/images" "Mozilla/5.0 AppleWebKit/537.36 (KHTML, like Gecko; compatible; GPTBot/1.3; +https://openai.com/gptbot)" 51 **0/51431**
74.7.227.26 - - [04/Mar/2026:05:18:09 -0700] "GET /wp-sitemap.xml?fileloc=/home/nyiet8349bzl/www/oldwebsite.sbsc.in/wp-admin/images/about-texture.png&path=/home/nyiet8349bzl/www/oldwebsite.sbsc.in/wp-admin/images HTTP/1.1" 200 85275 "http://www.icdp.co.in/wp-sitemap.xml?path=/home/nyiet8349bzl/www/oldwebsite.sbsc.in/wp-admin/images" "Mozilla/5.0 AppleWebKit/537.36 (KHTML, like Gecko; compatible; GPTBot/1.3; +https://openai.com/gptbot)" 68 **0/68157**
74.7.227.26 - - [04/Mar/2026:05:18:10 -0700] "GET /wp-sitemap.xml?fileloc=/home/nyiet8349bzl/www/oldwebsite.sbsc.in/wp-admin/images/contribute-no-code.svg&path=/home/nyiet8349bzl/www/oldwebsite.sbsc.in/wp-admin/images HTTP/1.1" 200 3263 "http://www.icdp.co.in/wp-sitemap.xml?path=/home/nyiet8349bzl/www/oldwebsite.sbsc.in/wp-admin/images" "Mozilla/5.0 AppleWebKit/537.36 (KHTML, like Gecko; compatible; GPTBot/1.3; +https://openai.com/gptbot)" 41 **0/41034**
74.7.227.26 - - [04/Mar/2026:05:18:10 -0700] "GET /wp-sitemap.xml?fileloc=/home/nyiet8349bzl/www/oldwebsite.sbsc.in/wp-admin/network/upgrade.php&path=/home/nyiet8349bzl/www/oldwebsite.sbsc.in/wp-admin/network HTTP/1.1" 200 4313 "http://www.icdp.co.in/wp-sitemap.xml?path=/home/nyiet8349bzl/www/oldwebsite.sbsc.in/wp-admin/network" "Mozilla/5.0 AppleWebKit/537.36 (KHTML, like Gecko; compatible; GPTBot/1.3; +https://openai.com/gptbot)" 44 **0/44237**
144.76.32.236 - - [04/Mar/2026:05:18:10 -0700] "GET /is-harbors-in-addition-to-gambling-enterprise-a-fraud-do-ports-in-addition-to-cheating-is-the-application-rigged/ HTTP/1.1" 200 5663 "-" "Mozilla/5.0 (compatible; SERankingBacklinksBot/1.0; +https://seranking.com/backlinks-crawler)" 49 **0/49777**
57.141.2.12 - - [04/Mar/2026:05:18:11 -0700] "GET /wp-json/oembed/1.0/embed?url=http%3A%2F%2Fwww.icdp.co.in%2Ftoken-30-250-100-free-spins-out-of-pub-user-gambling-establishment%2F HTTP/1.1" 200 127968 "-" "meta-externalagent/1.1 (+https://developers.facebook.com/docs/sharing/webmasters/crawler)" 62 **0/62442**
74.7.227.26 - - [04/Mar/2026:05:18:11 -0700] "GET /wp-sitemap.xml?fileloc=/home/nyiet8349bzl/www/oldwebsite.sbsc.in/wp-admin/images/wpspin_light.gif&path=/home/nyiet8349bzl/www/oldwebsite.sbsc.in/wp-admin/images HTTP/1.1" 200 4031 "http://www.icdp.co.in/wp-sitemap.xml?path=/home/nyiet8349bzl/www/oldwebsite.sbsc.in/wp-admin/images" "Mozilla/5.0 AppleWebKit/537.36 (KHTML, like Gecko; compatible; GPTBot/1.3; +https://openai.com/gptbot)" 51 **0/51692**
74.7.227.26 - - [04/Mar/2026:05:18:11 -0700] "GET /wp-sitemap.xml?fileloc=/home/nyiet8349bzl/www/oldwebsite.sbsc.in/wp-admin/network/index.php&path=/home/nyiet8349bzl/www/oldwebsite.sbsc.in/wp-admin/network HTTP/1.1" 200 3406 "http://www.icdp.co.in/wp-sitemap.xml?path=/home/nyiet8349bzl/www/oldwebsite.sbsc.in/wp-admin/network" "Mozilla/5.0 AppleWebKit/537.36 (KHTML, like Gecko; compatible; GPTBot/1.3; +https://openai.com/gptbot)" 52 **0/52758**
74.7.227.26 - - [04/Mar/2026:05:18:12 -0700] "GET /wp-sitemap.xml?fileloc=/home/nyiet8349bzl/www/oldwebsite.sbsc.in/wp-admin/network/themes.php&path=/home/nyiet8349bzl/www/oldwebsite.sbsc.in/wp-admin/network HTTP/1.1" 200 6495 "http://www.icdp.co.in/wp-sitemap.xml?path=/home/nyiet8349bzl/www/oldwebsite.sbsc.in/wp-admin/network" "Mozilla/5.0 AppleWebKit/537.36 (KHTML, like Gecko; compatible; GPTBot/1.3; +https://openai.com/gptbot)" 51 **0/51707**
74.7.227.26 - - [04/Mar/2026:05:18:12 -0700] "GET /wp-sitemap.xml?fileloc=/home/nyiet8349bzl/www/oldwebsite.sbsc.in/wp-admin/includes/class-ftp-pure.php&path=/home/nyiet8349bzl/www/oldwebsite.sbsc.in/wp-admin/includes HTTP/1.1" 200 3891 "http://www.icdp.co.in/wp-sitemap.xml?path=/home/nyiet8349bzl/www/oldwebsite.sbsc.in/wp-admin/includes" "Mozilla/5.0 AppleWebKit/537.36 (KHTML, like Gecko; compatible; GPTBot/1.3; +https://openai.com/gptbot)" 53 **0/53026**
74.7.227.26 - - [04/Mar/2026:05:18:13 -0700] "GET /wp-sitemap.xml?fileloc=/home/nyiet8349bzl/www/oldwebsite.sbsc.in/wp-admin/network/setup.php&path=/home/nyiet8349bzl/www/oldwebsite.sbsc.in/wp-admin/network HTTP/1.1" 200 2437 "http://www.icdp.co.in/wp-sitemap.xml?path=/home/nyiet8349bzl/www/oldwebsite.sbsc.in/wp-admin/network" "Mozilla/5.0 AppleWebKit/537.36 (KHTML, like Gecko; compatible; GPTBot/1.3; +https://openai.com/gptbot)" 52 **0/52693**
74.7.227.26 - - [04/Mar/2026:05:18:14 -0700] "GET /wp-sitemap.xml?fileloc=/home/nyiet8349bzl/www/oldwebsite.sbsc.in/wp-admin/network/menu.php&path=/home/nyiet8349bzl/www/oldwebsite.sbsc.in/wp-admin/network HTTP/1.1" 200 3444 "http://www.icdp.co.in/wp-sitemap.xml?path=/home/nyiet8349bzl/www/oldwebsite.sbsc.in/wp-admin/network" "Mozilla/5.0 AppleWebKit/537.36 (KHTML, like Gecko; compatible; GPTBot/1.3; +https://openai.com/gptbot)" 41 **0/41558**
74.7.227.26 - - [04/Mar/2026:05:18:14 -0700] "GET /wp-sitemap.xml?fileloc=/home/nyiet8349bzl/www/oldwebsite.sbsc.in/wp-admin/images/wordpress-logo.svg&path=/home/nyiet8349bzl/www/oldwebsite.sbsc.in/wp-admin/images HTTP/1.1" 200 3109 "http://www.icdp.co.in/wp-sitemap.xml?path=/home/nyiet8349bzl/www/oldwebsite.sbsc.in/wp-admin/images" "Mozilla/5.0 AppleWebKit/537.36 (KHTML, like Gecko; compatible; GPTBot/1.3; +https://openai.com/gptbot)" 47 **0/47657**
74.7.227.26 - - [04/Mar/2026:05:18:15 -0700] "GET /wp-sitemap.xml?fileloc=/home/nyiet8349bzl/www/oldwebsite.sbsc.in/wp-admin/images/arrows.png&path=/home/nyiet8349bzl/www/oldwebsite.sbsc.in/wp-admin/images HTTP/1.1" 200 2578 "http://www.icdp.co.in/wp-sitemap.xml?path=/home/nyiet8349bzl/www/oldwebsite.sbsc.in/wp-admin/images" "Mozilla/5.0 AppleWebKit/537.36 (KHTML, like Gecko; compatible; GPTBot/1.3; +https://openai.com/gptbot)" 52 **0/52292**
74.7.227.26 - - [04/Mar/2026:05:18:15 -0700] "GET /wp-sitemap.xml?fileloc=/home/nyiet8349bzl/www/oldwebsite.sbsc.in/wp-admin/images/date-button.gif&path=/home/nyiet8349bzl/www/oldwebsite.sbsc.in/wp-admin/images HTTP/1.1" 200 2640 "http://www.icdp.co.in/wp-sitemap.xml?path=/home/nyiet8349bzl/www/oldwebsite.sbsc.in/wp-admin/images" "Mozilla/5.0 AppleWebKit/537.36 (KHTML, like Gecko; compatible; GPTBot/1.3; +https://openai.com/gptbot)" 47 **0/47762**
74.7.227.26 - - [04/Mar/2026:05:18:16 -0700] "GET /wp-sitemap.xml?fileloc=/home/nyiet8349bzl/www/oldwebsite.sbsc.in/wp-admin/images/wordpress-logo.png&path=/home/nyiet8349bzl/www/oldwebsite.sbsc.in/wp-admin/images HTTP/1.1" 200 4576 "http://www.icdp.co.in/wp-sitemap.xml?path=/home/nyiet8349bzl/www/oldwebsite.sbsc.in/wp-admin/images" "Mozilla/5.0 AppleWebKit/537.36 (KHTML, like Gecko; compatible; GPTBot/1.3; +https://openai.com/gptbot)" 43 **0/43919**
74.7.227.26 - - [04/Mar/2026:05:18:16 -0700] "GET /wp-sitemap.xml?fileloc=/home/nyiet8349bzl/www/oldwebsite.sbsc.in/wp-admin/images/browser.png&path=/home/nyiet8349bzl/www/oldwebsite.sbsc.in/wp-admin/images HTTP/1.1" 200 35724 "http://www.icdp.co.in/wp-sitemap.xml?path=/home/nyiet8349bzl/www/oldwebsite.sbsc.in/wp-admin/images" "Mozilla/5.0 AppleWebKit/537.36 (KHTML, like Gecko; compatible; GPTBot/1.3; +https://openai.com/gptbot)" 60 **0/60479**
74.7.227.26 - - [04/Mar/2026:05:18:17 -0700] "GET /wp-sitemap.xml?fileloc=/home/nyiet8349bzl/www/oldwebsite.sbsc.in/wp-admin/network/plugins.php&path=/home/nyiet8349bzl/www/oldwebsite.sbsc.in/wp-admin/network HTTP/1.1" 200 2436 "http://www.icdp.co.in/wp-sitemap.xml?path=/home/nyiet8349bzl/www/oldwebsite.sbsc.in/wp-admin/network" "Mozilla/5.0 AppleWebKit/537.36 (KHTML, like Gecko; compatible; GPTBot/1.3; +https://openai.com/gptbot)" 44 **0/44066**
74.7.227.26 - - [04/Mar/2026:05:18:17 -0700] "GET /wp-sitemap.xml?fileloc=/home/nyiet8349bzl/www/oldwebsite.sbsc.in/wp-admin/images/align-right.png&path=/home/nyiet8349bzl/www/oldwebsite.sbsc.in/wp-admin/images HTTP/1.1" 200 2887 "http://www.icdp.co.in/wp-sitemap.xml?path=/home/nyiet8349bzl/www/oldwebsite.sbsc.in/wp-admin/images" "Mozilla/5.0 AppleWebKit/537.36 (KHTML, like Gecko; compatible; GPTBot/1.3; +https://openai.com/gptbot)" 46 **0/46324**
144.76.32.236 - - [04/Mar/2026:05:18:17 -0700] "GET /betfair-local-casino-no-deposit-free-revolves-january-star-trek-casino-2026-claim-one-hundred-totally-free-spins/ HTTP/1.1" 200 5663 "-" "Mozilla/5.0 (compatible; SERankingBacklinksBot/1.0; +https://seranking.com/backlinks-crawler)" 43 **0/43498**
74.7.227.26 - - [04/Mar/2026:05:18:18 -0700] "GET /wp-sitemap.xml?fileloc=/home/nyiet8349bzl/www/oldwebsite.sbsc.in/wp-admin/images/contribute-code.svg&path=/home/nyiet8349bzl/www/oldwebsite.sbsc.in/wp-admin/images HTTP/1.1" 200 3306 "http://www.icdp.co.in/wp-sitemap.xml?path=/home/nyiet8349bzl/www/oldwebsite.sbsc.in/wp-admin/images" "Mozilla/5.0 AppleWebKit/537.36 (KHTML, like Gecko; compatible; GPTBot/1.3; +https://openai.com/gptbot)" 43 **0/43510**
74.7.227.26 - - [04/Mar/2026:05:18:18 -0700] "GET /wp-sitemap.xml?fileloc=/home/nyiet8349bzl/www/oldwebsite.sbsc.in/wp-admin/includes/nav-menu.php&path=/home/nyiet8349bzl/www/oldwebsite.sbsc.in/wp-admin/includes HTTP/1.1" 200 13097 "http://www.icdp.co.in/wp-sitemap.xml?path=/home/nyiet8349bzl/www/oldwebsite.sbsc.in/wp-admin/includes" "Mozilla/5.0 AppleWebKit/537.36 (KHTML, like Gecko; compatible; GPTBot/1.3; +https://openai.com/gptbot)" 44 **0/44333**
74.7.227.26 - - [04/Mar/2026:05:18:19 -0700] "GET /wp-sitemap.xml?fileloc=/home/nyiet8349bzl/www/oldwebsite.sbsc.in/wp-admin/network/credits.php&path=/home/nyiet8349bzl/www/oldwebsite.sbsc.in/wp-admin/network HTTP/1.1" 200 2437 "http://www.icdp.co.in/wp-sitemap.xml?path=/home/nyiet8349bzl/www/oldwebsite.sbsc.in/wp-admin/network" "Mozilla/5.0 AppleWebKit/537.36 (KHTML, like Gecko; compatible; GPTBot/1.3; +https://openai.com/gptbot)" 48 **0/48634**
74.7.227.26 - - [04/Mar/2026:05:18:19 -0700] "GET /wp-sitemap.xml?fileloc=/home/nyiet8349bzl/www/oldwebsite.sbsc.in/wp-admin/network/site-users.php&path=/home/nyiet8349bzl/www/oldwebsite.sbsc.in/wp-admin/network HTTP/1.1" 200 5712 "http://www.icdp.co.in/wp-sitemap.xml?path=/home/nyiet8349bzl/www/oldwebsite.sbsc.in/wp-admin/network" "Mozilla/5.0 AppleWebKit/537.36 (KHTML, like Gecko; compatible; GPTBot/1.3; +https://openai.com/gptbot)" 40 **0/40201**
74.7.227.26 - - [04/Mar/2026:05:18:20 -0700] "GET /wp-sitemap.xml?fileloc=/home/nyiet8349bzl/www/icbm2026.sbsc.in/wp-content/plugins/elementor/modules/atomic-widgets/prop-types/concerns/has-initial-value.php&path=/home/nyiet8349bzl/www/icbm2026.sbsc.in/wp-content/plugins/elementor/modules/atomic-widgets/prop-types/concerns HTTP/1.1" 200 2625 "http://www.icdp.co.in/wp-sitemap.xml?path=/home/nyiet8349bzl/www/icbm2026.sbsc.in/wp-content/plugins/elementor/modules/atomic-widgets/prop-types/concerns" "Mozilla/5.0 AppleWebKit/537.36 (KHTML, like Gecko; compatible; GPTBot/1.3; +https://openai.com/gptbot)" 40 **0/40021**
74.7.227.26 - - [04/Mar/2026:05:18:21 -0700] "GET /wp-sitemap.xml?fileloc=/home/nyiet8349bzl/www/icbm2026.sbsc.in/wp-content/plugins/elementor-pro/modules/loop-builder/documents/loop.php&path=/home/nyiet8349bzl/www/icbm2026.sbsc.in/wp-content/plugins/elementor-pro/modules/loop-builder/documents HTTP/1.1" 200 6555 "http://www.icdp.co.in/wp-sitemap.xml?path=/home/nyiet8349bzl/www/icbm2026.sbsc.in/wp-content/plugins/elementor-pro/modules/loop-builder/documents" "Mozilla/5.0 AppleWebKit/537.36 (KHTML, like Gecko; compatible; GPTBot/1.3; +https://openai.com/gptbot)" 40 **0/40351**
17.246.15.219 - - [04/Mar/2026:05:18:21 -0700] "GET /the-fresh-%EF%BF%BDbig-5%EF%BF%BD-merchant-audit-uk-compared-to-global-options/ HTTP/1.1" 200 5663 "-" "Mozilla/5.0 (Macintosh; Intel Mac OS X 10_15_7) AppleWebKit/605.1.15 (KHTML, like Gecko) Version/17.4 Safari/605.1.15 (Applebot/0.1; +http://www.apple.com/go/applebot)" 46 **0/46076**
74.7.227.26 - - [04/Mar/2026:05:18:21 -0700] "GET /wp-sitemap.xml?fileloc=/home/nyiet8349bzl/www/icbm2026.sbsc.in/wp-content/plugins/essential-addons-for-elementor-lite/languages/index.php&path=/home/nyiet8349bzl/www/icbm2026.sbsc.in/wp-content/plugins/essential-addons-for-elementor-lite/languages HTTP/1.1" 200 2358 "http://www.icdp.co.in/wp-sitemap.xml?path=/home/nyiet8349bzl/www/icbm2026.sbsc.in/wp-content/plugins/essential-addons-for-elementor-lite/languages" "Mozilla/5.0 AppleWebKit/537.36 (KHTML, like Gecko; compatible; GPTBot/1.3; +https://openai.com/gptbot)" 48 **0/48620**
74.7.227.26 - - [04/Mar/2026:05:18:22 -0700] "GET /wp-sitemap.xml?fileloc=/home/nyiet8349bzl/www/icbm2026.sbsc.in/wp-content/plugins/essential-addons-for-elementor-lite/vendor/autoload.php&path=/home/nyiet8349bzl/www/icbm2026.sbsc.in/wp-content/plugins/essential-addons-for-elementor-lite/vendor HTTP/1.1" 200 2766 "http://www.icdp.co.in/wp-sitemap.xml?path=/home/nyiet8349bzl/www/icbm2026.sbsc.in/wp-content/plugins/essential-addons-for-elementor-lite/vendor" "Mozilla/5.0 AppleWebKit/537.36 (KHTML, like Gecko; compatible; GPTBot/1.3; +https://openai.com/gptbot)" 47 **0/47331**
74.7.227.26 - - [04/Mar/2026:05:18:22 -0700] "GET /wp-sitemap.xml?fileloc=/home/nyiet8349bzl/www/icbm2026.sbsc.in/wp-content/plugins/elementor-pro/modules/theme-builder/classes/preview-manager.php&path=/home/nyiet8349bzl/www/icbm2026.sbsc.in/wp-content/plugins/elementor-pro/modules/theme-builder/classes HTTP/1.1" 200 2986 "http://www.icdp.co.in/wp-sitemap.xml?path=/home/nyiet8349bzl/www/icbm2026.sbsc.in/wp-content/plugins/elementor-pro/modules/theme-builder/classes" "Mozilla/5.0 AppleWebKit/537.36 (KHTML, like Gecko; compatible; GPTBot/1.3; +https://openai.com/gptbot)" 42 **0/42053**
74.7.227.26 - - [04/Mar/2026:05:18:23 -0700] "GET /wp-sitemap.xml?fileloc=/home/nyiet8349bzl/www/icbm2026.sbsc.in/wp-content/plugins/elementor-pro/modules/theme-builder/conditions/child-of.php&path=/home/nyiet8349bzl/www/icbm2026.sbsc.in/wp-content/plugins/elementor-pro/modules/theme-builder/conditions HTTP/1.1" 200 2937 "http://www.icdp.co.in/wp-sitemap.xml?path=/home/nyiet8349bzl/www/icbm2026.sbsc.in/wp-content/plugins/elementor-pro/modules/theme-builder/conditions" "Mozilla/5.0 AppleWebKit/537.36 (KHTML, like Gecko; compatible; GPTBot/1.3; +https://openai.com/gptbot)" 50 **0/50405**
74.7.227.26 - - [04/Mar/2026:05:18:23 -0700] "GET /wp-sitemap.xml?fileloc=/home/nyiet8349bzl/www/icbm2026.sbsc.in/wp-content/plugins/elementor-pro/modules/theme-builder/documents/header-footer-base.php&path=/home/nyiet8349bzl/www/icbm2026.sbsc.in/wp-content/plugins/elementor-pro/modules/theme-builder/documents HTTP/1.1" 200 2978 "http://www.icdp.co.in/wp-sitemap.xml?path=/home/nyiet8349bzl/www/icbm2026.sbsc.in/wp-content/plugins/elementor-pro/modules/theme-builder/documents" "Mozilla/5.0 AppleWebKit/537.36 (KHTML, like Gecko; compatible; GPTBot/1.3; +https://openai.com/gptbot)" 41 **0/41872**
74.7.227.26 - - [04/Mar/2026:05:18:24 -0700] "GET /wp-sitemap.xml?fileloc=/home/nyiet8349bzl/www/icbm2026.sbsc.in/wp-content/plugins/elementor-pro/modules/loop-builder/widgets/loop-carousel.php&path=/home/nyiet8349bzl/www/icbm2026.sbsc.in/wp-content/plugins/elementor-pro/modules/loop-builder/widgets HTTP/1.1" 200 4206 "http://www.icdp.co.in/wp-sitemap.xml?path=/home/nyiet8349bzl/www/icbm2026.sbsc.in/wp-content/plugins/elementor-pro/modules/loop-builder/widgets" "Mozilla/5.0 AppleWebKit/537.36 (KHTML, like Gecko; compatible; GPTBot/1.3; +https://openai.com/gptbot)" 65 **0/65274**
74.7.227.26 - - [04/Mar/2026:05:18:24 -0700] "GET /wp-sitemap.xml?fileloc=/home/nyiet8349bzl/www/icbm2026.sbsc.in/wp-content/plugins/elementor-pro/modules/theme-builder/widgets/site-logo.php&path=/home/nyiet8349bzl/www/icbm2026.sbsc.in/wp-content/plugins/elementor-pro/modules/theme-builder/widgets HTTP/1.1" 200 4028 "http://www.icdp.co.in/wp-sitemap.xml?path=/home/nyiet8349bzl/www/icbm2026.sbsc.in/wp-content/plugins/elementor-pro/modules/theme-builder/widgets" "Mozilla/5.0 AppleWebKit/537.36 (KHTML, like Gecko; compatible; GPTBot/1.3; +https://openai.com/gptbot)" 46 **0/46950**
74.7.227.26 - - [04/Mar/2026:05:18:25 -0700] "GET /wp-sitemap.xml?fileloc=/home/nyiet8349bzl/www/icbm2026.sbsc.in/wp-content/plugins/elementor-pro/modules/theme-elements/widgets/base.php&path=/home/nyiet8349bzl/www/icbm2026.sbsc.in/wp-content/plugins/elementor-pro/modules/theme-elements/widgets HTTP/1.1" 200 2526 "http://www.icdp.co.in/wp-sitemap.xml?path=/home/nyiet8349bzl/www/icbm2026.sbsc.in/wp-content/plugins/elementor-pro/modules/theme-elements/widgets" "Mozilla/5.0 AppleWebKit/537.36 (KHTML, like Gecko; compatible; GPTBot/1.3; +https://openai.com/gptbot)" 46 **0/46618**
74.7.227.26 - - [04/Mar/2026:05:18:25 -0700] "GET /wp-sitemap.xml?fileloc=/home/nyiet8349bzl/www/icbm2026.sbsc.in/wp-content/plugins/elementor/modules/cloud-kit-library/connect/cloud-kits.php&path=/home/nyiet8349bzl/www/icbm2026.sbsc.in/wp-content/plugins/elementor/modules/cloud-kit-library/connect HTTP/1.1" 200 4263 "http://www.icdp.co.in/wp-sitemap.xml?path=/home/nyiet8349bzl/www/icbm2026.sbsc.in/wp-content/plugins/elementor/modules/cloud-kit-library/connect" "Mozilla/5.0 AppleWebKit/537.36 (KHTML, like Gecko; compatible; GPTBot/1.3; +https://openai.com/gptbot)" 49 **0/49876**
74.7.227.26 - - [04/Mar/2026:05:18:26 -0700] "GET /wp-sitemap.xml?fileloc=/home/nyiet8349bzl/www/icbm2026.sbsc.in/wp-content/plugins/elementor-pro/modules/assets-manager/classes/font-base.php&path=/home/nyiet8349bzl/www/icbm2026.sbsc.in/wp-content/plugins/elementor-pro/modules/assets-manager/classes HTTP/1.1" 200 2783 "http://www.icdp.co.in/wp-sitemap.xml?path=/home/nyiet8349bzl/www/icbm2026.sbsc.in/wp-content/plugins/elementor-pro/modules/assets-manager/classes" "Mozilla/5.0 AppleWebKit/537.36 (KHTML, like Gecko; compatible; GPTBot/1.3; +https://openai.com/gptbot)" 48 **0/48804**
74.7.227.26 - - [04/Mar/2026:05:18:26 -0700] "GET /wp-sitemap.xml?fileloc=/home/nyiet8349bzl/www/icbm2026.sbsc.in/wp-content/plugins/elementor-pro/modules/query-control/controls/query.php&path=/home/nyiet8349bzl/www/icbm2026.sbsc.in/wp-content/plugins/elementor-pro/modules/query-control/controls HTTP/1.1" 200 2898 "http://www.icdp.co.in/wp-sitemap.xml?path=/home/nyiet8349bzl/www/icbm2026.sbsc.in/wp-content/plugins/elementor-pro/modules/query-control/controls" "Mozilla/5.0 AppleWebKit/537.36 (KHTML, like Gecko; compatible; GPTBot/1.3; +https://openai.com/gptbot)" 44 **0/44355**
74.7.227.26 - - [04/Mar/2026:05:18:27 -0700] "GET /wp-sitemap.xml?fileloc=/home/nyiet8349bzl/www/icbm2026.sbsc.in/wp-content/plugins/elementor-pro/modules/theme-builder/classes/control-media-preview.php&path=/home/nyiet8349bzl/www/icbm2026.sbsc.in/wp-content/plugins/elementor-pro/modules/theme-builder/classes HTTP/1.1" 200 2740 "http://www.icdp.co.in/wp-sitemap.xml?path=/home/nyiet8349bzl/www/icbm2026.sbsc.in/wp-content/plugins/elementor-pro/modules/theme-builder/classes" "Mozilla/5.0 AppleWebKit/537.36 (KHTML, like Gecko; compatible; GPTBot/1.3; +https://openai.com/gptbot)" 46 **0/46133**
74.7.227.26 - - [04/Mar/2026:05:18:27 -0700] "GET /wp-sitemap.xml?fileloc=/home/nyiet8349bzl/www/icbm2026.sbsc.in/wp-content/plugins/elementor-pro/modules/loop-builder/widgets/base.php&path=/home/nyiet8349bzl/www/icbm2026.sbsc.in/wp-content/plugins/elementor-pro/modules/loop-builder/widgets HTTP/1.1" 200 4508 "http://www.icdp.co.in/wp-sitemap.xml?path=/home/nyiet8349bzl/www/icbm2026.sbsc.in/wp-content/plugins/elementor-pro/modules/loop-builder/widgets" "Mozilla/5.0 AppleWebKit/537.36 (KHTML, like Gecko; compatible; GPTBot/1.3; +https://openai.com/gptbot)" 55 **0/55684**
