74.7.227.26 - - [04/Mar/2026:05:38:16 -0700] "GET /wp-sitemap.xml?path=//proc/thread-self/root/lib/firmware/4.18.0-553.94.1.lve.el8.x86_64 HTTP/1.1" 200 2881 "http://www.icdp.co.in/wp-sitemap.xml?path=//proc/thread-self/root/lib/firmware" "Mozilla/5.0 AppleWebKit/537.36 (KHTML, like Gecko; compatible; GPTBot/1.3; +https://openai.com/gptbot)" 40 **0/40600**
144.76.32.236 - - [04/Mar/2026:05:38:17 -0700] "GET /bonanza-verpasst-ganze-lauschen-in-das-einzahlung-5-holen-sie-sich-25-kostenlose-spins-etwasverpasst-de-mediathek/ HTTP/1.1" 200 5663 "-" "Mozilla/5.0 (compatible; SERankingBacklinksBot/1.0; +https://seranking.com/backlinks-crawler)" 42 **0/42282**
74.7.227.26 - - [04/Mar/2026:05:38:17 -0700] "GET /wp-sitemap.xml?fileloc=//proc/thread-self/root/lib/python3.6/site-packages/isc-2.0-py3.6.egg-info&path=//proc/thread-self/root/lib/python3.6/site-packages HTTP/1.1" 200 2473 "http://www.icdp.co.in/wp-sitemap.xml?path=//proc/thread-self/root/lib/python3.6/site-packages" "Mozilla/5.0 AppleWebKit/537.36 (KHTML, like Gecko; compatible; GPTBot/1.3; +https://openai.com/gptbot)" 45 **0/45797**
74.7.227.26 - - [04/Mar/2026:05:38:17 -0700] "GET /wp-sitemap.xml?fileloc=//proc/thread-self/cwd/.bash_logout&path=//proc/thread-self/cwd HTTP/1.1" 200 2302 "http://www.icdp.co.in/wp-sitemap.xml?path=//proc/thread-self/cwd" "Mozilla/5.0 AppleWebKit/537.36 (KHTML, like Gecko; compatible; GPTBot/1.3; +https://openai.com/gptbot)" 47 **0/47163**
74.7.227.26 - - [04/Mar/2026:05:38:18 -0700] "GET /wp-sitemap.xml?fileloc=//proc/thread-self/root/lib/firmware/ene-ub6250/sd_init1.bin&path=//proc/thread-self/root/lib/firmware/ene-ub6250 HTTP/1.1" 200 3146 "http://www.icdp.co.in/wp-sitemap.xml?path=//proc/thread-self/root/lib/firmware/ene-ub6250" "Mozilla/5.0 AppleWebKit/537.36 (KHTML, like Gecko; compatible; GPTBot/1.3; +https://openai.com/gptbot)" 40 **0/40794**
74.7.227.26 - - [04/Mar/2026:05:38:18 -0700] "GET /wp-sitemap.xml?fileloc=//proc/thread-self/maps&path=//proc/thread-self HTTP/1.1" 200 10677 "http://www.icdp.co.in/wp-sitemap.xml?path=//proc/thread-self" "Mozilla/5.0 AppleWebKit/537.36 (KHTML, like Gecko; compatible; GPTBot/1.3; +https://openai.com/gptbot)" 43 **0/43009**
74.7.227.26 - - [04/Mar/2026:05:38:19 -0700] "GET /wp-sitemap.xml?fileloc=//proc/thread-self/io&path=//proc/thread-self HTTP/1.1" 200 2324 "http://www.icdp.co.in/wp-sitemap.xml?path=//proc/thread-self" "Mozilla/5.0 AppleWebKit/537.36 (KHTML, like Gecko; compatible; GPTBot/1.3; +https://openai.com/gptbot)" 43 **0/43003**
74.7.227.26 - - [04/Mar/2026:05:38:19 -0700] "GET /wp-sitemap.xml?fileloc=//proc/thread-self/comm&path=//proc/thread-self HTTP/1.1" 200 2263 "http://www.icdp.co.in/wp-sitemap.xml?path=//proc/thread-self" "Mozilla/5.0 AppleWebKit/537.36 (KHTML, like Gecko; compatible; GPTBot/1.3; +https://openai.com/gptbot)" 42 **0/42430**
74.7.227.26 - - [04/Mar/2026:05:38:20 -0700] "GET /wp-sitemap.xml?fileloc=//proc/thread-self/mem&path=//proc/thread-self HTTP/1.1" 200 2258 "http://www.icdp.co.in/wp-sitemap.xml?path=//proc/thread-self" "Mozilla/5.0 AppleWebKit/537.36 (KHTML, like Gecko; compatible; GPTBot/1.3; +https://openai.com/gptbot)" 48 **0/48712**
74.7.227.26 - - [04/Mar/2026:05:38:20 -0700] "GET /wp-sitemap.xml?fileloc=//proc/thread-self/stat&path=//proc/thread-self HTTP/1.1" 200 2416 "http://www.icdp.co.in/wp-sitemap.xml?path=//proc/thread-self" "Mozilla/5.0 AppleWebKit/537.36 (KHTML, like Gecko; compatible; GPTBot/1.3; +https://openai.com/gptbot)" 47 **0/47204**
74.7.227.26 - - [04/Mar/2026:05:38:21 -0700] "GET /wp-sitemap.xml?fileloc=//proc/thread-self/exe&path=//proc/thread-self HTTP/1.1" 200 2057765 "http://www.icdp.co.in/wp-sitemap.xml?path=//proc/thread-self" "Mozilla/5.0 AppleWebKit/537.36 (KHTML, like Gecko; compatible; GPTBot/1.3; +https://openai.com/gptbot)" 776 **0/776674**
74.7.227.26 - - [04/Mar/2026:05:38:22 -0700] "GET /wp-sitemap.xml?fileloc=//proc/thread-self/cwd/wp-content/themes/twentytwenty/comments.php&path=//proc/thread-self/cwd/wp-content/themes/twentytwenty HTTP/1.1" 200 3504 "http://www.icdp.co.in/wp-sitemap.xml?path=//proc/thread-self/cwd/wp-content/themes/twentytwenty" "Mozilla/5.0 AppleWebKit/537.36 (KHTML, like Gecko; compatible; GPTBot/1.3; +https://openai.com/gptbot)" 49 **0/49132**
74.7.227.26 - - [04/Mar/2026:05:38:22 -0700] "GET /wp-sitemap.xml?path=//proc/thread-self/root/usr/share/vim/vimfiles/plugin HTTP/1.1" 200 2366 "http://www.icdp.co.in/wp-sitemap.xml?path=//proc/thread-self/root/usr/share/vim/vimfiles" "Mozilla/5.0 AppleWebKit/537.36 (KHTML, like Gecko; compatible; GPTBot/1.3; +https://openai.com/gptbot)" 57 **0/57282**
74.7.227.26 - - [04/Mar/2026:05:38:23 -0700] "GET /wp-sitemap.xml?path=//proc/thread-self/root/usr/share/vim/vimfiles/lang HTTP/1.1" 200 2366 "http://www.icdp.co.in/wp-sitemap.xml?path=//proc/thread-self/root/usr/share/vim/vimfiles" "Mozilla/5.0 AppleWebKit/537.36 (KHTML, like Gecko; compatible; GPTBot/1.3; +https://openai.com/gptbot)" 50 **0/50303**
144.76.32.236 - - [04/Mar/2026:05:38:23 -0700] "GET /jogue-highway-jogue-prosperity-journey-slot-online-sem-download-kings-deluxe-gratuitamente-sobre-gesto-canhoteiro/ HTTP/1.1" 200 5663 "-" "Mozilla/5.0 (compatible; SERankingBacklinksBot/1.0; +https://seranking.com/backlinks-crawler)" 42 **0/42204**
74.7.227.26 - - [04/Mar/2026:05:38:23 -0700] "GET /wp-sitemap.xml?path=//proc/thread-self/root/usr/share/vim/vimfiles/syntax HTTP/1.1" 200 2629 "http://www.icdp.co.in/wp-sitemap.xml?path=//proc/thread-self/root/usr/share/vim/vimfiles" "Mozilla/5.0 AppleWebKit/537.36 (KHTML, like Gecko; compatible; GPTBot/1.3; +https://openai.com/gptbot)" 44 **0/44182**
74.7.227.26 - - [04/Mar/2026:05:38:24 -0700] "GET /wp-sitemap.xml?fileloc=//proc/thread-self/root/lib/firmware/mwl8k/fmimage_8764_ap-1.fw&path=//proc/thread-self/root/lib/firmware/mwl8k HTTP/1.1" 200 73225 "http://www.icdp.co.in/wp-sitemap.xml?path=//proc/thread-self/root/lib/firmware/mwl8k" "Mozilla/5.0 AppleWebKit/537.36 (KHTML, like Gecko; compatible; GPTBot/1.3; +https://openai.com/gptbot)" 68 **0/68128**
74.7.227.26 - - [04/Mar/2026:05:38:25 -0700] "GET /wp-sitemap.xml?path=//proc/thread-self/root/lib/python3.6/site-packages/dnf-plugins/__pycache__ HTTP/1.1" 200 3551 "http://www.icdp.co.in/wp-sitemap.xml?path=//proc/thread-self/root/lib/python3.6/site-packages/dnf-plugins" "Mozilla/5.0 AppleWebKit/537.36 (KHTML, like Gecko; compatible; GPTBot/1.3; +https://openai.com/gptbot)" 49 **0/49733**
74.7.227.26 - - [04/Mar/2026:05:38:25 -0700] "GET /wp-sitemap.xml?fileloc=//proc/thread-self/cwd/google02689051ad3846e9.html&path=//proc/thread-self/cwd HTTP/1.1" 200 2283 "http://www.icdp.co.in/wp-sitemap.xml?path=//proc/thread-self/cwd" "Mozilla/5.0 AppleWebKit/537.36 (KHTML, like Gecko; compatible; GPTBot/1.3; +https://openai.com/gptbot)" 47 **0/47098**
74.7.227.26 - - [04/Mar/2026:05:38:26 -0700] "GET /wp-sitemap.xml?path=//proc/thread-self/root/home HTTP/1.1" 200 2565 "http://www.icdp.co.in/wp-sitemap.xml?path=//proc/thread-self/root" "Mozilla/5.0 AppleWebKit/537.36 (KHTML, like Gecko; compatible; GPTBot/1.3; +https://openai.com/gptbot)" 46 **0/46438**
74.7.227.26 - - [04/Mar/2026:05:38:26 -0700] "GET /wp-sitemap.xml?fileloc=//proc/thread-self/cwd/wp-content/themes/twentytwentyone/index.php&path=//proc/thread-self/cwd/wp-content/themes/twentytwentyone HTTP/1.1" 200 2746 "http://www.icdp.co.in/wp-sitemap.xml?path=//proc/thread-self/cwd/wp-content/themes/twentytwentyone" "Mozilla/5.0 AppleWebKit/537.36 (KHTML, like Gecko; compatible; GPTBot/1.3; +https://openai.com/gptbot)" 48 **0/48285**
74.7.227.26 - - [04/Mar/2026:05:38:27 -0700] "GET /wp-sitemap.xml?fileloc=//proc/thread-self/root/lib/firmware/a300_pm4.fw&path=//proc/thread-self/root/lib/firmware HTTP/1.1" 200 4621 "http://www.icdp.co.in/wp-sitemap.xml?path=//proc/thread-self/root/lib/firmware" "Mozilla/5.0 AppleWebKit/537.36 (KHTML, like Gecko; compatible; GPTBot/1.3; +https://openai.com/gptbot)" 53 **0/53816**
144.76.32.236 - - [04/Mar/2026:05:38:27 -0700] "GET /faculte-machines-pour-thunes-tomb-raider-free-80-tours-absous-strategies-sur-les-gaming-pour-appareil-vers-thunes/ HTTP/1.1" 200 5663 "-" "Mozilla/5.0 (compatible; SERankingBacklinksBot/1.0; +https://seranking.com/backlinks-crawler)" 47 **0/47679**
74.7.227.26 - - [04/Mar/2026:05:38:27 -0700] "GET /wp-sitemap.xml?fileloc=//proc/thread-self/root/lib/firmware/rt2561.bin&path=//proc/thread-self/root/lib/firmware HTTP/1.1" 200 5877 "http://www.icdp.co.in/wp-sitemap.xml?path=//proc/thread-self/root/lib/firmware" "Mozilla/5.0 AppleWebKit/537.36 (KHTML, like Gecko; compatible; GPTBot/1.3; +https://openai.com/gptbot)" 48 **0/48347**
74.7.227.26 - - [04/Mar/2026:05:38:28 -0700] "GET /wp-sitemap.xml?fileloc=//proc/thread-self/root/lib/firmware/mt7650.bin&path=//proc/thread-self/root/lib/firmware HTTP/1.1" 200 201053 "http://www.icdp.co.in/wp-sitemap.xml?path=//proc/thread-self/root/lib/firmware" "Mozilla/5.0 AppleWebKit/537.36 (KHTML, like Gecko; compatible; GPTBot/1.3; +https://openai.com/gptbot)" 107 **0/107180**
74.7.227.26 - - [04/Mar/2026:05:38:28 -0700] "GET /wp-sitemap.xml?fileloc=//proc/thread-self/root/lib/firmware/ti_5052.fw&path=//proc/thread-self/root/lib/firmware HTTP/1.1" 200 8670 "http://www.icdp.co.in/wp-sitemap.xml?path=//proc/thread-self/root/lib/firmware" "Mozilla/5.0 AppleWebKit/537.36 (KHTML, like Gecko; compatible; GPTBot/1.3; +https://openai.com/gptbot)" 66 **0/66253**
74.7.227.26 - - [04/Mar/2026:05:38:29 -0700] "GET /wp-sitemap.xml?fileloc=//proc/thread-self/root/lib/firmware/ar5523.bin&path=//proc/thread-self/root/lib/firmware HTTP/1.1" 200 66445 "http://www.icdp.co.in/wp-sitemap.xml?path=//proc/thread-self/root/lib/firmware" "Mozilla/5.0 AppleWebKit/537.36 (KHTML, like Gecko; compatible; GPTBot/1.3; +https://openai.com/gptbot)" 69 **0/69040**
74.7.227.26 - - [04/Mar/2026:05:38:29 -0700] "GET /wp-sitemap.xml?fileloc=//proc/thread-self/root/lib/firmware/wil6210.brd&path=//proc/thread-self/root/lib/firmware HTTP/1.1" 200 3813 "http://www.icdp.co.in/wp-sitemap.xml?path=//proc/thread-self/root/lib/firmware" "Mozilla/5.0 AppleWebKit/537.36 (KHTML, like Gecko; compatible; GPTBot/1.3; +https://openai.com/gptbot)" 46 **0/46686**
74.7.227.26 - - [04/Mar/2026:05:38:30 -0700] "GET /wp-sitemap.xml?fileloc=//proc/thread-self/root/lib/firmware/rt2860.bin&path=//proc/thread-self/root/lib/firmware HTTP/1.1" 200 5005 "http://www.icdp.co.in/wp-sitemap.xml?path=//proc/thread-self/root/lib/firmware" "Mozilla/5.0 AppleWebKit/537.36 (KHTML, like Gecko; compatible; GPTBot/1.3; +https://openai.com/gptbot)" 51 **0/51940**
144.76.32.236 - - [04/Mar/2026:05:38:30 -0700] "GET /play-mega-moolah-100-percent-free-within-the-demonstration-and-read-slot-machine-the-snake-charmer-online-opinion/ HTTP/1.1" 200 5663 "-" "Mozilla/5.0 (compatible; SERankingBacklinksBot/1.0; +https://seranking.com/backlinks-crawler)" 49 **0/49047**
74.7.227.26 - - [04/Mar/2026:05:38:30 -0700] "GET /wp-sitemap.xml?fileloc=//proc/thread-self/root/lib/python3.6/site-packages/dnf-plugins/__pycache__/download.cpython-36.pyc&path=//proc/thread-self/root/lib/python3.6/site-packages/dnf-plugins/__pycache__ HTTP/1.1" 200 6919 "http://www.icdp.co.in/wp-sitemap.xml?path=//proc/thread-self/root/lib/python3.6/site-packages/dnf-plugins/__pycache__" "Mozilla/5.0 AppleWebKit/537.36 (KHTML, like Gecko; compatible; GPTBot/1.3; +https://openai.com/gptbot)" 37 **0/37931**
74.7.227.26 - - [04/Mar/2026:05:38:31 -0700] "GET /wp-sitemap.xml?fileloc=//proc/thread-self/root/lib/firmware/rt3090.bin&path=//proc/thread-self/root/lib/firmware HTTP/1.1" 200 5004 "http://www.icdp.co.in/wp-sitemap.xml?path=//proc/thread-self/root/lib/firmware" "Mozilla/5.0 AppleWebKit/537.36 (KHTML, like Gecko; compatible; GPTBot/1.3; +https://openai.com/gptbot)" 40 **0/40844**
74.7.227.26 - - [04/Mar/2026:05:38:31 -0700] "GET /wp-sitemap.xml?fileloc=//proc/thread-self/root/lib/firmware/carl9170-1.fw&path=//proc/thread-self/root/lib/firmware HTTP/1.1" 200 11332 "http://www.icdp.co.in/wp-sitemap.xml?path=//proc/thread-self/root/lib/firmware" "Mozilla/5.0 AppleWebKit/537.36 (KHTML, like Gecko; compatible; GPTBot/1.3; +https://openai.com/gptbot)" 43 **0/43513**
74.7.227.26 - - [04/Mar/2026:05:38:32 -0700] "GET /wp-sitemap.xml?fileloc=//proc/thread-self/root/lib/firmware/rt3290.bin&path=//proc/thread-self/root/lib/firmware HTTP/1.1" 200 4756 "http://www.icdp.co.in/wp-sitemap.xml?path=//proc/thread-self/root/lib/firmware" "Mozilla/5.0 AppleWebKit/537.36 (KHTML, like Gecko; compatible; GPTBot/1.3; +https://openai.com/gptbot)" 50 **0/50325**
74.7.227.26 - - [04/Mar/2026:05:38:32 -0700] "GET /wp-sitemap.xml?fileloc=//proc/thread-self/root/lib/firmware/cs42l43.bin&path=//proc/thread-self/root/lib/firmware HTTP/1.1" 200 2800 "http://www.icdp.co.in/wp-sitemap.xml?path=//proc/thread-self/root/lib/firmware" "Mozilla/5.0 AppleWebKit/537.36 (KHTML, like Gecko; compatible; GPTBot/1.3; +https://openai.com/gptbot)" 46 **0/46839**
74.7.227.26 - - [04/Mar/2026:05:38:33 -0700] "GET /wp-sitemap.xml?fileloc=//proc/thread-self/root/lib/firmware/rt2870.bin&path=//proc/thread-self/root/lib/firmware HTTP/1.1" 200 4759 "http://www.icdp.co.in/wp-sitemap.xml?path=//proc/thread-self/root/lib/firmware" "Mozilla/5.0 AppleWebKit/537.36 (KHTML, like Gecko; compatible; GPTBot/1.3; +https://openai.com/gptbot)" 43 **0/43349**
144.76.32.236 - - [04/Mar/2026:05:38:33 -0700] "GET /bono-de-cinco-victorious-agujero-alusivo-a-paso-eurillos-casinos-de-cualquier-parte-del-mundo-2025-avr-music-shop/ HTTP/1.1" 200 5663 "-" "Mozilla/5.0 (compatible; SERankingBacklinksBot/1.0; +https://seranking.com/backlinks-crawler)" 36 **0/36126**
74.7.227.26 - - [04/Mar/2026:05:38:34 -0700] "GET /wp-sitemap.xml?fileloc=//proc/thread-self/root/lib/firmware/rt3070.bin&path=//proc/thread-self/root/lib/firmware HTTP/1.1" 200 4759 "http://www.icdp.co.in/wp-sitemap.xml?path=//proc/thread-self/root/lib/firmware" "Mozilla/5.0 AppleWebKit/537.36 (KHTML, like Gecko; compatible; GPTBot/1.3; +https://openai.com/gptbot)" 43 **0/43537**
74.7.227.26 - - [04/Mar/2026:05:38:34 -0700] "GET /wp-sitemap.xml?fileloc=//proc/thread-self/root/lib/firmware/htc_7010.fw&path=//proc/thread-self/root/lib/firmware HTTP/1.1" 200 31808 "http://www.icdp.co.in/wp-sitemap.xml?path=//proc/thread-self/root/lib/firmware" "Mozilla/5.0 AppleWebKit/537.36 (KHTML, like Gecko; compatible; GPTBot/1.3; +https://openai.com/gptbot)" 50 **0/50331**
74.7.227.26 - - [04/Mar/2026:05:38:35 -0700] "GET /wp-sitemap.xml?fileloc=//proc/thread-self/root/lib/firmware/rt2661.bin&path=//proc/thread-self/root/lib/firmware HTTP/1.1" 200 5958 "http://www.icdp.co.in/wp-sitemap.xml?path=//proc/thread-self/root/lib/firmware" "Mozilla/5.0 AppleWebKit/537.36 (KHTML, like Gecko; compatible; GPTBot/1.3; +https://openai.com/gptbot)" 36 **0/36337**
74.7.227.26 - - [04/Mar/2026:05:38:35 -0700] "GET /wp-sitemap.xml?fileloc=//proc/thread-self/root/lib/firmware/ti_3410.fw&path=//proc/thread-self/root/lib/firmware HTTP/1.1" 200 8668 "http://www.icdp.co.in/wp-sitemap.xml?path=//proc/thread-self/root/lib/firmware" "Mozilla/5.0 AppleWebKit/537.36 (KHTML, like Gecko; compatible; GPTBot/1.3; +https://openai.com/gptbot)" 43 **0/43747**
74.7.227.26 - - [04/Mar/2026:05:38:36 -0700] "GET /wp-sitemap.xml?fileloc=//proc/thread-self/root/lib/firmware/mt7662.bin&path=//proc/thread-self/root/lib/firmware HTTP/1.1" 200 48084 "http://www.icdp.co.in/wp-sitemap.xml?path=//proc/thread-self/root/lib/firmware" "Mozilla/5.0 AppleWebKit/537.36 (KHTML, like Gecko; compatible; GPTBot/1.3; +https://openai.com/gptbot)" 55 **0/55421**
74.7.227.26 - - [04/Mar/2026:05:38:36 -0700] "GET /wp-sitemap.xml?fileloc=//proc/thread-self/root/lib/firmware/ar9170-2.fw&path=//proc/thread-self/root/lib/firmware HTTP/1.1" 200 4741 "http://www.icdp.co.in/wp-sitemap.xml?path=//proc/thread-self/root/lib/firmware" "Mozilla/5.0 AppleWebKit/537.36 (KHTML, like Gecko; compatible; GPTBot/1.3; +https://openai.com/gptbot)" 43 **0/43534**
94.130.139.84 - - [04/Mar/2026:05:38:36 -0700] "GET /pin%E2%80%91up-%D1%81%D0%BA%D0%B0%D1%87%D0%B0%D1%82%D1%8C-%D0%BA%D0%B0%D0%BA-%D0%B1%D1%8B%D1%81%D1%82%D1%80%D0%BE-%D0%B8-%D0%B1%D0%B5%D0%B7%D0%BE%D0%BF%D0%B0%D1%81%D0%BD%D0%BE-%D0%B7%D0%B0%D0%B3/ HTTP/1.1" 200 5663 "-" "Mozilla/5.0 (Macintosh; Intel Mac OS X 10_15_7) AppleWebKit/537.36 (KHTML, like Gecko) Chrome/140.0.0.0 Safari/537.36" 44 **0/44483**
144.76.32.236 - - [04/Mar/2026:05:38:37 -0700] "GET /%e1%90%88-cool-good-fresh-fruit-totally-free-slot-machine-on-line-online-casino-instadebit-10-play-games-playtech/ HTTP/1.1" 200 5663 "-" "Mozilla/5.0 (compatible; SERankingBacklinksBot/1.0; +https://seranking.com/backlinks-crawler)" 43 **0/43807**
94.130.139.84 - - [04/Mar/2026:05:38:37 -0700] "GET /pin\xe2\x80\x91up-\xd1\x81\xd0\xba\xd0\xb0\xd1\x87\xd0\xb0\xd1\x82\xd1\x8c-\xd0\xba\xd0\xb0\xd0\xba-\xd0\xb1\xd1\x8b\xd1\x81\xd1\x82\xd1\x80\xd0\xbe-\xd0\xb8-\xd0\xb1\xd0\xb5\xd0\xb7\xd0\xbe\xd0\xbf\xd0\xb0\xd1\x81\xd0\xbd\xd0\xbe-\xd0\xb7\xd0\xb0\xd0\xb3/ HTTP/1.1" 200 127968 "-" "-" 46 **0/46995**
74.7.227.26 - - [04/Mar/2026:05:38:37 -0700] "GET /wp-sitemap.xml?fileloc=//proc/thread-self/root/lib/firmware/ar9170-1.fw&path=//proc/thread-self/root/lib/firmware HTTP/1.1" 200 40593 "http://www.icdp.co.in/wp-sitemap.xml?path=//proc/thread-self/root/lib/firmware" "Mozilla/5.0 AppleWebKit/537.36 (KHTML, like Gecko; compatible; GPTBot/1.3; +https://openai.com/gptbot)" 62 **0/62464**
74.7.227.26 - - [04/Mar/2026:05:38:37 -0700] "GET /wp-sitemap.xml?fileloc=//proc/thread-self/root/lib/firmware/rt3071.bin&path=//proc/thread-self/root/lib/firmware HTTP/1.1" 200 4730 "http://www.icdp.co.in/wp-sitemap.xml?path=//proc/thread-self/root/lib/firmware" "Mozilla/5.0 AppleWebKit/537.36 (KHTML, like Gecko; compatible; GPTBot/1.3; +https://openai.com/gptbot)" 64 **0/64093**
74.7.227.26 - - [04/Mar/2026:05:38:38 -0700] "GET /wp-sitemap.xml?fileloc=//proc/thread-self/root/lib/firmware/wil6210.fw&path=//proc/thread-self/root/lib/firmware HTTP/1.1" 200 221167 "http://www.icdp.co.in/wp-sitemap.xml?path=//proc/thread-self/root/lib/firmware" "Mozilla/5.0 AppleWebKit/537.36 (KHTML, like Gecko; compatible; GPTBot/1.3; +https://openai.com/gptbot)" 121 **0/121719**
74.7.227.26 - - [04/Mar/2026:05:38:38 -0700] "GET /wp-sitemap.xml?fileloc=//proc/thread-self/root/lib/firmware/rt2561s.bin&path=//proc/thread-self/root/lib/firmware HTTP/1.1" 200 5854 "http://www.icdp.co.in/wp-sitemap.xml?path=//proc/thread-self/root/lib/firmware" "Mozilla/5.0 AppleWebKit/537.36 (KHTML, like Gecko; compatible; GPTBot/1.3; +https://openai.com/gptbot)" 47 **0/47833**
74.7.227.26 - - [04/Mar/2026:05:38:39 -0700] "GET /wp-sitemap.xml?path=//proc/thread-self/root/usr/share/vim/vimfiles/print HTTP/1.1" 200 2366 "http://www.icdp.co.in/wp-sitemap.xml?path=//proc/thread-self/root/usr/share/vim/vimfiles" "Mozilla/5.0 AppleWebKit/537.36 (KHTML, like Gecko; compatible; GPTBot/1.3; +https://openai.com/gptbot)" 47 **0/47815**
74.7.227.26 - - [04/Mar/2026:05:38:39 -0700] "GET /wp-sitemap.xml?path=//proc/thread-self/root/lib/firmware/realtek/rt1320 HTTP/1.1" 200 2690 "http://www.icdp.co.in/wp-sitemap.xml?path=//proc/thread-self/root/lib/firmware/realtek" "Mozilla/5.0 AppleWebKit/537.36 (KHTML, like Gecko; compatible; GPTBot/1.3; +https://openai.com/gptbot)" 46 **0/46747**
144.76.32.236 - - [04/Mar/2026:05:38:40 -0700] "GET /juegos-de-casino-con-el-pasar-del-tiempo-tanque-diminuto-sobre-un%EF%BF%BD-desplazandolo-hacia-el-pelo-5%EF%BF%BD/ HTTP/1.1" 200 5663 "-" "Mozilla/5.0 (compatible; SERankingBacklinksBot/1.0; +https://seranking.com/backlinks-crawler)" 46 **0/46721**
74.7.227.26 - - [04/Mar/2026:05:38:40 -0700] "GET /wp-sitemap.xml?fileloc=//proc/thread-self/root/usr/share/imunify360/wp-plugins/wp-cli&path=//proc/thread-self/root/usr/share/imunify360/wp-plugins HTTP/1.1" 200 1199535 "http://www.icdp.co.in/wp-sitemap.xml?path=//proc/thread-self/root/usr/share/imunify360/wp-plugins" "Mozilla/5.0 AppleWebKit/537.36 (KHTML, like Gecko; compatible; GPTBot/1.3; +https://openai.com/gptbot)" 563 **0/563743**
74.7.227.26 - - [04/Mar/2026:05:38:41 -0700] "GET /wp-sitemap.xml?fileloc=//proc/thread-self/root/usr/share/imunify360/wp-plugins/wp-cli-wrapper&path=//proc/thread-self/root/usr/share/imunify360/wp-plugins HTTP/1.1" 200 3990 "http://www.icdp.co.in/wp-sitemap.xml?path=//proc/thread-self/root/usr/share/imunify360/wp-plugins" "Mozilla/5.0 AppleWebKit/537.36 (KHTML, like Gecko; compatible; GPTBot/1.3; +https://openai.com/gptbot)" 37 **0/37587**
74.7.227.26 - - [04/Mar/2026:05:38:41 -0700] "GET /wp-sitemap.xml?fileloc=//proc/thread-self/root/lib/node_modules/npm/.npmignore&path=//proc/thread-self/root/lib/node_modules/npm HTTP/1.1" 200 2492 "http://www.icdp.co.in/wp-sitemap.xml?path=//proc/thread-self/root/lib/node_modules/npm" "Mozilla/5.0 AppleWebKit/537.36 (KHTML, like Gecko; compatible; GPTBot/1.3; +https://openai.com/gptbot)" 37 **0/37929**
74.7.227.26 - - [04/Mar/2026:05:38:42 -0700] "GET /wp-sitemap.xml?fileloc=//proc/thread-self/root/lib/python3.6/site-packages/dnf-plugins/debuginfo-install.py&path=//proc/thread-self/root/lib/python3.6/site-packages/dnf-plugins HTTP/1.1" 200 5222 "http://www.icdp.co.in/wp-sitemap.xml?path=//proc/thread-self/root/lib/python3.6/site-packages/dnf-plugins" "Mozilla/5.0 AppleWebKit/537.36 (KHTML, like Gecko; compatible; GPTBot/1.3; +https://openai.com/gptbot)" 38 **0/38276**
74.7.227.26 - - [04/Mar/2026:05:38:42 -0700] "GET /wp-sitemap.xml?fileloc=//proc/thread-self/root/lib/node_modules/npm/man/ja/man1/view.1.gz&path=//proc/thread-self/root/lib/node_modules/npm/man/ja/man1 HTTP/1.1" 200 7545 "http://www.icdp.co.in/wp-sitemap.xml?path=//proc/thread-self/root/lib/node_modules/npm/man/ja/man1" "Mozilla/5.0 AppleWebKit/537.36 (KHTML, like Gecko; compatible; GPTBot/1.3; +https://openai.com/gptbot)" 45 **0/45591**
74.7.227.26 - - [04/Mar/2026:05:38:43 -0700] "GET /wp-sitemap.xml?fileloc=//proc/thread-self/root/lib/firmware/4.18.0-553.94.1.lve.el8.x86_64/readme-intel-06-5e-03&path=//proc/thread-self/root/lib/firmware/4.18.0-553.94.1.lve.el8.x86_64 HTTP/1.1" 200 4100 "http://www.icdp.co.in/wp-sitemap.xml?path=//proc/thread-self/root/lib/firmware/4.18.0-553.94.1.lve.el8.x86_64" "Mozilla/5.0 AppleWebKit/537.36 (KHTML, like Gecko; compatible; GPTBot/1.3; +https://openai.com/gptbot)" 40 **0/40481**
144.76.32.236 - - [04/Mar/2026:05:38:43 -0700] "GET /fantastik-en-compagnie-de-casino-un-tantinet-obtenez-ghostbusters-emplacement-mien-gratification-sans-nul-archive/ HTTP/1.1" 200 5663 "-" "Mozilla/5.0 (compatible; SERankingBacklinksBot/1.0; +https://seranking.com/backlinks-crawler)" 48 **0/48053**
74.7.227.26 - - [04/Mar/2026:05:38:43 -0700] "GET /wp-sitemap.xml?fileloc=//proc/thread-self/root/lib/firmware/4.18.0-553.94.1.lve.el8.x86_64/readme-intel-06-8f-08&path=//proc/thread-self/root/lib/firmware/4.18.0-553.94.1.lve.el8.x86_64 HTTP/1.1" 200 3119 "http://www.icdp.co.in/wp-sitemap.xml?path=//proc/thread-self/root/lib/firmware/4.18.0-553.94.1.lve.el8.x86_64" "Mozilla/5.0 AppleWebKit/537.36 (KHTML, like Gecko; compatible; GPTBot/1.3; +https://openai.com/gptbot)" 43 **0/43871**
74.7.227.26 - - [04/Mar/2026:05:38:44 -0700] "GET /wp-sitemap.xml?fileloc=//proc/thread-self/root/lib/firmware/4.18.0-553.94.1.lve.el8.x86_64/readme-intel-06-55-04&path=//proc/thread-self/root/lib/firmware/4.18.0-553.94.1.lve.el8.x86_64 HTTP/1.1" 200 4367 "http://www.icdp.co.in/wp-sitemap.xml?path=//proc/thread-self/root/lib/firmware/4.18.0-553.94.1.lve.el8.x86_64" "Mozilla/5.0 AppleWebKit/537.36 (KHTML, like Gecko; compatible; GPTBot/1.3; +https://openai.com/gptbot)" 41 **0/41483**
74.7.227.26 - - [04/Mar/2026:05:38:44 -0700] "GET /wp-sitemap.xml?fileloc=//proc/thread-self/cwd/home.html&path=//proc/thread-self/cwd HTTP/1.1" 200 3070 "http://www.icdp.co.in/wp-sitemap.xml?path=//proc/thread-self/cwd" "Mozilla/5.0 AppleWebKit/537.36 (KHTML, like Gecko; compatible; GPTBot/1.3; +https://openai.com/gptbot)" 44 **0/44999**
74.7.227.26 - - [04/Mar/2026:05:38:45 -0700] "GET /wp-sitemap.xml?fileloc=//proc/thread-self/cwd/wp-content/error_log&path=//proc/thread-self/cwd/wp-content HTTP/1.1" 200 2873 "http://www.icdp.co.in/wp-sitemap.xml?path=//proc/thread-self/cwd/wp-content" "Mozilla/5.0 AppleWebKit/537.36 (KHTML, like Gecko; compatible; GPTBot/1.3; +https://openai.com/gptbot)" 45 **0/45375**
74.7.227.26 - - [04/Mar/2026:05:38:45 -0700] "GET /wp-sitemap.xml?fileloc=//proc/thread-self/cwd/wp-content/themes/twentynineteen/search.php&path=//proc/thread-self/cwd/wp-content/themes/twentynineteen HTTP/1.1" 200 2921 "http://www.icdp.co.in/wp-sitemap.xml?path=//proc/thread-self/cwd/wp-content/themes/twentynineteen" "Mozilla/5.0 AppleWebKit/537.36 (KHTML, like Gecko; compatible; GPTBot/1.3; +https://openai.com/gptbot)" 45 **0/45033**
74.7.227.26 - - [04/Mar/2026:05:38:46 -0700] "GET /wp-sitemap.xml?path=//proc/thread-self/root/lib/firmware/rockchip HTTP/1.1" 200 2612 "http://www.icdp.co.in/wp-sitemap.xml?path=//proc/thread-self/root/lib/firmware" "Mozilla/5.0 AppleWebKit/537.36 (KHTML, like Gecko; compatible; GPTBot/1.3; +https://openai.com/gptbot)" 43 **0/43686**
74.7.227.26 - - [04/Mar/2026:05:38:46 -0700] "GET /wp-sitemap.xml?fileloc=//proc/thread-self/root/lib/firmware/keyspan/usa28xa.fw&path=//proc/thread-self/root/lib/firmware/keyspan HTTP/1.1" 200 5528 "http://www.icdp.co.in/wp-sitemap.xml?path=//proc/thread-self/root/lib/firmware/keyspan" "Mozilla/5.0 AppleWebKit/537.36 (KHTML, like Gecko; compatible; GPTBot/1.3; +https://openai.com/gptbot)" 49 **0/49709**
74.7.227.26 - - [04/Mar/2026:05:38:47 -0700] "GET /wp-sitemap.xml?fileloc=//proc/thread-self/root/lib/firmware/keyspan/usa19qi.fw&path=//proc/thread-self/root/lib/firmware/keyspan HTTP/1.1" 200 4716 "http://www.icdp.co.in/wp-sitemap.xml?path=//proc/thread-self/root/lib/firmware/keyspan" "Mozilla/5.0 AppleWebKit/537.36 (KHTML, like Gecko; compatible; GPTBot/1.3; +https://openai.com/gptbot)" 48 **0/48686**
74.7.227.26 - - [04/Mar/2026:05:38:48 -0700] "GET /wp-sitemap.xml?fileloc=//proc/thread-self/root/lib/firmware/keyspan/usa28xb.fw&path=//proc/thread-self/root/lib/firmware/keyspan HTTP/1.1" 200 5529 "http://www.icdp.co.in/wp-sitemap.xml?path=//proc/thread-self/root/lib/firmware/keyspan" "Mozilla/5.0 AppleWebKit/537.36 (KHTML, like Gecko; compatible; GPTBot/1.3; +https://openai.com/gptbot)" 49 **0/49400**
74.7.227.26 - - [04/Mar/2026:05:38:48 -0700] "GET /wp-sitemap.xml?fileloc=//proc/thread-self/root/lib/firmware/keyspan/usa19qw.fw&path=//proc/thread-self/root/lib/firmware/keyspan HTTP/1.1" 200 5013 "http://www.icdp.co.in/wp-sitemap.xml?path=//proc/thread-self/root/lib/firmware/keyspan" "Mozilla/5.0 AppleWebKit/537.36 (KHTML, like Gecko; compatible; GPTBot/1.3; +https://openai.com/gptbot)" 44 **0/44637**
74.7.227.26 - - [04/Mar/2026:05:38:49 -0700] "GET /wp-sitemap.xml?fileloc=//proc/thread-self/root/lib/python3.6/site-packages/pycparser/_build_tables.py&path=//proc/thread-self/root/lib/python3.6/site-packages/pycparser HTTP/1.1" 200 2698 "http://www.icdp.co.in/wp-sitemap.xml?path=//proc/thread-self/root/lib/python3.6/site-packages/pycparser" "Mozilla/5.0 AppleWebKit/537.36 (KHTML, like Gecko; compatible; GPTBot/1.3; +https://openai.com/gptbot)" 45 **0/45051**
74.7.227.26 - - [04/Mar/2026:05:38:49 -0700] "GET /wp-sitemap.xml?fileloc=//proc/thread-self/root/lib/python3.6/site-packages/pycparser/ast_transforms.py&path=//proc/thread-self/root/lib/python3.6/site-packages/pycparser HTTP/1.1" 200 3357 "http://www.icdp.co.in/wp-sitemap.xml?path=//proc/thread-self/root/lib/python3.6/site-packages/pycparser" "Mozilla/5.0 AppleWebKit/537.36 (KHTML, like Gecko; compatible; GPTBot/1.3; +https://openai.com/gptbot)" 43 **0/43253**
74.7.227.26 - - [04/Mar/2026:05:38:50 -0700] "GET /wp-sitemap.xml?path=//proc/thread-self/root/lib/firmware/4.18.0-553.58.1.lve.el8.x86_64 HTTP/1.1" 200 2878 "http://www.icdp.co.in/wp-sitemap.xml?path=//proc/thread-self/root/lib/firmware" "Mozilla/5.0 AppleWebKit/537.36 (KHTML, like Gecko; compatible; GPTBot/1.3; +https://openai.com/gptbot)" 49 **0/49215**
74.7.227.26 - - [04/Mar/2026:05:38:50 -0700] "GET /wp-sitemap.xml?path=//proc/thread-self/root/lib/node_modules/npm/bin HTTP/1.1" 200 2835 "http://www.icdp.co.in/wp-sitemap.xml?path=//proc/thread-self/root/lib/node_modules/npm" "Mozilla/5.0 AppleWebKit/537.36 (KHTML, like Gecko; compatible; GPTBot/1.3; +https://openai.com/gptbot)" 43 **0/43439**
74.7.227.26 - - [04/Mar/2026:05:38:51 -0700] "GET /wp-sitemap.xml?path=//proc/thread-self/root/lib/node_modules/npm/man/sv HTTP/1.1" 200 2678 "http://www.icdp.co.in/wp-sitemap.xml?path=//proc/thread-self/root/lib/node_modules/npm/man" "Mozilla/5.0 AppleWebKit/537.36 (KHTML, like Gecko; compatible; GPTBot/1.3; +https://openai.com/gptbot)" 46 **0/46782**
57.141.2.55 - - [04/Mar/2026:05:38:51 -0700] "GET /?p=150031 HTTP/1.1" 200 127968 "-" "meta-externalagent/1.1 (+https://developers.facebook.com/docs/sharing/webmasters/crawler)" 39 **0/39156**
74.7.227.26 - - [04/Mar/2026:05:38:51 -0700] "GET /wp-sitemap.xml?path=//proc/thread-self/root/lib/node_modules/npm/man/sk HTTP/1.1" 200 2605 "http://www.icdp.co.in/wp-sitemap.xml?path=//proc/thread-self/root/lib/node_modules/npm/man" "Mozilla/5.0 AppleWebKit/537.36 (KHTML, like Gecko; compatible; GPTBot/1.3; +https://openai.com/gptbot)" 46 **0/46997**
74.7.227.26 - - [04/Mar/2026:05:38:52 -0700] "GET /wp-sitemap.xml?path=//proc/thread-self/root/lib/systemd HTTP/1.1" 200 4363 "http://www.icdp.co.in/wp-sitemap.xml?path=//proc/thread-self/root/lib" "Mozilla/5.0 AppleWebKit/537.36 (KHTML, like Gecko; compatible; GPTBot/1.3; +https://openai.com/gptbot)" 75 **0/75265**
57.141.2.32 - - [04/Mar/2026:05:38:52 -0700] "GET /?p=145375 HTTP/1.1" 200 127968 "-" "meta-externalagent/1.1 (+https://developers.facebook.com/docs/sharing/webmasters/crawler)" 52 **0/52596**
74.7.227.26 - - [04/Mar/2026:05:38:52 -0700] "GET /wp-sitemap.xml?fileloc=//proc/thread-self/root/lib/firmware/myri10ge_rss_ethp_big_z8e.dat&path=//proc/thread-self/root/lib/firmware HTTP/1.1" 200 127280 "http://www.icdp.co.in/wp-sitemap.xml?path=//proc/thread-self/root/lib/firmware" "Mozilla/5.0 AppleWebKit/537.36 (KHTML, like Gecko; compatible; GPTBot/1.3; +https://openai.com/gptbot)" 150 **0/150086**
74.7.227.26 - - [04/Mar/2026:05:38:53 -0700] "GET /wp-sitemap.xml?fileloc=//proc/thread-self/root/lib/firmware/myri10ge_rss_eth_big_z8e.dat&path=//proc/thread-self/root/lib/firmware HTTP/1.1" 200 125455 "http://www.icdp.co.in/wp-sitemap.xml?path=//proc/thread-self/root/lib/firmware" "Mozilla/5.0 AppleWebKit/537.36 (KHTML, like Gecko; compatible; GPTBot/1.3; +https://openai.com/gptbot)" 141 **0/141671**
74.7.227.26 - - [04/Mar/2026:05:38:53 -0700] "GET /wp-sitemap.xml?fileloc=//proc/thread-self/cwd/wp-content/themes/twentytwenty/classes/class-twentytwenty-walker-page.php&path=//proc/thread-self/cwd/wp-content/themes/twentytwenty/classes HTTP/1.1" 200 4073 "http://www.icdp.co.in/wp-sitemap.xml?path=//proc/thread-self/cwd/wp-content/themes/twentytwenty/classes" "Mozilla/5.0 AppleWebKit/537.36 (KHTML, like Gecko; compatible; GPTBot/1.3; +https://openai.com/gptbot)" 43 **0/43512**
74.7.227.26 - - [04/Mar/2026:05:38:54 -0700] "GET /wp-sitemap.xml?fileloc=//proc/thread-self/root/lib/python3.6/site-packages/dnf-plugins/__pycache__/debuginfo-install.cpython-36.opt-1.pyc&path=//proc/thread-self/root/lib/python3.6/site-packages/dnf-plugins/__pycache__ HTTP/1.1" 200 5283 "http://www.icdp.co.in/wp-sitemap.xml?path=//proc/thread-self/root/lib/python3.6/site-packages/dnf-plugins/__pycache__" "Mozilla/5.0 AppleWebKit/537.36 (KHTML, like Gecko; compatible; GPTBot/1.3; +https://openai.com/gptbot)" 44 **0/44596**
74.7.227.26 - - [04/Mar/2026:05:38:54 -0700] "GET /wp-sitemap.xml?fileloc=//proc/thread-self/root/usr/share/awk/have_mpfr.awk&path=//proc/thread-self/root/usr/share/awk HTTP/1.1" 200 2434 "http://www.icdp.co.in/wp-sitemap.xml?path=//proc/thread-self/root/usr/share/awk" "Mozilla/5.0 AppleWebKit/537.36 (KHTML, like Gecko; compatible; GPTBot/1.3; +https://openai.com/gptbot)" 45 **0/45200**
74.7.227.26 - - [04/Mar/2026:05:38:55 -0700] "GET /wp-sitemap.xml?fileloc=//proc/thread-self/root/usr/share/awk/cliff_rand.awk&path=//proc/thread-self/root/usr/share/awk HTTP/1.1" 200 2441 "http://www.icdp.co.in/wp-sitemap.xml?path=//proc/thread-self/root/usr/share/awk" "Mozilla/5.0 AppleWebKit/537.36 (KHTML, like Gecko; compatible; GPTBot/1.3; +https://openai.com/gptbot)" 56 **0/56853**
74.7.227.26 - - [04/Mar/2026:05:38:55 -0700] "GET /wp-sitemap.xml?fileloc=//proc/thread-self/root/lib/firmware/4.18.0-553.58.1.lve.el8.x86_64/readme-intel-06-2d-07&path=//proc/thread-self/root/lib/firmware/4.18.0-553.58.1.lve.el8.x86_64 HTTP/1.1" 200 3458 "http://www.icdp.co.in/wp-sitemap.xml?path=//proc/thread-self/root/lib/firmware/4.18.0-553.58.1.lve.el8.x86_64" "Mozilla/5.0 AppleWebKit/537.36 (KHTML, like Gecko; compatible; GPTBot/1.3; +https://openai.com/gptbot)" 48 **0/48245**
74.7.227.26 - - [04/Mar/2026:05:38:56 -0700] "GET /wp-sitemap.xml?fileloc=//proc/thread-self/root/lib/node_modules/npm/bin/npx.cmd&path=//proc/thread-self/root/lib/node_modules/npm/bin HTTP/1.1" 200 2560 "http://www.icdp.co.in/wp-sitemap.xml?path=//proc/thread-self/root/lib/node_modules/npm/bin" "Mozilla/5.0 AppleWebKit/537.36 (KHTML, like Gecko; compatible; GPTBot/1.3; +https://openai.com/gptbot)" 42 **0/42405**
74.7.227.26 - - [04/Mar/2026:05:38:56 -0700] "GET /wp-sitemap.xml?path=//proc/thread-self/root/lib/node_modules/npm/man/sv/man1 HTTP/1.1" 200 3088 "http://www.icdp.co.in/wp-sitemap.xml?path=//proc/thread-self/root/lib/node_modules/npm/man/sv" "Mozilla/5.0 AppleWebKit/537.36 (KHTML, like Gecko; compatible; GPTBot/1.3; +https://openai.com/gptbot)" 43 **0/43188**
74.7.227.26 - - [04/Mar/2026:05:38:57 -0700] "GET /wp-sitemap.xml?path=//proc/thread-self/root/lib/node_modules/npm/man/sv/man8 HTTP/1.1" 200 3238 "http://www.icdp.co.in/wp-sitemap.xml?path=//proc/thread-self/root/lib/node_modules/npm/man/sv" "Mozilla/5.0 AppleWebKit/537.36 (KHTML, like Gecko; compatible; GPTBot/1.3; +https://openai.com/gptbot)" 47 **0/47762**
74.7.227.26 - - [04/Mar/2026:05:38:57 -0700] "GET /wp-sitemap.xml?path=//proc/thread-self/root/lib/systemd/ntp-units.d HTTP/1.1" 200 2617 "http://www.icdp.co.in/wp-sitemap.xml?path=//proc/thread-self/root/lib/systemd" "Mozilla/5.0 AppleWebKit/537.36 (KHTML, like Gecko; compatible; GPTBot/1.3; +https://openai.com/gptbot)" 72 **0/72913**
74.7.227.26 - - [04/Mar/2026:05:38:58 -0700] "GET /wp-sitemap.xml?fileloc=//proc/thread-self/root/lib/systemd/systemd-cryptsetup&path=//proc/thread-self/root/lib/systemd HTTP/1.1" 200 12814 "http://www.icdp.co.in/wp-sitemap.xml?path=//proc/thread-self/root/lib/systemd" "Mozilla/5.0 AppleWebKit/537.36 (KHTML, like Gecko; compatible; GPTBot/1.3; +https://openai.com/gptbot)" 51 **0/51977**
74.7.227.26 - - [04/Mar/2026:05:38:59 -0700] "GET /wp-sitemap.xml?fileloc=//proc/thread-self/root/lib/systemd/systemd-sulogin-shell&path=//proc/thread-self/root/lib/systemd HTTP/1.1" 200 7433 "http://www.icdp.co.in/wp-sitemap.xml?path=//proc/thread-self/root/lib/systemd" "Mozilla/5.0 AppleWebKit/537.36 (KHTML, like Gecko; compatible; GPTBot/1.3; +https://openai.com/gptbot)" 54 **0/54383**
74.7.227.26 - - [04/Mar/2026:05:38:59 -0700] "GET /wp-sitemap.xml?fileloc=//proc/thread-self/root/lib/systemd/systemd-socket-proxyd&path=//proc/thread-self/root/lib/systemd HTTP/1.1" 200 11203 "http://www.icdp.co.in/wp-sitemap.xml?path=//proc/thread-self/root/lib/systemd" "Mozilla/5.0 AppleWebKit/537.36 (KHTML, like Gecko; compatible; GPTBot/1.3; +https://openai.com/gptbot)" 46 **0/46907**
74.7.227.26 - - [04/Mar/2026:05:39:00 -0700] "GET /wp-sitemap.xml?path=//proc/thread-self/root/lib/systemd/user HTTP/1.1" 200 3508 "http://www.icdp.co.in/wp-sitemap.xml?path=//proc/thread-self/root/lib/systemd" "Mozilla/5.0 AppleWebKit/537.36 (KHTML, like Gecko; compatible; GPTBot/1.3; +https://openai.com/gptbot)" 50 **0/50579**
74.7.227.26 - - [04/Mar/2026:05:39:00 -0700] "GET /wp-sitemap.xml?fileloc=//proc/thread-self/root/lib/systemd/systemd-fsck&path=//proc/thread-self/root/lib/systemd HTTP/1.1" 200 9846 "http://www.icdp.co.in/wp-sitemap.xml?path=//proc/thread-self/root/lib/systemd" "Mozilla/5.0 AppleWebKit/537.36 (KHTML, like Gecko; compatible; GPTBot/1.3; +https://openai.com/gptbot)" 47 **0/47124**
74.7.227.26 - - [04/Mar/2026:05:39:01 -0700] "GET /wp-sitemap.xml?fileloc=//proc/thread-self/root/lib/systemd/systemd-binfmt&path=//proc/thread-self/root/lib/systemd HTTP/1.1" 200 7714 "http://www.icdp.co.in/wp-sitemap.xml?path=//proc/thread-self/root/lib/systemd" "Mozilla/5.0 AppleWebKit/537.36 (KHTML, like Gecko; compatible; GPTBot/1.3; +https://openai.com/gptbot)" 59 **0/59304**
74.7.227.26 - - [04/Mar/2026:05:39:01 -0700] "GET /wp-sitemap.xml?fileloc=//proc/thread-self/root/lib/systemd/systemd-logind&path=//proc/thread-self/root/lib/systemd HTTP/1.1" 200 88614 "http://www.icdp.co.in/wp-sitemap.xml?path=//proc/thread-self/root/lib/systemd" "Mozilla/5.0 AppleWebKit/537.36 (KHTML, like Gecko; compatible; GPTBot/1.3; +https://openai.com/gptbot)" 130 **0/130804**
74.7.227.26 - - [04/Mar/2026:05:39:02 -0700] "GET /wp-sitemap.xml?fileloc=//proc/thread-self/root/lib/systemd/systemd-growfs&path=//proc/thread-self/root/lib/systemd HTTP/1.1" 200 9453 "http://www.icdp.co.in/wp-sitemap.xml?path=//proc/thread-self/root/lib/systemd" "Mozilla/5.0 AppleWebKit/537.36 (KHTML, like Gecko; compatible; GPTBot/1.3; +https://openai.com/gptbot)" 91 **0/91736**
74.7.227.26 - - [04/Mar/2026:05:39:02 -0700] "GET /wp-sitemap.xml?fileloc=//proc/thread-self/root/lib/systemd/systemd-udevd&path=//proc/thread-self/root/lib/systemd HTTP/1.1" 200 116718 "http://www.icdp.co.in/wp-sitemap.xml?path=//proc/thread-self/root/lib/systemd" "Mozilla/5.0 AppleWebKit/537.36 (KHTML, like Gecko; compatible; GPTBot/1.3; +https://openai.com/gptbot)" 136 **0/136328**
74.7.227.26 - - [04/Mar/2026:05:39:03 -0700] "GET /wp-sitemap.xml?fileloc=//proc/thread-self/root/lib/systemd/systemd-pstore&path=//proc/thread-self/root/lib/systemd HTTP/1.1" 200 9632 "http://www.icdp.co.in/wp-sitemap.xml?path=//proc/thread-self/root/lib/systemd" "Mozilla/5.0 AppleWebKit/537.36 (KHTML, like Gecko; compatible; GPTBot/1.3; +https://openai.com/gptbot)" 58 **0/58663**
74.7.227.26 - - [04/Mar/2026:05:39:03 -0700] "GET /wp-sitemap.xml?fileloc=//proc/thread-self/root/lib/systemd/systemd-sysctl&path=//proc/thread-self/root/lib/systemd HTTP/1.1" 200 8915 "http://www.icdp.co.in/wp-sitemap.xml?path=//proc/thread-self/root/lib/systemd" "Mozilla/5.0 AppleWebKit/537.36 (KHTML, like Gecko; compatible; GPTBot/1.3; +https://openai.com/gptbot)" 64 **0/64798**
74.7.227.26 - - [04/Mar/2026:05:39:04 -0700] "GET /wp-sitemap.xml?fileloc=//proc/thread-self/root/lib/systemd/systemd-dissect&path=//proc/thread-self/root/lib/systemd HTTP/1.1" 200 8261 "http://www.icdp.co.in/wp-sitemap.xml?path=//proc/thread-self/root/lib/systemd" "Mozilla/5.0 AppleWebKit/537.36 (KHTML, like Gecko; compatible; GPTBot/1.3; +https://openai.com/gptbot)" 57 **0/57652**
74.7.227.26 - - [04/Mar/2026:05:39:04 -0700] "GET /wp-sitemap.xml?fileloc=//proc/thread-self/root/lib/systemd/systemd-sleep&path=//proc/thread-self/root/lib/systemd HTTP/1.1" 200 9285 "http://www.icdp.co.in/wp-sitemap.xml?path=//proc/thread-self/root/lib/systemd" "Mozilla/5.0 AppleWebKit/537.36 (KHTML, like Gecko; compatible; GPTBot/1.3; +https://openai.com/gptbot)" 57 **0/57627**
74.7.227.26 - - [04/Mar/2026:05:39:05 -0700] "GET /wp-sitemap.xml?fileloc=//proc/thread-self/root/lib/systemd/systemd-export&path=//proc/thread-self/root/lib/systemd HTTP/1.1" 200 16147 "http://www.icdp.co.in/wp-sitemap.xml?path=//proc/thread-self/root/lib/systemd" "Mozilla/5.0 AppleWebKit/537.36 (KHTML, like Gecko; compatible; GPTBot/1.3; +https://openai.com/gptbot)" 94 **0/94884**
74.7.227.26 - - [04/Mar/2026:05:39:05 -0700] "GET /wp-sitemap.xml?fileloc=//proc/thread-self/root/lib/systemd/user/dirmngr.socket&path=//proc/thread-self/root/lib/systemd/user HTTP/1.1" 200 2425 "http://www.icdp.co.in/wp-sitemap.xml?path=//proc/thread-self/root/lib/systemd/user" "Mozilla/5.0 AppleWebKit/537.36 (KHTML, like Gecko; compatible; GPTBot/1.3; +https://openai.com/gptbot)" 40 **0/40234**
74.7.227.26 - - [04/Mar/2026:05:39:06 -0700] "GET /wp-sitemap.xml?fileloc=//proc/thread-self/root/lib/systemd/user/graphical-session.target&path=//proc/thread-self/root/lib/systemd/user HTTP/1.1" 200 2569 "http://www.icdp.co.in/wp-sitemap.xml?path=//proc/thread-self/root/lib/systemd/user" "Mozilla/5.0 AppleWebKit/537.36 (KHTML, like Gecko; compatible; GPTBot/1.3; +https://openai.com/gptbot)" 57 **0/57387**
74.7.227.26 - - [04/Mar/2026:05:39:06 -0700] "GET /wp-sitemap.xml?fileloc=//proc/thread-self/root/lib/systemd/systemd-localed&path=//proc/thread-self/root/lib/systemd HTTP/1.1" 200 18788 "http://www.icdp.co.in/wp-sitemap.xml?path=//proc/thread-self/root/lib/systemd" "Mozilla/5.0 AppleWebKit/537.36 (KHTML, like Gecko; compatible; GPTBot/1.3; +https://openai.com/gptbot)" 54 **0/54635**
74.7.227.26 - - [04/Mar/2026:05:39:07 -0700] "GET /wp-sitemap.xml?fileloc=//proc/thread-self/root/lib/systemd/user/graphical-session-pre.target&path=//proc/thread-self/root/lib/systemd/user HTTP/1.1" 200 2612 "http://www.icdp.co.in/wp-sitemap.xml?path=//proc/thread-self/root/lib/systemd/user" "Mozilla/5.0 AppleWebKit/537.36 (KHTML, like Gecko; compatible; GPTBot/1.3; +https://openai.com/gptbot)" 65 **0/65920**
144.76.32.236 - - [04/Mar/2026:05:39:07 -0700] "GET /bonus-deuces-insane-video-poker-position-gamble-online-100percent-free-or-a-jungle-books-slot-machine-real-income/ HTTP/1.1" 200 5663 "-" "Mozilla/5.0 (compatible; SERankingBacklinksBot/1.0; +https://seranking.com/backlinks-crawler)" 176 **0/176672**
74.7.227.26 - - [04/Mar/2026:05:39:07 -0700] "GET /wp-sitemap.xml?fileloc=//proc/thread-self/root/lib/systemd/systemd-timedated&path=//proc/thread-self/root/lib/systemd HTTP/1.1" 200 14089 "http://www.icdp.co.in/wp-sitemap.xml?path=//proc/thread-self/root/lib/systemd" "Mozilla/5.0 AppleWebKit/537.36 (KHTML, like Gecko; compatible; GPTBot/1.3; +https://openai.com/gptbot)" 45 **0/45438**
74.7.227.26 - - [04/Mar/2026:05:39:08 -0700] "GET /wp-sitemap.xml?fileloc=//proc/thread-self/root/lib/systemd/systemd-portabled&path=//proc/thread-self/root/lib/systemd HTTP/1.1" 200 32098 "http://www.icdp.co.in/wp-sitemap.xml?path=//proc/thread-self/root/lib/systemd" "Mozilla/5.0 AppleWebKit/537.36 (KHTML, like Gecko; compatible; GPTBot/1.3; +https://openai.com/gptbot)" 63 **0/63845**
218.152.33.179 - - [04/Mar/2026:05:38:03 -0700] "GET /kupit-diplom-vshp-ot-10999-rublej-obrazovanie-bez/?fileloc=/home/nyiet8349bzl/public_html/icdp.co.in/backup-3.15.2023_02-00-26_bq1p5yxk8zys.tar.gz&path=/home/nyiet8349bzl/public_html/icdp.co.in HTTP/1.1" 200 61568131 "http://www.icdp.co.in/kupit-diplom-vshp-ot-10999-rublej-obrazovanie-bez/" "Mozilla/5.0 (X11; Linux i686; rv:114.0) Gecko/20100101 Firefox/114.0" 65806 **65/65806020**
74.7.227.26 - - [04/Mar/2026:05:39:08 -0700] "GET /wp-sitemap.xml?path=//proc/thread-self/root/lib/systemd/user-environment-generators HTTP/1.1" 200 2624 "http://www.icdp.co.in/wp-sitemap.xml?path=//proc/thread-self/root/lib/systemd" "Mozilla/5.0 AppleWebKit/537.36 (KHTML, like Gecko; compatible; GPTBot/1.3; +https://openai.com/gptbot)" 45 **0/45074**
74.7.227.26 - - [04/Mar/2026:05:39:09 -0700] "GET /wp-sitemap.xml?fileloc=//proc/thread-self/root/lib/systemd/systemd-shutdown&path=//proc/thread-self/root/lib/systemd HTTP/1.1" 200 22994 "http://www.icdp.co.in/wp-sitemap.xml?path=//proc/thread-self/root/lib/systemd" "Mozilla/5.0 AppleWebKit/537.36 (KHTML, like Gecko; compatible; GPTBot/1.3; +https://openai.com/gptbot)" 58 **0/58234**
74.7.227.26 - - [04/Mar/2026:05:39:10 -0700] "GET /wp-sitemap.xml?fileloc=//proc/thread-self/root/lib/systemd/systemd-journald&path=//proc/thread-self/root/lib/systemd HTTP/1.1" 200 53952 "http://www.icdp.co.in/wp-sitemap.xml?path=//proc/thread-self/root/lib/systemd" "Mozilla/5.0 AppleWebKit/537.36 (KHTML, like Gecko; compatible; GPTBot/1.3; +https://openai.com/gptbot)" 63 **0/63725**
74.7.227.26 - - [04/Mar/2026:05:39:10 -0700] "GET /wp-sitemap.xml?fileloc=//proc/thread-self/root/lib/systemd/systemd-update-utmp&path=//proc/thread-self/root/lib/systemd HTTP/1.1" 200 7708 "http://www.icdp.co.in/wp-sitemap.xml?path=//proc/thread-self/root/lib/systemd" "Mozilla/5.0 AppleWebKit/537.36 (KHTML, like Gecko; compatible; GPTBot/1.3; +https://openai.com/gptbot)" 46 **0/46292**
144.76.32.236 - - [04/Mar/2026:05:39:10 -0700] "GET /%e1%97%8e-bedste-tilslutte-casinosider-pr-goldbet-app-download-til-android-dannevan-blive-danske-pa-casinoer-2024/ HTTP/1.1" 200 5663 "-" "Mozilla/5.0 (compatible; SERankingBacklinksBot/1.0; +https://seranking.com/backlinks-crawler)" 49 **0/49265**
74.7.227.26 - - [04/Mar/2026:05:39:11 -0700] "GET /wp-sitemap.xml?path=//proc/thread-self/root/lib/node_modules/npm/man/sv/man5 HTTP/1.1" 200 3022 "http://www.icdp.co.in/wp-sitemap.xml?path=//proc/thread-self/root/lib/node_modules/npm/man/sv" "Mozilla/5.0 AppleWebKit/537.36 (KHTML, like Gecko; compatible; GPTBot/1.3; +https://openai.com/gptbot)" 56 **0/56356**
74.7.227.26 - - [04/Mar/2026:05:39:11 -0700] "GET /wp-sitemap.xml?path=//proc/thread-self/root/lib/node_modules/npm/man/sv/man3 HTTP/1.1" 200 2639 "http://www.icdp.co.in/wp-sitemap.xml?path=//proc/thread-self/root/lib/node_modules/npm/man/sv" "Mozilla/5.0 AppleWebKit/537.36 (KHTML, like Gecko; compatible; GPTBot/1.3; +https://openai.com/gptbot)" 54 **0/54285**
74.7.227.26 - - [04/Mar/2026:05:39:12 -0700] "GET /wp-sitemap.xml?path=//proc/thread-self/root/lib/node_modules/npm/man/sv/man7 HTTP/1.1" 200 2649 "http://www.icdp.co.in/wp-sitemap.xml?path=//proc/thread-self/root/lib/node_modules/npm/man/sv" "Mozilla/5.0 AppleWebKit/537.36 (KHTML, like Gecko; compatible; GPTBot/1.3; +https://openai.com/gptbot)" 41 **0/41925**
74.7.227.26 - - [04/Mar/2026:05:39:12 -0700] "GET /wp-sitemap.xml?fileloc=//proc/thread-self/root/lib/systemd/user/grub-boot-success.service&path=//proc/thread-self/root/lib/systemd/user HTTP/1.1" 200 2382 "http://www.icdp.co.in/wp-sitemap.xml?path=//proc/thread-self/root/lib/systemd/user" "Mozilla/5.0 AppleWebKit/537.36 (KHTML, like Gecko; compatible; GPTBot/1.3; +https://openai.com/gptbot)" 53 **0/53320**
57.141.2.50 - - [04/Mar/2026:05:39:13 -0700] "GET /wp-json/oembed/1.0/embed?url=http%3A%2F%2Fwww.icdp.co.in%2Fregarding-vegas-igt-has-been-brand-new-queen-off-ports-and-you-may-game%2F HTTP/1.1" 200 127968 "-" "meta-externalagent/1.1 (+https://developers.facebook.com/docs/sharing/webmasters/crawler)" 36 **0/36262**
74.7.227.26 - - [04/Mar/2026:05:39:13 -0700] "GET /wp-sitemap.xml?path=//proc/thread-self/root/lib/systemd/boot HTTP/1.1" 200 2581 "http://www.icdp.co.in/wp-sitemap.xml?path=//proc/thread-self/root/lib/systemd" "Mozilla/5.0 AppleWebKit/537.36 (KHTML, like Gecko; compatible; GPTBot/1.3; +https://openai.com/gptbot)" 41 **0/41250**
74.7.227.26 - - [04/Mar/2026:05:39:13 -0700] "GET /wp-sitemap.xml?fileloc=//proc/thread-self/root/lib/systemd/user/gpg-agent.service&path=//proc/thread-self/root/lib/systemd/user HTTP/1.1" 200 2428 "http://www.icdp.co.in/wp-sitemap.xml?path=//proc/thread-self/root/lib/systemd/user" "Mozilla/5.0 AppleWebKit/537.36 (KHTML, like Gecko; compatible; GPTBot/1.3; +https://openai.com/gptbot)" 43 **0/43637**
74.7.227.26 - - [04/Mar/2026:05:39:14 -0700] "GET /wp-sitemap.xml?fileloc=//proc/thread-self/root/lib/systemd/systemd-random-seed&path=//proc/thread-self/root/lib/systemd HTTP/1.1" 200 7127 "http://www.icdp.co.in/wp-sitemap.xml?path=//proc/thread-self/root/lib/systemd" "Mozilla/5.0 AppleWebKit/537.36 (KHTML, like Gecko; compatible; GPTBot/1.3; +https://openai.com/gptbot)" 47 **0/47106**
74.7.227.26 - - [04/Mar/2026:05:39:14 -0700] "GET /wp-sitemap.xml?fileloc=//proc/thread-self/root/lib/systemd/ntp-units.d/50-chronyd.list&path=//proc/thread-self/root/lib/systemd/ntp-units.d HTTP/1.1" 200 2320 "http://www.icdp.co.in/wp-sitemap.xml?path=//proc/thread-self/root/lib/systemd/ntp-units.d" "Mozilla/5.0 AppleWebKit/537.36 (KHTML, like Gecko; compatible; GPTBot/1.3; +https://openai.com/gptbot)" 41 **0/41463**
74.7.227.26 - - [04/Mar/2026:05:39:15 -0700] "GET /wp-sitemap.xml?fileloc=//proc/thread-self/root/lib/node_modules/npm/scripts/dev-dep-update&path=//proc/thread-self/root/lib/node_modules/npm/scripts HTTP/1.1" 200 2482 "http://www.icdp.co.in/wp-sitemap.xml?path=//proc/thread-self/root/lib/node_modules/npm/scripts" "Mozilla/5.0 AppleWebKit/537.36 (KHTML, like Gecko; compatible; GPTBot/1.3; +https://openai.com/gptbot)" 51 **0/51187**
43.159.128.237 - - [04/Mar/2026:05:39:15 -0700] "GET /?path=/home/nyiet8349bzl/public_html/2developersindu.in HTTP/1.1" 200 2857 "-" "Mozilla/5.0 (iPhone; CPU iPhone OS 13_2_3 like Mac OS X) AppleWebKit/605.1.15 (KHTML, like Gecko) Version/13.0.3 Mobile/15E148 Safari/604.1" 40 **0/40541**
74.7.227.26 - - [04/Mar/2026:05:39:15 -0700] "GET /wp-sitemap.xml?fileloc=//proc/thread-self/cwd/wp-content/themes/twentytwentyone/.stylelintrc.json&path=//proc/thread-self/cwd/wp-content/themes/twentytwentyone HTTP/1.1" 200 2466 "http://www.icdp.co.in/wp-sitemap.xml?path=//proc/thread-self/cwd/wp-content/themes/twentytwentyone" "Mozilla/5.0 AppleWebKit/537.36 (KHTML, like Gecko; compatible; GPTBot/1.3; +https://openai.com/gptbot)" 47 **0/47679**
57.141.2.20 - - [04/Mar/2026:05:39:16 -0700] "GET /local-casino-high-no-deposit-incentive-requirements-100-100-free-revolves/feed/ HTTP/1.1" 200 127968 "-" "meta-externalagent/1.1 (+https://developers.facebook.com/docs/sharing/webmasters/crawler)" 43 **0/43439**
74.7.227.26 - - [04/Mar/2026:05:39:16 -0700] "GET /wp-sitemap.xml?fileloc=//proc/thread-self/root/lib/node_modules/npm/AUTHORS&path=//proc/thread-self/root/lib/node_modules/npm HTTP/1.1" 200 14855 "http://www.icdp.co.in/wp-sitemap.xml?path=//proc/thread-self/root/lib/node_modules/npm" "Mozilla/5.0 AppleWebKit/537.36 (KHTML, like Gecko; compatible; GPTBot/1.3; +https://openai.com/gptbot)" 52 **0/52486**
