85.208.96.199 - - [04/Mar/2026:05:46:08 -0700] "GET /author/admin/page/3112/ HTTP/1.1" 200 5663 "-" "Mozilla/5.0 (compatible; SemrushBot/7~bl; +http://www.semrush.com/bot.html)" 59 **0/59546**
74.7.227.26 - - [04/Mar/2026:05:46:08 -0700] "GET /wp-sitemap.xml?fileloc=//proc/thread-self/root/usr/share/man/man3/SHA512.3ssl.gz&path=//proc/thread-self/root/usr/share/man/man3 HTTP/1.1" 200 5195 "http://www.icdp.co.in/wp-sitemap.xml?path=//proc/thread-self/root/usr/share/man/man3" "Mozilla/5.0 AppleWebKit/537.36 (KHTML, like Gecko; compatible; GPTBot/1.3; +https://openai.com/gptbot)" 94 **0/94242**
74.7.227.26 - - [04/Mar/2026:05:46:09 -0700] "GET /wp-sitemap.xml?fileloc=//proc/thread-self/root/usr/share/man/man3/SHA256.3ssl.gz&path=//proc/thread-self/root/usr/share/man/man3 HTTP/1.1" 200 5195 "http://www.icdp.co.in/wp-sitemap.xml?path=//proc/thread-self/root/usr/share/man/man3" "Mozilla/5.0 AppleWebKit/537.36 (KHTML, like Gecko; compatible; GPTBot/1.3; +https://openai.com/gptbot)" 63 **0/63692**
74.7.227.26 - - [04/Mar/2026:05:46:10 -0700] "GET /wp-sitemap.xml?fileloc=//proc/thread-self/root/usr/share/man/man7/systemd.index.7.gz&path=//proc/thread-self/root/usr/share/man/man7 HTTP/1.1" 200 10534 "http://www.icdp.co.in/wp-sitemap.xml?path=//proc/thread-self/root/usr/share/man/man7" "Mozilla/5.0 AppleWebKit/537.36 (KHTML, like Gecko; compatible; GPTBot/1.3; +https://openai.com/gptbot)" 45 **0/45882**
74.7.227.26 - - [04/Mar/2026:05:46:10 -0700] "GET /wp-sitemap.xml?fileloc=//proc/thread-self/root/usr/share/man/man3/B.3pm.gz&path=//proc/thread-self/root/usr/share/man/man3 HTTP/1.1" 200 11712 "http://www.icdp.co.in/wp-sitemap.xml?path=//proc/thread-self/root/usr/share/man/man3" "Mozilla/5.0 AppleWebKit/537.36 (KHTML, like Gecko; compatible; GPTBot/1.3; +https://openai.com/gptbot)" 75 **0/75413**
74.7.227.26 - - [04/Mar/2026:05:46:11 -0700] "GET /wp-sitemap.xml?fileloc=//proc/thread-self/root/usr/share/man/man3/IO.3pm.gz&path=//proc/thread-self/root/usr/share/man/man3 HTTP/1.1" 200 4455 "http://www.icdp.co.in/wp-sitemap.xml?path=//proc/thread-self/root/usr/share/man/man3" "Mozilla/5.0 AppleWebKit/537.36 (KHTML, like Gecko; compatible; GPTBot/1.3; +https://openai.com/gptbot)" 71 **0/71487**
74.7.227.26 - - [04/Mar/2026:05:46:11 -0700] "GET /wp-sitemap.xml?fileloc=//proc/thread-self/root/usr/share/man/man3/XArc.3.gz&path=//proc/thread-self/root/usr/share/man/man3 HTTP/1.1" 200 2380 "http://www.icdp.co.in/wp-sitemap.xml?path=//proc/thread-self/root/usr/share/man/man3" "Mozilla/5.0 AppleWebKit/537.36 (KHTML, like Gecko; compatible; GPTBot/1.3; +https://openai.com/gptbot)" 62 **0/62238**
74.7.227.26 - - [04/Mar/2026:05:46:12 -0700] "GET /wp-sitemap.xml?fileloc=//proc/thread-self/root/usr/share/man/man3/O.3pm.gz&path=//proc/thread-self/root/usr/share/man/man3 HTTP/1.1" 200 5326 "http://www.icdp.co.in/wp-sitemap.xml?path=//proc/thread-self/root/usr/share/man/man3" "Mozilla/5.0 AppleWebKit/537.36 (KHTML, like Gecko; compatible; GPTBot/1.3; +https://openai.com/gptbot)" 66 **0/66451**
185.191.171.11 - - [04/Mar/2026:05:46:12 -0700] "GET /mostbet-30-free-spins-762/ HTTP/1.1" 200 5663 "-" "Mozilla/5.0 (compatible; SemrushBot/7~bl; +http://www.semrush.com/bot.html)" 47 **0/47518**
74.7.227.26 - - [04/Mar/2026:05:46:12 -0700] "GET /wp-sitemap.xml?fileloc=//proc/thread-self/root/usr/share/man/man3/DB.3pm.gz&path=//proc/thread-self/root/usr/share/man/man3 HTTP/1.1" 200 6419 "http://www.icdp.co.in/wp-sitemap.xml?path=//proc/thread-self/root/usr/share/man/man3" "Mozilla/5.0 AppleWebKit/537.36 (KHTML, like Gecko; compatible; GPTBot/1.3; +https://openai.com/gptbot)" 62 **0/62147**
74.7.227.26 - - [04/Mar/2026:05:46:13 -0700] "GET /wp-sitemap.xml?fileloc=//proc/thread-self/root/usr/share/man/man3/Xau.3.gz&path=//proc/thread-self/root/usr/share/man/man3 HTTP/1.1" 200 4427 "http://www.icdp.co.in/wp-sitemap.xml?path=//proc/thread-self/root/usr/share/man/man3" "Mozilla/5.0 AppleWebKit/537.36 (KHTML, like Gecko; compatible; GPTBot/1.3; +https://openai.com/gptbot)" 60 **0/60280**
74.7.227.26 - - [04/Mar/2026:05:46:13 -0700] "GET /wp-sitemap.xml?fileloc=//proc/thread-self/root/usr/share/man/man3/i2d_PKCS8PrivateKey_fp.3ssl.gz&path=//proc/thread-self/root/usr/share/man/man3 HTTP/1.1" 200 4992 "http://www.icdp.co.in/wp-sitemap.xml?path=//proc/thread-self/root/usr/share/man/man3" "Mozilla/5.0 AppleWebKit/537.36 (KHTML, like Gecko; compatible; GPTBot/1.3; +https://openai.com/gptbot)" 88 **0/88834**
74.7.227.26 - - [04/Mar/2026:05:46:14 -0700] "GET /wp-sitemap.xml?fileloc=//proc/thread-self/root/usr/share/man/man3/DTLSv1_2_server_method.3ssl.gz&path=//proc/thread-self/root/usr/share/man/man3 HTTP/1.1" 200 6213 "http://www.icdp.co.in/wp-sitemap.xml?path=//proc/thread-self/root/usr/share/man/man3" "Mozilla/5.0 AppleWebKit/537.36 (KHTML, like Gecko; compatible; GPTBot/1.3; +https://openai.com/gptbot)" 74 **0/74396**
74.7.227.26 - - [04/Mar/2026:05:46:14 -0700] "GET /wp-sitemap.xml?fileloc=//proc/thread-self/root/usr/share/man/man3/X509_REQ_set_pubkey.3ssl.gz&path=//proc/thread-self/root/usr/share/man/man3 HTTP/1.1" 200 4935 "http://www.icdp.co.in/wp-sitemap.xml?path=//proc/thread-self/root/usr/share/man/man3" "Mozilla/5.0 AppleWebKit/537.36 (KHTML, like Gecko; compatible; GPTBot/1.3; +https://openai.com/gptbot)" 64 **0/64079**
144.76.32.236 - - [04/Mar/2026:05:46:15 -0700] "GET /a-warm-southern-area-african-embrace-the-fresh-new-acceptance-extra-s-the-casinos-braai-ask-to-help-you-beginners/ HTTP/1.1" 200 5663 "-" "Mozilla/5.0 (compatible; SERankingBacklinksBot/1.0; +https://seranking.com/backlinks-crawler)" 53 **0/53226**
74.7.227.26 - - [04/Mar/2026:05:46:15 -0700] "GET /wp-sitemap.xml?fileloc=//proc/thread-self/root/usr/share/man/man3/EVP_camellia_128_cfb.3ssl.gz&path=//proc/thread-self/root/usr/share/man/man3 HTTP/1.1" 200 4825 "http://www.icdp.co.in/wp-sitemap.xml?path=//proc/thread-self/root/usr/share/man/man3" "Mozilla/5.0 AppleWebKit/537.36 (KHTML, like Gecko; compatible; GPTBot/1.3; +https://openai.com/gptbot)" 70 **0/70065**
74.7.227.26 - - [04/Mar/2026:05:46:15 -0700] "GET /wp-sitemap.xml?fileloc=//proc/thread-self/root/usr/share/man/man3/X509_NAME_print_ex_fp.3ssl.gz&path=//proc/thread-self/root/usr/share/man/man3 HTTP/1.1" 200 5908 "http://www.icdp.co.in/wp-sitemap.xml?path=//proc/thread-self/root/usr/share/man/man3" "Mozilla/5.0 AppleWebKit/537.36 (KHTML, like Gecko; compatible; GPTBot/1.3; +https://openai.com/gptbot)" 66 **0/66198**
74.7.227.26 - - [04/Mar/2026:05:46:16 -0700] "GET /wp-sitemap.xml?fileloc=//proc/thread-self/root/usr/share/man/man3/X509_LOOKUP_get_store.3ssl.gz&path=//proc/thread-self/root/usr/share/man/man3 HTTP/1.1" 200 5899 "http://www.icdp.co.in/wp-sitemap.xml?path=//proc/thread-self/root/usr/share/man/man3" "Mozilla/5.0 AppleWebKit/537.36 (KHTML, like Gecko; compatible; GPTBot/1.3; +https://openai.com/gptbot)" 72 **0/72073**
74.7.227.26 - - [04/Mar/2026:05:46:17 -0700] "GET /wp-sitemap.xml?fileloc=//proc/thread-self/root/usr/share/man/man3/i2d_PKCS7_bio_stream.3ssl.gz&path=//proc/thread-self/root/usr/share/man/man3 HTTP/1.1" 200 4629 "http://www.icdp.co.in/wp-sitemap.xml?path=//proc/thread-self/root/usr/share/man/man3" "Mozilla/5.0 AppleWebKit/537.36 (KHTML, like Gecko; compatible; GPTBot/1.3; +https://openai.com/gptbot)" 55 **0/55453**
17.22.253.65 - - [04/Mar/2026:05:46:17 -0700] "GET /chociaz-wiekszosci-prawo-kasyna-w-internecie-operacja-rejestracyjny-jest-bardzo-prosty/ HTTP/1.1" 200 5663 "-" "Mozilla/5.0 (Macintosh; Intel Mac OS X 10_15_7) AppleWebKit/605.1.15 (KHTML, like Gecko) Version/17.4 Safari/605.1.15 (Applebot/0.1; +http://www.apple.com/go/applebot)" 53 **0/53054**
74.7.227.26 - - [04/Mar/2026:05:46:17 -0700] "GET /wp-sitemap.xml?fileloc=//proc/thread-self/root/usr/share/man/man3/DES_ede2_cfb64_encrypt.3ssl.gz&path=//proc/thread-self/root/usr/share/man/man3 HTTP/1.1" 200 7929 "http://www.icdp.co.in/wp-sitemap.xml?path=//proc/thread-self/root/usr/share/man/man3" "Mozilla/5.0 AppleWebKit/537.36 (KHTML, like Gecko; compatible; GPTBot/1.3; +https://openai.com/gptbot)" 82 **0/82873**
74.7.227.26 - - [04/Mar/2026:05:46:18 -0700] "GET /wp-sitemap.xml?fileloc=//proc/thread-self/root/usr/share/man/man3/EVP_camellia_128_cbc.3ssl.gz&path=//proc/thread-self/root/usr/share/man/man3 HTTP/1.1" 200 4825 "http://www.icdp.co.in/wp-sitemap.xml?path=//proc/thread-self/root/usr/share/man/man3" "Mozilla/5.0 AppleWebKit/537.36 (KHTML, like Gecko; compatible; GPTBot/1.3; +https://openai.com/gptbot)" 66 **0/66499**
85.208.96.209 - - [04/Mar/2026:05:46:18 -0700] "GET /boaboa/ HTTP/1.1" 200 5663 "-" "Mozilla/5.0 (compatible; SemrushBot/7~bl; +http://www.semrush.com/bot.html)" 45 **0/45456**
74.7.227.26 - - [04/Mar/2026:05:46:18 -0700] "GET /wp-sitemap.xml?fileloc=//proc/thread-self/root/usr/share/man/man3/X509_LOOKUP_shutdown.3ssl.gz&path=//proc/thread-self/root/usr/share/man/man3 HTTP/1.1" 200 5897 "http://www.icdp.co.in/wp-sitemap.xml?path=//proc/thread-self/root/usr/share/man/man3" "Mozilla/5.0 AppleWebKit/537.36 (KHTML, like Gecko; compatible; GPTBot/1.3; +https://openai.com/gptbot)" 65 **0/65150**
74.7.227.26 - - [04/Mar/2026:05:46:19 -0700] "GET /wp-sitemap.xml?fileloc=//proc/thread-self/root/usr/share/man/man3/X509_STORE_CTX_free.3ssl.gz&path=//proc/thread-self/root/usr/share/man/man3 HTTP/1.1" 200 5852 "http://www.icdp.co.in/wp-sitemap.xml?path=//proc/thread-self/root/usr/share/man/man3" "Mozilla/5.0 AppleWebKit/537.36 (KHTML, like Gecko; compatible; GPTBot/1.3; +https://openai.com/gptbot)" 54 **0/54014**
74.7.227.26 - - [04/Mar/2026:05:46:19 -0700] "GET /wp-sitemap.xml?fileloc=//proc/thread-self/root/usr/share/man/man3/X509_STORE_set_get_crl.3ssl.gz&path=//proc/thread-self/root/usr/share/man/man3 HTTP/1.1" 200 6030 "http://www.icdp.co.in/wp-sitemap.xml?path=//proc/thread-self/root/usr/share/man/man3" "Mozilla/5.0 AppleWebKit/537.36 (KHTML, like Gecko; compatible; GPTBot/1.3; +https://openai.com/gptbot)" 56 **0/56500**
85.208.96.194 - - [04/Mar/2026:05:46:19 -0700] "GET /blog/page/2772/ HTTP/1.1" 200 5663 "-" "Mozilla/5.0 (compatible; SemrushBot/7~bl; +http://www.semrush.com/bot.html)" 48 **0/48227**
74.7.227.26 - - [04/Mar/2026:05:46:20 -0700] "GET /wp-sitemap.xml?fileloc=//proc/thread-self/root/usr/share/man/man3/X509_STORE_set_trust.3ssl.gz&path=//proc/thread-self/root/usr/share/man/man3 HTTP/1.1" 200 5687 "http://www.icdp.co.in/wp-sitemap.xml?path=//proc/thread-self/root/usr/share/man/man3" "Mozilla/5.0 AppleWebKit/537.36 (KHTML, like Gecko; compatible; GPTBot/1.3; +https://openai.com/gptbot)" 72 **0/72619**
74.7.227.26 - - [04/Mar/2026:05:46:20 -0700] "GET /wp-sitemap.xml?fileloc=//proc/thread-self/root/usr/share/man/man3/X509_get_ext_by_NID.3ssl.gz&path=//proc/thread-self/root/usr/share/man/man3 HTTP/1.1" 200 5600 "http://www.icdp.co.in/wp-sitemap.xml?path=//proc/thread-self/root/usr/share/man/man3" "Mozilla/5.0 AppleWebKit/537.36 (KHTML, like Gecko; compatible; GPTBot/1.3; +https://openai.com/gptbot)" 74 **0/74597**
74.7.227.26 - - [04/Mar/2026:05:46:21 -0700] "GET /wp-sitemap.xml?fileloc=//proc/thread-self/root/usr/share/man/man3/X509_CRL_get_ext_count.3ssl.gz&path=//proc/thread-self/root/usr/share/man/man3 HTTP/1.1" 200 5600 "http://www.icdp.co.in/wp-sitemap.xml?path=//proc/thread-self/root/usr/share/man/man3" "Mozilla/5.0 AppleWebKit/537.36 (KHTML, like Gecko; compatible; GPTBot/1.3; +https://openai.com/gptbot)" 73 **0/73265**
57.141.2.16 - - [04/Mar/2026:05:46:21 -0700] "GET /il-semble-cette-licence-de-jeux-a-l%ef%bf%bdegard-de-letat-pour-curacao-que-arme-des-abandonnees-personnelles-sauf-que-gestionnaires/feed/ HTTP/1.1" 200 127968 "-" "meta-externalagent/1.1 (+https://developers.facebook.com/docs/sharing/webmasters/crawler)" 63 **0/63067**
74.7.227.26 - - [04/Mar/2026:05:46:21 -0700] "GET /wp-sitemap.xml?fileloc=//proc/thread-self/root/usr/share/man/man3/I18N::LangTags::Detect.3pm.gz&path=//proc/thread-self/root/usr/share/man/man3 HTTP/1.1" 200 4924 "http://www.icdp.co.in/wp-sitemap.xml?path=//proc/thread-self/root/usr/share/man/man3" "Mozilla/5.0 AppleWebKit/537.36 (KHTML, like Gecko; compatible; GPTBot/1.3; +https://openai.com/gptbot)" 116 **0/116055**
107.152.32.177 - - [04/Mar/2026:05:45:37 -0700] "GET /registracija-na-get-iks-kazino-polnoe-rukovodstvo-2/?fileloc=/home/nyiet8349bzl/public_html/icdp.co.in/backup-3.15.2023_02-00-26_bq1p5yxk8zys.tar.gz&path=/home/nyiet8349bzl/public_html/icdp.co.in HTTP/1.1" 200 61565086 "http://www.icdp.co.in/registracija-na-get-iks-kazino-polnoe-rukovodstvo-2/" "Mozilla/5.0 (Windows NT 10.0; Win64; x64; rv:114.0) Gecko/20100101 Firefox/114.0" 44608 **44/44608558**
74.7.227.26 - - [04/Mar/2026:05:46:22 -0700] "GET /wp-sitemap.xml?fileloc=//proc/thread-self/root/usr/share/man/man3/X509_get_ext_by_OBJ.3ssl.gz&path=//proc/thread-self/root/usr/share/man/man3 HTTP/1.1" 200 5600 "http://www.icdp.co.in/wp-sitemap.xml?path=//proc/thread-self/root/usr/share/man/man3" "Mozilla/5.0 AppleWebKit/537.36 (KHTML, like Gecko; compatible; GPTBot/1.3; +https://openai.com/gptbot)" 52 **0/52440**
74.7.227.26 - - [04/Mar/2026:05:46:22 -0700] "GET /wp-sitemap.xml?fileloc=//proc/thread-self/root/usr/share/man/man3/X509_STORE_set_cleanup.3ssl.gz&path=//proc/thread-self/root/usr/share/man/man3 HTTP/1.1" 200 6033 "http://www.icdp.co.in/wp-sitemap.xml?path=//proc/thread-self/root/usr/share/man/man3" "Mozilla/5.0 AppleWebKit/537.36 (KHTML, like Gecko; compatible; GPTBot/1.3; +https://openai.com/gptbot)" 60 **0/60770**
74.7.227.26 - - [04/Mar/2026:05:46:23 -0700] "GET /wp-sitemap.xml?fileloc=//proc/thread-self/root/usr/share/man/man3/EVP_camellia_256_cfb.3ssl.gz&path=//proc/thread-self/root/usr/share/man/man3 HTTP/1.1" 200 4825 "http://www.icdp.co.in/wp-sitemap.xml?path=//proc/thread-self/root/usr/share/man/man3" "Mozilla/5.0 AppleWebKit/537.36 (KHTML, like Gecko; compatible; GPTBot/1.3; +https://openai.com/gptbot)" 69 **0/69944**
74.7.227.26 - - [04/Mar/2026:05:46:23 -0700] "GET /wp-sitemap.xml?fileloc=//proc/thread-self/root/usr/share/man/man3/X509_STORE_add_cert.3ssl.gz&path=//proc/thread-self/root/usr/share/man/man3 HTTP/1.1" 200 5686 "http://www.icdp.co.in/wp-sitemap.xml?path=//proc/thread-self/root/usr/share/man/man3" "Mozilla/5.0 AppleWebKit/537.36 (KHTML, like Gecko; compatible; GPTBot/1.3; +https://openai.com/gptbot)" 58 **0/58518**
74.7.227.26 - - [04/Mar/2026:05:46:24 -0700] "GET /wp-sitemap.xml?fileloc=//proc/thread-self/root/usr/share/man/man3/X509_NAME_entry_count.3ssl.gz&path=//proc/thread-self/root/usr/share/man/man3 HTTP/1.1" 200 5529 "http://www.icdp.co.in/wp-sitemap.xml?path=//proc/thread-self/root/usr/share/man/man3" "Mozilla/5.0 AppleWebKit/537.36 (KHTML, like Gecko; compatible; GPTBot/1.3; +https://openai.com/gptbot)" 55 **0/55904**
74.7.227.26 - - [04/Mar/2026:05:46:24 -0700] "GET /wp-sitemap.xml?fileloc=//proc/thread-self/root/usr/share/man/man3/i2d_TS_TST_INFO_bio.3ssl.gz&path=//proc/thread-self/root/usr/share/man/man3 HTTP/1.1" 200 8350 "http://www.icdp.co.in/wp-sitemap.xml?path=//proc/thread-self/root/usr/share/man/man3" "Mozilla/5.0 AppleWebKit/537.36 (KHTML, like Gecko; compatible; GPTBot/1.3; +https://openai.com/gptbot)" 57 **0/57616**
144.76.32.236 - - [04/Mar/2026:05:46:25 -0700] "GET /clicca-a-riprodurre-il-vocabolario-vocabolario-bonus-falsificato-visualizza-attuale-premio-ha-funzionato-verso-te/ HTTP/1.1" 200 5663 "-" "Mozilla/5.0 (compatible; SERankingBacklinksBot/1.0; +https://seranking.com/backlinks-crawler)" 54 **0/54982**
74.7.227.26 - - [04/Mar/2026:05:46:25 -0700] "GET /wp-sitemap.xml?fileloc=//proc/thread-self/root/usr/share/man/man3/DES_ede2_ofb64_encrypt.3ssl.gz&path=//proc/thread-self/root/usr/share/man/man3 HTTP/1.1" 200 7929 "http://www.icdp.co.in/wp-sitemap.xml?path=//proc/thread-self/root/usr/share/man/man3" "Mozilla/5.0 AppleWebKit/537.36 (KHTML, like Gecko; compatible; GPTBot/1.3; +https://openai.com/gptbot)" 84 **0/84015**
74.7.227.26 - - [04/Mar/2026:05:46:25 -0700] "GET /wp-sitemap.xml?fileloc=//proc/thread-self/root/usr/share/man/man3/X509_STORE_set_purpose.3ssl.gz&path=//proc/thread-self/root/usr/share/man/man3 HTTP/1.1" 200 5687 "http://www.icdp.co.in/wp-sitemap.xml?path=//proc/thread-self/root/usr/share/man/man3" "Mozilla/5.0 AppleWebKit/537.36 (KHTML, like Gecko; compatible; GPTBot/1.3; +https://openai.com/gptbot)" 73 **0/73508**
74.7.227.26 - - [04/Mar/2026:05:46:26 -0700] "GET /wp-sitemap.xml?fileloc=//proc/thread-self/root/usr/share/man/man3/POD2::PT_BR::local::lib.3pm.gz&path=//proc/thread-self/root/usr/share/man/man3 HTTP/1.1" 200 8833 "http://www.icdp.co.in/wp-sitemap.xml?path=//proc/thread-self/root/usr/share/man/man3" "Mozilla/5.0 AppleWebKit/537.36 (KHTML, like Gecko; compatible; GPTBot/1.3; +https://openai.com/gptbot)" 61 **0/61490**
74.7.227.26 - - [04/Mar/2026:05:46:26 -0700] "GET /wp-sitemap.xml?fileloc=//proc/thread-self/root/usr/share/man/man3/Test2::API::Breakage.3pm.gz&path=//proc/thread-self/root/usr/share/man/man3 HTTP/1.1" 200 4071 "http://www.icdp.co.in/wp-sitemap.xml?path=//proc/thread-self/root/usr/share/man/man3" "Mozilla/5.0 AppleWebKit/537.36 (KHTML, like Gecko; compatible; GPTBot/1.3; +https://openai.com/gptbot)" 51 **0/51068**
74.7.227.26 - - [04/Mar/2026:05:46:27 -0700] "GET /wp-sitemap.xml?fileloc=//proc/thread-self/root/usr/share/man/man3/d2i_PKCS8PrivateKey_fp.3ssl.gz&path=//proc/thread-self/root/usr/share/man/man3 HTTP/1.1" 200 4992 "http://www.icdp.co.in/wp-sitemap.xml?path=//proc/thread-self/root/usr/share/man/man3" "Mozilla/5.0 AppleWebKit/537.36 (KHTML, like Gecko; compatible; GPTBot/1.3; +https://openai.com/gptbot)" 50 **0/50998**
85.208.96.208 - - [04/Mar/2026:05:46:27 -0700] "GET /the-metropolis-hosts-a-captivating-arts-scene-world-class-restaurants-and-you-will-a-thriving-world-of-business/ HTTP/1.1" 200 5663 "-" "Mozilla/5.0 (compatible; SemrushBot/7~bl; +http://www.semrush.com/bot.html)" 43 **0/43098**
74.7.227.26 - - [04/Mar/2026:05:46:28 -0700] "GET /wp-sitemap.xml?fileloc=//proc/thread-self/root/usr/share/man/man3/DES_ede3_ofb64_encrypt.3ssl.gz&path=//proc/thread-self/root/usr/share/man/man3 HTTP/1.1" 200 7928 "http://www.icdp.co.in/wp-sitemap.xml?path=//proc/thread-self/root/usr/share/man/man3" "Mozilla/5.0 AppleWebKit/537.36 (KHTML, like Gecko; compatible; GPTBot/1.3; +https://openai.com/gptbot)" 54 **0/54078**
74.7.227.26 - - [04/Mar/2026:05:46:28 -0700] "GET /wp-sitemap.xml?fileloc=//proc/thread-self/root/usr/share/man/man3/X509_CRL_set_version.3ssl.gz&path=//proc/thread-self/root/usr/share/man/man3 HTTP/1.1" 200 4869 "http://www.icdp.co.in/wp-sitemap.xml?path=//proc/thread-self/root/usr/share/man/man3" "Mozilla/5.0 AppleWebKit/537.36 (KHTML, like Gecko; compatible; GPTBot/1.3; +https://openai.com/gptbot)" 49 **0/49973**
144.76.32.236 - - [04/Mar/2026:05:46:28 -0700] "GET /added-bonus-revolves-offers-no-deposit-necessary-most-casino-apps-with-sign-up-bonus-no-deposit-recent-now-offers/ HTTP/1.1" 200 5663 "-" "Mozilla/5.0 (compatible; SERankingBacklinksBot/1.0; +https://seranking.com/backlinks-crawler)" 56 **0/56233**
74.7.227.26 - - [04/Mar/2026:05:46:29 -0700] "GET /wp-sitemap.xml?fileloc=//proc/thread-self/root/usr/share/man/man3/PEM_read_bio_X509_AUX.3ssl.gz&path=//proc/thread-self/root/usr/share/man/man3 HTTP/1.1" 200 8734 "http://www.icdp.co.in/wp-sitemap.xml?path=//proc/thread-self/root/usr/share/man/man3" "Mozilla/5.0 AppleWebKit/537.36 (KHTML, like Gecko; compatible; GPTBot/1.3; +https://openai.com/gptbot)" 86 **0/86672**
85.208.96.194 - - [04/Mar/2026:05:46:29 -0700] "GET /big-casino-app-casino-243/ HTTP/1.1" 200 5663 "-" "Mozilla/5.0 (compatible; SemrushBot/7~bl; +http://www.semrush.com/bot.html)" 46 **0/46251**
74.7.227.26 - - [04/Mar/2026:05:46:29 -0700] "GET /wp-sitemap.xml?fileloc=//proc/thread-self/root/usr/share/man/man3/EVP_camellia_192_cfb.3ssl.gz&path=//proc/thread-self/root/usr/share/man/man3 HTTP/1.1" 200 4824 "http://www.icdp.co.in/wp-sitemap.xml?path=//proc/thread-self/root/usr/share/man/man3" "Mozilla/5.0 AppleWebKit/537.36 (KHTML, like Gecko; compatible; GPTBot/1.3; +https://openai.com/gptbot)" 70 **0/70193**
74.7.227.26 - - [04/Mar/2026:05:46:30 -0700] "GET /wp-sitemap.xml?fileloc=//proc/thread-self/root/usr/share/man/man3/X509_STORE_set_verify.3ssl.gz&path=//proc/thread-self/root/usr/share/man/man3 HTTP/1.1" 200 6030 "http://www.icdp.co.in/wp-sitemap.xml?path=//proc/thread-self/root/usr/share/man/man3" "Mozilla/5.0 AppleWebKit/537.36 (KHTML, like Gecko; compatible; GPTBot/1.3; +https://openai.com/gptbot)" 77 **0/77228**
85.208.96.208 - - [04/Mar/2026:05:46:30 -0700] "GET /5-100-ban-yoyospins-alkalmazas-bejelentkezes-ingyenes-befizetes-nelkuli-jatek-a-halhatatlan-szerelemhez-gyozodjon-meg-rola-a-hitel-miatt/ HTTP/1.1" 200 5663 "-" "Mozilla/5.0 (compatible; SemrushBot/7~bl; +http://www.semrush.com/bot.html)" 51 **0/51596**
74.7.227.26 - - [04/Mar/2026:05:46:30 -0700] "GET /wp-sitemap.xml?fileloc=//proc/thread-self/root/usr/share/man/man3/CTLOG_new_from_base64.3ssl.gz&path=//proc/thread-self/root/usr/share/man/man3 HTTP/1.1" 200 5022 "http://www.icdp.co.in/wp-sitemap.xml?path=//proc/thread-self/root/usr/share/man/man3" "Mozilla/5.0 AppleWebKit/537.36 (KHTML, like Gecko; compatible; GPTBot/1.3; +https://openai.com/gptbot)" 63 **0/63130**
74.7.227.26 - - [04/Mar/2026:05:46:31 -0700] "GET /wp-sitemap.xml?fileloc=//proc/thread-self/root/usr/share/man/man3/X509_CRL_delete_ext.3ssl.gz&path=//proc/thread-self/root/usr/share/man/man3 HTTP/1.1" 200 5598 "http://www.icdp.co.in/wp-sitemap.xml?path=//proc/thread-self/root/usr/share/man/man3" "Mozilla/5.0 AppleWebKit/537.36 (KHTML, like Gecko; compatible; GPTBot/1.3; +https://openai.com/gptbot)" 71 **0/71208**
74.7.227.26 - - [04/Mar/2026:05:46:31 -0700] "GET /wp-sitemap.xml?fileloc=//proc/thread-self/root/usr/share/man/man3/DES_ede3_cfb64_encrypt.3ssl.gz&path=//proc/thread-self/root/usr/share/man/man3 HTTP/1.1" 200 7928 "http://www.icdp.co.in/wp-sitemap.xml?path=//proc/thread-self/root/usr/share/man/man3" "Mozilla/5.0 AppleWebKit/537.36 (KHTML, like Gecko; compatible; GPTBot/1.3; +https://openai.com/gptbot)" 66 **0/66251**
144.76.32.236 - - [04/Mar/2026:05:46:31 -0700] "GET /lorsque-mon-ne-se-trouve-plus-la-mesure-nous-auriez-longuement-rafler-vieux-en-compagnie-de-mon-blackjack-courant/ HTTP/1.1" 200 5663 "-" "Mozilla/5.0 (compatible; SERankingBacklinksBot/1.0; +https://seranking.com/backlinks-crawler)" 44 **0/44105**
74.7.227.26 - - [04/Mar/2026:05:46:32 -0700] "GET /wp-sitemap.xml?fileloc=//proc/thread-self/root/usr/share/man/man3/ASN1_STRING_get0_data.3ssl.gz&path=//proc/thread-self/root/usr/share/man/man3 HTTP/1.1" 200 5384 "http://www.icdp.co.in/wp-sitemap.xml?path=//proc/thread-self/root/usr/share/man/man3" "Mozilla/5.0 AppleWebKit/537.36 (KHTML, like Gecko; compatible; GPTBot/1.3; +https://openai.com/gptbot)" 61 **0/61344**
74.7.227.26 - - [04/Mar/2026:05:46:32 -0700] "GET /wp-sitemap.xml?fileloc=//proc/thread-self/root/usr/share/man/man3/X509_REQ_set_version.3ssl.gz&path=//proc/thread-self/root/usr/share/man/man3 HTTP/1.1" 200 4869 "http://www.icdp.co.in/wp-sitemap.xml?path=//proc/thread-self/root/usr/share/man/man3" "Mozilla/5.0 AppleWebKit/537.36 (KHTML, like Gecko; compatible; GPTBot/1.3; +https://openai.com/gptbot)" 68 **0/68941**
74.7.227.26 - - [04/Mar/2026:05:46:33 -0700] "GET /wp-sitemap.xml?fileloc=//proc/thread-self/root/usr/share/man/man3/EVP_camellia_256_ecb.3ssl.gz&path=//proc/thread-self/root/usr/share/man/man3 HTTP/1.1" 200 4824 "http://www.icdp.co.in/wp-sitemap.xml?path=//proc/thread-self/root/usr/share/man/man3" "Mozilla/5.0 AppleWebKit/537.36 (KHTML, like Gecko; compatible; GPTBot/1.3; +https://openai.com/gptbot)" 77 **0/77889**
85.208.96.209 - - [04/Mar/2026:05:46:33 -0700] "GET /numerous-safe-payment-steps-come-at-the-bet365-gambling-establishment/ HTTP/1.1" 200 5663 "-" "Mozilla/5.0 (compatible; SemrushBot/7~bl; +http://www.semrush.com/bot.html)" 51 **0/51950**
74.7.227.26 - - [04/Mar/2026:05:46:33 -0700] "GET /wp-sitemap.xml?fileloc=//proc/thread-self/root/usr/share/man/man3/EVP_camellia_192_ofb.3ssl.gz&path=//proc/thread-self/root/usr/share/man/man3 HTTP/1.1" 200 4824 "http://www.icdp.co.in/wp-sitemap.xml?path=//proc/thread-self/root/usr/share/man/man3" "Mozilla/5.0 AppleWebKit/537.36 (KHTML, like Gecko; compatible; GPTBot/1.3; +https://openai.com/gptbot)" 71 **0/71097**
74.7.227.26 - - [04/Mar/2026:05:46:34 -0700] "GET /wp-sitemap.xml?fileloc=//proc/thread-self/root/usr/share/man/man3/X509_STORE_get_cleanup.3ssl.gz&path=//proc/thread-self/root/usr/share/man/man3 HTTP/1.1" 200 6033 "http://www.icdp.co.in/wp-sitemap.xml?path=//proc/thread-self/root/usr/share/man/man3" "Mozilla/5.0 AppleWebKit/537.36 (KHTML, like Gecko; compatible; GPTBot/1.3; +https://openai.com/gptbot)" 66 **0/66999**
74.7.227.26 - - [04/Mar/2026:05:46:34 -0700] "GET /wp-sitemap.xml?fileloc=//proc/thread-self/root/usr/share/man/man3/EVP_camellia_128_ecb.3ssl.gz&path=//proc/thread-self/root/usr/share/man/man3 HTTP/1.1" 200 4825 "http://www.icdp.co.in/wp-sitemap.xml?path=//proc/thread-self/root/usr/share/man/man3" "Mozilla/5.0 AppleWebKit/537.36 (KHTML, like Gecko; compatible; GPTBot/1.3; +https://openai.com/gptbot)" 70 **0/70512**
17.241.227.221 - - [04/Mar/2026:05:46:35 -0700] "GET /vulkan-vegas-bonus-545/ HTTP/1.1" 200 5663 "-" "Mozilla/5.0 (Macintosh; Intel Mac OS X 10_15_7) AppleWebKit/605.1.15 (KHTML, like Gecko) Version/17.4 Safari/605.1.15 (Applebot/0.1; +http://www.apple.com/go/applebot)" 58 **0/58154**
74.7.227.26 - - [04/Mar/2026:05:46:35 -0700] "GET /wp-sitemap.xml?fileloc=//proc/thread-self/root/usr/share/man/man3/EVP_camellia_192_cbc.3ssl.gz&path=//proc/thread-self/root/usr/share/man/man3 HTTP/1.1" 200 4824 "http://www.icdp.co.in/wp-sitemap.xml?path=//proc/thread-self/root/usr/share/man/man3" "Mozilla/5.0 AppleWebKit/537.36 (KHTML, like Gecko; compatible; GPTBot/1.3; +https://openai.com/gptbot)" 69 **0/69855**
144.76.32.236 - - [04/Mar/2026:05:46:35 -0700] "GET /gangsta-kasino-bestes-online-casino-mit-schneller-auszahlung-400-maklercourtage-2025-erfahrungen-ferner-erprobung/ HTTP/1.1" 200 5663 "-" "Mozilla/5.0 (compatible; SERankingBacklinksBot/1.0; +https://seranking.com/backlinks-crawler)" 47 **0/47445**
74.7.227.26 - - [04/Mar/2026:05:46:35 -0700] "GET /wp-sitemap.xml?fileloc=//proc/thread-self/root/usr/share/man/man3/PKCS12_MAC_DATA_free.3ssl.gz&path=//proc/thread-self/root/usr/share/man/man3 HTTP/1.1" 200 6035 "http://www.icdp.co.in/wp-sitemap.xml?path=//proc/thread-self/root/usr/share/man/man3" "Mozilla/5.0 AppleWebKit/537.36 (KHTML, like Gecko; compatible; GPTBot/1.3; +https://openai.com/gptbot)" 68 **0/68638**
74.7.227.26 - - [04/Mar/2026:05:46:36 -0700] "GET /wp-sitemap.xml?fileloc=//proc/thread-self/root/usr/share/man/man3/RSA_padding_add_SSLv23.3ssl.gz&path=//proc/thread-self/root/usr/share/man/man3 HTTP/1.1" 200 5773 "http://www.icdp.co.in/wp-sitemap.xml?path=//proc/thread-self/root/usr/share/man/man3" "Mozilla/5.0 AppleWebKit/537.36 (KHTML, like Gecko; compatible; GPTBot/1.3; +https://openai.com/gptbot)" 66 **0/66266**
74.7.227.26 - - [04/Mar/2026:05:46:36 -0700] "GET /wp-sitemap.xml?fileloc=//proc/thread-self/root/usr/share/man/man3/X509_LOOKUP_ctrl_fn.3ssl.gz&path=//proc/thread-self/root/usr/share/man/man3 HTTP/1.1" 200 6021 "http://www.icdp.co.in/wp-sitemap.xml?path=//proc/thread-self/root/usr/share/man/man3" "Mozilla/5.0 AppleWebKit/537.36 (KHTML, like Gecko; compatible; GPTBot/1.3; +https://openai.com/gptbot)" 71 **0/71125**
74.7.227.26 - - [04/Mar/2026:05:46:37 -0700] "GET /wp-sitemap.xml?fileloc=//proc/thread-self/root/usr/share/man/man3/DTLSv1_2_client_method.3ssl.gz&path=//proc/thread-self/root/usr/share/man/man3 HTTP/1.1" 200 6214 "http://www.icdp.co.in/wp-sitemap.xml?path=//proc/thread-self/root/usr/share/man/man3" "Mozilla/5.0 AppleWebKit/537.36 (KHTML, like Gecko; compatible; GPTBot/1.3; +https://openai.com/gptbot)" 74 **0/74822**
74.7.227.26 - - [04/Mar/2026:05:46:37 -0700] "GET /wp-sitemap.xml?fileloc=//proc/thread-self/root/usr/share/man/man3/X509_LOOKUP_add_dir.3ssl.gz&path=//proc/thread-self/root/usr/share/man/man3 HTTP/1.1" 200 5898 "http://www.icdp.co.in/wp-sitemap.xml?path=//proc/thread-self/root/usr/share/man/man3" "Mozilla/5.0 AppleWebKit/537.36 (KHTML, like Gecko; compatible; GPTBot/1.3; +https://openai.com/gptbot)" 66 **0/66758**
74.7.227.26 - - [04/Mar/2026:05:46:38 -0700] "GET /wp-sitemap.xml?fileloc=//proc/thread-self/root/usr/share/man/man3/EVP_camellia_192_ecb.3ssl.gz&path=//proc/thread-self/root/usr/share/man/man3 HTTP/1.1" 200 4824 "http://www.icdp.co.in/wp-sitemap.xml?path=//proc/thread-self/root/usr/share/man/man3" "Mozilla/5.0 AppleWebKit/537.36 (KHTML, like Gecko; compatible; GPTBot/1.3; +https://openai.com/gptbot)" 63 **0/63912**
74.7.227.26 - - [04/Mar/2026:05:46:39 -0700] "GET /wp-sitemap.xml?fileloc=//proc/thread-self/root/usr/share/man/man3/X509_STORE_set_depth.3ssl.gz&path=//proc/thread-self/root/usr/share/man/man3 HTTP/1.1" 200 5687 "http://www.icdp.co.in/wp-sitemap.xml?path=//proc/thread-self/root/usr/share/man/man3" "Mozilla/5.0 AppleWebKit/537.36 (KHTML, like Gecko; compatible; GPTBot/1.3; +https://openai.com/gptbot)" 73 **0/73235**
74.7.227.26 - - [04/Mar/2026:05:46:39 -0700] "GET /wp-sitemap.xml?fileloc=//proc/thread-self/root/usr/share/man/man3/X509_LOOKUP_meth_free.3ssl.gz&path=//proc/thread-self/root/usr/share/man/man3 HTTP/1.1" 200 6021 "http://www.icdp.co.in/wp-sitemap.xml?path=//proc/thread-self/root/usr/share/man/man3" "Mozilla/5.0 AppleWebKit/537.36 (KHTML, like Gecko; compatible; GPTBot/1.3; +https://openai.com/gptbot)" 67 **0/67497**
74.7.227.26 - - [04/Mar/2026:05:46:40 -0700] "GET /wp-sitemap.xml?fileloc=//proc/thread-self/root/usr/share/man/man3/X509_NAME_delete_entry.3ssl.gz&path=//proc/thread-self/root/usr/share/man/man3 HTTP/1.1" 200 5557 "http://www.icdp.co.in/wp-sitemap.xml?path=//proc/thread-self/root/usr/share/man/man3" "Mozilla/5.0 AppleWebKit/537.36 (KHTML, like Gecko; compatible; GPTBot/1.3; +https://openai.com/gptbot)" 65 **0/65305**
185.191.171.6 - - [04/Mar/2026:05:46:40 -0700] "GET /big-city-online-pokies-for-real-money-battle/ HTTP/1.1" 200 5663 "-" "Mozilla/5.0 (compatible; SemrushBot/7~bl; +http://www.semrush.com/bot.html)" 59 **0/59442**
74.7.227.26 - - [04/Mar/2026:05:46:40 -0700] "GET /wp-sitemap.xml?fileloc=//proc/thread-self/root/usr/share/man/man3/X509_LOOKUP_load_file.3ssl.gz&path=//proc/thread-self/root/usr/share/man/man3 HTTP/1.1" 200 5899 "http://www.icdp.co.in/wp-sitemap.xml?path=//proc/thread-self/root/usr/share/man/man3" "Mozilla/5.0 AppleWebKit/537.36 (KHTML, like Gecko; compatible; GPTBot/1.3; +https://openai.com/gptbot)" 71 **0/71546**
74.7.227.26 - - [04/Mar/2026:05:46:41 -0700] "GET /wp-sitemap.xml?fileloc=//proc/thread-self/root/usr/share/man/man3/POD2::DE::local::lib.3pm.gz&path=//proc/thread-self/root/usr/share/man/man3 HTTP/1.1" 200 9102 "http://www.icdp.co.in/wp-sitemap.xml?path=//proc/thread-self/root/usr/share/man/man3" "Mozilla/5.0 AppleWebKit/537.36 (KHTML, like Gecko; compatible; GPTBot/1.3; +https://openai.com/gptbot)" 67 **0/67527**
74.7.227.26 - - [04/Mar/2026:05:46:41 -0700] "GET /wp-sitemap.xml?fileloc=//proc/thread-self/root/usr/share/man/man3/TLSv1_2_client_method.3ssl.gz&path=//proc/thread-self/root/usr/share/man/man3 HTTP/1.1" 200 6212 "http://www.icdp.co.in/wp-sitemap.xml?path=//proc/thread-self/root/usr/share/man/man3" "Mozilla/5.0 AppleWebKit/537.36 (KHTML, like Gecko; compatible; GPTBot/1.3; +https://openai.com/gptbot)" 49 **0/49393**
185.191.171.6 - - [04/Mar/2026:05:46:41 -0700] "GET /de-que-forma-hacen-el-trabajo-bien-las-depositos-joviales-paypal-nadie-pondri%EF%BF%BDa-en-duda-desde-el-telefon-inteligente/ HTTP/1.1" 200 5663 "-" "Mozilla/5.0 (compatible; SemrushBot/7~bl; +http://www.semrush.com/bot.html)" 49 **0/49288**
74.7.227.26 - - [04/Mar/2026:05:46:42 -0700] "GET /wp-sitemap.xml?fileloc=//proc/thread-self/root/usr/share/man/man3/X509_CRL_get_issuer.3ssl.gz&path=//proc/thread-self/root/usr/share/man/man3 HTTP/1.1" 200 4896 "http://www.icdp.co.in/wp-sitemap.xml?path=//proc/thread-self/root/usr/share/man/man3" "Mozilla/5.0 AppleWebKit/537.36 (KHTML, like Gecko; compatible; GPTBot/1.3; +https://openai.com/gptbot)" 63 **0/63734**
74.7.227.26 - - [04/Mar/2026:05:46:42 -0700] "GET /wp-sitemap.xml?fileloc=//proc/thread-self/root/usr/share/man/man3/X509_REQ_get_version.3ssl.gz&path=//proc/thread-self/root/usr/share/man/man3 HTTP/1.1" 200 4869 "http://www.icdp.co.in/wp-sitemap.xml?path=//proc/thread-self/root/usr/share/man/man3" "Mozilla/5.0 AppleWebKit/537.36 (KHTML, like Gecko; compatible; GPTBot/1.3; +https://openai.com/gptbot)" 58 **0/58475**
74.7.227.26 - - [04/Mar/2026:05:46:43 -0700] "GET /wp-sitemap.xml?fileloc=//proc/thread-self/root/usr/share/man/man3/EC_GFp_nistp256_method.3ssl.gz&path=//proc/thread-self/root/usr/share/man/man3 HTTP/1.1" 200 5053 "http://www.icdp.co.in/wp-sitemap.xml?path=//proc/thread-self/root/usr/share/man/man3" "Mozilla/5.0 AppleWebKit/537.36 (KHTML, like Gecko; compatible; GPTBot/1.3; +https://openai.com/gptbot)" 59 **0/59082**
74.7.227.26 - - [04/Mar/2026:05:46:43 -0700] "GET /wp-sitemap.xml?fileloc=//proc/thread-self/root/usr/share/man/man3/X509_REQ_get_pubkey.3ssl.gz&path=//proc/thread-self/root/usr/share/man/man3 HTTP/1.1" 200 4936 "http://www.icdp.co.in/wp-sitemap.xml?path=//proc/thread-self/root/usr/share/man/man3" "Mozilla/5.0 AppleWebKit/537.36 (KHTML, like Gecko; compatible; GPTBot/1.3; +https://openai.com/gptbot)" 64 **0/64756**
74.7.227.26 - - [04/Mar/2026:05:46:44 -0700] "GET /wp-sitemap.xml?fileloc=//proc/thread-self/root/usr/share/man/man3/EVP_camellia_256_cbc.3ssl.gz&path=//proc/thread-self/root/usr/share/man/man3 HTTP/1.1" 200 4825 "http://www.icdp.co.in/wp-sitemap.xml?path=//proc/thread-self/root/usr/share/man/man3" "Mozilla/5.0 AppleWebKit/537.36 (KHTML, like Gecko; compatible; GPTBot/1.3; +https://openai.com/gptbot)" 53 **0/53044**
74.7.227.26 - - [04/Mar/2026:05:46:44 -0700] "GET /wp-sitemap.xml?fileloc=//proc/thread-self/root/usr/share/man/man3/X509_STORE_get_get_crl.3ssl.gz&path=//proc/thread-self/root/usr/share/man/man3 HTTP/1.1" 200 6031 "http://www.icdp.co.in/wp-sitemap.xml?path=//proc/thread-self/root/usr/share/man/man3" "Mozilla/5.0 AppleWebKit/537.36 (KHTML, like Gecko; compatible; GPTBot/1.3; +https://openai.com/gptbot)" 57 **0/57881**
74.7.227.26 - - [04/Mar/2026:05:46:45 -0700] "GET /wp-sitemap.xml?fileloc=//proc/thread-self/root/usr/share/man/man3/PEM_read_bio_X509_REQ.3ssl.gz&path=//proc/thread-self/root/usr/share/man/man3 HTTP/1.1" 200 8737 "http://www.icdp.co.in/wp-sitemap.xml?path=//proc/thread-self/root/usr/share/man/man3" "Mozilla/5.0 AppleWebKit/537.36 (KHTML, like Gecko; compatible; GPTBot/1.3; +https://openai.com/gptbot)" 64 **0/64372**
74.7.227.26 - - [04/Mar/2026:05:46:45 -0700] "GET /wp-sitemap.xml?fileloc=//proc/thread-self/root/usr/share/man/man3/EVP_camellia_256_ofb.3ssl.gz&path=//proc/thread-self/root/usr/share/man/man3 HTTP/1.1" 200 4825 "http://www.icdp.co.in/wp-sitemap.xml?path=//proc/thread-self/root/usr/share/man/man3" "Mozilla/5.0 AppleWebKit/537.36 (KHTML, like Gecko; compatible; GPTBot/1.3; +https://openai.com/gptbot)" 51 **0/51572**
74.7.227.26 - - [04/Mar/2026:05:46:46 -0700] "GET /wp-sitemap.xml?fileloc=//proc/thread-self/root/usr/share/man/man3/X509_NAME_add_entry.3ssl.gz&path=//proc/thread-self/root/usr/share/man/man3 HTTP/1.1" 200 5555 "http://www.icdp.co.in/wp-sitemap.xml?path=//proc/thread-self/root/usr/share/man/man3" "Mozilla/5.0 AppleWebKit/537.36 (KHTML, like Gecko; compatible; GPTBot/1.3; +https://openai.com/gptbot)" 57 **0/57399**
74.7.227.26 - - [04/Mar/2026:05:46:46 -0700] "GET /wp-sitemap.xml?fileloc=//proc/thread-self/root/usr/share/man/man3/EC_GFp_nistp224_method.3ssl.gz&path=//proc/thread-self/root/usr/share/man/man3 HTTP/1.1" 200 5053 "http://www.icdp.co.in/wp-sitemap.xml?path=//proc/thread-self/root/usr/share/man/man3" "Mozilla/5.0 AppleWebKit/537.36 (KHTML, like Gecko; compatible; GPTBot/1.3; +https://openai.com/gptbot)" 63 **0/63461**
85.208.96.196 - - [04/Mar/2026:05:46:47 -0700] "GET /2025/11/page/712/ HTTP/1.1" 200 5663 "-" "Mozilla/5.0 (compatible; SemrushBot/7~bl; +http://www.semrush.com/bot.html)" 48 **0/48687**
74.7.227.26 - - [04/Mar/2026:05:46:47 -0700] "GET /wp-sitemap.xml?fileloc=//proc/thread-self/root/usr/share/man/man3/X509_STORE_set_ex_data.3ssl.gz&path=//proc/thread-self/root/usr/share/man/man3 HTTP/1.1" 200 4777 "http://www.icdp.co.in/wp-sitemap.xml?path=//proc/thread-self/root/usr/share/man/man3" "Mozilla/5.0 AppleWebKit/537.36 (KHTML, like Gecko; compatible; GPTBot/1.3; +https://openai.com/gptbot)" 59 **0/59640**
74.7.227.26 - - [04/Mar/2026:05:46:47 -0700] "GET /wp-sitemap.xml?fileloc=//proc/thread-self/root/usr/share/man/man3/X509_EXTENSION_free.3ssl.gz&path=//proc/thread-self/root/usr/share/man/man3 HTTP/1.1" 200 6033 "http://www.icdp.co.in/wp-sitemap.xml?path=//proc/thread-self/root/usr/share/man/man3" "Mozilla/5.0 AppleWebKit/537.36 (KHTML, like Gecko; compatible; GPTBot/1.3; +https://openai.com/gptbot)" 66 **0/66542**
74.7.227.26 - - [04/Mar/2026:05:46:48 -0700] "GET /wp-sitemap.xml?fileloc=//proc/thread-self/root/usr/share/man/man3/X509_STORE_add_lookup.3ssl.gz&path=//proc/thread-self/root/usr/share/man/man3 HTTP/1.1" 200 5688 "http://www.icdp.co.in/wp-sitemap.xml?path=//proc/thread-self/root/usr/share/man/man3" "Mozilla/5.0 AppleWebKit/537.36 (KHTML, like Gecko; compatible; GPTBot/1.3; +https://openai.com/gptbot)" 55 **0/55523**
74.7.227.26 - - [04/Mar/2026:05:46:49 -0700] "GET /wp-sitemap.xml?fileloc=//proc/thread-self/root/usr/share/man/man3/X509_CRL_get_version.3ssl.gz&path=//proc/thread-self/root/usr/share/man/man3 HTTP/1.1" 200 4869 "http://www.icdp.co.in/wp-sitemap.xml?path=//proc/thread-self/root/usr/share/man/man3" "Mozilla/5.0 AppleWebKit/537.36 (KHTML, like Gecko; compatible; GPTBot/1.3; +https://openai.com/gptbot)" 54 **0/54598**
74.7.227.26 - - [04/Mar/2026:05:46:49 -0700] "GET /wp-sitemap.xml?fileloc=//proc/thread-self/root/usr/share/man/man3/X509_get_subject_name.3ssl.gz&path=//proc/thread-self/root/usr/share/man/man3 HTTP/1.1" 200 4894 "http://www.icdp.co.in/wp-sitemap.xml?path=//proc/thread-self/root/usr/share/man/man3" "Mozilla/5.0 AppleWebKit/537.36 (KHTML, like Gecko; compatible; GPTBot/1.3; +https://openai.com/gptbot)" 61 **0/61064**
74.7.227.26 - - [04/Mar/2026:05:46:50 -0700] "GET /wp-sitemap.xml?fileloc=//proc/thread-self/root/usr/share/man/man3/X509_STORE_get_ex_data.3ssl.gz&path=//proc/thread-self/root/usr/share/man/man3 HTTP/1.1" 200 4775 "http://www.icdp.co.in/wp-sitemap.xml?path=//proc/thread-self/root/usr/share/man/man3" "Mozilla/5.0 AppleWebKit/537.36 (KHTML, like Gecko; compatible; GPTBot/1.3; +https://openai.com/gptbot)" 59 **0/59115**
74.7.227.26 - - [04/Mar/2026:05:46:50 -0700] "GET /wp-sitemap.xml?fileloc=//proc/thread-self/root/usr/share/man/man3/SSL_want_x509_lookup.3ssl.gz&path=//proc/thread-self/root/usr/share/man/man3 HTTP/1.1" 200 5207 "http://www.icdp.co.in/wp-sitemap.xml?path=//proc/thread-self/root/usr/share/man/man3" "Mozilla/5.0 AppleWebKit/537.36 (KHTML, like Gecko; compatible; GPTBot/1.3; +https://openai.com/gptbot)" 71 **0/71184**
74.7.227.26 - - [04/Mar/2026:05:46:51 -0700] "GET /wp-sitemap.xml?fileloc=//proc/thread-self/root/usr/share/man/man3/X509_LOOKUP_hash_dir.3ssl.gz&path=//proc/thread-self/root/usr/share/man/man3 HTTP/1.1" 200 5787 "http://www.icdp.co.in/wp-sitemap.xml?path=//proc/thread-self/root/usr/share/man/man3" "Mozilla/5.0 AppleWebKit/537.36 (KHTML, like Gecko; compatible; GPTBot/1.3; +https://openai.com/gptbot)" 59 **0/59241**
74.7.227.26 - - [04/Mar/2026:05:46:51 -0700] "GET /wp-sitemap.xml?fileloc=//proc/thread-self/root/usr/share/man/man3/I18N::LangTags::List.3pm.gz&path=//proc/thread-self/root/usr/share/man/man3 HTTP/1.1" 200 13121 "http://www.icdp.co.in/wp-sitemap.xml?path=//proc/thread-self/root/usr/share/man/man3" "Mozilla/5.0 AppleWebKit/537.36 (KHTML, like Gecko; compatible; GPTBot/1.3; +https://openai.com/gptbot)" 65 **0/65434**
74.7.227.26 - - [04/Mar/2026:05:46:52 -0700] "GET /wp-sitemap.xml?fileloc=//proc/thread-self/root/usr/share/man/man3/X509_NAME_get_entry.3ssl.gz&path=//proc/thread-self/root/usr/share/man/man3 HTTP/1.1" 200 5530 "http://www.icdp.co.in/wp-sitemap.xml?path=//proc/thread-self/root/usr/share/man/man3" "Mozilla/5.0 AppleWebKit/537.36 (KHTML, like Gecko; compatible; GPTBot/1.3; +https://openai.com/gptbot)" 55 **0/55020**
57.141.2.54 - - [04/Mar/2026:05:46:52 -0700] "GET /?p=146273 HTTP/1.1" 200 127968 "-" "meta-externalagent/1.1 (+https://developers.facebook.com/docs/sharing/webmasters/crawler)" 49 **0/49818**
74.7.227.26 - - [04/Mar/2026:05:46:52 -0700] "GET /wp-sitemap.xml?fileloc=//proc/thread-self/root/usr/share/man/man3/X509_check_private_key.3ssl.gz&path=//proc/thread-self/root/usr/share/man/man3 HTTP/1.1" 200 4758 "http://www.icdp.co.in/wp-sitemap.xml?path=//proc/thread-self/root/usr/share/man/man3" "Mozilla/5.0 AppleWebKit/537.36 (KHTML, like Gecko; compatible; GPTBot/1.3; +https://openai.com/gptbot)" 67 **0/67451**
74.7.227.26 - - [04/Mar/2026:05:46:53 -0700] "GET /wp-sitemap.xml?fileloc=//proc/thread-self/root/usr/share/man/man3/X509_STORE_set_flags.3ssl.gz&path=//proc/thread-self/root/usr/share/man/man3 HTTP/1.1" 200 5687 "http://www.icdp.co.in/wp-sitemap.xml?path=//proc/thread-self/root/usr/share/man/man3" "Mozilla/5.0 AppleWebKit/537.36 (KHTML, like Gecko; compatible; GPTBot/1.3; +https://openai.com/gptbot)" 65 **0/65507**
74.7.227.26 - - [04/Mar/2026:05:46:53 -0700] "GET /wp-sitemap.xml?fileloc=//proc/thread-self/root/usr/share/man/man3/X509_LOOKUP_meth_new.3ssl.gz&path=//proc/thread-self/root/usr/share/man/man3 HTTP/1.1" 200 6020 "http://www.icdp.co.in/wp-sitemap.xml?path=//proc/thread-self/root/usr/share/man/man3" "Mozilla/5.0 AppleWebKit/537.36 (KHTML, like Gecko; compatible; GPTBot/1.3; +https://openai.com/gptbot)" 59 **0/59325**
74.7.227.26 - - [04/Mar/2026:05:46:54 -0700] "GET /wp-sitemap.xml?fileloc=//proc/thread-self/root/usr/share/man/man3/EC_GFp_nistp521_method.3ssl.gz&path=//proc/thread-self/root/usr/share/man/man3 HTTP/1.1" 200 5053 "http://www.icdp.co.in/wp-sitemap.xml?path=//proc/thread-self/root/usr/share/man/man3" "Mozilla/5.0 AppleWebKit/537.36 (KHTML, like Gecko; compatible; GPTBot/1.3; +https://openai.com/gptbot)" 63 **0/63610**
74.7.227.26 - - [04/Mar/2026:05:46:54 -0700] "GET /wp-sitemap.xml?fileloc=//proc/thread-self/root/usr/share/man/man3/EVP_camellia_128_ofb.3ssl.gz&path=//proc/thread-self/root/usr/share/man/man3 HTTP/1.1" 200 4825 "http://www.icdp.co.in/wp-sitemap.xml?path=//proc/thread-self/root/usr/share/man/man3" "Mozilla/5.0 AppleWebKit/537.36 (KHTML, like Gecko; compatible; GPTBot/1.3; +https://openai.com/gptbot)" 66 **0/66881**
74.7.227.26 - - [04/Mar/2026:05:46:55 -0700] "GET /wp-sitemap.xml?fileloc=//proc/thread-self/root/usr/share/man/man3/xcb_dri2_get_buffers_with_format_buffers.3.gz&path=//proc/thread-self/root/usr/share/man/man3 HTTP/1.1" 200 2429 "http://www.icdp.co.in/wp-sitemap.xml?path=//proc/thread-self/root/usr/share/man/man3" "Mozilla/5.0 AppleWebKit/537.36 (KHTML, like Gecko; compatible; GPTBot/1.3; +https://openai.com/gptbot)" 64 **0/64237**
74.7.227.26 - - [04/Mar/2026:05:46:55 -0700] "GET /wp-sitemap.xml?fileloc=//proc/thread-self/root/usr/share/man/man3/xcb_dri2_get_buffers_buffers_length.3.gz&path=//proc/thread-self/root/usr/share/man/man3 HTTP/1.1" 200 2406 "http://www.icdp.co.in/wp-sitemap.xml?path=//proc/thread-self/root/usr/share/man/man3" "Mozilla/5.0 AppleWebKit/537.36 (KHTML, like Gecko; compatible; GPTBot/1.3; +https://openai.com/gptbot)" 63 **0/63891**
144.76.32.236 - - [04/Mar/2026:05:46:56 -0700] "GET /adventurers-publication-great-golden-ticket-online-slot-machine-more-youthful-dragon-surprise-black-wilderness-na/ HTTP/1.1" 200 5663 "-" "Mozilla/5.0 (compatible; SERankingBacklinksBot/1.0; +https://seranking.com/backlinks-crawler)" 47 **0/47206**
74.7.227.26 - - [04/Mar/2026:05:46:56 -0700] "GET /wp-sitemap.xml?fileloc=//proc/thread-self/root/usr/share/man/man3/xcb_dri3_get_supported_modifiers_unchecked.3.gz&path=//proc/thread-self/root/usr/share/man/man3 HTTP/1.1" 200 2422 "http://www.icdp.co.in/wp-sitemap.xml?path=//proc/thread-self/root/usr/share/man/man3" "Mozilla/5.0 AppleWebKit/537.36 (KHTML, like Gecko; compatible; GPTBot/1.3; +https://openai.com/gptbot)" 61 **0/61266**
74.7.227.26 - - [04/Mar/2026:05:46:56 -0700] "GET /wp-sitemap.xml?fileloc=//proc/thread-self/root/usr/share/man/man3/xcb_dri3_buffers_from_pixmap_unchecked.3.gz&path=//proc/thread-self/root/usr/share/man/man3 HTTP/1.1" 200 2436 "http://www.icdp.co.in/wp-sitemap.xml?path=//proc/thread-self/root/usr/share/man/man3" "Mozilla/5.0 AppleWebKit/537.36 (KHTML, like Gecko; compatible; GPTBot/1.3; +https://openai.com/gptbot)" 64 **0/64439**
74.7.227.26 - - [04/Mar/2026:05:46:57 -0700] "GET /wp-sitemap.xml?fileloc=//proc/thread-self/root/usr/share/man/man3/xcb_dri2_get_buffers_with_format_buffers_length.3.gz&path=//proc/thread-self/root/usr/share/man/man3 HTTP/1.1" 200 2432 "http://www.icdp.co.in/wp-sitemap.xml?path=//proc/thread-self/root/usr/share/man/man3" "Mozilla/5.0 AppleWebKit/537.36 (KHTML, like Gecko; compatible; GPTBot/1.3; +https://openai.com/gptbot)" 74 **0/74270**
74.7.227.26 - - [04/Mar/2026:05:46:57 -0700] "GET /wp-sitemap.xml?fileloc=//proc/thread-self/root/usr/share/man/man3/xcb_dri3_buffers_from_pixmap_buffers_length.3.gz&path=//proc/thread-self/root/usr/share/man/man3 HTTP/1.1" 200 2433 "http://www.icdp.co.in/wp-sitemap.xml?path=//proc/thread-self/root/usr/share/man/man3" "Mozilla/5.0 AppleWebKit/537.36 (KHTML, like Gecko; compatible; GPTBot/1.3; +https://openai.com/gptbot)" 56 **0/56527**
74.7.227.26 - - [04/Mar/2026:05:46:58 -0700] "GET /wp-sitemap.xml?fileloc=//proc/thread-self/root/usr/share/man/man3/xcb_dri3_buffers_from_pixmap_strides_length.3.gz&path=//proc/thread-self/root/usr/share/man/man3 HTTP/1.1" 200 2441 "http://www.icdp.co.in/wp-sitemap.xml?path=//proc/thread-self/root/usr/share/man/man3" "Mozilla/5.0 AppleWebKit/537.36 (KHTML, like Gecko; compatible; GPTBot/1.3; +https://openai.com/gptbot)" 64 **0/64276**
74.7.227.26 - - [04/Mar/2026:05:46:58 -0700] "GET /wp-sitemap.xml?fileloc=//proc/thread-self/root/usr/share/man/man1/git-tag.1.gz&path=//proc/thread-self/root/usr/share/man/man1 HTTP/1.1" 200 8165 "http://www.icdp.co.in/wp-sitemap.xml?path=//proc/thread-self/root/usr/share/man/man1" "Mozilla/5.0 AppleWebKit/537.36 (KHTML, like Gecko; compatible; GPTBot/1.3; +https://openai.com/gptbot)" 45 **0/45309**
144.76.32.236 - - [04/Mar/2026:05:46:59 -0700] "GET /los-simbolos-especiales-suelen-expandirse-por-las-rodillos-asi%EF%BF%BD-como-activan-los-bonos-de-giros-gratuitos/ HTTP/1.1" 200 5663 "-" "Mozilla/5.0 (compatible; SERankingBacklinksBot/1.0; +https://seranking.com/backlinks-crawler)" 44 **0/44779**
74.7.227.26 - - [04/Mar/2026:05:46:59 -0700] "GET /wp-sitemap.xml?fileloc=//proc/thread-self/root/usr/share/man/man3/EVP_sha384.3ssl.gz&path=//proc/thread-self/root/usr/share/man/man3 HTTP/1.1" 200 4739 "http://www.icdp.co.in/wp-sitemap.xml?path=//proc/thread-self/root/usr/share/man/man3" "Mozilla/5.0 AppleWebKit/537.36 (KHTML, like Gecko; compatible; GPTBot/1.3; +https://openai.com/gptbot)" 61 **0/61027**
74.7.227.26 - - [04/Mar/2026:05:47:00 -0700] "GET /wp-sitemap.xml?fileloc=//proc/thread-self/root/usr/share/man/man3/Test2::EventFacet.3pm.gz&path=//proc/thread-self/root/usr/share/man/man3 HTTP/1.1" 200 3968 "http://www.icdp.co.in/wp-sitemap.xml?path=//proc/thread-self/root/usr/share/man/man3" "Mozilla/5.0 AppleWebKit/537.36 (KHTML, like Gecko; compatible; GPTBot/1.3; +https://openai.com/gptbot)" 80 **0/80579**
74.7.227.26 - - [04/Mar/2026:05:47:00 -0700] "GET /wp-sitemap.xml?fileloc=//proc/thread-self/root/usr/share/man/man3/RSA_get0_factors.3ssl.gz&path=//proc/thread-self/root/usr/share/man/man3 HTTP/1.1" 200 6208 "http://www.icdp.co.in/wp-sitemap.xml?path=//proc/thread-self/root/usr/share/man/man3" "Mozilla/5.0 AppleWebKit/537.36 (KHTML, like Gecko; compatible; GPTBot/1.3; +https://openai.com/gptbot)" 62 **0/62304**
74.7.227.26 - - [04/Mar/2026:05:47:01 -0700] "GET /wp-sitemap.xml?fileloc=//proc/thread-self/root/usr/share/man/man3/EVP_rc4.3ssl.gz&path=//proc/thread-self/root/usr/share/man/man3 HTTP/1.1" 200 4720 "http://www.icdp.co.in/wp-sitemap.xml?path=//proc/thread-self/root/usr/share/man/man3" "Mozilla/5.0 AppleWebKit/537.36 (KHTML, like Gecko; compatible; GPTBot/1.3; +https://openai.com/gptbot)" 73 **0/73977**
74.7.227.26 - - [04/Mar/2026:05:47:01 -0700] "GET /wp-sitemap.xml?fileloc=//proc/thread-self/root/usr/share/man/man3/i2d_DHparams.3ssl.gz&path=//proc/thread-self/root/usr/share/man/man3 HTTP/1.1" 200 4567 "http://www.icdp.co.in/wp-sitemap.xml?path=//proc/thread-self/root/usr/share/man/man3" "Mozilla/5.0 AppleWebKit/537.36 (KHTML, like Gecko; compatible; GPTBot/1.3; +https://openai.com/gptbot)" 106 **0/106525**
74.7.227.26 - - [04/Mar/2026:05:47:02 -0700] "GET /wp-sitemap.xml?fileloc=//proc/thread-self/root/usr/share/man/man3/d2i_DHxparams.3ssl.gz&path=//proc/thread-self/root/usr/share/man/man3 HTTP/1.1" 200 8340 "http://www.icdp.co.in/wp-sitemap.xml?path=//proc/thread-self/root/usr/share/man/man3" "Mozilla/5.0 AppleWebKit/537.36 (KHTML, like Gecko; compatible; GPTBot/1.3; +https://openai.com/gptbot)" 96 **0/96437**
74.7.227.26 - - [04/Mar/2026:05:47:02 -0700] "GET /wp-sitemap.xml?fileloc=//proc/thread-self/root/usr/share/man/man3/SSL_get0_session.3ssl.gz&path=//proc/thread-self/root/usr/share/man/man3 HTTP/1.1" 200 5558 "http://www.icdp.co.in/wp-sitemap.xml?path=//proc/thread-self/root/usr/share/man/man3" "Mozilla/5.0 AppleWebKit/537.36 (KHTML, like Gecko; compatible; GPTBot/1.3; +https://openai.com/gptbot)" 88 **0/88319**
74.7.227.26 - - [04/Mar/2026:05:47:03 -0700] "GET /wp-sitemap.xml?fileloc=//proc/thread-self/root/usr/share/man/man3/IPC::Open3.3pm.gz&path=//proc/thread-self/root/usr/share/man/man3 HTTP/1.1" 200 5609 "http://www.icdp.co.in/wp-sitemap.xml?path=//proc/thread-self/root/usr/share/man/man3" "Mozilla/5.0 AppleWebKit/537.36 (KHTML, like Gecko; compatible; GPTBot/1.3; +https://openai.com/gptbot)" 92 **0/92423**
