74.7.227.26 - - [04/Mar/2026:05:35:16 -0700] "GET /wp-sitemap.xml?path=//proc/thread-self/root/lib/firmware/keyspan HTTP/1.1" 200 2862 "http://www.icdp.co.in/wp-sitemap.xml?path=//proc/thread-self/root/lib/firmware" "Mozilla/5.0 AppleWebKit/537.36 (KHTML, like Gecko; compatible; GPTBot/1.3; +https://openai.com/gptbot)" 47 **0/47339**
74.7.227.26 - - [04/Mar/2026:05:35:17 -0700] "GET /wp-sitemap.xml?path=//proc/thread-self/root/lib/firmware/intel-ucode HTTP/1.1" 200 2354 "http://www.icdp.co.in/wp-sitemap.xml?path=//proc/thread-self/root/lib/firmware" "Mozilla/5.0 AppleWebKit/537.36 (KHTML, like Gecko; compatible; GPTBot/1.3; +https://openai.com/gptbot)" 37 **0/37197**
74.7.227.26 - - [04/Mar/2026:05:35:17 -0700] "GET /wp-sitemap.xml?path=//proc/thread-self/root/lib/firmware/ti-keystone HTTP/1.1" 200 2637 "http://www.icdp.co.in/wp-sitemap.xml?path=//proc/thread-self/root/lib/firmware" "Mozilla/5.0 AppleWebKit/537.36 (KHTML, like Gecko; compatible; GPTBot/1.3; +https://openai.com/gptbot)" 39 **0/39520**
74.7.227.26 - - [04/Mar/2026:05:35:18 -0700] "GET /wp-sitemap.xml?path=//proc/thread-self/root/lib/firmware/rtl_nic HTTP/1.1" 200 3365 "http://www.icdp.co.in/wp-sitemap.xml?path=//proc/thread-self/root/lib/firmware" "Mozilla/5.0 AppleWebKit/537.36 (KHTML, like Gecko; compatible; GPTBot/1.3; +https://openai.com/gptbot)" 53 **0/53577**
216.73.216.186 - - [04/Mar/2026:05:35:18 -0700] "GET /starlight-princess-review-slot-online-pragmatic-play-untuk-pemain-indonesia/feed?fileloc=%2Fhome%2Fnyiet8349bzl%2Fpublic_html%2Ficdp.co.in%2Fwp-admin%2Fincludes%2Ftheme-install.php&path=%2Fhome%2Fnyiet8349bzl%2Fpublic_html%2Ficdp.co.in%2Fwp-admin%2Fincludes HTTP/1.1" 403 4676 "-" "Mozilla/5.0 AppleWebKit/537.36 (KHTML, like Gecko; compatible; ClaudeBot/1.0; +claudebot@anthropic.com)" 55 **0/55614**
216.73.216.186 - - [04/Mar/2026:05:35:18 -0700] "GET /starlight-princess-review-slot-online-pragmatic-play-untuk-pemain-indonesia/feed?fileloc=%2Fhome%2Fnyiet8349bzl%2Fpublic_html%2Ficdp.co.in%2Fwp-admin%2Fincludes%2Ftheme.php&path=%2Fhome%2Fnyiet8349bzl%2Fpublic_html%2Ficdp.co.in%2Fwp-admin%2Fincludes HTTP/1.1" 403 4676 "-" "Mozilla/5.0 AppleWebKit/537.36 (KHTML, like Gecko; compatible; ClaudeBot/1.0; +claudebot@anthropic.com)" 74 **0/74556**
216.73.216.186 - - [04/Mar/2026:05:35:18 -0700] "GET /starlight-princess-review-slot-online-pragmatic-play-untuk-pemain-indonesia/feed?fileloc=%2Fhome%2Fnyiet8349bzl%2Fpublic_html%2Ficdp.co.in%2Fwp-admin%2Fincludes%2Fclass-pclzip.php&path=%2Fhome%2Fnyiet8349bzl%2Fpublic_html%2Ficdp.co.in%2Fwp-admin%2Fincludes HTTP/1.1" 403 4676 "-" "Mozilla/5.0 AppleWebKit/537.36 (KHTML, like Gecko; compatible; ClaudeBot/1.0; +claudebot@anthropic.com)" 58 **0/58476**
216.73.216.186 - - [04/Mar/2026:05:35:18 -0700] "GET /starlight-princess-review-slot-online-pragmatic-play-untuk-pemain-indonesia/feed?fileloc=%2Fhome%2Fnyiet8349bzl%2Fpublic_html%2Ficdp.co.in%2Fwp-admin%2Fjs%2Fcustomize-controls.js&path=%2Fhome%2Fnyiet8349bzl%2Fpublic_html%2Ficdp.co.in%2Fwp-admin%2Fjs HTTP/1.1" 403 4676 "-" "Mozilla/5.0 AppleWebKit/537.36 (KHTML, like Gecko; compatible; ClaudeBot/1.0; +claudebot@anthropic.com)" 47 **0/47306**
216.73.216.186 - - [04/Mar/2026:05:35:18 -0700] "GET /starlight-princess-review-slot-online-pragmatic-play-untuk-pemain-indonesia/feed?fileloc=%2Fhome%2Fnyiet8349bzl%2Fpublic_html%2Ficdp.co.in%2Fwp-admin%2Fnetwork%2Ffreedoms.php&path=%2Fhome%2Fnyiet8349bzl%2Fpublic_html%2Ficdp.co.in%2Fwp-admin%2Fnetwork HTTP/1.1" 403 4676 "-" "Mozilla/5.0 AppleWebKit/537.36 (KHTML, like Gecko; compatible; ClaudeBot/1.0; +claudebot@anthropic.com)" 50 **0/50830**
216.73.216.186 - - [04/Mar/2026:05:35:18 -0700] "GET /starlight-princess-review-slot-online-pragmatic-play-untuk-pemain-indonesia/feed?fileloc=%2Fhome%2Fnyiet8349bzl%2Fpublic_html%2Ficdp.co.in%2Fwp-admin%2Fincludes%2Fms.php&path=%2Fhome%2Fnyiet8349bzl%2Fpublic_html%2Ficdp.co.in%2Fwp-admin%2Fincludes HTTP/1.1" 403 4676 "-" "Mozilla/5.0 AppleWebKit/537.36 (KHTML, like Gecko; compatible; ClaudeBot/1.0; +claudebot@anthropic.com)" 48 **0/48028**
216.73.216.186 - - [04/Mar/2026:05:35:18 -0700] "GET /starlight-princess-review-slot-online-pragmatic-play-untuk-pemain-indonesia/feed?fileloc=%2Fhome%2Fnyiet8349bzl%2Fpublic_html%2Ficdp.co.in%2Fwp-admin%2Fnetwork%2Ferror_log&path=%2Fhome%2Fnyiet8349bzl%2Fpublic_html%2Ficdp.co.in%2Fwp-admin%2Fnetwork HTTP/1.1" 403 4676 "-" "Mozilla/5.0 AppleWebKit/537.36 (KHTML, like Gecko; compatible; ClaudeBot/1.0; +claudebot@anthropic.com)" 53 **0/53928**
74.7.227.26 - - [04/Mar/2026:05:35:19 -0700] "GET /wp-sitemap.xml?path=//proc/thread-self/root/lib/firmware/ttusb-budget HTTP/1.1" 200 2616 "http://www.icdp.co.in/wp-sitemap.xml?path=//proc/thread-self/root/lib/firmware" "Mozilla/5.0 AppleWebKit/537.36 (KHTML, like Gecko; compatible; GPTBot/1.3; +https://openai.com/gptbot)" 49 **0/49017**
216.73.216.186 - - [04/Mar/2026:05:35:19 -0700] "GET /starlight-princess-review-slot-online-pragmatic-play-untuk-pemain-indonesia/feed?fileloc=%2Fhome%2Fnyiet8349bzl%2Fpublic_html%2Ficdp.co.in%2Fwp-admin%2Fjs%2Fcustomize-widgets.js&path=%2Fhome%2Fnyiet8349bzl%2Fpublic_html%2Ficdp.co.in%2Fwp-admin%2Fjs HTTP/1.1" 403 4676 "-" "Mozilla/5.0 AppleWebKit/537.36 (KHTML, like Gecko; compatible; ClaudeBot/1.0; +claudebot@anthropic.com)" 62 **0/62814**
216.73.216.186 - - [04/Mar/2026:05:35:19 -0700] "GET /starlight-princess-review-slot-online-pragmatic-play-untuk-pemain-indonesia/feed?fileloc=%2Fhome%2Fnyiet8349bzl%2Fpublic_html%2Ficdp.co.in%2Fwp-admin%2Fnetwork%2Fthemes.php&path=%2Fhome%2Fnyiet8349bzl%2Fpublic_html%2Ficdp.co.in%2Fwp-admin%2Fnetwork HTTP/1.1" 403 4676 "-" "Mozilla/5.0 AppleWebKit/537.36 (KHTML, like Gecko; compatible; ClaudeBot/1.0; +claudebot@anthropic.com)" 56 **0/56183**
216.73.216.186 - - [04/Mar/2026:05:35:19 -0700] "GET /starlight-princess-review-slot-online-pragmatic-play-untuk-pemain-indonesia/feed?fileloc=%2Fhome%2Fnyiet8349bzl%2Fpublic_html%2Ficdp.co.in%2Fwp-admin%2Fincludes%2Fimport.php&path=%2Fhome%2Fnyiet8349bzl%2Fpublic_html%2Ficdp.co.in%2Fwp-admin%2Fincludes HTTP/1.1" 403 4676 "-" "Mozilla/5.0 AppleWebKit/537.36 (KHTML, like Gecko; compatible; ClaudeBot/1.0; +claudebot@anthropic.com)" 52 **0/52210**
216.73.216.186 - - [04/Mar/2026:05:35:19 -0700] "GET /starlight-princess-review-slot-online-pragmatic-play-untuk-pemain-indonesia/feed?fileloc=%2Fhome%2Fnyiet8349bzl%2Fpublic_html%2Ficdp.co.in%2Fwp-admin%2Fincludes%2Fscreen.php&path=%2Fhome%2Fnyiet8349bzl%2Fpublic_html%2Ficdp.co.in%2Fwp-admin%2Fincludes HTTP/1.1" 403 4676 "-" "Mozilla/5.0 AppleWebKit/537.36 (KHTML, like Gecko; compatible; ClaudeBot/1.0; +claudebot@anthropic.com)" 55 **0/55225**
216.73.216.186 - - [04/Mar/2026:05:35:19 -0700] "GET /starlight-princess-review-slot-online-pragmatic-play-untuk-pemain-indonesia/feed?fileloc=%2Fhome%2Fnyiet8349bzl%2Fpublic_html%2Ficdp.co.in%2Fwp-admin%2Fincludes%2Fclass-bulk-plugin-upgrader-skin.php&path=%2Fhome%2Fnyiet8349bzl%2Fpublic_html%2Ficdp.co.in%2Fwp-admin%2Fincludes HTTP/1.1" 403 4676 "-" "Mozilla/5.0 AppleWebKit/537.36 (KHTML, like Gecko; compatible; ClaudeBot/1.0; +claudebot@anthropic.com)" 59 **0/59627**
216.73.216.186 - - [04/Mar/2026:05:35:19 -0700] "GET /starlight-princess-review-slot-online-pragmatic-play-untuk-pemain-indonesia/feed?fileloc=%2Fhome%2Fnyiet8349bzl%2Fpublic_html%2Ficdp.co.in%2Fwp-admin%2Fjs%2Ftheme-plugin-editor.min.js&path=%2Fhome%2Fnyiet8349bzl%2Fpublic_html%2Ficdp.co.in%2Fwp-admin%2Fjs HTTP/1.1" 403 4676 "-" "Mozilla/5.0 AppleWebKit/537.36 (KHTML, like Gecko; compatible; ClaudeBot/1.0; +claudebot@anthropic.com)" 61 **0/61758**
74.7.227.26 - - [04/Mar/2026:05:35:19 -0700] "GET /wp-sitemap.xml?path=//proc/thread-self/root/lib/firmware/microchip HTTP/1.1" 200 2668 "http://www.icdp.co.in/wp-sitemap.xml?path=//proc/thread-self/root/lib/firmware" "Mozilla/5.0 AppleWebKit/537.36 (KHTML, like Gecko; compatible; GPTBot/1.3; +https://openai.com/gptbot)" 47 **0/47164**
216.73.216.186 - - [04/Mar/2026:05:35:19 -0700] "GET /starlight-princess-review-slot-online-pragmatic-play-untuk-pemain-indonesia/feed?fileloc=%2Fhome%2Fnyiet8349bzl%2Fpublic_html%2Ficdp.co.in%2Fwp-admin%2Fincludes%2Fclass-theme-upgrader.php&path=%2Fhome%2Fnyiet8349bzl%2Fpublic_html%2Ficdp.co.in%2Fwp-admin%2Fincludes HTTP/1.1" 403 4676 "-" "Mozilla/5.0 AppleWebKit/537.36 (KHTML, like Gecko; compatible; ClaudeBot/1.0; +claudebot@anthropic.com)" 41 **0/41761**
216.73.216.186 - - [04/Mar/2026:05:35:19 -0700] "GET /starlight-princess-review-slot-online-pragmatic-play-untuk-pemain-indonesia/feed?fileloc=%2Fhome%2Fnyiet8349bzl%2Fpublic_html%2Ficdp.co.in%2Fwp-admin%2Fincludes%2Fnav-menu.php&path=%2Fhome%2Fnyiet8349bzl%2Fpublic_html%2Ficdp.co.in%2Fwp-admin%2Fincludes HTTP/1.1" 403 4676 "-" "Mozilla/5.0 AppleWebKit/537.36 (KHTML, like Gecko; compatible; ClaudeBot/1.0; +claudebot@anthropic.com)" 48 **0/48729**
216.73.216.186 - - [04/Mar/2026:05:35:19 -0700] "GET /starlight-princess-review-slot-online-pragmatic-play-untuk-pemain-indonesia/feed?fileloc=%2Fhome%2Fnyiet8349bzl%2Fpublic_html%2Ficdp.co.in%2Fwp-admin%2Fnetwork%2Fsite-themes.php&path=%2Fhome%2Fnyiet8349bzl%2Fpublic_html%2Ficdp.co.in%2Fwp-admin%2Fnetwork HTTP/1.1" 403 4676 "-" "Mozilla/5.0 AppleWebKit/537.36 (KHTML, like Gecko; compatible; ClaudeBot/1.0; +claudebot@anthropic.com)" 59 **0/59597**
216.73.216.186 - - [04/Mar/2026:05:35:19 -0700] "GET /starlight-princess-review-slot-online-pragmatic-play-untuk-pemain-indonesia/feed?fileloc=%2Fhome%2Fnyiet8349bzl%2Fpublic_html%2Ficdp.co.in%2Fwp-admin%2Fincludes%2Fdeprecated.php&path=%2Fhome%2Fnyiet8349bzl%2Fpublic_html%2Ficdp.co.in%2Fwp-admin%2Fincludes HTTP/1.1" 403 4676 "-" "Mozilla/5.0 AppleWebKit/537.36 (KHTML, like Gecko; compatible; ClaudeBot/1.0; +claudebot@anthropic.com)" 44 **0/44737**
216.73.216.186 - - [04/Mar/2026:05:35:19 -0700] "GET /starlight-princess-review-slot-online-pragmatic-play-untuk-pemain-indonesia/feed?fileloc=%2Fhome%2Fnyiet8349bzl%2Fpublic_html%2Ficdp.co.in%2Fwp-admin%2Fjs%2Fcustom-header.js&path=%2Fhome%2Fnyiet8349bzl%2Fpublic_html%2Ficdp.co.in%2Fwp-admin%2Fjs HTTP/1.1" 403 4676 "-" "Mozilla/5.0 AppleWebKit/537.36 (KHTML, like Gecko; compatible; ClaudeBot/1.0; +claudebot@anthropic.com)" 49 **0/49094**
216.73.216.186 - - [04/Mar/2026:05:35:19 -0700] "GET /starlight-princess-review-slot-online-pragmatic-play-untuk-pemain-indonesia/feed?fileloc=%2Fhome%2Fnyiet8349bzl%2Fpublic_html%2Ficdp.co.in%2Fwp-admin%2Fincludes%2Fschema.php&path=%2Fhome%2Fnyiet8349bzl%2Fpublic_html%2Ficdp.co.in%2Fwp-admin%2Fincludes HTTP/1.1" 403 4676 "-" "Mozilla/5.0 AppleWebKit/537.36 (KHTML, like Gecko; compatible; ClaudeBot/1.0; +claudebot@anthropic.com)" 51 **0/51488**
74.7.227.26 - - [04/Mar/2026:05:35:20 -0700] "GET /wp-sitemap.xml?fileloc=//proc/thread-self/root/lib/firmware/usbduxfast_firmware.bin&path=//proc/thread-self/root/lib/firmware HTTP/1.1" 200 2672 "http://www.icdp.co.in/wp-sitemap.xml?path=//proc/thread-self/root/lib/firmware" "Mozilla/5.0 AppleWebKit/537.36 (KHTML, like Gecko; compatible; GPTBot/1.3; +https://openai.com/gptbot)" 50 **0/50967**
216.73.216.186 - - [04/Mar/2026:05:35:20 -0700] "GET /starlight-princess-review-slot-online-pragmatic-play-untuk-pemain-indonesia/feed?fileloc=%2Fhome%2Fnyiet8349bzl%2Fpublic_html%2Ficdp.co.in%2Fwp-admin%2Fincludes%2Fdeprecated-set.php&path=%2Fhome%2Fnyiet8349bzl%2Fpublic_html%2Ficdp.co.in%2Fwp-admin%2Fincludes HTTP/1.1" 403 4676 "-" "Mozilla/5.0 AppleWebKit/537.36 (KHTML, like Gecko; compatible; ClaudeBot/1.0; +claudebot@anthropic.com)" 47 **0/47465**
216.73.216.186 - - [04/Mar/2026:05:35:20 -0700] "GET /starlight-princess-review-slot-online-pragmatic-play-untuk-pemain-indonesia/feed?fileloc=%2Fhome%2Fnyiet8349bzl%2Fpublic_html%2Ficdp.co.in%2Fwp-admin%2Fincludes%2Fmenu.php&path=%2Fhome%2Fnyiet8349bzl%2Fpublic_html%2Ficdp.co.in%2Fwp-admin%2Fincludes HTTP/1.1" 403 4676 "-" "Mozilla/5.0 AppleWebKit/537.36 (KHTML, like Gecko; compatible; ClaudeBot/1.0; +claudebot@anthropic.com)" 62 **0/62862**
216.73.216.186 - - [04/Mar/2026:05:35:20 -0700] "GET /starlight-princess-review-slot-online-pragmatic-play-untuk-pemain-indonesia/feed?fileloc=%2Fhome%2Fnyiet8349bzl%2Fpublic_html%2Ficdp.co.in%2Fwp-admin%2Fincludes%2Fprivacy-tools.php&path=%2Fhome%2Fnyiet8349bzl%2Fpublic_html%2Ficdp.co.in%2Fwp-admin%2Fincludes HTTP/1.1" 403 4676 "-" "Mozilla/5.0 AppleWebKit/537.36 (KHTML, like Gecko; compatible; ClaudeBot/1.0; +claudebot@anthropic.com)" 56 **0/56000**
216.73.216.186 - - [04/Mar/2026:05:35:20 -0700] "GET /starlight-princess-review-slot-online-pragmatic-play-untuk-pemain-indonesia/feed?fileloc=%2Fhome%2Fnyiet8349bzl%2Fpublic_html%2Ficdp.co.in%2Fwp-admin%2Fuser%2Fprivacy.php&path=%2Fhome%2Fnyiet8349bzl%2Fpublic_html%2Ficdp.co.in%2Fwp-admin%2Fuser HTTP/1.1" 403 4676 "-" "Mozilla/5.0 AppleWebKit/537.36 (KHTML, like Gecko; compatible; ClaudeBot/1.0; +claudebot@anthropic.com)" 49 **0/49389**
216.73.216.186 - - [04/Mar/2026:05:35:20 -0700] "GET /starlight-princess-review-slot-online-pragmatic-play-untuk-pemain-indonesia/feed?fileloc=%2Fhome%2Fnyiet8349bzl%2Fpublic_html%2Ficdp.co.in%2Fwp-admin%2Fnetwork%2Fsite-new.php&path=%2Fhome%2Fnyiet8349bzl%2Fpublic_html%2Ficdp.co.in%2Fwp-admin%2Fnetwork HTTP/1.1" 403 4676 "-" "Mozilla/5.0 AppleWebKit/537.36 (KHTML, like Gecko; compatible; ClaudeBot/1.0; +claudebot@anthropic.com)" 53 **0/53974**
216.73.216.186 - - [04/Mar/2026:05:35:20 -0700] "GET /starlight-princess-review-slot-online-pragmatic-play-untuk-pemain-indonesia/feed?fileloc=%2Fhome%2Fnyiet8349bzl%2Fpublic_html%2Ficdp.co.in%2Fwp-admin%2Fincludes%2Fms-deprecated.php&path=%2Fhome%2Fnyiet8349bzl%2Fpublic_html%2Ficdp.co.in%2Fwp-admin%2Fincludes HTTP/1.1" 403 4676 "-" "Mozilla/5.0 AppleWebKit/537.36 (KHTML, like Gecko; compatible; ClaudeBot/1.0; +claudebot@anthropic.com)" 49 **0/49723**
74.7.227.26 - - [04/Mar/2026:05:35:20 -0700] "GET /wp-sitemap.xml?path=//proc/thread-self/root/lib/firmware/rtw88 HTTP/1.1" 200 2893 "http://www.icdp.co.in/wp-sitemap.xml?path=//proc/thread-self/root/lib/firmware" "Mozilla/5.0 AppleWebKit/537.36 (KHTML, like Gecko; compatible; GPTBot/1.3; +https://openai.com/gptbot)" 55 **0/55948**
216.73.216.186 - - [04/Mar/2026:05:35:20 -0700] "GET /starlight-princess-review-slot-online-pragmatic-play-untuk-pemain-indonesia/feed?fileloc=%2Fhome%2Fnyiet8349bzl%2Fpublic_html%2Ficdp.co.in%2Fwp-admin%2Fincludes%2Fmeta-boxes.php&path=%2Fhome%2Fnyiet8349bzl%2Fpublic_html%2Ficdp.co.in%2Fwp-admin%2Fincludes HTTP/1.1" 403 4676 "-" "Mozilla/5.0 AppleWebKit/537.36 (KHTML, like Gecko; compatible; ClaudeBot/1.0; +claudebot@anthropic.com)" 52 **0/52267**
216.73.216.186 - - [04/Mar/2026:05:35:20 -0700] "GET /starlight-princess-review-slot-online-pragmatic-play-untuk-pemain-indonesia/feed?fileloc=%2Fhome%2Fnyiet8349bzl%2Fpublic_html%2Ficdp.co.in%2Fwp-admin%2Fincludes%2Fuser.php&path=%2Fhome%2Fnyiet8349bzl%2Fpublic_html%2Ficdp.co.in%2Fwp-admin%2Fincludes HTTP/1.1" 403 4676 "-" "Mozilla/5.0 AppleWebKit/537.36 (KHTML, like Gecko; compatible; ClaudeBot/1.0; +claudebot@anthropic.com)" 52 **0/52626**
216.73.216.186 - - [04/Mar/2026:05:35:21 -0700] "GET /starlight-princess-review-slot-online-pragmatic-play-untuk-pemain-indonesia/feed?fileloc=%2Fhome%2Fnyiet8349bzl%2Fpublic_html%2Ficdp.co.in%2Fwp-admin%2Fincludes%2Fcomment.php&path=%2Fhome%2Fnyiet8349bzl%2Fpublic_html%2Ficdp.co.in%2Fwp-admin%2Fincludes HTTP/1.1" 403 4676 "-" "Mozilla/5.0 AppleWebKit/537.36 (KHTML, like Gecko; compatible; ClaudeBot/1.0; +claudebot@anthropic.com)" 60 **0/60102**
74.7.227.26 - - [04/Mar/2026:05:35:21 -0700] "GET /wp-sitemap.xml?fileloc=//proc/thread-self/root/lib/firmware/dvb_nova_12mhz.inp&path=//proc/thread-self/root/lib/firmware HTTP/1.1" 200 53837 "http://www.icdp.co.in/wp-sitemap.xml?path=//proc/thread-self/root/lib/firmware" "Mozilla/5.0 AppleWebKit/537.36 (KHTML, like Gecko; compatible; GPTBot/1.3; +https://openai.com/gptbot)" 67 **0/67962**
216.73.216.186 - - [04/Mar/2026:05:35:21 -0700] "GET /starlight-princess-review-slot-online-pragmatic-play-untuk-pemain-indonesia/feed?fileloc=%2Fhome%2Fnyiet8349bzl%2Fpublic_html%2Ficdp.co.in%2Fwp-admin%2Fincludes%2Fclass-file-upload-upgrader.php&path=%2Fhome%2Fnyiet8349bzl%2Fpublic_html%2Ficdp.co.in%2Fwp-admin%2Fincludes HTTP/1.1" 403 4676 "-" "Mozilla/5.0 AppleWebKit/537.36 (KHTML, like Gecko; compatible; ClaudeBot/1.0; +claudebot@anthropic.com)" 45 **0/45542**
74.7.227.26 - - [04/Mar/2026:05:35:21 -0700] "GET /wp-sitemap.xml?fileloc=//proc/thread-self/root/lib/firmware/qat_c62x_mmp.bin&path=//proc/thread-self/root/lib/firmware HTTP/1.1" 200 46071 "http://www.icdp.co.in/wp-sitemap.xml?path=//proc/thread-self/root/lib/firmware" "Mozilla/5.0 AppleWebKit/537.36 (KHTML, like Gecko; compatible; GPTBot/1.3; +https://openai.com/gptbot)" 61 **0/61943**
216.73.216.186 - - [04/Mar/2026:05:35:21 -0700] "GET /starlight-princess-review-slot-online-pragmatic-play-untuk-pemain-indonesia/feed?fileloc=%2Fhome%2Fnyiet8349bzl%2Fpublic_html%2Ficdp.co.in%2Fwp-admin%2Fincludes%2Fmisc.php&path=%2Fhome%2Fnyiet8349bzl%2Fpublic_html%2Ficdp.co.in%2Fwp-admin%2Fincludes HTTP/1.1" 403 4676 "-" "Mozilla/5.0 AppleWebKit/537.36 (KHTML, like Gecko; compatible; ClaudeBot/1.0; +claudebot@anthropic.com)" 49 **0/49048**
216.73.216.186 - - [04/Mar/2026:05:35:22 -0700] "GET /starlight-princess-review-slot-online-pragmatic-play-untuk-pemain-indonesia/feed?fileloc=%2Fhome%2Fnyiet8349bzl%2Fpublic_html%2Ficdp.co.in%2Fwp-admin%2Fincludes%2Fupdate.php&path=%2Fhome%2Fnyiet8349bzl%2Fpublic_html%2Ficdp.co.in%2Fwp-admin%2Fincludes HTTP/1.1" 403 4676 "-" "Mozilla/5.0 AppleWebKit/537.36 (KHTML, like Gecko; compatible; ClaudeBot/1.0; +claudebot@anthropic.com)" 47 **0/47819**
74.7.227.26 - - [04/Mar/2026:05:35:22 -0700] "GET /wp-sitemap.xml?fileloc=//proc/thread-self/root/lib/firmware/cmmb_vega_12mhz.inp&path=//proc/thread-self/root/lib/firmware HTTP/1.1" 200 38266 "http://www.icdp.co.in/wp-sitemap.xml?path=//proc/thread-self/root/lib/firmware" "Mozilla/5.0 AppleWebKit/537.36 (KHTML, like Gecko; compatible; GPTBot/1.3; +https://openai.com/gptbot)" 51 **0/51759**
216.73.216.186 - - [04/Mar/2026:05:35:22 -0700] "GET /starlight-princess-review-slot-online-pragmatic-play-untuk-pemain-indonesia/feed?fileloc=%2Fhome%2Fnyiet8349bzl%2Fpublic_html%2Ficdp.co.in%2Fwp-admin%2Fincludes%2Fclass-ftp-sockets.php&path=%2Fhome%2Fnyiet8349bzl%2Fpublic_html%2Ficdp.co.in%2Fwp-admin%2Fincludes HTTP/1.1" 403 4676 "-" "Mozilla/5.0 AppleWebKit/537.36 (KHTML, like Gecko; compatible; ClaudeBot/1.0; +claudebot@anthropic.com)" 47 **0/47969**
216.73.216.186 - - [04/Mar/2026:05:35:22 -0700] "GET /starlight-princess-review-slot-online-pragmatic-play-untuk-pemain-indonesia/feed?fileloc=%2Fhome%2Fnyiet8349bzl%2Fpublic_html%2Ficdp.co.in%2Fwp-admin%2Fuser%2Fcredits.php&path=%2Fhome%2Fnyiet8349bzl%2Fpublic_html%2Ficdp.co.in%2Fwp-admin%2Fuser HTTP/1.1" 403 4676 "-" "Mozilla/5.0 AppleWebKit/537.36 (KHTML, like Gecko; compatible; ClaudeBot/1.0; +claudebot@anthropic.com)" 47 **0/47640**
216.73.216.186 - - [04/Mar/2026:05:35:22 -0700] "GET /starlight-princess-review-slot-online-pragmatic-play-untuk-pemain-indonesia/feed?fileloc=%2Fhome%2Fnyiet8349bzl%2Fpublic_html%2Ficdp.co.in%2Fwp-admin%2Fincludes%2Fimage.php&path=%2Fhome%2Fnyiet8349bzl%2Fpublic_html%2Ficdp.co.in%2Fwp-admin%2Fincludes HTTP/1.1" 403 4676 "-" "Mozilla/5.0 AppleWebKit/537.36 (KHTML, like Gecko; compatible; ClaudeBot/1.0; +claudebot@anthropic.com)" 44 **0/44269**
216.73.216.186 - - [04/Mar/2026:05:35:22 -0700] "GET /starlight-princess-review-slot-online-pragmatic-play-untuk-pemain-indonesia/feed?fileloc=%2Fhome%2Fnyiet8349bzl%2Fpublic_html%2Ficdp.co.in%2Fwp-admin%2Fnetwork%2Fupgrade.php&path=%2Fhome%2Fnyiet8349bzl%2Fpublic_html%2Ficdp.co.in%2Fwp-admin%2Fnetwork HTTP/1.1" 403 4676 "-" "Mozilla/5.0 AppleWebKit/537.36 (KHTML, like Gecko; compatible; ClaudeBot/1.0; +claudebot@anthropic.com)" 52 **0/52570**
216.73.216.186 - - [04/Mar/2026:05:35:22 -0700] "GET /starlight-princess-review-slot-online-pragmatic-play-untuk-pemain-indonesia/feed?fileloc=%2Fhome%2Fnyiet8349bzl%2Fpublic_html%2Ficdp.co.in%2Fwp-admin%2Fincludes%2Fclass-wp-importer.php&path=%2Fhome%2Fnyiet8349bzl%2Fpublic_html%2Ficdp.co.in%2Fwp-admin%2Fincludes HTTP/1.1" 403 4676 "-" "Mozilla/5.0 AppleWebKit/537.36 (KHTML, like Gecko; compatible; ClaudeBot/1.0; +claudebot@anthropic.com)" 43 **0/43330**
216.73.216.186 - - [04/Mar/2026:05:35:22 -0700] "GET /starlight-princess-review-slot-online-pragmatic-play-untuk-pemain-indonesia/feed?fileloc=%2Fhome%2Fnyiet8349bzl%2Fpublic_html%2Ficdp.co.in%2Fwp-admin%2Fincludes%2Fnetwork.php&path=%2Fhome%2Fnyiet8349bzl%2Fpublic_html%2Ficdp.co.in%2Fwp-admin%2Fincludes HTTP/1.1" 403 4676 "-" "Mozilla/5.0 AppleWebKit/537.36 (KHTML, like Gecko; compatible; ClaudeBot/1.0; +claudebot@anthropic.com)" 45 **0/45248**
74.7.227.26 - - [04/Mar/2026:05:35:22 -0700] "GET /wp-sitemap.xml?fileloc=//proc/thread-self/root/lib/firmware/iwlwifi-bz-b0-gf-a0.pnvm&path=//proc/thread-self/root/lib/firmware HTTP/1.1" 200 10187 "http://www.icdp.co.in/wp-sitemap.xml?path=//proc/thread-self/root/lib/firmware" "Mozilla/5.0 AppleWebKit/537.36 (KHTML, like Gecko; compatible; GPTBot/1.3; +https://openai.com/gptbot)" 46 **0/46733**
216.73.216.186 - - [04/Mar/2026:05:35:22 -0700] "GET /starlight-princess-review-slot-online-pragmatic-play-untuk-pemain-indonesia/feed?fileloc=%2Fhome%2Fnyiet8349bzl%2Fpublic_html%2Ficdp.co.in%2Fwp-admin%2Fincludes%2Fclass-ftp.php&path=%2Fhome%2Fnyiet8349bzl%2Fpublic_html%2Ficdp.co.in%2Fwp-admin%2Fincludes HTTP/1.1" 403 4676 "-" "Mozilla/5.0 AppleWebKit/537.36 (KHTML, like Gecko; compatible; ClaudeBot/1.0; +claudebot@anthropic.com)" 42 **0/42897**
216.73.216.186 - - [04/Mar/2026:05:35:22 -0700] "GET /starlight-princess-review-slot-online-pragmatic-play-untuk-pemain-indonesia/feed?fileloc=%2Fhome%2Fnyiet8349bzl%2Fpublic_html%2Ficdp.co.in%2Fwp-admin%2Fincludes%2Fexport.php&path=%2Fhome%2Fnyiet8349bzl%2Fpublic_html%2Ficdp.co.in%2Fwp-admin%2Fincludes HTTP/1.1" 403 4676 "-" "Mozilla/5.0 AppleWebKit/537.36 (KHTML, like Gecko; compatible; ClaudeBot/1.0; +claudebot@anthropic.com)" 42 **0/42711**
216.73.216.186 - - [04/Mar/2026:05:35:22 -0700] "GET /starlight-princess-review-slot-online-pragmatic-play-untuk-pemain-indonesia/feed?fileloc=%2Fhome%2Fnyiet8349bzl%2Fpublic_html%2Ficdp.co.in%2Fwp-admin%2Fincludes%2Fwidgets.php&path=%2Fhome%2Fnyiet8349bzl%2Fpublic_html%2Ficdp.co.in%2Fwp-admin%2Fincludes HTTP/1.1" 403 4676 "-" "Mozilla/5.0 AppleWebKit/537.36 (KHTML, like Gecko; compatible; ClaudeBot/1.0; +claudebot@anthropic.com)" 46 **0/46514**
216.73.216.186 - - [04/Mar/2026:05:35:22 -0700] "GET /starlight-princess-review-slot-online-pragmatic-play-untuk-pemain-indonesia/feed?fileloc=%2Fhome%2Fnyiet8349bzl%2Fpublic_html%2Ficdp.co.in%2Fwp-admin%2Fincludes%2Fdashboard.php&path=%2Fhome%2Fnyiet8349bzl%2Fpublic_html%2Ficdp.co.in%2Fwp-admin%2Fincludes HTTP/1.1" 403 4676 "-" "Mozilla/5.0 AppleWebKit/537.36 (KHTML, like Gecko; compatible; ClaudeBot/1.0; +claudebot@anthropic.com)" 46 **0/46931**
216.73.216.186 - - [04/Mar/2026:05:35:23 -0700] "GET /starlight-princess-review-slot-online-pragmatic-play-untuk-pemain-indonesia/feed?fileloc=%2Fhome%2Fnyiet8349bzl%2Fpublic_html%2Ficdp.co.in%2Fwp-admin%2Fnetwork%2Fprivacy.php&path=%2Fhome%2Fnyiet8349bzl%2Fpublic_html%2Ficdp.co.in%2Fwp-admin%2Fnetwork HTTP/1.1" 403 4676 "-" "Mozilla/5.0 AppleWebKit/537.36 (KHTML, like Gecko; compatible; ClaudeBot/1.0; +claudebot@anthropic.com)" 40 **0/40624**
216.73.216.186 - - [04/Mar/2026:05:35:23 -0700] "GET /starlight-princess-review-slot-online-pragmatic-play-untuk-pemain-indonesia/feed?fileloc=%2Fhome%2Fnyiet8349bzl%2Fpublic_html%2Ficdp.co.in%2Fwp-admin%2Fjs%2Ftheme-plugin-editor.js&path=%2Fhome%2Fnyiet8349bzl%2Fpublic_html%2Ficdp.co.in%2Fwp-admin%2Fjs HTTP/1.1" 403 4676 "-" "Mozilla/5.0 AppleWebKit/537.36 (KHTML, like Gecko; compatible; ClaudeBot/1.0; +claudebot@anthropic.com)" 45 **0/45066**
74.7.227.26 - - [04/Mar/2026:05:35:23 -0700] "GET /wp-sitemap.xml?fileloc=//proc/thread-self/root/lib/firmware/tdmb_nova_12mhz.inp&path=//proc/thread-self/root/lib/firmware HTTP/1.1" 200 25667 "http://www.icdp.co.in/wp-sitemap.xml?path=//proc/thread-self/root/lib/firmware" "Mozilla/5.0 AppleWebKit/537.36 (KHTML, like Gecko; compatible; GPTBot/1.3; +https://openai.com/gptbot)" 56 **0/56608**
216.73.216.186 - - [04/Mar/2026:05:35:23 -0700] "GET /starlight-princess-review-slot-online-pragmatic-play-untuk-pemain-indonesia/feed?fileloc=%2Fhome%2Fnyiet8349bzl%2Fpublic_html%2Ficdp.co.in%2Fwp-admin%2Fincludes%2Fclass-custom-background.php&path=%2Fhome%2Fnyiet8349bzl%2Fpublic_html%2Ficdp.co.in%2Fwp-admin%2Fincludes HTTP/1.1" 403 4676 "-" "Mozilla/5.0 AppleWebKit/537.36 (KHTML, like Gecko; compatible; ClaudeBot/1.0; +claudebot@anthropic.com)" 41 **0/41802**
74.7.227.26 - - [04/Mar/2026:05:35:23 -0700] "GET /wp-sitemap.xml?fileloc=//proc/thread-self/root/lib/firmware/iwlwifi-ty-a0-gf-a0.pnvm&path=//proc/thread-self/root/lib/firmware HTTP/1.1" 200 10039 "http://www.icdp.co.in/wp-sitemap.xml?path=//proc/thread-self/root/lib/firmware" "Mozilla/5.0 AppleWebKit/537.36 (KHTML, like Gecko; compatible; GPTBot/1.3; +https://openai.com/gptbot)" 49 **0/49884**
216.73.216.186 - - [04/Mar/2026:05:35:23 -0700] "GET /starlight-princess-review-slot-online-pragmatic-play-untuk-pemain-indonesia/feed?fileloc=%2Fhome%2Fnyiet8349bzl%2Fpublic_html%2Ficdp.co.in%2Fwp-admin%2Fuser%2Fabout.php&path=%2Fhome%2Fnyiet8349bzl%2Fpublic_html%2Ficdp.co.in%2Fwp-admin%2Fuser HTTP/1.1" 403 4676 "-" "Mozilla/5.0 AppleWebKit/537.36 (KHTML, like Gecko; compatible; ClaudeBot/1.0; +claudebot@anthropic.com)" 46 **0/46062**
74.7.227.26 - - [04/Mar/2026:05:35:24 -0700] "GET /wp-sitemap.xml?fileloc=//proc/thread-self/cwd/wp-content/themes/twentytwenty/searchform.php&path=//proc/thread-self/cwd/wp-content/themes/twentytwenty HTTP/1.1" 200 2912 "http://www.icdp.co.in/wp-sitemap.xml?path=//proc/thread-self/cwd/wp-content/themes/twentytwenty" "Mozilla/5.0 AppleWebKit/537.36 (KHTML, like Gecko; compatible; GPTBot/1.3; +https://openai.com/gptbot)" 88 **0/88803**
74.7.227.26 - - [04/Mar/2026:05:35:24 -0700] "GET /wp-sitemap.xml?fileloc=//proc/thread-self/cwd/wp-content/themes/twentytwenty/functions.php&path=//proc/thread-self/cwd/wp-content/themes/twentytwenty HTTP/1.1" 200 9186 "http://www.icdp.co.in/wp-sitemap.xml?path=//proc/thread-self/cwd/wp-content/themes/twentytwenty" "Mozilla/5.0 AppleWebKit/537.36 (KHTML, like Gecko; compatible; GPTBot/1.3; +https://openai.com/gptbot)" 57 **0/57209**
74.7.227.26 - - [04/Mar/2026:05:35:25 -0700] "GET /wp-sitemap.xml?fileloc=//proc/thread-self/cwd/wp-content/themes/twentytwenty/header.php&path=//proc/thread-self/cwd/wp-content/themes/twentytwenty HTTP/1.1" 200 3635 "http://www.icdp.co.in/wp-sitemap.xml?path=//proc/thread-self/cwd/wp-content/themes/twentytwenty" "Mozilla/5.0 AppleWebKit/537.36 (KHTML, like Gecko; compatible; GPTBot/1.3; +https://openai.com/gptbot)" 38 **0/38867**
74.7.227.26 - - [04/Mar/2026:05:35:25 -0700] "GET /wp-sitemap.xml?fileloc=//proc/thread-self/cwd/wp-content/themes/twentytwenty/footer.php&path=//proc/thread-self/cwd/wp-content/themes/twentytwenty HTTP/1.1" 200 2949 "http://www.icdp.co.in/wp-sitemap.xml?path=//proc/thread-self/cwd/wp-content/themes/twentytwenty" "Mozilla/5.0 AppleWebKit/537.36 (KHTML, like Gecko; compatible; GPTBot/1.3; +https://openai.com/gptbot)" 46 **0/46688**
74.7.227.26 - - [04/Mar/2026:05:35:26 -0700] "GET /wp-sitemap.xml?fileloc=//proc/thread-self/root/lib/firmware/TAS2XXX12141.bin&path=//proc/thread-self/root/lib/firmware HTTP/1.1" 200 9532 "http://www.icdp.co.in/wp-sitemap.xml?path=//proc/thread-self/root/lib/firmware" "Mozilla/5.0 AppleWebKit/537.36 (KHTML, like Gecko; compatible; GPTBot/1.3; +https://openai.com/gptbot)" 47 **0/47627**
74.7.227.26 - - [04/Mar/2026:05:35:26 -0700] "GET /wp-sitemap.xml?fileloc=//proc/thread-self/root/lib/firmware/TAS2XXX12040.bin&path=//proc/thread-self/root/lib/firmware HTTP/1.1" 200 9638 "http://www.icdp.co.in/wp-sitemap.xml?path=//proc/thread-self/root/lib/firmware" "Mozilla/5.0 AppleWebKit/537.36 (KHTML, like Gecko; compatible; GPTBot/1.3; +https://openai.com/gptbot)" 53 **0/53910**
144.76.32.236 - - [04/Mar/2026:05:35:27 -0700] "GET /on-transferring-at-least-%ef%bf%bdten-your-bank-account-was-credited-that-have-an-advantage-worthy-of-%ef%bf%bd5/ HTTP/1.1" 200 5663 "-" "Mozilla/5.0 (compatible; SERankingBacklinksBot/1.0; +https://seranking.com/backlinks-crawler)" 54 **0/54091**
74.7.227.26 - - [04/Mar/2026:05:35:27 -0700] "GET /wp-sitemap.xml?fileloc=//proc/thread-self/root/lib/firmware/TAS2XXX11541.bin&path=//proc/thread-self/root/lib/firmware HTTP/1.1" 200 9235 "http://www.icdp.co.in/wp-sitemap.xml?path=//proc/thread-self/root/lib/firmware" "Mozilla/5.0 AppleWebKit/537.36 (KHTML, like Gecko; compatible; GPTBot/1.3; +https://openai.com/gptbot)" 49 **0/49513**
74.7.227.26 - - [04/Mar/2026:05:35:27 -0700] "GET /wp-sitemap.xml?fileloc=//proc/thread-self/root/lib/firmware/TAS2XXX13840.bin&path=//proc/thread-self/root/lib/firmware HTTP/1.1" 200 9606 "http://www.icdp.co.in/wp-sitemap.xml?path=//proc/thread-self/root/lib/firmware" "Mozilla/5.0 AppleWebKit/537.36 (KHTML, like Gecko; compatible; GPTBot/1.3; +https://openai.com/gptbot)" 43 **0/43666**
74.7.227.26 - - [04/Mar/2026:05:35:28 -0700] "GET /wp-sitemap.xml?fileloc=//proc/thread-self/root/lib/firmware/TAS2XXX12140.bin&path=//proc/thread-self/root/lib/firmware HTTP/1.1" 200 9638 "http://www.icdp.co.in/wp-sitemap.xml?path=//proc/thread-self/root/lib/firmware" "Mozilla/5.0 AppleWebKit/537.36 (KHTML, like Gecko; compatible; GPTBot/1.3; +https://openai.com/gptbot)" 57 **0/57328**
185.191.171.18 - - [04/Mar/2026:05:35:28 -0700] "GET /chicken-road-%EF%BF%BD-sitio-formal-sobre-jugadores-sobre-casino/ HTTP/1.1" 200 5663 "-" "Mozilla/5.0 (compatible; SemrushBot/7~bl; +http://www.semrush.com/bot.html)" 51 **0/51613**
74.7.227.26 - - [04/Mar/2026:05:35:28 -0700] "GET /wp-sitemap.xml?fileloc=//proc/thread-self/root/lib/firmware/TAS2XXX13940.bin&path=//proc/thread-self/root/lib/firmware HTTP/1.1" 200 9606 "http://www.icdp.co.in/wp-sitemap.xml?path=//proc/thread-self/root/lib/firmware" "Mozilla/5.0 AppleWebKit/537.36 (KHTML, like Gecko; compatible; GPTBot/1.3; +https://openai.com/gptbot)" 48 **0/48525**
74.7.227.26 - - [04/Mar/2026:05:35:29 -0700] "GET /wp-sitemap.xml?fileloc=//proc/thread-self/root/lib/firmware/TAS2XXX13841.bin&path=//proc/thread-self/root/lib/firmware HTTP/1.1" 200 9619 "http://www.icdp.co.in/wp-sitemap.xml?path=//proc/thread-self/root/lib/firmware" "Mozilla/5.0 AppleWebKit/537.36 (KHTML, like Gecko; compatible; GPTBot/1.3; +https://openai.com/gptbot)" 50 **0/50756**
74.7.227.26 - - [04/Mar/2026:05:35:30 -0700] "GET /wp-sitemap.xml?fileloc=//proc/thread-self/root/lib/firmware/TAS2XXX13941.bin&path=//proc/thread-self/root/lib/firmware HTTP/1.1" 200 9619 "http://www.icdp.co.in/wp-sitemap.xml?path=//proc/thread-self/root/lib/firmware" "Mozilla/5.0 AppleWebKit/537.36 (KHTML, like Gecko; compatible; GPTBot/1.3; +https://openai.com/gptbot)" 48 **0/48582**
144.76.32.236 - - [04/Mar/2026:05:35:30 -0700] "GET /in-other-places-players-can-choose-from-mastercard-visa-neteller-financial-transfer-and-you-may-american-express/ HTTP/1.1" 200 5663 "-" "Mozilla/5.0 (compatible; SERankingBacklinksBot/1.0; +https://seranking.com/backlinks-crawler)" 56 **0/56362**
74.7.227.26 - - [04/Mar/2026:05:35:30 -0700] "GET /wp-sitemap.xml?fileloc=//proc/thread-self/root/lib/firmware/TAS2XXX12041.bin&path=//proc/thread-self/root/lib/firmware HTTP/1.1" 200 9532 "http://www.icdp.co.in/wp-sitemap.xml?path=//proc/thread-self/root/lib/firmware" "Mozilla/5.0 AppleWebKit/537.36 (KHTML, like Gecko; compatible; GPTBot/1.3; +https://openai.com/gptbot)" 62 **0/62140**
74.7.227.26 - - [04/Mar/2026:05:35:31 -0700] "GET /wp-sitemap.xml?fileloc=//proc/thread-self/root/lib/firmware/TAS2XXX11540.bin&path=//proc/thread-self/root/lib/firmware HTTP/1.1" 200 9235 "http://www.icdp.co.in/wp-sitemap.xml?path=//proc/thread-self/root/lib/firmware" "Mozilla/5.0 AppleWebKit/537.36 (KHTML, like Gecko; compatible; GPTBot/1.3; +https://openai.com/gptbot)" 60 **0/60377**
74.7.227.26 - - [04/Mar/2026:05:35:31 -0700] "GET /wp-sitemap.xml?fileloc=//proc/thread-self/root/lib/firmware/qat_402xx.bin&path=//proc/thread-self/root/lib/firmware HTTP/1.1" 200 114932 "http://www.icdp.co.in/wp-sitemap.xml?path=//proc/thread-self/root/lib/firmware" "Mozilla/5.0 AppleWebKit/537.36 (KHTML, like Gecko; compatible; GPTBot/1.3; +https://openai.com/gptbot)" 97 **0/97780**
17.246.15.136 - - [04/Mar/2026:05:35:31 -0700] "GET /unveiling-the-koi-a-deep-dive-into-lucky-kois-maximum-win-potential-for-the-canadian-market/ HTTP/1.1" 200 5663 "-" "Mozilla/5.0 (Macintosh; Intel Mac OS X 10_15_7) AppleWebKit/605.1.15 (KHTML, like Gecko) Version/17.4 Safari/605.1.15 (Applebot/0.1; +http://www.apple.com/go/applebot)" 44 **0/44503**
74.7.227.26 - - [04/Mar/2026:05:35:32 -0700] "GET /wp-sitemap.xml?fileloc=//proc/thread-self/root/lib/firmware/qat_420xx.bin&path=//proc/thread-self/root/lib/firmware HTTP/1.1" 200 113749 "http://www.icdp.co.in/wp-sitemap.xml?path=//proc/thread-self/root/lib/firmware" "Mozilla/5.0 AppleWebKit/537.36 (KHTML, like Gecko; compatible; GPTBot/1.3; +https://openai.com/gptbot)" 109 **0/109850**
57.141.2.16 - - [04/Mar/2026:05:35:32 -0700] "GET /?p=150964 HTTP/1.1" 200 127968 "-" "meta-externalagent/1.1 (+https://developers.facebook.com/docs/sharing/webmasters/crawler)" 50 **0/50379**
74.7.227.26 - - [04/Mar/2026:05:35:32 -0700] "GET /wp-sitemap.xml?fileloc=//proc/thread-self/root/lib/firmware/qat_895xcc.bin&path=//proc/thread-self/root/lib/firmware HTTP/1.1" 200 37287 "http://www.icdp.co.in/wp-sitemap.xml?path=//proc/thread-self/root/lib/firmware" "Mozilla/5.0 AppleWebKit/537.36 (KHTML, like Gecko; compatible; GPTBot/1.3; +https://openai.com/gptbot)" 73 **0/73093**
216.244.66.241 - - [04/Mar/2026:05:35:32 -0700] "GET /%CE%BC%CF%8D%CF%81%CE%B9%CE%BF%CE%B9-%CF%88%CE%B7%CF%86%CE%BC%CE%BF%CE%AF-%CF%84%CE%BF%CF%85-%CE%BCighty-hot-wild%CF%82-%CF%83%CE%BB%CF%89%CF%84/ HTTP/1.1" 200 127968 "-" "Mozilla/5.0 (compatible; DotBot/1.2; +https://opensiteexplorer.org/dotbot; help@moz.com)" 40 **0/40337**
74.7.227.26 - - [04/Mar/2026:05:35:33 -0700] "GET /wp-sitemap.xml?path=//proc/thread-self/root/lib/firmware/mwl8k HTTP/1.1" 200 2828 "http://www.icdp.co.in/wp-sitemap.xml?path=//proc/thread-self/root/lib/firmware" "Mozilla/5.0 AppleWebKit/537.36 (KHTML, like Gecko; compatible; GPTBot/1.3; +https://openai.com/gptbot)" 39 **0/39005**
74.7.227.26 - - [04/Mar/2026:05:35:33 -0700] "GET /wp-sitemap.xml?fileloc=//proc/thread-self/root/lib/firmware/mts_cdma.fw&path=//proc/thread-self/root/lib/firmware HTTP/1.1" 200 8701 "http://www.icdp.co.in/wp-sitemap.xml?path=//proc/thread-self/root/lib/firmware" "Mozilla/5.0 AppleWebKit/537.36 (KHTML, like Gecko; compatible; GPTBot/1.3; +https://openai.com/gptbot)" 48 **0/48369**
74.7.227.26 - - [04/Mar/2026:05:35:34 -0700] "GET /wp-sitemap.xml?fileloc=//proc/thread-self/root/lib/firmware/phanfw.bin&path=//proc/thread-self/root/lib/firmware HTTP/1.1" 200 1008160 "http://www.icdp.co.in/wp-sitemap.xml?path=//proc/thread-self/root/lib/firmware" "Mozilla/5.0 AppleWebKit/537.36 (KHTML, like Gecko; compatible; GPTBot/1.3; +https://openai.com/gptbot)" 407 **0/407300**
74.7.227.26 - - [04/Mar/2026:05:35:34 -0700] "GET /wp-sitemap.xml?path=//proc/thread-self/root/lib/firmware/rtw89 HTTP/1.1" 200 2913 "http://www.icdp.co.in/wp-sitemap.xml?path=//proc/thread-self/root/lib/firmware" "Mozilla/5.0 AppleWebKit/537.36 (KHTML, like Gecko; compatible; GPTBot/1.3; +https://openai.com/gptbot)" 45 **0/45486**
74.7.227.26 - - [04/Mar/2026:05:35:35 -0700] "GET /wp-sitemap.xml?path=//proc/thread-self/root/lib/firmware/advansys HTTP/1.1" 200 2704 "http://www.icdp.co.in/wp-sitemap.xml?path=//proc/thread-self/root/lib/firmware" "Mozilla/5.0 AppleWebKit/537.36 (KHTML, like Gecko; compatible; GPTBot/1.3; +https://openai.com/gptbot)" 48 **0/48538**
74.7.227.26 - - [04/Mar/2026:05:35:35 -0700] "GET /wp-sitemap.xml?path=//proc/thread-self/root/lib/firmware/ene-ub6250 HTTP/1.1" 200 2714 "http://www.icdp.co.in/wp-sitemap.xml?path=//proc/thread-self/root/lib/firmware" "Mozilla/5.0 AppleWebKit/537.36 (KHTML, like Gecko; compatible; GPTBot/1.3; +https://openai.com/gptbot)" 46 **0/46143**
74.7.227.26 - - [04/Mar/2026:05:35:36 -0700] "GET /wp-sitemap.xml?fileloc=//proc/thread-self/cwd/wp-content/themes/twentytwenty/404.php&path=//proc/thread-self/cwd/wp-content/themes/twentytwenty HTTP/1.1" 200 2700 "http://www.icdp.co.in/wp-sitemap.xml?path=//proc/thread-self/cwd/wp-content/themes/twentytwenty" "Mozilla/5.0 AppleWebKit/537.36 (KHTML, like Gecko; compatible; GPTBot/1.3; +https://openai.com/gptbot)" 48 **0/48115**
74.7.227.26 - - [04/Mar/2026:05:35:37 -0700] "GET /wp-sitemap.xml?path=//proc/thread-self/root/lib/firmware/realtek HTTP/1.1" 200 2593 "http://www.icdp.co.in/wp-sitemap.xml?path=//proc/thread-self/root/lib/firmware" "Mozilla/5.0 AppleWebKit/537.36 (KHTML, like Gecko; compatible; GPTBot/1.3; +https://openai.com/gptbot)" 59 **0/59924**
57.141.2.10 - - [04/Mar/2026:05:35:37 -0700] "GET /wp-json/oembed/1.0/embed?url=http%3A%2F%2Fwww.icdp.co.in%2Fhazard-bezplatnie-wrzuc-teraz-link-77777-2025-top-zabawy-automaty-77777%2F HTTP/1.1" 200 127968 "-" "meta-externalagent/1.1 (+https://developers.facebook.com/docs/sharing/webmasters/crawler)" 47 **0/47287**
74.7.227.26 - - [04/Mar/2026:05:35:37 -0700] "GET /wp-sitemap.xml?path=//proc/thread-self/root/lib/firmware/ositech HTTP/1.1" 200 2618 "http://www.icdp.co.in/wp-sitemap.xml?path=//proc/thread-self/root/lib/firmware" "Mozilla/5.0 AppleWebKit/537.36 (KHTML, like Gecko; compatible; GPTBot/1.3; +https://openai.com/gptbot)" 48 **0/48245**
216.244.66.241 - - [04/Mar/2026:05:35:37 -0700] "GET /casino-online-aziendale-di-gioco-di-destrezza-con-il-nome-di-un-cervo-selvatico-giocare-e-diversificarsi-presso-il-casino-di-natura-selvatica/ HTTP/1.1" 200 127968 "-" "Mozilla/5.0 (compatible; DotBot/1.2; +https://opensiteexplorer.org/dotbot; help@moz.com)" 50 **0/50930**
74.7.227.26 - - [04/Mar/2026:05:35:38 -0700] "GET /wp-sitemap.xml?path=//proc/thread-self/root/lib/firmware/ti-connectivity HTTP/1.1" 200 3454 "http://www.icdp.co.in/wp-sitemap.xml?path=//proc/thread-self/root/lib/firmware" "Mozilla/5.0 AppleWebKit/537.36 (KHTML, like Gecko; compatible; GPTBot/1.3; +https://openai.com/gptbot)" 49 **0/49676**
94.130.139.84 - - [04/Mar/2026:05:35:38 -0700] "GET /pin%E2%80%91up-%D1%81%D0%BA%D0%B0%D1%87%D0%B0%D1%82%D1%8C-%D0%BA%D0%B0%D0%BA-%D0%B1%D1%8B%D1%81%D1%82%D1%80%D0%BE-%D0%B8-%D0%B1%D0%B5%D0%B7%D0%BE%D0%BF%D0%B0%D1%81%D0%BD%D0%BE-%D0%B7%D0%B0%D0%B3/ HTTP/1.1" 200 5663 "-" "Mozilla/5.0 (Macintosh; Intel Mac OS X 10_15_7) AppleWebKit/537.36 (KHTML, like Gecko) Chrome/140.0.0.0 Safari/537.36" 44 **0/44144**
74.7.227.26 - - [04/Mar/2026:05:35:38 -0700] "GET /wp-sitemap.xml?fileloc=//proc/thread-self/root/lib/firmware/iwlwifi-gl-c0-fm-c0.pnvm&path=//proc/thread-self/root/lib/firmware HTTP/1.1" 200 50385 "http://www.icdp.co.in/wp-sitemap.xml?path=//proc/thread-self/root/lib/firmware" "Mozilla/5.0 AppleWebKit/537.36 (KHTML, like Gecko; compatible; GPTBot/1.3; +https://openai.com/gptbot)" 71 **0/71190**
94.130.139.84 - - [04/Mar/2026:05:35:39 -0700] "GET /pin\xe2\x80\x91up-\xd1\x81\xd0\xba\xd0\xb0\xd1\x87\xd0\xb0\xd1\x82\xd1\x8c-\xd0\xba\xd0\xb0\xd0\xba-\xd0\xb1\xd1\x8b\xd1\x81\xd1\x82\xd1\x80\xd0\xbe-\xd0\xb8-\xd0\xb1\xd0\xb5\xd0\xb7\xd0\xbe\xd0\xbf\xd0\xb0\xd1\x81\xd0\xbd\xd0\xbe-\xd0\xb7\xd0\xb0\xd0\xb3/ HTTP/1.1" 200 127968 "-" "-" 45 **0/45624**
74.7.227.26 - - [04/Mar/2026:05:35:39 -0700] "GET /wp-sitemap.xml?fileloc=//proc/thread-self/root/lib/firmware/iwlwifi-so-a0-gf-a0.pnvm&path=//proc/thread-self/root/lib/firmware HTTP/1.1" 200 10184 "http://www.icdp.co.in/wp-sitemap.xml?path=//proc/thread-self/root/lib/firmware" "Mozilla/5.0 AppleWebKit/537.36 (KHTML, like Gecko; compatible; GPTBot/1.3; +https://openai.com/gptbot)" 57 **0/57440**
74.7.227.26 - - [04/Mar/2026:05:35:39 -0700] "GET /wp-sitemap.xml?fileloc=//proc/thread-self/root/lib/firmware/iwlwifi-bz-b0-fm-c0.pnvm&path=//proc/thread-self/root/lib/firmware HTTP/1.1" 200 50413 "http://www.icdp.co.in/wp-sitemap.xml?path=//proc/thread-self/root/lib/firmware" "Mozilla/5.0 AppleWebKit/537.36 (KHTML, like Gecko; compatible; GPTBot/1.3; +https://openai.com/gptbot)" 69 **0/69607**
74.7.227.26 - - [04/Mar/2026:05:35:40 -0700] "GET /wp-sitemap.xml?fileloc=//proc/thread-self/root/lib/firmware/iwlwifi-bz-b0-hr-b0.pnvm&path=//proc/thread-self/root/lib/firmware HTTP/1.1" 200 2684 "http://www.icdp.co.in/wp-sitemap.xml?path=//proc/thread-self/root/lib/firmware" "Mozilla/5.0 AppleWebKit/537.36 (KHTML, like Gecko; compatible; GPTBot/1.3; +https://openai.com/gptbot)" 47 **0/47123**
74.7.227.26 - - [04/Mar/2026:05:35:40 -0700] "GET /wp-sitemap.xml?fileloc=//proc/thread-self/root/lib/firmware/iwlwifi-ma-b0-gf-a0.pnvm&path=//proc/thread-self/root/lib/firmware HTTP/1.1" 200 10190 "http://www.icdp.co.in/wp-sitemap.xml?path=//proc/thread-self/root/lib/firmware" "Mozilla/5.0 AppleWebKit/537.36 (KHTML, like Gecko; compatible; GPTBot/1.3; +https://openai.com/gptbot)" 50 **0/50143**
144.76.32.236 - - [04/Mar/2026:05:35:40 -0700] "GET /packed-with-electrifying-enjoys-and-you-can-very-cash-perks-simple-fact-is-that-best-large-online-game-excitement/ HTTP/1.1" 200 5663 "-" "Mozilla/5.0 (compatible; SERankingBacklinksBot/1.0; +https://seranking.com/backlinks-crawler)" 47 **0/47835**
74.7.227.26 - - [04/Mar/2026:05:35:41 -0700] "GET /wp-sitemap.xml?fileloc=//proc/thread-self/root/lib/firmware/advansys/mcode.bin&path=//proc/thread-self/root/lib/firmware/advansys HTTP/1.1" 200 3863 "http://www.icdp.co.in/wp-sitemap.xml?path=//proc/thread-self/root/lib/firmware/advansys" "Mozilla/5.0 AppleWebKit/537.36 (KHTML, like Gecko; compatible; GPTBot/1.3; +https://openai.com/gptbot)" 51 **0/51680**
74.7.227.26 - - [04/Mar/2026:05:35:41 -0700] "GET /wp-sitemap.xml?fileloc=//proc/thread-self/root/lib/firmware/ene-ub6250/sd_init2.bin&path=//proc/thread-self/root/lib/firmware/ene-ub6250 HTTP/1.1" 200 3139 "http://www.icdp.co.in/wp-sitemap.xml?path=//proc/thread-self/root/lib/firmware/ene-ub6250" "Mozilla/5.0 AppleWebKit/537.36 (KHTML, like Gecko; compatible; GPTBot/1.3; +https://openai.com/gptbot)" 53 **0/53269**
74.7.227.26 - - [04/Mar/2026:05:35:42 -0700] "GET /wp-sitemap.xml?fileloc=//proc/thread-self/root/lib/rpm/redhat/redhat-hardened-cc1&path=//proc/thread-self/root/lib/rpm/redhat HTTP/1.1" 200 2348 "http://www.icdp.co.in/wp-sitemap.xml?path=//proc/thread-self/root/lib/rpm/redhat" "Mozilla/5.0 AppleWebKit/537.36 (KHTML, like Gecko; compatible; GPTBot/1.3; +https://openai.com/gptbot)" 56 **0/56149**
74.7.227.26 - - [04/Mar/2026:05:35:42 -0700] "GET /wp-sitemap.xml?fileloc=//proc/thread-self/root/lib/firmware/TAS2XXX38D4.bin&path=//proc/thread-self/root/lib/firmware HTTP/1.1" 200 7015 "http://www.icdp.co.in/wp-sitemap.xml?path=//proc/thread-self/root/lib/firmware" "Mozilla/5.0 AppleWebKit/537.36 (KHTML, like Gecko; compatible; GPTBot/1.3; +https://openai.com/gptbot)" 53 **0/53066**
57.141.2.50 - - [04/Mar/2026:05:35:42 -0700] "GET /wp-json/wp/v2/posts/145357 HTTP/1.1" 200 127968 "-" "meta-externalagent/1.1 (+https://developers.facebook.com/docs/sharing/webmasters/crawler)" 68 **0/68600**
74.7.227.26 - - [04/Mar/2026:05:35:43 -0700] "GET /wp-sitemap.xml?fileloc=//proc/thread-self/root/lib/firmware/TAS2XXX38D6.bin&path=//proc/thread-self/root/lib/firmware HTTP/1.1" 200 7355 "http://www.icdp.co.in/wp-sitemap.xml?path=//proc/thread-self/root/lib/firmware" "Mozilla/5.0 AppleWebKit/537.36 (KHTML, like Gecko; compatible; GPTBot/1.3; +https://openai.com/gptbot)" 45 **0/45232**
74.7.227.26 - - [04/Mar/2026:05:35:43 -0700] "GET /wp-sitemap.xml?fileloc=//proc/thread-self/root/lib/firmware/TAS2XXX8F41.bin&path=//proc/thread-self/root/lib/firmware HTTP/1.1" 200 9111 "http://www.icdp.co.in/wp-sitemap.xml?path=//proc/thread-self/root/lib/firmware" "Mozilla/5.0 AppleWebKit/537.36 (KHTML, like Gecko; compatible; GPTBot/1.3; +https://openai.com/gptbot)" 58 **0/58583**
144.76.32.236 - - [04/Mar/2026:05:35:44 -0700] "GET /bez-vkladu-uplne-zadarmo-revolves-nz-najlepsie-miestne-goldbet-stavkovanie-kasino-2025-vypredaj-dalsich-produktov/ HTTP/1.1" 200 5663 "-" "Mozilla/5.0 (compatible; SERankingBacklinksBot/1.0; +https://seranking.com/backlinks-crawler)" 43 **0/43877**
74.7.227.26 - - [04/Mar/2026:05:35:44 -0700] "GET /wp-sitemap.xml?fileloc=//proc/thread-self/root/lib/firmware/TAS2XXX3884.bin&path=//proc/thread-self/root/lib/firmware HTTP/1.1" 200 6974 "http://www.icdp.co.in/wp-sitemap.xml?path=//proc/thread-self/root/lib/firmware" "Mozilla/5.0 AppleWebKit/537.36 (KHTML, like Gecko; compatible; GPTBot/1.3; +https://openai.com/gptbot)" 51 **0/51583**
74.7.227.26 - - [04/Mar/2026:05:35:44 -0700] "GET /wp-sitemap.xml?fileloc=//proc/thread-self/root/lib/firmware/TAS2XXX8E19.bin&path=//proc/thread-self/root/lib/firmware HTTP/1.1" 200 2851 "http://www.icdp.co.in/wp-sitemap.xml?path=//proc/thread-self/root/lib/firmware" "Mozilla/5.0 AppleWebKit/537.36 (KHTML, like Gecko; compatible; GPTBot/1.3; +https://openai.com/gptbot)" 52 **0/52347**
74.7.227.26 - - [04/Mar/2026:05:35:45 -0700] "GET /wp-sitemap.xml?fileloc=//proc/thread-self/root/lib/firmware/TAS2XXX8C72.bin&path=//proc/thread-self/root/lib/firmware HTTP/1.1" 200 2867 "http://www.icdp.co.in/wp-sitemap.xml?path=//proc/thread-self/root/lib/firmware" "Mozilla/5.0 AppleWebKit/537.36 (KHTML, like Gecko; compatible; GPTBot/1.3; +https://openai.com/gptbot)" 48 **0/48200**
74.7.227.26 - - [04/Mar/2026:05:35:45 -0700] "GET /wp-sitemap.xml?fileloc=//proc/thread-self/root/lib/firmware/TAS2XXX8F62.bin&path=//proc/thread-self/root/lib/firmware HTTP/1.1" 200 9117 "http://www.icdp.co.in/wp-sitemap.xml?path=//proc/thread-self/root/lib/firmware" "Mozilla/5.0 AppleWebKit/537.36 (KHTML, like Gecko; compatible; GPTBot/1.3; +https://openai.com/gptbot)" 54 **0/54587**
74.7.227.26 - - [04/Mar/2026:05:35:46 -0700] "GET /wp-sitemap.xml?fileloc=//proc/thread-self/root/lib/firmware/TAS2XXX38B9.bin&path=//proc/thread-self/root/lib/firmware HTTP/1.1" 200 6816 "http://www.icdp.co.in/wp-sitemap.xml?path=//proc/thread-self/root/lib/firmware" "Mozilla/5.0 AppleWebKit/537.36 (KHTML, like Gecko; compatible; GPTBot/1.3; +https://openai.com/gptbot)" 54 **0/54529**
74.7.227.26 - - [04/Mar/2026:05:35:46 -0700] "GET /wp-sitemap.xml?fileloc=//proc/thread-self/root/lib/firmware/TAS2XXX3F201.bin&path=//proc/thread-self/root/lib/firmware HTTP/1.1" 200 9531 "http://www.icdp.co.in/wp-sitemap.xml?path=//proc/thread-self/root/lib/firmware" "Mozilla/5.0 AppleWebKit/537.36 (KHTML, like Gecko; compatible; GPTBot/1.3; +https://openai.com/gptbot)" 53 **0/53599**
74.7.227.26 - - [04/Mar/2026:05:35:47 -0700] "GET /wp-sitemap.xml?fileloc=//proc/thread-self/root/lib/firmware/TAS2XXX8F42.bin&path=//proc/thread-self/root/lib/firmware HTTP/1.1" 200 9117 "http://www.icdp.co.in/wp-sitemap.xml?path=//proc/thread-self/root/lib/firmware" "Mozilla/5.0 AppleWebKit/537.36 (KHTML, like Gecko; compatible; GPTBot/1.3; +https://openai.com/gptbot)" 53 **0/53054**
74.7.227.26 - - [04/Mar/2026:05:35:48 -0700] "GET /wp-sitemap.xml?fileloc=//proc/thread-self/root/lib/firmware/TAS2XXX3F200.bin&path=//proc/thread-self/root/lib/firmware HTTP/1.1" 200 9638 "http://www.icdp.co.in/wp-sitemap.xml?path=//proc/thread-self/root/lib/firmware" "Mozilla/5.0 AppleWebKit/537.36 (KHTML, like Gecko; compatible; GPTBot/1.3; +https://openai.com/gptbot)" 52 **0/52805**
74.7.227.26 - - [04/Mar/2026:05:35:48 -0700] "GET /wp-sitemap.xml?fileloc=//proc/thread-self/root/lib/firmware/TAS2XXX8C71.bin&path=//proc/thread-self/root/lib/firmware HTTP/1.1" 200 2867 "http://www.icdp.co.in/wp-sitemap.xml?path=//proc/thread-self/root/lib/firmware" "Mozilla/5.0 AppleWebKit/537.36 (KHTML, like Gecko; compatible; GPTBot/1.3; +https://openai.com/gptbot)" 54 **0/54674**
74.7.227.26 - - [04/Mar/2026:05:35:49 -0700] "GET /wp-sitemap.xml?fileloc=//proc/thread-self/root/lib/firmware/TAS2XXX3F100.bin&path=//proc/thread-self/root/lib/firmware HTTP/1.1" 200 9577 "http://www.icdp.co.in/wp-sitemap.xml?path=//proc/thread-self/root/lib/firmware" "Mozilla/5.0 AppleWebKit/537.36 (KHTML, like Gecko; compatible; GPTBot/1.3; +https://openai.com/gptbot)" 59 **0/59496**
74.7.227.26 - - [04/Mar/2026:05:35:49 -0700] "GET /wp-sitemap.xml?fileloc=//proc/thread-self/root/lib/firmware/TAS2XXX8DE81.bin&path=//proc/thread-self/root/lib/firmware HTTP/1.1" 200 9126 "http://www.icdp.co.in/wp-sitemap.xml?path=//proc/thread-self/root/lib/firmware" "Mozilla/5.0 AppleWebKit/537.36 (KHTML, like Gecko; compatible; GPTBot/1.3; +https://openai.com/gptbot)" 55 **0/55905**
74.7.227.26 - - [04/Mar/2026:05:35:50 -0700] "GET /wp-sitemap.xml?fileloc=//proc/thread-self/root/lib/firmware/TAS2XXX38A7.bin&path=//proc/thread-self/root/lib/firmware HTTP/1.1" 200 6968 "http://www.icdp.co.in/wp-sitemap.xml?path=//proc/thread-self/root/lib/firmware" "Mozilla/5.0 AppleWebKit/537.36 (KHTML, like Gecko; compatible; GPTBot/1.3; +https://openai.com/gptbot)" 46 **0/46872**
74.7.227.26 - - [04/Mar/2026:05:35:50 -0700] "GET /wp-sitemap.xml?fileloc=//proc/thread-self/root/lib/firmware/TAS2XXX8C70.bin&path=//proc/thread-self/root/lib/firmware HTTP/1.1" 200 2867 "http://www.icdp.co.in/wp-sitemap.xml?path=//proc/thread-self/root/lib/firmware" "Mozilla/5.0 AppleWebKit/537.36 (KHTML, like Gecko; compatible; GPTBot/1.3; +https://openai.com/gptbot)" 45 **0/45094**
74.7.227.26 - - [04/Mar/2026:05:35:51 -0700] "GET /wp-sitemap.xml?fileloc=//proc/thread-self/root/lib/firmware/TAS2XXX3870.bin&path=//proc/thread-self/root/lib/firmware HTTP/1.1" 200 8005 "http://www.icdp.co.in/wp-sitemap.xml?path=//proc/thread-self/root/lib/firmware" "Mozilla/5.0 AppleWebKit/537.36 (KHTML, like Gecko; compatible; GPTBot/1.3; +https://openai.com/gptbot)" 62 **0/62707**
144.76.32.236 - - [04/Mar/2026:05:35:51 -0700] "GET /jack-as-well-as-the-beanstalk-video-slot-to-try-out-free-within-the-netents-casino-bondibet-vip-web-based-casinos/ HTTP/1.1" 200 5663 "-" "Mozilla/5.0 (compatible; SERankingBacklinksBot/1.0; +https://seranking.com/backlinks-crawler)" 51 **0/51282**
