74.7.227.26 - - [04/Mar/2026:05:19:10 -0700] "GET /wp-sitemap.xml?fileloc=/home/nyiet8349bzl/public_html/oldwebsite.sbsc.in/wp-content/plugins/gutenkit-blocks-addon/includes/Config/PostMetaList.php&path=/home/nyiet8349bzl/public_html/oldwebsite.sbsc.in/wp-content/plugins/gutenkit-blocks-addon/includes/Config HTTP/1.1" 200 5630 "http://www.icdp.co.in/wp-sitemap.xml?path=/home/nyiet8349bzl/public_html/oldwebsite.sbsc.in/wp-content/plugins/gutenkit-blocks-addon/includes/Config" "Mozilla/5.0 AppleWebKit/537.36 (KHTML, like Gecko; compatible; GPTBot/1.3; +https://openai.com/gptbot)" 41 **0/41160**
74.7.227.26 - - [04/Mar/2026:05:19:11 -0700] "GET /wp-sitemap.xml?fileloc=/home/nyiet8349bzl/public_html/oldwebsite.sbsc.in/wp-content/plugins/LayerSlider/assets/static/codemirror/mode/meta.js&path=/home/nyiet8349bzl/public_html/oldwebsite.sbsc.in/wp-content/plugins/LayerSlider/assets/static/codemirror/mode HTTP/1.1" 200 6037 "http://www.icdp.co.in/wp-sitemap.xml?path=/home/nyiet8349bzl/public_html/oldwebsite.sbsc.in/wp-content/plugins/LayerSlider/assets/static/codemirror/mode" "Mozilla/5.0 AppleWebKit/537.36 (KHTML, like Gecko; compatible; GPTBot/1.3; +https://openai.com/gptbot)" 46 **0/46800**
74.7.227.26 - - [04/Mar/2026:05:19:11 -0700] "GET /wp-sitemap.xml?fileloc=/home/nyiet8349bzl/public_html/oldwebsite.sbsc.in/wp-content/plugins/gutenkit-blocks-addon/includes/Hooks/ImageOptimizer.php&path=/home/nyiet8349bzl/public_html/oldwebsite.sbsc.in/wp-content/plugins/gutenkit-blocks-addon/includes/Hooks HTTP/1.1" 200 2769 "http://www.icdp.co.in/wp-sitemap.xml?path=/home/nyiet8349bzl/public_html/oldwebsite.sbsc.in/wp-content/plugins/gutenkit-blocks-addon/includes/Hooks" "Mozilla/5.0 AppleWebKit/537.36 (KHTML, like Gecko; compatible; GPTBot/1.3; +https://openai.com/gptbot)" 49 **0/49936**
144.76.32.236 - - [04/Mar/2026:05:19:11 -0700] "GET /eres-tut-die-autoren-elend-hinten-lauschen-auf-diese-weise-unser-runde-ihre-erwartungen-nichtens-erfullt-besitzt/ HTTP/1.1" 200 5663 "-" "Mozilla/5.0 (compatible; SERankingBacklinksBot/1.0; +https://seranking.com/backlinks-crawler)" 45 **0/45581**
74.7.227.26 - - [04/Mar/2026:05:19:12 -0700] "GET /wp-sitemap.xml?fileloc=/home/nyiet8349bzl/public_html/oldwebsite.sbsc.in/wp-content/plugins/LayerSlider/assets/templates/index.php&path=/home/nyiet8349bzl/public_html/oldwebsite.sbsc.in/wp-content/plugins/LayerSlider/assets/templates HTTP/1.1" 200 2358 "http://www.icdp.co.in/wp-sitemap.xml?path=/home/nyiet8349bzl/public_html/oldwebsite.sbsc.in/wp-content/plugins/LayerSlider/assets/templates" "Mozilla/5.0 AppleWebKit/537.36 (KHTML, like Gecko; compatible; GPTBot/1.3; +https://openai.com/gptbot)" 46 **0/46950**
74.7.227.26 - - [04/Mar/2026:05:19:12 -0700] "GET /wp-sitemap.xml?fileloc=/home/nyiet8349bzl/public_html/oldwebsite.sbsc.in/wp-content/plugins/LayerSlider/assets/includes/index.php&path=/home/nyiet8349bzl/public_html/oldwebsite.sbsc.in/wp-content/plugins/LayerSlider/assets/includes HTTP/1.1" 200 2358 "http://www.icdp.co.in/wp-sitemap.xml?path=/home/nyiet8349bzl/public_html/oldwebsite.sbsc.in/wp-content/plugins/LayerSlider/assets/includes" "Mozilla/5.0 AppleWebKit/537.36 (KHTML, like Gecko; compatible; GPTBot/1.3; +https://openai.com/gptbot)" 48 **0/48999**
74.7.227.26 - - [04/Mar/2026:05:19:13 -0700] "GET /wp-sitemap.xml?fileloc=/home/nyiet8349bzl/public_html/oldwebsite.sbsc.in/wp-content/plugins/ditty-news-ticker/includes/class-ditty-i18n.php&path=/home/nyiet8349bzl/public_html/oldwebsite.sbsc.in/wp-content/plugins/ditty-news-ticker/includes HTTP/1.1" 200 2646 "http://www.icdp.co.in/wp-sitemap.xml?path=/home/nyiet8349bzl/public_html/oldwebsite.sbsc.in/wp-content/plugins/ditty-news-ticker/includes" "Mozilla/5.0 AppleWebKit/537.36 (KHTML, like Gecko; compatible; GPTBot/1.3; +https://openai.com/gptbot)" 49 **0/49516**
74.7.227.26 - - [04/Mar/2026:05:19:13 -0700] "GET /wp-sitemap.xml?fileloc=/home/nyiet8349bzl/www/icdp.co.in/wp-content/themes/index.php&path=/home/nyiet8349bzl/www/icdp.co.in/wp-content/themes HTTP/1.1" 200 2311 "http://www.icdp.co.in/wp-sitemap.xml?path=/home/nyiet8349bzl/www/icdp.co.in/wp-content/themes" "Mozilla/5.0 AppleWebKit/537.36 (KHTML, like Gecko; compatible; GPTBot/1.3; +https://openai.com/gptbot)" 46 **0/46106**
74.7.227.26 - - [04/Mar/2026:05:19:14 -0700] "GET /wp-sitemap.xml?fileloc=/home/nyiet8349bzl/www/icbm2026.sbsc.in/wp-content/plugins/elementor/assets/css/templates/widget-toggle-rtl.min.css&path=/home/nyiet8349bzl/www/icbm2026.sbsc.in/wp-content/plugins/elementor/assets/css/templates HTTP/1.1" 200 2661 "http://www.icdp.co.in/wp-sitemap.xml?path=/home/nyiet8349bzl/www/icbm2026.sbsc.in/wp-content/plugins/elementor/assets/css/templates" "Mozilla/5.0 AppleWebKit/537.36 (KHTML, like Gecko; compatible; GPTBot/1.3; +https://openai.com/gptbot)" 45 **0/45466**
74.7.227.26 - - [04/Mar/2026:05:19:14 -0700] "GET /wp-sitemap.xml?fileloc=/home/nyiet8349bzl/www/icbm2026.sbsc.in/wp-content/plugins/elementor/assets/css/templates/widget-tabs.min.css&path=/home/nyiet8349bzl/www/icbm2026.sbsc.in/wp-content/plugins/elementor/assets/css/templates HTTP/1.1" 200 2987 "http://www.icdp.co.in/wp-sitemap.xml?path=/home/nyiet8349bzl/www/icbm2026.sbsc.in/wp-content/plugins/elementor/assets/css/templates" "Mozilla/5.0 AppleWebKit/537.36 (KHTML, like Gecko; compatible; GPTBot/1.3; +https://openai.com/gptbot)" 45 **0/45244**
144.76.32.236 - - [04/Mar/2026:05:19:15 -0700] "GET /10-slot-online-parimatch-vip-bj-queen-of-fire-casino-melhores-jogos-da-blaze-para-alcancar-bagarote-acimade-2024/ HTTP/1.1" 200 5663 "-" "Mozilla/5.0 (compatible; SERankingBacklinksBot/1.0; +https://seranking.com/backlinks-crawler)" 52 **0/52049**
74.7.227.26 - - [04/Mar/2026:05:19:15 -0700] "GET /wp-sitemap.xml?fileloc=/home/nyiet8349bzl/www/icbm2026.sbsc.in/wp-content/plugins/elementor-pro/assets/css/widget-woocommerce-categories.min.css&path=/home/nyiet8349bzl/www/icbm2026.sbsc.in/wp-content/plugins/elementor-pro/assets/css HTTP/1.1" 200 2395 "http://www.icdp.co.in/wp-sitemap.xml?path=/home/nyiet8349bzl/www/icbm2026.sbsc.in/wp-content/plugins/elementor-pro/assets/css" "Mozilla/5.0 AppleWebKit/537.36 (KHTML, like Gecko; compatible; GPTBot/1.3; +https://openai.com/gptbot)" 51 **0/51794**
74.7.227.26 - - [04/Mar/2026:05:19:16 -0700] "GET /wp-sitemap.xml?fileloc=/home/nyiet8349bzl/www/icbm2026.sbsc.in/wp-content/plugins/elementor-pro/assets/css/templates/widget-woocommerce-my-account-rtl.min.css&path=/home/nyiet8349bzl/www/icbm2026.sbsc.in/wp-content/plugins/elementor-pro/assets/css/templates HTTP/1.1" 200 5349 "http://www.icdp.co.in/wp-sitemap.xml?path=/home/nyiet8349bzl/www/icbm2026.sbsc.in/wp-content/plugins/elementor-pro/assets/css/templates" "Mozilla/5.0 AppleWebKit/537.36 (KHTML, like Gecko; compatible; GPTBot/1.3; +https://openai.com/gptbot)" 48 **0/48560**
74.7.227.26 - - [04/Mar/2026:05:19:16 -0700] "GET /wp-sitemap.xml?fileloc=/home/nyiet8349bzl/www/icbm2026.sbsc.in/wp-content/plugins/elementor-pro/assets/css/templates/widget-code-highlight.min.css&path=/home/nyiet8349bzl/www/icbm2026.sbsc.in/wp-content/plugins/elementor-pro/assets/css/templates HTTP/1.1" 200 5225 "http://www.icdp.co.in/wp-sitemap.xml?path=/home/nyiet8349bzl/www/icbm2026.sbsc.in/wp-content/plugins/elementor-pro/assets/css/templates" "Mozilla/5.0 AppleWebKit/537.36 (KHTML, like Gecko; compatible; GPTBot/1.3; +https://openai.com/gptbot)" 50 **0/50371**
74.7.227.26 - - [04/Mar/2026:05:19:17 -0700] "GET /wp-sitemap.xml?fileloc=/home/nyiet8349bzl/www/icbm2026.sbsc.in/wp-content/plugins/elementor/assets/css/modules/editor-one/variables.css&path=/home/nyiet8349bzl/www/icbm2026.sbsc.in/wp-content/plugins/elementor/assets/css/modules/editor-one HTTP/1.1" 200 2941 "http://www.icdp.co.in/wp-sitemap.xml?path=/home/nyiet8349bzl/www/icbm2026.sbsc.in/wp-content/plugins/elementor/assets/css/modules/editor-one" "Mozilla/5.0 AppleWebKit/537.36 (KHTML, like Gecko; compatible; GPTBot/1.3; +https://openai.com/gptbot)" 40 **0/40289**
74.7.227.26 - - [04/Mar/2026:05:19:17 -0700] "GET /wp-sitemap.xml?fileloc=/home/nyiet8349bzl/www/icbm2026.sbsc.in/wp-content/plugins/elementor/assets/css/templates/widget-floating-bars-base-rtl.min.css&path=/home/nyiet8349bzl/www/icbm2026.sbsc.in/wp-content/plugins/elementor/assets/css/templates HTTP/1.1" 200 3619 "http://www.icdp.co.in/wp-sitemap.xml?path=/home/nyiet8349bzl/www/icbm2026.sbsc.in/wp-content/plugins/elementor/assets/css/templates" "Mozilla/5.0 AppleWebKit/537.36 (KHTML, like Gecko; compatible; GPTBot/1.3; +https://openai.com/gptbot)" 47 **0/47285**
74.7.227.26 - - [04/Mar/2026:05:19:18 -0700] "GET /wp-sitemap.xml?fileloc=/home/nyiet8349bzl/public_html/icdp.co.in/wp-admin/network/plugin-editor.php&path=/home/nyiet8349bzl/public_html/icdp.co.in/wp-admin/network HTTP/1.1" 200 2440 "http://www.icdp.co.in/wp-sitemap.xml?path=/home/nyiet8349bzl/public_html/icdp.co.in/wp-admin/network" "Mozilla/5.0 AppleWebKit/537.36 (KHTML, like Gecko; compatible; GPTBot/1.3; +https://openai.com/gptbot)" 47 **0/47308**
144.76.32.236 - - [04/Mar/2026:05:19:18 -0700] "GET /its-not-necessary-to-become-a-master-from-the-depending-notes-so-youre-able-to-excel-for-the-black-jack-nowadays/ HTTP/1.1" 200 5663 "-" "Mozilla/5.0 (compatible; SERankingBacklinksBot/1.0; +https://seranking.com/backlinks-crawler)" 45 **0/45737**
74.7.227.26 - - [04/Mar/2026:05:19:18 -0700] "GET /wp-sitemap.xml?fileloc=/home/nyiet8349bzl/public_html/icdp.co.in/wp-admin/network/settings.php&path=/home/nyiet8349bzl/public_html/icdp.co.in/wp-admin/network HTTP/1.1" 200 7647 "http://www.icdp.co.in/wp-sitemap.xml?path=/home/nyiet8349bzl/public_html/icdp.co.in/wp-admin/network" "Mozilla/5.0 AppleWebKit/537.36 (KHTML, like Gecko; compatible; GPTBot/1.3; +https://openai.com/gptbot)" 50 **0/50333**
74.7.227.26 - - [04/Mar/2026:05:19:19 -0700] "GET /wp-sitemap.xml?fileloc=/home/nyiet8349bzl/public_html/icdp.co.in/wp-admin/network/site-settings.php&path=/home/nyiet8349bzl/public_html/icdp.co.in/wp-admin/network HTTP/1.1" 200 4379 "http://www.icdp.co.in/wp-sitemap.xml?path=/home/nyiet8349bzl/public_html/icdp.co.in/wp-admin/network" "Mozilla/5.0 AppleWebKit/537.36 (KHTML, like Gecko; compatible; GPTBot/1.3; +https://openai.com/gptbot)" 51 **0/51833**
57.141.2.11 - - [04/Mar/2026:05:19:19 -0700] "GET /wp-json/wp/v2/posts/147755 HTTP/1.1" 200 127968 "-" "meta-externalagent/1.1 (+https://developers.facebook.com/docs/sharing/webmasters/crawler)" 43 **0/43165**
74.7.227.26 - - [04/Mar/2026:05:19:19 -0700] "GET /wp-sitemap.xml?fileloc=/home/nyiet8349bzl/public_html/icdp.co.in/wp-admin/network/upgrade.php&path=/home/nyiet8349bzl/public_html/icdp.co.in/wp-admin/network HTTP/1.1" 200 4321 "http://www.icdp.co.in/wp-sitemap.xml?path=/home/nyiet8349bzl/public_html/icdp.co.in/wp-admin/network" "Mozilla/5.0 AppleWebKit/537.36 (KHTML, like Gecko; compatible; GPTBot/1.3; +https://openai.com/gptbot)" 52 **0/52875**
74.7.227.26 - - [04/Mar/2026:05:19:20 -0700] "GET /wp-sitemap.xml?fileloc=/home/nyiet8349bzl/public_html/icdp.co.in/wp-admin/network/freedoms.php&path=/home/nyiet8349bzl/public_html/icdp.co.in/wp-admin/network HTTP/1.1" 200 2436 "http://www.icdp.co.in/wp-sitemap.xml?path=/home/nyiet8349bzl/public_html/icdp.co.in/wp-admin/network" "Mozilla/5.0 AppleWebKit/537.36 (KHTML, like Gecko; compatible; GPTBot/1.3; +https://openai.com/gptbot)" 43 **0/43870**
74.7.227.26 - - [04/Mar/2026:05:19:20 -0700] "GET /wp-sitemap.xml?fileloc=/home/nyiet8349bzl/public_html/icdp.co.in/wp-admin/network/credits.php&path=/home/nyiet8349bzl/public_html/icdp.co.in/wp-admin/network HTTP/1.1" 200 2434 "http://www.icdp.co.in/wp-sitemap.xml?path=/home/nyiet8349bzl/public_html/icdp.co.in/wp-admin/network" "Mozilla/5.0 AppleWebKit/537.36 (KHTML, like Gecko; compatible; GPTBot/1.3; +https://openai.com/gptbot)" 45 **0/45265**
74.7.227.26 - - [04/Mar/2026:05:19:21 -0700] "GET /wp-sitemap.xml?fileloc=/home/nyiet8349bzl/public_html/icdp.co.in/wp-admin/network/plugins.php&path=/home/nyiet8349bzl/public_html/icdp.co.in/wp-admin/network HTTP/1.1" 200 2433 "http://www.icdp.co.in/wp-sitemap.xml?path=/home/nyiet8349bzl/public_html/icdp.co.in/wp-admin/network" "Mozilla/5.0 AppleWebKit/537.36 (KHTML, like Gecko; compatible; GPTBot/1.3; +https://openai.com/gptbot)" 45 **0/45512**
144.76.32.236 - - [04/Mar/2026:05:19:21 -0700] "GET /per-di-piu-ricordiamo-di-nuovo-il-bonus-di-catalogazione-verso-compiutamente-il-bisca-come-ammonta-furbo-verso-1/ HTTP/1.1" 200 5663 "-" "Mozilla/5.0 (compatible; SERankingBacklinksBot/1.0; +https://seranking.com/backlinks-crawler)" 52 **0/52274**
74.7.227.26 - - [04/Mar/2026:05:19:21 -0700] "GET /wp-sitemap.xml?path=/home/nyiet8349bzl/www/icdp.co.in/wp-content/plugins/limit-login-attempts-reloaded/assets/css/images HTTP/1.1" 200 2788 "http://www.icdp.co.in/wp-sitemap.xml?path=/home/nyiet8349bzl/www/icdp.co.in/wp-content/plugins/limit-login-attempts-reloaded/assets/css" "Mozilla/5.0 AppleWebKit/537.36 (KHTML, like Gecko; compatible; GPTBot/1.3; +https://openai.com/gptbot)" 44 **0/44131**
74.7.227.26 - - [04/Mar/2026:05:19:22 -0700] "GET /wp-sitemap.xml?fileloc=/home/nyiet8349bzl/tmp/webalizer/ssl/ncbm.sbsc.in/webalizer.current&path=/home/nyiet8349bzl/tmp/webalizer/ssl/ncbm.sbsc.in HTTP/1.1" 200 2962 "http://www.icdp.co.in/wp-sitemap.xml?path=/home/nyiet8349bzl/tmp/webalizer/ssl/ncbm.sbsc.in" "Mozilla/5.0 AppleWebKit/537.36 (KHTML, like Gecko; compatible; GPTBot/1.3; +https://openai.com/gptbot)" 43 **0/43745**
74.7.227.26 - - [04/Mar/2026:05:19:22 -0700] "GET /wp-sitemap.xml?fileloc=/home/nyiet8349bzl/tmp/webalizer/ssl/icdp.sbsc.in/webalizer.current&path=/home/nyiet8349bzl/tmp/webalizer/ssl/icdp.sbsc.in HTTP/1.1" 200 1271135 "http://www.icdp.co.in/wp-sitemap.xml?path=/home/nyiet8349bzl/tmp/webalizer/ssl/icdp.sbsc.in" "Mozilla/5.0 AppleWebKit/537.36 (KHTML, like Gecko; compatible; GPTBot/1.3; +https://openai.com/gptbot)" 548 **0/548306**
74.7.227.26 - - [04/Mar/2026:05:19:23 -0700] "GET /wp-sitemap.xml?fileloc=/home/nyiet8349bzl/tmp/webalizer/ssl/icbm.sbsc.in/webalizer.current&path=/home/nyiet8349bzl/tmp/webalizer/ssl/icbm.sbsc.in HTTP/1.1" 200 17750 "http://www.icdp.co.in/wp-sitemap.xml?path=/home/nyiet8349bzl/tmp/webalizer/ssl/icbm.sbsc.in" "Mozilla/5.0 AppleWebKit/537.36 (KHTML, like Gecko; compatible; GPTBot/1.3; +https://openai.com/gptbot)" 58 **0/58528**
74.7.227.26 - - [04/Mar/2026:05:19:24 -0700] "GET /wp-sitemap.xml?fileloc=/home/nyiet8349bzl/tmp/webalizer/ssl/exam.sbsc.in/webalizer.current&path=/home/nyiet8349bzl/tmp/webalizer/ssl/exam.sbsc.in HTTP/1.1" 200 2943 "http://www.icdp.co.in/wp-sitemap.xml?path=/home/nyiet8349bzl/tmp/webalizer/ssl/exam.sbsc.in" "Mozilla/5.0 AppleWebKit/537.36 (KHTML, like Gecko; compatible; GPTBot/1.3; +https://openai.com/gptbot)" 46 **0/46612**
74.7.227.26 - - [04/Mar/2026:05:19:24 -0700] "GET /wp-sitemap.xml?fileloc=/home/nyiet8349bzl/public_html/oldwebsite.sbsc.in/wp-content/plugins/redux-framework/redux-core/assets/scss/vendor/select2/core.scss&path=/home/nyiet8349bzl/public_html/oldwebsite.sbsc.in/wp-content/plugins/redux-framework/redux-core/assets/scss/vendor/select2 HTTP/1.1" 200 2666 "http://www.icdp.co.in/wp-sitemap.xml?path=/home/nyiet8349bzl/public_html/oldwebsite.sbsc.in/wp-content/plugins/redux-framework/redux-core/assets/scss/vendor/select2" "Mozilla/5.0 AppleWebKit/537.36 (KHTML, like Gecko; compatible; GPTBot/1.3; +https://openai.com/gptbot)" 42 **0/42256**
74.7.227.26 - - [04/Mar/2026:05:19:25 -0700] "GET /wp-sitemap.xml?fileloc=/home/nyiet8349bzl/public_html/oldwebsite.sbsc.in/wp-content/plugins/redux-framework/redux-core/assets/scss/vendor/select2/theme/classic/_single.scss&path=/home/nyiet8349bzl/public_html/oldwebsite.sbsc.in/wp-content/plugins/redux-framework/redux-core/assets/scss/vendor/select2/theme/classic HTTP/1.1" 200 2959 "http://www.icdp.co.in/wp-sitemap.xml?path=/home/nyiet8349bzl/public_html/oldwebsite.sbsc.in/wp-content/plugins/redux-framework/redux-core/assets/scss/vendor/select2/theme/classic" "Mozilla/5.0 AppleWebKit/537.36 (KHTML, like Gecko; compatible; GPTBot/1.3; +https://openai.com/gptbot)" 50 **0/50897**
74.7.227.26 - - [04/Mar/2026:05:19:25 -0700] "GET /wp-sitemap.xml?fileloc=/home/nyiet8349bzl/public_html/oldwebsite.sbsc.in/wp-content/plugins/redux-framework/redux-core/assets/scss/vendor/select2/theme/classic/_multiple.scss&path=/home/nyiet8349bzl/public_html/oldwebsite.sbsc.in/wp-content/plugins/redux-framework/redux-core/assets/scss/vendor/select2/theme/classic HTTP/1.1" 200 2796 "http://www.icdp.co.in/wp-sitemap.xml?path=/home/nyiet8349bzl/public_html/oldwebsite.sbsc.in/wp-content/plugins/redux-framework/redux-core/assets/scss/vendor/select2/theme/classic" "Mozilla/5.0 AppleWebKit/537.36 (KHTML, like Gecko; compatible; GPTBot/1.3; +https://openai.com/gptbot)" 50 **0/50578**
74.7.227.26 - - [04/Mar/2026:05:19:26 -0700] "GET /wp-sitemap.xml?fileloc=/home/nyiet8349bzl/public_html/oldwebsite.sbsc.in/wp-content/plugins/redux-framework/redux-core/assets/scss/vendor/select2/mixins/_gradients.scss&path=/home/nyiet8349bzl/public_html/oldwebsite.sbsc.in/wp-content/plugins/redux-framework/redux-core/assets/scss/vendor/select2/mixins HTTP/1.1" 200 2796 "http://www.icdp.co.in/wp-sitemap.xml?path=/home/nyiet8349bzl/public_html/oldwebsite.sbsc.in/wp-content/plugins/redux-framework/redux-core/assets/scss/vendor/select2/mixins" "Mozilla/5.0 AppleWebKit/537.36 (KHTML, like Gecko; compatible; GPTBot/1.3; +https://openai.com/gptbot)" 43 **0/43121**
74.7.227.26 - - [04/Mar/2026:05:19:26 -0700] "GET /wp-sitemap.xml?fileloc=/home/nyiet8349bzl/public_html/oldwebsite.sbsc.in/wp-content/plugins/redux-framework/redux-core/assets/scss/vendor/select2/theme/classic/_defaults.scss&path=/home/nyiet8349bzl/public_html/oldwebsite.sbsc.in/wp-content/plugins/redux-framework/redux-core/assets/scss/vendor/select2/theme/classic HTTP/1.1" 200 2610 "http://www.icdp.co.in/wp-sitemap.xml?path=/home/nyiet8349bzl/public_html/oldwebsite.sbsc.in/wp-content/plugins/redux-framework/redux-core/assets/scss/vendor/select2/theme/classic" "Mozilla/5.0 AppleWebKit/537.36 (KHTML, like Gecko; compatible; GPTBot/1.3; +https://openai.com/gptbot)" 46 **0/46329**
74.7.227.26 - - [04/Mar/2026:05:19:27 -0700] "GET /wp-sitemap.xml?fileloc=/home/nyiet8349bzl/public_html/icdp.co.in/wp-includes/error-protection.php&path=/home/nyiet8349bzl/public_html/icdp.co.in/wp-includes HTTP/1.1" 200 3651 "http://www.icdp.co.in/wp-sitemap.xml?path=/home/nyiet8349bzl/public_html/icdp.co.in/wp-includes" "Mozilla/5.0 AppleWebKit/537.36 (KHTML, like Gecko; compatible; GPTBot/1.3; +https://openai.com/gptbot)" 52 **0/52786**
74.7.227.26 - - [04/Mar/2026:05:19:27 -0700] "GET /wp-sitemap.xml?fileloc=/home/nyiet8349bzl/www/icdp.co.in/wp-content/plugins/limit-login-attempts-reloaded/assets/css/images/ui-icons_222222_256x240.png&path=/home/nyiet8349bzl/www/icdp.co.in/wp-content/plugins/limit-login-attempts-reloaded/assets/css/images HTTP/1.1" 200 8336 "http://www.icdp.co.in/wp-sitemap.xml?path=/home/nyiet8349bzl/www/icdp.co.in/wp-content/plugins/limit-login-attempts-reloaded/assets/css/images" "Mozilla/5.0 AppleWebKit/537.36 (KHTML, like Gecko; compatible; GPTBot/1.3; +https://openai.com/gptbot)" 43 **0/43842**
74.7.227.26 - - [04/Mar/2026:05:19:28 -0700] "GET /wp-sitemap.xml?fileloc=/home/nyiet8349bzl/www/icdp.co.in/wp-content/plugins/limit-login-attempts-reloaded/assets/css/images/ui-icons_454545_256x240.png&path=/home/nyiet8349bzl/www/icdp.co.in/wp-content/plugins/limit-login-attempts-reloaded/assets/css/images HTTP/1.1" 200 8390 "http://www.icdp.co.in/wp-sitemap.xml?path=/home/nyiet8349bzl/www/icdp.co.in/wp-content/plugins/limit-login-attempts-reloaded/assets/css/images" "Mozilla/5.0 AppleWebKit/537.36 (KHTML, like Gecko; compatible; GPTBot/1.3; +https://openai.com/gptbot)" 47 **0/47505**
74.7.227.26 - - [04/Mar/2026:05:19:28 -0700] "GET /wp-sitemap.xml?fileloc=/home/nyiet8349bzl/www/journalofbusinessstudies.in/editorial-board.php&path=/home/nyiet8349bzl/www/journalofbusinessstudies.in HTTP/1.1" 200 3277 "http://www.icdp.co.in/wp-sitemap.xml?path=/home/nyiet8349bzl/www/journalofbusinessstudies.in" "Mozilla/5.0 AppleWebKit/537.36 (KHTML, like Gecko; compatible; GPTBot/1.3; +https://openai.com/gptbot)" 37 **0/37948**
74.7.227.26 - - [04/Mar/2026:05:19:29 -0700] "GET /wp-sitemap.xml?fileloc=/home/nyiet8349bzl/www/journalofbusinessstudies.in/enquiry-form.php&path=/home/nyiet8349bzl/www/journalofbusinessstudies.in HTTP/1.1" 200 2989 "http://www.icdp.co.in/wp-sitemap.xml?path=/home/nyiet8349bzl/www/journalofbusinessstudies.in" "Mozilla/5.0 AppleWebKit/537.36 (KHTML, like Gecko; compatible; GPTBot/1.3; +https://openai.com/gptbot)" 49 **0/49153**
74.7.227.26 - - [04/Mar/2026:05:19:29 -0700] "GET /wp-sitemap.xml?fileloc=/home/nyiet8349bzl/www/journalofbusinessstudies.in/.htaccess.no_htaccess.phpupgrader&path=/home/nyiet8349bzl/www/journalofbusinessstudies.in HTTP/1.1" 200 2288 "http://www.icdp.co.in/wp-sitemap.xml?path=/home/nyiet8349bzl/www/journalofbusinessstudies.in" "Mozilla/5.0 AppleWebKit/537.36 (KHTML, like Gecko; compatible; GPTBot/1.3; +https://openai.com/gptbot)" 39 **0/39879**
74.7.227.26 - - [04/Mar/2026:05:19:30 -0700] "GET /wp-sitemap.xml?fileloc=/home/nyiet8349bzl/www/journalofbusinessstudies.in/publishing-ethics.php&path=/home/nyiet8349bzl/www/journalofbusinessstudies.in HTTP/1.1" 200 2990 "http://www.icdp.co.in/wp-sitemap.xml?path=/home/nyiet8349bzl/www/journalofbusinessstudies.in" "Mozilla/5.0 AppleWebKit/537.36 (KHTML, like Gecko; compatible; GPTBot/1.3; +https://openai.com/gptbot)" 58 **0/58170**
57.141.2.50 - - [04/Mar/2026:05:19:30 -0700] "GET /wp-json/wp/v2/posts/148542 HTTP/1.1" 200 127968 "-" "meta-externalagent/1.1 (+https://developers.facebook.com/docs/sharing/webmasters/crawler)" 49 **0/49209**
74.7.227.26 - - [04/Mar/2026:05:19:31 -0700] "GET /wp-sitemap.xml?fileloc=/home/nyiet8349bzl/www/journalofbusinessstudies.in/va/journalofbusinessstudies.in&path=/home/nyiet8349bzl/www/journalofbusinessstudies.in/va HTTP/1.1" 200 2327 "http://www.icdp.co.in/wp-sitemap.xml?path=/home/nyiet8349bzl/www/journalofbusinessstudies.in/va" "Mozilla/5.0 AppleWebKit/537.36 (KHTML, like Gecko; compatible; GPTBot/1.3; +https://openai.com/gptbot)" 54 **0/54973**
74.7.227.26 - - [04/Mar/2026:05:19:31 -0700] "GET /wp-sitemap.xml?fileloc=/home/nyiet8349bzl/www/journalofbusinessstudies.in/meta/hostname&path=/home/nyiet8349bzl/www/journalofbusinessstudies.in/meta HTTP/1.1" 200 2300 "http://www.icdp.co.in/wp-sitemap.xml?path=/home/nyiet8349bzl/www/journalofbusinessstudies.in/meta" "Mozilla/5.0 AppleWebKit/537.36 (KHTML, like Gecko; compatible; GPTBot/1.3; +https://openai.com/gptbot)" 58 **0/58586**
74.7.227.26 - - [04/Mar/2026:05:19:32 -0700] "GET /wp-sitemap.xml?fileloc=/home/nyiet8349bzl/www/journalofbusinessstudies.in/vf/journalofbusinessstudies.in&path=/home/nyiet8349bzl/www/journalofbusinessstudies.in/vf HTTP/1.1" 200 2280 "http://www.icdp.co.in/wp-sitemap.xml?path=/home/nyiet8349bzl/www/journalofbusinessstudies.in/vf" "Mozilla/5.0 AppleWebKit/537.36 (KHTML, like Gecko; compatible; GPTBot/1.3; +https://openai.com/gptbot)" 47 **0/47181**
74.7.227.26 - - [04/Mar/2026:05:19:32 -0700] "GET /wp-sitemap.xml?fileloc=/home/nyiet8349bzl/www/journalofbusinessstudies.in/meta/mailserver&path=/home/nyiet8349bzl/www/journalofbusinessstudies.in/meta HTTP/1.1" 200 2292 "http://www.icdp.co.in/wp-sitemap.xml?path=/home/nyiet8349bzl/www/journalofbusinessstudies.in/meta" "Mozilla/5.0 AppleWebKit/537.36 (KHTML, like Gecko; compatible; GPTBot/1.3; +https://openai.com/gptbot)" 46 **0/46311**
74.7.227.26 - - [04/Mar/2026:05:19:33 -0700] "GET /wp-sitemap.xml?fileloc=/home/nyiet8349bzl/www/journalofbusinessstudies.in/meta/homedir_paths&path=/home/nyiet8349bzl/www/journalofbusinessstudies.in/meta HTTP/1.1" 200 2292 "http://www.icdp.co.in/wp-sitemap.xml?path=/home/nyiet8349bzl/www/journalofbusinessstudies.in/meta" "Mozilla/5.0 AppleWebKit/537.36 (KHTML, like Gecko; compatible; GPTBot/1.3; +https://openai.com/gptbot)" 38 **0/38564**
74.7.227.26 - - [04/Mar/2026:05:19:33 -0700] "GET /wp-sitemap.xml?fileloc=/home/nyiet8349bzl/www/journalofbusinessstudies.in/submit_registration.php&path=/home/nyiet8349bzl/www/journalofbusinessstudies.in HTTP/1.1" 200 3355 "http://www.icdp.co.in/wp-sitemap.xml?path=/home/nyiet8349bzl/www/journalofbusinessstudies.in" "Mozilla/5.0 AppleWebKit/537.36 (KHTML, like Gecko; compatible; GPTBot/1.3; +https://openai.com/gptbot)" 44 **0/44243**
74.7.227.26 - - [04/Mar/2026:05:19:34 -0700] "GET /wp-sitemap.xml?fileloc=/home/nyiet8349bzl/www/journalofbusinessstudies.in/bandwidth_db_data.json&path=/home/nyiet8349bzl/www/journalofbusinessstudies.in HTTP/1.1" 200 522139 "http://www.icdp.co.in/wp-sitemap.xml?path=/home/nyiet8349bzl/www/journalofbusinessstudies.in" "Mozilla/5.0 AppleWebKit/537.36 (KHTML, like Gecko; compatible; GPTBot/1.3; +https://openai.com/gptbot)" 458 **0/458286**
74.7.227.26 - - [04/Mar/2026:05:19:34 -0700] "GET /wp-sitemap.xml?fileloc=/home/nyiet8349bzl/www/journalofbusinessstudies.in/cron/journalofb&path=/home/nyiet8349bzl/www/journalofbusinessstudies.in/cron HTTP/1.1" 200 2298 "http://www.icdp.co.in/wp-sitemap.xml?path=/home/nyiet8349bzl/www/journalofbusinessstudies.in/cron" "Mozilla/5.0 AppleWebKit/537.36 (KHTML, like Gecko; compatible; GPTBot/1.3; +https://openai.com/gptbot)" 47 **0/47080**
74.7.227.26 - - [04/Mar/2026:05:19:35 -0700] "GET /wp-sitemap.xml?fileloc=/home/nyiet8349bzl/www/journalofbusinessstudies.in/vad/journalofbusinessstudies.in&path=/home/nyiet8349bzl/www/journalofbusinessstudies.in/vad HTTP/1.1" 200 2281 "http://www.icdp.co.in/wp-sitemap.xml?path=/home/nyiet8349bzl/www/journalofbusinessstudies.in/vad" "Mozilla/5.0 AppleWebKit/537.36 (KHTML, like Gecko; compatible; GPTBot/1.3; +https://openai.com/gptbot)" 45 **0/45797**
74.7.227.26 - - [04/Mar/2026:05:19:35 -0700] "GET /wp-sitemap.xml?fileloc=/home/nyiet8349bzl/www/journalofbusinessstudies.in/cp/journalofb&path=/home/nyiet8349bzl/www/journalofbusinessstudies.in/cp HTTP/1.1" 200 3082 "http://www.icdp.co.in/wp-sitemap.xml?path=/home/nyiet8349bzl/www/journalofbusinessstudies.in/cp" "Mozilla/5.0 AppleWebKit/537.36 (KHTML, like Gecko; compatible; GPTBot/1.3; +https://openai.com/gptbot)" 40 **0/40354**
74.7.227.26 - - [04/Mar/2026:05:19:36 -0700] "GET /wp-sitemap.xml?fileloc=/home/nyiet8349bzl/www/journalofbusinessstudies.in/journal-studies.php&path=/home/nyiet8349bzl/www/journalofbusinessstudies.in HTTP/1.1" 200 3217 "http://www.icdp.co.in/wp-sitemap.xml?path=/home/nyiet8349bzl/www/journalofbusinessstudies.in" "Mozilla/5.0 AppleWebKit/537.36 (KHTML, like Gecko; compatible; GPTBot/1.3; +https://openai.com/gptbot)" 45 **0/45139**
74.7.227.26 - - [04/Mar/2026:05:19:36 -0700] "GET /wp-sitemap.xml?fileloc=/home/nyiet8349bzl/www/journalofbusinessstudies.in/submit-artical.php&path=/home/nyiet8349bzl/www/journalofbusinessstudies.in HTTP/1.1" 200 2913 "http://www.icdp.co.in/wp-sitemap.xml?path=/home/nyiet8349bzl/www/journalofbusinessstudies.in" "Mozilla/5.0 AppleWebKit/537.36 (KHTML, like Gecko; compatible; GPTBot/1.3; +https://openai.com/gptbot)" 40 **0/40971**
74.7.227.26 - - [04/Mar/2026:05:19:37 -0700] "GET /wp-sitemap.xml?fileloc=/home/nyiet8349bzl/www/journalofbusinessstudies.in/bandwidth_db.json&path=/home/nyiet8349bzl/www/journalofbusinessstudies.in HTTP/1.1" 200 2361 "http://www.icdp.co.in/wp-sitemap.xml?path=/home/nyiet8349bzl/www/journalofbusinessstudies.in" "Mozilla/5.0 AppleWebKit/537.36 (KHTML, like Gecko; compatible; GPTBot/1.3; +https://openai.com/gptbot)" 40 **0/40148**
74.7.227.26 - - [04/Mar/2026:05:19:38 -0700] "GET /wp-sitemap.xml?fileloc=/home/nyiet8349bzl/www/journalofbusinessstudies.in/meta/dbprefix&path=/home/nyiet8349bzl/www/journalofbusinessstudies.in/meta HTTP/1.1" 200 2287 "http://www.icdp.co.in/wp-sitemap.xml?path=/home/nyiet8349bzl/www/journalofbusinessstudies.in/meta" "Mozilla/5.0 AppleWebKit/537.36 (KHTML, like Gecko; compatible; GPTBot/1.3; +https://openai.com/gptbot)" 45 **0/45398**
74.7.227.26 - - [04/Mar/2026:05:19:38 -0700] "GET /wp-sitemap.xml?fileloc=/home/nyiet8349bzl/www/journalofbusinessstudies.in/latest-issues.php&path=/home/nyiet8349bzl/www/journalofbusinessstudies.in HTTP/1.1" 200 2733 "http://www.icdp.co.in/wp-sitemap.xml?path=/home/nyiet8349bzl/www/journalofbusinessstudies.in" "Mozilla/5.0 AppleWebKit/537.36 (KHTML, like Gecko; compatible; GPTBot/1.3; +https://openai.com/gptbot)" 47 **0/47353**
144.76.32.236 - - [04/Mar/2026:05:19:38 -0700] "GET /personal-totally-free-revolves-extra-readily-available-40x-wagering-25-000-extra-40x-wagering-1000-free-revolves/ HTTP/1.1" 200 5663 "-" "Mozilla/5.0 (compatible; SERankingBacklinksBot/1.0; +https://seranking.com/backlinks-crawler)" 44 **0/44921**
74.7.227.26 - - [04/Mar/2026:05:19:39 -0700] "GET /wp-sitemap.xml?fileloc=/home/nyiet8349bzl/www/journalofbusinessstudies.in/about-college.php&path=/home/nyiet8349bzl/www/journalofbusinessstudies.in HTTP/1.1" 200 3916 "http://www.icdp.co.in/wp-sitemap.xml?path=/home/nyiet8349bzl/www/journalofbusinessstudies.in" "Mozilla/5.0 AppleWebKit/537.36 (KHTML, like Gecko; compatible; GPTBot/1.3; +https://openai.com/gptbot)" 54 **0/54514**
74.7.227.26 - - [04/Mar/2026:05:19:39 -0700] "GET /wp-sitemap.xml?fileloc=/home/nyiet8349bzl/www/journalofbusinessstudies.in/.htaccess.phpupgrader.initial&path=/home/nyiet8349bzl/www/journalofbusinessstudies.in HTTP/1.1" 200 2450 "http://www.icdp.co.in/wp-sitemap.xml?path=/home/nyiet8349bzl/www/journalofbusinessstudies.in" "Mozilla/5.0 AppleWebKit/537.36 (KHTML, like Gecko; compatible; GPTBot/1.3; +https://openai.com/gptbot)" 50 **0/50725**
74.7.227.26 - - [04/Mar/2026:05:19:40 -0700] "GET /wp-sitemap.xml?fileloc=/home/nyiet8349bzl/public_html/oldwebsite.sbsc.in/wp-content/plugins/forminator/library/lib/plugins-cross-sell-page/assets/images/snapshot.png&path=/home/nyiet8349bzl/public_html/oldwebsite.sbsc.in/wp-content/plugins/forminator/library/lib/plugins-cross-sell-page/assets/images HTTP/1.1" 200 3768 "http://www.icdp.co.in/wp-sitemap.xml?path=/home/nyiet8349bzl/public_html/oldwebsite.sbsc.in/wp-content/plugins/forminator/library/lib/plugins-cross-sell-page/assets/images" "Mozilla/5.0 AppleWebKit/537.36 (KHTML, like Gecko; compatible; GPTBot/1.3; +https://openai.com/gptbot)" 48 **0/48281**
74.7.227.26 - - [04/Mar/2026:05:19:40 -0700] "GET /wp-sitemap.xml?fileloc=/home/nyiet8349bzl/public_html/oldwebsite.sbsc.in/wp-content/plugins/forminator/library/lib/plugins-cross-sell-page/assets/images/branda-white-labeling.png&path=/home/nyiet8349bzl/public_html/oldwebsite.sbsc.in/wp-content/plugins/forminator/library/lib/plugins-cross-sell-page/assets/images HTTP/1.1" 200 3390 "http://www.icdp.co.in/wp-sitemap.xml?path=/home/nyiet8349bzl/public_html/oldwebsite.sbsc.in/wp-content/plugins/forminator/library/lib/plugins-cross-sell-page/assets/images" "Mozilla/5.0 AppleWebKit/537.36 (KHTML, like Gecko; compatible; GPTBot/1.3; +https://openai.com/gptbot)" 49 **0/49461**
74.7.227.26 - - [04/Mar/2026:05:19:41 -0700] "GET /wp-sitemap.xml?fileloc=/home/nyiet8349bzl/public_html/oldwebsite.sbsc.in/wp-content/plugins/forminator/library/lib/plugins-cross-sell-page/assets/images/wordpress-popup.png&path=/home/nyiet8349bzl/public_html/oldwebsite.sbsc.in/wp-content/plugins/forminator/library/lib/plugins-cross-sell-page/assets/images HTTP/1.1" 200 3536 "http://www.icdp.co.in/wp-sitemap.xml?path=/home/nyiet8349bzl/public_html/oldwebsite.sbsc.in/wp-content/plugins/forminator/library/lib/plugins-cross-sell-page/assets/images" "Mozilla/5.0 AppleWebKit/537.36 (KHTML, like Gecko; compatible; GPTBot/1.3; +https://openai.com/gptbot)" 43 **0/43142**
74.7.227.26 - - [04/Mar/2026:05:19:41 -0700] "GET /wp-sitemap.xml?fileloc=/home/nyiet8349bzl/public_html/oldwebsite.sbsc.in/wp-content/plugins/forminator/library/lib/plugins-cross-sell-page/assets/images/smartcrawl-seo.png&path=/home/nyiet8349bzl/public_html/oldwebsite.sbsc.in/wp-content/plugins/forminator/library/lib/plugins-cross-sell-page/assets/images HTTP/1.1" 200 3710 "http://www.icdp.co.in/wp-sitemap.xml?path=/home/nyiet8349bzl/public_html/oldwebsite.sbsc.in/wp-content/plugins/forminator/library/lib/plugins-cross-sell-page/assets/images" "Mozilla/5.0 AppleWebKit/537.36 (KHTML, like Gecko; compatible; GPTBot/1.3; +https://openai.com/gptbot)" 44 **0/44326**
144.76.32.236 - - [04/Mar/2026:05:19:42 -0700] "GET /better-free-spins-no-deposit-added-bonus-also-provides-in-the-web-based-play-fruits-go-bananas-slot-casinos-2025/ HTTP/1.1" 200 5663 "-" "Mozilla/5.0 (compatible; SERankingBacklinksBot/1.0; +https://seranking.com/backlinks-crawler)" 49 **0/49481**
74.7.227.26 - - [04/Mar/2026:05:19:42 -0700] "GET /wp-sitemap.xml?fileloc=/home/nyiet8349bzl/www/icdp.co.in/wp-content/plugins/wpforms-lite/assets/images/community/wpbeginner.png&path=/home/nyiet8349bzl/www/icdp.co.in/wp-content/plugins/wpforms-lite/assets/images/community HTTP/1.1" 200 3444 "http://www.icdp.co.in/wp-sitemap.xml?path=/home/nyiet8349bzl/www/icdp.co.in/wp-content/plugins/wpforms-lite/assets/images/community" "Mozilla/5.0 AppleWebKit/537.36 (KHTML, like Gecko; compatible; GPTBot/1.3; +https://openai.com/gptbot)" 52 **0/52439**
74.7.227.26 - - [04/Mar/2026:05:19:42 -0700] "GET /wp-sitemap.xml?fileloc=/home/nyiet8349bzl/www/icdp.co.in/wp-content/plugins/wpforms-lite/assets/images/challenge/times-circle-regular.svg&path=/home/nyiet8349bzl/www/icdp.co.in/wp-content/plugins/wpforms-lite/assets/images/challenge HTTP/1.1" 200 2666 "http://www.icdp.co.in/wp-sitemap.xml?path=/home/nyiet8349bzl/www/icdp.co.in/wp-content/plugins/wpforms-lite/assets/images/challenge" "Mozilla/5.0 AppleWebKit/537.36 (KHTML, like Gecko; compatible; GPTBot/1.3; +https://openai.com/gptbot)" 42 **0/42095**
74.7.227.26 - - [04/Mar/2026:05:19:43 -0700] "GET /wp-sitemap.xml?fileloc=/home/nyiet8349bzl/www/icdp.co.in/wp-content/plugins/wpforms-lite/assets/images/community/suggest.png&path=/home/nyiet8349bzl/www/icdp.co.in/wp-content/plugins/wpforms-lite/assets/images/community HTTP/1.1" 200 2854 "http://www.icdp.co.in/wp-sitemap.xml?path=/home/nyiet8349bzl/www/icdp.co.in/wp-content/plugins/wpforms-lite/assets/images/community" "Mozilla/5.0 AppleWebKit/537.36 (KHTML, like Gecko; compatible; GPTBot/1.3; +https://openai.com/gptbot)" 56 **0/56344**
74.7.227.26 - - [04/Mar/2026:05:19:43 -0700] "GET /wp-sitemap.xml?fileloc=/home/nyiet8349bzl/www/icdp.co.in/wp-content/plugins/wpforms-lite/assets/images/challenge/popup-congrats.png&path=/home/nyiet8349bzl/www/icdp.co.in/wp-content/plugins/wpforms-lite/assets/images/challenge HTTP/1.1" 200 50534 "http://www.icdp.co.in/wp-sitemap.xml?path=/home/nyiet8349bzl/www/icdp.co.in/wp-content/plugins/wpforms-lite/assets/images/challenge" "Mozilla/5.0 AppleWebKit/537.36 (KHTML, like Gecko; compatible; GPTBot/1.3; +https://openai.com/gptbot)" 55 **0/55340**
74.7.227.26 - - [04/Mar/2026:05:19:44 -0700] "GET /wp-sitemap.xml?fileloc=/home/nyiet8349bzl/www/icdp.co.in/wp-content/plugins/wpforms-lite/assets/images/challenge/getting-started.png&path=/home/nyiet8349bzl/www/icdp.co.in/wp-content/plugins/wpforms-lite/assets/images/challenge HTTP/1.1" 200 68508 "http://www.icdp.co.in/wp-sitemap.xml?path=/home/nyiet8349bzl/www/icdp.co.in/wp-content/plugins/wpforms-lite/assets/images/challenge" "Mozilla/5.0 AppleWebKit/537.36 (KHTML, like Gecko; compatible; GPTBot/1.3; +https://openai.com/gptbot)" 55 **0/55517**
74.7.227.26 - - [04/Mar/2026:05:19:44 -0700] "GET /wp-sitemap.xml?fileloc=/home/nyiet8349bzl/www/icdp.co.in/wp-content/plugins/wpforms-lite/assets/images/challenge/sullie-circle.png&path=/home/nyiet8349bzl/www/icdp.co.in/wp-content/plugins/wpforms-lite/assets/images/challenge HTTP/1.1" 200 7681 "http://www.icdp.co.in/wp-sitemap.xml?path=/home/nyiet8349bzl/www/icdp.co.in/wp-content/plugins/wpforms-lite/assets/images/challenge" "Mozilla/5.0 AppleWebKit/537.36 (KHTML, like Gecko; compatible; GPTBot/1.3; +https://openai.com/gptbot)" 44 **0/44090**
74.7.227.26 - - [04/Mar/2026:05:19:45 -0700] "GET /wp-sitemap.xml?fileloc=/home/nyiet8349bzl/www/icdp.co.in/wp-content/plugins/wpforms-lite/assets/images/community/translators.png&path=/home/nyiet8349bzl/www/icdp.co.in/wp-content/plugins/wpforms-lite/assets/images/community HTTP/1.1" 200 3313 "http://www.icdp.co.in/wp-sitemap.xml?path=/home/nyiet8349bzl/www/icdp.co.in/wp-content/plugins/wpforms-lite/assets/images/community" "Mozilla/5.0 AppleWebKit/537.36 (KHTML, like Gecko; compatible; GPTBot/1.3; +https://openai.com/gptbot)" 47 **0/47819**
74.7.227.26 - - [04/Mar/2026:05:19:45 -0700] "GET /wp-sitemap.xml?fileloc=/home/nyiet8349bzl/public_html/icdp.co.in/backup-3.15.2023_02-00-26_bq1p5yxk8zys/resellerconfig/resellers&path=/home/nyiet8349bzl/public_html/icdp.co.in/backup-3.15.2023_02-00-26_bq1p5yxk8zys/resellerconfig HTTP/1.1" 200 2322 "http://www.icdp.co.in/wp-sitemap.xml?path=/home/nyiet8349bzl/public_html/icdp.co.in/backup-3.15.2023_02-00-26_bq1p5yxk8zys/resellerconfig" "Mozilla/5.0 AppleWebKit/537.36 (KHTML, like Gecko; compatible; GPTBot/1.3; +https://openai.com/gptbot)" 45 **0/45067**
74.7.227.26 - - [04/Mar/2026:05:19:46 -0700] "GET /wp-sitemap.xml?fileloc=/home/nyiet8349bzl/public_html/icdp.co.in/backup-3.15.2023_02-00-26_bq1p5yxk8zys/resellerconfig/resellers-nameservers&path=/home/nyiet8349bzl/public_html/icdp.co.in/backup-3.15.2023_02-00-26_bq1p5yxk8zys/resellerconfig HTTP/1.1" 200 2329 "http://www.icdp.co.in/wp-sitemap.xml?path=/home/nyiet8349bzl/public_html/icdp.co.in/backup-3.15.2023_02-00-26_bq1p5yxk8zys/resellerconfig" "Mozilla/5.0 AppleWebKit/537.36 (KHTML, like Gecko; compatible; GPTBot/1.3; +https://openai.com/gptbot)" 43 **0/43847**
74.7.227.26 - - [04/Mar/2026:05:19:46 -0700] "GET /wp-sitemap.xml?path=/home/nyiet8349bzl/www/journalofbusinessstudies.in/upl/2018 HTTP/1.1" 200 2776 "http://www.icdp.co.in/wp-sitemap.xml?path=/home/nyiet8349bzl/www/journalofbusinessstudies.in/upl" "Mozilla/5.0 AppleWebKit/537.36 (KHTML, like Gecko; compatible; GPTBot/1.3; +https://openai.com/gptbot)" 47 **0/47730**
74.7.227.26 - - [04/Mar/2026:05:19:47 -0700] "GET /wp-sitemap.xml?path=/home/nyiet8349bzl/www/journalofbusinessstudies.in/upl/2020 HTTP/1.1" 200 3111 "http://www.icdp.co.in/wp-sitemap.xml?path=/home/nyiet8349bzl/www/journalofbusinessstudies.in/upl" "Mozilla/5.0 AppleWebKit/537.36 (KHTML, like Gecko; compatible; GPTBot/1.3; +https://openai.com/gptbot)" 46 **0/46925**
17.246.23.231 - - [04/Mar/2026:05:19:47 -0700] "GET /1win-sait-998/ HTTP/1.1" 200 5663 "-" "Mozilla/5.0 (Macintosh; Intel Mac OS X 10_15_7) AppleWebKit/605.1.15 (KHTML, like Gecko) Version/17.4 Safari/605.1.15 (Applebot/0.1; +http://www.apple.com/go/applebot)" 46 **0/46639**
74.7.227.26 - - [04/Mar/2026:05:19:47 -0700] "GET /wp-sitemap.xml?path=/home/nyiet8349bzl/www/journalofbusinessstudies.in/upl/2022 HTTP/1.1" 200 2870 "http://www.icdp.co.in/wp-sitemap.xml?path=/home/nyiet8349bzl/www/journalofbusinessstudies.in/upl" "Mozilla/5.0 AppleWebKit/537.36 (KHTML, like Gecko; compatible; GPTBot/1.3; +https://openai.com/gptbot)" 42 **0/42508**
74.7.227.26 - - [04/Mar/2026:05:19:48 -0700] "GET /wp-sitemap.xml?path=/home/nyiet8349bzl/www/icbm2026.sbsc.in/wp-content/plugins/elementor/modules/atomic-widgets/prop-types/filters/functions HTTP/1.1" 200 2847 "http://www.icdp.co.in/wp-sitemap.xml?path=/home/nyiet8349bzl/www/icbm2026.sbsc.in/wp-content/plugins/elementor/modules/atomic-widgets/prop-types/filters" "Mozilla/5.0 AppleWebKit/537.36 (KHTML, like Gecko; compatible; GPTBot/1.3; +https://openai.com/gptbot)" 40 **0/40157**
74.7.227.26 - - [04/Mar/2026:05:19:49 -0700] "GET /wp-sitemap.xml?path=/home/nyiet8349bzl/www/icbm2026.sbsc.in/wp-content/plugins/elementor/app/modules/import-export-customization/data/routes HTTP/1.1" 200 2950 "http://www.icdp.co.in/wp-sitemap.xml?path=/home/nyiet8349bzl/www/icbm2026.sbsc.in/wp-content/plugins/elementor/app/modules/import-export-customization/data" "Mozilla/5.0 AppleWebKit/537.36 (KHTML, like Gecko; compatible; GPTBot/1.3; +https://openai.com/gptbot)" 48 **0/48421**
74.7.227.26 - - [04/Mar/2026:05:19:49 -0700] "GET /wp-sitemap.xml?fileloc=/home/nyiet8349bzl/public_html/icdp.co.in/wp-content/plugins/hello.php&path=/home/nyiet8349bzl/public_html/icdp.co.in/wp-content/plugins HTTP/1.1" 200 3574 "http://www.icdp.co.in/wp-sitemap.xml?path=/home/nyiet8349bzl/public_html/icdp.co.in/wp-content/plugins" "Mozilla/5.0 AppleWebKit/537.36 (KHTML, like Gecko; compatible; GPTBot/1.3; +https://openai.com/gptbot)" 41 **0/41600**
74.7.227.26 - - [04/Mar/2026:05:19:50 -0700] "GET /wp-sitemap.xml?path=/home/nyiet8349bzl/.cagefs/opt/alt/php56/link/conf HTTP/1.1" 200 2610 "http://www.icdp.co.in/wp-sitemap.xml?path=/home/nyiet8349bzl/.cagefs/opt/alt/php56/link" "Mozilla/5.0 AppleWebKit/537.36 (KHTML, like Gecko; compatible; GPTBot/1.3; +https://openai.com/gptbot)" 41 **0/41601**
74.7.227.26 - - [04/Mar/2026:05:19:50 -0700] "GET /wp-sitemap.xml?path=/home/nyiet8349bzl/.cagefs/opt/alt/php70/link/conf HTTP/1.1" 200 2610 "http://www.icdp.co.in/wp-sitemap.xml?path=/home/nyiet8349bzl/.cagefs/opt/alt/php70/link" "Mozilla/5.0 AppleWebKit/537.36 (KHTML, like Gecko; compatible; GPTBot/1.3; +https://openai.com/gptbot)" 43 **0/43635**
74.7.227.26 - - [04/Mar/2026:05:19:51 -0700] "GET /wp-sitemap.xml?path=/home/nyiet8349bzl/.cagefs/opt/alt/php72/link/conf HTTP/1.1" 200 2611 "http://www.icdp.co.in/wp-sitemap.xml?path=/home/nyiet8349bzl/.cagefs/opt/alt/php72/link" "Mozilla/5.0 AppleWebKit/537.36 (KHTML, like Gecko; compatible; GPTBot/1.3; +https://openai.com/gptbot)" 36 **0/36929**
74.7.227.26 - - [04/Mar/2026:05:19:51 -0700] "GET /wp-sitemap.xml?path=/home/nyiet8349bzl/.cagefs/opt/alt/php71/link/conf HTTP/1.1" 200 2610 "http://www.icdp.co.in/wp-sitemap.xml?path=/home/nyiet8349bzl/.cagefs/opt/alt/php71/link" "Mozilla/5.0 AppleWebKit/537.36 (KHTML, like Gecko; compatible; GPTBot/1.3; +https://openai.com/gptbot)" 46 **0/46804**
74.7.227.26 - - [04/Mar/2026:05:19:52 -0700] "GET /wp-sitemap.xml?fileloc=/home/nyiet8349bzl/www/icbm2026.sbsc.in/wp-content/plugins/templately/assets/images/exclusive.png&path=/home/nyiet8349bzl/www/icbm2026.sbsc.in/wp-content/plugins/templately/assets/images HTTP/1.1" 200 95900 "http://www.icdp.co.in/wp-sitemap.xml?path=/home/nyiet8349bzl/www/icbm2026.sbsc.in/wp-content/plugins/templately/assets/images" "Mozilla/5.0 AppleWebKit/537.36 (KHTML, like Gecko; compatible; GPTBot/1.3; +https://openai.com/gptbot)" 70 **0/70201**
144.76.32.236 - - [04/Mar/2026:05:19:52 -0700] "GET /jackpot-slots-gambling-enterprise-free-spins-and-huge-wins-online-casino-all-american-poker-5-hand-by-the-netent/ HTTP/1.1" 200 5663 "-" "Mozilla/5.0 (compatible; SERankingBacklinksBot/1.0; +https://seranking.com/backlinks-crawler)" 41 **0/41185**
74.7.227.26 - - [04/Mar/2026:05:19:52 -0700] "GET /wp-sitemap.xml?fileloc=/home/nyiet8349bzl/www/journalofbusinessstudies.in/upl/2018/jbs-2018%20(X)-5-16.pdf&path=/home/nyiet8349bzl/www/journalofbusinessstudies.in/upl/2018 HTTP/1.1" 200 5453276 "http://www.icdp.co.in/wp-sitemap.xml?path=/home/nyiet8349bzl/www/journalofbusinessstudies.in/upl/2018" "Mozilla/5.0 AppleWebKit/537.36 (KHTML, like Gecko; compatible; GPTBot/1.3; +https://openai.com/gptbot)" 1608 **1/1608043**
74.7.227.26 - - [04/Mar/2026:05:19:54 -0700] "GET /wp-sitemap.xml?fileloc=/home/nyiet8349bzl/www/journalofbusinessstudies.in/upl/2020/Bonus%20Announcement%20and%20its%20impact.pdf&path=/home/nyiet8349bzl/www/journalofbusinessstudies.in/upl/2020 HTTP/1.1" 200 334462 "http://www.icdp.co.in/wp-sitemap.xml?path=/home/nyiet8349bzl/www/journalofbusinessstudies.in/upl/2020" "Mozilla/5.0 AppleWebKit/537.36 (KHTML, like Gecko; compatible; GPTBot/1.3; +https://openai.com/gptbot)" 143 **0/143273**
74.7.227.26 - - [04/Mar/2026:05:19:55 -0700] "GET /wp-sitemap.xml?fileloc=/home/nyiet8349bzl/www/journalofbusinessstudies.in/upl/2022/Sustainable%20Financing%20Initiatives%20and%20Banking.pdf&path=/home/nyiet8349bzl/www/journalofbusinessstudies.in/upl/2022 HTTP/1.1" 200 356860 "http://www.icdp.co.in/wp-sitemap.xml?path=/home/nyiet8349bzl/www/journalofbusinessstudies.in/upl/2022" "Mozilla/5.0 AppleWebKit/537.36 (KHTML, like Gecko; compatible; GPTBot/1.3; +https://openai.com/gptbot)" 189 **0/189541**
74.7.227.26 - - [04/Mar/2026:05:19:55 -0700] "GET /wp-sitemap.xml?fileloc=/home/nyiet8349bzl/www/journalofbusinessstudies.in/upl/2022/Mobile%20Advertising%20and%20Attitudes%20of%20Consumers.pdf&path=/home/nyiet8349bzl/www/journalofbusinessstudies.in/upl/2022 HTTP/1.1" 200 285747 "http://www.icdp.co.in/wp-sitemap.xml?path=/home/nyiet8349bzl/www/journalofbusinessstudies.in/upl/2022" "Mozilla/5.0 AppleWebKit/537.36 (KHTML, like Gecko; compatible; GPTBot/1.3; +https://openai.com/gptbot)" 138 **0/138733**
74.7.227.26 - - [04/Mar/2026:05:19:56 -0700] "GET /wp-sitemap.xml?fileloc=/home/nyiet8349bzl/www/journalofbusinessstudies.in/upl/2022/Impact%20of%20Corporate%20Social%20Responsibility.pdf&path=/home/nyiet8349bzl/www/journalofbusinessstudies.in/upl/2022 HTTP/1.1" 200 225377 "http://www.icdp.co.in/wp-sitemap.xml?path=/home/nyiet8349bzl/www/journalofbusinessstudies.in/upl/2022" "Mozilla/5.0 AppleWebKit/537.36 (KHTML, like Gecko; compatible; GPTBot/1.3; +https://openai.com/gptbot)" 101 **0/101151**
74.7.227.26 - - [04/Mar/2026:05:19:56 -0700] "GET /wp-sitemap.xml?fileloc=/home/nyiet8349bzl/www/journalofbusinessstudies.in/upl/2020/Organizational%20Fear%20Barriers%20to%20Effective.pdf&path=/home/nyiet8349bzl/www/journalofbusinessstudies.in/upl/2020 HTTP/1.1" 200 587053 "http://www.icdp.co.in/wp-sitemap.xml?path=/home/nyiet8349bzl/www/journalofbusinessstudies.in/upl/2020" "Mozilla/5.0 AppleWebKit/537.36 (KHTML, like Gecko; compatible; GPTBot/1.3; +https://openai.com/gptbot)" 220 **0/220048**
74.7.227.26 - - [04/Mar/2026:05:19:57 -0700] "GET /wp-sitemap.xml?fileloc=/home/nyiet8349bzl/www/journalofbusinessstudies.in/upl/2020/e%20-%20CRM%20Strategy%20on%20the%20Digitalised%20Textile.pdf&path=/home/nyiet8349bzl/www/journalofbusinessstudies.in/upl/2020 HTTP/1.1" 200 220662 "http://www.icdp.co.in/wp-sitemap.xml?path=/home/nyiet8349bzl/www/journalofbusinessstudies.in/upl/2020" "Mozilla/5.0 AppleWebKit/537.36 (KHTML, like Gecko; compatible; GPTBot/1.3; +https://openai.com/gptbot)" 116 **0/116113**
74.7.227.26 - - [04/Mar/2026:05:19:57 -0700] "GET /wp-sitemap.xml?fileloc=/home/nyiet8349bzl/www/icbm2026.sbsc.in/wp-content/plugins/elementor/modules/atomic-widgets/prop-types/filters/functions/intensity-prop-type.php&path=/home/nyiet8349bzl/www/icbm2026.sbsc.in/wp-content/plugins/elementor/modules/atomic-widgets/prop-types/filters/functions HTTP/1.1" 200 2698 "http://www.icdp.co.in/wp-sitemap.xml?path=/home/nyiet8349bzl/www/icbm2026.sbsc.in/wp-content/plugins/elementor/modules/atomic-widgets/prop-types/filters/functions" "Mozilla/5.0 AppleWebKit/537.36 (KHTML, like Gecko; compatible; GPTBot/1.3; +https://openai.com/gptbot)" 45 **0/45488**
57.141.2.65 - - [04/Mar/2026:05:19:58 -0700] "GET /wp-json/oembed/1.0/embed?url=http%3A%2F%2Fwww.icdp.co.in%2Fmodern-world-has-expanded-alive-agent-online-game-available-today-much-more-languages-and-you-can-nations%2F HTTP/1.1" 200 127968 "-" "meta-externalagent/1.1 (+https://developers.facebook.com/docs/sharing/webmasters/crawler)" 52 **0/52259**
74.7.227.26 - - [04/Mar/2026:05:19:58 -0700] "GET /wp-sitemap.xml?fileloc=/home/nyiet8349bzl/www/icbm2026.sbsc.in/wp-content/plugins/elementor/modules/atomic-widgets/prop-types/filters/functions/hue-rotate-prop-type.php&path=/home/nyiet8349bzl/www/icbm2026.sbsc.in/wp-content/plugins/elementor/modules/atomic-widgets/prop-types/filters/functions HTTP/1.1" 200 2706 "http://www.icdp.co.in/wp-sitemap.xml?path=/home/nyiet8349bzl/www/icbm2026.sbsc.in/wp-content/plugins/elementor/modules/atomic-widgets/prop-types/filters/functions" "Mozilla/5.0 AppleWebKit/537.36 (KHTML, like Gecko; compatible; GPTBot/1.3; +https://openai.com/gptbot)" 53 **0/53959**
74.7.227.26 - - [04/Mar/2026:05:19:58 -0700] "GET /wp-sitemap.xml?fileloc=/home/nyiet8349bzl/www/icbm2026.sbsc.in/wp-content/plugins/elementor/modules/atomic-widgets/prop-types/filters/functions/color-tone-prop-type.php&path=/home/nyiet8349bzl/www/icbm2026.sbsc.in/wp-content/plugins/elementor/modules/atomic-widgets/prop-types/filters/functions HTTP/1.1" 200 2702 "http://www.icdp.co.in/wp-sitemap.xml?path=/home/nyiet8349bzl/www/icbm2026.sbsc.in/wp-content/plugins/elementor/modules/atomic-widgets/prop-types/filters/functions" "Mozilla/5.0 AppleWebKit/537.36 (KHTML, like Gecko; compatible; GPTBot/1.3; +https://openai.com/gptbot)" 57 **0/57369**
74.7.227.26 - - [04/Mar/2026:05:19:59 -0700] "GET /wp-sitemap.xml?fileloc=/home/nyiet8349bzl/www/icbm2026.sbsc.in/wp-content/plugins/elementor/modules/atomic-widgets/prop-types/filters/functions/blur-prop-type.php&path=/home/nyiet8349bzl/www/icbm2026.sbsc.in/wp-content/plugins/elementor/modules/atomic-widgets/prop-types/filters/functions HTTP/1.1" 200 2686 "http://www.icdp.co.in/wp-sitemap.xml?path=/home/nyiet8349bzl/www/icbm2026.sbsc.in/wp-content/plugins/elementor/modules/atomic-widgets/prop-types/filters/functions" "Mozilla/5.0 AppleWebKit/537.36 (KHTML, like Gecko; compatible; GPTBot/1.3; +https://openai.com/gptbot)" 38 **0/38622**
74.7.227.26 - - [04/Mar/2026:05:19:59 -0700] "GET /wp-sitemap.xml?fileloc=/home/nyiet8349bzl/www/journalofbusinessstudies.in/upl/2020/Relational%20vs.%20Elaboration%20Communication.pdf&path=/home/nyiet8349bzl/www/journalofbusinessstudies.in/upl/2020 HTTP/1.1" 200 199050 "http://www.icdp.co.in/wp-sitemap.xml?path=/home/nyiet8349bzl/www/journalofbusinessstudies.in/upl/2020" "Mozilla/5.0 AppleWebKit/537.36 (KHTML, like Gecko; compatible; GPTBot/1.3; +https://openai.com/gptbot)" 106 **0/106374**
74.7.227.26 - - [04/Mar/2026:05:20:00 -0700] "GET /wp-sitemap.xml?fileloc=/home/nyiet8349bzl/www/journalofbusinessstudies.in/upl/2020/A%20Study%20of%20Socio-Demographic%20Factors.pdf&path=/home/nyiet8349bzl/www/journalofbusinessstudies.in/upl/2020 HTTP/1.1" 200 194741 "http://www.icdp.co.in/wp-sitemap.xml?path=/home/nyiet8349bzl/www/journalofbusinessstudies.in/upl/2020" "Mozilla/5.0 AppleWebKit/537.36 (KHTML, like Gecko; compatible; GPTBot/1.3; +https://openai.com/gptbot)" 126 **0/126224**
