74.7.227.26 - - [04/Mar/2026:05:26:48 -0700] "GET /wp-sitemap.xml?path=//proc/irq/49/virtio2-request HTTP/1.1" 200 2330 "http://www.icdp.co.in/wp-sitemap.xml?path=//proc/irq/49" "Mozilla/5.0 AppleWebKit/537.36 (KHTML, like Gecko; compatible; GPTBot/1.3; +https://openai.com/gptbot)" 36 **0/36599**
74.7.227.26 - - [04/Mar/2026:05:26:48 -0700] "GET /wp-sitemap.xml?path=//proc/irq/58/virtio2-request HTTP/1.1" 200 2328 "http://www.icdp.co.in/wp-sitemap.xml?path=//proc/irq/58" "Mozilla/5.0 AppleWebKit/537.36 (KHTML, like Gecko; compatible; GPTBot/1.3; +https://openai.com/gptbot)" 40 **0/40477**
74.7.227.26 - - [04/Mar/2026:05:26:49 -0700] "GET /wp-sitemap.xml?path=//proc/irq/50/virtio2-request HTTP/1.1" 200 2328 "http://www.icdp.co.in/wp-sitemap.xml?path=//proc/irq/50" "Mozilla/5.0 AppleWebKit/537.36 (KHTML, like Gecko; compatible; GPTBot/1.3; +https://openai.com/gptbot)" 37 **0/37702**
74.7.227.26 - - [04/Mar/2026:05:26:49 -0700] "GET /wp-sitemap.xml?fileloc=//etc/my.cnf.d/enable_encryption.preset&path=//etc/my.cnf.d HTTP/1.1" 200 2614 "http://www.icdp.co.in/wp-sitemap.xml?path=//etc/my.cnf.d" "Mozilla/5.0 AppleWebKit/537.36 (KHTML, like Gecko; compatible; GPTBot/1.3; +https://openai.com/gptbot)" 50 **0/50372**
43.173.176.238 - - [04/Mar/2026:05:26:50 -0700] "GET /all-you-need-to-realize-about-free-spins-gambling-establishment/ HTTP/1.1" 200 5663 "-" "Mozilla/5.0 (Windows NT 10.0; Win64; x64) AppleWebKit/537.36 (KHTML, like Gecko) Chrome/124.0.0.0 Safari/537.36" 40 **0/40322**
43.163.22.77 - - [04/Mar/2026:05:26:50 -0700] "GET /betgem-the-ultimate-online-betting-experience-3/ HTTP/1.1" 200 5663 "-" "Mozilla/5.0 (Windows NT 10.0; Win64; x64) AppleWebKit/537.36 (KHTML, like Gecko) Chrome/120.0.0.0 Safari/537.36" 44 **0/44982**
74.7.227.26 - - [04/Mar/2026:05:26:50 -0700] "GET /wp-sitemap.xml?path=//opt/alt/liblqr-1/share HTTP/1.1" 200 2564 "http://www.icdp.co.in/wp-sitemap.xml?path=//opt/alt/liblqr-1" "Mozilla/5.0 AppleWebKit/537.36 (KHTML, like Gecko; compatible; GPTBot/1.3; +https://openai.com/gptbot)" 37 **0/37513**
74.7.227.26 - - [04/Mar/2026:05:26:50 -0700] "GET /wp-sitemap.xml?fileloc=//sbin/unix_update&path=//sbin HTTP/1.1" 200 2244 "http://www.icdp.co.in/wp-sitemap.xml?path=//sbin" "Mozilla/5.0 AppleWebKit/537.36 (KHTML, like Gecko; compatible; GPTBot/1.3; +https://openai.com/gptbot)" 47 **0/47349**
74.7.227.26 - - [04/Mar/2026:05:26:51 -0700] "GET /wp-sitemap.xml?fileloc=//sbin/tsig-keygen&path=//sbin HTTP/1.1" 200 9666 "http://www.icdp.co.in/wp-sitemap.xml?path=//sbin" "Mozilla/5.0 AppleWebKit/537.36 (KHTML, like Gecko; compatible; GPTBot/1.3; +https://openai.com/gptbot)" 63 **0/63931**
74.7.227.26 - - [04/Mar/2026:05:26:52 -0700] "GET /wp-sitemap.xml?fileloc=//proc/lve/task_sched_stat&path=//proc/lve HTTP/1.1" 200 2285 "http://www.icdp.co.in/wp-sitemap.xml?path=//proc/lve" "Mozilla/5.0 AppleWebKit/537.36 (KHTML, like Gecko; compatible; GPTBot/1.3; +https://openai.com/gptbot)" 40 **0/40672**
74.7.227.26 - - [04/Mar/2026:05:26:52 -0700] "GET /wp-sitemap.xml?fileloc=//opt/alt/python310/bin/pip-3.10&path=//opt/alt/python310/bin HTTP/1.1" 200 2557 "http://www.icdp.co.in/wp-sitemap.xml?path=//opt/alt/python310/bin" "Mozilla/5.0 AppleWebKit/537.36 (KHTML, like Gecko; compatible; GPTBot/1.3; +https://openai.com/gptbot)" 49 **0/49576**
74.7.227.26 - - [04/Mar/2026:05:26:53 -0700] "GET /wp-sitemap.xml?path=//run/sepermit HTTP/1.1" 200 2304 "http://www.icdp.co.in/wp-sitemap.xml?path=//run" "Mozilla/5.0 AppleWebKit/537.36 (KHTML, like Gecko; compatible; GPTBot/1.3; +https://openai.com/gptbot)" 53 **0/53966**
74.7.227.26 - - [04/Mar/2026:05:26:53 -0700] "GET /wp-sitemap.xml?path=//etc/openldap HTTP/1.1" 200 2631 "http://www.icdp.co.in/wp-sitemap.xml?path=//etc" "Mozilla/5.0 AppleWebKit/537.36 (KHTML, like Gecko; compatible; GPTBot/1.3; +https://openai.com/gptbot)" 45 **0/45989**
74.7.227.26 - - [04/Mar/2026:05:26:54 -0700] "GET /wp-sitemap.xml?path=//proc/sys/vm HTTP/1.1" 200 4024 "http://www.icdp.co.in/wp-sitemap.xml?path=//proc/sys" "Mozilla/5.0 AppleWebKit/537.36 (KHTML, like Gecko; compatible; GPTBot/1.3; +https://openai.com/gptbot)" 52 **0/52378**
74.7.227.26 - - [04/Mar/2026:05:26:54 -0700] "GET /wp-sitemap.xml?path=//proc/kcare HTTP/1.1" 200 2729 "http://www.icdp.co.in/wp-sitemap.xml?path=//proc" "Mozilla/5.0 AppleWebKit/537.36 (KHTML, like Gecko; compatible; GPTBot/1.3; +https://openai.com/gptbot)" 40 **0/40197**
74.7.227.26 - - [04/Mar/2026:05:26:55 -0700] "GET /wp-sitemap.xml?path=//proc/sys/fs HTTP/1.1" 200 3624 "http://www.icdp.co.in/wp-sitemap.xml?path=//proc/sys" "Mozilla/5.0 AppleWebKit/537.36 (KHTML, like Gecko; compatible; GPTBot/1.3; +https://openai.com/gptbot)" 48 **0/48020**
74.7.227.26 - - [04/Mar/2026:05:26:55 -0700] "GET /wp-sitemap.xml?fileloc=//tmp/ej-69772e38d6663&path=//tmp HTTP/1.1" 200 2241 "http://www.icdp.co.in/wp-sitemap.xml?path=//tmp" "Mozilla/5.0 AppleWebKit/537.36 (KHTML, like Gecko; compatible; GPTBot/1.3; +https://openai.com/gptbot)" 49 **0/49865**
74.7.227.26 - - [04/Mar/2026:05:26:56 -0700] "GET /wp-sitemap.xml?path=//etc/crypto-policies/state HTTP/1.1" 200 2622 "http://www.icdp.co.in/wp-sitemap.xml?path=//etc/crypto-policies" "Mozilla/5.0 AppleWebKit/537.36 (KHTML, like Gecko; compatible; GPTBot/1.3; +https://openai.com/gptbot)" 40 **0/40655**
74.7.227.26 - - [04/Mar/2026:05:26:56 -0700] "GET /wp-sitemap.xml?fileloc=//proc/mdstat&path=//proc HTTP/1.1" 200 2244 "http://www.icdp.co.in/wp-sitemap.xml?path=//proc" "Mozilla/5.0 AppleWebKit/537.36 (KHTML, like Gecko; compatible; GPTBot/1.3; +https://openai.com/gptbot)" 40 **0/40988**
74.7.227.26 - - [04/Mar/2026:05:26:57 -0700] "GET /wp-sitemap.xml?fileloc=//proc/vmstat&path=//proc HTTP/1.1" 200 2244 "http://www.icdp.co.in/wp-sitemap.xml?path=//proc" "Mozilla/5.0 AppleWebKit/537.36 (KHTML, like Gecko; compatible; GPTBot/1.3; +https://openai.com/gptbot)" 47 **0/47077**
74.7.227.26 - - [04/Mar/2026:05:26:57 -0700] "GET /wp-sitemap.xml?fileloc=//etc/fonts/conf.d/30-metric-aliases.conf&path=//etc/fonts/conf.d HTTP/1.1" 200 4128 "http://www.icdp.co.in/wp-sitemap.xml?path=//etc/fonts/conf.d" "Mozilla/5.0 AppleWebKit/537.36 (KHTML, like Gecko; compatible; GPTBot/1.3; +https://openai.com/gptbot)" 49 **0/49561**
74.7.227.26 - - [04/Mar/2026:05:26:58 -0700] "GET /wp-sitemap.xml?fileloc=//etc/fonts/conf.d/10-hinting-slight.conf&path=//etc/fonts/conf.d HTTP/1.1" 200 2658 "http://www.icdp.co.in/wp-sitemap.xml?path=//etc/fonts/conf.d" "Mozilla/5.0 AppleWebKit/537.36 (KHTML, like Gecko; compatible; GPTBot/1.3; +https://openai.com/gptbot)" 50 **0/50449**
74.7.227.26 - - [04/Mar/2026:05:26:58 -0700] "GET /wp-sitemap.xml?fileloc=//etc/fonts/conf.d/59-liberation-mono.conf&path=//etc/fonts/conf.d HTTP/1.1" 200 2449 "http://www.icdp.co.in/wp-sitemap.xml?path=//etc/fonts/conf.d" "Mozilla/5.0 AppleWebKit/537.36 (KHTML, like Gecko; compatible; GPTBot/1.3; +https://openai.com/gptbot)" 49 **0/49522**
144.76.32.236 - - [04/Mar/2026:05:26:59 -0700] "GET /an-online-roulette-video-game-allows-you-to-take-advantage-of-the-game-play-instead-of-risking-any-a-real-income/ HTTP/1.1" 200 5663 "-" "Mozilla/5.0 (compatible; SERankingBacklinksBot/1.0; +https://seranking.com/backlinks-crawler)" 50 **0/50833**
74.7.227.26 - - [04/Mar/2026:05:26:59 -0700] "GET /wp-sitemap.xml?path=//etc/openldap/certs HTTP/1.1" 200 2314 "http://www.icdp.co.in/wp-sitemap.xml?path=//etc/openldap" "Mozilla/5.0 AppleWebKit/537.36 (KHTML, like Gecko; compatible; GPTBot/1.3; +https://openai.com/gptbot)" 46 **0/46607**
74.7.227.26 - - [04/Mar/2026:05:26:59 -0700] "GET /wp-sitemap.xml?fileloc=//proc/sys/vm/compact_memory&path=//proc/sys/vm HTTP/1.1" 200 2266 "http://www.icdp.co.in/wp-sitemap.xml?path=//proc/sys/vm" "Mozilla/5.0 AppleWebKit/537.36 (KHTML, like Gecko; compatible; GPTBot/1.3; +https://openai.com/gptbot)" 42 **0/42046**
74.7.227.26 - - [04/Mar/2026:05:27:00 -0700] "GET /wp-sitemap.xml?fileloc=//proc/sys/vm/percpu_pagelist_fraction&path=//proc/sys/vm HTTP/1.1" 200 2277 "http://www.icdp.co.in/wp-sitemap.xml?path=//proc/sys/vm" "Mozilla/5.0 AppleWebKit/537.36 (KHTML, like Gecko; compatible; GPTBot/1.3; +https://openai.com/gptbot)" 58 **0/58673**
74.7.227.26 - - [04/Mar/2026:05:27:01 -0700] "GET /wp-sitemap.xml?fileloc=//proc/sys/vm/oom_kill_allocating_task&path=//proc/sys/vm HTTP/1.1" 200 2280 "http://www.icdp.co.in/wp-sitemap.xml?path=//proc/sys/vm" "Mozilla/5.0 AppleWebKit/537.36 (KHTML, like Gecko; compatible; GPTBot/1.3; +https://openai.com/gptbot)" 45 **0/45765**
74.7.227.26 - - [04/Mar/2026:05:27:01 -0700] "GET /wp-sitemap.xml?fileloc=//proc/sys/vm/memory_failure_early_kill&path=//proc/sys/vm HTTP/1.1" 200 2278 "http://www.icdp.co.in/wp-sitemap.xml?path=//proc/sys/vm" "Mozilla/5.0 AppleWebKit/537.36 (KHTML, like Gecko; compatible; GPTBot/1.3; +https://openai.com/gptbot)" 70 **0/70387**
74.7.227.26 - - [04/Mar/2026:05:27:02 -0700] "GET /wp-sitemap.xml?fileloc=//proc/sys/vm/dirtytime_expire_seconds&path=//proc/sys/vm HTTP/1.1" 200 2277 "http://www.icdp.co.in/wp-sitemap.xml?path=//proc/sys/vm" "Mozilla/5.0 AppleWebKit/537.36 (KHTML, like Gecko; compatible; GPTBot/1.3; +https://openai.com/gptbot)" 58 **0/58342**
144.76.32.236 - - [04/Mar/2026:05:27:02 -0700] "GET /lll-tragamonedas-gratuito-sin-registrarse-bonos-de-casino-megawin-juegos-sobre-maquinas-tragamonedas-en-internet/ HTTP/1.1" 200 5663 "-" "Mozilla/5.0 (compatible; SERankingBacklinksBot/1.0; +https://seranking.com/backlinks-crawler)" 66 **0/66759**
74.7.227.26 - - [04/Mar/2026:05:27:02 -0700] "GET /wp-sitemap.xml?fileloc=//proc/sys/vm/overcommit_ratio&path=//proc/sys/vm HTTP/1.1" 200 2271 "http://www.icdp.co.in/wp-sitemap.xml?path=//proc/sys/vm" "Mozilla/5.0 AppleWebKit/537.36 (KHTML, like Gecko; compatible; GPTBot/1.3; +https://openai.com/gptbot)" 60 **0/60926**
74.7.227.26 - - [04/Mar/2026:05:27:03 -0700] "GET /wp-sitemap.xml?fileloc=//proc/sys/fs/protected_fifos&path=//proc/sys/fs HTTP/1.1" 200 2267 "http://www.icdp.co.in/wp-sitemap.xml?path=//proc/sys/fs" "Mozilla/5.0 AppleWebKit/537.36 (KHTML, like Gecko; compatible; GPTBot/1.3; +https://openai.com/gptbot)" 58 **0/58256**
74.7.227.26 - - [04/Mar/2026:05:27:03 -0700] "GET /wp-sitemap.xml?fileloc=//proc/sys/vm/overcommit_memory&path=//proc/sys/vm HTTP/1.1" 200 2272 "http://www.icdp.co.in/wp-sitemap.xml?path=//proc/sys/vm" "Mozilla/5.0 AppleWebKit/537.36 (KHTML, like Gecko; compatible; GPTBot/1.3; +https://openai.com/gptbot)" 53 **0/53756**
74.7.227.26 - - [04/Mar/2026:05:27:04 -0700] "GET /wp-sitemap.xml?path=//proc/sys/fs/quota HTTP/1.1" 200 2790 "http://www.icdp.co.in/wp-sitemap.xml?path=//proc/sys/fs" "Mozilla/5.0 AppleWebKit/537.36 (KHTML, like Gecko; compatible; GPTBot/1.3; +https://openai.com/gptbot)" 57 **0/57541**
74.7.227.26 - - [04/Mar/2026:05:27:04 -0700] "GET /wp-sitemap.xml?path=//proc/sys/fs/datacycle HTTP/1.1" 200 2764 "http://www.icdp.co.in/wp-sitemap.xml?path=//proc/sys/fs" "Mozilla/5.0 AppleWebKit/537.36 (KHTML, like Gecko; compatible; GPTBot/1.3; +https://openai.com/gptbot)" 40 **0/40720**
74.7.227.26 - - [04/Mar/2026:05:27:05 -0700] "GET /wp-sitemap.xml?fileloc=//proc/sys/vm/vfs_cache_pressure&path=//proc/sys/vm HTTP/1.1" 200 2273 "http://www.icdp.co.in/wp-sitemap.xml?path=//proc/sys/vm" "Mozilla/5.0 AppleWebKit/537.36 (KHTML, like Gecko; compatible; GPTBot/1.3; +https://openai.com/gptbot)" 40 **0/40937**
144.76.32.236 - - [04/Mar/2026:05:27:05 -0700] "GET /casinos-on-the-chicago-nights-online-slot-internet-offering-50-free-spins-no-deposit-to-your-guide-from-deceased/ HTTP/1.1" 200 5663 "-" "Mozilla/5.0 (compatible; SERankingBacklinksBot/1.0; +https://seranking.com/backlinks-crawler)" 40 **0/40464**
74.7.227.26 - - [04/Mar/2026:05:27:05 -0700] "GET /wp-sitemap.xml?fileloc=//proc/sys/fs/global_root_enable&path=//proc/sys/fs HTTP/1.1" 200 2267 "http://www.icdp.co.in/wp-sitemap.xml?path=//proc/sys/fs" "Mozilla/5.0 AppleWebKit/537.36 (KHTML, like Gecko; compatible; GPTBot/1.3; +https://openai.com/gptbot)" 52 **0/52208**
74.7.227.26 - - [04/Mar/2026:05:27:06 -0700] "GET /wp-sitemap.xml?fileloc=//proc/sys/fs/dir-notify-enable&path=//proc/sys/fs HTTP/1.1" 200 2270 "http://www.icdp.co.in/wp-sitemap.xml?path=//proc/sys/fs" "Mozilla/5.0 AppleWebKit/537.36 (KHTML, like Gecko; compatible; GPTBot/1.3; +https://openai.com/gptbot)" 46 **0/46918**
74.7.227.26 - - [04/Mar/2026:05:27:06 -0700] "GET /wp-sitemap.xml?fileloc=//proc/sys/vm/nr_overcommit_hugepages&path=//proc/sys/vm HTTP/1.1" 200 2278 "http://www.icdp.co.in/wp-sitemap.xml?path=//proc/sys/vm" "Mozilla/5.0 AppleWebKit/537.36 (KHTML, like Gecko; compatible; GPTBot/1.3; +https://openai.com/gptbot)" 40 **0/40426**
74.7.227.26 - - [04/Mar/2026:05:27:07 -0700] "GET /wp-sitemap.xml?fileloc=//proc/sys/vm/legacy_willneed_readahead&path=//proc/sys/vm HTTP/1.1" 200 2277 "http://www.icdp.co.in/wp-sitemap.xml?path=//proc/sys/vm" "Mozilla/5.0 AppleWebKit/537.36 (KHTML, like Gecko; compatible; GPTBot/1.3; +https://openai.com/gptbot)" 47 **0/47513**
74.7.227.26 - - [04/Mar/2026:05:27:07 -0700] "GET /wp-sitemap.xml?fileloc=//proc/sys/vm/dirty_writeback_centisecs&path=//proc/sys/vm HTTP/1.1" 200 2278 "http://www.icdp.co.in/wp-sitemap.xml?path=//proc/sys/vm" "Mozilla/5.0 AppleWebKit/537.36 (KHTML, like Gecko; compatible; GPTBot/1.3; +https://openai.com/gptbot)" 38 **0/38682**
74.7.227.26 - - [04/Mar/2026:05:27:08 -0700] "GET /wp-sitemap.xml?fileloc=//etc/fonts/conf.d/10-scale-bitmap-fonts.conf&path=//etc/fonts/conf.d HTTP/1.1" 200 2938 "http://www.icdp.co.in/wp-sitemap.xml?path=//etc/fonts/conf.d" "Mozilla/5.0 AppleWebKit/537.36 (KHTML, like Gecko; compatible; GPTBot/1.3; +https://openai.com/gptbot)" 36 **0/36474**
74.7.227.26 - - [04/Mar/2026:05:27:08 -0700] "GET /wp-sitemap.xml?fileloc=//etc/lynx-site.cfg&path=//etc HTTP/1.1" 200 2287 "http://www.icdp.co.in/wp-sitemap.xml?path=//etc" "Mozilla/5.0 AppleWebKit/537.36 (KHTML, like Gecko; compatible; GPTBot/1.3; +https://openai.com/gptbot)" 43 **0/43794**
74.7.227.26 - - [04/Mar/2026:05:27:09 -0700] "GET /wp-sitemap.xml?path=//proc/3712358 HTTP/1.1" 200 2305 "http://www.icdp.co.in/wp-sitemap.xml?path=//proc" "Mozilla/5.0 AppleWebKit/537.36 (KHTML, like Gecko; compatible; GPTBot/1.3; +https://openai.com/gptbot)" 40 **0/40261**
74.7.227.26 - - [04/Mar/2026:05:27:10 -0700] "GET /wp-sitemap.xml?fileloc=//proc/sys/fs/quota/allocated_dquots&path=//proc/sys/fs/quota HTTP/1.1" 200 2282 "http://www.icdp.co.in/wp-sitemap.xml?path=//proc/sys/fs/quota" "Mozilla/5.0 AppleWebKit/537.36 (KHTML, like Gecko; compatible; GPTBot/1.3; +https://openai.com/gptbot)" 45 **0/45849**
74.7.227.26 - - [04/Mar/2026:05:27:10 -0700] "GET /wp-sitemap.xml?path=//proc/irq/35/PCIe%20PME HTTP/1.1" 200 2327 "http://www.icdp.co.in/wp-sitemap.xml?path=//proc/irq/35" "Mozilla/5.0 AppleWebKit/537.36 (KHTML, like Gecko; compatible; GPTBot/1.3; +https://openai.com/gptbot)" 51 **0/51377**
74.7.227.26 - - [04/Mar/2026:05:27:11 -0700] "GET /wp-sitemap.xml?fileloc=//proc/iomem&path=//proc HTTP/1.1" 200 2243 "http://www.icdp.co.in/wp-sitemap.xml?path=//proc" "Mozilla/5.0 AppleWebKit/537.36 (KHTML, like Gecko; compatible; GPTBot/1.3; +https://openai.com/gptbot)" 41 **0/41671**
74.7.227.26 - - [04/Mar/2026:05:27:11 -0700] "GET /wp-sitemap.xml?fileloc=//proc/kcore&path=//proc HTTP/1.1" 200 2243 "http://www.icdp.co.in/wp-sitemap.xml?path=//proc" "Mozilla/5.0 AppleWebKit/537.36 (KHTML, like Gecko; compatible; GPTBot/1.3; +https://openai.com/gptbot)" 43 **0/43954**
74.7.227.26 - - [04/Mar/2026:05:27:12 -0700] "GET /wp-sitemap.xml?fileloc=//proc/locks&path=//proc HTTP/1.1" 200 2242 "http://www.icdp.co.in/wp-sitemap.xml?path=//proc" "Mozilla/5.0 AppleWebKit/537.36 (KHTML, like Gecko; compatible; GPTBot/1.3; +https://openai.com/gptbot)" 47 **0/47075**
57.141.2.60 - - [04/Mar/2026:05:27:12 -0700] "GET /let-us-talk-about-the-render-you-to-definitely-draws-most-people-for-the-100-opportunity-to-have-5/feed/ HTTP/1.1" 200 127968 "-" "meta-externalagent/1.1 (+https://developers.facebook.com/docs/sharing/webmasters/crawler)" 50 **0/50336**
74.7.227.26 - - [04/Mar/2026:05:27:12 -0700] "GET /wp-sitemap.xml?fileloc=//proc/swaps&path=//proc HTTP/1.1" 200 2242 "http://www.icdp.co.in/wp-sitemap.xml?path=//proc" "Mozilla/5.0 AppleWebKit/537.36 (KHTML, like Gecko; compatible; GPTBot/1.3; +https://openai.com/gptbot)" 47 **0/47372**
74.7.227.26 - - [04/Mar/2026:05:27:13 -0700] "GET /wp-sitemap.xml?fileloc=//sbin/ldconfig&path=//sbin HTTP/1.1" 200 333776 "http://www.icdp.co.in/wp-sitemap.xml?path=//sbin" "Mozilla/5.0 AppleWebKit/537.36 (KHTML, like Gecko; compatible; GPTBot/1.3; +https://openai.com/gptbot)" 189 **0/189577**
74.7.227.26 - - [04/Mar/2026:05:27:13 -0700] "GET /wp-sitemap.xml?fileloc=//etc/domainusers&path=//etc HTTP/1.1" 200 2245 "http://www.icdp.co.in/wp-sitemap.xml?path=//etc" "Mozilla/5.0 AppleWebKit/537.36 (KHTML, like Gecko; compatible; GPTBot/1.3; +https://openai.com/gptbot)" 50 **0/50289**
74.7.227.26 - - [04/Mar/2026:05:27:14 -0700] "GET /wp-sitemap.xml?fileloc=//etc/resolv.conf&path=//etc HTTP/1.1" 200 2291 "http://www.icdp.co.in/wp-sitemap.xml?path=//etc" "Mozilla/5.0 AppleWebKit/537.36 (KHTML, like Gecko; compatible; GPTBot/1.3; +https://openai.com/gptbot)" 51 **0/51965**
74.7.227.26 - - [04/Mar/2026:05:27:14 -0700] "GET /wp-sitemap.xml?fileloc=//proc/buddyinfo&path=//proc HTTP/1.1" 200 2246 "http://www.icdp.co.in/wp-sitemap.xml?path=//proc" "Mozilla/5.0 AppleWebKit/537.36 (KHTML, like Gecko; compatible; GPTBot/1.3; +https://openai.com/gptbot)" 41 **0/41794**
74.7.227.26 - - [04/Mar/2026:05:27:15 -0700] "GET /wp-sitemap.xml?path=//etc/scl/modulefiles HTTP/1.1" 200 2314 "http://www.icdp.co.in/wp-sitemap.xml?path=//etc/scl" "Mozilla/5.0 AppleWebKit/537.36 (KHTML, like Gecko; compatible; GPTBot/1.3; +https://openai.com/gptbot)" 54 **0/54322**
74.7.227.26 - - [04/Mar/2026:05:27:15 -0700] "GET /wp-sitemap.xml?fileloc=//proc/sys/fs/datacycle/entries_in_buffer&path=//proc/sys/fs/datacycle HTTP/1.1" 200 2283 "http://www.icdp.co.in/wp-sitemap.xml?path=//proc/sys/fs/datacycle" "Mozilla/5.0 AppleWebKit/537.36 (KHTML, like Gecko; compatible; GPTBot/1.3; +https://openai.com/gptbot)" 50 **0/50021**
144.76.32.236 - - [04/Mar/2026:05:27:15 -0700] "GET /lobstermania-garden-of-riches-twin-spin-spielsaal-kostenlose-spins-150-keine-kostenlosen-einzahlungspins-carnote/ HTTP/1.1" 200 5663 "-" "Mozilla/5.0 (compatible; SERankingBacklinksBot/1.0; +https://seranking.com/backlinks-crawler)" 44 **0/44763**
74.7.227.26 - - [04/Mar/2026:05:27:16 -0700] "GET /wp-sitemap.xml?fileloc=//proc/sys/vm/force_cgroup_v2_swappiness&path=//proc/sys/vm HTTP/1.1" 200 2279 "http://www.icdp.co.in/wp-sitemap.xml?path=//proc/sys/vm" "Mozilla/5.0 AppleWebKit/537.36 (KHTML, like Gecko; compatible; GPTBot/1.3; +https://openai.com/gptbot)" 45 **0/45220**
57.141.2.43 - - [04/Mar/2026:05:27:16 -0700] "GET /wp-json/wp/v2/posts/150423 HTTP/1.1" 200 127968 "-" "meta-externalagent/1.1 (+https://developers.facebook.com/docs/sharing/webmasters/crawler)" 40 **0/40178**
74.7.227.26 - - [04/Mar/2026:05:27:16 -0700] "GET /wp-sitemap.xml?fileloc=//proc/sys/vm/zone_reclaim_mode&path=//proc/sys/vm HTTP/1.1" 200 2274 "http://www.icdp.co.in/wp-sitemap.xml?path=//proc/sys/vm" "Mozilla/5.0 AppleWebKit/537.36 (KHTML, like Gecko; compatible; GPTBot/1.3; +https://openai.com/gptbot)" 48 **0/48911**
74.7.227.26 - - [04/Mar/2026:05:27:17 -0700] "GET /wp-sitemap.xml?fileloc=//proc/sys/vm/legacy_va_layout&path=//proc/sys/vm HTTP/1.1" 200 2270 "http://www.icdp.co.in/wp-sitemap.xml?path=//proc/sys/vm" "Mozilla/5.0 AppleWebKit/537.36 (KHTML, like Gecko; compatible; GPTBot/1.3; +https://openai.com/gptbot)" 42 **0/42833**
74.7.227.26 - - [04/Mar/2026:05:27:17 -0700] "GET /wp-sitemap.xml?fileloc=//proc/sys/vm/min_unmapped_ratio&path=//proc/sys/vm HTTP/1.1" 200 2274 "http://www.icdp.co.in/wp-sitemap.xml?path=//proc/sys/vm" "Mozilla/5.0 AppleWebKit/537.36 (KHTML, like Gecko; compatible; GPTBot/1.3; +https://openai.com/gptbot)" 43 **0/43922**
74.7.227.26 - - [04/Mar/2026:05:27:18 -0700] "GET /wp-sitemap.xml?fileloc=//etc/fonts/conf.d/69-unifont.conf&path=//etc/fonts/conf.d HTTP/1.1" 200 2578 "http://www.icdp.co.in/wp-sitemap.xml?path=//etc/fonts/conf.d" "Mozilla/5.0 AppleWebKit/537.36 (KHTML, like Gecko; compatible; GPTBot/1.3; +https://openai.com/gptbot)" 46 **0/46463**
74.7.227.26 - - [04/Mar/2026:05:27:19 -0700] "GET /wp-sitemap.xml?path=//opt/alt/libmemcached/usr/lib64 HTTP/1.1" 200 2747 "http://www.icdp.co.in/wp-sitemap.xml?path=//opt/alt/libmemcached/usr" "Mozilla/5.0 AppleWebKit/537.36 (KHTML, like Gecko; compatible; GPTBot/1.3; +https://openai.com/gptbot)" 45 **0/45847**
74.7.227.26 - - [04/Mar/2026:05:27:19 -0700] "GET /wp-sitemap.xml?fileloc=//proc/uptime&path=//proc HTTP/1.1" 200 2264 "http://www.icdp.co.in/wp-sitemap.xml?path=//proc" "Mozilla/5.0 AppleWebKit/537.36 (KHTML, like Gecko; compatible; GPTBot/1.3; +https://openai.com/gptbot)" 42 **0/42232**
74.7.227.26 - - [04/Mar/2026:05:27:20 -0700] "GET /wp-sitemap.xml?fileloc=//proc/crypto&path=//proc HTTP/1.1" 200 2244 "http://www.icdp.co.in/wp-sitemap.xml?path=//proc" "Mozilla/5.0 AppleWebKit/537.36 (KHTML, like Gecko; compatible; GPTBot/1.3; +https://openai.com/gptbot)" 46 **0/46362**
74.7.227.26 - - [04/Mar/2026:05:27:20 -0700] "GET /wp-sitemap.xml?path=//opt/alt/libde265 HTTP/1.1" 200 2579 "http://www.icdp.co.in/wp-sitemap.xml?path=//opt/alt" "Mozilla/5.0 AppleWebKit/537.36 (KHTML, like Gecko; compatible; GPTBot/1.3; +https://openai.com/gptbot)" 47 **0/47658**
74.7.227.26 - - [04/Mar/2026:05:27:21 -0700] "GET /wp-sitemap.xml?fileloc=//proc/kpageflags&path=//proc HTTP/1.1" 200 2246 "http://www.icdp.co.in/wp-sitemap.xml?path=//proc" "Mozilla/5.0 AppleWebKit/537.36 (KHTML, like Gecko; compatible; GPTBot/1.3; +https://openai.com/gptbot)" 43 **0/43056**
74.7.227.26 - - [04/Mar/2026:05:27:21 -0700] "GET /wp-sitemap.xml?path=//opt/alt/libwebp HTTP/1.1" 200 2579 "http://www.icdp.co.in/wp-sitemap.xml?path=//opt/alt" "Mozilla/5.0 AppleWebKit/537.36 (KHTML, like Gecko; compatible; GPTBot/1.3; +https://openai.com/gptbot)" 49 **0/49500**
74.7.227.26 - - [04/Mar/2026:05:27:22 -0700] "GET /wp-sitemap.xml?path=//etc/crypto-policies/policies HTTP/1.1" 200 2556 "http://www.icdp.co.in/wp-sitemap.xml?path=//etc/crypto-policies" "Mozilla/5.0 AppleWebKit/537.36 (KHTML, like Gecko; compatible; GPTBot/1.3; +https://openai.com/gptbot)" 42 **0/42260**
74.7.227.26 - - [04/Mar/2026:05:27:22 -0700] "GET /wp-sitemap.xml?path=//opt/alt/pcre HTTP/1.1" 200 2550 "http://www.icdp.co.in/wp-sitemap.xml?path=//opt/alt" "Mozilla/5.0 AppleWebKit/537.36 (KHTML, like Gecko; compatible; GPTBot/1.3; +https://openai.com/gptbot)" 42 **0/42555**
144.76.32.236 - - [04/Mar/2026:05:27:22 -0700] "GET /genau-so-wie-man-allemal-as-part-of-verbunden-casinos-as-part-of-brd-spielen-vermag-ein-funktionsweise-pro-gamer/ HTTP/1.1" 200 5663 "-" "Mozilla/5.0 (compatible; SERankingBacklinksBot/1.0; +https://seranking.com/backlinks-crawler)" 37 **0/37091**
74.7.227.26 - - [04/Mar/2026:05:27:23 -0700] "GET /wp-sitemap.xml?path=//opt/alt/vips HTTP/1.1" 200 2576 "http://www.icdp.co.in/wp-sitemap.xml?path=//opt/alt" "Mozilla/5.0 AppleWebKit/537.36 (KHTML, like Gecko; compatible; GPTBot/1.3; +https://openai.com/gptbot)" 46 **0/46539**
74.7.227.26 - - [04/Mar/2026:05:27:23 -0700] "GET /wp-sitemap.xml?path=//etc/apache2 HTTP/1.1" 200 2542 "http://www.icdp.co.in/wp-sitemap.xml?path=//etc" "Mozilla/5.0 AppleWebKit/537.36 (KHTML, like Gecko; compatible; GPTBot/1.3; +https://openai.com/gptbot)" 36 **0/36583**
74.7.227.26 - - [04/Mar/2026:05:27:24 -0700] "GET /wp-sitemap.xml?path=//opt/alt/python310/lib64 HTTP/1.1" 200 2727 "http://www.icdp.co.in/wp-sitemap.xml?path=//opt/alt/python310" "Mozilla/5.0 AppleWebKit/537.36 (KHTML, like Gecko; compatible; GPTBot/1.3; +https://openai.com/gptbot)" 36 **0/36716**
74.7.227.26 - - [04/Mar/2026:05:27:24 -0700] "GET /wp-sitemap.xml?fileloc=//opt/alt/libmemcached/usr/lib64/libhashkit.so.2&path=//opt/alt/libmemcached/usr/lib64 HTTP/1.1" 200 21849 "http://www.icdp.co.in/wp-sitemap.xml?path=//opt/alt/libmemcached/usr/lib64" "Mozilla/5.0 AppleWebKit/537.36 (KHTML, like Gecko; compatible; GPTBot/1.3; +https://openai.com/gptbot)" 51 **0/51404**
74.7.227.26 - - [04/Mar/2026:05:27:25 -0700] "GET /wp-sitemap.xml?path=//etc/pam.d HTTP/1.1" 200 2957 "http://www.icdp.co.in/wp-sitemap.xml?path=//etc" "Mozilla/5.0 AppleWebKit/537.36 (KHTML, like Gecko; compatible; GPTBot/1.3; +https://openai.com/gptbot)" 53 **0/53879**
74.7.227.26 - - [04/Mar/2026:05:27:25 -0700] "GET /wp-sitemap.xml?path=//opt/alt/redis/share HTTP/1.1" 200 2593 "http://www.icdp.co.in/wp-sitemap.xml?path=//opt/alt/redis" "Mozilla/5.0 AppleWebKit/537.36 (KHTML, like Gecko; compatible; GPTBot/1.3; +https://openai.com/gptbot)" 37 **0/37769**
74.7.227.26 - - [04/Mar/2026:05:27:26 -0700] "GET /wp-sitemap.xml?path=//opt/alt/libde265/share HTTP/1.1" 200 2597 "http://www.icdp.co.in/wp-sitemap.xml?path=//opt/alt/libde265" "Mozilla/5.0 AppleWebKit/537.36 (KHTML, like Gecko; compatible; GPTBot/1.3; +https://openai.com/gptbot)" 50 **0/50420**
74.7.227.26 - - [04/Mar/2026:05:27:26 -0700] "GET /wp-sitemap.xml?path=//opt/alt/libde265/lib64 HTTP/1.1" 200 2617 "http://www.icdp.co.in/wp-sitemap.xml?path=//opt/alt/libde265" "Mozilla/5.0 AppleWebKit/537.36 (KHTML, like Gecko; compatible; GPTBot/1.3; +https://openai.com/gptbot)" 52 **0/52750**
74.7.227.26 - - [04/Mar/2026:05:27:27 -0700] "GET /wp-sitemap.xml?path=//proc/sys/net HTTP/1.1" 200 2755 "http://www.icdp.co.in/wp-sitemap.xml?path=//proc/sys" "Mozilla/5.0 AppleWebKit/537.36 (KHTML, like Gecko; compatible; GPTBot/1.3; +https://openai.com/gptbot)" 42 **0/42725**
74.7.227.26 - - [04/Mar/2026:05:27:27 -0700] "GET /wp-sitemap.xml?path=//etc/crypto-policies/policies/modules HTTP/1.1" 200 2323 "http://www.icdp.co.in/wp-sitemap.xml?path=//etc/crypto-policies/policies" "Mozilla/5.0 AppleWebKit/537.36 (KHTML, like Gecko; compatible; GPTBot/1.3; +https://openai.com/gptbot)" 42 **0/42501**
74.7.227.26 - - [04/Mar/2026:05:27:28 -0700] "GET /wp-sitemap.xml?path=//opt/alt/python-internal/share HTTP/1.1" 200 2658 "http://www.icdp.co.in/wp-sitemap.xml?path=//opt/alt/python-internal" "Mozilla/5.0 AppleWebKit/537.36 (KHTML, like Gecko; compatible; GPTBot/1.3; +https://openai.com/gptbot)" 36 **0/36032**
74.7.227.26 - - [04/Mar/2026:05:27:28 -0700] "GET /wp-sitemap.xml?path=//opt/alt/vips/lib64 HTTP/1.1" 200 2720 "http://www.icdp.co.in/wp-sitemap.xml?path=//opt/alt/vips" "Mozilla/5.0 AppleWebKit/537.36 (KHTML, like Gecko; compatible; GPTBot/1.3; +https://openai.com/gptbot)" 37 **0/37328**
74.7.227.26 - - [04/Mar/2026:05:27:29 -0700] "GET /wp-sitemap.xml?path=//opt/alt/vips/share HTTP/1.1" 200 2591 "http://www.icdp.co.in/wp-sitemap.xml?path=//opt/alt/vips" "Mozilla/5.0 AppleWebKit/537.36 (KHTML, like Gecko; compatible; GPTBot/1.3; +https://openai.com/gptbot)" 43 **0/43193**
74.7.227.26 - - [04/Mar/2026:05:27:29 -0700] "GET /wp-sitemap.xml?path=//etc/apache2/logs HTTP/1.1" 200 2553 "http://www.icdp.co.in/wp-sitemap.xml?path=//etc/apache2" "Mozilla/5.0 AppleWebKit/537.36 (KHTML, like Gecko; compatible; GPTBot/1.3; +https://openai.com/gptbot)" 43 **0/43904**
74.7.227.26 - - [04/Mar/2026:05:27:30 -0700] "GET /wp-sitemap.xml?fileloc=//etc/fonts/conf.d/65-fonts-persian.conf&path=//etc/fonts/conf.d HTTP/1.1" 200 4736 "http://www.icdp.co.in/wp-sitemap.xml?path=//etc/fonts/conf.d" "Mozilla/5.0 AppleWebKit/537.36 (KHTML, like Gecko; compatible; GPTBot/1.3; +https://openai.com/gptbot)" 59 **0/59830**
74.7.227.26 - - [04/Mar/2026:05:27:30 -0700] "GET /wp-sitemap.xml?fileloc=//etc/pam.d/config-util&path=//etc/pam.d HTTP/1.1" 200 2340 "http://www.icdp.co.in/wp-sitemap.xml?path=//etc/pam.d" "Mozilla/5.0 AppleWebKit/537.36 (KHTML, like Gecko; compatible; GPTBot/1.3; +https://openai.com/gptbot)" 46 **0/46896**
74.7.227.26 - - [04/Mar/2026:05:27:31 -0700] "GET /wp-sitemap.xml?fileloc=//etc/pam.d/postlogin&path=//etc/pam.d HTTP/1.1" 200 2424 "http://www.icdp.co.in/wp-sitemap.xml?path=//etc/pam.d" "Mozilla/5.0 AppleWebKit/537.36 (KHTML, like Gecko; compatible; GPTBot/1.3; +https://openai.com/gptbot)" 49 **0/49247**
74.7.227.26 - - [04/Mar/2026:05:27:32 -0700] "GET /wp-sitemap.xml?fileloc=//etc/pam.d/system-auth&path=//etc/pam.d HTTP/1.1" 200 2567 "http://www.icdp.co.in/wp-sitemap.xml?path=//etc/pam.d" "Mozilla/5.0 AppleWebKit/537.36 (KHTML, like Gecko; compatible; GPTBot/1.3; +https://openai.com/gptbot)" 47 **0/47848**
74.7.227.26 - - [04/Mar/2026:05:27:32 -0700] "GET /wp-sitemap.xml?fileloc=//opt/alt/libde265/lib64/libde265.so.0.1.4&path=//opt/alt/libde265/lib64 HTTP/1.1" 200 192087 "http://www.icdp.co.in/wp-sitemap.xml?path=//opt/alt/libde265/lib64" "Mozilla/5.0 AppleWebKit/537.36 (KHTML, like Gecko; compatible; GPTBot/1.3; +https://openai.com/gptbot)" 110 **0/110945**
74.7.227.26 - - [04/Mar/2026:05:27:33 -0700] "GET /wp-sitemap.xml?fileloc=//proc/sys/net/nf_conntrack_max&path=//proc/sys/net HTTP/1.1" 200 2279 "http://www.icdp.co.in/wp-sitemap.xml?path=//proc/sys/net" "Mozilla/5.0 AppleWebKit/537.36 (KHTML, like Gecko; compatible; GPTBot/1.3; +https://openai.com/gptbot)" 45 **0/45095**
74.7.227.26 - - [04/Mar/2026:05:27:33 -0700] "GET /wp-sitemap.xml?fileloc=//etc/pam.d/fingerprint-auth&path=//etc/pam.d HTTP/1.1" 200 2508 "http://www.icdp.co.in/wp-sitemap.xml?path=//etc/pam.d" "Mozilla/5.0 AppleWebKit/537.36 (KHTML, like Gecko; compatible; GPTBot/1.3; +https://openai.com/gptbot)" 43 **0/43808**
74.7.227.26 - - [04/Mar/2026:05:27:34 -0700] "GET /wp-sitemap.xml?path=//opt/alt/python-internal/share/python-wheels HTTP/1.1" 200 2670 "http://www.icdp.co.in/wp-sitemap.xml?path=//opt/alt/python-internal/share" "Mozilla/5.0 AppleWebKit/537.36 (KHTML, like Gecko; compatible; GPTBot/1.3; +https://openai.com/gptbot)" 44 **0/44941**
74.7.227.26 - - [04/Mar/2026:05:27:34 -0700] "GET /wp-sitemap.xml?path=//opt/alt/python-internal/share/doc HTTP/1.1" 200 2650 "http://www.icdp.co.in/wp-sitemap.xml?path=//opt/alt/python-internal/share" "Mozilla/5.0 AppleWebKit/537.36 (KHTML, like Gecko; compatible; GPTBot/1.3; +https://openai.com/gptbot)" 43 **0/43466**
74.7.227.26 - - [04/Mar/2026:05:27:35 -0700] "GET /wp-sitemap.xml?fileloc=//etc/pam.d/other&path=//etc/pam.d HTTP/1.1" 200 2297 "http://www.icdp.co.in/wp-sitemap.xml?path=//etc/pam.d" "Mozilla/5.0 AppleWebKit/537.36 (KHTML, like Gecko; compatible; GPTBot/1.3; +https://openai.com/gptbot)" 45 **0/45519**
74.7.227.26 - - [04/Mar/2026:05:27:35 -0700] "GET /wp-sitemap.xml?path=//etc/apache2/logs/domlogs HTTP/1.1" 200 2322 "http://www.icdp.co.in/wp-sitemap.xml?path=//etc/apache2/logs" "Mozilla/5.0 AppleWebKit/537.36 (KHTML, like Gecko; compatible; GPTBot/1.3; +https://openai.com/gptbot)" 41 **0/41002**
74.7.227.26 - - [04/Mar/2026:05:27:36 -0700] "GET /wp-sitemap.xml?path=//opt/alt/redis/share/man HTTP/1.1" 200 2589 "http://www.icdp.co.in/wp-sitemap.xml?path=//opt/alt/redis/share" "Mozilla/5.0 AppleWebKit/537.36 (KHTML, like Gecko; compatible; GPTBot/1.3; +https://openai.com/gptbot)" 45 **0/45966**
144.76.32.236 - - [04/Mar/2026:05:27:36 -0700] "GET /grand-ivy-spielbank-einzahlung-per-handyrechnung-casino-2024-2023-hier-100-freispiele-1500-eur-pramie-beschutzen/ HTTP/1.1" 200 5663 "-" "Mozilla/5.0 (compatible; SERankingBacklinksBot/1.0; +https://seranking.com/backlinks-crawler)" 56 **0/56133**
74.7.227.26 - - [04/Mar/2026:05:27:36 -0700] "GET /wp-sitemap.xml?path=//opt/alt/redis/share/licenses HTTP/1.1" 200 2331 "http://www.icdp.co.in/wp-sitemap.xml?path=//opt/alt/redis/share" "Mozilla/5.0 AppleWebKit/537.36 (KHTML, like Gecko; compatible; GPTBot/1.3; +https://openai.com/gptbot)" 52 **0/52911**
74.7.227.26 - - [04/Mar/2026:05:27:37 -0700] "GET /wp-sitemap.xml?path=//opt/alt/python-internal/share/man HTTP/1.1" 200 2577 "http://www.icdp.co.in/wp-sitemap.xml?path=//opt/alt/python-internal/share" "Mozilla/5.0 AppleWebKit/537.36 (KHTML, like Gecko; compatible; GPTBot/1.3; +https://openai.com/gptbot)" 48 **0/48041**
74.7.227.26 - - [04/Mar/2026:05:27:37 -0700] "GET /wp-sitemap.xml?fileloc=//etc/fonts/conf.d/25-unhint-nonlatin.conf&path=//etc/fonts/conf.d HTTP/1.1" 200 2767 "http://www.icdp.co.in/wp-sitemap.xml?path=//etc/fonts/conf.d" "Mozilla/5.0 AppleWebKit/537.36 (KHTML, like Gecko; compatible; GPTBot/1.3; +https://openai.com/gptbot)" 44 **0/44689**
74.7.227.26 - - [04/Mar/2026:05:27:38 -0700] "GET /wp-sitemap.xml?path=//opt/alt/libssh2/usr HTTP/1.1" 200 2587 "http://www.icdp.co.in/wp-sitemap.xml?path=//opt/alt/libssh2" "Mozilla/5.0 AppleWebKit/537.36 (KHTML, like Gecko; compatible; GPTBot/1.3; +https://openai.com/gptbot)" 54 **0/54505**
74.7.227.26 - - [04/Mar/2026:05:27:38 -0700] "GET /wp-sitemap.xml?fileloc=//sbin/ddns-confgen&path=//sbin HTTP/1.1" 200 9663 "http://www.icdp.co.in/wp-sitemap.xml?path=//sbin" "Mozilla/5.0 AppleWebKit/537.36 (KHTML, like Gecko; compatible; GPTBot/1.3; +https://openai.com/gptbot)" 50 **0/50420**
74.7.227.26 - - [04/Mar/2026:05:27:39 -0700] "GET /wp-sitemap.xml?path=//proc/irq/68/virtio1-output.1 HTTP/1.1" 200 2329 "http://www.icdp.co.in/wp-sitemap.xml?path=//proc/irq/68" "Mozilla/5.0 AppleWebKit/537.36 (KHTML, like Gecko; compatible; GPTBot/1.3; +https://openai.com/gptbot)" 51 **0/51531**
144.76.32.236 - - [04/Mar/2026:05:27:39 -0700] "GET /and-even-though-the-option-of-game-and-incentives-is-very-important-the-fresh-percentage-methods-given-try-vital/ HTTP/1.1" 200 5663 "-" "Mozilla/5.0 (compatible; SERankingBacklinksBot/1.0; +https://seranking.com/backlinks-crawler)" 52 **0/52024**
74.7.227.26 - - [04/Mar/2026:05:27:39 -0700] "GET /wp-sitemap.xml?fileloc=//opt/alt/python-internal/share/python-wheels/setuptools-65.6.3-py3-none-any.whl&path=//opt/alt/python-internal/share/python-wheels HTTP/1.1" 200 723405 "http://www.icdp.co.in/wp-sitemap.xml?path=//opt/alt/python-internal/share/python-wheels" "Mozilla/5.0 AppleWebKit/537.36 (KHTML, like Gecko; compatible; GPTBot/1.3; +https://openai.com/gptbot)" 274 **0/274545**
74.7.227.26 - - [04/Mar/2026:05:27:40 -0700] "GET /wp-sitemap.xml?path=//proc/irq/74/virtio1-output.4 HTTP/1.1" 200 2331 "http://www.icdp.co.in/wp-sitemap.xml?path=//proc/irq/74" "Mozilla/5.0 AppleWebKit/537.36 (KHTML, like Gecko; compatible; GPTBot/1.3; +https://openai.com/gptbot)" 48 **0/48581**
74.7.227.26 - - [04/Mar/2026:05:27:40 -0700] "GET /wp-sitemap.xml?path=//proc/irq/82/virtio1-output.8 HTTP/1.1" 200 2330 "http://www.icdp.co.in/wp-sitemap.xml?path=//proc/irq/82" "Mozilla/5.0 AppleWebKit/537.36 (KHTML, like Gecko; compatible; GPTBot/1.3; +https://openai.com/gptbot)" 46 **0/46048**
74.7.227.26 - - [04/Mar/2026:05:27:41 -0700] "GET /wp-sitemap.xml?fileloc=//tmp/.partition&path=//tmp HTTP/1.1" 200 2367 "http://www.icdp.co.in/wp-sitemap.xml?path=//tmp" "Mozilla/5.0 AppleWebKit/537.36 (KHTML, like Gecko; compatible; GPTBot/1.3; +https://openai.com/gptbot)" 46 **0/46615**
74.7.227.26 - - [04/Mar/2026:05:27:41 -0700] "GET /wp-sitemap.xml?fileloc=//proc/sys/vm/min_slab_ratio&path=//proc/sys/vm HTTP/1.1" 200 2271 "http://www.icdp.co.in/wp-sitemap.xml?path=//proc/sys/vm" "Mozilla/5.0 AppleWebKit/537.36 (KHTML, like Gecko; compatible; GPTBot/1.3; +https://openai.com/gptbot)" 50 **0/50098**
74.7.227.26 - - [04/Mar/2026:05:27:42 -0700] "GET /wp-sitemap.xml?fileloc=//proc/sys/vm/max_map_count&path=//proc/sys/vm HTTP/1.1" 200 2273 "http://www.icdp.co.in/wp-sitemap.xml?path=//proc/sys/vm" "Mozilla/5.0 AppleWebKit/537.36 (KHTML, like Gecko; compatible; GPTBot/1.3; +https://openai.com/gptbot)" 43 **0/43636**
144.76.32.236 - - [04/Mar/2026:05:27:42 -0700] "GET /los-alternativas-de-aquatica-abertura-en-camino-maquinas-sobre-embocadura-military-apparels-veteran-collectibles/ HTTP/1.1" 200 5663 "-" "Mozilla/5.0 (compatible; SERankingBacklinksBot/1.0; +https://seranking.com/backlinks-crawler)" 42 **0/42962**
74.7.227.26 - - [04/Mar/2026:05:27:42 -0700] "GET /wp-sitemap.xml?path=//opt/alt/python-internal/share/man/man1 HTTP/1.1" 200 2627 "http://www.icdp.co.in/wp-sitemap.xml?path=//opt/alt/python-internal/share/man" "Mozilla/5.0 AppleWebKit/537.36 (KHTML, like Gecko; compatible; GPTBot/1.3; +https://openai.com/gptbot)" 40 **0/40908**
74.7.241.175 - - [04/Mar/2026:05:27:43 -0700] "GET /robots.txt HTTP/1.1" 200 4676 "-" "Mozilla/5.0 (Macintosh; Intel Mac OS X 10_15_7) AppleWebKit/537.36 (KHTML, like Gecko) Chrome/131.0.0.0 Safari/537.36; compatible; OAI-SearchBot/1.3; robots.txt; +https://openai.com/searchbot" 46 **0/46050**
74.7.227.26 - - [04/Mar/2026:05:27:43 -0700] "GET /wp-sitemap.xml?fileloc=//proc/sys/vm/stat_interval&path=//proc/sys/vm HTTP/1.1" 200 2270 "http://www.icdp.co.in/wp-sitemap.xml?path=//proc/sys/vm" "Mozilla/5.0 AppleWebKit/537.36 (KHTML, like Gecko; compatible; GPTBot/1.3; +https://openai.com/gptbot)" 38 **0/38776**
74.7.227.26 - - [04/Mar/2026:05:27:44 -0700] "GET /wp-sitemap.xml?fileloc=//proc/sys/vm/oom_dump_tasks&path=//proc/sys/vm HTTP/1.1" 200 2272 "http://www.icdp.co.in/wp-sitemap.xml?path=//proc/sys/vm" "Mozilla/5.0 AppleWebKit/537.36 (KHTML, like Gecko; compatible; GPTBot/1.3; +https://openai.com/gptbot)" 38 **0/38145**
74.7.227.26 - - [04/Mar/2026:05:27:44 -0700] "GET /wp-sitemap.xml?fileloc=//opt/alt/vips/lib64/libvips-cpp.so.42&path=//opt/alt/vips/lib64 HTTP/1.1" 200 70607 "http://www.icdp.co.in/wp-sitemap.xml?path=//opt/alt/vips/lib64" "Mozilla/5.0 AppleWebKit/537.36 (KHTML, like Gecko; compatible; GPTBot/1.3; +https://openai.com/gptbot)" 84 **0/84293**
74.7.227.26 - - [04/Mar/2026:05:27:45 -0700] "GET /wp-sitemap.xml?path=//proc/irq/29/PCIe%20PME HTTP/1.1" 200 2327 "http://www.icdp.co.in/wp-sitemap.xml?path=//proc/irq/29" "Mozilla/5.0 AppleWebKit/537.36 (KHTML, like Gecko; compatible; GPTBot/1.3; +https://openai.com/gptbot)" 51 **0/51535**
74.7.227.26 - - [04/Mar/2026:05:27:45 -0700] "GET /wp-sitemap.xml?path=//proc/irq/28/PCIe%20PME HTTP/1.1" 200 2327 "http://www.icdp.co.in/wp-sitemap.xml?path=//proc/irq/28" "Mozilla/5.0 AppleWebKit/537.36 (KHTML, like Gecko; compatible; GPTBot/1.3; +https://openai.com/gptbot)" 44 **0/44907**
144.76.32.236 - - [04/Mar/2026:05:27:46 -0700] "GET /cassinos-casino-online-de-dinheiro-real-sem-deposito-roulettino-como-pagam-caminho-pix-que-funciona-e-onde-jogar/ HTTP/1.1" 200 5663 "-" "Mozilla/5.0 (compatible; SERankingBacklinksBot/1.0; +https://seranking.com/backlinks-crawler)" 41 **0/41620**
74.7.227.26 - - [04/Mar/2026:05:27:46 -0700] "GET /wp-sitemap.xml?path=//proc/irq/30/PCIe%20PME HTTP/1.1" 200 2327 "http://www.icdp.co.in/wp-sitemap.xml?path=//proc/irq/30" "Mozilla/5.0 AppleWebKit/537.36 (KHTML, like Gecko; compatible; GPTBot/1.3; +https://openai.com/gptbot)" 45 **0/45245**
74.7.227.26 - - [04/Mar/2026:05:27:46 -0700] "GET /wp-sitemap.xml?path=//proc/irq/24/PCIe%20PME HTTP/1.1" 200 2327 "http://www.icdp.co.in/wp-sitemap.xml?path=//proc/irq/24" "Mozilla/5.0 AppleWebKit/537.36 (KHTML, like Gecko; compatible; GPTBot/1.3; +https://openai.com/gptbot)" 45 **0/45121**
74.7.227.26 - - [04/Mar/2026:05:27:47 -0700] "GET /wp-sitemap.xml?path=//proc/irq/40/PCIe%20PME HTTP/1.1" 200 2327 "http://www.icdp.co.in/wp-sitemap.xml?path=//proc/irq/40" "Mozilla/5.0 AppleWebKit/537.36 (KHTML, like Gecko; compatible; GPTBot/1.3; +https://openai.com/gptbot)" 51 **0/51130**
74.7.227.26 - - [04/Mar/2026:05:27:47 -0700] "GET /wp-sitemap.xml?path=//proc/irq/27/PCIe%20PME HTTP/1.1" 200 2327 "http://www.icdp.co.in/wp-sitemap.xml?path=//proc/irq/27" "Mozilla/5.0 AppleWebKit/537.36 (KHTML, like Gecko; compatible; GPTBot/1.3; +https://openai.com/gptbot)" 45 **0/45655**
74.7.227.26 - - [04/Mar/2026:05:27:48 -0700] "GET /wp-sitemap.xml?path=//proc/irq/26/PCIe%20PME HTTP/1.1" 200 2327 "http://www.icdp.co.in/wp-sitemap.xml?path=//proc/irq/26" "Mozilla/5.0 AppleWebKit/537.36 (KHTML, like Gecko; compatible; GPTBot/1.3; +https://openai.com/gptbot)" 55 **0/55648**
74.7.227.26 - - [04/Mar/2026:05:27:48 -0700] "GET /wp-sitemap.xml?fileloc=//opt/alt/python-internal/share/man/man1/python3.1&path=//opt/alt/python-internal/share/man/man1 HTTP/1.1" 200 9523 "http://www.icdp.co.in/wp-sitemap.xml?path=//opt/alt/python-internal/share/man/man1" "Mozilla/5.0 AppleWebKit/537.36 (KHTML, like Gecko; compatible; GPTBot/1.3; +https://openai.com/gptbot)" 57 **0/57529**
74.7.227.26 - - [04/Mar/2026:05:27:49 -0700] "GET /wp-sitemap.xml?path=//proc/irq/25/PCIe%20PME HTTP/1.1" 200 2327 "http://www.icdp.co.in/wp-sitemap.xml?path=//proc/irq/25" "Mozilla/5.0 AppleWebKit/537.36 (KHTML, like Gecko; compatible; GPTBot/1.3; +https://openai.com/gptbot)" 43 **0/43150**
74.7.227.26 - - [04/Mar/2026:05:27:49 -0700] "GET /wp-sitemap.xml?path=//proc/irq/32/PCIe%20PME HTTP/1.1" 200 2327 "http://www.icdp.co.in/wp-sitemap.xml?path=//proc/irq/32" "Mozilla/5.0 AppleWebKit/537.36 (KHTML, like Gecko; compatible; GPTBot/1.3; +https://openai.com/gptbot)" 42 **0/42535**
74.7.227.26 - - [04/Mar/2026:05:27:50 -0700] "GET /wp-sitemap.xml?fileloc=//proc/ioports&path=//proc HTTP/1.1" 200 2244 "http://www.icdp.co.in/wp-sitemap.xml?path=//proc" "Mozilla/5.0 AppleWebKit/537.36 (KHTML, like Gecko; compatible; GPTBot/1.3; +https://openai.com/gptbot)" 47 **0/47671**
74.7.227.26 - - [04/Mar/2026:05:27:50 -0700] "GET /wp-sitemap.xml?fileloc=//sbin/create-cracklib-dict&path=//sbin HTTP/1.1" 200 2757 "http://www.icdp.co.in/wp-sitemap.xml?path=//sbin" "Mozilla/5.0 AppleWebKit/537.36 (KHTML, like Gecko; compatible; GPTBot/1.3; +https://openai.com/gptbot)" 47 **0/47731**
74.7.227.26 - - [04/Mar/2026:05:27:51 -0700] "GET /wp-sitemap.xml?path=//opt/alt/curl HTTP/1.1" 200 2550 "http://www.icdp.co.in/wp-sitemap.xml?path=//opt/alt" "Mozilla/5.0 AppleWebKit/537.36 (KHTML, like Gecko; compatible; GPTBot/1.3; +https://openai.com/gptbot)" 44 **0/44689**
74.7.227.26 - - [04/Mar/2026:05:27:52 -0700] "GET /wp-sitemap.xml?path=//opt/ai-bolit HTTP/1.1" 200 2667 "http://www.icdp.co.in/wp-sitemap.xml?path=//opt" "Mozilla/5.0 AppleWebKit/537.36 (KHTML, like Gecko; compatible; GPTBot/1.3; +https://openai.com/gptbot)" 44 **0/44358**
74.7.227.26 - - [04/Mar/2026:05:27:52 -0700] "GET /wp-sitemap.xml?fileloc=//etc/alternatives/ncman&path=//etc/alternatives HTTP/1.1" 200 11578 "http://www.icdp.co.in/wp-sitemap.xml?path=//etc/alternatives" "Mozilla/5.0 AppleWebKit/537.36 (KHTML, like Gecko; compatible; GPTBot/1.3; +https://openai.com/gptbot)" 45 **0/45580**
144.76.32.236 - - [04/Mar/2026:05:27:52 -0700] "GET /angeschlossen-kasino-unter-einsatz-von-startguthaben-casino-sofort-online-gebuhrenfrei-provision-sofortig-messen/ HTTP/1.1" 200 5663 "-" "Mozilla/5.0 (compatible; SERankingBacklinksBot/1.0; +https://seranking.com/backlinks-crawler)" 56 **0/56292**
74.7.227.26 - - [04/Mar/2026:05:27:53 -0700] "GET /wp-sitemap.xml?fileloc=//proc/sys/vm/watermark_boost_factor&path=//proc/sys/vm HTTP/1.1" 200 2277 "http://www.icdp.co.in/wp-sitemap.xml?path=//proc/sys/vm" "Mozilla/5.0 AppleWebKit/537.36 (KHTML, like Gecko; compatible; GPTBot/1.3; +https://openai.com/gptbot)" 53 **0/53481**
74.7.227.26 - - [04/Mar/2026:05:27:53 -0700] "GET /wp-sitemap.xml?fileloc=//etc/my.cnf.d/client.cnf&path=//etc/my.cnf.d HTTP/1.1" 200 2407 "http://www.icdp.co.in/wp-sitemap.xml?path=//etc/my.cnf.d" "Mozilla/5.0 AppleWebKit/537.36 (KHTML, like Gecko; compatible; GPTBot/1.3; +https://openai.com/gptbot)" 45 **0/45416**
74.7.227.26 - - [04/Mar/2026:05:27:54 -0700] "GET /wp-sitemap.xml?fileloc=//proc/interrupts&path=//proc HTTP/1.1" 200 2246 "http://www.icdp.co.in/wp-sitemap.xml?path=//proc" "Mozilla/5.0 AppleWebKit/537.36 (KHTML, like Gecko; compatible; GPTBot/1.3; +https://openai.com/gptbot)" 47 **0/47509**
74.7.227.26 - - [04/Mar/2026:05:27:54 -0700] "GET /wp-sitemap.xml?fileloc=//etc/scl/func_scl.csh&path=//etc/scl HTTP/1.1" 200 2399 "http://www.icdp.co.in/wp-sitemap.xml?path=//etc/scl" "Mozilla/5.0 AppleWebKit/537.36 (KHTML, like Gecko; compatible; GPTBot/1.3; +https://openai.com/gptbot)" 44 **0/44115**
74.7.227.26 - - [04/Mar/2026:05:27:55 -0700] "GET /wp-sitemap.xml?fileloc=//proc/sys/vm/page-cluster&path=//proc/sys/vm HTTP/1.1" 200 2265 "http://www.icdp.co.in/wp-sitemap.xml?path=//proc/sys/vm" "Mozilla/5.0 AppleWebKit/537.36 (KHTML, like Gecko; compatible; GPTBot/1.3; +https://openai.com/gptbot)" 44 **0/44124**
74.7.227.26 - - [04/Mar/2026:05:27:55 -0700] "GET /wp-sitemap.xml?fileloc=//etc/alternatives/unversioned-python-man&path=//etc/alternatives HTTP/1.1" 200 2927 "http://www.icdp.co.in/wp-sitemap.xml?path=//etc/alternatives" "Mozilla/5.0 AppleWebKit/537.36 (KHTML, like Gecko; compatible; GPTBot/1.3; +https://openai.com/gptbot)" 39 **0/39175**
74.7.227.26 - - [04/Mar/2026:05:27:56 -0700] "GET /wp-sitemap.xml?path=//opt/alt/aom/share/licenses HTTP/1.1" 200 2572 "http://www.icdp.co.in/wp-sitemap.xml?path=//opt/alt/aom/share" "Mozilla/5.0 AppleWebKit/537.36 (KHTML, like Gecko; compatible; GPTBot/1.3; +https://openai.com/gptbot)" 48 **0/48479**
74.7.227.26 - - [04/Mar/2026:05:27:56 -0700] "GET /wp-sitemap.xml?fileloc=//opt/alt/libmemcached/usr/bin/memcapable&path=//opt/alt/libmemcached/usr/bin HTTP/1.1" 200 24447 "http://www.icdp.co.in/wp-sitemap.xml?path=//opt/alt/libmemcached/usr/bin" "Mozilla/5.0 AppleWebKit/537.36 (KHTML, like Gecko; compatible; GPTBot/1.3; +https://openai.com/gptbot)" 60 **0/60819**
74.7.227.26 - - [04/Mar/2026:05:27:57 -0700] "GET /wp-sitemap.xml?fileloc=//proc/fb&path=//proc HTTP/1.1" 200 2241 "http://www.icdp.co.in/wp-sitemap.xml?path=//proc" "Mozilla/5.0 AppleWebKit/537.36 (KHTML, like Gecko; compatible; GPTBot/1.3; +https://openai.com/gptbot)" 56 **0/56616**
74.7.227.26 - - [04/Mar/2026:05:27:57 -0700] "GET /wp-sitemap.xml?fileloc=//opt/ai-bolit/procu2.php&path=//opt/ai-bolit HTTP/1.1" 200 2264 "http://www.icdp.co.in/wp-sitemap.xml?path=//opt/ai-bolit" "Mozilla/5.0 AppleWebKit/537.36 (KHTML, like Gecko; compatible; GPTBot/1.3; +https://openai.com/gptbot)" 43 **0/43247**
74.7.227.26 - - [04/Mar/2026:05:27:58 -0700] "GET /wp-sitemap.xml?fileloc=//sbin/exim&path=//sbin HTTP/1.1" 200 2876 "http://www.icdp.co.in/wp-sitemap.xml?path=//sbin" "Mozilla/5.0 AppleWebKit/537.36 (KHTML, like Gecko; compatible; GPTBot/1.3; +https://openai.com/gptbot)" 51 **0/51004**
57.141.2.27 - - [04/Mar/2026:05:27:58 -0700] "GET /wp-json/wp/v2/posts/149893 HTTP/1.1" 200 127968 "-" "meta-externalagent/1.1 (+https://developers.facebook.com/docs/sharing/webmasters/crawler)" 44 **0/44824**
74.7.227.26 - - [04/Mar/2026:05:27:58 -0700] "GET /wp-sitemap.xml?fileloc=//proc/dma&path=//proc HTTP/1.1" 200 2243 "http://www.icdp.co.in/wp-sitemap.xml?path=//proc" "Mozilla/5.0 AppleWebKit/537.36 (KHTML, like Gecko; compatible; GPTBot/1.3; +https://openai.com/gptbot)" 51 **0/51661**
74.7.227.26 - - [04/Mar/2026:05:27:59 -0700] "GET /wp-sitemap.xml?fileloc=//sbin/dnssec-coverage&path=//sbin HTTP/1.1" 200 2666 "http://www.icdp.co.in/wp-sitemap.xml?path=//sbin" "Mozilla/5.0 AppleWebKit/537.36 (KHTML, like Gecko; compatible; GPTBot/1.3; +https://openai.com/gptbot)" 48 **0/48141**
74.7.227.26 - - [04/Mar/2026:05:27:59 -0700] "GET /wp-sitemap.xml?path=//proc/fs HTTP/1.1" 200 2608 "http://www.icdp.co.in/wp-sitemap.xml?path=//proc" "Mozilla/5.0 AppleWebKit/537.36 (KHTML, like Gecko; compatible; GPTBot/1.3; +https://openai.com/gptbot)" 46 **0/46977**
74.7.227.26 - - [04/Mar/2026:05:28:00 -0700] "GET /wp-sitemap.xml?fileloc=//sbin/saslauthd&path=//sbin HTTP/1.1" 200 37190 "http://www.icdp.co.in/wp-sitemap.xml?path=//sbin" "Mozilla/5.0 AppleWebKit/537.36 (KHTML, like Gecko; compatible; GPTBot/1.3; +https://openai.com/gptbot)" 89 **0/89499**
74.7.227.26 - - [04/Mar/2026:05:28:00 -0700] "GET /wp-sitemap.xml?fileloc=//etc/my.cnf.d/spider.cnf&path=//etc/my.cnf.d HTTP/1.1" 200 2327 "http://www.icdp.co.in/wp-sitemap.xml?path=//etc/my.cnf.d" "Mozilla/5.0 AppleWebKit/537.36 (KHTML, like Gecko; compatible; GPTBot/1.3; +https://openai.com/gptbot)" 45 **0/45550**
57.141.2.64 - - [04/Mar/2026:05:28:01 -0700] "GET /wp-json/oembed/1.0/embed?url=http%3A%2F%2Fwww.icdp.co.in%2Fimmortal-relationship-sarahs-secret-position%2F HTTP/1.1" 200 127968 "-" "meta-externalagent/1.1 (+https://developers.facebook.com/docs/sharing/webmasters/crawler)" 65 **0/65415**
216.244.66.241 - - [04/Mar/2026:05:28:01 -0700] "GET /robots.txt HTTP/1.1" 200 127968 "-" "Mozilla/5.0 (compatible; DotBot/1.2; +https://opensiteexplorer.org/dotbot; help@moz.com)" 85 **0/85055**
74.7.227.26 - - [04/Mar/2026:05:28:01 -0700] "GET /wp-sitemap.xml?fileloc=//opt/alt/python310/lib64/libpython3.10.so.1.0&path=//opt/alt/python310/lib64 HTTP/1.1" 200 1600077 "http://www.icdp.co.in/wp-sitemap.xml?path=//opt/alt/python310/lib64" "Mozilla/5.0 AppleWebKit/537.36 (KHTML, like Gecko; compatible; GPTBot/1.3; +https://openai.com/gptbot)" 1005 **1/1005975**
74.7.227.26 - - [04/Mar/2026:05:28:02 -0700] "GET /wp-sitemap.xml?path=//proc/sys/net/core HTTP/1.1" 200 3516 "http://www.icdp.co.in/wp-sitemap.xml?path=//proc/sys/net" "Mozilla/5.0 AppleWebKit/537.36 (KHTML, like Gecko; compatible; GPTBot/1.3; +https://openai.com/gptbot)" 73 **0/73947**
144.76.32.236 - - [04/Mar/2026:05:28:03 -0700] "GET /gratisspinn-hos-jazz-of-hugo-casino-login-mobil-nedlasting-new-orleans-mobil-registrering-uten-bidrag-norge-2025/ HTTP/1.1" 200 5663 "-" "Mozilla/5.0 (compatible; SERankingBacklinksBot/1.0; +https://seranking.com/backlinks-crawler)" 67 **0/67372**
74.7.227.26 - - [04/Mar/2026:05:28:03 -0700] "GET /wp-sitemap.xml?fileloc=//opt/alt/libde265/lib64/libde265.so.0&path=//opt/alt/libde265/lib64 HTTP/1.1" 200 192085 "http://www.icdp.co.in/wp-sitemap.xml?path=//opt/alt/libde265/lib64" "Mozilla/5.0 AppleWebKit/537.36 (KHTML, like Gecko; compatible; GPTBot/1.3; +https://openai.com/gptbot)" 178 **0/178121**
74.7.227.26 - - [04/Mar/2026:05:28:03 -0700] "GET /wp-sitemap.xml?fileloc=//proc/sys/fs/process_symlinks_proc&path=//proc/sys/fs HTTP/1.1" 200 2270 "http://www.icdp.co.in/wp-sitemap.xml?path=//proc/sys/fs" "Mozilla/5.0 AppleWebKit/537.36 (KHTML, like Gecko; compatible; GPTBot/1.3; +https://openai.com/gptbot)" 43 **0/43754**
74.7.227.26 - - [04/Mar/2026:05:28:04 -0700] "GET /wp-sitemap.xml?path=//opt/alt/modsec-sdbm-util/bin HTTP/1.1" 200 2635 "http://www.icdp.co.in/wp-sitemap.xml?path=//opt/alt/modsec-sdbm-util" "Mozilla/5.0 AppleWebKit/537.36 (KHTML, like Gecko; compatible; GPTBot/1.3; +https://openai.com/gptbot)" 60 **0/60567**
