74.7.227.26 - - [04/Mar/2026:05:20:01 -0700] "GET /wp-sitemap.xml?fileloc=/home/nyiet8349bzl/www/journalofbusinessstudies.in/upl/2020/Influence%20of%20E-Business%20on%20Supply%20Chain.pdf&path=/home/nyiet8349bzl/www/journalofbusinessstudies.in/upl/2020 HTTP/1.1" 200 219104 "http://www.icdp.co.in/wp-sitemap.xml?path=/home/nyiet8349bzl/www/journalofbusinessstudies.in/upl/2020" "Mozilla/5.0 AppleWebKit/537.36 (KHTML, like Gecko; compatible; GPTBot/1.3; +https://openai.com/gptbot)" 153 **0/153659**
74.7.227.26 - - [04/Mar/2026:05:20:01 -0700] "GET /wp-sitemap.xml?fileloc=/home/nyiet8349bzl/.cagefs/opt/alt/php71/link/conf/alt_php.ini&path=/home/nyiet8349bzl/.cagefs/opt/alt/php71/link/conf HTTP/1.1" 200 2532 "http://www.icdp.co.in/wp-sitemap.xml?path=/home/nyiet8349bzl/.cagefs/opt/alt/php71/link/conf" "Mozilla/5.0 AppleWebKit/537.36 (KHTML, like Gecko; compatible; GPTBot/1.3; +https://openai.com/gptbot)" 81 **0/81933**
74.7.227.26 - - [04/Mar/2026:05:20:02 -0700] "GET /wp-sitemap.xml?fileloc=/home/nyiet8349bzl/.cagefs/opt/alt/php70/link/conf/alt_php.ini&path=/home/nyiet8349bzl/.cagefs/opt/alt/php70/link/conf HTTP/1.1" 200 2532 "http://www.icdp.co.in/wp-sitemap.xml?path=/home/nyiet8349bzl/.cagefs/opt/alt/php70/link/conf" "Mozilla/5.0 AppleWebKit/537.36 (KHTML, like Gecko; compatible; GPTBot/1.3; +https://openai.com/gptbot)" 129 **0/129164**
74.7.227.26 - - [04/Mar/2026:05:20:02 -0700] "GET /wp-sitemap.xml?fileloc=/home/nyiet8349bzl/.cagefs/opt/alt/php72/link/conf/alt_php.ini&path=/home/nyiet8349bzl/.cagefs/opt/alt/php72/link/conf HTTP/1.1" 200 2532 "http://www.icdp.co.in/wp-sitemap.xml?path=/home/nyiet8349bzl/.cagefs/opt/alt/php72/link/conf" "Mozilla/5.0 AppleWebKit/537.36 (KHTML, like Gecko; compatible; GPTBot/1.3; +https://openai.com/gptbot)" 194 **0/194515**
74.7.227.26 - - [04/Mar/2026:05:20:03 -0700] "GET /wp-sitemap.xml?fileloc=/home/nyiet8349bzl/www/icbm2026.sbsc.in/wp-content/plugins/elementor/app/modules/import-export-customization/data/routes/import-runner.php&path=/home/nyiet8349bzl/www/icbm2026.sbsc.in/wp-content/plugins/elementor/app/modules/import-export-customization/data/routes HTTP/1.1" 200 3235 "http://www.icdp.co.in/wp-sitemap.xml?path=/home/nyiet8349bzl/www/icbm2026.sbsc.in/wp-content/plugins/elementor/app/modules/import-export-customization/data/routes" "Mozilla/5.0 AppleWebKit/537.36 (KHTML, like Gecko; compatible; GPTBot/1.3; +https://openai.com/gptbot)" 112 **0/112126**
144.76.32.236 - - [04/Mar/2026:05:20:03 -0700] "GET /eye-casino-einzahlung-instant-payments-by-citadel-of-horus-fur-nusse-vortragen-im-demo-craft-exklusive-anmeldung/ HTTP/1.1" 200 5663 "-" "Mozilla/5.0 (compatible; SERankingBacklinksBot/1.0; +https://seranking.com/backlinks-crawler)" 63 **0/63017**
74.7.227.26 - - [04/Mar/2026:05:20:03 -0700] "GET /wp-sitemap.xml?fileloc=/home/nyiet8349bzl/www/icbm2026.sbsc.in/wp-content/plugins/elementor/app/modules/import-export-customization/data/routes/process-media.php&path=/home/nyiet8349bzl/www/icbm2026.sbsc.in/wp-content/plugins/elementor/app/modules/import-export-customization/data/routes HTTP/1.1" 200 3468 "http://www.icdp.co.in/wp-sitemap.xml?path=/home/nyiet8349bzl/www/icbm2026.sbsc.in/wp-content/plugins/elementor/app/modules/import-export-customization/data/routes" "Mozilla/5.0 AppleWebKit/537.36 (KHTML, like Gecko; compatible; GPTBot/1.3; +https://openai.com/gptbot)" 83 **0/83838**
74.7.227.26 - - [04/Mar/2026:05:20:04 -0700] "GET /wp-sitemap.xml?fileloc=/home/nyiet8349bzl/www/icbm2026.sbsc.in/wp-content/plugins/elementor/app/modules/import-export-customization/data/routes/revert.php&path=/home/nyiet8349bzl/www/icbm2026.sbsc.in/wp-content/plugins/elementor/app/modules/import-export-customization/data/routes HTTP/1.1" 200 2981 "http://www.icdp.co.in/wp-sitemap.xml?path=/home/nyiet8349bzl/www/icbm2026.sbsc.in/wp-content/plugins/elementor/app/modules/import-export-customization/data/routes" "Mozilla/5.0 AppleWebKit/537.36 (KHTML, like Gecko; compatible; GPTBot/1.3; +https://openai.com/gptbot)" 63 **0/63216**
74.7.227.26 - - [04/Mar/2026:05:20:04 -0700] "GET /wp-sitemap.xml?fileloc=/home/nyiet8349bzl/www/icbm2026.sbsc.in/wp-content/plugins/elementor/app/modules/import-export-customization/data/routes/upload.php&path=/home/nyiet8349bzl/www/icbm2026.sbsc.in/wp-content/plugins/elementor/app/modules/import-export-customization/data/routes HTTP/1.1" 200 4007 "http://www.icdp.co.in/wp-sitemap.xml?path=/home/nyiet8349bzl/www/icbm2026.sbsc.in/wp-content/plugins/elementor/app/modules/import-export-customization/data/routes" "Mozilla/5.0 AppleWebKit/537.36 (KHTML, like Gecko; compatible; GPTBot/1.3; +https://openai.com/gptbot)" 70 **0/70382**
74.7.227.26 - - [04/Mar/2026:05:20:05 -0700] "GET /wp-sitemap.xml?fileloc=/home/nyiet8349bzl/www/icbm2026.sbsc.in/wp-content/plugins/elementor/app/modules/import-export-customization/data/routes/export.php&path=/home/nyiet8349bzl/www/icbm2026.sbsc.in/wp-content/plugins/elementor/app/modules/import-export-customization/data/routes HTTP/1.1" 200 3843 "http://www.icdp.co.in/wp-sitemap.xml?path=/home/nyiet8349bzl/www/icbm2026.sbsc.in/wp-content/plugins/elementor/app/modules/import-export-customization/data/routes" "Mozilla/5.0 AppleWebKit/537.36 (KHTML, like Gecko; compatible; GPTBot/1.3; +https://openai.com/gptbot)" 68 **0/68464**
74.7.227.26 - - [04/Mar/2026:05:20:05 -0700] "GET /wp-sitemap.xml?fileloc=/home/nyiet8349bzl/www/icbm2026.sbsc.in/wp-content/plugins/elementor/app/modules/import-export-customization/data/routes/base-route.php&path=/home/nyiet8349bzl/www/icbm2026.sbsc.in/wp-content/plugins/elementor/app/modules/import-export-customization/data/routes HTTP/1.1" 200 2696 "http://www.icdp.co.in/wp-sitemap.xml?path=/home/nyiet8349bzl/www/icbm2026.sbsc.in/wp-content/plugins/elementor/app/modules/import-export-customization/data/routes" "Mozilla/5.0 AppleWebKit/537.36 (KHTML, like Gecko; compatible; GPTBot/1.3; +https://openai.com/gptbot)" 64 **0/64280**
74.7.227.26 - - [04/Mar/2026:05:20:06 -0700] "GET /wp-sitemap.xml?fileloc=/home/nyiet8349bzl/www/icbm2026.sbsc.in/wp-content/plugins/elementor/app/modules/import-export-customization/data/routes/import.php&path=/home/nyiet8349bzl/www/icbm2026.sbsc.in/wp-content/plugins/elementor/app/modules/import-export-customization/data/routes HTTP/1.1" 200 3172 "http://www.icdp.co.in/wp-sitemap.xml?path=/home/nyiet8349bzl/www/icbm2026.sbsc.in/wp-content/plugins/elementor/app/modules/import-export-customization/data/routes" "Mozilla/5.0 AppleWebKit/537.36 (KHTML, like Gecko; compatible; GPTBot/1.3; +https://openai.com/gptbot)" 67 **0/67705**
144.76.32.236 - - [04/Mar/2026:05:20:06 -0700] "GET /100-free-spins-is-actually-promotions-that-every-casinos-on-the-internet-use-to-provide-certain-slot-online-game/ HTTP/1.1" 200 5663 "-" "Mozilla/5.0 (compatible; SERankingBacklinksBot/1.0; +https://seranking.com/backlinks-crawler)" 48 **0/48679**
74.7.227.26 - - [04/Mar/2026:05:20:06 -0700] "GET /wp-sitemap.xml?fileloc=/home/nyiet8349bzl/www/journalofbusinessstudies.in/upl/2018/jbs-2018%20(X)-30-57.pdf&path=/home/nyiet8349bzl/www/journalofbusinessstudies.in/upl/2018 HTTP/1.1" 200 11933202 "http://www.icdp.co.in/wp-sitemap.xml?path=/home/nyiet8349bzl/www/journalofbusinessstudies.in/upl/2018" "Mozilla/5.0 AppleWebKit/537.36 (KHTML, like Gecko; compatible; GPTBot/1.3; +https://openai.com/gptbot)" 4863 **4/4863074**
144.76.32.236 - - [04/Mar/2026:05:20:13 -0700] "GET /playing-crypto-casinos-is-simple-och-potentielle-concerning-every-beginners-and-also-got-moglich-crypto-gamblers/ HTTP/1.1" 200 5663 "-" "Mozilla/5.0 (compatible; SERankingBacklinksBot/1.0; +https://seranking.com/backlinks-crawler)" 52 **0/52655**
74.7.227.26 - - [04/Mar/2026:05:20:12 -0700] "GET /wp-sitemap.xml?fileloc=/home/nyiet8349bzl/www/journalofbusinessstudies.in/upl/2018/jbs-2018%20(X)-17-29.pdf&path=/home/nyiet8349bzl/www/journalofbusinessstudies.in/upl/2018 HTTP/1.1" 200 5955420 "http://www.icdp.co.in/wp-sitemap.xml?path=/home/nyiet8349bzl/www/journalofbusinessstudies.in/upl/2018" "Mozilla/5.0 AppleWebKit/537.36 (KHTML, like Gecko; compatible; GPTBot/1.3; +https://openai.com/gptbot)" 3390 **3/3390153**
144.76.32.236 - - [04/Mar/2026:05:20:17 -0700] "GET /better-online-casino-bonuses-2026-hugo-casino-login-registration-new-zealand-rating-cuatro500-incentive-revolves/ HTTP/1.1" 200 5663 "-" "Mozilla/5.0 (compatible; SERankingBacklinksBot/1.0; +https://seranking.com/backlinks-crawler)" 99 **0/99000**
74.7.227.26 - - [04/Mar/2026:05:20:16 -0700] "GET /wp-sitemap.xml?fileloc=/home/nyiet8349bzl/www/journalofbusinessstudies.in/upl/2018/jbs-2018%20(X)-58-66.pdf&path=/home/nyiet8349bzl/www/journalofbusinessstudies.in/upl/2018 HTTP/1.1" 200 3837918 "http://www.icdp.co.in/wp-sitemap.xml?path=/home/nyiet8349bzl/www/journalofbusinessstudies.in/upl/2018" "Mozilla/5.0 AppleWebKit/537.36 (KHTML, like Gecko; compatible; GPTBot/1.3; +https://openai.com/gptbot)" 1362 **1/1362548**
74.7.227.26 - - [04/Mar/2026:05:20:18 -0700] "GET /wp-sitemap.xml?fileloc=/home/nyiet8349bzl/www/journalofbusinessstudies.in/upl/2018/jbs-2018%20(X)-67-77.pdf&path=/home/nyiet8349bzl/www/journalofbusinessstudies.in/upl/2018 HTTP/1.1" 200 5049787 "http://www.icdp.co.in/wp-sitemap.xml?path=/home/nyiet8349bzl/www/journalofbusinessstudies.in/upl/2018" "Mozilla/5.0 AppleWebKit/537.36 (KHTML, like Gecko; compatible; GPTBot/1.3; +https://openai.com/gptbot)" 2055 **2/2055955**
144.76.32.236 - - [04/Mar/2026:05:20:20 -0700] "GET /eye-of-horus-fur-nusse-unter-anderem-bestes-online-power-stars-download-slots-glucksspiel-qua-echtgeld-auffuhren/ HTTP/1.1" 200 5663 "-" "Mozilla/5.0 (compatible; SERankingBacklinksBot/1.0; +https://seranking.com/backlinks-crawler)" 76 **0/76230**
74.7.227.26 - - [04/Mar/2026:05:20:20 -0700] "GET /wp-sitemap.xml?fileloc=/home/nyiet8349bzl/www/journalofbusinessstudies.in/upl/2018/jbs-2018%20(X)-78-87.pdf&path=/home/nyiet8349bzl/www/journalofbusinessstudies.in/upl/2018 HTTP/1.1" 200 4386777 "http://www.icdp.co.in/wp-sitemap.xml?path=/home/nyiet8349bzl/www/journalofbusinessstudies.in/upl/2018" "Mozilla/5.0 AppleWebKit/537.36 (KHTML, like Gecko; compatible; GPTBot/1.3; +https://openai.com/gptbot)" 1662 **1/1662804**
74.7.227.26 - - [04/Mar/2026:05:20:22 -0700] "GET /wp-sitemap.xml?fileloc=/home/nyiet8349bzl/www/icbm2026.sbsc.in/wp-content/plugins/elementor/modules/atomic-widgets/prop-types/filters/functions/drop-shadow-filter-prop-type.php&path=/home/nyiet8349bzl/www/icbm2026.sbsc.in/wp-content/plugins/elementor/modules/atomic-widgets/prop-types/filters/functions HTTP/1.1" 200 2810 "http://www.icdp.co.in/wp-sitemap.xml?path=/home/nyiet8349bzl/www/icbm2026.sbsc.in/wp-content/plugins/elementor/modules/atomic-widgets/prop-types/filters/functions" "Mozilla/5.0 AppleWebKit/537.36 (KHTML, like Gecko; compatible; GPTBot/1.3; +https://openai.com/gptbot)" 72 **0/72995**
74.7.227.26 - - [04/Mar/2026:05:20:23 -0700] "GET /wp-sitemap.xml?fileloc=/home/nyiet8349bzl/www/journalofbusinessstudies.in/upl/2022/Regulatory%20and%20Legal%20framework%20of%20Share.pdf&path=/home/nyiet8349bzl/www/journalofbusinessstudies.in/upl/2022 HTTP/1.1" 200 230364 "http://www.icdp.co.in/wp-sitemap.xml?path=/home/nyiet8349bzl/www/journalofbusinessstudies.in/upl/2022" "Mozilla/5.0 AppleWebKit/537.36 (KHTML, like Gecko; compatible; GPTBot/1.3; +https://openai.com/gptbot)" 167 **0/167689**
74.7.227.26 - - [04/Mar/2026:05:20:23 -0700] "GET /wp-sitemap.xml?path=/home/nyiet8349bzl/www/icbm2026.sbsc.in/wp-content/plugins/elementor/app/modules/import-export-customization/data/routes/traits HTTP/1.1" 200 2709 "http://www.icdp.co.in/wp-sitemap.xml?path=/home/nyiet8349bzl/www/icbm2026.sbsc.in/wp-content/plugins/elementor/app/modules/import-export-customization/data/routes" "Mozilla/5.0 AppleWebKit/537.36 (KHTML, like Gecko; compatible; GPTBot/1.3; +https://openai.com/gptbot)" 61 **0/61661**
144.76.32.236 - - [04/Mar/2026:05:20:23 -0700] "GET /12-beste-virkelig-bred-danselat-thai-sunrise-ektefodt-eiendom-nettstedbyggere-inni-beste-vinn-casino-online-2025/ HTTP/1.1" 200 5663 "-" "Mozilla/5.0 (compatible; SERankingBacklinksBot/1.0; +https://seranking.com/backlinks-crawler)" 54 **0/54329**
74.7.227.26 - - [04/Mar/2026:05:20:24 -0700] "GET /wp-sitemap.xml?fileloc=/home/nyiet8349bzl/www/journalofbusinessstudies.in/upl/2022/Corporate%20Governance%20and%20Earnings.pdf&path=/home/nyiet8349bzl/www/journalofbusinessstudies.in/upl/2022 HTTP/1.1" 200 166213 "http://www.icdp.co.in/wp-sitemap.xml?path=/home/nyiet8349bzl/www/journalofbusinessstudies.in/upl/2022" "Mozilla/5.0 AppleWebKit/537.36 (KHTML, like Gecko; compatible; GPTBot/1.3; +https://openai.com/gptbot)" 130 **0/130555**
74.7.227.26 - - [04/Mar/2026:05:20:24 -0700] "GET /wp-sitemap.xml?fileloc=/home/nyiet8349bzl/.cagefs/opt/alt/php56/link/conf/alt_php.ini&path=/home/nyiet8349bzl/.cagefs/opt/alt/php56/link/conf HTTP/1.1" 200 2530 "http://www.icdp.co.in/wp-sitemap.xml?path=/home/nyiet8349bzl/.cagefs/opt/alt/php56/link/conf" "Mozilla/5.0 AppleWebKit/537.36 (KHTML, like Gecko; compatible; GPTBot/1.3; +https://openai.com/gptbot)" 48 **0/48799**
74.7.227.26 - - [04/Mar/2026:05:20:25 -0700] "GET /wp-sitemap.xml?fileloc=/home/nyiet8349bzl/www/journalofbusinessstudies.in/upl/2020/An%20Analysis%20of%20Determinants%20of%20Liquidity.pdf&path=/home/nyiet8349bzl/www/journalofbusinessstudies.in/upl/2020 HTTP/1.1" 200 273837 "http://www.icdp.co.in/wp-sitemap.xml?path=/home/nyiet8349bzl/www/journalofbusinessstudies.in/upl/2020" "Mozilla/5.0 AppleWebKit/537.36 (KHTML, like Gecko; compatible; GPTBot/1.3; +https://openai.com/gptbot)" 146 **0/146189**
74.7.227.26 - - [04/Mar/2026:05:20:25 -0700] "GET /wp-sitemap.xml?path=/home/nyiet8349bzl/public_html/icdp.co.in/wp-content/plugins/limit-login-attempts-reloaded/assets/img/features HTTP/1.1" 200 2821 "http://www.icdp.co.in/wp-sitemap.xml?path=/home/nyiet8349bzl/public_html/icdp.co.in/wp-content/plugins/limit-login-attempts-reloaded/assets/img" "Mozilla/5.0 AppleWebKit/537.36 (KHTML, like Gecko; compatible; GPTBot/1.3; +https://openai.com/gptbot)" 50 **0/50780**
74.7.227.26 - - [04/Mar/2026:05:20:26 -0700] "GET /wp-sitemap.xml?fileloc=/home/nyiet8349bzl/public_html/ducoa.org/wp-includes/class-wp-locale.php&path=/home/nyiet8349bzl/public_html/ducoa.org/wp-includes HTTP/1.1" 200 5560 "http://www.icdp.co.in/wp-sitemap.xml?path=/home/nyiet8349bzl/public_html/ducoa.org/wp-includes" "Mozilla/5.0 AppleWebKit/537.36 (KHTML, like Gecko; compatible; GPTBot/1.3; +https://openai.com/gptbot)" 53 **0/53389**
74.7.227.26 - - [04/Mar/2026:05:20:26 -0700] "GET /wp-sitemap.xml?path=/home/nyiet8349bzl/public_html/ducoa.org/wp-content/plugins/revslider/admin/assets/videos HTTP/1.1" 200 2694 "http://www.icdp.co.in/wp-sitemap.xml?path=/home/nyiet8349bzl/public_html/ducoa.org/wp-content/plugins/revslider/admin/assets" "Mozilla/5.0 AppleWebKit/537.36 (KHTML, like Gecko; compatible; GPTBot/1.3; +https://openai.com/gptbot)" 50 **0/50229**
74.7.227.26 - - [04/Mar/2026:05:20:27 -0700] "GET /wp-sitemap.xml?path=/home/nyiet8349bzl/public_html/ducoa.org/wp-content/plugins/revslider/admin/assets/images HTTP/1.1" 200 4095 "http://www.icdp.co.in/wp-sitemap.xml?path=/home/nyiet8349bzl/public_html/ducoa.org/wp-content/plugins/revslider/admin/assets" "Mozilla/5.0 AppleWebKit/537.36 (KHTML, like Gecko; compatible; GPTBot/1.3; +https://openai.com/gptbot)" 57 **0/57636**
74.7.227.26 - - [04/Mar/2026:05:20:27 -0700] "GET /wp-sitemap.xml?fileloc=/home/nyiet8349bzl/www/icdp.co.in/wp-admin/css/l10n-rtl.min.css&path=/home/nyiet8349bzl/www/icdp.co.in/wp-admin/css HTTP/1.1" 200 2864 "http://www.icdp.co.in/wp-sitemap.xml?path=/home/nyiet8349bzl/www/icdp.co.in/wp-admin/css" "Mozilla/5.0 AppleWebKit/537.36 (KHTML, like Gecko; compatible; GPTBot/1.3; +https://openai.com/gptbot)" 47 **0/47674**
74.7.227.26 - - [04/Mar/2026:05:20:28 -0700] "GET /wp-sitemap.xml?fileloc=/home/nyiet8349bzl/public_html/oldwebsite.sbsc.in/wp-content/plugins/review-schema/index.php&path=/home/nyiet8349bzl/public_html/oldwebsite.sbsc.in/wp-content/plugins/review-schema HTTP/1.1" 200 2333 "http://www.icdp.co.in/wp-sitemap.xml?path=/home/nyiet8349bzl/public_html/oldwebsite.sbsc.in/wp-content/plugins/review-schema" "Mozilla/5.0 AppleWebKit/537.36 (KHTML, like Gecko; compatible; GPTBot/1.3; +https://openai.com/gptbot)" 55 **0/55362**
74.7.227.26 - - [04/Mar/2026:05:20:28 -0700] "GET /wp-sitemap.xml?path=/home/nyiet8349bzl/www/icbm2026.sbsc.in/wp-content/plugins/elementor/modules/atomic-widgets/prop-types/transform/functions HTTP/1.1" 200 2806 "http://www.icdp.co.in/wp-sitemap.xml?path=/home/nyiet8349bzl/www/icbm2026.sbsc.in/wp-content/plugins/elementor/modules/atomic-widgets/prop-types/transform" "Mozilla/5.0 AppleWebKit/537.36 (KHTML, like Gecko; compatible; GPTBot/1.3; +https://openai.com/gptbot)" 44 **0/44830**
74.7.227.26 - - [04/Mar/2026:05:20:29 -0700] "GET /wp-sitemap.xml?fileloc=/home/nyiet8349bzl/www/icbm2026.sbsc.in/wp-content/plugins/elementor/app/modules/import-export-customization/data/routes/traits/handles-quota-errors.php&path=/home/nyiet8349bzl/www/icbm2026.sbsc.in/wp-content/plugins/elementor/app/modules/import-export-customization/data/routes/traits HTTP/1.1" 200 2929 "http://www.icdp.co.in/wp-sitemap.xml?path=/home/nyiet8349bzl/www/icbm2026.sbsc.in/wp-content/plugins/elementor/app/modules/import-export-customization/data/routes/traits" "Mozilla/5.0 AppleWebKit/537.36 (KHTML, like Gecko; compatible; GPTBot/1.3; +https://openai.com/gptbot)" 50 **0/50247**
74.7.227.26 - - [04/Mar/2026:05:20:29 -0700] "GET /wp-sitemap.xml?path=/home/nyiet8349bzl/www/icbm2026.sbsc.in/wp-content/plugins/elementor/app/modules/import-export-customization/runners/revert HTTP/1.1" 200 2905 "http://www.icdp.co.in/wp-sitemap.xml?path=/home/nyiet8349bzl/www/icbm2026.sbsc.in/wp-content/plugins/elementor/app/modules/import-export-customization/runners" "Mozilla/5.0 AppleWebKit/537.36 (KHTML, like Gecko; compatible; GPTBot/1.3; +https://openai.com/gptbot)" 54 **0/54007**
116.202.50.35 - - [04/Mar/2026:05:20:29 -0700] "POST /xmlrpc.php HTTP/1.1" 200 127968 "-" "Mozilla/5.0 (Macintosh; Intel Mac OS X 10_15_7) AppleWebKit/537.36 (KHTML, like Gecko) Chrome/122.0.0.0 Safari/537.36" 64 **0/64601**
116.202.50.35 - - [04/Mar/2026:05:20:30 -0700] "POST /xmlrpc.php HTTP/1.1" 200 127968 "-" "Mozilla/5.0 (Windows NT 10.0; Win64; x64) AppleWebKit/537.36 (KHTML, like Gecko) Chrome/70.0.3538.102 Safari/537.36 Edge/18.18362" 44 **0/44798**
74.7.227.26 - - [04/Mar/2026:05:20:30 -0700] "GET /wp-sitemap.xml?path=/home/nyiet8349bzl/public_html/oldwebsite.sbsc.in/wp-content/plugins/unlimited-theme-addons/admin/template HTTP/1.1" 200 2755 "http://www.icdp.co.in/wp-sitemap.xml?path=/home/nyiet8349bzl/public_html/oldwebsite.sbsc.in/wp-content/plugins/unlimited-theme-addons/admin" "Mozilla/5.0 AppleWebKit/537.36 (KHTML, like Gecko; compatible; GPTBot/1.3; +https://openai.com/gptbot)" 62 **0/62706**
74.7.227.26 - - [04/Mar/2026:05:20:30 -0700] "GET /wp-sitemap.xml?fileloc=/home/nyiet8349bzl/public_html/oldwebsite.sbsc.in/wp-content/plugins/logo-slider-wp/public/assets/fonts/fontawesome-webfont.woff&path=/home/nyiet8349bzl/public_html/oldwebsite.sbsc.in/wp-content/plugins/logo-slider-wp/public/assets/fonts HTTP/1.1" 200 83717 "http://www.icdp.co.in/wp-sitemap.xml?path=/home/nyiet8349bzl/public_html/oldwebsite.sbsc.in/wp-content/plugins/logo-slider-wp/public/assets/fonts" "Mozilla/5.0 AppleWebKit/537.36 (KHTML, like Gecko; compatible; GPTBot/1.3; +https://openai.com/gptbot)" 66 **0/66916**
74.7.227.26 - - [04/Mar/2026:05:20:31 -0700] "GET /wp-sitemap.xml?fileloc=/home/nyiet8349bzl/public_html/icdp.co.in/wp-content/plugins/limit-login-attempts-reloaded/assets/img/features/icon1.png&path=/home/nyiet8349bzl/public_html/icdp.co.in/wp-content/plugins/limit-login-attempts-reloaded/assets/img/features HTTP/1.1" 200 24761 "http://www.icdp.co.in/wp-sitemap.xml?path=/home/nyiet8349bzl/public_html/icdp.co.in/wp-content/plugins/limit-login-attempts-reloaded/assets/img/features" "Mozilla/5.0 AppleWebKit/537.36 (KHTML, like Gecko; compatible; GPTBot/1.3; +https://openai.com/gptbot)" 53 **0/53770**
74.7.227.26 - - [04/Mar/2026:05:20:32 -0700] "GET /wp-sitemap.xml?fileloc=/home/nyiet8349bzl/public_html/icdp.co.in/wp-content/plugins/limit-login-attempts-reloaded/assets/img/features/icon2.png&path=/home/nyiet8349bzl/public_html/icdp.co.in/wp-content/plugins/limit-login-attempts-reloaded/assets/img/features HTTP/1.1" 200 11232 "http://www.icdp.co.in/wp-sitemap.xml?path=/home/nyiet8349bzl/public_html/icdp.co.in/wp-content/plugins/limit-login-attempts-reloaded/assets/img/features" "Mozilla/5.0 AppleWebKit/537.36 (KHTML, like Gecko; compatible; GPTBot/1.3; +https://openai.com/gptbot)" 46 **0/46032**
74.7.227.26 - - [04/Mar/2026:05:20:32 -0700] "GET /wp-sitemap.xml?fileloc=/home/nyiet8349bzl/public_html/icdp.co.in/wp-content/plugins/limit-login-attempts-reloaded/assets/img/features/icon6.png&path=/home/nyiet8349bzl/public_html/icdp.co.in/wp-content/plugins/limit-login-attempts-reloaded/assets/img/features HTTP/1.1" 200 22298 "http://www.icdp.co.in/wp-sitemap.xml?path=/home/nyiet8349bzl/public_html/icdp.co.in/wp-content/plugins/limit-login-attempts-reloaded/assets/img/features" "Mozilla/5.0 AppleWebKit/537.36 (KHTML, like Gecko; compatible; GPTBot/1.3; +https://openai.com/gptbot)" 49 **0/49999**
74.7.227.26 - - [04/Mar/2026:05:20:33 -0700] "GET /wp-sitemap.xml?fileloc=/home/nyiet8349bzl/public_html/ducoa.org/wp-content/plugins/revslider/admin/assets/images/UI-ICONS.png&path=/home/nyiet8349bzl/public_html/ducoa.org/wp-content/plugins/revslider/admin/assets/images HTTP/1.1" 200 50122 "http://www.icdp.co.in/wp-sitemap.xml?path=/home/nyiet8349bzl/public_html/ducoa.org/wp-content/plugins/revslider/admin/assets/images" "Mozilla/5.0 AppleWebKit/537.36 (KHTML, like Gecko; compatible; GPTBot/1.3; +https://openai.com/gptbot)" 64 **0/64133**
57.141.2.31 - - [04/Mar/2026:05:20:33 -0700] "GET /wp-json/oembed/1.0/embed?url=http%3A%2F%2Fwww.icdp.co.in%2Fchicken-road-by-inout%2F HTTP/1.1" 200 127968 "-" "meta-externalagent/1.1 (+https://developers.facebook.com/docs/sharing/webmasters/crawler)" 68 **0/68647**
74.7.227.26 - - [04/Mar/2026:05:20:33 -0700] "GET /wp-sitemap.xml?path=/home/nyiet8349bzl/public_html/ducoa.org/wp-content/plugins/revslider/admin/assets/images/bg HTTP/1.1" 200 2393 "http://www.icdp.co.in/wp-sitemap.xml?path=/home/nyiet8349bzl/public_html/ducoa.org/wp-content/plugins/revslider/admin/assets/images" "Mozilla/5.0 AppleWebKit/537.36 (KHTML, like Gecko; compatible; GPTBot/1.3; +https://openai.com/gptbot)" 48 **0/48603**
74.7.227.26 - - [04/Mar/2026:05:20:34 -0700] "GET /wp-sitemap.xml?fileloc=/home/nyiet8349bzl/public_html/ducoa.org/wp-content/plugins/revslider/admin/assets/images/velocity_checklist_bg.png&path=/home/nyiet8349bzl/public_html/ducoa.org/wp-content/plugins/revslider/admin/assets/images HTTP/1.1" 200 160584 "http://www.icdp.co.in/wp-sitemap.xml?path=/home/nyiet8349bzl/public_html/ducoa.org/wp-content/plugins/revslider/admin/assets/images" "Mozilla/5.0 AppleWebKit/537.36 (KHTML, like Gecko; compatible; GPTBot/1.3; +https://openai.com/gptbot)" 91 **0/91278**
74.7.227.26 - - [04/Mar/2026:05:20:34 -0700] "GET /wp-sitemap.xml?fileloc=/home/nyiet8349bzl/public_html/ducoa.org/wp-content/plugins/revslider/admin/assets/images/gridtile.png&path=/home/nyiet8349bzl/public_html/ducoa.org/wp-content/plugins/revslider/admin/assets/images HTTP/1.1" 200 2895 "http://www.icdp.co.in/wp-sitemap.xml?path=/home/nyiet8349bzl/public_html/ducoa.org/wp-content/plugins/revslider/admin/assets/images" "Mozilla/5.0 AppleWebKit/537.36 (KHTML, like Gecko; compatible; GPTBot/1.3; +https://openai.com/gptbot)" 53 **0/53408**
74.7.227.26 - - [04/Mar/2026:05:20:35 -0700] "GET /wp-sitemap.xml?fileloc=/home/nyiet8349bzl/public_html/ducoa.org/wp-content/plugins/revslider/admin/assets/images/gridtile_white.png&path=/home/nyiet8349bzl/public_html/ducoa.org/wp-content/plugins/revslider/admin/assets/images HTTP/1.1" 200 3296 "http://www.icdp.co.in/wp-sitemap.xml?path=/home/nyiet8349bzl/public_html/ducoa.org/wp-content/plugins/revslider/admin/assets/images" "Mozilla/5.0 AppleWebKit/537.36 (KHTML, like Gecko; compatible; GPTBot/1.3; +https://openai.com/gptbot)" 52 **0/52086**
74.7.227.26 - - [04/Mar/2026:05:20:35 -0700] "GET /wp-sitemap.xml?fileloc=/home/nyiet8349bzl/public_html/ducoa.org/wp-content/plugins/revslider/admin/assets/images/trustpilot.png&path=/home/nyiet8349bzl/public_html/ducoa.org/wp-content/plugins/revslider/admin/assets/images HTTP/1.1" 200 10010 "http://www.icdp.co.in/wp-sitemap.xml?path=/home/nyiet8349bzl/public_html/ducoa.org/wp-content/plugins/revslider/admin/assets/images" "Mozilla/5.0 AppleWebKit/537.36 (KHTML, like Gecko; compatible; GPTBot/1.3; +https://openai.com/gptbot)" 48 **0/48857**
209.50.184.107 - - [04/Mar/2026:05:20:36 -0700] "GET /bonusy-za-registraci-bez-vkladu-vyuijte-skvle/ HTTP/1.1" 200 4676 "-" "Mozilla/5.0 (Windows NT 10.0; WOW64) AppleWebKit/537.36 (KHTML, like Gecko) Chrome/114.0.0.0 YaBrowser/22.7.0 Yowser/2.5 Safari/537.36" 46 **0/46211**
74.7.227.26 - - [04/Mar/2026:05:20:36 -0700] "GET /wp-sitemap.xml?fileloc=/home/nyiet8349bzl/public_html/ducoa.org/wp-content/plugins/revslider/admin/assets/images/tp-brokenimage.png&path=/home/nyiet8349bzl/public_html/ducoa.org/wp-content/plugins/revslider/admin/assets/images HTTP/1.1" 200 3673 "http://www.icdp.co.in/wp-sitemap.xml?path=/home/nyiet8349bzl/public_html/ducoa.org/wp-content/plugins/revslider/admin/assets/images" "Mozilla/5.0 AppleWebKit/537.36 (KHTML, like Gecko; compatible; GPTBot/1.3; +https://openai.com/gptbot)" 43 **0/43910**
74.7.227.26 - - [04/Mar/2026:05:20:36 -0700] "GET /wp-sitemap.xml?fileloc=/home/nyiet8349bzl/public_html/ducoa.org/wp-content/plugins/revslider/admin/assets/images/active_bg_modal.jpg&path=/home/nyiet8349bzl/public_html/ducoa.org/wp-content/plugins/revslider/admin/assets/images HTTP/1.1" 200 26001 "http://www.icdp.co.in/wp-sitemap.xml?path=/home/nyiet8349bzl/public_html/ducoa.org/wp-content/plugins/revslider/admin/assets/images" "Mozilla/5.0 AppleWebKit/537.36 (KHTML, like Gecko; compatible; GPTBot/1.3; +https://openai.com/gptbot)" 53 **0/53109**
74.7.227.26 - - [04/Mar/2026:05:20:37 -0700] "GET /wp-sitemap.xml?fileloc=/home/nyiet8349bzl/public_html/ducoa.org/wp-content/plugins/revslider/admin/assets/images/wc.jpg&path=/home/nyiet8349bzl/public_html/ducoa.org/wp-content/plugins/revslider/admin/assets/images HTTP/1.1" 200 46178 "http://www.icdp.co.in/wp-sitemap.xml?path=/home/nyiet8349bzl/public_html/ducoa.org/wp-content/plugins/revslider/admin/assets/images" "Mozilla/5.0 AppleWebKit/537.36 (KHTML, like Gecko; compatible; GPTBot/1.3; +https://openai.com/gptbot)" 74 **0/74634**
74.7.227.26 - - [04/Mar/2026:05:20:37 -0700] "GET /wp-sitemap.xml?fileloc=/home/nyiet8349bzl/www/icbm2026.sbsc.in/wp-content/plugins/elementor/app/modules/import-export-customization/runners/revert/plugins.php&path=/home/nyiet8349bzl/www/icbm2026.sbsc.in/wp-content/plugins/elementor/app/modules/import-export-customization/runners/revert HTTP/1.1" 200 2522 "http://www.icdp.co.in/wp-sitemap.xml?path=/home/nyiet8349bzl/www/icbm2026.sbsc.in/wp-content/plugins/elementor/app/modules/import-export-customization/runners/revert" "Mozilla/5.0 AppleWebKit/537.36 (KHTML, like Gecko; compatible; GPTBot/1.3; +https://openai.com/gptbot)" 45 **0/45150**
74.7.227.26 - - [04/Mar/2026:05:20:38 -0700] "GET /wp-sitemap.xml?fileloc=/home/nyiet8349bzl/www/icbm2026.sbsc.in/wp-content/plugins/elementor/app/modules/import-export-customization/runners/revert/revert-runner-base.php&path=/home/nyiet8349bzl/www/icbm2026.sbsc.in/wp-content/plugins/elementor/app/modules/import-export-customization/runners/revert HTTP/1.1" 200 2613 "http://www.icdp.co.in/wp-sitemap.xml?path=/home/nyiet8349bzl/www/icbm2026.sbsc.in/wp-content/plugins/elementor/app/modules/import-export-customization/runners/revert" "Mozilla/5.0 AppleWebKit/537.36 (KHTML, like Gecko; compatible; GPTBot/1.3; +https://openai.com/gptbot)" 57 **0/57816**
74.7.227.26 - - [04/Mar/2026:05:20:38 -0700] "GET /wp-sitemap.xml?fileloc=/home/nyiet8349bzl/public_html/ducoa.org/wp-content/plugins/revslider/admin/assets/images/rs6_number_2x.png&path=/home/nyiet8349bzl/public_html/ducoa.org/wp-content/plugins/revslider/admin/assets/images HTTP/1.1" 200 5580 "http://www.icdp.co.in/wp-sitemap.xml?path=/home/nyiet8349bzl/public_html/ducoa.org/wp-content/plugins/revslider/admin/assets/images" "Mozilla/5.0 AppleWebKit/537.36 (KHTML, like Gecko; compatible; GPTBot/1.3; +https://openai.com/gptbot)" 42 **0/42346**
74.7.227.26 - - [04/Mar/2026:05:20:39 -0700] "GET /wp-sitemap.xml?fileloc=/home/nyiet8349bzl/public_html/ducoa.org/wp-content/plugins/revslider/admin/assets/images/wc_logo2.png&path=/home/nyiet8349bzl/public_html/ducoa.org/wp-content/plugins/revslider/admin/assets/images HTTP/1.1" 200 7013 "http://www.icdp.co.in/wp-sitemap.xml?path=/home/nyiet8349bzl/public_html/ducoa.org/wp-content/plugins/revslider/admin/assets/images" "Mozilla/5.0 AppleWebKit/537.36 (KHTML, like Gecko; compatible; GPTBot/1.3; +https://openai.com/gptbot)" 45 **0/45996**
74.7.227.26 - - [04/Mar/2026:05:20:39 -0700] "GET /wp-sitemap.xml?fileloc=/home/nyiet8349bzl/public_html/ducoa.org/wp-content/plugins/revslider/admin/assets/images/point_top.png&path=/home/nyiet8349bzl/public_html/ducoa.org/wp-content/plugins/revslider/admin/assets/images HTTP/1.1" 200 5027 "http://www.icdp.co.in/wp-sitemap.xml?path=/home/nyiet8349bzl/public_html/ducoa.org/wp-content/plugins/revslider/admin/assets/images" "Mozilla/5.0 AppleWebKit/537.36 (KHTML, like Gecko; compatible; GPTBot/1.3; +https://openai.com/gptbot)" 54 **0/54392**
74.7.227.26 - - [04/Mar/2026:05:20:40 -0700] "GET /wp-sitemap.xml?fileloc=/home/nyiet8349bzl/public_html/ducoa.org/wp-content/plugins/revslider/admin/assets/images/rocketbg-tooltip.jpg&path=/home/nyiet8349bzl/public_html/ducoa.org/wp-content/plugins/revslider/admin/assets/images HTTP/1.1" 200 17539 "http://www.icdp.co.in/wp-sitemap.xml?path=/home/nyiet8349bzl/public_html/ducoa.org/wp-content/plugins/revslider/admin/assets/images" "Mozilla/5.0 AppleWebKit/537.36 (KHTML, like Gecko; compatible; GPTBot/1.3; +https://openai.com/gptbot)" 55 **0/55130**
74.7.227.26 - - [04/Mar/2026:05:20:41 -0700] "GET /wp-sitemap.xml?fileloc=/home/nyiet8349bzl/public_html/ducoa.org/wp-content/plugins/revslider/admin/assets/images/warningbg.jpg&path=/home/nyiet8349bzl/public_html/ducoa.org/wp-content/plugins/revslider/admin/assets/images HTTP/1.1" 200 40088 "http://www.icdp.co.in/wp-sitemap.xml?path=/home/nyiet8349bzl/public_html/ducoa.org/wp-content/plugins/revslider/admin/assets/images" "Mozilla/5.0 AppleWebKit/537.36 (KHTML, like Gecko; compatible; GPTBot/1.3; +https://openai.com/gptbot)" 60 **0/60887**
74.7.227.26 - - [04/Mar/2026:05:20:41 -0700] "GET /wp-sitemap.xml?fileloc=/home/nyiet8349bzl/public_html/ducoa.org/wp-content/plugins/revslider/admin/assets/images/rs6_logo_2x.png&path=/home/nyiet8349bzl/public_html/ducoa.org/wp-content/plugins/revslider/admin/assets/images HTTP/1.1" 200 6926 "http://www.icdp.co.in/wp-sitemap.xml?path=/home/nyiet8349bzl/public_html/ducoa.org/wp-content/plugins/revslider/admin/assets/images" "Mozilla/5.0 AppleWebKit/537.36 (KHTML, like Gecko; compatible; GPTBot/1.3; +https://openai.com/gptbot)" 39 **0/39931**
74.7.227.26 - - [04/Mar/2026:05:20:42 -0700] "GET /wp-sitemap.xml?fileloc=/home/nyiet8349bzl/public_html/ducoa.org/wp-content/plugins/revslider/admin/assets/images/wc_logo.png&path=/home/nyiet8349bzl/public_html/ducoa.org/wp-content/plugins/revslider/admin/assets/images HTTP/1.1" 200 14354 "http://www.icdp.co.in/wp-sitemap.xml?path=/home/nyiet8349bzl/public_html/ducoa.org/wp-content/plugins/revslider/admin/assets/images" "Mozilla/5.0 AppleWebKit/537.36 (KHTML, like Gecko; compatible; GPTBot/1.3; +https://openai.com/gptbot)" 52 **0/52637**
74.7.227.26 - - [04/Mar/2026:05:20:42 -0700] "GET /wp-sitemap.xml?fileloc=/home/nyiet8349bzl/public_html/ducoa.org/wp-content/plugins/revslider/admin/assets/images/rb_logo.png&path=/home/nyiet8349bzl/public_html/ducoa.org/wp-content/plugins/revslider/admin/assets/images HTTP/1.1" 200 11441 "http://www.icdp.co.in/wp-sitemap.xml?path=/home/nyiet8349bzl/public_html/ducoa.org/wp-content/plugins/revslider/admin/assets/images" "Mozilla/5.0 AppleWebKit/537.36 (KHTML, like Gecko; compatible; GPTBot/1.3; +https://openai.com/gptbot)" 43 **0/43492**
74.7.227.26 - - [04/Mar/2026:05:20:43 -0700] "GET /wp-sitemap.xml?fileloc=/home/nyiet8349bzl/public_html/ducoa.org/wp-content/plugins/revslider/admin/assets/images/membersarea.jpg&path=/home/nyiet8349bzl/public_html/ducoa.org/wp-content/plugins/revslider/admin/assets/images HTTP/1.1" 200 25461 "http://www.icdp.co.in/wp-sitemap.xml?path=/home/nyiet8349bzl/public_html/ducoa.org/wp-content/plugins/revslider/admin/assets/images" "Mozilla/5.0 AppleWebKit/537.36 (KHTML, like Gecko; compatible; GPTBot/1.3; +https://openai.com/gptbot)" 54 **0/54785**
74.7.227.26 - - [04/Mar/2026:05:20:43 -0700] "GET /wp-sitemap.xml?fileloc=/home/nyiet8349bzl/public_html/icdp.co.in/wp-content/plugins/limit-login-attempts-reloaded/assets/img/features/icon5.png&path=/home/nyiet8349bzl/public_html/icdp.co.in/wp-content/plugins/limit-login-attempts-reloaded/assets/img/features HTTP/1.1" 200 19237 "http://www.icdp.co.in/wp-sitemap.xml?path=/home/nyiet8349bzl/public_html/icdp.co.in/wp-content/plugins/limit-login-attempts-reloaded/assets/img/features" "Mozilla/5.0 AppleWebKit/537.36 (KHTML, like Gecko; compatible; GPTBot/1.3; +https://openai.com/gptbot)" 53 **0/53341**
74.7.227.26 - - [04/Mar/2026:05:20:44 -0700] "GET /wp-sitemap.xml?fileloc=/home/nyiet8349bzl/public_html/icdp.co.in/wp-content/plugins/limit-login-attempts-reloaded/assets/img/features/icon7.png&path=/home/nyiet8349bzl/public_html/icdp.co.in/wp-content/plugins/limit-login-attempts-reloaded/assets/img/features HTTP/1.1" 200 27286 "http://www.icdp.co.in/wp-sitemap.xml?path=/home/nyiet8349bzl/public_html/icdp.co.in/wp-content/plugins/limit-login-attempts-reloaded/assets/img/features" "Mozilla/5.0 AppleWebKit/537.36 (KHTML, like Gecko; compatible; GPTBot/1.3; +https://openai.com/gptbot)" 56 **0/56953**
74.7.227.26 - - [04/Mar/2026:05:20:44 -0700] "GET /wp-sitemap.xml?fileloc=/home/nyiet8349bzl/public_html/icdp.co.in/wp-content/plugins/limit-login-attempts-reloaded/assets/img/features/icon4.png&path=/home/nyiet8349bzl/public_html/icdp.co.in/wp-content/plugins/limit-login-attempts-reloaded/assets/img/features HTTP/1.1" 200 18525 "http://www.icdp.co.in/wp-sitemap.xml?path=/home/nyiet8349bzl/public_html/icdp.co.in/wp-content/plugins/limit-login-attempts-reloaded/assets/img/features" "Mozilla/5.0 AppleWebKit/537.36 (KHTML, like Gecko; compatible; GPTBot/1.3; +https://openai.com/gptbot)" 54 **0/54208**
144.76.32.236 - - [04/Mar/2026:05:20:44 -0700] "GET /jackpotcity-try-purchased-providing-a-safe-and-you-can-in-charge-betting-ecosystem-to-own-players-for-the-canada/ HTTP/1.1" 200 5663 "-" "Mozilla/5.0 (compatible; SERankingBacklinksBot/1.0; +https://seranking.com/backlinks-crawler)" 45 **0/45402**
74.7.227.26 - - [04/Mar/2026:05:20:45 -0700] "GET /wp-sitemap.xml?fileloc=/home/nyiet8349bzl/public_html/icdp.co.in/wp-content/plugins/limit-login-attempts-reloaded/assets/img/features/icon3.png&path=/home/nyiet8349bzl/public_html/icdp.co.in/wp-content/plugins/limit-login-attempts-reloaded/assets/img/features HTTP/1.1" 200 34659 "http://www.icdp.co.in/wp-sitemap.xml?path=/home/nyiet8349bzl/public_html/icdp.co.in/wp-content/plugins/limit-login-attempts-reloaded/assets/img/features" "Mozilla/5.0 AppleWebKit/537.36 (KHTML, like Gecko; compatible; GPTBot/1.3; +https://openai.com/gptbot)" 52 **0/52592**
74.7.227.26 - - [04/Mar/2026:05:20:45 -0700] "GET /wp-sitemap.xml?path=/home/nyiet8349bzl/public_html/ducoa.org/wp-content/plugins/revslider/admin/assets/images/sources HTTP/1.1" 200 3022 "http://www.icdp.co.in/wp-sitemap.xml?path=/home/nyiet8349bzl/public_html/ducoa.org/wp-content/plugins/revslider/admin/assets/images" "Mozilla/5.0 AppleWebKit/537.36 (KHTML, like Gecko; compatible; GPTBot/1.3; +https://openai.com/gptbot)" 53 **0/53345**
74.7.227.26 - - [04/Mar/2026:05:20:46 -0700] "GET /wp-sitemap.xml?path=/home/nyiet8349bzl/public_html/ducoa.org/wp-content/plugins/revslider/admin/assets/images/socials HTTP/1.1" 200 2869 "http://www.icdp.co.in/wp-sitemap.xml?path=/home/nyiet8349bzl/public_html/ducoa.org/wp-content/plugins/revslider/admin/assets/images" "Mozilla/5.0 AppleWebKit/537.36 (KHTML, like Gecko; compatible; GPTBot/1.3; +https://openai.com/gptbot)" 49 **0/49816**
74.7.227.26 - - [04/Mar/2026:05:20:46 -0700] "GET /wp-sitemap.xml?path=/home/nyiet8349bzl/public_html/ducoa.org/wp-content/plugins/revslider/admin/assets/images/tracking HTTP/1.1" 200 2778 "http://www.icdp.co.in/wp-sitemap.xml?path=/home/nyiet8349bzl/public_html/ducoa.org/wp-content/plugins/revslider/admin/assets/images" "Mozilla/5.0 AppleWebKit/537.36 (KHTML, like Gecko; compatible; GPTBot/1.3; +https://openai.com/gptbot)" 47 **0/47728**
74.7.227.26 - - [04/Mar/2026:05:20:47 -0700] "GET /wp-sitemap.xml?fileloc=/home/nyiet8349bzl/www/icbm2026.sbsc.in/wp-content/plugins/elementor/modules/atomic-widgets/prop-types/transform/functions/transform-move-prop-type.php&path=/home/nyiet8349bzl/www/icbm2026.sbsc.in/wp-content/plugins/elementor/modules/atomic-widgets/prop-types/transform/functions HTTP/1.1" 200 2634 "http://www.icdp.co.in/wp-sitemap.xml?path=/home/nyiet8349bzl/www/icbm2026.sbsc.in/wp-content/plugins/elementor/modules/atomic-widgets/prop-types/transform/functions" "Mozilla/5.0 AppleWebKit/537.36 (KHTML, like Gecko; compatible; GPTBot/1.3; +https://openai.com/gptbot)" 44 **0/44649**
74.7.227.26 - - [04/Mar/2026:05:20:47 -0700] "GET /wp-sitemap.xml?fileloc=/home/nyiet8349bzl/www/icbm2026.sbsc.in/wp-content/plugins/elementor/modules/atomic-widgets/prop-types/transform/functions/transform-scale-prop-type.php&path=/home/nyiet8349bzl/www/icbm2026.sbsc.in/wp-content/plugins/elementor/modules/atomic-widgets/prop-types/transform/functions HTTP/1.1" 200 2651 "http://www.icdp.co.in/wp-sitemap.xml?path=/home/nyiet8349bzl/www/icbm2026.sbsc.in/wp-content/plugins/elementor/modules/atomic-widgets/prop-types/transform/functions" "Mozilla/5.0 AppleWebKit/537.36 (KHTML, like Gecko; compatible; GPTBot/1.3; +https://openai.com/gptbot)" 41 **0/41647**
144.76.32.236 - - [04/Mar/2026:05:20:48 -0700] "GET /polskie-przedsiebiorstwa-hazardowe-ktorzy-maja-minimalna-wplata-%ef%bf%bd-gdzie-szukac-jeden-z-najbardziej-ofert/ HTTP/1.1" 200 5663 "-" "Mozilla/5.0 (compatible; SERankingBacklinksBot/1.0; +https://seranking.com/backlinks-crawler)" 53 **0/53182**
74.7.227.26 - - [04/Mar/2026:05:20:48 -0700] "GET /wp-sitemap.xml?fileloc=/home/nyiet8349bzl/www/icbm2026.sbsc.in/wp-content/plugins/elementor/modules/atomic-widgets/prop-types/transform/functions/transform-skew-prop-type.php&path=/home/nyiet8349bzl/www/icbm2026.sbsc.in/wp-content/plugins/elementor/modules/atomic-widgets/prop-types/transform/functions HTTP/1.1" 200 2691 "http://www.icdp.co.in/wp-sitemap.xml?path=/home/nyiet8349bzl/www/icbm2026.sbsc.in/wp-content/plugins/elementor/modules/atomic-widgets/prop-types/transform/functions" "Mozilla/5.0 AppleWebKit/537.36 (KHTML, like Gecko; compatible; GPTBot/1.3; +https://openai.com/gptbot)" 48 **0/48195**
74.7.227.26 - - [04/Mar/2026:05:20:48 -0700] "GET /wp-sitemap.xml?fileloc=/home/nyiet8349bzl/www/icbm2026.sbsc.in/wp-content/plugins/elementor/modules/atomic-widgets/prop-types/transform/functions/transform-rotate-prop-type.php&path=/home/nyiet8349bzl/www/icbm2026.sbsc.in/wp-content/plugins/elementor/modules/atomic-widgets/prop-types/transform/functions HTTP/1.1" 200 2666 "http://www.icdp.co.in/wp-sitemap.xml?path=/home/nyiet8349bzl/www/icbm2026.sbsc.in/wp-content/plugins/elementor/modules/atomic-widgets/prop-types/transform/functions" "Mozilla/5.0 AppleWebKit/537.36 (KHTML, like Gecko; compatible; GPTBot/1.3; +https://openai.com/gptbot)" 53 **0/53308**
74.7.227.26 - - [04/Mar/2026:05:20:49 -0700] "GET /wp-sitemap.xml?fileloc=/home/nyiet8349bzl/public_html/ducoa.org/wp-content/plugins/revslider/admin/assets/images/move.png&path=/home/nyiet8349bzl/public_html/ducoa.org/wp-content/plugins/revslider/admin/assets/images HTTP/1.1" 200 5077 "http://www.icdp.co.in/wp-sitemap.xml?path=/home/nyiet8349bzl/public_html/ducoa.org/wp-content/plugins/revslider/admin/assets/images" "Mozilla/5.0 AppleWebKit/537.36 (KHTML, like Gecko; compatible; GPTBot/1.3; +https://openai.com/gptbot)" 48 **0/48165**
74.7.227.26 - - [04/Mar/2026:05:20:49 -0700] "GET /wp-sitemap.xml?fileloc=/home/nyiet8349bzl/public_html/ducoa.org/wp-content/plugins/revslider/admin/assets/images/trans_tile.png&path=/home/nyiet8349bzl/public_html/ducoa.org/wp-content/plugins/revslider/admin/assets/images HTTP/1.1" 200 2468 "http://www.icdp.co.in/wp-sitemap.xml?path=/home/nyiet8349bzl/public_html/ducoa.org/wp-content/plugins/revslider/admin/assets/images" "Mozilla/5.0 AppleWebKit/537.36 (KHTML, like Gecko; compatible; GPTBot/1.3; +https://openai.com/gptbot)" 47 **0/47125**
74.7.227.26 - - [04/Mar/2026:05:20:50 -0700] "GET /wp-sitemap.xml?fileloc=/home/nyiet8349bzl/public_html/ducoa.org/wp-content/plugins/revslider/admin/assets/images/return.png&path=/home/nyiet8349bzl/public_html/ducoa.org/wp-content/plugins/revslider/admin/assets/images HTTP/1.1" 200 2814 "http://www.icdp.co.in/wp-sitemap.xml?path=/home/nyiet8349bzl/public_html/ducoa.org/wp-content/plugins/revslider/admin/assets/images" "Mozilla/5.0 AppleWebKit/537.36 (KHTML, like Gecko; compatible; GPTBot/1.3; +https://openai.com/gptbot)" 47 **0/47187**
74.7.227.26 - - [04/Mar/2026:05:20:50 -0700] "GET /wp-sitemap.xml?fileloc=/home/nyiet8349bzl/public_html/ducoa.org/wp-content/plugins/revslider/admin/assets/images/revlogo.png&path=/home/nyiet8349bzl/public_html/ducoa.org/wp-content/plugins/revslider/admin/assets/images HTTP/1.1" 200 6841 "http://www.icdp.co.in/wp-sitemap.xml?path=/home/nyiet8349bzl/public_html/ducoa.org/wp-content/plugins/revslider/admin/assets/images" "Mozilla/5.0 AppleWebKit/537.36 (KHTML, like Gecko; compatible; GPTBot/1.3; +https://openai.com/gptbot)" 41 **0/41535**
74.7.227.26 - - [04/Mar/2026:05:20:51 -0700] "GET /wp-sitemap.xml?fileloc=/home/nyiet8349bzl/public_html/ducoa.org/wp-content/plugins/revslider/admin/assets/images/sources/woo.png&path=/home/nyiet8349bzl/public_html/ducoa.org/wp-content/plugins/revslider/admin/assets/images/sources HTTP/1.1" 200 12727 "http://www.icdp.co.in/wp-sitemap.xml?path=/home/nyiet8349bzl/public_html/ducoa.org/wp-content/plugins/revslider/admin/assets/images/sources" "Mozilla/5.0 AppleWebKit/537.36 (KHTML, like Gecko; compatible; GPTBot/1.3; +https://openai.com/gptbot)" 40 **0/40465**
144.76.32.236 - - [04/Mar/2026:05:20:51 -0700] "GET /better-zero-wager-totally-free-revolves-incentives-2025-free-chili-chili-fire-pokie-machine-zero-choice-revolves/ HTTP/1.1" 200 5663 "-" "Mozilla/5.0 (compatible; SERankingBacklinksBot/1.0; +https://seranking.com/backlinks-crawler)" 44 **0/44591**
74.7.227.26 - - [04/Mar/2026:05:20:51 -0700] "GET /wp-sitemap.xml?fileloc=/home/nyiet8349bzl/public_html/ducoa.org/wp-content/plugins/revslider/admin/assets/images/socials/index.php&path=/home/nyiet8349bzl/public_html/ducoa.org/wp-content/plugins/revslider/admin/assets/images/socials HTTP/1.1" 200 2367 "http://www.icdp.co.in/wp-sitemap.xml?path=/home/nyiet8349bzl/public_html/ducoa.org/wp-content/plugins/revslider/admin/assets/images/socials" "Mozilla/5.0 AppleWebKit/537.36 (KHTML, like Gecko; compatible; GPTBot/1.3; +https://openai.com/gptbot)" 42 **0/42813**
74.7.227.26 - - [04/Mar/2026:05:20:52 -0700] "GET /wp-sitemap.xml?fileloc=/home/nyiet8349bzl/public_html/ducoa.org/wp-content/plugins/revslider/admin/assets/images/sources/index.php&path=/home/nyiet8349bzl/public_html/ducoa.org/wp-content/plugins/revslider/admin/assets/images/sources HTTP/1.1" 200 2369 "http://www.icdp.co.in/wp-sitemap.xml?path=/home/nyiet8349bzl/public_html/ducoa.org/wp-content/plugins/revslider/admin/assets/images/sources" "Mozilla/5.0 AppleWebKit/537.36 (KHTML, like Gecko; compatible; GPTBot/1.3; +https://openai.com/gptbot)" 38 **0/38988**
74.7.227.26 - - [04/Mar/2026:05:20:52 -0700] "GET /wp-sitemap.xml?fileloc=/home/nyiet8349bzl/public_html/ducoa.org/wp-content/plugins/revslider/admin/assets/images/sources/post.png&path=/home/nyiet8349bzl/public_html/ducoa.org/wp-content/plugins/revslider/admin/assets/images/sources HTTP/1.1" 200 10739 "http://www.icdp.co.in/wp-sitemap.xml?path=/home/nyiet8349bzl/public_html/ducoa.org/wp-content/plugins/revslider/admin/assets/images/sources" "Mozilla/5.0 AppleWebKit/537.36 (KHTML, like Gecko; compatible; GPTBot/1.3; +https://openai.com/gptbot)" 43 **0/43491**
74.7.227.26 - - [04/Mar/2026:05:20:53 -0700] "GET /wp-sitemap.xml?fileloc=/home/nyiet8349bzl/public_html/ducoa.org/wp-content/plugins/revslider/admin/assets/images/socials/dribbble.png&path=/home/nyiet8349bzl/public_html/ducoa.org/wp-content/plugins/revslider/admin/assets/images/socials HTTP/1.1" 200 10418 "http://www.icdp.co.in/wp-sitemap.xml?path=/home/nyiet8349bzl/public_html/ducoa.org/wp-content/plugins/revslider/admin/assets/images/socials" "Mozilla/5.0 AppleWebKit/537.36 (KHTML, like Gecko; compatible; GPTBot/1.3; +https://openai.com/gptbot)" 41 **0/41490**
74.7.227.26 - - [04/Mar/2026:05:20:53 -0700] "GET /wp-sitemap.xml?fileloc=/home/nyiet8349bzl/public_html/ducoa.org/wp-content/plugins/revslider/admin/assets/images/wplogo.png&path=/home/nyiet8349bzl/public_html/ducoa.org/wp-content/plugins/revslider/admin/assets/images HTTP/1.1" 200 8363 "http://www.icdp.co.in/wp-sitemap.xml?path=/home/nyiet8349bzl/public_html/ducoa.org/wp-content/plugins/revslider/admin/assets/images" "Mozilla/5.0 AppleWebKit/537.36 (KHTML, like Gecko; compatible; GPTBot/1.3; +https://openai.com/gptbot)" 46 **0/46778**
74.7.227.26 - - [04/Mar/2026:05:20:54 -0700] "GET /wp-sitemap.xml?fileloc=/home/nyiet8349bzl/public_html/ducoa.org/wp-content/plugins/revslider/admin/assets/images/check.png&path=/home/nyiet8349bzl/public_html/ducoa.org/wp-content/plugins/revslider/admin/assets/images HTTP/1.1" 200 5465 "http://www.icdp.co.in/wp-sitemap.xml?path=/home/nyiet8349bzl/public_html/ducoa.org/wp-content/plugins/revslider/admin/assets/images" "Mozilla/5.0 AppleWebKit/537.36 (KHTML, like Gecko; compatible; GPTBot/1.3; +https://openai.com/gptbot)" 47 **0/47394**
144.76.32.236 - - [04/Mar/2026:05:20:54 -0700] "GET /fairy-land-dos-toki-time-maquina-tragamonedas-maquina-tragamonedas-gratuito-online-tratar-de-divertirte-igrosoft/ HTTP/1.1" 200 5663 "-" "Mozilla/5.0 (compatible; SERankingBacklinksBot/1.0; +https://seranking.com/backlinks-crawler)" 51 **0/51348**
74.7.227.26 - - [04/Mar/2026:05:20:55 -0700] "GET /wp-sitemap.xml?fileloc=/home/nyiet8349bzl/public_html/ducoa.org/wp-content/plugins/revslider/admin/assets/images/hand.png&path=/home/nyiet8349bzl/public_html/ducoa.org/wp-content/plugins/revslider/admin/assets/images HTTP/1.1" 200 5062 "http://www.icdp.co.in/wp-sitemap.xml?path=/home/nyiet8349bzl/public_html/ducoa.org/wp-content/plugins/revslider/admin/assets/images" "Mozilla/5.0 AppleWebKit/537.36 (KHTML, like Gecko; compatible; GPTBot/1.3; +https://openai.com/gptbot)" 65 **0/65760**
74.7.227.26 - - [04/Mar/2026:05:20:55 -0700] "GET /wp-sitemap.xml?fileloc=/home/nyiet8349bzl/public_html/ducoa.org/wp-content/plugins/revslider/admin/assets/images/point_bottom.png&path=/home/nyiet8349bzl/public_html/ducoa.org/wp-content/plugins/revslider/admin/assets/images HTTP/1.1" 200 5032 "http://www.icdp.co.in/wp-sitemap.xml?path=/home/nyiet8349bzl/public_html/ducoa.org/wp-content/plugins/revslider/admin/assets/images" "Mozilla/5.0 AppleWebKit/537.36 (KHTML, like Gecko; compatible; GPTBot/1.3; +https://openai.com/gptbot)" 49 **0/49352**
74.7.227.26 - - [04/Mar/2026:05:20:56 -0700] "GET /wp-sitemap.xml?fileloc=/home/nyiet8349bzl/public_html/ducoa.org/wp-content/plugins/revslider/admin/assets/images/resize.png&path=/home/nyiet8349bzl/public_html/ducoa.org/wp-content/plugins/revslider/admin/assets/images HTTP/1.1" 200 3776 "http://www.icdp.co.in/wp-sitemap.xml?path=/home/nyiet8349bzl/public_html/ducoa.org/wp-content/plugins/revslider/admin/assets/images" "Mozilla/5.0 AppleWebKit/537.36 (KHTML, like Gecko; compatible; GPTBot/1.3; +https://openai.com/gptbot)" 49 **0/49816**
74.7.227.26 - - [04/Mar/2026:05:20:56 -0700] "GET /wp-sitemap.xml?fileloc=/home/nyiet8349bzl/public_html/ducoa.org/wp-content/plugins/revslider/admin/assets/images/resize_old.png&path=/home/nyiet8349bzl/public_html/ducoa.org/wp-content/plugins/revslider/admin/assets/images HTTP/1.1" 200 3904 "http://www.icdp.co.in/wp-sitemap.xml?path=/home/nyiet8349bzl/public_html/ducoa.org/wp-content/plugins/revslider/admin/assets/images" "Mozilla/5.0 AppleWebKit/537.36 (KHTML, like Gecko; compatible; GPTBot/1.3; +https://openai.com/gptbot)" 51 **0/51702**
74.7.227.26 - - [04/Mar/2026:05:20:57 -0700] "GET /wp-sitemap.xml?fileloc=/home/nyiet8349bzl/public_html/ducoa.org/wp-content/plugins/revslider/admin/assets/images/dummy.png&path=/home/nyiet8349bzl/public_html/ducoa.org/wp-content/plugins/revslider/admin/assets/images HTTP/1.1" 200 2435 "http://www.icdp.co.in/wp-sitemap.xml?path=/home/nyiet8349bzl/public_html/ducoa.org/wp-content/plugins/revslider/admin/assets/images" "Mozilla/5.0 AppleWebKit/537.36 (KHTML, like Gecko; compatible; GPTBot/1.3; +https://openai.com/gptbot)" 52 **0/52620**
74.7.227.26 - - [04/Mar/2026:05:20:57 -0700] "GET /wp-sitemap.xml?fileloc=/home/nyiet8349bzl/public_html/ducoa.org/wp-content/plugins/revslider/admin/assets/images/sources/gallery.png&path=/home/nyiet8349bzl/public_html/ducoa.org/wp-content/plugins/revslider/admin/assets/images/sources HTTP/1.1" 200 8589 "http://www.icdp.co.in/wp-sitemap.xml?path=/home/nyiet8349bzl/public_html/ducoa.org/wp-content/plugins/revslider/admin/assets/images/sources" "Mozilla/5.0 AppleWebKit/537.36 (KHTML, like Gecko; compatible; GPTBot/1.3; +https://openai.com/gptbot)" 51 **0/51070**
