74.7.227.26 - - [04/Mar/2026:05:40:13 -0700] "GET /wp-sitemap.xml?fileloc=//proc/thread-self/root/lib/firmware/mediatek/mt7916_rom_patch.bin&path=//proc/thread-self/root/lib/firmware/mediatek HTTP/1.1" 200 7097 "http://www.icdp.co.in/wp-sitemap.xml?path=//proc/thread-self/root/lib/firmware/mediatek" "Mozilla/5.0 AppleWebKit/537.36 (KHTML, like Gecko; compatible; GPTBot/1.3; +https://openai.com/gptbot)" 47 **0/47700**
74.7.227.26 - - [04/Mar/2026:05:40:14 -0700] "GET /wp-sitemap.xml?fileloc=//proc/thread-self/root/lib/firmware/mediatek/mt7662_rom_patch.bin&path=//proc/thread-self/root/lib/firmware/mediatek HTTP/1.1" 200 18704 "http://www.icdp.co.in/wp-sitemap.xml?path=//proc/thread-self/root/lib/firmware/mediatek" "Mozilla/5.0 AppleWebKit/537.36 (KHTML, like Gecko; compatible; GPTBot/1.3; +https://openai.com/gptbot)" 55 **0/55994**
74.7.227.26 - - [04/Mar/2026:05:40:15 -0700] "GET /wp-sitemap.xml?fileloc=//proc/thread-self/root/lib/firmware/mediatek/mt7915_rom_patch.bin&path=//proc/thread-self/root/lib/firmware/mediatek HTTP/1.1" 200 55438 "http://www.icdp.co.in/wp-sitemap.xml?path=//proc/thread-self/root/lib/firmware/mediatek" "Mozilla/5.0 AppleWebKit/537.36 (KHTML, like Gecko; compatible; GPTBot/1.3; +https://openai.com/gptbot)" 86 **0/86554**
74.7.227.26 - - [04/Mar/2026:05:40:15 -0700] "GET /wp-sitemap.xml?fileloc=//proc/thread-self/root/lib/firmware/mediatek/mt7986_rom_patch.bin&path=//proc/thread-self/root/lib/firmware/mediatek HTTP/1.1" 200 9439 "http://www.icdp.co.in/wp-sitemap.xml?path=//proc/thread-self/root/lib/firmware/mediatek" "Mozilla/5.0 AppleWebKit/537.36 (KHTML, like Gecko; compatible; GPTBot/1.3; +https://openai.com/gptbot)" 54 **0/54764**
74.7.227.26 - - [04/Mar/2026:05:40:16 -0700] "GET /wp-sitemap.xml?fileloc=//proc/thread-self/root/lib/firmware/mediatek/mt7615_rom_patch.bin&path=//proc/thread-self/root/lib/firmware/mediatek HTTP/1.1" 200 7791 "http://www.icdp.co.in/wp-sitemap.xml?path=//proc/thread-self/root/lib/firmware/mediatek" "Mozilla/5.0 AppleWebKit/537.36 (KHTML, like Gecko; compatible; GPTBot/1.3; +https://openai.com/gptbot)" 69 **0/69287**
74.7.227.26 - - [04/Mar/2026:05:40:16 -0700] "GET /wp-sitemap.xml?fileloc=//proc/thread-self/root/lib/firmware/mediatek/mt7622_rom_patch.bin&path=//proc/thread-self/root/lib/firmware/mediatek HTTP/1.1" 200 52003 "http://www.icdp.co.in/wp-sitemap.xml?path=//proc/thread-self/root/lib/firmware/mediatek" "Mozilla/5.0 AppleWebKit/537.36 (KHTML, like Gecko; compatible; GPTBot/1.3; +https://openai.com/gptbot)" 83 **0/83149**
144.76.32.236 - - [04/Mar/2026:05:40:16 -0700] "GET /bonusy-z-brakiem-kasyno-z-kodem-bonusowym-lv-bet-depozytu-przy-kasynie-2025-pochodzace-z-wyplata-zbyt-rejestracje/ HTTP/1.1" 200 5663 "-" "Mozilla/5.0 (compatible; SERankingBacklinksBot/1.0; +https://seranking.com/backlinks-crawler)" 53 **0/53932**
74.7.227.26 - - [04/Mar/2026:05:40:17 -0700] "GET /wp-sitemap.xml?fileloc=//proc/thread-self/root/lib/firmware/mediatek/mt7981_rom_patch.bin&path=//proc/thread-self/root/lib/firmware/mediatek HTTP/1.1" 200 7638 "http://www.icdp.co.in/wp-sitemap.xml?path=//proc/thread-self/root/lib/firmware/mediatek" "Mozilla/5.0 AppleWebKit/537.36 (KHTML, like Gecko; compatible; GPTBot/1.3; +https://openai.com/gptbot)" 58 **0/58147**
74.7.227.26 - - [04/Mar/2026:05:40:17 -0700] "GET /wp-sitemap.xml?fileloc=//proc/thread-self/root/lib/firmware/mellanox/mlxsw_spectrum2-29.2010.1406.mfa2&path=//proc/thread-self/root/lib/firmware/mellanox HTTP/1.1" 200 1009886 "http://www.icdp.co.in/wp-sitemap.xml?path=//proc/thread-self/root/lib/firmware/mellanox" "Mozilla/5.0 AppleWebKit/537.36 (KHTML, like Gecko; compatible; GPTBot/1.3; +https://openai.com/gptbot)" 400 **0/400959**
74.7.227.26 - - [04/Mar/2026:05:40:18 -0700] "GET /wp-sitemap.xml?fileloc=//proc/thread-self/root/lib/firmware/mellanox/mlxsw_spectrum3-30.2016.3900.mfa2&path=//proc/thread-self/root/lib/firmware/mellanox HTTP/1.1" 200 1086864 "http://www.icdp.co.in/wp-sitemap.xml?path=//proc/thread-self/root/lib/firmware/mellanox" "Mozilla/5.0 AppleWebKit/537.36 (KHTML, like Gecko; compatible; GPTBot/1.3; +https://openai.com/gptbot)" 442 **0/442523**
74.7.227.26 - - [04/Mar/2026:05:40:19 -0700] "GET /wp-sitemap.xml?fileloc=//proc/thread-self/root/lib/firmware/mellanox/mlxsw_spectrum-13.2008.2304.mfa2&path=//proc/thread-self/root/lib/firmware/mellanox HTTP/1.1" 200 1205006 "http://www.icdp.co.in/wp-sitemap.xml?path=//proc/thread-self/root/lib/firmware/mellanox" "Mozilla/5.0 AppleWebKit/537.36 (KHTML, like Gecko; compatible; GPTBot/1.3; +https://openai.com/gptbot)" 475 **0/475020**
74.7.227.26 - - [04/Mar/2026:05:40:19 -0700] "GET /wp-sitemap.xml?fileloc=//proc/thread-self/root/lib/firmware/mellanox/mlxsw_spectrum3-30.2007.1168.mfa2&path=//proc/thread-self/root/lib/firmware/mellanox HTTP/1.1" 200 683074 "http://www.icdp.co.in/wp-sitemap.xml?path=//proc/thread-self/root/lib/firmware/mellanox" "Mozilla/5.0 AppleWebKit/537.36 (KHTML, like Gecko; compatible; GPTBot/1.3; +https://openai.com/gptbot)" 278 **0/278733**
74.7.227.26 - - [04/Mar/2026:05:40:20 -0700] "GET /wp-sitemap.xml?fileloc=//proc/thread-self/root/lib/firmware/mellanox/mlxsw_spectrum3-30.2008.2946.mfa2&path=//proc/thread-self/root/lib/firmware/mellanox HTTP/1.1" 200 849481 "http://www.icdp.co.in/wp-sitemap.xml?path=//proc/thread-self/root/lib/firmware/mellanox" "Mozilla/5.0 AppleWebKit/537.36 (KHTML, like Gecko; compatible; GPTBot/1.3; +https://openai.com/gptbot)" 301 **0/301788**
74.7.227.26 - - [04/Mar/2026:05:40:21 -0700] "GET /wp-sitemap.xml?fileloc=//proc/thread-self/root/lib/firmware/mellanox/mlxsw_spectrum-13.2008.2406.mfa2&path=//proc/thread-self/root/lib/firmware/mellanox HTTP/1.1" 200 1235147 "http://www.icdp.co.in/wp-sitemap.xml?path=//proc/thread-self/root/lib/firmware/mellanox" "Mozilla/5.0 AppleWebKit/537.36 (KHTML, like Gecko; compatible; GPTBot/1.3; +https://openai.com/gptbot)" 444 **0/444097**
144.76.32.236 - - [04/Mar/2026:05:40:23 -0700] "GET /juegos-sobre-ghostbusters-ofertas-backgammon-online-participar-entretenimiento-sobre-backgammon-en-linea-gratuito/ HTTP/1.1" 200 5663 "-" "Mozilla/5.0 (compatible; SERankingBacklinksBot/1.0; +https://seranking.com/backlinks-crawler)" 41 **0/41308**
74.7.227.26 - - [04/Mar/2026:05:40:21 -0700] "GET /wp-sitemap.xml?fileloc=//proc/thread-self/root/lib/firmware/mellanox/mlxsw_spectrum4-34.2016.3900.mfa2&path=//proc/thread-self/root/lib/firmware/mellanox HTTP/1.1" 200 7111656 "http://www.icdp.co.in/wp-sitemap.xml?path=//proc/thread-self/root/lib/firmware/mellanox" "Mozilla/5.0 AppleWebKit/537.36 (KHTML, like Gecko; compatible; GPTBot/1.3; +https://openai.com/gptbot)" 2114 **2/2114519**
74.7.227.26 - - [04/Mar/2026:05:40:24 -0700] "GET /wp-sitemap.xml?fileloc=//proc/thread-self/root/lib/firmware/mellanox/mlxsw_spectrum-13.2016.3900.mfa2&path=//proc/thread-self/root/lib/firmware/mellanox HTTP/1.1" 200 1277133 "http://www.icdp.co.in/wp-sitemap.xml?path=//proc/thread-self/root/lib/firmware/mellanox" "Mozilla/5.0 AppleWebKit/537.36 (KHTML, like Gecko; compatible; GPTBot/1.3; +https://openai.com/gptbot)" 417 **0/417076**
74.7.227.26 - - [04/Mar/2026:05:40:25 -0700] "GET /wp-sitemap.xml?fileloc=//proc/thread-self/root/lib/firmware/mellanox/mlxsw_spectrum-13.2008.3326.mfa2&path=//proc/thread-self/root/lib/firmware/mellanox HTTP/1.1" 200 1236455 "http://www.icdp.co.in/wp-sitemap.xml?path=//proc/thread-self/root/lib/firmware/mellanox" "Mozilla/5.0 AppleWebKit/537.36 (KHTML, like Gecko; compatible; GPTBot/1.3; +https://openai.com/gptbot)" 400 **0/400969**
74.7.227.26 - - [04/Mar/2026:05:40:25 -0700] "GET /wp-sitemap.xml?fileloc=//proc/thread-self/root/lib/firmware/mellanox/mlxsw_spectrum2-29.2016.3900.mfa2&path=//proc/thread-self/root/lib/firmware/mellanox HTTP/1.1" 200 1291092 "http://www.icdp.co.in/wp-sitemap.xml?path=//proc/thread-self/root/lib/firmware/mellanox" "Mozilla/5.0 AppleWebKit/537.36 (KHTML, like Gecko; compatible; GPTBot/1.3; +https://openai.com/gptbot)" 399 **0/399996**
17.246.23.213 - - [04/Mar/2026:05:40:26 -0700] "GET /eye-of-horus-fur-nusse-vortragen-abzuglich-anmeldung-slot-irish-gold-spielautomat-bei-merkur/ HTTP/1.1" 200 5663 "-" "Mozilla/5.0 (Macintosh; Intel Mac OS X 10_15_7) AppleWebKit/605.1.15 (KHTML, like Gecko) Version/17.4 Safari/605.1.15 (Applebot/0.1; +http://www.apple.com/go/applebot)" 49 **0/49356**
74.7.227.26 - - [04/Mar/2026:05:40:26 -0700] "GET /wp-sitemap.xml?fileloc=//proc/thread-self/root/lib/firmware/mellanox/mlxsw_spectrum-13.2008.2946.mfa2&path=//proc/thread-self/root/lib/firmware/mellanox HTTP/1.1" 200 1202349 "http://www.icdp.co.in/wp-sitemap.xml?path=//proc/thread-self/root/lib/firmware/mellanox" "Mozilla/5.0 AppleWebKit/537.36 (KHTML, like Gecko; compatible; GPTBot/1.3; +https://openai.com/gptbot)" 374 **0/374132**
144.76.32.236 - - [04/Mar/2026:05:40:27 -0700] "GET /finest-real-cash-harbors-on-diamond-mine-deluxe-slot-machine-the-internet-finest-position-game-to-experience-2025/ HTTP/1.1" 200 5663 "-" "Mozilla/5.0 (compatible; SERankingBacklinksBot/1.0; +https://seranking.com/backlinks-crawler)" 43 **0/43890**
74.7.227.26 - - [04/Mar/2026:05:40:27 -0700] "GET /wp-sitemap.xml?fileloc=//proc/thread-self/root/lib/firmware/mellanox/mlxsw_spectrum2-29.2008.1036.mfa2&path=//proc/thread-self/root/lib/firmware/mellanox HTTP/1.1" 200 869356 "http://www.icdp.co.in/wp-sitemap.xml?path=//proc/thread-self/root/lib/firmware/mellanox" "Mozilla/5.0 AppleWebKit/537.36 (KHTML, like Gecko; compatible; GPTBot/1.3; +https://openai.com/gptbot)" 343 **0/343969**
74.7.227.26 - - [04/Mar/2026:05:40:27 -0700] "GET /wp-sitemap.xml?fileloc=//proc/thread-self/root/lib/firmware/mellanox/mlxsw_spectrum2-29.2007.1168.mfa2&path=//proc/thread-self/root/lib/firmware/mellanox HTTP/1.1" 200 820696 "http://www.icdp.co.in/wp-sitemap.xml?path=//proc/thread-self/root/lib/firmware/mellanox" "Mozilla/5.0 AppleWebKit/537.36 (KHTML, like Gecko; compatible; GPTBot/1.3; +https://openai.com/gptbot)" 338 **0/338560**
74.7.227.26 - - [04/Mar/2026:05:40:28 -0700] "GET /wp-sitemap.xml?path=//proc/thread-self/root/lib/firmware/mediatek/mt8195 HTTP/1.1" 200 2623 "http://www.icdp.co.in/wp-sitemap.xml?path=//proc/thread-self/root/lib/firmware/mediatek" "Mozilla/5.0 AppleWebKit/537.36 (KHTML, like Gecko; compatible; GPTBot/1.3; +https://openai.com/gptbot)" 53 **0/53419**
74.7.227.26 - - [04/Mar/2026:05:40:29 -0700] "GET /wp-sitemap.xml?path=//proc/thread-self/root/lib/firmware/mediatek/mt7987 HTTP/1.1" 200 2669 "http://www.icdp.co.in/wp-sitemap.xml?path=//proc/thread-self/root/lib/firmware/mediatek" "Mozilla/5.0 AppleWebKit/537.36 (KHTML, like Gecko; compatible; GPTBot/1.3; +https://openai.com/gptbot)" 53 **0/53203**
74.7.227.26 - - [04/Mar/2026:05:40:29 -0700] "GET /wp-sitemap.xml?path=//proc/thread-self/root/lib/firmware/mediatek/mt8189 HTTP/1.1" 200 2620 "http://www.icdp.co.in/wp-sitemap.xml?path=//proc/thread-self/root/lib/firmware/mediatek" "Mozilla/5.0 AppleWebKit/537.36 (KHTML, like Gecko; compatible; GPTBot/1.3; +https://openai.com/gptbot)" 48 **0/48494**
74.7.227.26 - - [04/Mar/2026:05:40:30 -0700] "GET /wp-sitemap.xml?path=//proc/thread-self/root/lib/firmware/mediatek/mt7996 HTTP/1.1" 200 3265 "http://www.icdp.co.in/wp-sitemap.xml?path=//proc/thread-self/root/lib/firmware/mediatek" "Mozilla/5.0 AppleWebKit/537.36 (KHTML, like Gecko; compatible; GPTBot/1.3; +https://openai.com/gptbot)" 54 **0/54652**
74.7.227.26 - - [04/Mar/2026:05:40:30 -0700] "GET /wp-sitemap.xml?path=//proc/thread-self/root/lib/firmware/mediatek/mt8183 HTTP/1.1" 200 2624 "http://www.icdp.co.in/wp-sitemap.xml?path=//proc/thread-self/root/lib/firmware/mediatek" "Mozilla/5.0 AppleWebKit/537.36 (KHTML, like Gecko; compatible; GPTBot/1.3; +https://openai.com/gptbot)" 49 **0/49277**
74.7.227.26 - - [04/Mar/2026:05:40:31 -0700] "GET /wp-sitemap.xml?path=//proc/thread-self/root/lib/firmware/mediatek/mt7988 HTTP/1.1" 200 2692 "http://www.icdp.co.in/wp-sitemap.xml?path=//proc/thread-self/root/lib/firmware/mediatek" "Mozilla/5.0 AppleWebKit/537.36 (KHTML, like Gecko; compatible; GPTBot/1.3; +https://openai.com/gptbot)" 52 **0/52478**
74.7.227.26 - - [04/Mar/2026:05:40:31 -0700] "GET /wp-sitemap.xml?path=//proc/thread-self/root/lib/firmware/mediatek/mt8192 HTTP/1.1" 200 2623 "http://www.icdp.co.in/wp-sitemap.xml?path=//proc/thread-self/root/lib/firmware/mediatek" "Mozilla/5.0 AppleWebKit/537.36 (KHTML, like Gecko; compatible; GPTBot/1.3; +https://openai.com/gptbot)" 45 **0/45723**
74.7.227.26 - - [04/Mar/2026:05:40:32 -0700] "GET /wp-sitemap.xml?path=//proc/thread-self/root/lib/firmware/mediatek/mt7925 HTTP/1.1" 200 2735 "http://www.icdp.co.in/wp-sitemap.xml?path=//proc/thread-self/root/lib/firmware/mediatek" "Mozilla/5.0 AppleWebKit/537.36 (KHTML, like Gecko; compatible; GPTBot/1.3; +https://openai.com/gptbot)" 47 **0/47544**
74.7.227.26 - - [04/Mar/2026:05:40:32 -0700] "GET /wp-sitemap.xml?path=//proc/thread-self/root/lib/firmware/mediatek/mt8196 HTTP/1.1" 200 2621 "http://www.icdp.co.in/wp-sitemap.xml?path=//proc/thread-self/root/lib/firmware/mediatek" "Mozilla/5.0 AppleWebKit/537.36 (KHTML, like Gecko; compatible; GPTBot/1.3; +https://openai.com/gptbot)" 49 **0/49015**
74.7.227.26 - - [04/Mar/2026:05:40:33 -0700] "GET /wp-sitemap.xml?path=//proc/thread-self/root/lib/firmware/mediatek/mt8173 HTTP/1.1" 200 2655 "http://www.icdp.co.in/wp-sitemap.xml?path=//proc/thread-self/root/lib/firmware/mediatek" "Mozilla/5.0 AppleWebKit/537.36 (KHTML, like Gecko; compatible; GPTBot/1.3; +https://openai.com/gptbot)" 43 **0/43614**
17.246.15.75 - - [04/Mar/2026:05:40:33 -0700] "GET /60-giros-de-boquilla-irish-eyes-jofaina-desprovisto-deposito-mr-bet-verification-superiores-bonos-2025/ HTTP/1.1" 200 5663 "-" "Mozilla/5.0 (Macintosh; Intel Mac OS X 10_15_7) AppleWebKit/605.1.15 (KHTML, like Gecko) Version/17.4 Safari/605.1.15 (Applebot/0.1; +http://www.apple.com/go/applebot)" 40 **0/40551**
74.7.227.26 - - [04/Mar/2026:05:40:33 -0700] "GET /wp-sitemap.xml?path=//proc/thread-self/root/lib/firmware/mediatek/mt8186 HTTP/1.1" 200 2622 "http://www.icdp.co.in/wp-sitemap.xml?path=//proc/thread-self/root/lib/firmware/mediatek" "Mozilla/5.0 AppleWebKit/537.36 (KHTML, like Gecko; compatible; GPTBot/1.3; +https://openai.com/gptbot)" 45 **0/45367**
74.7.227.26 - - [04/Mar/2026:05:40:34 -0700] "GET /wp-sitemap.xml?fileloc=//proc/thread-self/root/lib/firmware/mediatek/mt8195/scp.img&path=//proc/thread-self/root/lib/firmware/mediatek/mt8195 HTTP/1.1" 200 272947 "http://www.icdp.co.in/wp-sitemap.xml?path=//proc/thread-self/root/lib/firmware/mediatek/mt8195" "Mozilla/5.0 AppleWebKit/537.36 (KHTML, like Gecko; compatible; GPTBot/1.3; +https://openai.com/gptbot)" 142 **0/142528**
74.7.227.26 - - [04/Mar/2026:05:40:34 -0700] "GET /wp-sitemap.xml?fileloc=//proc/thread-self/root/lib/firmware/mediatek/mt7987/i2p5ge-phy-pmb.bin&path=//proc/thread-self/root/lib/firmware/mediatek/mt7987 HTTP/1.1" 200 31017 "http://www.icdp.co.in/wp-sitemap.xml?path=//proc/thread-self/root/lib/firmware/mediatek/mt7987" "Mozilla/5.0 AppleWebKit/537.36 (KHTML, like Gecko; compatible; GPTBot/1.3; +https://openai.com/gptbot)" 57 **0/57442**
74.7.227.26 - - [04/Mar/2026:05:40:35 -0700] "GET /wp-sitemap.xml?fileloc=//proc/thread-self/root/lib/firmware/mediatek/mt8189/scp.img&path=//proc/thread-self/root/lib/firmware/mediatek/mt8189 HTTP/1.1" 200 947615 "http://www.icdp.co.in/wp-sitemap.xml?path=//proc/thread-self/root/lib/firmware/mediatek/mt8189" "Mozilla/5.0 AppleWebKit/537.36 (KHTML, like Gecko; compatible; GPTBot/1.3; +https://openai.com/gptbot)" 470 **0/470145**
74.7.227.26 - - [04/Mar/2026:05:40:36 -0700] "GET /wp-sitemap.xml?fileloc=//proc/thread-self/root/lib/firmware/mediatek/mt7996/mt7996_eeprom_2i5i6i.bin&path=//proc/thread-self/root/lib/firmware/mediatek/mt7996 HTTP/1.1" 200 2834 "http://www.icdp.co.in/wp-sitemap.xml?path=//proc/thread-self/root/lib/firmware/mediatek/mt7996" "Mozilla/5.0 AppleWebKit/537.36 (KHTML, like Gecko; compatible; GPTBot/1.3; +https://openai.com/gptbot)" 48 **0/48136**
74.7.227.26 - - [04/Mar/2026:05:40:36 -0700] "GET /wp-sitemap.xml?fileloc=//proc/thread-self/root/lib/firmware/mediatek/mt8183/scp.img&path=//proc/thread-self/root/lib/firmware/mediatek/mt8183 HTTP/1.1" 200 546744 "http://www.icdp.co.in/wp-sitemap.xml?path=//proc/thread-self/root/lib/firmware/mediatek/mt8183" "Mozilla/5.0 AppleWebKit/537.36 (KHTML, like Gecko; compatible; GPTBot/1.3; +https://openai.com/gptbot)" 201 **0/201271**
74.7.227.26 - - [04/Mar/2026:05:40:37 -0700] "GET /wp-sitemap.xml?fileloc=//proc/thread-self/root/lib/firmware/mediatek/mt7988/i2p5ge-phy-pmb.bin&path=//proc/thread-self/root/lib/firmware/mediatek/mt7988 HTTP/1.1" 200 37757 "http://www.icdp.co.in/wp-sitemap.xml?path=//proc/thread-self/root/lib/firmware/mediatek/mt7988" "Mozilla/5.0 AppleWebKit/537.36 (KHTML, like Gecko; compatible; GPTBot/1.3; +https://openai.com/gptbot)" 60 **0/60108**
144.76.32.236 - - [04/Mar/2026:05:40:37 -0700] "GET /100-totally-free-revolves-no-deposit-sales-inside-the-flaming-reels-slot-free-spins-2026-best-websites-incentives/ HTTP/1.1" 200 5663 "-" "Mozilla/5.0 (compatible; SERankingBacklinksBot/1.0; +https://seranking.com/backlinks-crawler)" 44 **0/44685**
74.7.227.26 - - [04/Mar/2026:05:40:37 -0700] "GET /wp-sitemap.xml?fileloc=//proc/thread-self/root/lib/firmware/mediatek/mt8192/scp.img&path=//proc/thread-self/root/lib/firmware/mediatek/mt8192 HTTP/1.1" 200 149279 "http://www.icdp.co.in/wp-sitemap.xml?path=//proc/thread-self/root/lib/firmware/mediatek/mt8192" "Mozilla/5.0 AppleWebKit/537.36 (KHTML, like Gecko; compatible; GPTBot/1.3; +https://openai.com/gptbot)" 106 **0/106736**
74.7.227.26 - - [04/Mar/2026:05:40:38 -0700] "GET /wp-sitemap.xml?fileloc=//proc/thread-self/root/lib/firmware/mediatek/mt7986_wm_mt7975.bin&path=//proc/thread-self/root/lib/firmware/mediatek HTTP/1.1" 200 425559 "http://www.icdp.co.in/wp-sitemap.xml?path=//proc/thread-self/root/lib/firmware/mediatek" "Mozilla/5.0 AppleWebKit/537.36 (KHTML, like Gecko; compatible; GPTBot/1.3; +https://openai.com/gptbot)" 220 **0/220457**
68.71.241.33 - - [04/Mar/2026:05:40:38 -0700] "GET /how-to-navigate-the-mr-luck-casino-registration-3/ HTTP/1.1" 200 4676 "-" "Mozilla/5.0 (Windows NT 10.0; WOW64) AppleWebKit/537.36 (KHTML, like Gecko) Chrome/114.0.0.0 YaBrowser/22.7.0 Yowser/2.5 Safari/537.36" 52 **0/52865**
74.7.227.26 - - [04/Mar/2026:05:40:38 -0700] "GET /wp-sitemap.xml?fileloc=//proc/thread-self/root/lib/firmware/mediatek/mt8196/vcp.img&path=//proc/thread-self/root/lib/firmware/mediatek/mt8196 HTTP/1.1" 200 319720 "http://www.icdp.co.in/wp-sitemap.xml?path=//proc/thread-self/root/lib/firmware/mediatek/mt8196" "Mozilla/5.0 AppleWebKit/537.36 (KHTML, like Gecko; compatible; GPTBot/1.3; +https://openai.com/gptbot)" 248 **0/248036**
74.7.227.26 - - [04/Mar/2026:05:40:39 -0700] "GET /wp-sitemap.xml?fileloc=//proc/thread-self/root/lib/firmware/mediatek/mt7986_eeprom_mt7976.bin&path=//proc/thread-self/root/lib/firmware/mediatek HTTP/1.1" 200 2681 "http://www.icdp.co.in/wp-sitemap.xml?path=//proc/thread-self/root/lib/firmware/mediatek" "Mozilla/5.0 AppleWebKit/537.36 (KHTML, like Gecko; compatible; GPTBot/1.3; +https://openai.com/gptbot)" 52 **0/52414**
74.7.227.26 - - [04/Mar/2026:05:40:39 -0700] "GET /wp-sitemap.xml?fileloc=//proc/thread-self/root/lib/firmware/mediatek/mt8186/scp.img&path=//proc/thread-self/root/lib/firmware/mediatek/mt8186 HTTP/1.1" 200 129650 "http://www.icdp.co.in/wp-sitemap.xml?path=//proc/thread-self/root/lib/firmware/mediatek/mt8186" "Mozilla/5.0 AppleWebKit/537.36 (KHTML, like Gecko; compatible; GPTBot/1.3; +https://openai.com/gptbot)" 92 **0/92451**
74.7.227.26 - - [04/Mar/2026:05:40:40 -0700] "GET /wp-sitemap.xml?fileloc=//proc/thread-self/root/lib/firmware/netronome/nic/nic_AMDA0096-0001_2x10.nffw&path=//proc/thread-self/root/lib/firmware/netronome/nic HTTP/1.1" 200 156486 "http://www.icdp.co.in/wp-sitemap.xml?path=//proc/thread-self/root/lib/firmware/netronome/nic" "Mozilla/5.0 AppleWebKit/537.36 (KHTML, like Gecko; compatible; GPTBot/1.3; +https://openai.com/gptbot)" 199 **0/199614**
57.141.2.3 - - [04/Mar/2026:05:40:41 -0700] "GET /alle-unterlagen-hinter-den-playtech-vortragen-inoffizieller-mitarbeiter-protestation-craft/feed/ HTTP/1.1" 200 127968 "-" "meta-externalagent/1.1 (+https://developers.facebook.com/docs/sharing/webmasters/crawler)" 69 **0/69077**
74.7.227.26 - - [04/Mar/2026:05:40:41 -0700] "GET /wp-sitemap.xml?fileloc=//proc/thread-self/root/lib/firmware/netronome/nic/nic_AMDA0099-0001_2x10.nffw&path=//proc/thread-self/root/lib/firmware/netronome/nic HTTP/1.1" 200 156494 "http://www.icdp.co.in/wp-sitemap.xml?path=//proc/thread-self/root/lib/firmware/netronome/nic" "Mozilla/5.0 AppleWebKit/537.36 (KHTML, like Gecko; compatible; GPTBot/1.3; +https://openai.com/gptbot)" 186 **0/186830**
74.7.227.26 - - [04/Mar/2026:05:40:41 -0700] "GET /wp-sitemap.xml?fileloc=//proc/thread-self/root/lib/firmware/netronome/nic/nic_AMDA0081-0001_1x40.nffw&path=//proc/thread-self/root/lib/firmware/netronome/nic HTTP/1.1" 200 155348 "http://www.icdp.co.in/wp-sitemap.xml?path=//proc/thread-self/root/lib/firmware/netronome/nic" "Mozilla/5.0 AppleWebKit/537.36 (KHTML, like Gecko; compatible; GPTBot/1.3; +https://openai.com/gptbot)" 211 **0/211217**
74.7.227.26 - - [04/Mar/2026:05:40:42 -0700] "GET /wp-sitemap.xml?fileloc=//proc/thread-self/root/lib/firmware/netronome/nic/nic_AMDA0099-0001_2x25.nffw&path=//proc/thread-self/root/lib/firmware/netronome/nic HTTP/1.1" 200 156679 "http://www.icdp.co.in/wp-sitemap.xml?path=//proc/thread-self/root/lib/firmware/netronome/nic" "Mozilla/5.0 AppleWebKit/537.36 (KHTML, like Gecko; compatible; GPTBot/1.3; +https://openai.com/gptbot)" 173 **0/173420**
57.141.2.65 - - [04/Mar/2026:05:40:42 -0700] "GET /?p=149863 HTTP/1.1" 200 127968 "-" "meta-externalagent/1.1 (+https://developers.facebook.com/docs/sharing/webmasters/crawler)" 43 **0/43610**
74.7.227.26 - - [04/Mar/2026:05:40:42 -0700] "GET /wp-sitemap.xml?fileloc=//proc/thread-self/root/lib/firmware/netronome/nic/nic_AMDA0097-0001_2x40.nffw&path=//proc/thread-self/root/lib/firmware/netronome/nic HTTP/1.1" 200 156543 "http://www.icdp.co.in/wp-sitemap.xml?path=//proc/thread-self/root/lib/firmware/netronome/nic" "Mozilla/5.0 AppleWebKit/537.36 (KHTML, like Gecko; compatible; GPTBot/1.3; +https://openai.com/gptbot)" 182 **0/182108**
74.7.227.26 - - [04/Mar/2026:05:40:43 -0700] "GET /wp-sitemap.xml?fileloc=//proc/thread-self/root/lib/firmware/netronome/nic/nic_AMDA0097-0001_8x10.nffw&path=//proc/thread-self/root/lib/firmware/netronome/nic HTTP/1.1" 200 157628 "http://www.icdp.co.in/wp-sitemap.xml?path=//proc/thread-self/root/lib/firmware/netronome/nic" "Mozilla/5.0 AppleWebKit/537.36 (KHTML, like Gecko; compatible; GPTBot/1.3; +https://openai.com/gptbot)" 186 **0/186227**
74.7.227.26 - - [04/Mar/2026:05:40:43 -0700] "GET /wp-sitemap.xml?fileloc=//proc/thread-self/root/lib/firmware/netronome/nic/nic_AMDA0081-0001_4x10.nffw&path=//proc/thread-self/root/lib/firmware/netronome/nic HTTP/1.1" 200 157802 "http://www.icdp.co.in/wp-sitemap.xml?path=//proc/thread-self/root/lib/firmware/netronome/nic" "Mozilla/5.0 AppleWebKit/537.36 (KHTML, like Gecko; compatible; GPTBot/1.3; +https://openai.com/gptbot)" 187 **0/187604**
74.7.227.26 - - [04/Mar/2026:05:40:44 -0700] "GET /wp-sitemap.xml?fileloc=//proc/thread-self/root/lib/firmware/mediatek/WIFI_MT7961_patch_mcu_1_2_hdr.bin&path=//proc/thread-self/root/lib/firmware/mediatek HTTP/1.1" 200 45066 "http://www.icdp.co.in/wp-sitemap.xml?path=//proc/thread-self/root/lib/firmware/mediatek" "Mozilla/5.0 AppleWebKit/537.36 (KHTML, like Gecko; compatible; GPTBot/1.3; +https://openai.com/gptbot)" 61 **0/61915**
74.7.227.26 - - [04/Mar/2026:05:40:44 -0700] "GET /wp-sitemap.xml?fileloc=//proc/thread-self/root/lib/firmware/mediatek/WIFI_MT7961_patch_mcu_1a_2_hdr.bin&path=//proc/thread-self/root/lib/firmware/mediatek HTTP/1.1" 200 49185 "http://www.icdp.co.in/wp-sitemap.xml?path=//proc/thread-self/root/lib/firmware/mediatek" "Mozilla/5.0 AppleWebKit/537.36 (KHTML, like Gecko; compatible; GPTBot/1.3; +https://openai.com/gptbot)" 58 **0/58943**
74.7.227.26 - - [04/Mar/2026:05:40:45 -0700] "GET /wp-sitemap.xml?fileloc=//proc/thread-self/root/lib/firmware/mediatek/WIFI_MT7922_patch_mcu_1_1_hdr.bin&path=//proc/thread-self/root/lib/firmware/mediatek HTTP/1.1" 200 117467 "http://www.icdp.co.in/wp-sitemap.xml?path=//proc/thread-self/root/lib/firmware/mediatek" "Mozilla/5.0 AppleWebKit/537.36 (KHTML, like Gecko; compatible; GPTBot/1.3; +https://openai.com/gptbot)" 74 **0/74274**
74.7.227.26 - - [04/Mar/2026:05:40:45 -0700] "GET /wp-sitemap.xml?fileloc=//proc/thread-self/root/lib/firmware/mediatek/mt7925/WIFI_RAM_CODE_MT7925_1_1.bin&path=//proc/thread-self/root/lib/firmware/mediatek/mt7925 HTTP/1.1" 200 964540 "http://www.icdp.co.in/wp-sitemap.xml?path=//proc/thread-self/root/lib/firmware/mediatek/mt7925" "Mozilla/5.0 AppleWebKit/537.36 (KHTML, like Gecko; compatible; GPTBot/1.3; +https://openai.com/gptbot)" 330 **0/330320**
74.7.227.26 - - [04/Mar/2026:05:40:46 -0700] "GET /wp-sitemap.xml?fileloc=//proc/thread-self/root/lib/firmware/mediatek/mt7925/WIFI_MT7925_PATCH_MCU_1_1_hdr.bin&path=//proc/thread-self/root/lib/firmware/mediatek/mt7925 HTTP/1.1" 200 168098 "http://www.icdp.co.in/wp-sitemap.xml?path=//proc/thread-self/root/lib/firmware/mediatek/mt7925" "Mozilla/5.0 AppleWebKit/537.36 (KHTML, like Gecko; compatible; GPTBot/1.3; +https://openai.com/gptbot)" 93 **0/93777**
74.7.227.26 - - [04/Mar/2026:05:40:47 -0700] "GET /wp-sitemap.xml?fileloc=//proc/thread-self/root/lib/firmware/ql2400_fw.bin&path=//proc/thread-self/root/lib/firmware HTTP/1.1" 200 103028 "http://www.icdp.co.in/wp-sitemap.xml?path=//proc/thread-self/root/lib/firmware" "Mozilla/5.0 AppleWebKit/537.36 (KHTML, like Gecko; compatible; GPTBot/1.3; +https://openai.com/gptbot)" 90 **0/90969**
74.7.227.26 - - [04/Mar/2026:05:40:47 -0700] "GET /wp-sitemap.xml?fileloc=//proc/thread-self/root/lib/firmware/ar7010_1_1.fw&path=//proc/thread-self/root/lib/firmware HTTP/1.1" 200 34657 "http://www.icdp.co.in/wp-sitemap.xml?path=//proc/thread-self/root/lib/firmware" "Mozilla/5.0 AppleWebKit/537.36 (KHTML, like Gecko; compatible; GPTBot/1.3; +https://openai.com/gptbot)" 60 **0/60600**
144.76.32.236 - - [04/Mar/2026:05:40:47 -0700] "GET /puedo-validar-el-identidad-con-el-pasar-del-tiempo-cualquier-salvoconducto-caducado-acerca-de-algun-casino-online/ HTTP/1.1" 200 5663 "-" "Mozilla/5.0 (compatible; SERankingBacklinksBot/1.0; +https://seranking.com/backlinks-crawler)" 44 **0/44916**
74.7.227.26 - - [04/Mar/2026:05:40:48 -0700] "GET /wp-sitemap.xml?fileloc=//proc/thread-self/root/lib/firmware/ql2100_fw.bin&path=//proc/thread-self/root/lib/firmware HTTP/1.1" 200 39654 "http://www.icdp.co.in/wp-sitemap.xml?path=//proc/thread-self/root/lib/firmware" "Mozilla/5.0 AppleWebKit/537.36 (KHTML, like Gecko; compatible; GPTBot/1.3; +https://openai.com/gptbot)" 57 **0/57886**
74.7.227.26 - - [04/Mar/2026:05:40:48 -0700] "GET /wp-sitemap.xml?fileloc=//proc/thread-self/root/lib/firmware/ql2322_fw.bin&path=//proc/thread-self/root/lib/firmware HTTP/1.1" 200 67570 "http://www.icdp.co.in/wp-sitemap.xml?path=//proc/thread-self/root/lib/firmware" "Mozilla/5.0 AppleWebKit/537.36 (KHTML, like Gecko; compatible; GPTBot/1.3; +https://openai.com/gptbot)" 69 **0/69507**
74.7.227.26 - - [04/Mar/2026:05:40:49 -0700] "GET /wp-sitemap.xml?fileloc=//proc/thread-self/root/lib/firmware/ql2200_fw.bin&path=//proc/thread-self/root/lib/firmware HTTP/1.1" 200 43485 "http://www.icdp.co.in/wp-sitemap.xml?path=//proc/thread-self/root/lib/firmware" "Mozilla/5.0 AppleWebKit/537.36 (KHTML, like Gecko; compatible; GPTBot/1.3; +https://openai.com/gptbot)" 52 **0/52200**
74.7.227.26 - - [04/Mar/2026:05:40:49 -0700] "GET /wp-sitemap.xml?fileloc=//proc/thread-self/root/lib/firmware/v4l-cx25840.fw&path=//proc/thread-self/root/lib/firmware HTTP/1.1" 200 9540 "http://www.icdp.co.in/wp-sitemap.xml?path=//proc/thread-self/root/lib/firmware" "Mozilla/5.0 AppleWebKit/537.36 (KHTML, like Gecko; compatible; GPTBot/1.3; +https://openai.com/gptbot)" 49 **0/49292**
74.7.227.26 - - [04/Mar/2026:05:40:50 -0700] "GET /wp-sitemap.xml?fileloc=//proc/thread-self/root/lib/firmware/htc_9271.fw&path=//proc/thread-self/root/lib/firmware HTTP/1.1" 200 27922 "http://www.icdp.co.in/wp-sitemap.xml?path=//proc/thread-self/root/lib/firmware" "Mozilla/5.0 AppleWebKit/537.36 (KHTML, like Gecko; compatible; GPTBot/1.3; +https://openai.com/gptbot)" 53 **0/53371**
74.7.227.26 - - [04/Mar/2026:05:40:50 -0700] "GET /wp-sitemap.xml?fileloc=//proc/thread-self/root/lib/firmware/ql2300_fw.bin&path=//proc/thread-self/root/lib/firmware HTTP/1.1" 200 63809 "http://www.icdp.co.in/wp-sitemap.xml?path=//proc/thread-self/root/lib/firmware" "Mozilla/5.0 AppleWebKit/537.36 (KHTML, like Gecko; compatible; GPTBot/1.3; +https://openai.com/gptbot)" 77 **0/77372**
17.241.75.163 - - [04/Mar/2026:05:40:50 -0700] "GET /twin-spin-tragaperras-mas-nuevo-sin-deposito-1xslot-juguetear-sin-cargo/ HTTP/1.1" 200 5663 "-" "Mozilla/5.0 (Macintosh; Intel Mac OS X 10_15_7) AppleWebKit/605.1.15 (KHTML, like Gecko) Version/17.4 Safari/605.1.15 (Applebot/0.1; +http://www.apple.com/go/applebot)" 46 **0/46853**
74.7.227.26 - - [04/Mar/2026:05:40:51 -0700] "GET /wp-sitemap.xml?fileloc=//proc/thread-self/root/lib/firmware/ql2500_fw.bin&path=//proc/thread-self/root/lib/firmware HTTP/1.1" 200 125885 "http://www.icdp.co.in/wp-sitemap.xml?path=//proc/thread-self/root/lib/firmware" "Mozilla/5.0 AppleWebKit/537.36 (KHTML, like Gecko; compatible; GPTBot/1.3; +https://openai.com/gptbot)" 99 **0/99218**
74.7.227.26 - - [04/Mar/2026:05:40:51 -0700] "GET /wp-sitemap.xml?fileloc=//proc/thread-self/root/lib/firmware/hfi1_dc8051.fw&path=//proc/thread-self/root/lib/firmware HTTP/1.1" 200 16365 "http://www.icdp.co.in/wp-sitemap.xml?path=//proc/thread-self/root/lib/firmware" "Mozilla/5.0 AppleWebKit/537.36 (KHTML, like Gecko; compatible; GPTBot/1.3; +https://openai.com/gptbot)" 56 **0/56068**
74.7.227.26 - - [04/Mar/2026:05:40:52 -0700] "GET /wp-sitemap.xml?path=//proc/thread-self/root/lib/locale HTTP/1.1" 200 3511 "http://www.icdp.co.in/wp-sitemap.xml?path=//proc/thread-self/root/lib" "Mozilla/5.0 AppleWebKit/537.36 (KHTML, like Gecko; compatible; GPTBot/1.3; +https://openai.com/gptbot)" 49 **0/49340**
74.7.227.26 - - [04/Mar/2026:05:40:52 -0700] "GET /wp-sitemap.xml?path=//proc/thread-self/root/usr/local HTTP/1.1" 200 2709 "http://www.icdp.co.in/wp-sitemap.xml?path=//proc/thread-self/root/usr" "Mozilla/5.0 AppleWebKit/537.36 (KHTML, like Gecko; compatible; GPTBot/1.3; +https://openai.com/gptbot)" 49 **0/49753**
74.7.227.26 - - [04/Mar/2026:05:40:53 -0700] "GET /wp-sitemap.xml?path=//proc/thread-self/root/usr/share/man/man1x HTTP/1.1" 200 2354 "http://www.icdp.co.in/wp-sitemap.xml?path=//proc/thread-self/root/usr/share/man" "Mozilla/5.0 AppleWebKit/537.36 (KHTML, like Gecko; compatible; GPTBot/1.3; +https://openai.com/gptbot)" 52 **0/52879**
74.7.227.26 - - [04/Mar/2026:05:40:54 -0700] "GET /wp-sitemap.xml?path=//proc/thread-self/root/usr/share/man/man4 HTTP/1.1" 200 2781 "http://www.icdp.co.in/wp-sitemap.xml?path=//proc/thread-self/root/usr/share/man" "Mozilla/5.0 AppleWebKit/537.36 (KHTML, like Gecko; compatible; GPTBot/1.3; +https://openai.com/gptbot)" 38 **0/38032**
74.7.227.26 - - [04/Mar/2026:05:40:54 -0700] "GET /wp-sitemap.xml?path=//proc/thread-self/root/usr/share/man/man2 HTTP/1.1" 200 2353 "http://www.icdp.co.in/wp-sitemap.xml?path=//proc/thread-self/root/usr/share/man" "Mozilla/5.0 AppleWebKit/537.36 (KHTML, like Gecko; compatible; GPTBot/1.3; +https://openai.com/gptbot)" 52 **0/52137**
144.76.32.236 - - [04/Mar/2026:05:40:54 -0700] "GET /11-giros-gratuito-el-monstro-de-la-laguna-negra-casino-casino-pirates-gold-carente-deposito-superiores-bonos-2024/ HTTP/1.1" 200 5663 "-" "Mozilla/5.0 (compatible; SERankingBacklinksBot/1.0; +https://seranking.com/backlinks-crawler)" 41 **0/41158**
74.7.227.26 - - [04/Mar/2026:05:40:55 -0700] "GET /wp-sitemap.xml?path=//proc/thread-self/root/usr/share/man/man9x HTTP/1.1" 200 2355 "http://www.icdp.co.in/wp-sitemap.xml?path=//proc/thread-self/root/usr/share/man" "Mozilla/5.0 AppleWebKit/537.36 (KHTML, like Gecko; compatible; GPTBot/1.3; +https://openai.com/gptbot)" 52 **0/52418**
74.7.227.26 - - [04/Mar/2026:05:40:55 -0700] "GET /wp-sitemap.xml?path=//proc/thread-self/root/usr/share/man/man3x HTTP/1.1" 200 2355 "http://www.icdp.co.in/wp-sitemap.xml?path=//proc/thread-self/root/usr/share/man" "Mozilla/5.0 AppleWebKit/537.36 (KHTML, like Gecko; compatible; GPTBot/1.3; +https://openai.com/gptbot)" 42 **0/42618**
74.7.227.26 - - [04/Mar/2026:05:40:56 -0700] "GET /wp-sitemap.xml?path=//proc/thread-self/root/usr/share/man/man8 HTTP/1.1" 200 23668 "http://www.icdp.co.in/wp-sitemap.xml?path=//proc/thread-self/root/usr/share/man" "Mozilla/5.0 AppleWebKit/537.36 (KHTML, like Gecko; compatible; GPTBot/1.3; +https://openai.com/gptbot)" 133 **0/133961**
74.7.227.26 - - [04/Mar/2026:05:40:56 -0700] "GET /wp-sitemap.xml?path=//proc/thread-self/root/usr/share/man/man1p HTTP/1.1" 200 2355 "http://www.icdp.co.in/wp-sitemap.xml?path=//proc/thread-self/root/usr/share/man" "Mozilla/5.0 AppleWebKit/537.36 (KHTML, like Gecko; compatible; GPTBot/1.3; +https://openai.com/gptbot)" 55 **0/55045**
74.7.227.26 - - [04/Mar/2026:05:40:57 -0700] "GET /wp-sitemap.xml?path=//proc/thread-self/root/usr/share/man/man8x HTTP/1.1" 200 2355 "http://www.icdp.co.in/wp-sitemap.xml?path=//proc/thread-self/root/usr/share/man" "Mozilla/5.0 AppleWebKit/537.36 (KHTML, like Gecko; compatible; GPTBot/1.3; +https://openai.com/gptbot)" 61 **0/61290**
74.7.227.26 - - [04/Mar/2026:05:40:57 -0700] "GET /wp-sitemap.xml?path=//proc/thread-self/root/usr/share/man/man5 HTTP/1.1" 200 9451 "http://www.icdp.co.in/wp-sitemap.xml?path=//proc/thread-self/root/usr/share/man" "Mozilla/5.0 AppleWebKit/537.36 (KHTML, like Gecko; compatible; GPTBot/1.3; +https://openai.com/gptbot)" 63 **0/63866**
144.76.32.236 - - [04/Mar/2026:05:40:58 -0700] "GET /just-how-and-you-primebetz-for-online-casinos-no-deposit-may-the-best-places-to-multiple-hands-black-jack-on-line/ HTTP/1.1" 200 5663 "-" "Mozilla/5.0 (compatible; SERankingBacklinksBot/1.0; +https://seranking.com/backlinks-crawler)" 45 **0/45956**
74.7.227.26 - - [04/Mar/2026:05:40:58 -0700] "GET /wp-sitemap.xml?path=//proc/thread-self/root/lib/locale/de_AT@euro HTTP/1.1" 200 3032 "http://www.icdp.co.in/wp-sitemap.xml?path=//proc/thread-self/root/lib/locale" "Mozilla/5.0 AppleWebKit/537.36 (KHTML, like Gecko; compatible; GPTBot/1.3; +https://openai.com/gptbot)" 41 **0/41551**
74.7.227.26 - - [04/Mar/2026:05:40:58 -0700] "GET /wp-sitemap.xml?path=//proc/thread-self/root/lib/locale/de_DE@euro HTTP/1.1" 200 3031 "http://www.icdp.co.in/wp-sitemap.xml?path=//proc/thread-self/root/lib/locale" "Mozilla/5.0 AppleWebKit/537.36 (KHTML, like Gecko; compatible; GPTBot/1.3; +https://openai.com/gptbot)" 43 **0/43580**
74.7.227.26 - - [04/Mar/2026:05:40:59 -0700] "GET /wp-sitemap.xml?path=//proc/thread-self/root/lib/locale/de_BE@euro HTTP/1.1" 200 3033 "http://www.icdp.co.in/wp-sitemap.xml?path=//proc/thread-self/root/lib/locale" "Mozilla/5.0 AppleWebKit/537.36 (KHTML, like Gecko; compatible; GPTBot/1.3; +https://openai.com/gptbot)" 40 **0/40739**
74.7.227.26 - - [04/Mar/2026:05:40:59 -0700] "GET /wp-sitemap.xml?path=//proc/thread-self/root/lib/locale/en_US@ampm HTTP/1.1" 200 3034 "http://www.icdp.co.in/wp-sitemap.xml?path=//proc/thread-self/root/lib/locale" "Mozilla/5.0 AppleWebKit/537.36 (KHTML, like Gecko; compatible; GPTBot/1.3; +https://openai.com/gptbot)" 41 **0/41681**
74.7.227.26 - - [04/Mar/2026:05:41:00 -0700] "GET /wp-sitemap.xml?fileloc=//proc/thread-self/root/usr/share/man/man4/modulefile-c.4.gz&path=//proc/thread-self/root/usr/share/man/man4 HTTP/1.1" 200 11101 "http://www.icdp.co.in/wp-sitemap.xml?path=//proc/thread-self/root/usr/share/man/man4" "Mozilla/5.0 AppleWebKit/537.36 (KHTML, like Gecko; compatible; GPTBot/1.3; +https://openai.com/gptbot)" 62 **0/62194**
74.7.227.26 - - [04/Mar/2026:05:41:00 -0700] "GET /wp-sitemap.xml?path=//proc/thread-self/root/lib/locale/de_LU.utf8 HTTP/1.1" 200 3034 "http://www.icdp.co.in/wp-sitemap.xml?path=//proc/thread-self/root/lib/locale" "Mozilla/5.0 AppleWebKit/537.36 (KHTML, like Gecko; compatible; GPTBot/1.3; +https://openai.com/gptbot)" 69 **0/69173**
144.76.32.236 - - [04/Mar/2026:05:41:01 -0700] "GET /finest-six-websites-to-experience-web-based-poker-peters-casino-online-top-on-the-internet-for-real-money-in-2025/ HTTP/1.1" 200 5663 "-" "Mozilla/5.0 (compatible; SERankingBacklinksBot/1.0; +https://seranking.com/backlinks-crawler)" 68 **0/68615**
74.7.227.26 - - [04/Mar/2026:05:41:01 -0700] "GET /wp-sitemap.xml?path=//proc/thread-self/root/lib/locale/de_LI.utf8 HTTP/1.1" 200 3035 "http://www.icdp.co.in/wp-sitemap.xml?path=//proc/thread-self/root/lib/locale" "Mozilla/5.0 AppleWebKit/537.36 (KHTML, like Gecko; compatible; GPTBot/1.3; +https://openai.com/gptbot)" 64 **0/64963**
74.7.227.26 - - [04/Mar/2026:05:41:02 -0700] "GET /wp-sitemap.xml?fileloc=//proc/thread-self/root/usr/share/man/man8/systemd-system-update-generator.8.gz&path=//proc/thread-self/root/usr/share/man/man8 HTTP/1.1" 200 2966 "http://www.icdp.co.in/wp-sitemap.xml?path=//proc/thread-self/root/usr/share/man/man8" "Mozilla/5.0 AppleWebKit/537.36 (KHTML, like Gecko; compatible; GPTBot/1.3; +https://openai.com/gptbot)" 63 **0/63589**
74.7.227.26 - - [04/Mar/2026:05:41:02 -0700] "GET /wp-sitemap.xml?fileloc=//proc/thread-self/root/usr/share/man/man8/pkla-admin-identities.8.gz&path=//proc/thread-self/root/usr/share/man/man8 HTTP/1.1" 200 4375 "http://www.icdp.co.in/wp-sitemap.xml?path=//proc/thread-self/root/usr/share/man/man8" "Mozilla/5.0 AppleWebKit/537.36 (KHTML, like Gecko; compatible; GPTBot/1.3; +https://openai.com/gptbot)" 67 **0/67889**
74.7.227.26 - - [04/Mar/2026:05:41:03 -0700] "GET /wp-sitemap.xml?fileloc=//proc/thread-self/root/usr/share/man/man8/update-crypto-policies.8.gz&path=//proc/thread-self/root/usr/share/man/man8 HTTP/1.1" 200 6029 "http://www.icdp.co.in/wp-sitemap.xml?path=//proc/thread-self/root/usr/share/man/man8" "Mozilla/5.0 AppleWebKit/537.36 (KHTML, like Gecko; compatible; GPTBot/1.3; +https://openai.com/gptbot)" 65 **0/65939**
74.7.227.26 - - [04/Mar/2026:05:41:03 -0700] "GET /wp-sitemap.xml?fileloc=//proc/thread-self/root/usr/share/man/man5/dnssec-trust-anchors.d.5.gz&path=//proc/thread-self/root/usr/share/man/man5 HTTP/1.1" 200 4875 "http://www.icdp.co.in/wp-sitemap.xml?path=//proc/thread-self/root/usr/share/man/man5" "Mozilla/5.0 AppleWebKit/537.36 (KHTML, like Gecko; compatible; GPTBot/1.3; +https://openai.com/gptbot)" 54 **0/54525**
74.7.227.26 - - [04/Mar/2026:05:41:04 -0700] "GET /wp-sitemap.xml?fileloc=//proc/thread-self/root/usr/share/man/man5/os-release.5.gz&path=//proc/thread-self/root/usr/share/man/man5 HTTP/1.1" 200 5892 "http://www.icdp.co.in/wp-sitemap.xml?path=//proc/thread-self/root/usr/share/man/man5" "Mozilla/5.0 AppleWebKit/537.36 (KHTML, like Gecko; compatible; GPTBot/1.3; +https://openai.com/gptbot)" 48 **0/48299**
74.7.227.26 - - [04/Mar/2026:05:41:04 -0700] "GET /wp-sitemap.xml?fileloc=//proc/thread-self/root/usr/share/man/man5/gitformat-index.5.gz&path=//proc/thread-self/root/usr/share/man/man5 HTTP/1.1" 200 7695 "http://www.icdp.co.in/wp-sitemap.xml?path=//proc/thread-self/root/usr/share/man/man5" "Mozilla/5.0 AppleWebKit/537.36 (KHTML, like Gecko; compatible; GPTBot/1.3; +https://openai.com/gptbot)" 65 **0/65668**
74.7.227.26 - - [04/Mar/2026:05:41:05 -0700] "GET /wp-sitemap.xml?fileloc=//proc/thread-self/root/usr/share/man/man8/iptables-restore-translate.8.gz&path=//proc/thread-self/root/usr/share/man/man8 HTTP/1.1" 200 2404 "http://www.icdp.co.in/wp-sitemap.xml?path=//proc/thread-self/root/usr/share/man/man8" "Mozilla/5.0 AppleWebKit/537.36 (KHTML, like Gecko; compatible; GPTBot/1.3; +https://openai.com/gptbot)" 65 **0/65948**
74.7.227.26 - - [04/Mar/2026:05:41:05 -0700] "GET /wp-sitemap.xml?fileloc=//proc/thread-self/root/usr/share/man/man8/grub2-set-default.8.gz&path=//proc/thread-self/root/usr/share/man/man8 HTTP/1.1" 200 2779 "http://www.icdp.co.in/wp-sitemap.xml?path=//proc/thread-self/root/usr/share/man/man8" "Mozilla/5.0 AppleWebKit/537.36 (KHTML, like Gecko; compatible; GPTBot/1.3; +https://openai.com/gptbot)" 50 **0/50816**
74.7.227.26 - - [04/Mar/2026:05:41:06 -0700] "GET /wp-sitemap.xml?fileloc=//proc/thread-self/root/usr/share/man/man5/machine-info.5.gz&path=//proc/thread-self/root/usr/share/man/man5 HTTP/1.1" 200 4110 "http://www.icdp.co.in/wp-sitemap.xml?path=//proc/thread-self/root/usr/share/man/man5" "Mozilla/5.0 AppleWebKit/537.36 (KHTML, like Gecko; compatible; GPTBot/1.3; +https://openai.com/gptbot)" 54 **0/54626**
74.7.227.26 - - [04/Mar/2026:05:41:06 -0700] "GET /wp-sitemap.xml?fileloc=//proc/thread-self/root/usr/share/man/man8/sg_test_rwbuf.8.gz&path=//proc/thread-self/root/usr/share/man/man8 HTTP/1.1" 200 4070 "http://www.icdp.co.in/wp-sitemap.xml?path=//proc/thread-self/root/usr/share/man/man8" "Mozilla/5.0 AppleWebKit/537.36 (KHTML, like Gecko; compatible; GPTBot/1.3; +https://openai.com/gptbot)" 46 **0/46730**
74.7.227.26 - - [04/Mar/2026:05:41:07 -0700] "GET /wp-sitemap.xml?fileloc=//proc/thread-self/root/usr/share/man/man8/pam_tty_audit.8.gz&path=//proc/thread-self/root/usr/share/man/man8 HTTP/1.1" 200 4097 "http://www.icdp.co.in/wp-sitemap.xml?path=//proc/thread-self/root/usr/share/man/man8" "Mozilla/5.0 AppleWebKit/537.36 (KHTML, like Gecko; compatible; GPTBot/1.3; +https://openai.com/gptbot)" 47 **0/47359**
74.7.227.26 - - [04/Mar/2026:05:41:07 -0700] "GET /wp-sitemap.xml?fileloc=//proc/thread-self/root/usr/share/man/man8/sg_get_lba_status.8.gz&path=//proc/thread-self/root/usr/share/man/man8 HTTP/1.1" 200 4702 "http://www.icdp.co.in/wp-sitemap.xml?path=//proc/thread-self/root/usr/share/man/man8" "Mozilla/5.0 AppleWebKit/537.36 (KHTML, like Gecko; compatible; GPTBot/1.3; +https://openai.com/gptbot)" 51 **0/51941**
74.7.227.26 - - [04/Mar/2026:05:41:08 -0700] "GET /wp-sitemap.xml?fileloc=//proc/thread-self/root/usr/share/man/man8/sg_write_x.8.gz&path=//proc/thread-self/root/usr/share/man/man8 HTTP/1.1" 200 10794 "http://www.icdp.co.in/wp-sitemap.xml?path=//proc/thread-self/root/usr/share/man/man8" "Mozilla/5.0 AppleWebKit/537.36 (KHTML, like Gecko; compatible; GPTBot/1.3; +https://openai.com/gptbot)" 57 **0/57848**
144.76.32.236 - - [04/Mar/2026:05:41:08 -0700] "GET /book-of-book-of-ra-deluxe-casino-ra-six-divertissement-de-appareil-pour-dessous-offert-un-tantinet-avec-novomatic/ HTTP/1.1" 200 5663 "-" "Mozilla/5.0 (compatible; SERankingBacklinksBot/1.0; +https://seranking.com/backlinks-crawler)" 48 **0/48252**
74.7.227.26 - - [04/Mar/2026:05:41:08 -0700] "GET /wp-sitemap.xml?fileloc=//proc/thread-self/root/usr/share/man/man8/sg_sat_phy_event.8.gz&path=//proc/thread-self/root/usr/share/man/man8 HTTP/1.1" 200 4551 "http://www.icdp.co.in/wp-sitemap.xml?path=//proc/thread-self/root/usr/share/man/man8" "Mozilla/5.0 AppleWebKit/537.36 (KHTML, like Gecko; compatible; GPTBot/1.3; +https://openai.com/gptbot)" 50 **0/50792**
74.7.227.26 - - [04/Mar/2026:05:41:09 -0700] "GET /wp-sitemap.xml?fileloc=//proc/thread-self/root/usr/share/man/man8/sg_get_config.8.gz&path=//proc/thread-self/root/usr/share/man/man8 HTTP/1.1" 200 4979 "http://www.icdp.co.in/wp-sitemap.xml?path=//proc/thread-self/root/usr/share/man/man8" "Mozilla/5.0 AppleWebKit/537.36 (KHTML, like Gecko; compatible; GPTBot/1.3; +https://openai.com/gptbot)" 46 **0/46805**
74.7.227.26 - - [04/Mar/2026:05:41:09 -0700] "GET /wp-sitemap.xml?fileloc=//proc/thread-self/root/usr/share/man/man8/sg_write_long.8.gz&path=//proc/thread-self/root/usr/share/man/man8 HTTP/1.1" 200 5308 "http://www.icdp.co.in/wp-sitemap.xml?path=//proc/thread-self/root/usr/share/man/man8" "Mozilla/5.0 AppleWebKit/537.36 (KHTML, like Gecko; compatible; GPTBot/1.3; +https://openai.com/gptbot)" 54 **0/54489**
74.7.227.26 - - [04/Mar/2026:05:41:10 -0700] "GET /wp-sitemap.xml?fileloc=//proc/thread-self/root/usr/share/man/man8/systemd-volatile-root.8.gz&path=//proc/thread-self/root/usr/share/man/man8 HTTP/1.1" 200 2410 "http://www.icdp.co.in/wp-sitemap.xml?path=//proc/thread-self/root/usr/share/man/man8" "Mozilla/5.0 AppleWebKit/537.36 (KHTML, like Gecko; compatible; GPTBot/1.3; +https://openai.com/gptbot)" 53 **0/53134**
74.7.227.26 - - [04/Mar/2026:05:41:10 -0700] "GET /wp-sitemap.xml?fileloc=//proc/thread-self/root/usr/share/man/man5/gitrepository-layout.5.gz&path=//proc/thread-self/root/usr/share/man/man5 HTTP/1.1" 200 7913 "http://www.icdp.co.in/wp-sitemap.xml?path=//proc/thread-self/root/usr/share/man/man5" "Mozilla/5.0 AppleWebKit/537.36 (KHTML, like Gecko; compatible; GPTBot/1.3; +https://openai.com/gptbot)" 56 **0/56726**
74.7.227.26 - - [04/Mar/2026:05:41:11 -0700] "GET /wp-sitemap.xml?fileloc=//proc/thread-self/root/usr/share/man/man8/create-cracklib-dict.8.gz&path=//proc/thread-self/root/usr/share/man/man8 HTTP/1.1" 200 2870 "http://www.icdp.co.in/wp-sitemap.xml?path=//proc/thread-self/root/usr/share/man/man8" "Mozilla/5.0 AppleWebKit/537.36 (KHTML, like Gecko; compatible; GPTBot/1.3; +https://openai.com/gptbot)" 65 **0/65874**
218.152.33.179 - - [04/Mar/2026:05:38:51 -0700] "GET /kupit-diplom-vshp-ot-10999-rublej-obrazovanie-bez/?fileloc=/home/nyiet8349bzl/public_html/icdp.co.in/backup-3.15.2023_02-00-26_bq1p5yxk8zys.tar.gz&path=/home/nyiet8349bzl/public_html/icdp.co.in HTTP/1.1" 200 61568652 "http://www.icdp.co.in/kupit-diplom-vshp-ot-10999-rublej-obrazovanie-bez/" "Mozilla/5.0 (X11; Linux i686; rv:114.0) Gecko/20100101 Firefox/114.0" 140035 **140/140035752**
74.7.227.26 - - [04/Mar/2026:05:41:11 -0700] "GET /wp-sitemap.xml?fileloc=//proc/thread-self/root/usr/share/man/man8/systemd-modules-load.8.gz&path=//proc/thread-self/root/usr/share/man/man8 HTTP/1.1" 200 2407 "http://www.icdp.co.in/wp-sitemap.xml?path=//proc/thread-self/root/usr/share/man/man8" "Mozilla/5.0 AppleWebKit/537.36 (KHTML, like Gecko; compatible; GPTBot/1.3; +https://openai.com/gptbot)" 51 **0/51096**
74.7.227.26 - - [04/Mar/2026:05:41:12 -0700] "GET /wp-sitemap.xml?fileloc=//proc/thread-self/root/usr/share/man/man8/systemd-ask-password-console.path.8.gz&path=//proc/thread-self/root/usr/share/man/man8 HTTP/1.1" 200 2419 "http://www.icdp.co.in/wp-sitemap.xml?path=//proc/thread-self/root/usr/share/man/man8" "Mozilla/5.0 AppleWebKit/537.36 (KHTML, like Gecko; compatible; GPTBot/1.3; +https://openai.com/gptbot)" 56 **0/56990**
74.7.227.26 - - [04/Mar/2026:05:41:12 -0700] "GET /wp-sitemap.xml?fileloc=//proc/thread-self/root/usr/share/man/man8/systemd-tmpfiles-clean.timer.8.gz&path=//proc/thread-self/root/usr/share/man/man8 HTTP/1.1" 200 2408 "http://www.icdp.co.in/wp-sitemap.xml?path=//proc/thread-self/root/usr/share/man/man8" "Mozilla/5.0 AppleWebKit/537.36 (KHTML, like Gecko; compatible; GPTBot/1.3; +https://openai.com/gptbot)" 41 **0/41537**
74.7.227.26 - - [04/Mar/2026:05:41:13 -0700] "GET /wp-sitemap.xml?fileloc=//proc/thread-self/root/usr/share/man/man8/systemd-rc-local-generator.8.gz&path=//proc/thread-self/root/usr/share/man/man8 HTTP/1.1" 200 3285 "http://www.icdp.co.in/wp-sitemap.xml?path=//proc/thread-self/root/usr/share/man/man8" "Mozilla/5.0 AppleWebKit/537.36 (KHTML, like Gecko; compatible; GPTBot/1.3; +https://openai.com/gptbot)" 48 **0/48671**
74.7.227.26 - - [04/Mar/2026:05:41:13 -0700] "GET /wp-sitemap.xml?fileloc=//proc/thread-self/root/usr/share/man/man8/systemd-cryptsetup-generator.8.gz&path=//proc/thread-self/root/usr/share/man/man8 HTTP/1.1" 200 4025 "http://www.icdp.co.in/wp-sitemap.xml?path=//proc/thread-self/root/usr/share/man/man8" "Mozilla/5.0 AppleWebKit/537.36 (KHTML, like Gecko; compatible; GPTBot/1.3; +https://openai.com/gptbot)" 49 **0/49590**
74.7.227.26 - - [04/Mar/2026:05:41:14 -0700] "GET /wp-sitemap.xml?fileloc=//proc/thread-self/root/usr/share/man/man8/systemd-veritysetup-generator.8.gz&path=//proc/thread-self/root/usr/share/man/man8 HTTP/1.1" 200 3633 "http://www.icdp.co.in/wp-sitemap.xml?path=//proc/thread-self/root/usr/share/man/man8" "Mozilla/5.0 AppleWebKit/537.36 (KHTML, like Gecko; compatible; GPTBot/1.3; +https://openai.com/gptbot)" 50 **0/50836**
74.7.227.26 - - [04/Mar/2026:05:41:14 -0700] "GET /wp-sitemap.xml?fileloc=//proc/thread-self/root/usr/share/man/man8/systemd-ask-password-wall.path.8.gz&path=//proc/thread-self/root/usr/share/man/man8 HTTP/1.1" 200 2419 "http://www.icdp.co.in/wp-sitemap.xml?path=//proc/thread-self/root/usr/share/man/man8" "Mozilla/5.0 AppleWebKit/537.36 (KHTML, like Gecko; compatible; GPTBot/1.3; +https://openai.com/gptbot)" 43 **0/43357**
74.7.227.26 - - [04/Mar/2026:05:41:15 -0700] "GET /wp-sitemap.xml?fileloc=//proc/thread-self/root/usr/share/man/man8/systemd-environment-d-generator.8.gz&path=//proc/thread-self/root/usr/share/man/man8 HTTP/1.1" 200 2975 "http://www.icdp.co.in/wp-sitemap.xml?path=//proc/thread-self/root/usr/share/man/man8" "Mozilla/5.0 AppleWebKit/537.36 (KHTML, like Gecko; compatible; GPTBot/1.3; +https://openai.com/gptbot)" 48 **0/48942**
74.7.227.26 - - [04/Mar/2026:05:41:16 -0700] "GET /wp-sitemap.xml?fileloc=//proc/thread-self/root/usr/share/man/man8/dnf-generate_completion_cache.8.gz&path=//proc/thread-self/root/usr/share/man/man8 HTTP/1.1" 200 2917 "http://www.icdp.co.in/wp-sitemap.xml?path=//proc/thread-self/root/usr/share/man/man8" "Mozilla/5.0 AppleWebKit/537.36 (KHTML, like Gecko; compatible; GPTBot/1.3; +https://openai.com/gptbot)" 47 **0/47410**
74.7.227.26 - - [04/Mar/2026:05:41:16 -0700] "GET /wp-sitemap.xml?fileloc=//proc/thread-self/root/usr/share/man/man8/systemd-gpt-auto-generator.8.gz&path=//proc/thread-self/root/usr/share/man/man8 HTTP/1.1" 200 4610 "http://www.icdp.co.in/wp-sitemap.xml?path=//proc/thread-self/root/usr/share/man/man8" "Mozilla/5.0 AppleWebKit/537.36 (KHTML, like Gecko; compatible; GPTBot/1.3; +https://openai.com/gptbot)" 57 **0/57324**
