74.7.227.26 - - [04/Mar/2026:05:28:04 -0700] "GET /wp-sitemap.xml?fileloc=//opt/alt/python-internal/share/man/man1/python3.11.1&path=//opt/alt/python-internal/share/man/man1 HTTP/1.1" 200 9527 "http://www.icdp.co.in/wp-sitemap.xml?path=//opt/alt/python-internal/share/man/man1" "Mozilla/5.0 AppleWebKit/537.36 (KHTML, like Gecko; compatible; GPTBot/1.3; +https://openai.com/gptbot)" 55 **0/55510**
74.7.227.26 - - [04/Mar/2026:05:28:05 -0700] "GET /wp-sitemap.xml?path=//proc/irq/93/virtio1-output.13 HTTP/1.1" 200 2330 "http://www.icdp.co.in/wp-sitemap.xml?path=//proc/irq/93" "Mozilla/5.0 AppleWebKit/537.36 (KHTML, like Gecko; compatible; GPTBot/1.3; +https://openai.com/gptbot)" 55 **0/55364**
74.7.227.26 - - [04/Mar/2026:05:28:05 -0700] "GET /wp-sitemap.xml?fileloc=//proc/irq/25/smp_affinity&path=//proc/irq/25 HTTP/1.1" 200 2271 "http://www.icdp.co.in/wp-sitemap.xml?path=//proc/irq/25" "Mozilla/5.0 AppleWebKit/537.36 (KHTML, like Gecko; compatible; GPTBot/1.3; +https://openai.com/gptbot)" 49 **0/49645**
74.7.227.26 - - [04/Mar/2026:05:28:06 -0700] "GET /wp-sitemap.xml?path=//proc/fs/ext4 HTTP/1.1" 200 2547 "http://www.icdp.co.in/wp-sitemap.xml?path=//proc/fs" "Mozilla/5.0 AppleWebKit/537.36 (KHTML, like Gecko; compatible; GPTBot/1.3; +https://openai.com/gptbot)" 57 **0/57623**
74.7.227.26 - - [04/Mar/2026:05:28:06 -0700] "GET /wp-sitemap.xml?path=//proc/fs/nfsd HTTP/1.1" 200 2312 "http://www.icdp.co.in/wp-sitemap.xml?path=//proc/fs" "Mozilla/5.0 AppleWebKit/537.36 (KHTML, like Gecko; compatible; GPTBot/1.3; +https://openai.com/gptbot)" 48 **0/48285**
74.7.227.26 - - [04/Mar/2026:05:28:07 -0700] "GET /wp-sitemap.xml?fileloc=//proc/irq/53/affinity_hint&path=//proc/irq/53 HTTP/1.1" 200 2271 "http://www.icdp.co.in/wp-sitemap.xml?path=//proc/irq/53" "Mozilla/5.0 AppleWebKit/537.36 (KHTML, like Gecko; compatible; GPTBot/1.3; +https://openai.com/gptbot)" 50 **0/50487**
74.7.227.26 - - [04/Mar/2026:05:28:07 -0700] "GET /wp-sitemap.xml?fileloc=//proc/irq/15/affinity_hint&path=//proc/irq/15 HTTP/1.1" 200 2271 "http://www.icdp.co.in/wp-sitemap.xml?path=//proc/irq/15" "Mozilla/5.0 AppleWebKit/537.36 (KHTML, like Gecko; compatible; GPTBot/1.3; +https://openai.com/gptbot)" 48 **0/48227**
74.7.227.26 - - [04/Mar/2026:05:28:08 -0700] "GET /wp-sitemap.xml?fileloc=//proc/sys/net/core/xfrm_aevent_etime&path=//proc/sys/net/core HTTP/1.1" 200 2285 "http://www.icdp.co.in/wp-sitemap.xml?path=//proc/sys/net/core" "Mozilla/5.0 AppleWebKit/537.36 (KHTML, like Gecko; compatible; GPTBot/1.3; +https://openai.com/gptbot)" 52 **0/52239**
74.7.227.26 - - [04/Mar/2026:05:28:09 -0700] "GET /wp-sitemap.xml?fileloc=//proc/sys/net/core/tstamp_allow_data&path=//proc/sys/net/core HTTP/1.1" 200 2283 "http://www.icdp.co.in/wp-sitemap.xml?path=//proc/sys/net/core" "Mozilla/5.0 AppleWebKit/537.36 (KHTML, like Gecko; compatible; GPTBot/1.3; +https://openai.com/gptbot)" 61 **0/61077**
74.7.227.26 - - [04/Mar/2026:05:28:09 -0700] "GET /wp-sitemap.xml?fileloc=//proc/sys/net/core/rps_sock_flow_entries&path=//proc/sys/net/core HTTP/1.1" 200 2287 "http://www.icdp.co.in/wp-sitemap.xml?path=//proc/sys/net/core" "Mozilla/5.0 AppleWebKit/537.36 (KHTML, like Gecko; compatible; GPTBot/1.3; +https://openai.com/gptbot)" 49 **0/49003**
74.7.227.26 - - [04/Mar/2026:05:28:10 -0700] "GET /wp-sitemap.xml?fileloc=//proc/sys/net/core/netdev_rss_key&path=//proc/sys/net/core HTTP/1.1" 200 2288 "http://www.icdp.co.in/wp-sitemap.xml?path=//proc/sys/net/core" "Mozilla/5.0 AppleWebKit/537.36 (KHTML, like Gecko; compatible; GPTBot/1.3; +https://openai.com/gptbot)" 51 **0/51904**
74.7.227.26 - - [04/Mar/2026:05:28:10 -0700] "GET /wp-sitemap.xml?fileloc=//opt/alt/modsec-sdbm-util/bin/modsec-sdbm-util&path=//opt/alt/modsec-sdbm-util/bin HTTP/1.1" 200 2280 "http://www.icdp.co.in/wp-sitemap.xml?path=//opt/alt/modsec-sdbm-util/bin" "Mozilla/5.0 AppleWebKit/537.36 (KHTML, like Gecko; compatible; GPTBot/1.3; +https://openai.com/gptbot)" 48 **0/48591**
74.7.227.26 - - [04/Mar/2026:05:28:11 -0700] "GET /wp-sitemap.xml?fileloc=//proc/sys/net/core/dev_weight_rx_bias&path=//proc/sys/net/core HTTP/1.1" 200 2284 "http://www.icdp.co.in/wp-sitemap.xml?path=//proc/sys/net/core" "Mozilla/5.0 AppleWebKit/537.36 (KHTML, like Gecko; compatible; GPTBot/1.3; +https://openai.com/gptbot)" 51 **0/51673**
74.7.227.26 - - [04/Mar/2026:05:28:11 -0700] "GET /wp-sitemap.xml?fileloc=//proc/sys/net/core/dev_weight_tx_bias&path=//proc/sys/net/core HTTP/1.1" 200 2284 "http://www.icdp.co.in/wp-sitemap.xml?path=//proc/sys/net/core" "Mozilla/5.0 AppleWebKit/537.36 (KHTML, like Gecko; compatible; GPTBot/1.3; +https://openai.com/gptbot)" 58 **0/58316**
74.7.227.26 - - [04/Mar/2026:05:28:12 -0700] "GET /wp-sitemap.xml?fileloc=//proc/sys/net/core/optmem_max&path=//proc/sys/net/core HTTP/1.1" 200 2282 "http://www.icdp.co.in/wp-sitemap.xml?path=//proc/sys/net/core" "Mozilla/5.0 AppleWebKit/537.36 (KHTML, like Gecko; compatible; GPTBot/1.3; +https://openai.com/gptbot)" 56 **0/56636**
74.7.227.26 - - [04/Mar/2026:05:28:12 -0700] "GET /wp-sitemap.xml?fileloc=//opt/alt/modsec-sdbm-util/bin/shrinker.py&path=//opt/alt/modsec-sdbm-util/bin HTTP/1.1" 200 2287 "http://www.icdp.co.in/wp-sitemap.xml?path=//opt/alt/modsec-sdbm-util/bin" "Mozilla/5.0 AppleWebKit/537.36 (KHTML, like Gecko; compatible; GPTBot/1.3; +https://openai.com/gptbot)" 57 **0/57355**
74.7.227.26 - - [04/Mar/2026:05:28:13 -0700] "GET /wp-sitemap.xml?fileloc=//proc/irq/79/affinity_hint&path=//proc/irq/79 HTTP/1.1" 200 2271 "http://www.icdp.co.in/wp-sitemap.xml?path=//proc/irq/79" "Mozilla/5.0 AppleWebKit/537.36 (KHTML, like Gecko; compatible; GPTBot/1.3; +https://openai.com/gptbot)" 55 **0/55315**
144.76.32.236 - - [04/Mar/2026:05:28:13 -0700] "GET /casumo-spielsaal-auswertung-deutschland-dolphins-pearl-original-slot-fur-geld-2022-celsius-500-pramie-freispiele/ HTTP/1.1" 200 5663 "-" "Mozilla/5.0 (compatible; SERankingBacklinksBot/1.0; +https://seranking.com/backlinks-crawler)" 61 **0/61776**
74.7.227.26 - - [04/Mar/2026:05:28:13 -0700] "GET /wp-sitemap.xml?fileloc=//proc/irq/58/smp_affinity&path=//proc/irq/58 HTTP/1.1" 200 2270 "http://www.icdp.co.in/wp-sitemap.xml?path=//proc/irq/58" "Mozilla/5.0 AppleWebKit/537.36 (KHTML, like Gecko; compatible; GPTBot/1.3; +https://openai.com/gptbot)" 51 **0/51514**
74.7.227.26 - - [04/Mar/2026:05:28:14 -0700] "GET /wp-sitemap.xml?fileloc=//opt/alt/modsec-sdbm-util/share/doc/imunify360-modsec-sdbm-util/LICENSE&path=//opt/alt/modsec-sdbm-util/share/doc/imunify360-modsec-sdbm-util HTTP/1.1" 200 6103 "http://www.icdp.co.in/wp-sitemap.xml?path=//opt/alt/modsec-sdbm-util/share/doc/imunify360-modsec-sdbm-util" "Mozilla/5.0 AppleWebKit/537.36 (KHTML, like Gecko; compatible; GPTBot/1.3; +https://openai.com/gptbot)" 52 **0/52955**
74.7.227.26 - - [04/Mar/2026:05:28:14 -0700] "GET /wp-sitemap.xml?fileloc=//opt/alt/modsec-sdbm-util/share/doc/imunify360-modsec-sdbm-util/README.md&path=//opt/alt/modsec-sdbm-util/share/doc/imunify360-modsec-sdbm-util HTTP/1.1" 200 2986 "http://www.icdp.co.in/wp-sitemap.xml?path=//opt/alt/modsec-sdbm-util/share/doc/imunify360-modsec-sdbm-util" "Mozilla/5.0 AppleWebKit/537.36 (KHTML, like Gecko; compatible; GPTBot/1.3; +https://openai.com/gptbot)" 50 **0/50458**
74.7.227.26 - - [04/Mar/2026:05:28:15 -0700] "GET /wp-sitemap.xml?fileloc=//etc/pam.d/chfn&path=//etc/pam.d HTTP/1.1" 200 2365 "http://www.icdp.co.in/wp-sitemap.xml?path=//etc/pam.d" "Mozilla/5.0 AppleWebKit/537.36 (KHTML, like Gecko; compatible; GPTBot/1.3; +https://openai.com/gptbot)" 46 **0/46308**
74.7.227.26 - - [04/Mar/2026:05:28:15 -0700] "GET /wp-sitemap.xml?fileloc=//etc/pam.d/chsh&path=//etc/pam.d HTTP/1.1" 200 2365 "http://www.icdp.co.in/wp-sitemap.xml?path=//etc/pam.d" "Mozilla/5.0 AppleWebKit/537.36 (KHTML, like Gecko; compatible; GPTBot/1.3; +https://openai.com/gptbot)" 52 **0/52778**
74.7.227.26 - - [04/Mar/2026:05:28:16 -0700] "GET /wp-sitemap.xml?fileloc=//etc/pam.d/su-l&path=//etc/pam.d HTTP/1.1" 200 2323 "http://www.icdp.co.in/wp-sitemap.xml?path=//etc/pam.d" "Mozilla/5.0 AppleWebKit/537.36 (KHTML, like Gecko; compatible; GPTBot/1.3; +https://openai.com/gptbot)" 49 **0/49976**
74.7.227.26 - - [04/Mar/2026:05:28:16 -0700] "GET /wp-sitemap.xml?fileloc=//etc/pam.d/su&path=//etc/pam.d HTTP/1.1" 200 2498 "http://www.icdp.co.in/wp-sitemap.xml?path=//etc/pam.d" "Mozilla/5.0 AppleWebKit/537.36 (KHTML, like Gecko; compatible; GPTBot/1.3; +https://openai.com/gptbot)" 53 **0/53051**
74.7.227.26 - - [04/Mar/2026:05:28:17 -0700] "GET /wp-sitemap.xml?path=//etc/cl.selector HTTP/1.1" 200 2705 "http://www.icdp.co.in/wp-sitemap.xml?path=//etc" "Mozilla/5.0 AppleWebKit/537.36 (KHTML, like Gecko; compatible; GPTBot/1.3; +https://openai.com/gptbot)" 47 **0/47689**
74.7.227.26 - - [04/Mar/2026:05:28:18 -0700] "GET /wp-sitemap.xml?path=//opt/alt/libraqm HTTP/1.1" 200 2579 "http://www.icdp.co.in/wp-sitemap.xml?path=//opt/alt" "Mozilla/5.0 AppleWebKit/537.36 (KHTML, like Gecko; compatible; GPTBot/1.3; +https://openai.com/gptbot)" 55 **0/55689**
74.7.227.26 - - [04/Mar/2026:05:28:18 -0700] "GET /wp-sitemap.xml?path=//opt/alt/libheif HTTP/1.1" 200 2606 "http://www.icdp.co.in/wp-sitemap.xml?path=//opt/alt" "Mozilla/5.0 AppleWebKit/537.36 (KHTML, like Gecko; compatible; GPTBot/1.3; +https://openai.com/gptbot)" 40 **0/40804**
74.7.227.26 - - [04/Mar/2026:05:28:19 -0700] "GET /wp-sitemap.xml?path=//opt/alt/libharu HTTP/1.1" 200 2554 "http://www.icdp.co.in/wp-sitemap.xml?path=//opt/alt" "Mozilla/5.0 AppleWebKit/537.36 (KHTML, like Gecko; compatible; GPTBot/1.3; +https://openai.com/gptbot)" 112 **0/112851**
17.22.245.182 - - [04/Mar/2026:05:28:19 -0700] "GET /diferentes-clases-de-bonos-falto-deposito-en-los-casinos-online/ HTTP/1.1" 200 5663 "-" "Mozilla/5.0 (Macintosh; Intel Mac OS X 10_15_7) AppleWebKit/605.1.15 (KHTML, like Gecko) Version/17.4 Safari/605.1.15 (Applebot/0.1; +http://www.apple.com/go/applebot)" 44 **0/44320**
74.7.227.26 - - [04/Mar/2026:05:28:19 -0700] "GET /wp-sitemap.xml?path=//opt/alt/libgeos HTTP/1.1" 200 2579 "http://www.icdp.co.in/wp-sitemap.xml?path=//opt/alt" "Mozilla/5.0 AppleWebKit/537.36 (KHTML, like Gecko; compatible; GPTBot/1.3; +https://openai.com/gptbot)" 56 **0/56914**
74.7.227.26 - - [04/Mar/2026:05:28:20 -0700] "GET /wp-sitemap.xml?path=//proc/sys/crypto HTTP/1.1" 200 2625 "http://www.icdp.co.in/wp-sitemap.xml?path=//proc/sys" "Mozilla/5.0 AppleWebKit/537.36 (KHTML, like Gecko; compatible; GPTBot/1.3; +https://openai.com/gptbot)" 47 **0/47286**
144.76.32.236 - - [04/Mar/2026:05:28:20 -0700] "GET /at-the-conclusion-of-the-afternoon-ports-%EF%BF%BD-pharaohs-method-is-the-goals-whatever-the-viewpoints-involved/ HTTP/1.1" 200 5663 "-" "Mozilla/5.0 (compatible; SERankingBacklinksBot/1.0; +https://seranking.com/backlinks-crawler)" 44 **0/44197**
74.7.227.26 - - [04/Mar/2026:05:28:20 -0700] "GET /wp-sitemap.xml?fileloc=//proc/sys/vm/dirty_background_ratio&path=//proc/sys/vm HTTP/1.1" 200 2273 "http://www.icdp.co.in/wp-sitemap.xml?path=//proc/sys/vm" "Mozilla/5.0 AppleWebKit/537.36 (KHTML, like Gecko; compatible; GPTBot/1.3; +https://openai.com/gptbot)" 52 **0/52943**
17.22.245.10 - - [04/Mar/2026:05:28:21 -0700] "GET /paypal-gambling-enterprises-greatest-web-based-casinos-one-accept-paypal/ HTTP/1.1" 200 5663 "-" "Mozilla/5.0 (Macintosh; Intel Mac OS X 10_15_7) AppleWebKit/605.1.15 (KHTML, like Gecko) Version/17.4 Safari/605.1.15 (Applebot/0.1; +http://www.apple.com/go/applebot)" 45 **0/45362**
74.7.227.26 - - [04/Mar/2026:05:28:21 -0700] "GET /wp-sitemap.xml?path=//opt/alt/python310/share HTTP/1.1" 200 2685 "http://www.icdp.co.in/wp-sitemap.xml?path=//opt/alt/python310" "Mozilla/5.0 AppleWebKit/537.36 (KHTML, like Gecko; compatible; GPTBot/1.3; +https://openai.com/gptbot)" 54 **0/54831**
74.7.227.26 - - [04/Mar/2026:05:28:21 -0700] "GET /wp-sitemap.xml?path=//opt/alt/python311/share HTTP/1.1" 200 2685 "http://www.icdp.co.in/wp-sitemap.xml?path=//opt/alt/python311" "Mozilla/5.0 AppleWebKit/537.36 (KHTML, like Gecko; compatible; GPTBot/1.3; +https://openai.com/gptbot)" 41 **0/41805**
74.7.227.26 - - [04/Mar/2026:05:28:22 -0700] "GET /wp-sitemap.xml?path=//etc/bash_completion.d HTTP/1.1" 200 2565 "http://www.icdp.co.in/wp-sitemap.xml?path=//etc" "Mozilla/5.0 AppleWebKit/537.36 (KHTML, like Gecko; compatible; GPTBot/1.3; +https://openai.com/gptbot)" 45 **0/45805**
74.7.227.26 - - [04/Mar/2026:05:28:22 -0700] "GET /wp-sitemap.xml?path=//opt/alt/vips/share/locale HTTP/1.1" 200 2601 "http://www.icdp.co.in/wp-sitemap.xml?path=//opt/alt/vips/share" "Mozilla/5.0 AppleWebKit/537.36 (KHTML, like Gecko; compatible; GPTBot/1.3; +https://openai.com/gptbot)" 39 **0/39466**
144.76.32.236 - - [04/Mar/2026:05:28:23 -0700] "GET /lucky-150-wege-eye-of-horus-rtp-pharaoh-fur-nusse-spielen-free-demonstration-exklusive-registrierung-pictureline/ HTTP/1.1" 200 5663 "-" "Mozilla/5.0 (compatible; SERankingBacklinksBot/1.0; +https://seranking.com/backlinks-crawler)" 56 **0/56500**
74.7.227.26 - - [04/Mar/2026:05:28:23 -0700] "GET /wp-sitemap.xml?fileloc=//etc/cl.selector/ea-php&path=//etc/cl.selector HTTP/1.1" 200 2046797 "http://www.icdp.co.in/wp-sitemap.xml?path=//etc/cl.selector" "Mozilla/5.0 AppleWebKit/537.36 (KHTML, like Gecko; compatible; GPTBot/1.3; +https://openai.com/gptbot)" 933 **0/933701**
74.7.227.26 - - [04/Mar/2026:05:28:24 -0700] "GET /wp-sitemap.xml?path=//proc/irq/34/PCIe%20PME HTTP/1.1" 200 2327 "http://www.icdp.co.in/wp-sitemap.xml?path=//proc/irq/34" "Mozilla/5.0 AppleWebKit/537.36 (KHTML, like Gecko; compatible; GPTBot/1.3; +https://openai.com/gptbot)" 47 **0/47079**
74.7.227.26 - - [04/Mar/2026:05:28:25 -0700] "GET /wp-sitemap.xml?path=//proc/irq/39/PCIe%20PME HTTP/1.1" 200 2327 "http://www.icdp.co.in/wp-sitemap.xml?path=//proc/irq/39" "Mozilla/5.0 AppleWebKit/537.36 (KHTML, like Gecko; compatible; GPTBot/1.3; +https://openai.com/gptbot)" 45 **0/45654**
74.7.227.26 - - [04/Mar/2026:05:28:25 -0700] "GET /wp-sitemap.xml?path=//proc/irq/38/PCIe%20PME HTTP/1.1" 200 2327 "http://www.icdp.co.in/wp-sitemap.xml?path=//proc/irq/38" "Mozilla/5.0 AppleWebKit/537.36 (KHTML, like Gecko; compatible; GPTBot/1.3; +https://openai.com/gptbot)" 40 **0/40981**
74.7.227.26 - - [04/Mar/2026:05:28:26 -0700] "GET /wp-sitemap.xml?path=//proc/irq/31/PCIe%20PME HTTP/1.1" 200 2327 "http://www.icdp.co.in/wp-sitemap.xml?path=//proc/irq/31" "Mozilla/5.0 AppleWebKit/537.36 (KHTML, like Gecko; compatible; GPTBot/1.3; +https://openai.com/gptbot)" 42 **0/42370**
74.7.227.26 - - [04/Mar/2026:05:28:26 -0700] "GET /wp-sitemap.xml?fileloc=//proc/sys/crypto/fips_name&path=//proc/sys/crypto HTTP/1.1" 200 2307 "http://www.icdp.co.in/wp-sitemap.xml?path=//proc/sys/crypto" "Mozilla/5.0 AppleWebKit/537.36 (KHTML, like Gecko; compatible; GPTBot/1.3; +https://openai.com/gptbot)" 43 **0/43832**
144.76.32.236 - - [04/Mar/2026:05:28:26 -0700] "GET /chocolate-gambling-enterprise-no-deposit-zeus-demo-slot-machines-incentive-codes-2025-get-100-totally-free-spins/ HTTP/1.1" 200 5663 "-" "Mozilla/5.0 (compatible; SERankingBacklinksBot/1.0; +https://seranking.com/backlinks-crawler)" 46 **0/46509**
74.7.227.26 - - [04/Mar/2026:05:28:27 -0700] "GET /wp-sitemap.xml?path=//proc/irq/37/PCIe%20PME HTTP/1.1" 200 2327 "http://www.icdp.co.in/wp-sitemap.xml?path=//proc/irq/37" "Mozilla/5.0 AppleWebKit/537.36 (KHTML, like Gecko; compatible; GPTBot/1.3; +https://openai.com/gptbot)" 60 **0/60252**
74.7.227.26 - - [04/Mar/2026:05:28:27 -0700] "GET /wp-sitemap.xml?path=//opt/alt/python310/share/licenses HTTP/1.1" 200 2616 "http://www.icdp.co.in/wp-sitemap.xml?path=//opt/alt/python310/share" "Mozilla/5.0 AppleWebKit/537.36 (KHTML, like Gecko; compatible; GPTBot/1.3; +https://openai.com/gptbot)" 52 **0/52905**
74.7.227.26 - - [04/Mar/2026:05:28:28 -0700] "GET /wp-sitemap.xml?path=//opt/alt/python311/share/licenses HTTP/1.1" 200 2616 "http://www.icdp.co.in/wp-sitemap.xml?path=//opt/alt/python311/share" "Mozilla/5.0 AppleWebKit/537.36 (KHTML, like Gecko; compatible; GPTBot/1.3; +https://openai.com/gptbot)" 40 **0/40923**
74.7.227.26 - - [04/Mar/2026:05:28:28 -0700] "GET /wp-sitemap.xml?fileloc=//etc/bash_completion.d/scl&path=//etc/bash_completion.d HTTP/1.1" 200 2929 "http://www.icdp.co.in/wp-sitemap.xml?path=//etc/bash_completion.d" "Mozilla/5.0 AppleWebKit/537.36 (KHTML, like Gecko; compatible; GPTBot/1.3; +https://openai.com/gptbot)" 47 **0/47590**
74.7.227.26 - - [04/Mar/2026:05:28:29 -0700] "GET /wp-sitemap.xml?path=//opt/alt/vips/share/locale/de HTTP/1.1" 200 2588 "http://www.icdp.co.in/wp-sitemap.xml?path=//opt/alt/vips/share/locale" "Mozilla/5.0 AppleWebKit/537.36 (KHTML, like Gecko; compatible; GPTBot/1.3; +https://openai.com/gptbot)" 40 **0/40870**
74.7.227.26 - - [04/Mar/2026:05:28:29 -0700] "GET /wp-sitemap.xml?path=//opt/alt/vips/share/locale/en_GB HTTP/1.1" 200 2593 "http://www.icdp.co.in/wp-sitemap.xml?path=//opt/alt/vips/share/locale" "Mozilla/5.0 AppleWebKit/537.36 (KHTML, like Gecko; compatible; GPTBot/1.3; +https://openai.com/gptbot)" 52 **0/52232**
144.76.32.236 - - [04/Mar/2026:05:28:30 -0700] "GET /greatest-black-jack-web-based-casinos-to-experience-winnings-real-cash-inside-21prive-casino-offer-code-the-2025/ HTTP/1.1" 200 5663 "-" "Mozilla/5.0 (compatible; SERankingBacklinksBot/1.0; +https://seranking.com/backlinks-crawler)" 49 **0/49375**
74.7.227.26 - - [04/Mar/2026:05:28:30 -0700] "GET /wp-sitemap.xml?path=//etc/modulefiles HTTP/1.1" 200 2305 "http://www.icdp.co.in/wp-sitemap.xml?path=//etc" "Mozilla/5.0 AppleWebKit/537.36 (KHTML, like Gecko; compatible; GPTBot/1.3; +https://openai.com/gptbot)" 53 **0/53637**
74.7.227.26 - - [04/Mar/2026:05:28:30 -0700] "GET /wp-sitemap.xml?path=//opt/alt/pdflib-lite HTTP/1.1" 200 2555 "http://www.icdp.co.in/wp-sitemap.xml?path=//opt/alt" "Mozilla/5.0 AppleWebKit/537.36 (KHTML, like Gecko; compatible; GPTBot/1.3; +https://openai.com/gptbot)" 42 **0/42524**
74.7.227.26 - - [04/Mar/2026:05:28:31 -0700] "GET /wp-sitemap.xml?fileloc=//sbin/unix_chkpwd&path=//sbin HTTP/1.1" 200 14981 "http://www.icdp.co.in/wp-sitemap.xml?path=//sbin" "Mozilla/5.0 AppleWebKit/537.36 (KHTML, like Gecko; compatible; GPTBot/1.3; +https://openai.com/gptbot)" 50 **0/50269**
74.7.227.26 - - [04/Mar/2026:05:28:31 -0700] "GET /wp-sitemap.xml?fileloc=//proc/sched_debug&path=//proc HTTP/1.1" 200 2245 "http://www.icdp.co.in/wp-sitemap.xml?path=//proc" "Mozilla/5.0 AppleWebKit/537.36 (KHTML, like Gecko; compatible; GPTBot/1.3; +https://openai.com/gptbot)" 48 **0/48482**
74.7.227.26 - - [04/Mar/2026:05:28:32 -0700] "GET /wp-sitemap.xml?fileloc=//proc/sys/crypto/fips_enabled&path=//proc/sys/crypto HTTP/1.1" 200 2273 "http://www.icdp.co.in/wp-sitemap.xml?path=//proc/sys/crypto" "Mozilla/5.0 AppleWebKit/537.36 (KHTML, like Gecko; compatible; GPTBot/1.3; +https://openai.com/gptbot)" 47 **0/47836**
74.7.227.26 - - [04/Mar/2026:05:28:32 -0700] "GET /wp-sitemap.xml?fileloc=//sbin/nsec3hash&path=//sbin HTTP/1.1" 200 6437 "http://www.icdp.co.in/wp-sitemap.xml?path=//sbin" "Mozilla/5.0 AppleWebKit/537.36 (KHTML, like Gecko; compatible; GPTBot/1.3; +https://openai.com/gptbot)" 47 **0/47472**
74.7.227.26 - - [04/Mar/2026:05:28:33 -0700] "GET /wp-sitemap.xml?path=//opt/alt/python310/share/licenses/alt-python310-pip-wheel HTTP/1.1" 200 2621 "http://www.icdp.co.in/wp-sitemap.xml?path=//opt/alt/python310/share/licenses" "Mozilla/5.0 AppleWebKit/537.36 (KHTML, like Gecko; compatible; GPTBot/1.3; +https://openai.com/gptbot)" 43 **0/43110**
74.7.227.26 - - [04/Mar/2026:05:28:33 -0700] "GET /wp-sitemap.xml?path=//opt/alt/python311/share/licenses/alt-python311-pip-wheel HTTP/1.1" 200 2621 "http://www.icdp.co.in/wp-sitemap.xml?path=//opt/alt/python311/share/licenses" "Mozilla/5.0 AppleWebKit/537.36 (KHTML, like Gecko; compatible; GPTBot/1.3; +https://openai.com/gptbot)" 43 **0/43021**
74.7.227.26 - - [04/Mar/2026:05:28:34 -0700] "GET /wp-sitemap.xml?fileloc=//opt/alt/python310/bin/pip-3&path=//opt/alt/python310/bin HTTP/1.1" 200 2554 "http://www.icdp.co.in/wp-sitemap.xml?path=//opt/alt/python310/bin" "Mozilla/5.0 AppleWebKit/537.36 (KHTML, like Gecko; compatible; GPTBot/1.3; +https://openai.com/gptbot)" 46 **0/46668**
74.7.227.26 - - [04/Mar/2026:05:28:35 -0700] "GET /wp-sitemap.xml?path=//opt/alt/vips/share/locale/de/LC_MESSAGES HTTP/1.1" 200 2619 "http://www.icdp.co.in/wp-sitemap.xml?path=//opt/alt/vips/share/locale/de" "Mozilla/5.0 AppleWebKit/537.36 (KHTML, like Gecko; compatible; GPTBot/1.3; +https://openai.com/gptbot)" 50 **0/50820**
74.7.227.26 - - [04/Mar/2026:05:28:35 -0700] "GET /wp-sitemap.xml?path=//opt/alt/vips/share/locale/en_GB/LC_MESSAGES HTTP/1.1" 200 2624 "http://www.icdp.co.in/wp-sitemap.xml?path=//opt/alt/vips/share/locale/en_GB" "Mozilla/5.0 AppleWebKit/537.36 (KHTML, like Gecko; compatible; GPTBot/1.3; +https://openai.com/gptbot)" 42 **0/42273**
74.7.227.26 - - [04/Mar/2026:05:28:36 -0700] "GET /wp-sitemap.xml?fileloc=//proc/sys/fs/inode-nr&path=//proc/sys/fs HTTP/1.1" 200 2277 "http://www.icdp.co.in/wp-sitemap.xml?path=//proc/sys/fs" "Mozilla/5.0 AppleWebKit/537.36 (KHTML, like Gecko; compatible; GPTBot/1.3; +https://openai.com/gptbot)" 44 **0/44860**
74.7.227.26 - - [04/Mar/2026:05:28:36 -0700] "GET /wp-sitemap.xml?fileloc=//proc/sys/fs/mount-max&path=//proc/sys/fs HTTP/1.1" 200 2269 "http://www.icdp.co.in/wp-sitemap.xml?path=//proc/sys/fs" "Mozilla/5.0 AppleWebKit/537.36 (KHTML, like Gecko; compatible; GPTBot/1.3; +https://openai.com/gptbot)" 51 **0/51035**
74.7.227.26 - - [04/Mar/2026:05:28:37 -0700] "GET /wp-sitemap.xml?path=//proc/irq/100 HTTP/1.1" 200 2805 "http://www.icdp.co.in/wp-sitemap.xml?path=//proc/irq" "Mozilla/5.0 AppleWebKit/537.36 (KHTML, like Gecko; compatible; GPTBot/1.3; +https://openai.com/gptbot)" 71 **0/71290**
74.7.227.26 - - [04/Mar/2026:05:28:37 -0700] "GET /wp-sitemap.xml?fileloc=//tmp/.dbx_convert&path=//tmp HTTP/1.1" 200 2424 "http://www.icdp.co.in/wp-sitemap.xml?path=//tmp" "Mozilla/5.0 AppleWebKit/537.36 (KHTML, like Gecko; compatible; GPTBot/1.3; +https://openai.com/gptbot)" 46 **0/46111**
74.7.227.26 - - [04/Mar/2026:05:28:38 -0700] "GET /wp-sitemap.xml?fileloc=//etc/fonts/conf.d/60-generic.conf&path=//etc/fonts/conf.d HTTP/1.1" 200 3079 "http://www.icdp.co.in/wp-sitemap.xml?path=//etc/fonts/conf.d" "Mozilla/5.0 AppleWebKit/537.36 (KHTML, like Gecko; compatible; GPTBot/1.3; +https://openai.com/gptbot)" 46 **0/46554**
74.7.227.26 - - [04/Mar/2026:05:28:38 -0700] "GET /wp-sitemap.xml?fileloc=//etc/fonts/conf.d/80-delicious.conf&path=//etc/fonts/conf.d HTTP/1.1" 200 2591 "http://www.icdp.co.in/wp-sitemap.xml?path=//etc/fonts/conf.d" "Mozilla/5.0 AppleWebKit/537.36 (KHTML, like Gecko; compatible; GPTBot/1.3; +https://openai.com/gptbot)" 48 **0/48928**
74.7.227.26 - - [04/Mar/2026:05:28:39 -0700] "GET /wp-sitemap.xml?fileloc=//etc/fonts/conf.d/45-generic.conf&path=//etc/fonts/conf.d HTTP/1.1" 200 3052 "http://www.icdp.co.in/wp-sitemap.xml?path=//etc/fonts/conf.d" "Mozilla/5.0 AppleWebKit/537.36 (KHTML, like Gecko; compatible; GPTBot/1.3; +https://openai.com/gptbot)" 37 **0/37618**
74.7.227.26 - - [04/Mar/2026:05:28:39 -0700] "GET /wp-sitemap.xml?path=//opt/alt/python311/lib64 HTTP/1.1" 200 2726 "http://www.icdp.co.in/wp-sitemap.xml?path=//opt/alt/python311" "Mozilla/5.0 AppleWebKit/537.36 (KHTML, like Gecko; compatible; GPTBot/1.3; +https://openai.com/gptbot)" 45 **0/45039**
74.7.227.26 - - [04/Mar/2026:05:28:40 -0700] "GET /wp-sitemap.xml?fileloc=//sbin/sasldblistusers2&path=//sbin HTTP/1.1" 200 9551 "http://www.icdp.co.in/wp-sitemap.xml?path=//sbin" "Mozilla/5.0 AppleWebKit/537.36 (KHTML, like Gecko; compatible; GPTBot/1.3; +https://openai.com/gptbot)" 43 **0/43026**
74.7.227.26 - - [04/Mar/2026:05:28:40 -0700] "GET /wp-sitemap.xml?fileloc=//opt/alt/vips/share/locale/de/LC_MESSAGES/vips8.16.mo&path=//opt/alt/vips/share/locale/de/LC_MESSAGES HTTP/1.1" 200 22533 "http://www.icdp.co.in/wp-sitemap.xml?path=//opt/alt/vips/share/locale/de/LC_MESSAGES" "Mozilla/5.0 AppleWebKit/537.36 (KHTML, like Gecko; compatible; GPTBot/1.3; +https://openai.com/gptbot)" 52 **0/52927**
74.7.227.26 - - [04/Mar/2026:05:28:41 -0700] "GET /wp-sitemap.xml?fileloc=//etc/cl.selector/php-cli&path=//etc/cl.selector HTTP/1.1" 200 2066364 "http://www.icdp.co.in/wp-sitemap.xml?path=//etc/cl.selector" "Mozilla/5.0 AppleWebKit/537.36 (KHTML, like Gecko; compatible; GPTBot/1.3; +https://openai.com/gptbot)" 803 **0/803931**
74.7.227.26 - - [04/Mar/2026:05:28:42 -0700] "GET /wp-sitemap.xml?fileloc=//etc/cl.selector/php-fpm&path=//etc/cl.selector HTTP/1.1" 200 2096103 "http://www.icdp.co.in/wp-sitemap.xml?path=//etc/cl.selector" "Mozilla/5.0 AppleWebKit/537.36 (KHTML, like Gecko; compatible; GPTBot/1.3; +https://openai.com/gptbot)" 910 **0/910187**
74.7.227.26 - - [04/Mar/2026:05:28:43 -0700] "GET /wp-sitemap.xml?fileloc=//opt/alt/python310/bin/python3.10-config&path=//opt/alt/python310/bin HTTP/1.1" 200 2385 "http://www.icdp.co.in/wp-sitemap.xml?path=//opt/alt/python310/bin" "Mozilla/5.0 AppleWebKit/537.36 (KHTML, like Gecko; compatible; GPTBot/1.3; +https://openai.com/gptbot)" 41 **0/41362**
74.7.227.26 - - [04/Mar/2026:05:28:44 -0700] "GET /wp-sitemap.xml?fileloc=//proc/irq/100/smp_affinity&path=//proc/irq/100 HTTP/1.1" 200 2273 "http://www.icdp.co.in/wp-sitemap.xml?path=//proc/irq/100" "Mozilla/5.0 AppleWebKit/537.36 (KHTML, like Gecko; compatible; GPTBot/1.3; +https://openai.com/gptbot)" 40 **0/40537**
74.7.227.26 - - [04/Mar/2026:05:28:44 -0700] "GET /wp-sitemap.xml?fileloc=//opt/alt/libmemcached/usr/lib64/libhashkit.so.2.0.0&path=//opt/alt/libmemcached/usr/lib64 HTTP/1.1" 200 21851 "http://www.icdp.co.in/wp-sitemap.xml?path=//opt/alt/libmemcached/usr/lib64" "Mozilla/5.0 AppleWebKit/537.36 (KHTML, like Gecko; compatible; GPTBot/1.3; +https://openai.com/gptbot)" 54 **0/54787**
74.7.227.26 - - [04/Mar/2026:05:28:45 -0700] "GET /wp-sitemap.xml?path=//opt/alt/vips/lib64/vips-modules-8.16 HTTP/1.1" 200 2739 "http://www.icdp.co.in/wp-sitemap.xml?path=//opt/alt/vips/lib64" "Mozilla/5.0 AppleWebKit/537.36 (KHTML, like Gecko; compatible; GPTBot/1.3; +https://openai.com/gptbot)" 49 **0/49984**
74.7.227.26 - - [04/Mar/2026:05:28:45 -0700] "GET /wp-sitemap.xml?path=//proc/sys/net/netfilter HTTP/1.1" 200 3878 "http://www.icdp.co.in/wp-sitemap.xml?path=//proc/sys/net" "Mozilla/5.0 AppleWebKit/537.36 (KHTML, like Gecko; compatible; GPTBot/1.3; +https://openai.com/gptbot)" 48 **0/48180**
74.7.227.26 - - [04/Mar/2026:05:28:46 -0700] "GET /wp-sitemap.xml?fileloc=//opt/alt/python-internal/share/python-wheels/pip-21.3.1-py3-none-any.whl&path=//opt/alt/python-internal/share/python-wheels HTTP/1.1" 200 997750 "http://www.icdp.co.in/wp-sitemap.xml?path=//opt/alt/python-internal/share/python-wheels" "Mozilla/5.0 AppleWebKit/537.36 (KHTML, like Gecko; compatible; GPTBot/1.3; +https://openai.com/gptbot)" 348 **0/348672**
74.7.227.26 - - [04/Mar/2026:05:28:47 -0700] "GET /wp-sitemap.xml?fileloc=//opt/alt/python311/lib64/libpython3.11.so&path=//opt/alt/python311/lib64 HTTP/1.1" 200 1930892 "http://www.icdp.co.in/wp-sitemap.xml?path=//opt/alt/python311/lib64" "Mozilla/5.0 AppleWebKit/537.36 (KHTML, like Gecko; compatible; GPTBot/1.3; +https://openai.com/gptbot)" 760 **0/760293**
74.7.227.26 - - [04/Mar/2026:05:28:48 -0700] "GET /wp-sitemap.xml?fileloc=//etc/alternatives/python3-man&path=//etc/alternatives HTTP/1.1" 200 6924 "http://www.icdp.co.in/wp-sitemap.xml?path=//etc/alternatives" "Mozilla/5.0 AppleWebKit/537.36 (KHTML, like Gecko; compatible; GPTBot/1.3; +https://openai.com/gptbot)" 63 **0/63063**
74.7.227.26 - - [04/Mar/2026:05:28:48 -0700] "GET /wp-sitemap.xml?fileloc=//opt/alt/python310/bin/2to3&path=//opt/alt/python310/bin HTTP/1.1" 200 2333 "http://www.icdp.co.in/wp-sitemap.xml?path=//opt/alt/python310/bin" "Mozilla/5.0 AppleWebKit/537.36 (KHTML, like Gecko; compatible; GPTBot/1.3; +https://openai.com/gptbot)" 50 **0/50186**
74.7.227.26 - - [04/Mar/2026:05:28:49 -0700] "GET /wp-sitemap.xml?path=//etc/scl/conf HTTP/1.1" 200 2818 "http://www.icdp.co.in/wp-sitemap.xml?path=//etc/scl" "Mozilla/5.0 AppleWebKit/537.36 (KHTML, like Gecko; compatible; GPTBot/1.3; +https://openai.com/gptbot)" 42 **0/42428**
74.7.227.26 - - [04/Mar/2026:05:28:49 -0700] "GET /wp-sitemap.xml?path=//opt/alt/python-internal/share/licenses HTTP/1.1" 200 2589 "http://www.icdp.co.in/wp-sitemap.xml?path=//opt/alt/python-internal/share" "Mozilla/5.0 AppleWebKit/537.36 (KHTML, like Gecko; compatible; GPTBot/1.3; +https://openai.com/gptbot)" 40 **0/40860**
74.7.227.26 - - [04/Mar/2026:05:28:50 -0700] "GET /wp-sitemap.xml?fileloc=//etc/skipsmtpcheckhosts&path=//etc HTTP/1.1" 200 2251 "http://www.icdp.co.in/wp-sitemap.xml?path=//etc" "Mozilla/5.0 AppleWebKit/537.36 (KHTML, like Gecko; compatible; GPTBot/1.3; +https://openai.com/gptbot)" 49 **0/49868**
144.76.32.236 - - [04/Mar/2026:05:28:50 -0700] "GET /lucky-haunter-super-hot-slot-machine-slots-online-para-aprestar-dado-abicar-gesto-puerilidade-atrbuicao-igrosoft/ HTTP/1.1" 200 5663 "-" "Mozilla/5.0 (compatible; SERankingBacklinksBot/1.0; +https://seranking.com/backlinks-crawler)" 46 **0/46024**
74.7.227.26 - - [04/Mar/2026:05:28:50 -0700] "GET /wp-sitemap.xml?fileloc=//proc/irq/100/affinity_hint&path=//proc/irq/100 HTTP/1.1" 200 2274 "http://www.icdp.co.in/wp-sitemap.xml?path=//proc/irq/100" "Mozilla/5.0 AppleWebKit/537.36 (KHTML, like Gecko; compatible; GPTBot/1.3; +https://openai.com/gptbot)" 40 **0/40839**
74.7.227.26 - - [04/Mar/2026:05:28:51 -0700] "GET /wp-sitemap.xml?path=//etc/environment-modules HTTP/1.1" 200 2638 "http://www.icdp.co.in/wp-sitemap.xml?path=//etc" "Mozilla/5.0 AppleWebKit/537.36 (KHTML, like Gecko; compatible; GPTBot/1.3; +https://openai.com/gptbot)" 45 **0/45923**
74.7.227.26 - - [04/Mar/2026:05:28:51 -0700] "GET /wp-sitemap.xml?fileloc=//opt/alt/vips/lib64/vips-modules-8.16/vips-poppler.so&path=//opt/alt/vips/lib64/vips-modules-8.16 HTTP/1.1" 200 10489 "http://www.icdp.co.in/wp-sitemap.xml?path=//opt/alt/vips/lib64/vips-modules-8.16" "Mozilla/5.0 AppleWebKit/537.36 (KHTML, like Gecko; compatible; GPTBot/1.3; +https://openai.com/gptbot)" 41 **0/41496**
57.141.2.34 - - [04/Mar/2026:05:28:52 -0700] "GET /wp-json/wp/v2/posts/148201 HTTP/1.1" 200 127968 "-" "meta-externalagent/1.1 (+https://developers.facebook.com/docs/sharing/webmasters/crawler)" 42 **0/42181**
74.7.227.26 - - [04/Mar/2026:05:28:52 -0700] "GET /wp-sitemap.xml?fileloc=//proc/sys/net/netfilter/nf_conntrack_frag6_timeout&path=//proc/sys/net/netfilter HTTP/1.1" 200 2293 "http://www.icdp.co.in/wp-sitemap.xml?path=//proc/sys/net/netfilter" "Mozilla/5.0 AppleWebKit/537.36 (KHTML, like Gecko; compatible; GPTBot/1.3; +https://openai.com/gptbot)" 46 **0/46288**
74.7.227.26 - - [04/Mar/2026:05:28:52 -0700] "GET /wp-sitemap.xml?fileloc=//proc/sys/net/netfilter/nf_conntrack_frag6_high_thresh&path=//proc/sys/net/netfilter HTTP/1.1" 200 2302 "http://www.icdp.co.in/wp-sitemap.xml?path=//proc/sys/net/netfilter" "Mozilla/5.0 AppleWebKit/537.36 (KHTML, like Gecko; compatible; GPTBot/1.3; +https://openai.com/gptbot)" 51 **0/51057**
74.7.227.26 - - [04/Mar/2026:05:28:53 -0700] "GET /wp-sitemap.xml?fileloc=//proc/sys/net/netfilter/nf_conntrack_frag6_low_thresh&path=//proc/sys/net/netfilter HTTP/1.1" 200 2301 "http://www.icdp.co.in/wp-sitemap.xml?path=//proc/sys/net/netfilter" "Mozilla/5.0 AppleWebKit/537.36 (KHTML, like Gecko; compatible; GPTBot/1.3; +https://openai.com/gptbot)" 49 **0/49415**
74.7.227.26 - - [04/Mar/2026:05:28:53 -0700] "GET /wp-sitemap.xml?fileloc=//proc/sys/net/netfilter/nf_conntrack_icmpv6_timeout&path=//proc/sys/net/netfilter HTTP/1.1" 200 2297 "http://www.icdp.co.in/wp-sitemap.xml?path=//proc/sys/net/netfilter" "Mozilla/5.0 AppleWebKit/537.36 (KHTML, like Gecko; compatible; GPTBot/1.3; +https://openai.com/gptbot)" 52 **0/52540**
144.76.32.236 - - [04/Mar/2026:05:28:54 -0700] "GET /competir-rise-of-ra-tragaperras-rtp-lucky-5-line-slot-sobre-linea-astroboomers-tragamonedas-mississippi-allegros/ HTTP/1.1" 200 5663 "-" "Mozilla/5.0 (compatible; SERankingBacklinksBot/1.0; +https://seranking.com/backlinks-crawler)" 53 **0/53119**
74.7.227.26 - - [04/Mar/2026:05:28:54 -0700] "GET /wp-sitemap.xml?fileloc=//proc/sys/net/netfilter/nf_conntrack_dccp_loose&path=//proc/sys/net/netfilter HTTP/1.1" 200 2291 "http://www.icdp.co.in/wp-sitemap.xml?path=//proc/sys/net/netfilter" "Mozilla/5.0 AppleWebKit/537.36 (KHTML, like Gecko; compatible; GPTBot/1.3; +https://openai.com/gptbot)" 51 **0/51951**
74.7.227.26 - - [04/Mar/2026:05:28:54 -0700] "GET /wp-sitemap.xml?fileloc=//proc/sys/net/netfilter/nf_conntrack_expect_max&path=//proc/sys/net/netfilter HTTP/1.1" 200 2294 "http://www.icdp.co.in/wp-sitemap.xml?path=//proc/sys/net/netfilter" "Mozilla/5.0 AppleWebKit/537.36 (KHTML, like Gecko; compatible; GPTBot/1.3; +https://openai.com/gptbot)" 42 **0/42347**
74.7.227.26 - - [04/Mar/2026:05:28:55 -0700] "GET /wp-sitemap.xml?fileloc=//proc/sys/net/netfilter/nf_conntrack_timestamp&path=//proc/sys/net/netfilter HTTP/1.1" 200 2286 "http://www.icdp.co.in/wp-sitemap.xml?path=//proc/sys/net/netfilter" "Mozilla/5.0 AppleWebKit/537.36 (KHTML, like Gecko; compatible; GPTBot/1.3; +https://openai.com/gptbot)" 41 **0/41689**
74.7.227.26 - - [04/Mar/2026:05:28:56 -0700] "GET /wp-sitemap.xml?fileloc=//proc/sys/net/netfilter/nf_conntrack_tcp_loose&path=//proc/sys/net/netfilter HTTP/1.1" 200 2290 "http://www.icdp.co.in/wp-sitemap.xml?path=//proc/sys/net/netfilter" "Mozilla/5.0 AppleWebKit/537.36 (KHTML, like Gecko; compatible; GPTBot/1.3; +https://openai.com/gptbot)" 38 **0/38428**
74.7.227.26 - - [04/Mar/2026:05:28:56 -0700] "GET /wp-sitemap.xml?fileloc=//proc/sys/net/netfilter/nf_conntrack_sctp_timeout_heartbeat_sent&path=//proc/sys/net/netfilter HTTP/1.1" 200 2306 "http://www.icdp.co.in/wp-sitemap.xml?path=//proc/sys/net/netfilter" "Mozilla/5.0 AppleWebKit/537.36 (KHTML, like Gecko; compatible; GPTBot/1.3; +https://openai.com/gptbot)" 43 **0/43214**
74.7.227.26 - - [04/Mar/2026:05:28:57 -0700] "GET /wp-sitemap.xml?fileloc=//etc/environment-modules/initrc&path=//etc/environment-modules HTTP/1.1" 200 2432 "http://www.icdp.co.in/wp-sitemap.xml?path=//etc/environment-modules" "Mozilla/5.0 AppleWebKit/537.36 (KHTML, like Gecko; compatible; GPTBot/1.3; +https://openai.com/gptbot)" 46 **0/46472**
74.7.227.26 - - [04/Mar/2026:05:28:57 -0700] "GET /wp-sitemap.xml?fileloc=//proc/sys/net/netfilter/nf_conntrack_helper&path=//proc/sys/net/netfilter HTTP/1.1" 200 2288 "http://www.icdp.co.in/wp-sitemap.xml?path=//proc/sys/net/netfilter" "Mozilla/5.0 AppleWebKit/537.36 (KHTML, like Gecko; compatible; GPTBot/1.3; +https://openai.com/gptbot)" 54 **0/54519**
74.7.227.26 - - [04/Mar/2026:05:28:58 -0700] "GET /wp-sitemap.xml?fileloc=//proc/sys/net/netfilter/nf_conntrack_events&path=//proc/sys/net/netfilter HTTP/1.1" 200 2285 "http://www.icdp.co.in/wp-sitemap.xml?path=//proc/sys/net/netfilter" "Mozilla/5.0 AppleWebKit/537.36 (KHTML, like Gecko; compatible; GPTBot/1.3; +https://openai.com/gptbot)" 50 **0/50544**
74.7.227.26 - - [04/Mar/2026:05:28:58 -0700] "GET /wp-sitemap.xml?fileloc=//proc/sys/net/netfilter/nf_conntrack_checksum&path=//proc/sys/net/netfilter HTTP/1.1" 200 2287 "http://www.icdp.co.in/wp-sitemap.xml?path=//proc/sys/net/netfilter" "Mozilla/5.0 AppleWebKit/537.36 (KHTML, like Gecko; compatible; GPTBot/1.3; +https://openai.com/gptbot)" 49 **0/49001**
74.7.227.26 - - [04/Mar/2026:05:28:59 -0700] "GET /wp-sitemap.xml?fileloc=//proc/sys/net/netfilter/nf_conntrack_buckets&path=//proc/sys/net/netfilter HTTP/1.1" 200 2293 "http://www.icdp.co.in/wp-sitemap.xml?path=//proc/sys/net/netfilter" "Mozilla/5.0 AppleWebKit/537.36 (KHTML, like Gecko; compatible; GPTBot/1.3; +https://openai.com/gptbot)" 44 **0/44400**
74.7.227.26 - - [04/Mar/2026:05:28:59 -0700] "GET /wp-sitemap.xml?path=//proc/sys/net/netfilter/nf_log HTTP/1.1" 200 2750 "http://www.icdp.co.in/wp-sitemap.xml?path=//proc/sys/net/netfilter" "Mozilla/5.0 AppleWebKit/537.36 (KHTML, like Gecko; compatible; GPTBot/1.3; +https://openai.com/gptbot)" 43 **0/43481**
74.7.227.26 - - [04/Mar/2026:05:29:00 -0700] "GET /wp-sitemap.xml?fileloc=//proc/sys/net/netfilter/nf_conntrack_tcp_timeout_unacknowledged&path=//proc/sys/net/netfilter HTTP/1.1" 200 2300 "http://www.icdp.co.in/wp-sitemap.xml?path=//proc/sys/net/netfilter" "Mozilla/5.0 AppleWebKit/537.36 (KHTML, like Gecko; compatible; GPTBot/1.3; +https://openai.com/gptbot)" 57 **0/57279**
74.7.227.26 - - [04/Mar/2026:05:29:00 -0700] "GET /wp-sitemap.xml?fileloc=//proc/sys/net/netfilter/nf_log_all_netns&path=//proc/sys/net/netfilter HTTP/1.1" 200 2285 "http://www.icdp.co.in/wp-sitemap.xml?path=//proc/sys/net/netfilter" "Mozilla/5.0 AppleWebKit/537.36 (KHTML, like Gecko; compatible; GPTBot/1.3; +https://openai.com/gptbot)" 61 **0/61528**
144.76.32.236 - - [04/Mar/2026:05:29:00 -0700] "GET /at-the-conclusion-of-the-afternoon-ports-%ef%bf%bd-pharaohs-method-is-the-goals-whatever-the-viewpoints-involved/ HTTP/1.1" 200 5663 "-" "Mozilla/5.0 (compatible; SERankingBacklinksBot/1.0; +https://seranking.com/backlinks-crawler)" 55 **0/55762**
74.7.227.26 - - [04/Mar/2026:05:29:01 -0700] "GET /wp-sitemap.xml?fileloc=//opt/alt/vips/lib64/vips-modules-8.16/vips-openslide.so&path=//opt/alt/vips/lib64/vips-modules-8.16 HTTP/1.1" 200 10825 "http://www.icdp.co.in/wp-sitemap.xml?path=//opt/alt/vips/lib64/vips-modules-8.16" "Mozilla/5.0 AppleWebKit/537.36 (KHTML, like Gecko; compatible; GPTBot/1.3; +https://openai.com/gptbot)" 61 **0/61512**
74.7.227.26 - - [04/Mar/2026:05:29:01 -0700] "GET /wp-sitemap.xml?fileloc=//proc/sys/net/netfilter/nf_conntrack_dccp_timeout_partopen&path=//proc/sys/net/netfilter HTTP/1.1" 200 2301 "http://www.icdp.co.in/wp-sitemap.xml?path=//proc/sys/net/netfilter" "Mozilla/5.0 AppleWebKit/537.36 (KHTML, like Gecko; compatible; GPTBot/1.3; +https://openai.com/gptbot)" 135 **0/135247**
74.7.227.26 - - [04/Mar/2026:05:29:02 -0700] "GET /wp-sitemap.xml?fileloc=//proc/sys/net/netfilter/nf_conntrack_sctp_timeout_established&path=//proc/sys/net/netfilter HTTP/1.1" 200 2303 "http://www.icdp.co.in/wp-sitemap.xml?path=//proc/sys/net/netfilter" "Mozilla/5.0 AppleWebKit/537.36 (KHTML, like Gecko; compatible; GPTBot/1.3; +https://openai.com/gptbot)" 76 **0/76580**
74.7.227.26 - - [04/Mar/2026:05:29:02 -0700] "GET /wp-sitemap.xml?fileloc=//proc/sys/net/netfilter/nf_conntrack_tcp_timeout_established&path=//proc/sys/net/netfilter HTTP/1.1" 200 2302 "http://www.icdp.co.in/wp-sitemap.xml?path=//proc/sys/net/netfilter" "Mozilla/5.0 AppleWebKit/537.36 (KHTML, like Gecko; compatible; GPTBot/1.3; +https://openai.com/gptbot)" 64 **0/64790**
74.7.227.26 - - [04/Mar/2026:05:29:03 -0700] "GET /wp-sitemap.xml?fileloc=//proc/sys/net/netfilter/nf_conntrack_dccp_timeout_timewait&path=//proc/sys/net/netfilter HTTP/1.1" 200 2300 "http://www.icdp.co.in/wp-sitemap.xml?path=//proc/sys/net/netfilter" "Mozilla/5.0 AppleWebKit/537.36 (KHTML, like Gecko; compatible; GPTBot/1.3; +https://openai.com/gptbot)" 63 **0/63162**
74.7.227.26 - - [04/Mar/2026:05:29:03 -0700] "GET /wp-sitemap.xml?fileloc=//proc/sys/net/netfilter/nf_conntrack_dccp_timeout_closereq&path=//proc/sys/net/netfilter HTTP/1.1" 200 2301 "http://www.icdp.co.in/wp-sitemap.xml?path=//proc/sys/net/netfilter" "Mozilla/5.0 AppleWebKit/537.36 (KHTML, like Gecko; compatible; GPTBot/1.3; +https://openai.com/gptbot)" 59 **0/59020**
74.7.227.26 - - [04/Mar/2026:05:29:04 -0700] "GET /wp-sitemap.xml?fileloc=//proc/sys/net/netfilter/nf_conntrack_icmp_timeout&path=//proc/sys/net/netfilter HTTP/1.1" 200 2295 "http://www.icdp.co.in/wp-sitemap.xml?path=//proc/sys/net/netfilter" "Mozilla/5.0 AppleWebKit/537.36 (KHTML, like Gecko; compatible; GPTBot/1.3; +https://openai.com/gptbot)" 55 **0/55277**
170.106.37.134 - - [04/Mar/2026:05:29:04 -0700] "GET /?fileloc=/home/nyiet8349bzl/.myimunify_id&path=/home/nyiet8349bzl HTTP/1.1" 200 2551 "-" "Mozilla/5.0 (iPhone; CPU iPhone OS 13_2_3 like Mac OS X) AppleWebKit/605.1.15 (KHTML, like Gecko) Version/13.0.3 Mobile/15E148 Safari/604.1" 50 **0/50529**
74.7.227.26 - - [04/Mar/2026:05:29:04 -0700] "GET /wp-sitemap.xml?fileloc=//proc/sys/net/netfilter/nf_conntrack_tcp_timeout_time_wait&path=//proc/sys/net/netfilter HTTP/1.1" 200 2300 "http://www.icdp.co.in/wp-sitemap.xml?path=//proc/sys/net/netfilter" "Mozilla/5.0 AppleWebKit/537.36 (KHTML, like Gecko; compatible; GPTBot/1.3; +https://openai.com/gptbot)" 58 **0/58245**
74.7.227.26 - - [04/Mar/2026:05:29:05 -0700] "GET /wp-sitemap.xml?fileloc=//proc/sys/net/netfilter/nf_log/11&path=//proc/sys/net/netfilter/nf_log HTTP/1.1" 200 2286 "http://www.icdp.co.in/wp-sitemap.xml?path=//proc/sys/net/netfilter/nf_log" "Mozilla/5.0 AppleWebKit/537.36 (KHTML, like Gecko; compatible; GPTBot/1.3; +https://openai.com/gptbot)" 46 **0/46696**
74.7.227.26 - - [04/Mar/2026:05:29:05 -0700] "GET /wp-sitemap.xml?fileloc=//proc/sys/net/netfilter/nf_conntrack_tcp_timeout_fin_wait&path=//proc/sys/net/netfilter HTTP/1.1" 200 2302 "http://www.icdp.co.in/wp-sitemap.xml?path=//proc/sys/net/netfilter" "Mozilla/5.0 AppleWebKit/537.36 (KHTML, like Gecko; compatible; GPTBot/1.3; +https://openai.com/gptbot)" 48 **0/48179**
74.7.227.26 - - [04/Mar/2026:05:29:06 -0700] "GET /wp-sitemap.xml?fileloc=//proc/sys/net/netfilter/nf_conntrack_tcp_timeout_close&path=//proc/sys/net/netfilter HTTP/1.1" 200 2298 "http://www.icdp.co.in/wp-sitemap.xml?path=//proc/sys/net/netfilter" "Mozilla/5.0 AppleWebKit/537.36 (KHTML, like Gecko; compatible; GPTBot/1.3; +https://openai.com/gptbot)" 44 **0/44686**
74.7.227.26 - - [04/Mar/2026:05:29:06 -0700] "GET /wp-sitemap.xml?fileloc=//proc/sys/net/netfilter/nf_conntrack_tcp_max_retrans&path=//proc/sys/net/netfilter HTTP/1.1" 200 2294 "http://www.icdp.co.in/wp-sitemap.xml?path=//proc/sys/net/netfilter" "Mozilla/5.0 AppleWebKit/537.36 (KHTML, like Gecko; compatible; GPTBot/1.3; +https://openai.com/gptbot)" 51 **0/51089**
74.7.227.26 - - [04/Mar/2026:05:29:07 -0700] "GET /wp-sitemap.xml?fileloc=//proc/sys/net/netfilter/nf_flowtable_tcp_timeout&path=//proc/sys/net/netfilter HTTP/1.1" 200 2293 "http://www.icdp.co.in/wp-sitemap.xml?path=//proc/sys/net/netfilter" "Mozilla/5.0 AppleWebKit/537.36 (KHTML, like Gecko; compatible; GPTBot/1.3; +https://openai.com/gptbot)" 42 **0/42927**
74.7.227.26 - - [04/Mar/2026:05:29:08 -0700] "GET /wp-sitemap.xml?fileloc=//etc/scl/conf/alt-php74&path=//etc/scl/conf HTTP/1.1" 200 2279 "http://www.icdp.co.in/wp-sitemap.xml?path=//etc/scl/conf" "Mozilla/5.0 AppleWebKit/537.36 (KHTML, like Gecko; compatible; GPTBot/1.3; +https://openai.com/gptbot)" 42 **0/42826**
74.7.227.26 - - [04/Mar/2026:05:29:08 -0700] "GET /wp-sitemap.xml?fileloc=//etc/scl/conf/alt-php82&path=//etc/scl/conf HTTP/1.1" 200 2279 "http://www.icdp.co.in/wp-sitemap.xml?path=//etc/scl/conf" "Mozilla/5.0 AppleWebKit/537.36 (KHTML, like Gecko; compatible; GPTBot/1.3; +https://openai.com/gptbot)" 51 **0/51089**
74.7.227.26 - - [04/Mar/2026:05:29:09 -0700] "GET /wp-sitemap.xml?fileloc=//etc/scl/conf/alt-php80&path=//etc/scl/conf HTTP/1.1" 200 2279 "http://www.icdp.co.in/wp-sitemap.xml?path=//etc/scl/conf" "Mozilla/5.0 AppleWebKit/537.36 (KHTML, like Gecko; compatible; GPTBot/1.3; +https://openai.com/gptbot)" 43 **0/43489**
74.7.227.26 - - [04/Mar/2026:05:29:09 -0700] "GET /wp-sitemap.xml?fileloc=//etc/scl/conf/ea-php84&path=//etc/scl/conf HTTP/1.1" 200 2276 "http://www.icdp.co.in/wp-sitemap.xml?path=//etc/scl/conf" "Mozilla/5.0 AppleWebKit/537.36 (KHTML, like Gecko; compatible; GPTBot/1.3; +https://openai.com/gptbot)" 42 **0/42948**
74.7.227.26 - - [04/Mar/2026:05:29:10 -0700] "GET /wp-sitemap.xml?fileloc=//etc/scl/conf/alt-php70&path=//etc/scl/conf HTTP/1.1" 200 2279 "http://www.icdp.co.in/wp-sitemap.xml?path=//etc/scl/conf" "Mozilla/5.0 AppleWebKit/537.36 (KHTML, like Gecko; compatible; GPTBot/1.3; +https://openai.com/gptbot)" 52 **0/52648**
74.7.227.26 - - [04/Mar/2026:05:29:10 -0700] "GET /wp-sitemap.xml?fileloc=//etc/scl/conf/alt-php84&path=//etc/scl/conf HTTP/1.1" 200 2279 "http://www.icdp.co.in/wp-sitemap.xml?path=//etc/scl/conf" "Mozilla/5.0 AppleWebKit/537.36 (KHTML, like Gecko; compatible; GPTBot/1.3; +https://openai.com/gptbot)" 59 **0/59861**
74.7.227.26 - - [04/Mar/2026:05:29:11 -0700] "GET /wp-sitemap.xml?fileloc=//etc/scl/conf/alt-php73&path=//etc/scl/conf HTTP/1.1" 200 2279 "http://www.icdp.co.in/wp-sitemap.xml?path=//etc/scl/conf" "Mozilla/5.0 AppleWebKit/537.36 (KHTML, like Gecko; compatible; GPTBot/1.3; +https://openai.com/gptbot)" 51 **0/51489**
144.76.32.236 - - [04/Mar/2026:05:29:11 -0700] "GET /greatest-dashboard-gambling-enterprises-2025-play-gambling-games-which-have-play-book-of-dead-online-dash-crypto/ HTTP/1.1" 200 5663 "-" "Mozilla/5.0 (compatible; SERankingBacklinksBot/1.0; +https://seranking.com/backlinks-crawler)" 45 **0/45987**
74.7.227.26 - - [04/Mar/2026:05:29:11 -0700] "GET /wp-sitemap.xml?fileloc=//etc/scl/conf/alt-php54&path=//etc/scl/conf HTTP/1.1" 200 2279 "http://www.icdp.co.in/wp-sitemap.xml?path=//etc/scl/conf" "Mozilla/5.0 AppleWebKit/537.36 (KHTML, like Gecko; compatible; GPTBot/1.3; +https://openai.com/gptbot)" 52 **0/52125**
74.7.227.26 - - [04/Mar/2026:05:29:12 -0700] "GET /wp-sitemap.xml?fileloc=//etc/scl/conf/alt-php56&path=//etc/scl/conf HTTP/1.1" 200 2279 "http://www.icdp.co.in/wp-sitemap.xml?path=//etc/scl/conf" "Mozilla/5.0 AppleWebKit/537.36 (KHTML, like Gecko; compatible; GPTBot/1.3; +https://openai.com/gptbot)" 47 **0/47002**
74.7.227.26 - - [04/Mar/2026:05:29:12 -0700] "GET /wp-sitemap.xml?fileloc=//etc/scl/conf/alt-php71&path=//etc/scl/conf HTTP/1.1" 200 2279 "http://www.icdp.co.in/wp-sitemap.xml?path=//etc/scl/conf" "Mozilla/5.0 AppleWebKit/537.36 (KHTML, like Gecko; compatible; GPTBot/1.3; +https://openai.com/gptbot)" 49 **0/49683**
74.7.227.26 - - [04/Mar/2026:05:29:13 -0700] "GET /wp-sitemap.xml?fileloc=//etc/scl/conf/alt-php81&path=//etc/scl/conf HTTP/1.1" 200 2279 "http://www.icdp.co.in/wp-sitemap.xml?path=//etc/scl/conf" "Mozilla/5.0 AppleWebKit/537.36 (KHTML, like Gecko; compatible; GPTBot/1.3; +https://openai.com/gptbot)" 49 **0/49759**
74.7.227.26 - - [04/Mar/2026:05:29:13 -0700] "GET /wp-sitemap.xml?fileloc=//etc/scl/conf/alt-php72&path=//etc/scl/conf HTTP/1.1" 200 2279 "http://www.icdp.co.in/wp-sitemap.xml?path=//etc/scl/conf" "Mozilla/5.0 AppleWebKit/537.36 (KHTML, like Gecko; compatible; GPTBot/1.3; +https://openai.com/gptbot)" 45 **0/45602**
74.7.227.26 - - [04/Mar/2026:05:29:14 -0700] "GET /wp-sitemap.xml?fileloc=//etc/scl/conf/alt-php83&path=//etc/scl/conf HTTP/1.1" 200 2279 "http://www.icdp.co.in/wp-sitemap.xml?path=//etc/scl/conf" "Mozilla/5.0 AppleWebKit/537.36 (KHTML, like Gecko; compatible; GPTBot/1.3; +https://openai.com/gptbot)" 48 **0/48408**
74.7.227.26 - - [04/Mar/2026:05:29:14 -0700] "GET /wp-sitemap.xml?fileloc=//proc/sys/net/netfilter/nf_conntrack_udp_timeout_stream&path=//proc/sys/net/netfilter HTTP/1.1" 200 2298 "http://www.icdp.co.in/wp-sitemap.xml?path=//proc/sys/net/netfilter" "Mozilla/5.0 AppleWebKit/537.36 (KHTML, like Gecko; compatible; GPTBot/1.3; +https://openai.com/gptbot)" 42 **0/42496**
74.7.227.26 - - [04/Mar/2026:05:29:15 -0700] "GET /wp-sitemap.xml?fileloc=//proc/sys/net/netfilter/nf_conntrack_tcp_be_liberal&path=//proc/sys/net/netfilter HTTP/1.1" 200 2292 "http://www.icdp.co.in/wp-sitemap.xml?path=//proc/sys/net/netfilter" "Mozilla/5.0 AppleWebKit/537.36 (KHTML, like Gecko; compatible; GPTBot/1.3; +https://openai.com/gptbot)" 47 **0/47702**
74.7.227.26 - - [04/Mar/2026:05:29:15 -0700] "GET /wp-sitemap.xml?fileloc=//proc/sys/net/netfilter/nf_conntrack_dccp_timeout_open&path=//proc/sys/net/netfilter HTTP/1.1" 200 2301 "http://www.icdp.co.in/wp-sitemap.xml?path=//proc/sys/net/netfilter" "Mozilla/5.0 AppleWebKit/537.36 (KHTML, like Gecko; compatible; GPTBot/1.3; +https://openai.com/gptbot)" 48 **0/48275**
74.7.227.26 - - [04/Mar/2026:05:29:16 -0700] "GET /wp-sitemap.xml?fileloc=//proc/sys/net/netfilter/nf_conntrack_udp_timeout&path=//proc/sys/net/netfilter HTTP/1.1" 200 2293 "http://www.icdp.co.in/wp-sitemap.xml?path=//proc/sys/net/netfilter" "Mozilla/5.0 AppleWebKit/537.36 (KHTML, like Gecko; compatible; GPTBot/1.3; +https://openai.com/gptbot)" 62 **0/62288**
74.7.227.26 - - [04/Mar/2026:05:29:17 -0700] "GET /wp-sitemap.xml?fileloc=//proc/sys/net/netfilter/nf_conntrack_sctp_timeout_closed&path=//proc/sys/net/netfilter HTTP/1.1" 200 2299 "http://www.icdp.co.in/wp-sitemap.xml?path=//proc/sys/net/netfilter" "Mozilla/5.0 AppleWebKit/537.36 (KHTML, like Gecko; compatible; GPTBot/1.3; +https://openai.com/gptbot)" 43 **0/43680**
74.7.227.26 - - [04/Mar/2026:05:29:17 -0700] "GET /wp-sitemap.xml?fileloc=//proc/sys/net/netfilter/nf_conntrack_tcp_timeout_syn_recv&path=//proc/sys/net/netfilter HTTP/1.1" 200 2302 "http://www.icdp.co.in/wp-sitemap.xml?path=//proc/sys/net/netfilter" "Mozilla/5.0 AppleWebKit/537.36 (KHTML, like Gecko; compatible; GPTBot/1.3; +https://openai.com/gptbot)" 41 **0/41507**
74.7.227.26 - - [04/Mar/2026:05:29:18 -0700] "GET /wp-sitemap.xml?fileloc=//proc/sys/net/netfilter/nf_conntrack_tcp_timeout_last_ack&path=//proc/sys/net/netfilter HTTP/1.1" 200 2302 "http://www.icdp.co.in/wp-sitemap.xml?path=//proc/sys/net/netfilter" "Mozilla/5.0 AppleWebKit/537.36 (KHTML, like Gecko; compatible; GPTBot/1.3; +https://openai.com/gptbot)" 40 **0/40966**
144.76.32.236 - - [04/Mar/2026:05:29:18 -0700] "GET /man-in-the-60s-discover-unresponsive-inside-the-black-diamond-safe-casino-payment-methods-lake-analysis-underway/ HTTP/1.1" 200 5663 "-" "Mozilla/5.0 (compatible; SERankingBacklinksBot/1.0; +https://seranking.com/backlinks-crawler)" 46 **0/46770**
74.7.227.26 - - [04/Mar/2026:05:29:18 -0700] "GET /wp-sitemap.xml?fileloc=//proc/sys/net/netfilter/nf_flowtable_udp_timeout&path=//proc/sys/net/netfilter HTTP/1.1" 200 2292 "http://www.icdp.co.in/wp-sitemap.xml?path=//proc/sys/net/netfilter" "Mozilla/5.0 AppleWebKit/537.36 (KHTML, like Gecko; compatible; GPTBot/1.3; +https://openai.com/gptbot)" 52 **0/52301**
74.7.227.26 - - [04/Mar/2026:05:29:19 -0700] "GET /wp-sitemap.xml?fileloc=//proc/sys/net/netfilter/nf_conntrack_generic_timeout&path=//proc/sys/net/netfilter HTTP/1.1" 200 2297 "http://www.icdp.co.in/wp-sitemap.xml?path=//proc/sys/net/netfilter" "Mozilla/5.0 AppleWebKit/537.36 (KHTML, like Gecko; compatible; GPTBot/1.3; +https://openai.com/gptbot)" 46 **0/46262**
