74.7.227.26 - - [04/Mar/2026:05:48:48 -0700] "GET /wp-sitemap.xml?fileloc=//proc/thread-self/root/usr/share/man/man1/bin_dec_hex.1.gz&path=//proc/thread-self/root/usr/share/man/man1 HTTP/1.1" 200 8483 "http://www.icdp.co.in/wp-sitemap.xml?path=//proc/thread-self/root/usr/share/man/man1" "Mozilla/5.0 AppleWebKit/537.36 (KHTML, like Gecko; compatible; GPTBot/1.3; +https://openai.com/gptbot)" 53 **0/53442**
216.73.216.186 - - [04/Mar/2026:05:48:48 -0700] "GET /wp-sitemap.xml?fileloc=%2F%2Ftmp%2F.sys&path=%2F%2Ftmp HTTP/1.1" 200 2901 "-" "Mozilla/5.0 AppleWebKit/537.36 (KHTML, like Gecko; compatible; ClaudeBot/1.0; +claudebot@anthropic.com)" 44 **0/44860**
216.73.216.186 - - [04/Mar/2026:05:48:49 -0700] "GET /wp-sitemap.xml?fileloc=%2F%2Ftmp%2F.object&path=%2F%2Ftmp HTTP/1.1" 200 2293 "-" "Mozilla/5.0 AppleWebKit/537.36 (KHTML, like Gecko; compatible; ClaudeBot/1.0; +claudebot@anthropic.com)" 43 **0/43552**
216.73.216.186 - - [04/Mar/2026:05:48:49 -0700] "GET /wp-sitemap.xml?path=%2F%2Fproc%2Fsysvipc HTTP/1.1" 200 2602 "-" "Mozilla/5.0 AppleWebKit/537.36 (KHTML, like Gecko; compatible; ClaudeBot/1.0; +claudebot@anthropic.com)" 44 **0/44404**
216.73.216.186 - - [04/Mar/2026:05:48:49 -0700] "GET /how-does-100-free-processor-no-deposit-extra-really-works?path=%2F%2Fetc%2Fcl.nodejs HTTP/1.1" 200 2637 "-" "Mozilla/5.0 AppleWebKit/537.36 (KHTML, like Gecko; compatible; ClaudeBot/1.0; +claudebot@anthropic.com)" 44 **0/44969**
74.7.227.26 - - [04/Mar/2026:05:48:49 -0700] "GET /wp-sitemap.xml?fileloc=//proc/thread-self/root/usr/share/man/man3/_nc_free_tinfo.3x.gz&path=//proc/thread-self/root/usr/share/man/man3 HTTP/1.1" 200 4073 "http://www.icdp.co.in/wp-sitemap.xml?path=//proc/thread-self/root/usr/share/man/man3" "Mozilla/5.0 AppleWebKit/537.36 (KHTML, like Gecko; compatible; GPTBot/1.3; +https://openai.com/gptbot)" 59 **0/59093**
216.73.216.186 - - [04/Mar/2026:05:48:49 -0700] "GET /wp-sitemap.xml?path=%2F%2Fvar%2Fcache HTTP/1.1" 200 2678 "-" "Mozilla/5.0 AppleWebKit/537.36 (KHTML, like Gecko; compatible; ClaudeBot/1.0; +claudebot@anthropic.com)" 53 **0/53185**
216.73.216.186 - - [04/Mar/2026:05:48:49 -0700] "GET /wp-sitemap.xml?fileloc=%2F%2Flib64%2Flibpython3.so&path=%2F%2Flib64 HTTP/1.1" 200 4193 "-" "Mozilla/5.0 AppleWebKit/537.36 (KHTML, like Gecko; compatible; ClaudeBot/1.0; +claudebot@anthropic.com)" 50 **0/50085**
216.73.216.186 - - [04/Mar/2026:05:48:49 -0700] "GET /wp-sitemap.xml?fileloc=%2F%2Flib64%2Flibpython2.7.so&path=%2F%2Flib64 HTTP/1.1" 200 615729 "-" "Mozilla/5.0 AppleWebKit/537.36 (KHTML, like Gecko; compatible; ClaudeBot/1.0; +claudebot@anthropic.com)" 403 **0/403237**
216.73.216.186 - - [04/Mar/2026:05:48:49 -0700] "GET /wp-sitemap.xml?path=%2F%2Flib%2Fkernel HTTP/1.1" 200 2543 "-" "Mozilla/5.0 AppleWebKit/537.36 (KHTML, like Gecko; compatible; ClaudeBot/1.0; +claudebot@anthropic.com)" 44 **0/44983**
216.73.216.186 - - [04/Mar/2026:05:48:49 -0700] "GET /wp-sitemap.xml?fileloc=%2F%2Ftmp%2F.request&path=%2F%2Ftmp HTTP/1.1" 200 2952 "-" "Mozilla/5.0 AppleWebKit/537.36 (KHTML, like Gecko; compatible; ClaudeBot/1.0; +claudebot@anthropic.com)" 57 **0/57442**
216.73.216.186 - - [04/Mar/2026:05:48:49 -0700] "GET /wp-sitemap.xml?path=%2F%2Flib64%2Fapache2 HTTP/1.1" 200 2543 "-" "Mozilla/5.0 AppleWebKit/537.36 (KHTML, like Gecko; compatible; ClaudeBot/1.0; +claudebot@anthropic.com)" 57 **0/57312**
216.73.216.186 - - [04/Mar/2026:05:48:49 -0700] "GET /wp-sitemap.xml?path=%2F%2Fetc%2Fssh HTTP/1.1" 200 2604 "-" "Mozilla/5.0 AppleWebKit/537.36 (KHTML, like Gecko; compatible; ClaudeBot/1.0; +claudebot@anthropic.com)" 70 **0/70598**
216.73.216.186 - - [04/Mar/2026:05:48:49 -0700] "GET /how-does-100-free-processor-no-deposit-extra-really-works?path=%2F%2Fopt%2Fcloudlinux-linksafe HTTP/1.1" 200 2569 "-" "Mozilla/5.0 AppleWebKit/537.36 (KHTML, like Gecko; compatible; ClaudeBot/1.0; +claudebot@anthropic.com)" 42 **0/42909**
216.73.216.186 - - [04/Mar/2026:05:48:49 -0700] "GET /wp-sitemap.xml?fileloc=%2F%2Ftmp%2F.oauthexceptions&path=%2F%2Ftmp HTTP/1.1" 200 2539 "-" "Mozilla/5.0 AppleWebKit/537.36 (KHTML, like Gecko; compatible; ClaudeBot/1.0; +claudebot@anthropic.com)" 51 **0/51373**
74.7.227.26 - - [04/Mar/2026:05:48:49 -0700] "GET /wp-sitemap.xml?fileloc=//proc/thread-self/root/usr/share/man/man3/xcb_xv_grab_port.3.gz&path=//proc/thread-self/root/usr/share/man/man3 HTTP/1.1" 200 3207 "http://www.icdp.co.in/wp-sitemap.xml?path=//proc/thread-self/root/usr/share/man/man3" "Mozilla/5.0 AppleWebKit/537.36 (KHTML, like Gecko; compatible; GPTBot/1.3; +https://openai.com/gptbot)" 62 **0/62599**
216.73.216.186 - - [04/Mar/2026:05:48:49 -0700] "GET /wp-sitemap.xml?fileloc=%2F%2Ftmp%2F.classes&path=%2F%2Ftmp HTTP/1.1" 200 2402 "-" "Mozilla/5.0 AppleWebKit/537.36 (KHTML, like Gecko; compatible; ClaudeBot/1.0; +claudebot@anthropic.com)" 65 **0/65990**
216.73.216.186 - - [04/Mar/2026:05:48:49 -0700] "GET /wp-sitemap.xml?fileloc=%2F%2Ftmp%2F.obj&path=%2F%2Ftmp HTTP/1.1" 200 2287 "-" "Mozilla/5.0 AppleWebKit/537.36 (KHTML, like Gecko; compatible; ClaudeBot/1.0; +claudebot@anthropic.com)" 43 **0/43587**
216.73.216.186 - - [04/Mar/2026:05:48:50 -0700] "GET /wp-sitemap.xml?fileloc=%2F%2Ftmp%2F.dba_insertion&path=%2F%2Ftmp HTTP/1.1" 200 2683 "-" "Mozilla/5.0 AppleWebKit/537.36 (KHTML, like Gecko; compatible; ClaudeBot/1.0; +claudebot@anthropic.com)" 47 **0/47183**
216.73.216.186 - - [04/Mar/2026:05:48:50 -0700] "GET /wp-sitemap.xml?path=%2F%2Flib%2Fsysctl.d HTTP/1.1" 200 2725 "-" "Mozilla/5.0 AppleWebKit/537.36 (KHTML, like Gecko; compatible; ClaudeBot/1.0; +claudebot@anthropic.com)" 40 **0/40599**
216.73.216.186 - - [04/Mar/2026:05:48:49 -0700] "GET /wp-sitemap.xml?fileloc=%2F%2Fbin%2Fgit-shell&path=%2F%2Fbin HTTP/1.1" 200 952202 "-" "Mozilla/5.0 AppleWebKit/537.36 (KHTML, like Gecko; compatible; ClaudeBot/1.0; +claudebot@anthropic.com)" 850 **0/850324**
216.73.216.186 - - [04/Mar/2026:05:48:50 -0700] "GET /wp-sitemap.xml?fileloc=%2F%2Fbin%2Frecode&path=%2F%2Fbin HTTP/1.1" 200 19446 "-" "Mozilla/5.0 AppleWebKit/537.36 (KHTML, like Gecko; compatible; ClaudeBot/1.0; +claudebot@anthropic.com)" 53 **0/53912**
74.7.227.26 - - [04/Mar/2026:05:48:50 -0700] "GET /wp-sitemap.xml?fileloc=//proc/thread-self/root/usr/share/man/man3/def_prog_mode_sp.3x.gz&path=//proc/thread-self/root/usr/share/man/man3 HTTP/1.1" 200 5276 "http://www.icdp.co.in/wp-sitemap.xml?path=//proc/thread-self/root/usr/share/man/man3" "Mozilla/5.0 AppleWebKit/537.36 (KHTML, like Gecko; compatible; GPTBot/1.3; +https://openai.com/gptbot)" 55 **0/55860**
216.73.216.186 - - [04/Mar/2026:05:48:50 -0700] "GET /wp-sitemap.xml?fileloc=%2F%2Ftmp%2F.multi&path=%2F%2Ftmp HTTP/1.1" 200 3441 "-" "Mozilla/5.0 AppleWebKit/537.36 (KHTML, like Gecko; compatible; ClaudeBot/1.0; +claudebot@anthropic.com)" 57 **0/57152**
216.73.216.186 - - [04/Mar/2026:05:48:50 -0700] "GET /wp-sitemap.xml?fileloc=%2F%2Ftmp%2F.cache&path=%2F%2Ftmp HTTP/1.1" 200 2489 "-" "Mozilla/5.0 AppleWebKit/537.36 (KHTML, like Gecko; compatible; ClaudeBot/1.0; +claudebot@anthropic.com)" 40 **0/40066**
216.73.216.186 - - [04/Mar/2026:05:48:50 -0700] "GET /how-does-100-free-processor-no-deposit-extra-really-works?path=%2F%2Fetc%2Fbash_completion.d HTTP/1.1" 200 2565 "-" "Mozilla/5.0 AppleWebKit/537.36 (KHTML, like Gecko; compatible; ClaudeBot/1.0; +claudebot@anthropic.com)" 42 **0/42545**
216.73.216.186 - - [04/Mar/2026:05:48:50 -0700] "GET /wp-sitemap.xml?path=%2F%2Flib%2Fmodules-load.d HTTP/1.1" 200 2308 "-" "Mozilla/5.0 AppleWebKit/537.36 (KHTML, like Gecko; compatible; ClaudeBot/1.0; +claudebot@anthropic.com)" 44 **0/44129**
216.73.216.186 - - [04/Mar/2026:05:48:50 -0700] "GET /wp-sitemap.xml?path=%2F%2Fproc%2Fsys HTTP/1.1" 200 2772 "-" "Mozilla/5.0 AppleWebKit/537.36 (KHTML, like Gecko; compatible; ClaudeBot/1.0; +claudebot@anthropic.com)" 42 **0/42050**
216.73.216.186 - - [04/Mar/2026:05:48:50 -0700] "GET /wp-sitemap.xml?fileloc=%2F%2Fdev%2Fstdout&path=%2F%2Fdev HTTP/1.1" 200 2246 "-" "Mozilla/5.0 AppleWebKit/537.36 (KHTML, like Gecko; compatible; ClaudeBot/1.0; +claudebot@anthropic.com)" 50 **0/50161**
74.7.227.26 - - [04/Mar/2026:05:48:50 -0700] "GET /wp-sitemap.xml?fileloc=//proc/thread-self/root/usr/share/man/man3/xcb_copy_gc.3.gz&path=//proc/thread-self/root/usr/share/man/man3 HTTP/1.1" 200 2936 "http://www.icdp.co.in/wp-sitemap.xml?path=//proc/thread-self/root/usr/share/man/man3" "Mozilla/5.0 AppleWebKit/537.36 (KHTML, like Gecko; compatible; GPTBot/1.3; +https://openai.com/gptbot)" 63 **0/63736**
216.73.216.186 - - [04/Mar/2026:05:48:50 -0700] "GET /wp-sitemap.xml?path=%2F%2Flib%2Fsysusers.d HTTP/1.1" 200 2658 "-" "Mozilla/5.0 AppleWebKit/537.36 (KHTML, like Gecko; compatible; ClaudeBot/1.0; +claudebot@anthropic.com)" 48 **0/48266**
216.73.216.186 - - [04/Mar/2026:05:48:50 -0700] "GET /wp-sitemap.xml?path=%2F%2Fetc%2Fapache2 HTTP/1.1" 200 2542 "-" "Mozilla/5.0 AppleWebKit/537.36 (KHTML, like Gecko; compatible; ClaudeBot/1.0; +claudebot@anthropic.com)" 44 **0/44221**
216.73.216.186 - - [04/Mar/2026:05:48:51 -0700] "GET /wp-sitemap.xml?path=%2F%2Fusr%2Flibexec HTTP/1.1" 200 2932 "-" "Mozilla/5.0 AppleWebKit/537.36 (KHTML, like Gecko; compatible; ClaudeBot/1.0; +claudebot@anthropic.com)" 52 **0/52287**
216.73.216.186 - - [04/Mar/2026:05:48:51 -0700] "GET /wp-sitemap.xml?path=%2F%2Flib%2Fdebug HTTP/1.1" 200 2652 "-" "Mozilla/5.0 AppleWebKit/537.36 (KHTML, like Gecko; compatible; ClaudeBot/1.0; +claudebot@anthropic.com)" 42 **0/42608**
216.73.216.186 - - [04/Mar/2026:05:48:51 -0700] "GET /wp-sitemap.xml?fileloc=%2F%2Ftmp%2F.include&path=%2F%2Ftmp HTTP/1.1" 200 2285 "-" "Mozilla/5.0 AppleWebKit/537.36 (KHTML, like Gecko; compatible; ClaudeBot/1.0; +claudebot@anthropic.com)" 49 **0/49311**
74.7.227.26 - - [04/Mar/2026:05:48:51 -0700] "GET /wp-sitemap.xml?fileloc=//proc/thread-self/root/usr/share/man/man3/xcb_set_font_path.3.gz&path=//proc/thread-self/root/usr/share/man/man3 HTTP/1.1" 200 2959 "http://www.icdp.co.in/wp-sitemap.xml?path=//proc/thread-self/root/usr/share/man/man3" "Mozilla/5.0 AppleWebKit/537.36 (KHTML, like Gecko; compatible; GPTBot/1.3; +https://openai.com/gptbot)" 64 **0/64349**
216.73.216.186 - - [04/Mar/2026:05:48:51 -0700] "GET /how-does-100-free-processor-no-deposit-extra-really-works?path=%2F%2Fvar%2Fcloudlinux HTTP/1.1" 200 2550 "-" "Mozilla/5.0 AppleWebKit/537.36 (KHTML, like Gecko; compatible; ClaudeBot/1.0; +claudebot@anthropic.com)" 51 **0/51006**
216.73.216.186 - - [04/Mar/2026:05:48:51 -0700] "GET /wp-sitemap.xml?fileloc=%2F%2Fbin%2Fcpp&path=%2F%2Fbin HTTP/1.1" 200 439335 "-" "Mozilla/5.0 AppleWebKit/537.36 (KHTML, like Gecko; compatible; ClaudeBot/1.0; +claudebot@anthropic.com)" 343 **0/343924**
216.73.216.186 - - [04/Mar/2026:05:48:51 -0700] "GET /wp-sitemap.xml?path=%2F%2Fvar%2Fphp HTTP/1.1" 200 2540 "-" "Mozilla/5.0 AppleWebKit/537.36 (KHTML, like Gecko; compatible; ClaudeBot/1.0; +claudebot@anthropic.com)" 48 **0/48276**
216.73.216.186 - - [04/Mar/2026:05:48:51 -0700] "GET /wp-sitemap.xml?path=%2F%2Fopt%2Fsuphp HTTP/1.1" 200 2540 "-" "Mozilla/5.0 AppleWebKit/537.36 (KHTML, like Gecko; compatible; ClaudeBot/1.0; +claudebot@anthropic.com)" 39 **0/39854**
216.73.216.186 - - [04/Mar/2026:05:48:51 -0700] "GET /wp-sitemap.xml?path=%2F%2Fetc%2Fcl.php.d HTTP/1.1" 200 2704 "-" "Mozilla/5.0 AppleWebKit/537.36 (KHTML, like Gecko; compatible; ClaudeBot/1.0; +claudebot@anthropic.com)" 56 **0/56850**
216.73.216.186 - - [04/Mar/2026:05:48:51 -0700] "GET /wp-sitemap.xml?path=%2F%2Fproc%2Fthread-self HTTP/1.1" 200 3709 "-" "Mozilla/5.0 AppleWebKit/537.36 (KHTML, like Gecko; compatible; ClaudeBot/1.0; +claudebot@anthropic.com)" 52 **0/52277**
74.7.227.26 - - [04/Mar/2026:05:48:51 -0700] "GET /wp-sitemap.xml?fileloc=//proc/thread-self/root/usr/share/man/man3/slk_clear_sp.3x.gz&path=//proc/thread-self/root/usr/share/man/man3 HTTP/1.1" 200 5273 "http://www.icdp.co.in/wp-sitemap.xml?path=//proc/thread-self/root/usr/share/man/man3" "Mozilla/5.0 AppleWebKit/537.36 (KHTML, like Gecko; compatible; GPTBot/1.3; +https://openai.com/gptbot)" 72 **0/72814**
216.73.216.186 - - [04/Mar/2026:05:48:51 -0700] "GET /wp-sitemap.xml?path=%2F%2Flib64%2Flua HTTP/1.1" 200 2563 "-" "Mozilla/5.0 AppleWebKit/537.36 (KHTML, like Gecko; compatible; ClaudeBot/1.0; +claudebot@anthropic.com)" 51 **0/51412**
216.73.216.186 - - [04/Mar/2026:05:48:51 -0700] "GET /wp-sitemap.xml?fileloc=%2F%2Fbin%2Fvimdiff&path=%2F%2Fbin HTTP/1.1" 200 1269470 "-" "Mozilla/5.0 AppleWebKit/537.36 (KHTML, like Gecko; compatible; ClaudeBot/1.0; +claudebot@anthropic.com)" 530 **0/530691**
216.73.216.186 - - [04/Mar/2026:05:48:52 -0700] "GET /how-does-100-free-processor-no-deposit-extra-really-works?path=%2F%2Fopt%2Fcloudlinux HTTP/1.1" 200 2970 "-" "Mozilla/5.0 AppleWebKit/537.36 (KHTML, like Gecko; compatible; ClaudeBot/1.0; +claudebot@anthropic.com)" 47 **0/47273**
74.7.227.26 - - [04/Mar/2026:05:48:52 -0700] "GET /wp-sitemap.xml?fileloc=//proc/thread-self/root/usr/share/man/man1/git-web--browse.1.gz&path=//proc/thread-self/root/usr/share/man/man1 HTTP/1.1" 200 4276 "http://www.icdp.co.in/wp-sitemap.xml?path=//proc/thread-self/root/usr/share/man/man1" "Mozilla/5.0 AppleWebKit/537.36 (KHTML, like Gecko; compatible; GPTBot/1.3; +https://openai.com/gptbot)" 49 **0/49971**
74.7.227.26 - - [04/Mar/2026:05:48:52 -0700] "GET /wp-sitemap.xml?fileloc=//proc/thread-self/root/usr/share/man/man3/xcb_glx_wait_x.3.gz&path=//proc/thread-self/root/usr/share/man/man3 HTTP/1.1" 200 2921 "http://www.icdp.co.in/wp-sitemap.xml?path=//proc/thread-self/root/usr/share/man/man3" "Mozilla/5.0 AppleWebKit/537.36 (KHTML, like Gecko; compatible; GPTBot/1.3; +https://openai.com/gptbot)" 58 **0/58639**
74.7.227.26 - - [04/Mar/2026:05:48:53 -0700] "GET /wp-sitemap.xml?fileloc=//proc/thread-self/root/usr/share/man/man3/set_form_win.3x.gz&path=//proc/thread-self/root/usr/share/man/man3 HTTP/1.1" 200 4097 "http://www.icdp.co.in/wp-sitemap.xml?path=//proc/thread-self/root/usr/share/man/man3" "Mozilla/5.0 AppleWebKit/537.36 (KHTML, like Gecko; compatible; GPTBot/1.3; +https://openai.com/gptbot)" 56 **0/56283**
74.7.227.26 - - [04/Mar/2026:05:48:53 -0700] "GET /wp-sitemap.xml?fileloc=//proc/thread-self/root/usr/share/man/man3/xcb_grab_key.3.gz&path=//proc/thread-self/root/usr/share/man/man3 HTTP/1.1" 200 4023 "http://www.icdp.co.in/wp-sitemap.xml?path=//proc/thread-self/root/usr/share/man/man3" "Mozilla/5.0 AppleWebKit/537.36 (KHTML, like Gecko; compatible; GPTBot/1.3; +https://openai.com/gptbot)" 51 **0/51190**
74.7.227.26 - - [04/Mar/2026:05:48:54 -0700] "GET /wp-sitemap.xml?fileloc=//proc/thread-self/root/usr/share/man/man3/slk_touch_sp.3x.gz&path=//proc/thread-self/root/usr/share/man/man3 HTTP/1.1" 200 5273 "http://www.icdp.co.in/wp-sitemap.xml?path=//proc/thread-self/root/usr/share/man/man3" "Mozilla/5.0 AppleWebKit/537.36 (KHTML, like Gecko; compatible; GPTBot/1.3; +https://openai.com/gptbot)" 59 **0/59866**
74.7.227.26 - - [04/Mar/2026:05:48:55 -0700] "GET /wp-sitemap.xml?fileloc=//proc/thread-self/root/usr/share/man/man3/xcb_create_gc.3.gz&path=//proc/thread-self/root/usr/share/man/man3 HTTP/1.1" 200 3219 "http://www.icdp.co.in/wp-sitemap.xml?path=//proc/thread-self/root/usr/share/man/man3" "Mozilla/5.0 AppleWebKit/537.36 (KHTML, like Gecko; compatible; GPTBot/1.3; +https://openai.com/gptbot)" 50 **0/50222**
185.191.171.14 - - [04/Mar/2026:05:48:55 -0700] "GET /high-definition-definition/ HTTP/1.1" 200 5663 "-" "Mozilla/5.0 (compatible; SemrushBot/7~bl; +http://www.semrush.com/bot.html)" 45 **0/45412**
74.7.227.26 - - [04/Mar/2026:05:48:55 -0700] "GET /wp-sitemap.xml?fileloc=//proc/thread-self/root/usr/share/man/man3/xcb_xv_put_image.3.gz&path=//proc/thread-self/root/usr/share/man/man3 HTTP/1.1" 200 3084 "http://www.icdp.co.in/wp-sitemap.xml?path=//proc/thread-self/root/usr/share/man/man3" "Mozilla/5.0 AppleWebKit/537.36 (KHTML, like Gecko; compatible; GPTBot/1.3; +https://openai.com/gptbot)" 61 **0/61023**
74.7.227.26 - - [04/Mar/2026:05:48:56 -0700] "GET /wp-sitemap.xml?fileloc=//proc/thread-self/root/usr/share/man/man3/xcb_poly_fill_arc.3.gz&path=//proc/thread-self/root/usr/share/man/man3 HTTP/1.1" 200 2993 "http://www.icdp.co.in/wp-sitemap.xml?path=//proc/thread-self/root/usr/share/man/man3" "Mozilla/5.0 AppleWebKit/537.36 (KHTML, like Gecko; compatible; GPTBot/1.3; +https://openai.com/gptbot)" 68 **0/68914**
74.7.227.26 - - [04/Mar/2026:05:48:56 -0700] "GET /wp-sitemap.xml?fileloc=//proc/thread-self/root/usr/share/man/man3/cap_get_pid.3.gz&path=//proc/thread-self/root/usr/share/man/man3 HTTP/1.1" 200 2386 "http://www.icdp.co.in/wp-sitemap.xml?path=//proc/thread-self/root/usr/share/man/man3" "Mozilla/5.0 AppleWebKit/537.36 (KHTML, like Gecko; compatible; GPTBot/1.3; +https://openai.com/gptbot)" 53 **0/53677**
74.7.227.26 - - [04/Mar/2026:05:48:57 -0700] "GET /wp-sitemap.xml?fileloc=//proc/thread-self/root/usr/share/man/man3/slk_color_sp.3x.gz&path=//proc/thread-self/root/usr/share/man/man3 HTTP/1.1" 200 5272 "http://www.icdp.co.in/wp-sitemap.xml?path=//proc/thread-self/root/usr/share/man/man3" "Mozilla/5.0 AppleWebKit/537.36 (KHTML, like Gecko; compatible; GPTBot/1.3; +https://openai.com/gptbot)" 65 **0/65803**
74.7.227.26 - - [04/Mar/2026:05:48:57 -0700] "GET /wp-sitemap.xml?fileloc=//proc/thread-self/root/usr/share/man/man3/slk_attr_on.3x.gz&path=//proc/thread-self/root/usr/share/man/man3 HTTP/1.1" 200 5534 "http://www.icdp.co.in/wp-sitemap.xml?path=//proc/thread-self/root/usr/share/man/man3" "Mozilla/5.0 AppleWebKit/537.36 (KHTML, like Gecko; compatible; GPTBot/1.3; +https://openai.com/gptbot)" 60 **0/60708**
185.191.171.14 - - [04/Mar/2026:05:48:57 -0700] "GET /completare-rso-requisiti-di-lettere-rappresenta-single-il-anteriore-andatura-riguardo-a-lincasso-vero-delle-vincite/ HTTP/1.1" 200 5663 "-" "Mozilla/5.0 (compatible; SemrushBot/7~bl; +http://www.semrush.com/bot.html)" 56 **0/56455**
74.7.227.26 - - [04/Mar/2026:05:48:58 -0700] "GET /wp-sitemap.xml?fileloc=//proc/thread-self/root/usr/share/man/man3/xcb_shm_attach_fd.3.gz&path=//proc/thread-self/root/usr/share/man/man3 HTTP/1.1" 200 2966 "http://www.icdp.co.in/wp-sitemap.xml?path=//proc/thread-self/root/usr/share/man/man3" "Mozilla/5.0 AppleWebKit/537.36 (KHTML, like Gecko; compatible; GPTBot/1.3; +https://openai.com/gptbot)" 65 **0/65080**
74.7.227.26 - - [04/Mar/2026:05:48:58 -0700] "GET /wp-sitemap.xml?fileloc=//proc/thread-self/root/usr/share/man/man3/xcb_xkb_set_map.3.gz&path=//proc/thread-self/root/usr/share/man/man3 HTTP/1.1" 200 3217 "http://www.icdp.co.in/wp-sitemap.xml?path=//proc/thread-self/root/usr/share/man/man3" "Mozilla/5.0 AppleWebKit/537.36 (KHTML, like Gecko; compatible; GPTBot/1.3; +https://openai.com/gptbot)" 71 **0/71749**
74.7.227.26 - - [04/Mar/2026:05:48:59 -0700] "GET /wp-sitemap.xml?fileloc=//proc/thread-self/root/usr/share/man/man3/xcb_glx_gen_lists.3.gz&path=//proc/thread-self/root/usr/share/man/man3 HTTP/1.1" 200 3212 "http://www.icdp.co.in/wp-sitemap.xml?path=//proc/thread-self/root/usr/share/man/man3" "Mozilla/5.0 AppleWebKit/537.36 (KHTML, like Gecko; compatible; GPTBot/1.3; +https://openai.com/gptbot)" 54 **0/54145**
57.141.2.67 - - [04/Mar/2026:05:48:59 -0700] "GET /goldrush-online-casino-south-africa-a-real-income-slots/feed/ HTTP/1.1" 200 127968 "-" "meta-externalagent/1.1 (+https://developers.facebook.com/docs/sharing/webmasters/crawler)" 43 **0/43175**
185.191.171.8 - - [04/Mar/2026:05:48:59 -0700] "GET /vulkan-vegas-opinie-339/ HTTP/1.1" 200 5663 "-" "Mozilla/5.0 (compatible; SemrushBot/7~bl; +http://www.semrush.com/bot.html)" 36 **0/36592**
74.7.227.26 - - [04/Mar/2026:05:48:59 -0700] "GET /wp-sitemap.xml?fileloc=//proc/thread-self/root/usr/share/man/man3/xcb_glx_get_mapfv.3.gz&path=//proc/thread-self/root/usr/share/man/man3 HTTP/1.1" 200 3353 "http://www.icdp.co.in/wp-sitemap.xml?path=//proc/thread-self/root/usr/share/man/man3" "Mozilla/5.0 AppleWebKit/537.36 (KHTML, like Gecko; compatible; GPTBot/1.3; +https://openai.com/gptbot)" 49 **0/49992**
74.7.227.26 - - [04/Mar/2026:05:49:00 -0700] "GET /wp-sitemap.xml?fileloc=//proc/thread-self/root/usr/share/man/man3/cap_get_bound.3.gz&path=//proc/thread-self/root/usr/share/man/man3 HTTP/1.1" 200 2386 "http://www.icdp.co.in/wp-sitemap.xml?path=//proc/thread-self/root/usr/share/man/man3" "Mozilla/5.0 AppleWebKit/537.36 (KHTML, like Gecko; compatible; GPTBot/1.3; +https://openai.com/gptbot)" 67 **0/67263**
74.7.227.26 - - [04/Mar/2026:05:49:00 -0700] "GET /wp-sitemap.xml?fileloc=//proc/thread-self/root/usr/share/man/man3/new_menu_sp.3x.gz&path=//proc/thread-self/root/usr/share/man/man3 HTTP/1.1" 200 5272 "http://www.icdp.co.in/wp-sitemap.xml?path=//proc/thread-self/root/usr/share/man/man3" "Mozilla/5.0 AppleWebKit/537.36 (KHTML, like Gecko; compatible; GPTBot/1.3; +https://openai.com/gptbot)" 55 **0/55946**
74.7.227.26 - - [04/Mar/2026:05:49:01 -0700] "GET /wp-sitemap.xml?fileloc=//proc/thread-self/root/usr/share/man/man3/xcb_xv_stop_video.3.gz&path=//proc/thread-self/root/usr/share/man/man3 HTTP/1.1" 200 2927 "http://www.icdp.co.in/wp-sitemap.xml?path=//proc/thread-self/root/usr/share/man/man3" "Mozilla/5.0 AppleWebKit/537.36 (KHTML, like Gecko; compatible; GPTBot/1.3; +https://openai.com/gptbot)" 71 **0/71539**
74.7.227.26 - - [04/Mar/2026:05:49:01 -0700] "GET /wp-sitemap.xml?fileloc=//proc/thread-self/root/usr/share/man/man3/xcb_poly_line.3.gz&path=//proc/thread-self/root/usr/share/man/man3 HTTP/1.1" 200 3535 "http://www.icdp.co.in/wp-sitemap.xml?path=//proc/thread-self/root/usr/share/man/man3" "Mozilla/5.0 AppleWebKit/537.36 (KHTML, like Gecko; compatible; GPTBot/1.3; +https://openai.com/gptbot)" 76 **0/76844**
74.7.227.26 - - [04/Mar/2026:05:49:02 -0700] "GET /wp-sitemap.xml?fileloc=//proc/thread-self/root/usr/share/man/man3/xcb_shm_get_image.3.gz&path=//proc/thread-self/root/usr/share/man/man3 HTTP/1.1" 200 3309 "http://www.icdp.co.in/wp-sitemap.xml?path=//proc/thread-self/root/usr/share/man/man3" "Mozilla/5.0 AppleWebKit/537.36 (KHTML, like Gecko; compatible; GPTBot/1.3; +https://openai.com/gptbot)" 82 **0/82559**
74.7.227.26 - - [04/Mar/2026:05:49:02 -0700] "GET /wp-sitemap.xml?fileloc=//proc/thread-self/root/usr/share/man/man3/vid_attr_sp.3x.gz&path=//proc/thread-self/root/usr/share/man/man3 HTTP/1.1" 200 5272 "http://www.icdp.co.in/wp-sitemap.xml?path=//proc/thread-self/root/usr/share/man/man3" "Mozilla/5.0 AppleWebKit/537.36 (KHTML, like Gecko; compatible; GPTBot/1.3; +https://openai.com/gptbot)" 68 **0/68357**
74.7.227.26 - - [04/Mar/2026:05:49:03 -0700] "GET /wp-sitemap.xml?fileloc=//proc/thread-self/root/usr/share/man/man3/xcb_fill_poly.3.gz&path=//proc/thread-self/root/usr/share/man/man3 HTTP/1.1" 200 3136 "http://www.icdp.co.in/wp-sitemap.xml?path=//proc/thread-self/root/usr/share/man/man3" "Mozilla/5.0 AppleWebKit/537.36 (KHTML, like Gecko; compatible; GPTBot/1.3; +https://openai.com/gptbot)" 83 **0/83343**
74.7.227.26 - - [04/Mar/2026:05:49:03 -0700] "GET /wp-sitemap.xml?fileloc=//proc/thread-self/root/usr/share/man/man3/find_pair_sp.3x.gz&path=//proc/thread-self/root/usr/share/man/man3 HTTP/1.1" 200 5272 "http://www.icdp.co.in/wp-sitemap.xml?path=//proc/thread-self/root/usr/share/man/man3" "Mozilla/5.0 AppleWebKit/537.36 (KHTML, like Gecko; compatible; GPTBot/1.3; +https://openai.com/gptbot)" 73 **0/73734**
57.141.2.65 - - [04/Mar/2026:05:49:03 -0700] "GET /?p=149366 HTTP/1.1" 200 127968 "-" "meta-externalagent/1.1 (+https://developers.facebook.com/docs/sharing/webmasters/crawler)" 51 **0/51958**
74.7.227.26 - - [04/Mar/2026:05:49:04 -0700] "GET /wp-sitemap.xml?fileloc=//proc/thread-self/root/usr/share/man/man3/slk_set_sp.3x.gz&path=//proc/thread-self/root/usr/share/man/man3 HTTP/1.1" 200 5271 "http://www.icdp.co.in/wp-sitemap.xml?path=//proc/thread-self/root/usr/share/man/man3" "Mozilla/5.0 AppleWebKit/537.36 (KHTML, like Gecko; compatible; GPTBot/1.3; +https://openai.com/gptbot)" 63 **0/63142**
144.76.32.236 - - [04/Mar/2026:05:49:04 -0700] "GET /ghost-pirates-berechnung-power-stars-legal-slots-spielsaal-spielautomaten-video-spielautomaten-durch-skill-on-net/ HTTP/1.1" 200 5663 "-" "Mozilla/5.0 (compatible; SERankingBacklinksBot/1.0; +https://seranking.com/backlinks-crawler)" 66 **0/66034**
74.7.227.26 - - [04/Mar/2026:05:49:04 -0700] "GET /wp-sitemap.xml?fileloc=//proc/thread-self/root/usr/share/man/man3/curs_ins_wch.3x.gz&path=//proc/thread-self/root/usr/share/man/man3 HTTP/1.1" 200 3702 "http://www.icdp.co.in/wp-sitemap.xml?path=//proc/thread-self/root/usr/share/man/man3" "Mozilla/5.0 AppleWebKit/537.36 (KHTML, like Gecko; compatible; GPTBot/1.3; +https://openai.com/gptbot)" 58 **0/58681**
74.7.227.26 - - [04/Mar/2026:05:49:05 -0700] "GET /wp-sitemap.xml?fileloc=//proc/thread-self/root/usr/share/man/man3/xcb_xkb_get_map.3.gz&path=//proc/thread-self/root/usr/share/man/man3 HTTP/1.1" 200 3619 "http://www.icdp.co.in/wp-sitemap.xml?path=//proc/thread-self/root/usr/share/man/man3" "Mozilla/5.0 AppleWebKit/537.36 (KHTML, like Gecko; compatible; GPTBot/1.3; +https://openai.com/gptbot)" 63 **0/63688**
74.7.227.26 - - [04/Mar/2026:05:49:06 -0700] "GET /wp-sitemap.xml?fileloc=//proc/thread-self/root/usr/share/man/man3/xcb_xkb_set_names.3.gz&path=//proc/thread-self/root/usr/share/man/man3 HTTP/1.1" 200 3136 "http://www.icdp.co.in/wp-sitemap.xml?path=//proc/thread-self/root/usr/share/man/man3" "Mozilla/5.0 AppleWebKit/537.36 (KHTML, like Gecko; compatible; GPTBot/1.3; +https://openai.com/gptbot)" 57 **0/57334**
74.7.227.26 - - [04/Mar/2026:05:49:06 -0700] "GET /wp-sitemap.xml?fileloc=//proc/thread-self/root/usr/share/man/man3/xcb_glx_wait_gl.3.gz&path=//proc/thread-self/root/usr/share/man/man3 HTTP/1.1" 200 2918 "http://www.icdp.co.in/wp-sitemap.xml?path=//proc/thread-self/root/usr/share/man/man3" "Mozilla/5.0 AppleWebKit/537.36 (KHTML, like Gecko; compatible; GPTBot/1.3; +https://openai.com/gptbot)" 62 **0/62942**
74.7.227.26 - - [04/Mar/2026:05:49:07 -0700] "GET /wp-sitemap.xml?fileloc=//proc/thread-self/root/usr/share/man/man3/xcb_glx_flush.3.gz&path=//proc/thread-self/root/usr/share/man/man3 HTTP/1.1" 200 2919 "http://www.icdp.co.in/wp-sitemap.xml?path=//proc/thread-self/root/usr/share/man/man3" "Mozilla/5.0 AppleWebKit/537.36 (KHTML, like Gecko; compatible; GPTBot/1.3; +https://openai.com/gptbot)" 61 **0/61126**
74.7.227.26 - - [04/Mar/2026:05:49:07 -0700] "GET /wp-sitemap.xml?fileloc=//proc/thread-self/root/usr/share/man/man3/vid_puts_sp.3x.gz&path=//proc/thread-self/root/usr/share/man/man3 HTTP/1.1" 200 5272 "http://www.icdp.co.in/wp-sitemap.xml?path=//proc/thread-self/root/usr/share/man/man3" "Mozilla/5.0 AppleWebKit/537.36 (KHTML, like Gecko; compatible; GPTBot/1.3; +https://openai.com/gptbot)" 58 **0/58918**
74.7.227.26 - - [04/Mar/2026:05:49:08 -0700] "GET /wp-sitemap.xml?fileloc=//proc/thread-self/root/usr/share/man/man1/mariadbd-safe-helper.1.gz&path=//proc/thread-self/root/usr/share/man/man1 HTTP/1.1" 200 2403 "http://www.icdp.co.in/wp-sitemap.xml?path=//proc/thread-self/root/usr/share/man/man1" "Mozilla/5.0 AppleWebKit/537.36 (KHTML, like Gecko; compatible; GPTBot/1.3; +https://openai.com/gptbot)" 50 **0/50971**
74.7.227.26 - - [04/Mar/2026:05:49:08 -0700] "GET /wp-sitemap.xml?fileloc=//proc/thread-self/root/usr/share/man/man3/uuid_generate_random.3.gz&path=//proc/thread-self/root/usr/share/man/man3 HTTP/1.1" 200 2393 "http://www.icdp.co.in/wp-sitemap.xml?path=//proc/thread-self/root/usr/share/man/man3" "Mozilla/5.0 AppleWebKit/537.36 (KHTML, like Gecko; compatible; GPTBot/1.3; +https://openai.com/gptbot)" 57 **0/57716**
43.159.148.221 - - [04/Mar/2026:05:49:08 -0700] "GET /?path=/home/nyiet8349bzl/public_html/icdp.co.in/backup-3.15.2023_02-00-26_bq1p5yxk8zys HTTP/1.1" 200 4663 "-" "Mozilla/5.0 (iPhone; CPU iPhone OS 13_2_3 like Mac OS X) AppleWebKit/605.1.15 (KHTML, like Gecko) Version/13.0.3 Mobile/15E148 Safari/604.1" 49 **0/49164**
74.7.227.26 - - [04/Mar/2026:05:49:09 -0700] "GET /wp-sitemap.xml?fileloc=//proc/thread-self/root/usr/share/man/man3/lwres_context_create.3.gz&path=//proc/thread-self/root/usr/share/man/man3 HTTP/1.1" 200 4366 "http://www.icdp.co.in/wp-sitemap.xml?path=//proc/thread-self/root/usr/share/man/man3" "Mozilla/5.0 AppleWebKit/537.36 (KHTML, like Gecko; compatible; GPTBot/1.3; +https://openai.com/gptbot)" 54 **0/54618**
74.7.227.26 - - [04/Mar/2026:05:49:09 -0700] "GET /wp-sitemap.xml?fileloc=//proc/thread-self/root/usr/share/man/man3/xcb_rotate_properties.3.gz&path=//proc/thread-self/root/usr/share/man/man3 HTTP/1.1" 200 2975 "http://www.icdp.co.in/wp-sitemap.xml?path=//proc/thread-self/root/usr/share/man/man3" "Mozilla/5.0 AppleWebKit/537.36 (KHTML, like Gecko; compatible; GPTBot/1.3; +https://openai.com/gptbot)" 67 **0/67748**
74.7.227.26 - - [04/Mar/2026:05:49:10 -0700] "GET /wp-sitemap.xml?fileloc=//proc/thread-self/root/usr/share/man/man1/systemd-ask-password.1.gz&path=//proc/thread-self/root/usr/share/man/man1 HTTP/1.1" 200 4652 "http://www.icdp.co.in/wp-sitemap.xml?path=//proc/thread-self/root/usr/share/man/man1" "Mozilla/5.0 AppleWebKit/537.36 (KHTML, like Gecko; compatible; GPTBot/1.3; +https://openai.com/gptbot)" 56 **0/56036**
74.7.227.26 - - [04/Mar/2026:05:49:10 -0700] "GET /wp-sitemap.xml?fileloc=//proc/thread-self/root/usr/share/man/man3/reset_shell_mode_sp.3x.gz&path=//proc/thread-self/root/usr/share/man/man3 HTTP/1.1" 200 5278 "http://www.icdp.co.in/wp-sitemap.xml?path=//proc/thread-self/root/usr/share/man/man3" "Mozilla/5.0 AppleWebKit/537.36 (KHTML, like Gecko; compatible; GPTBot/1.3; +https://openai.com/gptbot)" 80 **0/80361**
74.7.227.26 - - [04/Mar/2026:05:49:11 -0700] "GET /wp-sitemap.xml?fileloc=//proc/thread-self/root/usr/share/man/man7/proxy-certificates.7ssl.gz&path=//proc/thread-self/root/usr/share/man/man7 HTTP/1.1" 200 7617 "http://www.icdp.co.in/wp-sitemap.xml?path=//proc/thread-self/root/usr/share/man/man7" "Mozilla/5.0 AppleWebKit/537.36 (KHTML, like Gecko; compatible; GPTBot/1.3; +https://openai.com/gptbot)" 55 **0/55078**
74.7.227.26 - - [04/Mar/2026:05:49:11 -0700] "GET /wp-sitemap.xml?fileloc=//proc/thread-self/root/usr/share/man/man1/git-credential-cache.1.gz&path=//proc/thread-self/root/usr/share/man/man1 HTTP/1.1" 200 3828 "http://www.icdp.co.in/wp-sitemap.xml?path=//proc/thread-self/root/usr/share/man/man1" "Mozilla/5.0 AppleWebKit/537.36 (KHTML, like Gecko; compatible; GPTBot/1.3; +https://openai.com/gptbot)" 41 **0/41345**
144.76.32.236 - - [04/Mar/2026:05:49:11 -0700] "GET /appeal-and-you-can-clovers-betsoft-position-from-the-impress-vegas-appeal-and-you-may-clovers-within-the-gameplay/ HTTP/1.1" 200 5663 "-" "Mozilla/5.0 (compatible; SERankingBacklinksBot/1.0; +https://seranking.com/backlinks-crawler)" 42 **0/42598**
74.7.227.26 - - [04/Mar/2026:05:49:12 -0700] "GET /wp-sitemap.xml?fileloc=//proc/thread-self/root/usr/share/man/man3/selabel_partial_match.3.gz&path=//proc/thread-self/root/usr/share/man/man3 HTTP/1.1" 200 2870 "http://www.icdp.co.in/wp-sitemap.xml?path=//proc/thread-self/root/usr/share/man/man3" "Mozilla/5.0 AppleWebKit/537.36 (KHTML, like Gecko; compatible; GPTBot/1.3; +https://openai.com/gptbot)" 55 **0/55398**
74.7.227.26 - - [04/Mar/2026:05:49:12 -0700] "GET /wp-sitemap.xml?fileloc=//proc/thread-self/root/usr/share/man/man3/setsockcreatecon_raw.3.gz&path=//proc/thread-self/root/usr/share/man/man3 HTTP/1.1" 200 2396 "http://www.icdp.co.in/wp-sitemap.xml?path=//proc/thread-self/root/usr/share/man/man3" "Mozilla/5.0 AppleWebKit/537.36 (KHTML, like Gecko; compatible; GPTBot/1.3; +https://openai.com/gptbot)" 64 **0/64342**
74.7.227.26 - - [04/Mar/2026:05:49:13 -0700] "GET /wp-sitemap.xml?fileloc=//proc/thread-self/root/usr/share/man/man1/mariadb-setpermission.1.gz&path=//proc/thread-self/root/usr/share/man/man1 HTTP/1.1" 200 2401 "http://www.icdp.co.in/wp-sitemap.xml?path=//proc/thread-self/root/usr/share/man/man1" "Mozilla/5.0 AppleWebKit/537.36 (KHTML, like Gecko; compatible; GPTBot/1.3; +https://openai.com/gptbot)" 43 **0/43038**
74.7.227.26 - - [04/Mar/2026:05:49:13 -0700] "GET /wp-sitemap.xml?fileloc=//proc/thread-self/root/usr/share/man/man1/glib-compile-schemas.1.gz&path=//proc/thread-self/root/usr/share/man/man1 HTTP/1.1" 200 3696 "http://www.icdp.co.in/wp-sitemap.xml?path=//proc/thread-self/root/usr/share/man/man1" "Mozilla/5.0 AppleWebKit/537.36 (KHTML, like Gecko; compatible; GPTBot/1.3; +https://openai.com/gptbot)" 44 **0/44309**
74.7.227.26 - - [04/Mar/2026:05:49:14 -0700] "GET /wp-sitemap.xml?fileloc=//proc/thread-self/root/usr/share/man/man7/authselect-migration.7.gz&path=//proc/thread-self/root/usr/share/man/man7 HTTP/1.1" 200 5966 "http://www.icdp.co.in/wp-sitemap.xml?path=//proc/thread-self/root/usr/share/man/man7" "Mozilla/5.0 AppleWebKit/537.36 (KHTML, like Gecko; compatible; GPTBot/1.3; +https://openai.com/gptbot)" 39 **0/39398**
74.7.227.26 - - [04/Mar/2026:05:49:14 -0700] "GET /wp-sitemap.xml?fileloc=//proc/thread-self/root/usr/share/man/man3/pam_sm_close_session.3.gz&path=//proc/thread-self/root/usr/share/man/man3 HTTP/1.1" 200 3298 "http://www.icdp.co.in/wp-sitemap.xml?path=//proc/thread-self/root/usr/share/man/man3" "Mozilla/5.0 AppleWebKit/537.36 (KHTML, like Gecko; compatible; GPTBot/1.3; +https://openai.com/gptbot)" 55 **0/55462**
144.76.32.236 - - [04/Mar/2026:05:49:15 -0700] "GET /melhores-cassinos-online-login-do-aplicativo-pixbet-football-roulette-para-algum-atual-online-para-apostar-roleta/ HTTP/1.1" 200 5663 "-" "Mozilla/5.0 (compatible; SERankingBacklinksBot/1.0; +https://seranking.com/backlinks-crawler)" 52 **0/52649**
74.7.227.26 - - [04/Mar/2026:05:49:15 -0700] "GET /wp-sitemap.xml?fileloc=//proc/thread-self/root/usr/share/man/man3/lwres_context_freemem.3.gz&path=//proc/thread-self/root/usr/share/man/man3 HTTP/1.1" 200 4367 "http://www.icdp.co.in/wp-sitemap.xml?path=//proc/thread-self/root/usr/share/man/man3" "Mozilla/5.0 AppleWebKit/537.36 (KHTML, like Gecko; compatible; GPTBot/1.3; +https://openai.com/gptbot)" 65 **0/65202**
74.7.227.26 - - [04/Mar/2026:05:49:15 -0700] "GET /wp-sitemap.xml?fileloc=//proc/thread-self/root/usr/share/man/man3/lwres_getrrsetbyname.3.gz&path=//proc/thread-self/root/usr/share/man/man3 HTTP/1.1" 200 4089 "http://www.icdp.co.in/wp-sitemap.xml?path=//proc/thread-self/root/usr/share/man/man3" "Mozilla/5.0 AppleWebKit/537.36 (KHTML, like Gecko; compatible; GPTBot/1.3; +https://openai.com/gptbot)" 50 **0/50022**
74.7.227.26 - - [04/Mar/2026:05:49:16 -0700] "GET /wp-sitemap.xml?fileloc=//proc/thread-self/root/usr/share/man/man3/getsockcreatecon_raw.3.gz&path=//proc/thread-self/root/usr/share/man/man3 HTTP/1.1" 200 2396 "http://www.icdp.co.in/wp-sitemap.xml?path=//proc/thread-self/root/usr/share/man/man3" "Mozilla/5.0 AppleWebKit/537.36 (KHTML, like Gecko; compatible; GPTBot/1.3; +https://openai.com/gptbot)" 57 **0/57257**
74.7.227.26 - - [04/Mar/2026:05:49:17 -0700] "GET /wp-sitemap.xml?fileloc=//proc/thread-self/root/usr/share/man/man1/git-fsmonitor--daemon.1.gz&path=//proc/thread-self/root/usr/share/man/man1 HTTP/1.1" 200 4421 "http://www.icdp.co.in/wp-sitemap.xml?path=//proc/thread-self/root/usr/share/man/man1" "Mozilla/5.0 AppleWebKit/537.36 (KHTML, like Gecko; compatible; GPTBot/1.3; +https://openai.com/gptbot)" 44 **0/44655**
74.7.227.26 - - [04/Mar/2026:05:49:17 -0700] "GET /wp-sitemap.xml?fileloc=//proc/thread-self/root/usr/share/man/man1/doveadm-force-resync.1.gz&path=//proc/thread-self/root/usr/share/man/man1 HTTP/1.1" 200 3900 "http://www.icdp.co.in/wp-sitemap.xml?path=//proc/thread-self/root/usr/share/man/man1" "Mozilla/5.0 AppleWebKit/537.36 (KHTML, like Gecko; compatible; GPTBot/1.3; +https://openai.com/gptbot)" 57 **0/57840**
74.7.227.26 - - [04/Mar/2026:05:49:18 -0700] "GET /wp-sitemap.xml?fileloc=//proc/thread-self/root/usr/share/man/man3/selinux_status_close.3.gz&path=//proc/thread-self/root/usr/share/man/man3 HTTP/1.1" 200 2391 "http://www.icdp.co.in/wp-sitemap.xml?path=//proc/thread-self/root/usr/share/man/man3" "Mozilla/5.0 AppleWebKit/537.36 (KHTML, like Gecko; compatible; GPTBot/1.3; +https://openai.com/gptbot)" 47 **0/47374**
74.7.227.26 - - [04/Mar/2026:05:49:18 -0700] "GET /wp-sitemap.xml?fileloc=//proc/thread-self/root/usr/share/man/man3/selinux_restorecon_set_alt_rootpath.3.gz&path=//proc/thread-self/root/usr/share/man/man3 HTTP/1.1" 200 2877 "http://www.icdp.co.in/wp-sitemap.xml?path=//proc/thread-self/root/usr/share/man/man3" "Mozilla/5.0 AppleWebKit/537.36 (KHTML, like Gecko; compatible; GPTBot/1.3; +https://openai.com/gptbot)" 55 **0/55903**
74.7.227.26 - - [04/Mar/2026:05:49:19 -0700] "GET /wp-sitemap.xml?fileloc=//proc/thread-self/root/usr/share/man/man3/lwres_lwpacket_parseheader.3.gz&path=//proc/thread-self/root/usr/share/man/man3 HTTP/1.1" 200 4373 "http://www.icdp.co.in/wp-sitemap.xml?path=//proc/thread-self/root/usr/share/man/man3" "Mozilla/5.0 AppleWebKit/537.36 (KHTML, like Gecko; compatible; GPTBot/1.3; +https://openai.com/gptbot)" 52 **0/52266**
74.7.227.26 - - [04/Mar/2026:05:49:19 -0700] "GET /wp-sitemap.xml?fileloc=//proc/thread-self/root/usr/share/man/man3/selinux_restorecon_set_sehandle.3.gz&path=//proc/thread-self/root/usr/share/man/man3 HTTP/1.1" 200 2826 "http://www.icdp.co.in/wp-sitemap.xml?path=//proc/thread-self/root/usr/share/man/man3" "Mozilla/5.0 AppleWebKit/537.36 (KHTML, like Gecko; compatible; GPTBot/1.3; +https://openai.com/gptbot)" 57 **0/57466**
74.7.227.26 - - [04/Mar/2026:05:49:20 -0700] "GET /wp-sitemap.xml?fileloc=//proc/thread-self/root/usr/share/man/man3/lwres_lwpacket_renderheader.3.gz&path=//proc/thread-self/root/usr/share/man/man3 HTTP/1.1" 200 4373 "http://www.icdp.co.in/wp-sitemap.xml?path=//proc/thread-self/root/usr/share/man/man3" "Mozilla/5.0 AppleWebKit/537.36 (KHTML, like Gecko; compatible; GPTBot/1.3; +https://openai.com/gptbot)" 56 **0/56583**
74.7.227.26 - - [04/Mar/2026:05:49:20 -0700] "GET /wp-sitemap.xml?fileloc=//proc/thread-self/root/usr/share/man/man7/systemd.environment-generator.7.gz&path=//proc/thread-self/root/usr/share/man/man7 HTTP/1.1" 200 4571 "http://www.icdp.co.in/wp-sitemap.xml?path=//proc/thread-self/root/usr/share/man/man7" "Mozilla/5.0 AppleWebKit/537.36 (KHTML, like Gecko; compatible; GPTBot/1.3; +https://openai.com/gptbot)" 58 **0/58317**
74.7.227.26 - - [04/Mar/2026:05:49:21 -0700] "GET /wp-sitemap.xml?fileloc=//proc/thread-self/root/usr/share/man/man3/xcb_list_hosts_hosts_iterator.3.gz&path=//proc/thread-self/root/usr/share/man/man3 HTTP/1.1" 200 2397 "http://www.icdp.co.in/wp-sitemap.xml?path=//proc/thread-self/root/usr/share/man/man3" "Mozilla/5.0 AppleWebKit/537.36 (KHTML, like Gecko; compatible; GPTBot/1.3; +https://openai.com/gptbot)" 66 **0/66982**
74.7.227.26 - - [04/Mar/2026:05:49:21 -0700] "GET /wp-sitemap.xml?fileloc=//proc/thread-self/root/usr/share/man/man3/security_compute_create_name.3.gz&path=//proc/thread-self/root/usr/share/man/man3 HTTP/1.1" 200 2400 "http://www.icdp.co.in/wp-sitemap.xml?path=//proc/thread-self/root/usr/share/man/man3" "Mozilla/5.0 AppleWebKit/537.36 (KHTML, like Gecko; compatible; GPTBot/1.3; +https://openai.com/gptbot)" 52 **0/52664**
144.76.32.236 - - [04/Mar/2026:05:49:22 -0700] "GET /dark-carnivale-slot-erfahrungen-gnome-gemein-lost-kostenlose-spins-keine-einzahlung-slot-gemein-slots-erfahrungen/ HTTP/1.1" 200 5663 "-" "Mozilla/5.0 (compatible; SERankingBacklinksBot/1.0; +https://seranking.com/backlinks-crawler)" 46 **0/46295**
74.7.227.26 - - [04/Mar/2026:05:49:22 -0700] "GET /wp-sitemap.xml?fileloc=//proc/thread-self/root/usr/share/man/man1/mariadb-secure-installation.1.gz&path=//proc/thread-self/root/usr/share/man/man1 HTTP/1.1" 200 2403 "http://www.icdp.co.in/wp-sitemap.xml?path=//proc/thread-self/root/usr/share/man/man1" "Mozilla/5.0 AppleWebKit/537.36 (KHTML, like Gecko; compatible; GPTBot/1.3; +https://openai.com/gptbot)" 55 **0/55130**
74.7.227.26 - - [04/Mar/2026:05:49:22 -0700] "GET /wp-sitemap.xml?fileloc=//proc/thread-self/root/usr/share/man/man1/git-credential-cache--daemon.1.gz&path=//proc/thread-self/root/usr/share/man/man1 HTTP/1.1" 200 3387 "http://www.icdp.co.in/wp-sitemap.xml?path=//proc/thread-self/root/usr/share/man/man1" "Mozilla/5.0 AppleWebKit/537.36 (KHTML, like Gecko; compatible; GPTBot/1.3; +https://openai.com/gptbot)" 59 **0/59155**
74.7.227.26 - - [04/Mar/2026:05:49:23 -0700] "GET /wp-sitemap.xml?fileloc=//proc/thread-self/root/usr/share/man/man3/xcb_dri3_buffer_from_pixmap_unchecked.3.gz&path=//proc/thread-self/root/usr/share/man/man3 HTTP/1.1" 200 2432 "http://www.icdp.co.in/wp-sitemap.xml?path=//proc/thread-self/root/usr/share/man/man3" "Mozilla/5.0 AppleWebKit/537.36 (KHTML, like Gecko; compatible; GPTBot/1.3; +https://openai.com/gptbot)" 60 **0/60524**
74.7.227.26 - - [04/Mar/2026:05:49:23 -0700] "GET /wp-sitemap.xml?fileloc=//proc/thread-self/root/usr/share/man/man3/pcre2_substring_length_byname.3.gz&path=//proc/thread-self/root/usr/share/man/man3 HTTP/1.1" 200 2886 "http://www.icdp.co.in/wp-sitemap.xml?path=//proc/thread-self/root/usr/share/man/man3" "Mozilla/5.0 AppleWebKit/537.36 (KHTML, like Gecko; compatible; GPTBot/1.3; +https://openai.com/gptbot)" 68 **0/68686**
74.7.227.26 - - [04/Mar/2026:05:49:24 -0700] "GET /wp-sitemap.xml?fileloc=//proc/thread-self/root/usr/share/man/man3/xcb_glx_set_client_info_2arb_checked.3.gz&path=//proc/thread-self/root/usr/share/man/man3 HTTP/1.1" 200 2432 "http://www.icdp.co.in/wp-sitemap.xml?path=//proc/thread-self/root/usr/share/man/man3" "Mozilla/5.0 AppleWebKit/537.36 (KHTML, like Gecko; compatible; GPTBot/1.3; +https://openai.com/gptbot)" 51 **0/51281**
74.7.227.26 - - [04/Mar/2026:05:49:24 -0700] "GET /wp-sitemap.xml?fileloc=//proc/thread-self/root/usr/share/man/man3/xcb_dri2_invalidate_buffers_event_t.3.gz&path=//proc/thread-self/root/usr/share/man/man3 HTTP/1.1" 200 2951 "http://www.icdp.co.in/wp-sitemap.xml?path=//proc/thread-self/root/usr/share/man/man3" "Mozilla/5.0 AppleWebKit/537.36 (KHTML, like Gecko; compatible; GPTBot/1.3; +https://openai.com/gptbot)" 60 **0/60874**
74.7.227.26 - - [04/Mar/2026:05:49:25 -0700] "GET /wp-sitemap.xml?fileloc=//proc/thread-self/root/usr/share/man/man3/xcb_dri2_authenticate_unchecked.3.gz&path=//proc/thread-self/root/usr/share/man/man3 HTTP/1.1" 200 2414 "http://www.icdp.co.in/wp-sitemap.xml?path=//proc/thread-self/root/usr/share/man/man3" "Mozilla/5.0 AppleWebKit/537.36 (KHTML, like Gecko; compatible; GPTBot/1.3; +https://openai.com/gptbot)" 63 **0/63900**
74.7.227.26 - - [04/Mar/2026:05:49:26 -0700] "GET /wp-sitemap.xml?fileloc=//proc/thread-self/root/usr/share/man/man3/xcb_dri2_get_buffers_with_format_reply.3.gz&path=//proc/thread-self/root/usr/share/man/man3 HTTP/1.1" 200 2434 "http://www.icdp.co.in/wp-sitemap.xml?path=//proc/thread-self/root/usr/share/man/man3" "Mozilla/5.0 AppleWebKit/537.36 (KHTML, like Gecko; compatible; GPTBot/1.3; +https://openai.com/gptbot)" 58 **0/58498**
74.7.227.26 - - [04/Mar/2026:05:49:26 -0700] "GET /wp-sitemap.xml?fileloc=//proc/thread-self/root/usr/share/man/man3/pcre2_substring_get_bynumber.3.gz&path=//proc/thread-self/root/usr/share/man/man3 HTTP/1.1" 200 3183 "http://www.icdp.co.in/wp-sitemap.xml?path=//proc/thread-self/root/usr/share/man/man3" "Mozilla/5.0 AppleWebKit/537.36 (KHTML, like Gecko; compatible; GPTBot/1.3; +https://openai.com/gptbot)" 56 **0/56828**
74.7.227.26 - - [04/Mar/2026:05:49:27 -0700] "GET /wp-sitemap.xml?fileloc=//proc/thread-self/root/usr/share/man/man3/xcb_dri3_pixmap_from_buffers_checked.3.gz&path=//proc/thread-self/root/usr/share/man/man3 HTTP/1.1" 200 2429 "http://www.icdp.co.in/wp-sitemap.xml?path=//proc/thread-self/root/usr/share/man/man3" "Mozilla/5.0 AppleWebKit/537.36 (KHTML, like Gecko; compatible; GPTBot/1.3; +https://openai.com/gptbot)" 62 **0/62360**
74.7.227.26 - - [04/Mar/2026:05:49:27 -0700] "GET /wp-sitemap.xml?fileloc=//proc/thread-self/root/usr/share/man/man3/xcb_dri2_connect_alignment_pad_length.3.gz&path=//proc/thread-self/root/usr/share/man/man3 HTTP/1.1" 200 2413 "http://www.icdp.co.in/wp-sitemap.xml?path=//proc/thread-self/root/usr/share/man/man3" "Mozilla/5.0 AppleWebKit/537.36 (KHTML, like Gecko; compatible; GPTBot/1.3; +https://openai.com/gptbot)" 57 **0/57114**
74.7.227.26 - - [04/Mar/2026:05:49:28 -0700] "GET /wp-sitemap.xml?fileloc=//proc/thread-self/root/usr/share/man/man3/xcb_dri2_copy_region_reply.3.gz&path=//proc/thread-self/root/usr/share/man/man3 HTTP/1.1" 200 2413 "http://www.icdp.co.in/wp-sitemap.xml?path=//proc/thread-self/root/usr/share/man/man3" "Mozilla/5.0 AppleWebKit/537.36 (KHTML, like Gecko; compatible; GPTBot/1.3; +https://openai.com/gptbot)" 59 **0/59681**
74.7.227.26 - - [04/Mar/2026:05:49:28 -0700] "GET /wp-sitemap.xml?fileloc=//proc/thread-self/root/usr/share/man/man3/pcre2_substring_copy_byname.3.gz&path=//proc/thread-self/root/usr/share/man/man3 HTTP/1.1" 200 3198 "http://www.icdp.co.in/wp-sitemap.xml?path=//proc/thread-self/root/usr/share/man/man3" "Mozilla/5.0 AppleWebKit/537.36 (KHTML, like Gecko; compatible; GPTBot/1.3; +https://openai.com/gptbot)" 61 **0/61494**
74.7.227.26 - - [04/Mar/2026:05:49:29 -0700] "GET /wp-sitemap.xml?fileloc=//proc/thread-self/root/usr/share/man/man3/xcb_dri2_connect_device_name_length.3.gz&path=//proc/thread-self/root/usr/share/man/man3 HTTP/1.1" 200 2409 "http://www.icdp.co.in/wp-sitemap.xml?path=//proc/thread-self/root/usr/share/man/man3" "Mozilla/5.0 AppleWebKit/537.36 (KHTML, like Gecko; compatible; GPTBot/1.3; +https://openai.com/gptbot)" 75 **0/75332**
144.76.32.236 - - [04/Mar/2026:05:49:29 -0700] "GET /melhores-plataformas-uma-vez-que-armazem-minusculo-puerilidade-como-jogar-poquer-online-com-dinheiro-real-5-reais/ HTTP/1.1" 200 5663 "-" "Mozilla/5.0 (compatible; SERankingBacklinksBot/1.0; +https://seranking.com/backlinks-crawler)" 50 **0/50515**
74.7.227.26 - - [04/Mar/2026:05:49:29 -0700] "GET /wp-sitemap.xml?fileloc=//proc/thread-self/root/usr/share/man/man3/xcb_input_list_input_devices_pad_1.3.gz&path=//proc/thread-self/root/usr/share/man/man3 HTTP/1.1" 200 2409 "http://www.icdp.co.in/wp-sitemap.xml?path=//proc/thread-self/root/usr/share/man/man3" "Mozilla/5.0 AppleWebKit/537.36 (KHTML, like Gecko; compatible; GPTBot/1.3; +https://openai.com/gptbot)" 62 **0/62844**
74.7.227.26 - - [04/Mar/2026:05:49:30 -0700] "GET /wp-sitemap.xml?fileloc=//proc/thread-self/root/usr/share/man/man3/pcre2_substring_length_bynumber.3.gz&path=//proc/thread-self/root/usr/share/man/man3 HTTP/1.1" 200 2985 "http://www.icdp.co.in/wp-sitemap.xml?path=//proc/thread-self/root/usr/share/man/man3" "Mozilla/5.0 AppleWebKit/537.36 (KHTML, like Gecko; compatible; GPTBot/1.3; +https://openai.com/gptbot)" 74 **0/74881**
74.7.227.26 - - [04/Mar/2026:05:49:30 -0700] "GET /wp-sitemap.xml?fileloc=//proc/thread-self/root/usr/share/man/man3/xcb_dri2_get_msc_unchecked.3.gz&path=//proc/thread-self/root/usr/share/man/man3 HTTP/1.1" 200 2404 "http://www.icdp.co.in/wp-sitemap.xml?path=//proc/thread-self/root/usr/share/man/man3" "Mozilla/5.0 AppleWebKit/537.36 (KHTML, like Gecko; compatible; GPTBot/1.3; +https://openai.com/gptbot)" 61 **0/61422**
57.141.2.29 - - [04/Mar/2026:05:49:31 -0700] "GET /les-astuces-a-l%ef%bf%bdegard-de-meilleur-comprendre-leurs-immatricules-de-gaming-a-l%ef%bf%bdegard-de-casino/feed/ HTTP/1.1" 200 127968 "-" "meta-externalagent/1.1 (+https://developers.facebook.com/docs/sharing/webmasters/crawler)" 51 **0/51854**
74.7.227.26 - - [04/Mar/2026:05:49:31 -0700] "GET /wp-sitemap.xml?fileloc=//proc/thread-self/root/usr/share/man/man3/xcb_dri2_swap_buffers_unchecked.3.gz&path=//proc/thread-self/root/usr/share/man/man3 HTTP/1.1" 200 2412 "http://www.icdp.co.in/wp-sitemap.xml?path=//proc/thread-self/root/usr/share/man/man3" "Mozilla/5.0 AppleWebKit/537.36 (KHTML, like Gecko; compatible; GPTBot/1.3; +https://openai.com/gptbot)" 60 **0/60881**
74.7.227.26 - - [04/Mar/2026:05:49:31 -0700] "GET /wp-sitemap.xml?fileloc=//proc/thread-self/root/usr/share/man/man3/xcb_dri2_swap_buffers_reply.3.gz&path=//proc/thread-self/root/usr/share/man/man3 HTTP/1.1" 200 2412 "http://www.icdp.co.in/wp-sitemap.xml?path=//proc/thread-self/root/usr/share/man/man3" "Mozilla/5.0 AppleWebKit/537.36 (KHTML, like Gecko; compatible; GPTBot/1.3; +https://openai.com/gptbot)" 64 **0/64148**
144.76.32.236 - - [04/Mar/2026:05:49:32 -0700] "GET /glucksspiele-qua-dieses-bundesgesetzes-werden-insbesondere-unser-spiele-game-of-chance-beobachtungsroulette-poker/ HTTP/1.1" 200 5663 "-" "Mozilla/5.0 (compatible; SERankingBacklinksBot/1.0; +https://seranking.com/backlinks-crawler)" 47 **0/47457**
74.7.227.26 - - [04/Mar/2026:05:49:32 -0700] "GET /wp-sitemap.xml?fileloc=//proc/thread-self/root/usr/share/man/man3/xcb_render_composite_glyphs_8_checked.3.gz&path=//proc/thread-self/root/usr/share/man/man3 HTTP/1.1" 200 2429 "http://www.icdp.co.in/wp-sitemap.xml?path=//proc/thread-self/root/usr/share/man/man3" "Mozilla/5.0 AppleWebKit/537.36 (KHTML, like Gecko; compatible; GPTBot/1.3; +https://openai.com/gptbot)" 61 **0/61646**
74.7.227.26 - - [04/Mar/2026:05:49:32 -0700] "GET /wp-sitemap.xml?fileloc=//proc/thread-self/root/usr/share/man/man3/xcb_render_composite_glyphs_8.3.gz&path=//proc/thread-self/root/usr/share/man/man3 HTTP/1.1" 200 3043 "http://www.icdp.co.in/wp-sitemap.xml?path=//proc/thread-self/root/usr/share/man/man3" "Mozilla/5.0 AppleWebKit/537.36 (KHTML, like Gecko; compatible; GPTBot/1.3; +https://openai.com/gptbot)" 55 **0/55068**
74.7.227.26 - - [04/Mar/2026:05:49:33 -0700] "GET /wp-sitemap.xml?fileloc=//proc/thread-self/root/usr/share/man/man3/xcb_dri3_fd_from_fence_unchecked.3.gz&path=//proc/thread-self/root/usr/share/man/man3 HTTP/1.1" 200 2420 "http://www.icdp.co.in/wp-sitemap.xml?path=//proc/thread-self/root/usr/share/man/man3" "Mozilla/5.0 AppleWebKit/537.36 (KHTML, like Gecko; compatible; GPTBot/1.3; +https://openai.com/gptbot)" 68 **0/68590**
74.7.227.26 - - [04/Mar/2026:05:49:33 -0700] "GET /wp-sitemap.xml?fileloc=//proc/thread-self/root/usr/share/man/man3/xcb_dri2_destroy_drawable_checked.3.gz&path=//proc/thread-self/root/usr/share/man/man3 HTTP/1.1" 200 2421 "http://www.icdp.co.in/wp-sitemap.xml?path=//proc/thread-self/root/usr/share/man/man3" "Mozilla/5.0 AppleWebKit/537.36 (KHTML, like Gecko; compatible; GPTBot/1.3; +https://openai.com/gptbot)" 47 **0/47606**
