218.152.33.179 - - [04/Mar/2026:05:40:55 -0700] "GET /kupit-diplom-vshp-ot-10999-rublej-obrazovanie-bez/?fileloc=/home/nyiet8349bzl/public_html/icdp.co.in/backup-3.15.2023_02-00-26_bq1p5yxk8zys.tar.gz&path=/home/nyiet8349bzl/public_html/icdp.co.in HTTP/1.1" 200 61568654 "http://www.icdp.co.in/kupit-diplom-vshp-ot-10999-rublej-obrazovanie-bez/" "Mozilla/5.0 (X11; Linux i686; rv:114.0) Gecko/20100101 Firefox/114.0" 79813 **79/79813037**
74.7.227.26 - - [04/Mar/2026:05:42:14 -0700] "GET /wp-sitemap.xml?fileloc=//proc/thread-self/root/usr/share/man/man8/systemd-tmpfiles.8.gz&path=//proc/thread-self/root/usr/share/man/man8 HTTP/1.1" 200 4516 "http://www.icdp.co.in/wp-sitemap.xml?path=//proc/thread-self/root/usr/share/man/man8" "Mozilla/5.0 AppleWebKit/537.36 (KHTML, like Gecko; compatible; GPTBot/1.3; +https://openai.com/gptbot)" 49 **0/49350**
74.7.227.26 - - [04/Mar/2026:05:42:15 -0700] "GET /wp-sitemap.xml?fileloc=//proc/thread-self/root/usr/share/man/man8/dnf-reposync.8.gz&path=//proc/thread-self/root/usr/share/man/man8 HTTP/1.1" 200 3995 "http://www.icdp.co.in/wp-sitemap.xml?path=//proc/thread-self/root/usr/share/man/man8" "Mozilla/5.0 AppleWebKit/537.36 (KHTML, like Gecko; compatible; GPTBot/1.3; +https://openai.com/gptbot)" 58 **0/58616**
74.7.227.26 - - [04/Mar/2026:05:42:15 -0700] "GET /wp-sitemap.xml?fileloc=//proc/thread-self/root/usr/share/man/man5/gitformat-signature.5.gz&path=//proc/thread-self/root/usr/share/man/man5 HTTP/1.1" 200 5353 "http://www.icdp.co.in/wp-sitemap.xml?path=//proc/thread-self/root/usr/share/man/man5" "Mozilla/5.0 AppleWebKit/537.36 (KHTML, like Gecko; compatible; GPTBot/1.3; +https://openai.com/gptbot)" 55 **0/55984**
74.7.227.26 - - [04/Mar/2026:05:42:16 -0700] "GET /wp-sitemap.xml?fileloc=//proc/thread-self/root/usr/share/man/man8/scsi_mandat.8.gz&path=//proc/thread-self/root/usr/share/man/man8 HTTP/1.1" 200 3270 "http://www.icdp.co.in/wp-sitemap.xml?path=//proc/thread-self/root/usr/share/man/man8" "Mozilla/5.0 AppleWebKit/537.36 (KHTML, like Gecko; compatible; GPTBot/1.3; +https://openai.com/gptbot)" 40 **0/40815**
74.7.227.26 - - [04/Mar/2026:05:42:16 -0700] "GET /wp-sitemap.xml?fileloc=//proc/thread-self/root/usr/share/man/man8/pam_limits.8.gz&path=//proc/thread-self/root/usr/share/man/man8 HTTP/1.1" 200 4073 "http://www.icdp.co.in/wp-sitemap.xml?path=//proc/thread-self/root/usr/share/man/man8" "Mozilla/5.0 AppleWebKit/537.36 (KHTML, like Gecko; compatible; GPTBot/1.3; +https://openai.com/gptbot)" 50 **0/50824**
74.7.227.26 - - [04/Mar/2026:05:42:17 -0700] "GET /wp-sitemap.xml?fileloc=//proc/thread-self/root/usr/share/man/man8/systemd-remount-fs.8.gz&path=//proc/thread-self/root/usr/share/man/man8 HTTP/1.1" 200 2407 "http://www.icdp.co.in/wp-sitemap.xml?path=//proc/thread-self/root/usr/share/man/man8" "Mozilla/5.0 AppleWebKit/537.36 (KHTML, like Gecko; compatible; GPTBot/1.3; +https://openai.com/gptbot)" 45 **0/45931**
57.141.2.19 - - [04/Mar/2026:05:42:17 -0700] "GET /?p=148117 HTTP/1.1" 200 127968 "-" "meta-externalagent/1.1 (+https://developers.facebook.com/docs/sharing/webmasters/crawler)" 41 **0/41504**
74.7.227.26 - - [04/Mar/2026:05:42:18 -0700] "GET /wp-sitemap.xml?fileloc=//proc/thread-self/root/usr/share/man/man5/systemd.exec.5.gz&path=//proc/thread-self/root/usr/share/man/man5 HTTP/1.1" 200 30133 "http://www.icdp.co.in/wp-sitemap.xml?path=//proc/thread-self/root/usr/share/man/man5" "Mozilla/5.0 AppleWebKit/537.36 (KHTML, like Gecko; compatible; GPTBot/1.3; +https://openai.com/gptbot)" 58 **0/58714**
74.7.227.26 - - [04/Mar/2026:05:42:18 -0700] "GET /wp-sitemap.xml?fileloc=//proc/thread-self/root/usr/share/man/man5/ssh_config.5.gz&path=//proc/thread-self/root/usr/share/man/man5 HTTP/1.1" 200 16009 "http://www.icdp.co.in/wp-sitemap.xml?path=//proc/thread-self/root/usr/share/man/man5" "Mozilla/5.0 AppleWebKit/537.36 (KHTML, like Gecko; compatible; GPTBot/1.3; +https://openai.com/gptbot)" 45 **0/45540**
74.7.227.26 - - [04/Mar/2026:05:42:19 -0700] "GET /wp-sitemap.xml?fileloc=//proc/thread-self/root/usr/share/man/man5/pwhistory.conf.5.gz&path=//proc/thread-self/root/usr/share/man/man5 HTTP/1.1" 200 3532 "http://www.icdp.co.in/wp-sitemap.xml?path=//proc/thread-self/root/usr/share/man/man5" "Mozilla/5.0 AppleWebKit/537.36 (KHTML, like Gecko; compatible; GPTBot/1.3; +https://openai.com/gptbot)" 49 **0/49284**
74.7.227.26 - - [04/Mar/2026:05:42:19 -0700] "GET /wp-sitemap.xml?fileloc=//proc/thread-self/root/usr/share/man/man5/journald.conf.d.5.gz&path=//proc/thread-self/root/usr/share/man/man5 HTTP/1.1" 200 2388 "http://www.icdp.co.in/wp-sitemap.xml?path=//proc/thread-self/root/usr/share/man/man5" "Mozilla/5.0 AppleWebKit/537.36 (KHTML, like Gecko; compatible; GPTBot/1.3; +https://openai.com/gptbot)" 36 **0/36857**
74.7.227.26 - - [04/Mar/2026:05:42:20 -0700] "GET /wp-sitemap.xml?fileloc=//proc/thread-self/root/usr/share/man/man8/getkeycodes.8.gz&path=//proc/thread-self/root/usr/share/man/man8 HTTP/1.1" 200 2623 "http://www.icdp.co.in/wp-sitemap.xml?path=//proc/thread-self/root/usr/share/man/man8" "Mozilla/5.0 AppleWebKit/537.36 (KHTML, like Gecko; compatible; GPTBot/1.3; +https://openai.com/gptbot)" 52 **0/52521**
74.7.227.26 - - [04/Mar/2026:05:42:20 -0700] "GET /wp-sitemap.xml?fileloc=//proc/thread-self/root/usr/share/man/man5/sshd_config.5.gz&path=//proc/thread-self/root/usr/share/man/man5 HTTP/1.1" 200 15123 "http://www.icdp.co.in/wp-sitemap.xml?path=//proc/thread-self/root/usr/share/man/man5" "Mozilla/5.0 AppleWebKit/537.36 (KHTML, like Gecko; compatible; GPTBot/1.3; +https://openai.com/gptbot)" 52 **0/52219**
144.76.32.236 - - [04/Mar/2026:05:42:20 -0700] "GET /50-darmowych-spinow-za-rejestracje-odbierz-piecdziesiat-free-spins-z-unlimluck-bonus-od-depozytu-brakiem-depozytu/ HTTP/1.1" 200 5663 "-" "Mozilla/5.0 (compatible; SERankingBacklinksBot/1.0; +https://seranking.com/backlinks-crawler)" 50 **0/50666**
74.7.227.26 - - [04/Mar/2026:05:42:21 -0700] "GET /wp-sitemap.xml?fileloc=//proc/thread-self/root/usr/share/man/man5/gitformat-bundle.5.gz&path=//proc/thread-self/root/usr/share/man/man5 HTTP/1.1" 200 4126 "http://www.icdp.co.in/wp-sitemap.xml?path=//proc/thread-self/root/usr/share/man/man5" "Mozilla/5.0 AppleWebKit/537.36 (KHTML, like Gecko; compatible; GPTBot/1.3; +https://openai.com/gptbot)" 46 **0/46034**
74.7.227.26 - - [04/Mar/2026:05:42:21 -0700] "GET /wp-sitemap.xml?fileloc=//proc/thread-self/root/usr/share/man/man8/systemd-initctl.8.gz&path=//proc/thread-self/root/usr/share/man/man8 HTTP/1.1" 200 2406 "http://www.icdp.co.in/wp-sitemap.xml?path=//proc/thread-self/root/usr/share/man/man8" "Mozilla/5.0 AppleWebKit/537.36 (KHTML, like Gecko; compatible; GPTBot/1.3; +https://openai.com/gptbot)" 41 **0/41583**
74.7.227.26 - - [04/Mar/2026:05:42:22 -0700] "GET /wp-sitemap.xml?fileloc=//proc/thread-self/root/usr/share/man/man5/systemd.slice.5.gz&path=//proc/thread-self/root/usr/share/man/man5 HTTP/1.1" 200 3902 "http://www.icdp.co.in/wp-sitemap.xml?path=//proc/thread-self/root/usr/share/man/man5" "Mozilla/5.0 AppleWebKit/537.36 (KHTML, like Gecko; compatible; GPTBot/1.3; +https://openai.com/gptbot)" 49 **0/49617**
57.141.2.55 - - [04/Mar/2026:05:42:22 -0700] "GET /wp-json/oembed/1.0/embed?url=http%3A%2F%2Fwww.icdp.co.in%2Fpremier-european-dating-sites-your-guide-to-the-top-platform-for-european-dating%2F HTTP/1.1" 200 127968 "-" "meta-externalagent/1.1 (+https://developers.facebook.com/docs/sharing/webmasters/crawler)" 45 **0/45610**
74.7.227.26 - - [04/Mar/2026:05:42:22 -0700] "GET /wp-sitemap.xml?fileloc=//proc/thread-self/root/usr/share/man/man8/xtables-monitor.8.gz&path=//proc/thread-self/root/usr/share/man/man8 HTTP/1.1" 200 4180 "http://www.icdp.co.in/wp-sitemap.xml?path=//proc/thread-self/root/usr/share/man/man8" "Mozilla/5.0 AppleWebKit/537.36 (KHTML, like Gecko; compatible; GPTBot/1.3; +https://openai.com/gptbot)" 52 **0/52173**
74.7.227.26 - - [04/Mar/2026:05:42:23 -0700] "GET /wp-sitemap.xml?fileloc=//proc/thread-self/root/usr/share/man/man5/dracut.conf.5.gz&path=//proc/thread-self/root/usr/share/man/man5 HTTP/1.1" 200 5403 "http://www.icdp.co.in/wp-sitemap.xml?path=//proc/thread-self/root/usr/share/man/man5" "Mozilla/5.0 AppleWebKit/537.36 (KHTML, like Gecko; compatible; GPTBot/1.3; +https://openai.com/gptbot)" 53 **0/53481**
74.7.227.26 - - [04/Mar/2026:05:42:23 -0700] "GET /wp-sitemap.xml?fileloc=//proc/thread-self/root/usr/share/man/man8/systemd-growfs.8.gz&path=//proc/thread-self/root/usr/share/man/man8 HTTP/1.1" 200 2397 "http://www.icdp.co.in/wp-sitemap.xml?path=//proc/thread-self/root/usr/share/man/man8" "Mozilla/5.0 AppleWebKit/537.36 (KHTML, like Gecko; compatible; GPTBot/1.3; +https://openai.com/gptbot)" 56 **0/56411**
74.7.227.26 - - [04/Mar/2026:05:42:24 -0700] "GET /wp-sitemap.xml?fileloc=//proc/thread-self/root/usr/share/man/man8/ip-neighbour.8.gz&path=//proc/thread-self/root/usr/share/man/man8 HTTP/1.1" 200 4566 "http://www.icdp.co.in/wp-sitemap.xml?path=//proc/thread-self/root/usr/share/man/man8" "Mozilla/5.0 AppleWebKit/537.36 (KHTML, like Gecko; compatible; GPTBot/1.3; +https://openai.com/gptbot)" 49 **0/49087**
74.7.227.26 - - [04/Mar/2026:05:42:24 -0700] "GET /wp-sitemap.xml?fileloc=//proc/thread-self/root/usr/share/man/man8/systemd-cryptsetup.8.gz&path=//proc/thread-self/root/usr/share/man/man8 HTTP/1.1" 200 2411 "http://www.icdp.co.in/wp-sitemap.xml?path=//proc/thread-self/root/usr/share/man/man8" "Mozilla/5.0 AppleWebKit/537.36 (KHTML, like Gecko; compatible; GPTBot/1.3; +https://openai.com/gptbot)" 48 **0/48863**
74.7.227.26 - - [04/Mar/2026:05:42:25 -0700] "GET /wp-sitemap.xml?fileloc=//proc/thread-self/root/usr/share/man/man8/dnf-config-manager.8.gz&path=//proc/thread-self/root/usr/share/man/man8 HTTP/1.1" 200 3726 "http://www.icdp.co.in/wp-sitemap.xml?path=//proc/thread-self/root/usr/share/man/man8" "Mozilla/5.0 AppleWebKit/537.36 (KHTML, like Gecko; compatible; GPTBot/1.3; +https://openai.com/gptbot)" 51 **0/51621**
74.7.227.26 - - [04/Mar/2026:05:42:25 -0700] "GET /wp-sitemap.xml?fileloc=//proc/thread-self/root/usr/share/man/man8/sg_senddiag.8.gz&path=//proc/thread-self/root/usr/share/man/man8 HTTP/1.1" 200 6235 "http://www.icdp.co.in/wp-sitemap.xml?path=//proc/thread-self/root/usr/share/man/man8" "Mozilla/5.0 AppleWebKit/537.36 (KHTML, like Gecko; compatible; GPTBot/1.3; +https://openai.com/gptbot)" 43 **0/43509**
74.7.227.26 - - [04/Mar/2026:05:42:26 -0700] "GET /wp-sitemap.xml?fileloc=//proc/thread-self/root/usr/share/man/man5/limits.conf.5.gz&path=//proc/thread-self/root/usr/share/man/man5 HTTP/1.1" 200 4952 "http://www.icdp.co.in/wp-sitemap.xml?path=//proc/thread-self/root/usr/share/man/man5" "Mozilla/5.0 AppleWebKit/537.36 (KHTML, like Gecko; compatible; GPTBot/1.3; +https://openai.com/gptbot)" 50 **0/50168**
74.7.227.26 - - [04/Mar/2026:05:42:26 -0700] "GET /wp-sitemap.xml?fileloc=//proc/thread-self/root/usr/share/man/man5/modules.dep.bin.5.gz&path=//proc/thread-self/root/usr/share/man/man5 HTTP/1.1" 200 2383 "http://www.icdp.co.in/wp-sitemap.xml?path=//proc/thread-self/root/usr/share/man/man5" "Mozilla/5.0 AppleWebKit/537.36 (KHTML, like Gecko; compatible; GPTBot/1.3; +https://openai.com/gptbot)" 40 **0/40207**
74.7.227.26 - - [04/Mar/2026:05:42:27 -0700] "GET /wp-sitemap.xml?fileloc=//proc/thread-self/root/usr/share/man/man8/applygnupgdefaults.8.gz&path=//proc/thread-self/root/usr/share/man/man8 HTTP/1.1" 200 2900 "http://www.icdp.co.in/wp-sitemap.xml?path=//proc/thread-self/root/usr/share/man/man8" "Mozilla/5.0 AppleWebKit/537.36 (KHTML, like Gecko; compatible; GPTBot/1.3; +https://openai.com/gptbot)" 47 **0/47542**
144.76.32.236 - - [04/Mar/2026:05:42:27 -0700] "GET /for-many-who-seem-sensible-the-three-digits-inside-888-gambling-enterprise-they-spells-out-twenty-four-hours-open/ HTTP/1.1" 200 5663 "-" "Mozilla/5.0 (compatible; SERankingBacklinksBot/1.0; +https://seranking.com/backlinks-crawler)" 39 **0/39480**
74.7.227.26 - - [04/Mar/2026:05:42:27 -0700] "GET /wp-sitemap.xml?fileloc=//proc/thread-self/root/usr/share/man/man5/gitformat-chunk.5.gz&path=//proc/thread-self/root/usr/share/man/man5 HTTP/1.1" 200 4756 "http://www.icdp.co.in/wp-sitemap.xml?path=//proc/thread-self/root/usr/share/man/man5" "Mozilla/5.0 AppleWebKit/537.36 (KHTML, like Gecko; compatible; GPTBot/1.3; +https://openai.com/gptbot)" 48 **0/48961**
74.7.227.26 - - [04/Mar/2026:05:42:28 -0700] "GET /wp-sitemap.xml?fileloc=//proc/thread-self/root/usr/share/man/man8/mkhomedir_helper.8.gz&path=//proc/thread-self/root/usr/share/man/man8 HTTP/1.1" 200 3254 "http://www.icdp.co.in/wp-sitemap.xml?path=//proc/thread-self/root/usr/share/man/man8" "Mozilla/5.0 AppleWebKit/537.36 (KHTML, like Gecko; compatible; GPTBot/1.3; +https://openai.com/gptbot)" 40 **0/40726**
74.7.227.26 - - [04/Mar/2026:05:42:28 -0700] "GET /wp-sitemap.xml?fileloc=//proc/thread-self/root/usr/share/man/man8/dnssec-revoke.8.gz&path=//proc/thread-self/root/usr/share/man/man8 HTTP/1.1" 200 3722 "http://www.icdp.co.in/wp-sitemap.xml?path=//proc/thread-self/root/usr/share/man/man8" "Mozilla/5.0 AppleWebKit/537.36 (KHTML, like Gecko; compatible; GPTBot/1.3; +https://openai.com/gptbot)" 40 **0/40798**
74.7.227.26 - - [04/Mar/2026:05:42:29 -0700] "GET /wp-sitemap.xml?fileloc=//proc/thread-self/root/usr/share/man/man8/acpi_listen.8.gz&path=//proc/thread-self/root/usr/share/man/man8 HTTP/1.1" 200 3099 "http://www.icdp.co.in/wp-sitemap.xml?path=//proc/thread-self/root/usr/share/man/man8" "Mozilla/5.0 AppleWebKit/537.36 (KHTML, like Gecko; compatible; GPTBot/1.3; +https://openai.com/gptbot)" 50 **0/50011**
74.7.227.26 - - [04/Mar/2026:05:42:29 -0700] "GET /wp-sitemap.xml?fileloc=//proc/thread-self/root/usr/share/man/man5/modprobe.d.5.gz&path=//proc/thread-self/root/usr/share/man/man5 HTTP/1.1" 200 5169 "http://www.icdp.co.in/wp-sitemap.xml?path=//proc/thread-self/root/usr/share/man/man5" "Mozilla/5.0 AppleWebKit/537.36 (KHTML, like Gecko; compatible; GPTBot/1.3; +https://openai.com/gptbot)" 58 **0/58929**
74.7.227.26 - - [04/Mar/2026:05:42:30 -0700] "GET /wp-sitemap.xml?fileloc=//proc/thread-self/root/usr/share/man/man5/systemd.unit.5.gz&path=//proc/thread-self/root/usr/share/man/man5 HTTP/1.1" 200 18995 "http://www.icdp.co.in/wp-sitemap.xml?path=//proc/thread-self/root/usr/share/man/man5" "Mozilla/5.0 AppleWebKit/537.36 (KHTML, like Gecko; compatible; GPTBot/1.3; +https://openai.com/gptbot)" 63 **0/63691**
144.76.32.236 - - [04/Mar/2026:05:42:31 -0700] "GET /caillou-de-monnaie-palpable-top-casinos-comment-annuler-le-bonus-dans-i24slot-quelque-peu-sauf-que-jeux-avec-2024/ HTTP/1.1" 200 5663 "-" "Mozilla/5.0 (compatible; SERankingBacklinksBot/1.0; +https://seranking.com/backlinks-crawler)" 48 **0/48095**
74.7.227.26 - - [04/Mar/2026:05:42:31 -0700] "GET /wp-sitemap.xml?fileloc=//proc/thread-self/root/usr/share/man/man8/pam_faildelay.8.gz&path=//proc/thread-self/root/usr/share/man/man8 HTTP/1.1" 200 3381 "http://www.icdp.co.in/wp-sitemap.xml?path=//proc/thread-self/root/usr/share/man/man8" "Mozilla/5.0 AppleWebKit/537.36 (KHTML, like Gecko; compatible; GPTBot/1.3; +https://openai.com/gptbot)" 59 **0/59380**
74.7.227.26 - - [04/Mar/2026:05:42:31 -0700] "GET /wp-sitemap.xml?fileloc=//proc/thread-self/root/usr/share/man/man5/sysusers.d.5.gz&path=//proc/thread-self/root/usr/share/man/man5 HTTP/1.1" 200 5434 "http://www.icdp.co.in/wp-sitemap.xml?path=//proc/thread-self/root/usr/share/man/man5" "Mozilla/5.0 AppleWebKit/537.36 (KHTML, like Gecko; compatible; GPTBot/1.3; +https://openai.com/gptbot)" 58 **0/58902**
74.7.227.26 - - [04/Mar/2026:05:42:32 -0700] "GET /wp-sitemap.xml?fileloc=//proc/thread-self/root/usr/share/man/man5/gitprotocol-pack.5.gz&path=//proc/thread-self/root/usr/share/man/man5 HTTP/1.1" 200 10895 "http://www.icdp.co.in/wp-sitemap.xml?path=//proc/thread-self/root/usr/share/man/man5" "Mozilla/5.0 AppleWebKit/537.36 (KHTML, like Gecko; compatible; GPTBot/1.3; +https://openai.com/gptbot)" 45 **0/45356**
74.7.227.26 - - [04/Mar/2026:05:42:32 -0700] "GET /wp-sitemap.xml?fileloc=//proc/thread-self/root/usr/share/man/man8/xtables-nft.8.gz&path=//proc/thread-self/root/usr/share/man/man8 HTTP/1.1" 200 4452 "http://www.icdp.co.in/wp-sitemap.xml?path=//proc/thread-self/root/usr/share/man/man8" "Mozilla/5.0 AppleWebKit/537.36 (KHTML, like Gecko; compatible; GPTBot/1.3; +https://openai.com/gptbot)" 50 **0/50096**
74.7.227.26 - - [04/Mar/2026:05:42:33 -0700] "GET /wp-sitemap.xml?fileloc=//proc/thread-self/root/usr/share/man/man8/plipconfig.8.gz&path=//proc/thread-self/root/usr/share/man/man8 HTTP/1.1" 200 3284 "http://www.icdp.co.in/wp-sitemap.xml?path=//proc/thread-self/root/usr/share/man/man8" "Mozilla/5.0 AppleWebKit/537.36 (KHTML, like Gecko; compatible; GPTBot/1.3; +https://openai.com/gptbot)" 45 **0/45817**
74.7.227.26 - - [04/Mar/2026:05:42:33 -0700] "GET /wp-sitemap.xml?fileloc=//proc/thread-self/root/usr/share/man/man8/mkfs.minix.8.gz&path=//proc/thread-self/root/usr/share/man/man8 HTTP/1.1" 200 3460 "http://www.icdp.co.in/wp-sitemap.xml?path=//proc/thread-self/root/usr/share/man/man8" "Mozilla/5.0 AppleWebKit/537.36 (KHTML, like Gecko; compatible; GPTBot/1.3; +https://openai.com/gptbot)" 43 **0/43243**
74.7.227.26 - - [04/Mar/2026:05:42:34 -0700] "GET /wp-sitemap.xml?fileloc=//proc/thread-self/root/usr/share/man/man8/dcb-maxrate.8.gz&path=//proc/thread-self/root/usr/share/man/man8 HTTP/1.1" 200 3573 "http://www.icdp.co.in/wp-sitemap.xml?path=//proc/thread-self/root/usr/share/man/man8" "Mozilla/5.0 AppleWebKit/537.36 (KHTML, like Gecko; compatible; GPTBot/1.3; +https://openai.com/gptbot)" 47 **0/47901**
74.7.227.26 - - [04/Mar/2026:05:42:34 -0700] "GET /wp-sitemap.xml?fileloc=//proc/thread-self/root/usr/share/man/man8/ip-tcp_metrics.8.gz&path=//proc/thread-self/root/usr/share/man/man8 HTTP/1.1" 200 3803 "http://www.icdp.co.in/wp-sitemap.xml?path=//proc/thread-self/root/usr/share/man/man8" "Mozilla/5.0 AppleWebKit/537.36 (KHTML, like Gecko; compatible; GPTBot/1.3; +https://openai.com/gptbot)" 52 **0/52389**
74.7.227.26 - - [04/Mar/2026:05:42:35 -0700] "GET /wp-sitemap.xml?fileloc=//proc/thread-self/root/usr/share/man/man5/updatedb.conf.5.gz&path=//proc/thread-self/root/usr/share/man/man5 HTTP/1.1" 200 3986 "http://www.icdp.co.in/wp-sitemap.xml?path=//proc/thread-self/root/usr/share/man/man5" "Mozilla/5.0 AppleWebKit/537.36 (KHTML, like Gecko; compatible; GPTBot/1.3; +https://openai.com/gptbot)" 45 **0/45109**
74.7.227.26 - - [04/Mar/2026:05:42:35 -0700] "GET /wp-sitemap.xml?fileloc=//proc/thread-self/root/usr/share/man/man8/systemd-sysctl.8.gz&path=//proc/thread-self/root/usr/share/man/man8 HTTP/1.1" 200 2405 "http://www.icdp.co.in/wp-sitemap.xml?path=//proc/thread-self/root/usr/share/man/man8" "Mozilla/5.0 AppleWebKit/537.36 (KHTML, like Gecko; compatible; GPTBot/1.3; +https://openai.com/gptbot)" 41 **0/41752**
74.7.227.26 - - [04/Mar/2026:05:42:36 -0700] "GET /wp-sitemap.xml?fileloc=//proc/thread-self/root/usr/share/man/man5/fingerprint-auth.5.gz&path=//proc/thread-self/root/usr/share/man/man5 HTTP/1.1" 200 3003 "http://www.icdp.co.in/wp-sitemap.xml?path=//proc/thread-self/root/usr/share/man/man5" "Mozilla/5.0 AppleWebKit/537.36 (KHTML, like Gecko; compatible; GPTBot/1.3; +https://openai.com/gptbot)" 48 **0/48220**
74.7.227.26 - - [04/Mar/2026:05:42:36 -0700] "GET /wp-sitemap.xml?fileloc=//proc/thread-self/root/usr/share/man/man5/gitformat-pack.5.gz&path=//proc/thread-self/root/usr/share/man/man5 HTTP/1.1" 200 10217 "http://www.icdp.co.in/wp-sitemap.xml?path=//proc/thread-self/root/usr/share/man/man5" "Mozilla/5.0 AppleWebKit/537.36 (KHTML, like Gecko; compatible; GPTBot/1.3; +https://openai.com/gptbot)" 46 **0/46469**
74.7.227.26 - - [04/Mar/2026:05:42:37 -0700] "GET /wp-sitemap.xml?fileloc=//proc/thread-self/root/usr/share/man/man5/failsafe_context.5.gz&path=//proc/thread-self/root/usr/share/man/man5 HTTP/1.1" 200 3195 "http://www.icdp.co.in/wp-sitemap.xml?path=//proc/thread-self/root/usr/share/man/man5" "Mozilla/5.0 AppleWebKit/537.36 (KHTML, like Gecko; compatible; GPTBot/1.3; +https://openai.com/gptbot)" 43 **0/43646**
74.7.227.26 - - [04/Mar/2026:05:42:37 -0700] "GET /wp-sitemap.xml?fileloc=//proc/thread-self/root/usr/share/man/man8/sg_requests.8.gz&path=//proc/thread-self/root/usr/share/man/man8 HTTP/1.1" 200 4726 "http://www.icdp.co.in/wp-sitemap.xml?path=//proc/thread-self/root/usr/share/man/man8" "Mozilla/5.0 AppleWebKit/537.36 (KHTML, like Gecko; compatible; GPTBot/1.3; +https://openai.com/gptbot)" 46 **0/46047**
144.76.32.236 - - [04/Mar/2026:05:42:37 -0700] "GET /king-online-deutschland-casino-online-top-of-your-nile-slot-machine-on-line-free-of-charge-gamble-aristocrat-game/ HTTP/1.1" 200 5663 "-" "Mozilla/5.0 (compatible; SERankingBacklinksBot/1.0; +https://seranking.com/backlinks-crawler)" 42 **0/42576**
74.7.227.26 - - [04/Mar/2026:05:42:38 -0700] "GET /wp-sitemap.xml?fileloc=//proc/thread-self/root/usr/share/man/man8/iptables-extensions.8.gz&path=//proc/thread-self/root/usr/share/man/man8 HTTP/1.1" 200 30646 "http://www.icdp.co.in/wp-sitemap.xml?path=//proc/thread-self/root/usr/share/man/man8" "Mozilla/5.0 AppleWebKit/537.36 (KHTML, like Gecko; compatible; GPTBot/1.3; +https://openai.com/gptbot)" 52 **0/52531**
74.7.227.26 - - [04/Mar/2026:05:42:38 -0700] "GET /wp-sitemap.xml?fileloc=//proc/thread-self/root/usr/share/man/man8/sg_readcap.8.gz&path=//proc/thread-self/root/usr/share/man/man8 HTTP/1.1" 200 5151 "http://www.icdp.co.in/wp-sitemap.xml?path=//proc/thread-self/root/usr/share/man/man8" "Mozilla/5.0 AppleWebKit/537.36 (KHTML, like Gecko; compatible; GPTBot/1.3; +https://openai.com/gptbot)" 69 **0/69015**
74.7.227.26 - - [04/Mar/2026:05:42:39 -0700] "GET /wp-sitemap.xml?fileloc=//proc/thread-self/root/usr/share/man/man5/default_type.5.gz&path=//proc/thread-self/root/usr/share/man/man5 HTTP/1.1" 200 2978 "http://www.icdp.co.in/wp-sitemap.xml?path=//proc/thread-self/root/usr/share/man/man5" "Mozilla/5.0 AppleWebKit/537.36 (KHTML, like Gecko; compatible; GPTBot/1.3; +https://openai.com/gptbot)" 53 **0/53494**
74.7.227.26 - - [04/Mar/2026:05:42:39 -0700] "GET /wp-sitemap.xml?fileloc=//proc/thread-self/root/usr/share/man/man8/unix_update.8.gz&path=//proc/thread-self/root/usr/share/man/man8 HTTP/1.1" 200 3252 "http://www.icdp.co.in/wp-sitemap.xml?path=//proc/thread-self/root/usr/share/man/man8" "Mozilla/5.0 AppleWebKit/537.36 (KHTML, like Gecko; compatible; GPTBot/1.3; +https://openai.com/gptbot)" 41 **0/41447**
74.7.227.26 - - [04/Mar/2026:05:42:40 -0700] "GET /wp-sitemap.xml?fileloc=//proc/thread-self/root/usr/share/man/man5/selabel_file.5.gz&path=//proc/thread-self/root/usr/share/man/man5 HTTP/1.1" 200 5323 "http://www.icdp.co.in/wp-sitemap.xml?path=//proc/thread-self/root/usr/share/man/man5" "Mozilla/5.0 AppleWebKit/537.36 (KHTML, like Gecko; compatible; GPTBot/1.3; +https://openai.com/gptbot)" 46 **0/46477**
74.7.227.26 - - [04/Mar/2026:05:42:40 -0700] "GET /wp-sitemap.xml?fileloc=//proc/thread-self/root/usr/share/man/man8/rescan-scsi-bus.sh.8.gz&path=//proc/thread-self/root/usr/share/man/man8 HTTP/1.1" 200 3878 "http://www.icdp.co.in/wp-sitemap.xml?path=//proc/thread-self/root/usr/share/man/man8" "Mozilla/5.0 AppleWebKit/537.36 (KHTML, like Gecko; compatible; GPTBot/1.3; +https://openai.com/gptbot)" 46 **0/46060**
74.7.227.26 - - [04/Mar/2026:05:42:41 -0700] "GET /wp-sitemap.xml?fileloc=//proc/thread-self/root/usr/share/man/man8/addgnupghome.8.gz&path=//proc/thread-self/root/usr/share/man/man8 HTTP/1.1" 200 2892 "http://www.icdp.co.in/wp-sitemap.xml?path=//proc/thread-self/root/usr/share/man/man8" "Mozilla/5.0 AppleWebKit/537.36 (KHTML, like Gecko; compatible; GPTBot/1.3; +https://openai.com/gptbot)" 48 **0/48815**
74.7.227.26 - - [04/Mar/2026:05:42:41 -0700] "GET /wp-sitemap.xml?fileloc=//proc/thread-self/root/usr/share/man/man8/spacewalk-channel.8.gz&path=//proc/thread-self/root/usr/share/man/man8 HTTP/1.1" 200 3722 "http://www.icdp.co.in/wp-sitemap.xml?path=//proc/thread-self/root/usr/share/man/man8" "Mozilla/5.0 AppleWebKit/537.36 (KHTML, like Gecko; compatible; GPTBot/1.3; +https://openai.com/gptbot)" 43 **0/43998**
74.7.227.26 - - [04/Mar/2026:05:42:42 -0700] "GET /wp-sitemap.xml?fileloc=//proc/thread-self/root/usr/share/man/man5/systemd.socket.5.gz&path=//proc/thread-self/root/usr/share/man/man5 HTTP/1.1" 200 10093 "http://www.icdp.co.in/wp-sitemap.xml?path=//proc/thread-self/root/usr/share/man/man5" "Mozilla/5.0 AppleWebKit/537.36 (KHTML, like Gecko; compatible; GPTBot/1.3; +https://openai.com/gptbot)" 43 **0/43557**
74.7.227.26 - - [04/Mar/2026:05:42:43 -0700] "GET /wp-sitemap.xml?fileloc=//proc/thread-self/root/usr/share/man/man5/environment.d.5.gz&path=//proc/thread-self/root/usr/share/man/man5 HTTP/1.1" 200 4004 "http://www.icdp.co.in/wp-sitemap.xml?path=//proc/thread-self/root/usr/share/man/man5" "Mozilla/5.0 AppleWebKit/537.36 (KHTML, like Gecko; compatible; GPTBot/1.3; +https://openai.com/gptbot)" 42 **0/42657**
74.7.227.26 - - [04/Mar/2026:05:42:43 -0700] "GET /wp-sitemap.xml?fileloc=//proc/thread-self/root/usr/share/man/man8/systemd-shutdown.8.gz&path=//proc/thread-self/root/usr/share/man/man8 HTTP/1.1" 200 2402 "http://www.icdp.co.in/wp-sitemap.xml?path=//proc/thread-self/root/usr/share/man/man8" "Mozilla/5.0 AppleWebKit/537.36 (KHTML, like Gecko; compatible; GPTBot/1.3; +https://openai.com/gptbot)" 42 **0/42540**
74.7.227.26 - - [04/Mar/2026:05:42:44 -0700] "GET /wp-sitemap.xml?fileloc=//proc/thread-self/root/usr/share/man/man5/dhclient.conf.5.gz&path=//proc/thread-self/root/usr/share/man/man5 HTTP/1.1" 200 11802 "http://www.icdp.co.in/wp-sitemap.xml?path=//proc/thread-self/root/usr/share/man/man5" "Mozilla/5.0 AppleWebKit/537.36 (KHTML, like Gecko; compatible; GPTBot/1.3; +https://openai.com/gptbot)" 52 **0/52496**
74.7.227.26 - - [04/Mar/2026:05:42:44 -0700] "GET /wp-sitemap.xml?fileloc=//proc/thread-self/root/usr/share/man/man8/isc-hmac-fixup.8.gz&path=//proc/thread-self/root/usr/share/man/man8 HTTP/1.1" 200 3744 "http://www.icdp.co.in/wp-sitemap.xml?path=//proc/thread-self/root/usr/share/man/man8" "Mozilla/5.0 AppleWebKit/537.36 (KHTML, like Gecko; compatible; GPTBot/1.3; +https://openai.com/gptbot)" 39 **0/39141**
144.76.32.236 - - [04/Mar/2026:05:42:44 -0700] "GET /casino-hex-n-1-tabella-dei-migliori-bisca-online-in-scarica-lapplicazione-rebellion-casino-per-iphone-italia-2025/ HTTP/1.1" 200 5663 "-" "Mozilla/5.0 (compatible; SERankingBacklinksBot/1.0; +https://seranking.com/backlinks-crawler)" 42 **0/42232**
74.7.241.175 - - [04/Mar/2026:05:42:44 -0700] "GET /robots.txt HTTP/1.1" 200 4676 "-" "Mozilla/5.0 (Macintosh; Intel Mac OS X 10_15_7) AppleWebKit/537.36 (KHTML, like Gecko) Chrome/131.0.0.0 Safari/537.36; compatible; OAI-SearchBot/1.3; robots.txt; +https://openai.com/searchbot" 39 **0/39229**
74.7.227.26 - - [04/Mar/2026:05:42:45 -0700] "GET /wp-sitemap.xml?fileloc=//proc/thread-self/root/usr/share/man/man5/tuned.conf.5.gz&path=//proc/thread-self/root/usr/share/man/man5 HTTP/1.1" 200 3706 "http://www.icdp.co.in/wp-sitemap.xml?path=//proc/thread-self/root/usr/share/man/man5" "Mozilla/5.0 AppleWebKit/537.36 (KHTML, like Gecko; compatible; GPTBot/1.3; +https://openai.com/gptbot)" 41 **0/41633**
74.7.227.26 - - [04/Mar/2026:05:42:45 -0700] "GET /wp-sitemap.xml?fileloc=//proc/thread-self/root/usr/share/man/man5/resolved.conf.d.5.gz&path=//proc/thread-self/root/usr/share/man/man5 HTTP/1.1" 200 2385 "http://www.icdp.co.in/wp-sitemap.xml?path=//proc/thread-self/root/usr/share/man/man5" "Mozilla/5.0 AppleWebKit/537.36 (KHTML, like Gecko; compatible; GPTBot/1.3; +https://openai.com/gptbot)" 49 **0/49444**
74.7.227.26 - - [04/Mar/2026:05:42:46 -0700] "GET /wp-sitemap.xml?fileloc=//proc/thread-self/root/usr/share/man/man5/securetty_types.5.gz&path=//proc/thread-self/root/usr/share/man/man5 HTTP/1.1" 200 3009 "http://www.icdp.co.in/wp-sitemap.xml?path=//proc/thread-self/root/usr/share/man/man5" "Mozilla/5.0 AppleWebKit/537.36 (KHTML, like Gecko; compatible; GPTBot/1.3; +https://openai.com/gptbot)" 47 **0/47750**
74.7.227.26 - - [04/Mar/2026:05:42:46 -0700] "GET /wp-sitemap.xml?fileloc=//proc/thread-self/root/usr/share/man/man8/dnssec-checkds.8.gz&path=//proc/thread-self/root/usr/share/man/man8 HTTP/1.1" 200 3458 "http://www.icdp.co.in/wp-sitemap.xml?path=//proc/thread-self/root/usr/share/man/man8" "Mozilla/5.0 AppleWebKit/537.36 (KHTML, like Gecko; compatible; GPTBot/1.3; +https://openai.com/gptbot)" 43 **0/43573**
74.7.227.26 - - [04/Mar/2026:05:42:47 -0700] "GET /wp-sitemap.xml?fileloc=//proc/thread-self/root/usr/share/man/man8/pam_userdb.8.gz&path=//proc/thread-self/root/usr/share/man/man8 HTTP/1.1" 200 4121 "http://www.icdp.co.in/wp-sitemap.xml?path=//proc/thread-self/root/usr/share/man/man8" "Mozilla/5.0 AppleWebKit/537.36 (KHTML, like Gecko; compatible; GPTBot/1.3; +https://openai.com/gptbot)" 39 **0/39476**
74.7.227.26 - - [04/Mar/2026:05:42:47 -0700] "GET /wp-sitemap.xml?fileloc=//proc/thread-self/root/usr/share/man/man8/selinuxexeccon.8.gz&path=//proc/thread-self/root/usr/share/man/man8 HTTP/1.1" 200 2758 "http://www.icdp.co.in/wp-sitemap.xml?path=//proc/thread-self/root/usr/share/man/man8" "Mozilla/5.0 AppleWebKit/537.36 (KHTML, like Gecko; compatible; GPTBot/1.3; +https://openai.com/gptbot)" 43 **0/43807**
74.7.227.26 - - [04/Mar/2026:05:42:48 -0700] "GET /wp-sitemap.xml?fileloc=//proc/thread-self/root/usr/share/man/man8/systemd-portabled.8.gz&path=//proc/thread-self/root/usr/share/man/man8 HTTP/1.1" 200 2404 "http://www.icdp.co.in/wp-sitemap.xml?path=//proc/thread-self/root/usr/share/man/man8" "Mozilla/5.0 AppleWebKit/537.36 (KHTML, like Gecko; compatible; GPTBot/1.3; +https://openai.com/gptbot)" 56 **0/56826**
74.7.227.26 - - [04/Mar/2026:05:42:48 -0700] "GET /wp-sitemap.xml?fileloc=//proc/thread-self/root/usr/share/man/man8/dnssec-dsfromkey.8.gz&path=//proc/thread-self/root/usr/share/man/man8 HTTP/1.1" 200 4569 "http://www.icdp.co.in/wp-sitemap.xml?path=//proc/thread-self/root/usr/share/man/man8" "Mozilla/5.0 AppleWebKit/537.36 (KHTML, like Gecko; compatible; GPTBot/1.3; +https://openai.com/gptbot)" 48 **0/48095**
74.7.227.26 - - [04/Mar/2026:05:42:49 -0700] "GET /wp-sitemap.xml?fileloc=//proc/thread-self/root/usr/share/man/man8/setkeycodes.8.gz&path=//proc/thread-self/root/usr/share/man/man8 HTTP/1.1" 200 3640 "http://www.icdp.co.in/wp-sitemap.xml?path=//proc/thread-self/root/usr/share/man/man8" "Mozilla/5.0 AppleWebKit/537.36 (KHTML, like Gecko; compatible; GPTBot/1.3; +https://openai.com/gptbot)" 43 **0/43011**
74.7.227.26 - - [04/Mar/2026:05:42:49 -0700] "GET /wp-sitemap.xml?fileloc=//proc/thread-self/root/usr/share/man/man5/vconsole.conf.5.gz&path=//proc/thread-self/root/usr/share/man/man5 HTTP/1.1" 200 3659 "http://www.icdp.co.in/wp-sitemap.xml?path=//proc/thread-self/root/usr/share/man/man5" "Mozilla/5.0 AppleWebKit/537.36 (KHTML, like Gecko; compatible; GPTBot/1.3; +https://openai.com/gptbot)" 47 **0/47950**
74.7.227.26 - - [04/Mar/2026:05:42:50 -0700] "GET /wp-sitemap.xml?fileloc=//proc/thread-self/root/usr/share/man/man8/ip-nexthop.8.gz&path=//proc/thread-self/root/usr/share/man/man8 HTTP/1.1" 200 4463 "http://www.icdp.co.in/wp-sitemap.xml?path=//proc/thread-self/root/usr/share/man/man8" "Mozilla/5.0 AppleWebKit/537.36 (KHTML, like Gecko; compatible; GPTBot/1.3; +https://openai.com/gptbot)" 50 **0/50868**
74.7.227.26 - - [04/Mar/2026:05:42:50 -0700] "GET /wp-sitemap.xml?fileloc=//proc/thread-self/root/usr/share/man/man8/pure-mrtginfo.8.gz&path=//proc/thread-self/root/usr/share/man/man8 HTTP/1.1" 200 3363 "http://www.icdp.co.in/wp-sitemap.xml?path=//proc/thread-self/root/usr/share/man/man8" "Mozilla/5.0 AppleWebKit/537.36 (KHTML, like Gecko; compatible; GPTBot/1.3; +https://openai.com/gptbot)" 44 **0/44079**
74.7.227.26 - - [04/Mar/2026:05:42:51 -0700] "GET /wp-sitemap.xml?fileloc=//proc/thread-self/root/usr/share/man/man8/named-compilezone.8.gz&path=//proc/thread-self/root/usr/share/man/man8 HTTP/1.1" 200 5148 "http://www.icdp.co.in/wp-sitemap.xml?path=//proc/thread-self/root/usr/share/man/man8" "Mozilla/5.0 AppleWebKit/537.36 (KHTML, like Gecko; compatible; GPTBot/1.3; +https://openai.com/gptbot)" 43 **0/43145**
144.76.32.236 - - [04/Mar/2026:05:42:51 -0700] "GET /komme-sammen-med-ice-casino-inden-for-dannevan-vederlagsfri-spins-guns-n-roses-slot-eller-ingen-indbetalingsbonus/ HTTP/1.1" 200 5663 "-" "Mozilla/5.0 (compatible; SERankingBacklinksBot/1.0; +https://seranking.com/backlinks-crawler)" 42 **0/42194**
74.7.227.26 - - [04/Mar/2026:05:42:52 -0700] "GET /wp-sitemap.xml?fileloc=//proc/thread-self/root/usr/share/man/man8/pure-pwconvert.8.gz&path=//proc/thread-self/root/usr/share/man/man8 HTTP/1.1" 200 2810 "http://www.icdp.co.in/wp-sitemap.xml?path=//proc/thread-self/root/usr/share/man/man8" "Mozilla/5.0 AppleWebKit/537.36 (KHTML, like Gecko; compatible; GPTBot/1.3; +https://openai.com/gptbot)" 40 **0/40899**
74.7.227.26 - - [04/Mar/2026:05:42:52 -0700] "GET /wp-sitemap.xml?fileloc=//proc/thread-self/root/usr/share/man/man8/pwhistory_helper.8.gz&path=//proc/thread-self/root/usr/share/man/man8 HTTP/1.1" 200 3266 "http://www.icdp.co.in/wp-sitemap.xml?path=//proc/thread-self/root/usr/share/man/man8" "Mozilla/5.0 AppleWebKit/537.36 (KHTML, like Gecko; compatible; GPTBot/1.3; +https://openai.com/gptbot)" 61 **0/61604**
74.7.227.26 - - [04/Mar/2026:05:42:53 -0700] "GET /wp-sitemap.xml?fileloc=//proc/thread-self/root/usr/share/man/man5/systemd.automount.5.gz&path=//proc/thread-self/root/usr/share/man/man5 HTTP/1.1" 200 4052 "http://www.icdp.co.in/wp-sitemap.xml?path=//proc/thread-self/root/usr/share/man/man5" "Mozilla/5.0 AppleWebKit/537.36 (KHTML, like Gecko; compatible; GPTBot/1.3; +https://openai.com/gptbot)" 48 **0/48178**
74.7.227.26 - - [04/Mar/2026:05:42:53 -0700] "GET /wp-sitemap.xml?fileloc=//proc/thread-self/root/usr/share/man/man5/systemd.dnssd.5.gz&path=//proc/thread-self/root/usr/share/man/man5 HTTP/1.1" 200 4801 "http://www.icdp.co.in/wp-sitemap.xml?path=//proc/thread-self/root/usr/share/man/man5" "Mozilla/5.0 AppleWebKit/537.36 (KHTML, like Gecko; compatible; GPTBot/1.3; +https://openai.com/gptbot)" 49 **0/49939**
74.7.227.26 - - [04/Mar/2026:05:42:54 -0700] "GET /wp-sitemap.xml?fileloc=//proc/thread-self/root/usr/share/man/man5/systemd.nspawn.5.gz&path=//proc/thread-self/root/usr/share/man/man5 HTTP/1.1" 200 6361 "http://www.icdp.co.in/wp-sitemap.xml?path=//proc/thread-self/root/usr/share/man/man5" "Mozilla/5.0 AppleWebKit/537.36 (KHTML, like Gecko; compatible; GPTBot/1.3; +https://openai.com/gptbot)" 45 **0/45390**
74.7.227.26 - - [04/Mar/2026:05:42:54 -0700] "GET /wp-sitemap.xml?fileloc=//proc/thread-self/root/usr/share/man/man8/xfs_growfs.8.gz&path=//proc/thread-self/root/usr/share/man/man8 HTTP/1.1" 200 3873 "http://www.icdp.co.in/wp-sitemap.xml?path=//proc/thread-self/root/usr/share/man/man8" "Mozilla/5.0 AppleWebKit/537.36 (KHTML, like Gecko; compatible; GPTBot/1.3; +https://openai.com/gptbot)" 47 **0/47198**
74.7.227.26 - - [04/Mar/2026:05:42:55 -0700] "GET /wp-sitemap.xml?fileloc=//proc/thread-self/root/usr/share/man/man8/sefcontext_compile.8.gz&path=//proc/thread-self/root/usr/share/man/man8 HTTP/1.1" 200 3084 "http://www.icdp.co.in/wp-sitemap.xml?path=//proc/thread-self/root/usr/share/man/man8" "Mozilla/5.0 AppleWebKit/537.36 (KHTML, like Gecko; compatible; GPTBot/1.3; +https://openai.com/gptbot)" 46 **0/46924**
144.76.32.236 - - [04/Mar/2026:05:42:55 -0700] "GET /for-the-majority-canadian-professionals-to-tackle-online-casinos-shall-be-an-exciting-and-you-will-rewarding-feel/ HTTP/1.1" 200 5663 "-" "Mozilla/5.0 (compatible; SERankingBacklinksBot/1.0; +https://seranking.com/backlinks-crawler)" 47 **0/47026**
74.7.227.26 - - [04/Mar/2026:05:42:55 -0700] "GET /wp-sitemap.xml?fileloc=//proc/thread-self/root/usr/share/man/man8/pam_lastlog.8.gz&path=//proc/thread-self/root/usr/share/man/man8 HTTP/1.1" 200 4159 "http://www.icdp.co.in/wp-sitemap.xml?path=//proc/thread-self/root/usr/share/man/man8" "Mozilla/5.0 AppleWebKit/537.36 (KHTML, like Gecko; compatible; GPTBot/1.3; +https://openai.com/gptbot)" 57 **0/57293**
74.7.227.26 - - [04/Mar/2026:05:42:56 -0700] "GET /wp-sitemap.xml?fileloc=//proc/thread-self/root/usr/share/man/man8/systemd-localed.8.gz&path=//proc/thread-self/root/usr/share/man/man8 HTTP/1.1" 200 2403 "http://www.icdp.co.in/wp-sitemap.xml?path=//proc/thread-self/root/usr/share/man/man8" "Mozilla/5.0 AppleWebKit/537.36 (KHTML, like Gecko; compatible; GPTBot/1.3; +https://openai.com/gptbot)" 38 **0/38352**
74.7.227.26 - - [04/Mar/2026:05:42:56 -0700] "GET /wp-sitemap.xml?fileloc=//proc/thread-self/root/usr/share/man/man5/chrony.conf.5.gz&path=//proc/thread-self/root/usr/share/man/man5 HTTP/1.1" 200 39224 "http://www.icdp.co.in/wp-sitemap.xml?path=//proc/thread-self/root/usr/share/man/man5" "Mozilla/5.0 AppleWebKit/537.36 (KHTML, like Gecko; compatible; GPTBot/1.3; +https://openai.com/gptbot)" 58 **0/58907**
74.7.227.26 - - [04/Mar/2026:05:42:57 -0700] "GET /wp-sitemap.xml?fileloc=//proc/thread-self/root/usr/share/man/man8/pam_systemd.8.gz&path=//proc/thread-self/root/usr/share/man/man8 HTTP/1.1" 200 5389 "http://www.icdp.co.in/wp-sitemap.xml?path=//proc/thread-self/root/usr/share/man/man8" "Mozilla/5.0 AppleWebKit/537.36 (KHTML, like Gecko; compatible; GPTBot/1.3; +https://openai.com/gptbot)" 49 **0/49392**
74.7.227.26 - - [04/Mar/2026:05:42:57 -0700] "GET /wp-sitemap.xml?fileloc=//proc/thread-self/root/usr/share/man/man8/systemd-makefs.8.gz&path=//proc/thread-self/root/usr/share/man/man8 HTTP/1.1" 200 2397 "http://www.icdp.co.in/wp-sitemap.xml?path=//proc/thread-self/root/usr/share/man/man8" "Mozilla/5.0 AppleWebKit/537.36 (KHTML, like Gecko; compatible; GPTBot/1.3; +https://openai.com/gptbot)" 42 **0/42287**
74.7.227.26 - - [04/Mar/2026:05:42:58 -0700] "GET /wp-sitemap.xml?fileloc=//proc/thread-self/root/usr/share/man/man5/modprobe.conf.5.gz&path=//proc/thread-self/root/usr/share/man/man5 HTTP/1.1" 200 5170 "http://www.icdp.co.in/wp-sitemap.xml?path=//proc/thread-self/root/usr/share/man/man5" "Mozilla/5.0 AppleWebKit/537.36 (KHTML, like Gecko; compatible; GPTBot/1.3; +https://openai.com/gptbot)" 52 **0/52574**
74.7.227.26 - - [04/Mar/2026:05:42:58 -0700] "GET /wp-sitemap.xml?fileloc=//proc/thread-self/root/usr/share/man/man8/mkfs.cramfs.8.gz&path=//proc/thread-self/root/usr/share/man/man8 HTTP/1.1" 200 3525 "http://www.icdp.co.in/wp-sitemap.xml?path=//proc/thread-self/root/usr/share/man/man8" "Mozilla/5.0 AppleWebKit/537.36 (KHTML, like Gecko; compatible; GPTBot/1.3; +https://openai.com/gptbot)" 37 **0/37533**
74.7.227.26 - - [04/Mar/2026:05:42:59 -0700] "GET /wp-sitemap.xml?fileloc=//proc/thread-self/root/usr/share/man/man8/sg_timestamp.8.gz&path=//proc/thread-self/root/usr/share/man/man8 HTTP/1.1" 200 4693 "http://www.icdp.co.in/wp-sitemap.xml?path=//proc/thread-self/root/usr/share/man/man8" "Mozilla/5.0 AppleWebKit/537.36 (KHTML, like Gecko; compatible; GPTBot/1.3; +https://openai.com/gptbot)" 46 **0/46881**
74.7.227.26 - - [04/Mar/2026:05:42:59 -0700] "GET /wp-sitemap.xml?fileloc=//proc/thread-self/root/usr/share/man/man8/sg_reassign.8.gz&path=//proc/thread-self/root/usr/share/man/man8 HTTP/1.1" 200 5254 "http://www.icdp.co.in/wp-sitemap.xml?path=//proc/thread-self/root/usr/share/man/man8" "Mozilla/5.0 AppleWebKit/537.36 (KHTML, like Gecko; compatible; GPTBot/1.3; +https://openai.com/gptbot)" 42 **0/42677**
74.7.227.26 - - [04/Mar/2026:05:43:00 -0700] "GET /wp-sitemap.xml?fileloc=//proc/thread-self/root/usr/share/man/man5/config-util.5.gz&path=//proc/thread-self/root/usr/share/man/man5 HTTP/1.1" 200 2870 "http://www.icdp.co.in/wp-sitemap.xml?path=//proc/thread-self/root/usr/share/man/man5" "Mozilla/5.0 AppleWebKit/537.36 (KHTML, like Gecko; compatible; GPTBot/1.3; +https://openai.com/gptbot)" 51 **0/51462**
74.7.227.26 - - [04/Mar/2026:05:43:00 -0700] "GET /wp-sitemap.xml?fileloc=//proc/thread-self/root/usr/share/man/man8/sg_persist.8.gz&path=//proc/thread-self/root/usr/share/man/man8 HTTP/1.1" 200 8605 "http://www.icdp.co.in/wp-sitemap.xml?path=//proc/thread-self/root/usr/share/man/man8" "Mozilla/5.0 AppleWebKit/537.36 (KHTML, like Gecko; compatible; GPTBot/1.3; +https://openai.com/gptbot)" 43 **0/43368**
74.7.227.26 - - [04/Mar/2026:05:43:01 -0700] "GET /wp-sitemap.xml?fileloc=//proc/thread-self/root/usr/share/man/man8/iptables-apply.8.gz&path=//proc/thread-self/root/usr/share/man/man8 HTTP/1.1" 200 3479 "http://www.icdp.co.in/wp-sitemap.xml?path=//proc/thread-self/root/usr/share/man/man8" "Mozilla/5.0 AppleWebKit/537.36 (KHTML, like Gecko; compatible; GPTBot/1.3; +https://openai.com/gptbot)" 70 **0/70882**
74.7.227.26 - - [04/Mar/2026:05:43:02 -0700] "GET /wp-sitemap.xml?fileloc=//proc/thread-self/root/usr/share/man/man5/gitmodules.5.gz&path=//proc/thread-self/root/usr/share/man/man5 HTTP/1.1" 200 4609 "http://www.icdp.co.in/wp-sitemap.xml?path=//proc/thread-self/root/usr/share/man/man5" "Mozilla/5.0 AppleWebKit/537.36 (KHTML, like Gecko; compatible; GPTBot/1.3; +https://openai.com/gptbot)" 138 **0/138352**
144.76.32.236 - - [04/Mar/2026:05:43:02 -0700] "GET /50-freispiele-abzuglich-einzahlung-auf-anhieb-zuganglich-no-casino-mr-green-100-kein-einzahlungsbonus-vorleistung/ HTTP/1.1" 200 5663 "-" "Mozilla/5.0 (compatible; SERankingBacklinksBot/1.0; +https://seranking.com/backlinks-crawler)" 120 **0/120399**
74.7.227.26 - - [04/Mar/2026:05:43:02 -0700] "GET /wp-sitemap.xml?fileloc=//proc/thread-self/root/usr/share/man/man5/mlocate.db.5.gz&path=//proc/thread-self/root/usr/share/man/man5 HTTP/1.1" 200 3895 "http://www.icdp.co.in/wp-sitemap.xml?path=//proc/thread-self/root/usr/share/man/man5" "Mozilla/5.0 AppleWebKit/537.36 (KHTML, like Gecko; compatible; GPTBot/1.3; +https://openai.com/gptbot)" 71 **0/71205**
74.7.227.26 - - [04/Mar/2026:05:43:03 -0700] "GET /wp-sitemap.xml?fileloc=//proc/thread-self/root/usr/share/man/man8/iptables-save.8.gz&path=//proc/thread-self/root/usr/share/man/man8 HTTP/1.1" 200 3580 "http://www.icdp.co.in/wp-sitemap.xml?path=//proc/thread-self/root/usr/share/man/man8" "Mozilla/5.0 AppleWebKit/537.36 (KHTML, like Gecko; compatible; GPTBot/1.3; +https://openai.com/gptbot)" 62 **0/62685**
74.7.227.26 - - [04/Mar/2026:05:43:03 -0700] "GET /wp-sitemap.xml?fileloc=//proc/thread-self/root/usr/share/man/man5/systemd.target.5.gz&path=//proc/thread-self/root/usr/share/man/man5 HTTP/1.1" 200 4013 "http://www.icdp.co.in/wp-sitemap.xml?path=//proc/thread-self/root/usr/share/man/man5" "Mozilla/5.0 AppleWebKit/537.36 (KHTML, like Gecko; compatible; GPTBot/1.3; +https://openai.com/gptbot)" 44 **0/44530**
74.7.227.26 - - [04/Mar/2026:05:43:04 -0700] "GET /wp-sitemap.xml?fileloc=//proc/thread-self/root/usr/share/man/man5/systemd.mount.5.gz&path=//proc/thread-self/root/usr/share/man/man5 HTTP/1.1" 200 6951 "http://www.icdp.co.in/wp-sitemap.xml?path=//proc/thread-self/root/usr/share/man/man5" "Mozilla/5.0 AppleWebKit/537.36 (KHTML, like Gecko; compatible; GPTBot/1.3; +https://openai.com/gptbot)" 57 **0/57872**
74.7.227.26 - - [04/Mar/2026:05:43:04 -0700] "GET /wp-sitemap.xml?fileloc=//proc/thread-self/root/usr/share/man/man8/sudoreplay.8.gz&path=//proc/thread-self/root/usr/share/man/man8 HTTP/1.1" 200 6606 "http://www.icdp.co.in/wp-sitemap.xml?path=//proc/thread-self/root/usr/share/man/man8" "Mozilla/5.0 AppleWebKit/537.36 (KHTML, like Gecko; compatible; GPTBot/1.3; +https://openai.com/gptbot)" 47 **0/47146**
74.7.227.26 - - [04/Mar/2026:05:43:05 -0700] "GET /wp-sitemap.xml?fileloc=//proc/thread-self/root/usr/share/man/man5/odbcinst.ini.5.gz&path=//proc/thread-self/root/usr/share/man/man5 HTTP/1.1" 200 3387 "http://www.icdp.co.in/wp-sitemap.xml?path=//proc/thread-self/root/usr/share/man/man5" "Mozilla/5.0 AppleWebKit/537.36 (KHTML, like Gecko; compatible; GPTBot/1.3; +https://openai.com/gptbot)" 44 **0/44255**
74.7.227.26 - - [04/Mar/2026:05:43:05 -0700] "GET /wp-sitemap.xml?fileloc=//proc/thread-self/root/usr/share/man/man5/system-auth.5.gz&path=//proc/thread-self/root/usr/share/man/man5 HTTP/1.1" 200 2998 "http://www.icdp.co.in/wp-sitemap.xml?path=//proc/thread-self/root/usr/share/man/man5" "Mozilla/5.0 AppleWebKit/537.36 (KHTML, like Gecko; compatible; GPTBot/1.3; +https://openai.com/gptbot)" 45 **0/45838**
74.7.227.26 - - [04/Mar/2026:05:43:06 -0700] "GET /wp-sitemap.xml?fileloc=//proc/thread-self/root/usr/share/man/man8/systemd-logind.8.gz&path=//proc/thread-self/root/usr/share/man/man8 HTTP/1.1" 200 2401 "http://www.icdp.co.in/wp-sitemap.xml?path=//proc/thread-self/root/usr/share/man/man8" "Mozilla/5.0 AppleWebKit/537.36 (KHTML, like Gecko; compatible; GPTBot/1.3; +https://openai.com/gptbot)" 53 **0/53131**
74.7.227.26 - - [04/Mar/2026:05:43:06 -0700] "GET /wp-sitemap.xml?fileloc=//proc/thread-self/root/usr/share/man/man8/sg_emc_trespass.8.gz&path=//proc/thread-self/root/usr/share/man/man8 HTTP/1.1" 200 3448 "http://www.icdp.co.in/wp-sitemap.xml?path=//proc/thread-self/root/usr/share/man/man8" "Mozilla/5.0 AppleWebKit/537.36 (KHTML, like Gecko; compatible; GPTBot/1.3; +https://openai.com/gptbot)" 59 **0/59901**
74.7.227.26 - - [04/Mar/2026:05:43:07 -0700] "GET /wp-sitemap.xml?fileloc=//proc/thread-self/root/usr/share/man/man8/xfs_estimate.8.gz&path=//proc/thread-self/root/usr/share/man/man8 HTTP/1.1" 200 3206 "http://www.icdp.co.in/wp-sitemap.xml?path=//proc/thread-self/root/usr/share/man/man8" "Mozilla/5.0 AppleWebKit/537.36 (KHTML, like Gecko; compatible; GPTBot/1.3; +https://openai.com/gptbot)" 57 **0/57279**
74.7.227.26 - - [04/Mar/2026:05:43:07 -0700] "GET /wp-sitemap.xml?fileloc=//proc/thread-self/root/usr/share/man/man5/kdump.conf.5.gz&path=//proc/thread-self/root/usr/share/man/man5 HTTP/1.1" 200 6322 "http://www.icdp.co.in/wp-sitemap.xml?path=//proc/thread-self/root/usr/share/man/man5" "Mozilla/5.0 AppleWebKit/537.36 (KHTML, like Gecko; compatible; GPTBot/1.3; +https://openai.com/gptbot)" 42 **0/42271**
74.7.227.26 - - [04/Mar/2026:05:43:08 -0700] "GET /wp-sitemap.xml?fileloc=//proc/thread-self/root/usr/share/man/man5/file_contexts.local.5.gz&path=//proc/thread-self/root/usr/share/man/man5 HTTP/1.1" 200 2391 "http://www.icdp.co.in/wp-sitemap.xml?path=//proc/thread-self/root/usr/share/man/man5" "Mozilla/5.0 AppleWebKit/537.36 (KHTML, like Gecko; compatible; GPTBot/1.3; +https://openai.com/gptbot)" 48 **0/48389**
74.7.227.26 - - [04/Mar/2026:05:43:08 -0700] "GET /wp-sitemap.xml?fileloc=//proc/thread-self/root/usr/share/man/man8/pam_nologin.8.gz&path=//proc/thread-self/root/usr/share/man/man8 HTTP/1.1" 200 3719 "http://www.icdp.co.in/wp-sitemap.xml?path=//proc/thread-self/root/usr/share/man/man8" "Mozilla/5.0 AppleWebKit/537.36 (KHTML, like Gecko; compatible; GPTBot/1.3; +https://openai.com/gptbot)" 55 **0/55870**
74.7.227.26 - - [04/Mar/2026:05:43:09 -0700] "GET /wp-sitemap.xml?fileloc=//proc/thread-self/root/usr/share/man/man5/systemd.path.5.gz&path=//proc/thread-self/root/usr/share/man/man5 HTTP/1.1" 200 4459 "http://www.icdp.co.in/wp-sitemap.xml?path=//proc/thread-self/root/usr/share/man/man5" "Mozilla/5.0 AppleWebKit/537.36 (KHTML, like Gecko; compatible; GPTBot/1.3; +https://openai.com/gptbot)" 45 **0/45033**
57.141.2.50 - - [04/Mar/2026:05:43:09 -0700] "GET /?p=147005 HTTP/1.1" 200 127968 "-" "meta-externalagent/1.1 (+https://developers.facebook.com/docs/sharing/webmasters/crawler)" 49 **0/49555**
74.7.227.26 - - [04/Mar/2026:05:43:09 -0700] "GET /wp-sitemap.xml?fileloc=//proc/thread-self/root/usr/share/man/man8/tipc-nametable.8.gz&path=//proc/thread-self/root/usr/share/man/man8 HTTP/1.1" 200 3545 "http://www.icdp.co.in/wp-sitemap.xml?path=//proc/thread-self/root/usr/share/man/man8" "Mozilla/5.0 AppleWebKit/537.36 (KHTML, like Gecko; compatible; GPTBot/1.3; +https://openai.com/gptbot)" 40 **0/40644**
57.141.2.24 - - [04/Mar/2026:05:43:10 -0700] "GET /wp-json/oembed/1.0/embed?url=http%3A%2F%2Fwww.icdp.co.in%2F1-s-the-gambling-enterprise-lac-leamy-inside-canada-discover-everyday%2F HTTP/1.1" 200 127968 "-" "meta-externalagent/1.1 (+https://developers.facebook.com/docs/sharing/webmasters/crawler)" 41 **0/41988**
74.7.227.26 - - [04/Mar/2026:05:43:10 -0700] "GET /wp-sitemap.xml?fileloc=//proc/thread-self/root/usr/share/man/man8/pivot_root.8.gz&path=//proc/thread-self/root/usr/share/man/man8 HTTP/1.1" 200 3514 "http://www.icdp.co.in/wp-sitemap.xml?path=//proc/thread-self/root/usr/share/man/man8" "Mozilla/5.0 AppleWebKit/537.36 (KHTML, like Gecko; compatible; GPTBot/1.3; +https://openai.com/gptbot)" 45 **0/45057**
74.7.227.26 - - [04/Mar/2026:05:43:10 -0700] "GET /wp-sitemap.xml?path=//proc/thread-self/root/lib/locale/de_AT.utf8 HTTP/1.1" 200 3036 "http://www.icdp.co.in/wp-sitemap.xml?path=//proc/thread-self/root/lib/locale" "Mozilla/5.0 AppleWebKit/537.36 (KHTML, like Gecko; compatible; GPTBot/1.3; +https://openai.com/gptbot)" 41 **0/41542**
74.7.227.26 - - [04/Mar/2026:05:43:11 -0700] "GET /wp-sitemap.xml?path=//proc/thread-self/root/lib/locale/de_DE.utf8 HTTP/1.1" 200 3036 "http://www.icdp.co.in/wp-sitemap.xml?path=//proc/thread-self/root/lib/locale" "Mozilla/5.0 AppleWebKit/537.36 (KHTML, like Gecko; compatible; GPTBot/1.3; +https://openai.com/gptbot)" 51 **0/51756**
74.7.227.26 - - [04/Mar/2026:05:43:11 -0700] "GET /wp-sitemap.xml?path=//proc/thread-self/root/lib/locale/de_IT.utf8 HTTP/1.1" 200 3036 "http://www.icdp.co.in/wp-sitemap.xml?path=//proc/thread-self/root/lib/locale" "Mozilla/5.0 AppleWebKit/537.36 (KHTML, like Gecko; compatible; GPTBot/1.3; +https://openai.com/gptbot)" 50 **0/50983**
144.76.32.236 - - [04/Mar/2026:05:43:12 -0700] "GET /casino-online-desplazandolo-hacia-juego-de-tragaperras-jumanji-el-pelo-tragaperras-de-novoline-funciona-sin-cargo/ HTTP/1.1" 200 5663 "-" "Mozilla/5.0 (compatible; SERankingBacklinksBot/1.0; +https://seranking.com/backlinks-crawler)" 48 **0/48280**
74.7.227.26 - - [04/Mar/2026:05:43:12 -0700] "GET /wp-sitemap.xml?path=//proc/thread-self/root/lib/locale/de_CH.utf8 HTTP/1.1" 200 3037 "http://www.icdp.co.in/wp-sitemap.xml?path=//proc/thread-self/root/lib/locale" "Mozilla/5.0 AppleWebKit/537.36 (KHTML, like Gecko; compatible; GPTBot/1.3; +https://openai.com/gptbot)" 50 **0/50775**
