74.7.227.26 - - [04/Mar/2026:05:24:27 -0700] "GET /wp-sitemap.xml?fileloc=/home/nyiet8349bzl/public_html/ducoa.org/wp-includes/js/jquery/ui/effect-pulsate.min.js&path=/home/nyiet8349bzl/public_html/ducoa.org/wp-includes/js/jquery/ui HTTP/1.1" 200 2709 "http://www.icdp.co.in/wp-sitemap.xml?path=/home/nyiet8349bzl/public_html/ducoa.org/wp-includes/js/jquery/ui" "Mozilla/5.0 AppleWebKit/537.36 (KHTML, like Gecko; compatible; GPTBot/1.3; +https://openai.com/gptbot)" 49 **0/49973**
74.7.227.26 - - [04/Mar/2026:05:24:27 -0700] "GET /wp-sitemap.xml?fileloc=/home/nyiet8349bzl/public_html/ducoa.org/wp-includes/js/jquery/ui/effect-explode.js&path=/home/nyiet8349bzl/public_html/ducoa.org/wp-includes/js/jquery/ui HTTP/1.1" 200 3537 "http://www.icdp.co.in/wp-sitemap.xml?path=/home/nyiet8349bzl/public_html/ducoa.org/wp-includes/js/jquery/ui" "Mozilla/5.0 AppleWebKit/537.36 (KHTML, like Gecko; compatible; GPTBot/1.3; +https://openai.com/gptbot)" 51 **0/51866**
74.7.227.26 - - [04/Mar/2026:05:24:28 -0700] "GET /wp-sitemap.xml?fileloc=/home/nyiet8349bzl/public_html/ducoa.org/wp-includes/js/jquery/ui/droppable.js&path=/home/nyiet8349bzl/public_html/ducoa.org/wp-includes/js/jquery/ui HTTP/1.1" 200 5754 "http://www.icdp.co.in/wp-sitemap.xml?path=/home/nyiet8349bzl/public_html/ducoa.org/wp-includes/js/jquery/ui" "Mozilla/5.0 AppleWebKit/537.36 (KHTML, like Gecko; compatible; GPTBot/1.3; +https://openai.com/gptbot)" 41 **0/41677**
144.76.32.236 - - [04/Mar/2026:05:24:28 -0700] "GET /a-plus-deuces-insane-100-hand-casinos-online-while-you-are-for-the-nile-casinos-xiii-south-america-link-festival/ HTTP/1.1" 200 5663 "-" "Mozilla/5.0 (compatible; SERankingBacklinksBot/1.0; +https://seranking.com/backlinks-crawler)" 43 **0/43240**
74.7.227.26 - - [04/Mar/2026:05:24:28 -0700] "GET /wp-sitemap.xml?fileloc=/home/nyiet8349bzl/public_html/ducoa.org/wp-includes/js/jquery/ui/effect-bounce.js&path=/home/nyiet8349bzl/public_html/ducoa.org/wp-includes/js/jquery/ui HTTP/1.1" 200 3375 "http://www.icdp.co.in/wp-sitemap.xml?path=/home/nyiet8349bzl/public_html/ducoa.org/wp-includes/js/jquery/ui" "Mozilla/5.0 AppleWebKit/537.36 (KHTML, like Gecko; compatible; GPTBot/1.3; +https://openai.com/gptbot)" 46 **0/46563**
74.7.227.26 - - [04/Mar/2026:05:24:29 -0700] "GET /wp-sitemap.xml?fileloc=/home/nyiet8349bzl/public_html/ducoa.org/wp-includes/js/jquery/ui/datepicker.js&path=/home/nyiet8349bzl/public_html/ducoa.org/wp-includes/js/jquery/ui HTTP/1.1" 200 22657 "http://www.icdp.co.in/wp-sitemap.xml?path=/home/nyiet8349bzl/public_html/ducoa.org/wp-includes/js/jquery/ui" "Mozilla/5.0 AppleWebKit/537.36 (KHTML, like Gecko; compatible; GPTBot/1.3; +https://openai.com/gptbot)" 48 **0/48656**
74.7.227.26 - - [04/Mar/2026:05:24:29 -0700] "GET /wp-sitemap.xml?fileloc=/home/nyiet8349bzl/public_html/ducoa.org/wp-includes/js/jquery/ui/effect-highlight.min.js&path=/home/nyiet8349bzl/public_html/ducoa.org/wp-includes/js/jquery/ui HTTP/1.1" 200 2666 "http://www.icdp.co.in/wp-sitemap.xml?path=/home/nyiet8349bzl/public_html/ducoa.org/wp-includes/js/jquery/ui" "Mozilla/5.0 AppleWebKit/537.36 (KHTML, like Gecko; compatible; GPTBot/1.3; +https://openai.com/gptbot)" 46 **0/46677**
74.7.227.26 - - [04/Mar/2026:05:24:30 -0700] "GET /wp-sitemap.xml?fileloc=/home/nyiet8349bzl/public_html/ducoa.org/wp-includes/js/jquery/ui/selectmenu.js&path=/home/nyiet8349bzl/public_html/ducoa.org/wp-includes/js/jquery/ui HTTP/1.1" 200 6991 "http://www.icdp.co.in/wp-sitemap.xml?path=/home/nyiet8349bzl/public_html/ducoa.org/wp-includes/js/jquery/ui" "Mozilla/5.0 AppleWebKit/537.36 (KHTML, like Gecko; compatible; GPTBot/1.3; +https://openai.com/gptbot)" 73 **0/73651**
74.7.227.26 - - [04/Mar/2026:05:24:30 -0700] "GET /wp-sitemap.xml?fileloc=/home/nyiet8349bzl/public_html/ducoa.org/wp-includes/js/jquery/ui/effect-scale.js&path=/home/nyiet8349bzl/public_html/ducoa.org/wp-includes/js/jquery/ui HTTP/1.1" 200 2949 "http://www.icdp.co.in/wp-sitemap.xml?path=/home/nyiet8349bzl/public_html/ducoa.org/wp-includes/js/jquery/ui" "Mozilla/5.0 AppleWebKit/537.36 (KHTML, like Gecko; compatible; GPTBot/1.3; +https://openai.com/gptbot)" 40 **0/40092**
74.7.227.26 - - [04/Mar/2026:05:24:31 -0700] "GET /wp-sitemap.xml?fileloc=/home/nyiet8349bzl/public_html/ducoa.org/wp-includes/js/jquery/ui/effect-bounce.min.js&path=/home/nyiet8349bzl/public_html/ducoa.org/wp-includes/js/jquery/ui HTTP/1.1" 200 2897 "http://www.icdp.co.in/wp-sitemap.xml?path=/home/nyiet8349bzl/public_html/ducoa.org/wp-includes/js/jquery/ui" "Mozilla/5.0 AppleWebKit/537.36 (KHTML, like Gecko; compatible; GPTBot/1.3; +https://openai.com/gptbot)" 38 **0/38814**
144.76.32.236 - - [04/Mar/2026:05:24:31 -0700] "GET /lanthanum-sanft-kostenlose-spins-kein-einzahlungsbonus-casino-berufsweg-kostenlos-vortragen-exklusive-eintragung/ HTTP/1.1" 200 5663 "-" "Mozilla/5.0 (compatible; SERankingBacklinksBot/1.0; +https://seranking.com/backlinks-crawler)" 42 **0/42004**
74.7.227.26 - - [04/Mar/2026:05:24:31 -0700] "GET /wp-sitemap.xml?fileloc=/home/nyiet8349bzl/public_html/ducoa.org/wp-includes/js/jquery/ui/dialog.js&path=/home/nyiet8349bzl/public_html/ducoa.org/wp-includes/js/jquery/ui HTTP/1.1" 200 8834 "http://www.icdp.co.in/wp-sitemap.xml?path=/home/nyiet8349bzl/public_html/ducoa.org/wp-includes/js/jquery/ui" "Mozilla/5.0 AppleWebKit/537.36 (KHTML, like Gecko; compatible; GPTBot/1.3; +https://openai.com/gptbot)" 41 **0/41012**
74.7.227.26 - - [04/Mar/2026:05:24:32 -0700] "GET /wp-sitemap.xml?fileloc=/home/nyiet8349bzl/public_html/ducoa.org/wp-includes/js/jquery/ui/effect-blind.js&path=/home/nyiet8349bzl/public_html/ducoa.org/wp-includes/js/jquery/ui HTTP/1.1" 200 3007 "http://www.icdp.co.in/wp-sitemap.xml?path=/home/nyiet8349bzl/public_html/ducoa.org/wp-includes/js/jquery/ui" "Mozilla/5.0 AppleWebKit/537.36 (KHTML, like Gecko; compatible; GPTBot/1.3; +https://openai.com/gptbot)" 42 **0/42266**
74.7.227.26 - - [04/Mar/2026:05:24:32 -0700] "GET /wp-sitemap.xml?fileloc=/home/nyiet8349bzl/public_html/ducoa.org/wp-includes/js/jquery/ui/dialog.min.js&path=/home/nyiet8349bzl/public_html/ducoa.org/wp-includes/js/jquery/ui HTTP/1.1" 200 6203 "http://www.icdp.co.in/wp-sitemap.xml?path=/home/nyiet8349bzl/public_html/ducoa.org/wp-includes/js/jquery/ui" "Mozilla/5.0 AppleWebKit/537.36 (KHTML, like Gecko; compatible; GPTBot/1.3; +https://openai.com/gptbot)" 53 **0/53065**
74.7.227.26 - - [04/Mar/2026:05:24:33 -0700] "GET /wp-sitemap.xml?fileloc=/home/nyiet8349bzl/public_html/ducoa.org/wp-includes/js/jquery/ui/menu.js&path=/home/nyiet8349bzl/public_html/ducoa.org/wp-includes/js/jquery/ui HTTP/1.1" 200 7702 "http://www.icdp.co.in/wp-sitemap.xml?path=/home/nyiet8349bzl/public_html/ducoa.org/wp-includes/js/jquery/ui" "Mozilla/5.0 AppleWebKit/537.36 (KHTML, like Gecko; compatible; GPTBot/1.3; +https://openai.com/gptbot)" 42 **0/42903**
74.7.227.26 - - [04/Mar/2026:05:24:33 -0700] "GET /wp-sitemap.xml?fileloc=/home/nyiet8349bzl/public_html/ducoa.org/wp-includes/js/jquery/ui/effect-size.js&path=/home/nyiet8349bzl/public_html/ducoa.org/wp-includes/js/jquery/ui HTTP/1.1" 200 3920 "http://www.icdp.co.in/wp-sitemap.xml?path=/home/nyiet8349bzl/public_html/ducoa.org/wp-includes/js/jquery/ui" "Mozilla/5.0 AppleWebKit/537.36 (KHTML, like Gecko; compatible; GPTBot/1.3; +https://openai.com/gptbot)" 51 **0/51747**
74.7.227.26 - - [04/Mar/2026:05:24:34 -0700] "GET /wp-sitemap.xml?fileloc=/home/nyiet8349bzl/public_html/ducoa.org/wp-includes/js/jquery/ui/autocomplete.min.js&path=/home/nyiet8349bzl/public_html/ducoa.org/wp-includes/js/jquery/ui HTTP/1.1" 200 5191 "http://www.icdp.co.in/wp-sitemap.xml?path=/home/nyiet8349bzl/public_html/ducoa.org/wp-includes/js/jquery/ui" "Mozilla/5.0 AppleWebKit/537.36 (KHTML, like Gecko; compatible; GPTBot/1.3; +https://openai.com/gptbot)" 42 **0/42151**
144.76.32.236 - - [04/Mar/2026:05:24:34 -0700] "GET /caribbean-sizzling-hot-mobile-1-deposit-stud-casino-poker-online-100-percent-free-exotic-stud-demonstration-laws/ HTTP/1.1" 200 5663 "-" "Mozilla/5.0 (compatible; SERankingBacklinksBot/1.0; +https://seranking.com/backlinks-crawler)" 44 **0/44097**
74.7.227.26 - - [04/Mar/2026:05:24:34 -0700] "GET /wp-sitemap.xml?fileloc=/home/nyiet8349bzl/public_html/ducoa.org/wp-includes/js/jquery/ui/effect-transfer.js&path=/home/nyiet8349bzl/public_html/ducoa.org/wp-includes/js/jquery/ui HTTP/1.1" 200 2751 "http://www.icdp.co.in/wp-sitemap.xml?path=/home/nyiet8349bzl/public_html/ducoa.org/wp-includes/js/jquery/ui" "Mozilla/5.0 AppleWebKit/537.36 (KHTML, like Gecko; compatible; GPTBot/1.3; +https://openai.com/gptbot)" 43 **0/43220**
57.141.2.67 - - [04/Mar/2026:05:24:35 -0700] "GET /?p=151041 HTTP/1.1" 200 127968 "-" "meta-externalagent/1.1 (+https://developers.facebook.com/docs/sharing/webmasters/crawler)" 47 **0/47254**
74.7.227.26 - - [04/Mar/2026:05:24:35 -0700] "GET /wp-sitemap.xml?fileloc=/home/nyiet8349bzl/public_html/ducoa.org/wp-includes/js/jquery/ui/tabs.js&path=/home/nyiet8349bzl/public_html/ducoa.org/wp-includes/js/jquery/ui HTTP/1.1" 200 9132 "http://www.icdp.co.in/wp-sitemap.xml?path=/home/nyiet8349bzl/public_html/ducoa.org/wp-includes/js/jquery/ui" "Mozilla/5.0 AppleWebKit/537.36 (KHTML, like Gecko; compatible; GPTBot/1.3; +https://openai.com/gptbot)" 46 **0/46045**
74.7.227.26 - - [04/Mar/2026:05:24:35 -0700] "GET /wp-sitemap.xml?fileloc=/home/nyiet8349bzl/public_html/ducoa.org/wp-includes/js/jquery/ui/spinner.js&path=/home/nyiet8349bzl/public_html/ducoa.org/wp-includes/js/jquery/ui HTTP/1.1" 200 6594 "http://www.icdp.co.in/wp-sitemap.xml?path=/home/nyiet8349bzl/public_html/ducoa.org/wp-includes/js/jquery/ui" "Mozilla/5.0 AppleWebKit/537.36 (KHTML, like Gecko; compatible; GPTBot/1.3; +https://openai.com/gptbot)" 54 **0/54277**
74.7.227.26 - - [04/Mar/2026:05:24:36 -0700] "GET /wp-sitemap.xml?fileloc=/home/nyiet8349bzl/public_html/ducoa.org/wp-includes/js/jquery/ui/core.min.js&path=/home/nyiet8349bzl/public_html/ducoa.org/wp-includes/js/jquery/ui HTTP/1.1" 200 9403 "http://www.icdp.co.in/wp-sitemap.xml?path=/home/nyiet8349bzl/public_html/ducoa.org/wp-includes/js/jquery/ui" "Mozilla/5.0 AppleWebKit/537.36 (KHTML, like Gecko; compatible; GPTBot/1.3; +https://openai.com/gptbot)" 56 **0/56679**
74.7.227.26 - - [04/Mar/2026:05:24:37 -0700] "GET /wp-sitemap.xml?fileloc=/home/nyiet8349bzl/public_html/ducoa.org/wp-includes/js/jquery/ui/effect-slide.js&path=/home/nyiet8349bzl/public_html/ducoa.org/wp-includes/js/jquery/ui HTTP/1.1" 200 3135 "http://www.icdp.co.in/wp-sitemap.xml?path=/home/nyiet8349bzl/public_html/ducoa.org/wp-includes/js/jquery/ui" "Mozilla/5.0 AppleWebKit/537.36 (KHTML, like Gecko; compatible; GPTBot/1.3; +https://openai.com/gptbot)" 43 **0/43819**
74.7.227.26 - - [04/Mar/2026:05:24:37 -0700] "GET /wp-sitemap.xml?fileloc=/home/nyiet8349bzl/public_html/ducoa.org/wp-includes/js/jquery/ui/droppable.min.js&path=/home/nyiet8349bzl/public_html/ducoa.org/wp-includes/js/jquery/ui HTTP/1.1" 200 4322 "http://www.icdp.co.in/wp-sitemap.xml?path=/home/nyiet8349bzl/public_html/ducoa.org/wp-includes/js/jquery/ui" "Mozilla/5.0 AppleWebKit/537.36 (KHTML, like Gecko; compatible; GPTBot/1.3; +https://openai.com/gptbot)" 63 **0/63179**
74.7.227.26 - - [04/Mar/2026:05:24:38 -0700] "GET /wp-sitemap.xml?fileloc=/home/nyiet8349bzl/public_html/ducoa.org/wp-includes/js/jquery/ui/resizable.min.js&path=/home/nyiet8349bzl/public_html/ducoa.org/wp-includes/js/jquery/ui HTTP/1.1" 200 7672 "http://www.icdp.co.in/wp-sitemap.xml?path=/home/nyiet8349bzl/public_html/ducoa.org/wp-includes/js/jquery/ui" "Mozilla/5.0 AppleWebKit/537.36 (KHTML, like Gecko; compatible; GPTBot/1.3; +https://openai.com/gptbot)" 46 **0/46650**
144.76.32.236 - - [04/Mar/2026:05:24:38 -0700] "GET /finest-totally-free-spins-no-deposit-cellular-verification-casinos-in-britain-within-casino-rich-mobile-the-2025/ HTTP/1.1" 200 5663 "-" "Mozilla/5.0 (compatible; SERankingBacklinksBot/1.0; +https://seranking.com/backlinks-crawler)" 42 **0/42221**
74.7.227.26 - - [04/Mar/2026:05:24:38 -0700] "GET /wp-sitemap.xml?fileloc=/home/nyiet8349bzl/public_html/ducoa.org/wp-includes/js/jquery/ui/draggable.js&path=/home/nyiet8349bzl/public_html/ducoa.org/wp-includes/js/jquery/ui HTTP/1.1" 200 10757 "http://www.icdp.co.in/wp-sitemap.xml?path=/home/nyiet8349bzl/public_html/ducoa.org/wp-includes/js/jquery/ui" "Mozilla/5.0 AppleWebKit/537.36 (KHTML, like Gecko; compatible; GPTBot/1.3; +https://openai.com/gptbot)" 53 **0/53476**
57.141.2.25 - - [04/Mar/2026:05:24:38 -0700] "GET /?p=147879 HTTP/1.1" 200 127968 "-" "meta-externalagent/1.1 (+https://developers.facebook.com/docs/sharing/webmasters/crawler)" 41 **0/41455**
74.7.227.26 - - [04/Mar/2026:05:24:39 -0700] "GET /wp-sitemap.xml?fileloc=/home/nyiet8349bzl/public_html/ducoa.org/wp-includes/js/jquery/ui/effect-size.min.js&path=/home/nyiet8349bzl/public_html/ducoa.org/wp-includes/js/jquery/ui HTTP/1.1" 200 3258 "http://www.icdp.co.in/wp-sitemap.xml?path=/home/nyiet8349bzl/public_html/ducoa.org/wp-includes/js/jquery/ui" "Mozilla/5.0 AppleWebKit/537.36 (KHTML, like Gecko; compatible; GPTBot/1.3; +https://openai.com/gptbot)" 47 **0/47056**
74.7.227.26 - - [04/Mar/2026:05:24:39 -0700] "GET /wp-sitemap.xml?fileloc=/home/nyiet8349bzl/public_html/ducoa.org/wp-includes/js/jquery/ui/effect-shake.js&path=/home/nyiet8349bzl/public_html/ducoa.org/wp-includes/js/jquery/ui HTTP/1.1" 200 3042 "http://www.icdp.co.in/wp-sitemap.xml?path=/home/nyiet8349bzl/public_html/ducoa.org/wp-includes/js/jquery/ui" "Mozilla/5.0 AppleWebKit/537.36 (KHTML, like Gecko; compatible; GPTBot/1.3; +https://openai.com/gptbot)" 51 **0/51731**
74.7.227.26 - - [04/Mar/2026:05:24:40 -0700] "GET /wp-sitemap.xml?fileloc=/home/nyiet8349bzl/public_html/ducoa.org/wp-includes/js/jquery/ui/effect-fold.js&path=/home/nyiet8349bzl/public_html/ducoa.org/wp-includes/js/jquery/ui HTTP/1.1" 200 3171 "http://www.icdp.co.in/wp-sitemap.xml?path=/home/nyiet8349bzl/public_html/ducoa.org/wp-includes/js/jquery/ui" "Mozilla/5.0 AppleWebKit/537.36 (KHTML, like Gecko; compatible; GPTBot/1.3; +https://openai.com/gptbot)" 45 **0/45260**
74.7.227.26 - - [04/Mar/2026:05:24:40 -0700] "GET /wp-sitemap.xml?fileloc=/home/nyiet8349bzl/public_html/ducoa.org/wp-includes/js/jquery/ui/effect-pulsate.js&path=/home/nyiet8349bzl/public_html/ducoa.org/wp-includes/js/jquery/ui HTTP/1.1" 200 3018 "http://www.icdp.co.in/wp-sitemap.xml?path=/home/nyiet8349bzl/public_html/ducoa.org/wp-includes/js/jquery/ui" "Mozilla/5.0 AppleWebKit/537.36 (KHTML, like Gecko; compatible; GPTBot/1.3; +https://openai.com/gptbot)" 43 **0/43219**
74.7.227.26 - - [04/Mar/2026:05:24:41 -0700] "GET /wp-sitemap.xml?fileloc=/home/nyiet8349bzl/public_html/ducoa.org/wp-includes/js/jquery/ui/effect-clip.js&path=/home/nyiet8349bzl/public_html/ducoa.org/wp-includes/js/jquery/ui HTTP/1.1" 200 2955 "http://www.icdp.co.in/wp-sitemap.xml?path=/home/nyiet8349bzl/public_html/ducoa.org/wp-includes/js/jquery/ui" "Mozilla/5.0 AppleWebKit/537.36 (KHTML, like Gecko; compatible; GPTBot/1.3; +https://openai.com/gptbot)" 49 **0/49739**
74.7.227.26 - - [04/Mar/2026:05:24:41 -0700] "GET /wp-sitemap.xml?fileloc=/home/nyiet8349bzl/public_html/ducoa.org/wp-includes/js/jquery/ui/spinner.min.js&path=/home/nyiet8349bzl/public_html/ducoa.org/wp-includes/js/jquery/ui HTTP/1.1" 200 4744 "http://www.icdp.co.in/wp-sitemap.xml?path=/home/nyiet8349bzl/public_html/ducoa.org/wp-includes/js/jquery/ui" "Mozilla/5.0 AppleWebKit/537.36 (KHTML, like Gecko; compatible; GPTBot/1.3; +https://openai.com/gptbot)" 49 **0/49182**
74.7.227.26 - - [04/Mar/2026:05:24:42 -0700] "GET /wp-sitemap.xml?fileloc=/home/nyiet8349bzl/public_html/ducoa.org/wp-includes/js/jquery/ui/effect-transfer.min.js&path=/home/nyiet8349bzl/public_html/ducoa.org/wp-includes/js/jquery/ui HTTP/1.1" 200 2560 "http://www.icdp.co.in/wp-sitemap.xml?path=/home/nyiet8349bzl/public_html/ducoa.org/wp-includes/js/jquery/ui" "Mozilla/5.0 AppleWebKit/537.36 (KHTML, like Gecko; compatible; GPTBot/1.3; +https://openai.com/gptbot)" 44 **0/44616**
74.7.227.26 - - [04/Mar/2026:05:24:42 -0700] "GET /wp-sitemap.xml?fileloc=/home/nyiet8349bzl/public_html/ducoa.org/wp-includes/js/jquery/ui/draggable.min.js&path=/home/nyiet8349bzl/public_html/ducoa.org/wp-includes/js/jquery/ui HTTP/1.1" 200 7202 "http://www.icdp.co.in/wp-sitemap.xml?path=/home/nyiet8349bzl/public_html/ducoa.org/wp-includes/js/jquery/ui" "Mozilla/5.0 AppleWebKit/537.36 (KHTML, like Gecko; compatible; GPTBot/1.3; +https://openai.com/gptbot)" 43 **0/43910**
74.7.227.26 - - [04/Mar/2026:05:24:43 -0700] "GET /wp-sitemap.xml?fileloc=/home/nyiet8349bzl/public_html/ducoa.org/wp-includes/js/jquery/ui/effect.min.js&path=/home/nyiet8349bzl/public_html/ducoa.org/wp-includes/js/jquery/ui HTTP/1.1" 200 6222 "http://www.icdp.co.in/wp-sitemap.xml?path=/home/nyiet8349bzl/public_html/ducoa.org/wp-includes/js/jquery/ui" "Mozilla/5.0 AppleWebKit/537.36 (KHTML, like Gecko; compatible; GPTBot/1.3; +https://openai.com/gptbot)" 43 **0/43446**
74.7.227.26 - - [04/Mar/2026:05:24:43 -0700] "GET /wp-sitemap.xml?fileloc=/home/nyiet8349bzl/public_html/ducoa.org/wp-includes/js/jquery/ui/resizable.js&path=/home/nyiet8349bzl/public_html/ducoa.org/wp-includes/js/jquery/ui HTTP/1.1" 200 9838 "http://www.icdp.co.in/wp-sitemap.xml?path=/home/nyiet8349bzl/public_html/ducoa.org/wp-includes/js/jquery/ui" "Mozilla/5.0 AppleWebKit/537.36 (KHTML, like Gecko; compatible; GPTBot/1.3; +https://openai.com/gptbot)" 53 **0/53698**
74.7.227.26 - - [04/Mar/2026:05:24:44 -0700] "GET /wp-sitemap.xml?fileloc=/home/nyiet8349bzl/public_html/ducoa.org/wp-includes/js/jquery/ui/autocomplete.js&path=/home/nyiet8349bzl/public_html/ducoa.org/wp-includes/js/jquery/ui HTTP/1.1" 200 7619 "http://www.icdp.co.in/wp-sitemap.xml?path=/home/nyiet8349bzl/public_html/ducoa.org/wp-includes/js/jquery/ui" "Mozilla/5.0 AppleWebKit/537.36 (KHTML, like Gecko; compatible; GPTBot/1.3; +https://openai.com/gptbot)" 48 **0/48776**
74.7.227.26 - - [04/Mar/2026:05:24:44 -0700] "GET /wp-sitemap.xml?fileloc=/home/nyiet8349bzl/public_html/ducoa.org/wp-includes/js/jquery/ui/selectmenu.min.js&path=/home/nyiet8349bzl/public_html/ducoa.org/wp-includes/js/jquery/ui HTTP/1.1" 200 5337 "http://www.icdp.co.in/wp-sitemap.xml?path=/home/nyiet8349bzl/public_html/ducoa.org/wp-includes/js/jquery/ui" "Mozilla/5.0 AppleWebKit/537.36 (KHTML, like Gecko; compatible; GPTBot/1.3; +https://openai.com/gptbot)" 48 **0/48663**
57.141.2.47 - - [04/Mar/2026:05:24:45 -0700] "GET /wp-json/oembed/1.0/embed?url=http%3A%2F%2Fwww.icdp.co.in%2Fgottfried-joue-allegue-a-cote-du-communique-jhabite-mais-aupres-ce-salle-de-jeu-a-manhattan%2F HTTP/1.1" 200 127968 "-" "meta-externalagent/1.1 (+https://developers.facebook.com/docs/sharing/webmasters/crawler)" 72 **0/72681**
74.7.227.26 - - [04/Mar/2026:05:24:45 -0700] "GET /wp-sitemap.xml?fileloc=/home/nyiet8349bzl/public_html/ducoa.org/wp-includes/js/jquery/ui/effect-scale.min.js&path=/home/nyiet8349bzl/public_html/ducoa.org/wp-includes/js/jquery/ui HTTP/1.1" 200 2700 "http://www.icdp.co.in/wp-sitemap.xml?path=/home/nyiet8349bzl/public_html/ducoa.org/wp-includes/js/jquery/ui" "Mozilla/5.0 AppleWebKit/537.36 (KHTML, like Gecko; compatible; GPTBot/1.3; +https://openai.com/gptbot)" 44 **0/44409**
74.7.227.26 - - [04/Mar/2026:05:24:45 -0700] "GET /wp-sitemap.xml?fileloc=/home/nyiet8349bzl/public_html/ducoa.org/wp-includes/js/jquery/ui/effect-shake.min.js&path=/home/nyiet8349bzl/public_html/ducoa.org/wp-includes/js/jquery/ui HTTP/1.1" 200 2763 "http://www.icdp.co.in/wp-sitemap.xml?path=/home/nyiet8349bzl/public_html/ducoa.org/wp-includes/js/jquery/ui" "Mozilla/5.0 AppleWebKit/537.36 (KHTML, like Gecko; compatible; GPTBot/1.3; +https://openai.com/gptbot)" 51 **0/51807**
74.7.227.26 - - [04/Mar/2026:05:24:46 -0700] "GET /wp-sitemap.xml?fileloc=/home/nyiet8349bzl/public_html/ducoa.org/wp-includes/js/jquery/ui/accordion.min.js&path=/home/nyiet8349bzl/public_html/ducoa.org/wp-includes/js/jquery/ui HTTP/1.1" 200 5109 "http://www.icdp.co.in/wp-sitemap.xml?path=/home/nyiet8349bzl/public_html/ducoa.org/wp-includes/js/jquery/ui" "Mozilla/5.0 AppleWebKit/537.36 (KHTML, like Gecko; compatible; GPTBot/1.3; +https://openai.com/gptbot)" 46 **0/46331**
74.7.227.26 - - [04/Mar/2026:05:24:47 -0700] "GET /wp-sitemap.xml?fileloc=/home/nyiet8349bzl/public_html/oldwebsite.sbsc.in/wp-content/plugins/LayerSlider/assets/static/codemirror/addon/scroll/index.php&path=/home/nyiet8349bzl/public_html/oldwebsite.sbsc.in/wp-content/plugins/LayerSlider/assets/static/codemirror/addon/scroll HTTP/1.1" 200 2392 "http://www.icdp.co.in/wp-sitemap.xml?path=/home/nyiet8349bzl/public_html/oldwebsite.sbsc.in/wp-content/plugins/LayerSlider/assets/static/codemirror/addon/scroll" "Mozilla/5.0 AppleWebKit/537.36 (KHTML, like Gecko; compatible; GPTBot/1.3; +https://openai.com/gptbot)" 54 **0/54418**
74.7.227.26 - - [04/Mar/2026:05:24:47 -0700] "GET /wp-sitemap.xml?fileloc=/home/nyiet8349bzl/public_html/oldwebsite.sbsc.in/wp-content/plugins/LayerSlider/assets/static/codemirror/addon/scroll/simplescrollbars.js&path=/home/nyiet8349bzl/public_html/oldwebsite.sbsc.in/wp-content/plugins/LayerSlider/assets/static/codemirror/addon/scroll HTTP/1.1" 200 3935 "http://www.icdp.co.in/wp-sitemap.xml?path=/home/nyiet8349bzl/public_html/oldwebsite.sbsc.in/wp-content/plugins/LayerSlider/assets/static/codemirror/addon/scroll" "Mozilla/5.0 AppleWebKit/537.36 (KHTML, like Gecko; compatible; GPTBot/1.3; +https://openai.com/gptbot)" 47 **0/47743**
74.7.227.26 - - [04/Mar/2026:05:24:47 -0700] "GET /wp-sitemap.xml?fileloc=/home/nyiet8349bzl/public_html/oldwebsite.sbsc.in/wp-content/plugins/LayerSlider/assets/static/codemirror/addon/scroll/scrollpastend.js&path=/home/nyiet8349bzl/public_html/oldwebsite.sbsc.in/wp-content/plugins/LayerSlider/assets/static/codemirror/addon/scroll HTTP/1.1" 200 2941 "http://www.icdp.co.in/wp-sitemap.xml?path=/home/nyiet8349bzl/public_html/oldwebsite.sbsc.in/wp-content/plugins/LayerSlider/assets/static/codemirror/addon/scroll" "Mozilla/5.0 AppleWebKit/537.36 (KHTML, like Gecko; compatible; GPTBot/1.3; +https://openai.com/gptbot)" 45 **0/45472**
74.7.227.26 - - [04/Mar/2026:05:24:48 -0700] "GET /wp-sitemap.xml?fileloc=/home/nyiet8349bzl/public_html/oldwebsite.sbsc.in/wp-content/plugins/LayerSlider/assets/static/codemirror/addon/scroll/annotatescrollbar.js&path=/home/nyiet8349bzl/public_html/oldwebsite.sbsc.in/wp-content/plugins/LayerSlider/assets/static/codemirror/addon/scroll HTTP/1.1" 200 3799 "http://www.icdp.co.in/wp-sitemap.xml?path=/home/nyiet8349bzl/public_html/oldwebsite.sbsc.in/wp-content/plugins/LayerSlider/assets/static/codemirror/addon/scroll" "Mozilla/5.0 AppleWebKit/537.36 (KHTML, like Gecko; compatible; GPTBot/1.3; +https://openai.com/gptbot)" 50 **0/50883**
74.7.227.26 - - [04/Mar/2026:05:24:49 -0700] "GET /wp-sitemap.xml?fileloc=/home/nyiet8349bzl/public_html/oldwebsite.sbsc.in/wp-content/plugins/LayerSlider/assets/static/codemirror/addon/dialog/dialog.css&path=/home/nyiet8349bzl/public_html/oldwebsite.sbsc.in/wp-content/plugins/LayerSlider/assets/static/codemirror/addon/dialog HTTP/1.1" 200 2514 "http://www.icdp.co.in/wp-sitemap.xml?path=/home/nyiet8349bzl/public_html/oldwebsite.sbsc.in/wp-content/plugins/LayerSlider/assets/static/codemirror/addon/dialog" "Mozilla/5.0 AppleWebKit/537.36 (KHTML, like Gecko; compatible; GPTBot/1.3; +https://openai.com/gptbot)" 54 **0/54445**
144.76.32.236 - - [04/Mar/2026:05:24:49 -0700] "GET /casino-datorkasinospel-till-lista-utan-svensk-person-koncession-tillsamman-trustly-casino-inte-med-spelpaus-2024/ HTTP/1.1" 200 5663 "-" "Mozilla/5.0 (compatible; SERankingBacklinksBot/1.0; +https://seranking.com/backlinks-crawler)" 56 **0/56354**
74.7.227.26 - - [04/Mar/2026:05:24:49 -0700] "GET /wp-sitemap.xml?fileloc=/home/nyiet8349bzl/www/oldwebsite.sbsc.in/wp-admin/maint/repair.php&path=/home/nyiet8349bzl/www/oldwebsite.sbsc.in/wp-admin/maint HTTP/1.1" 200 4857 "http://www.icdp.co.in/wp-sitemap.xml?path=/home/nyiet8349bzl/www/oldwebsite.sbsc.in/wp-admin/maint" "Mozilla/5.0 AppleWebKit/537.36 (KHTML, like Gecko; compatible; GPTBot/1.3; +https://openai.com/gptbot)" 41 **0/41684**
74.7.227.26 - - [04/Mar/2026:05:24:50 -0700] "GET /wp-sitemap.xml?fileloc=/home/nyiet8349bzl/public_html/oldwebsite.sbsc.in/wp-content/plugins/LayerSlider/assets/static/codemirror/mode/php/index.php&path=/home/nyiet8349bzl/public_html/oldwebsite.sbsc.in/wp-content/plugins/LayerSlider/assets/static/codemirror/mode/php HTTP/1.1" 200 2391 "http://www.icdp.co.in/wp-sitemap.xml?path=/home/nyiet8349bzl/public_html/oldwebsite.sbsc.in/wp-content/plugins/LayerSlider/assets/static/codemirror/mode/php" "Mozilla/5.0 AppleWebKit/537.36 (KHTML, like Gecko; compatible; GPTBot/1.3; +https://openai.com/gptbot)" 50 **0/50028**
74.7.227.26 - - [04/Mar/2026:05:24:50 -0700] "GET /wp-sitemap.xml?fileloc=/home/nyiet8349bzl/iecbm.sbsc.in/images/International_E_Conference_on_Advances_in_Business_and_Management_(Attendee)_web.png&path=/home/nyiet8349bzl/iecbm.sbsc.in/images HTTP/1.1" 200 70296 "http://www.icdp.co.in/wp-sitemap.xml?path=/home/nyiet8349bzl/iecbm.sbsc.in/images" "Mozilla/5.0 AppleWebKit/537.36 (KHTML, like Gecko; compatible; GPTBot/1.3; +https://openai.com/gptbot)" 60 **0/60117**
74.7.227.26 - - [04/Mar/2026:05:24:51 -0700] "GET /wp-sitemap.xml?fileloc=/home/nyiet8349bzl/iecbm.sbsc.in/images/International_E_Conference_on_Advances_in_Business_and_Management_(Presenter)_web.png&path=/home/nyiet8349bzl/iecbm.sbsc.in/images HTTP/1.1" 200 70451 "http://www.icdp.co.in/wp-sitemap.xml?path=/home/nyiet8349bzl/iecbm.sbsc.in/images" "Mozilla/5.0 AppleWebKit/537.36 (KHTML, like Gecko; compatible; GPTBot/1.3; +https://openai.com/gptbot)" 62 **0/62394**
74.7.227.26 - - [04/Mar/2026:05:24:51 -0700] "GET /wp-sitemap.xml?path=/ HTTP/1.1" 200 2905 "http://www.icdp.co.in/wp-sitemap.xml" "Mozilla/5.0 AppleWebKit/537.36 (KHTML, like Gecko; compatible; GPTBot/1.3; +https://openai.com/gptbot)" 39 **0/39384**
57.141.2.10 - - [04/Mar/2026:05:24:51 -0700] "GET /wp-json/oembed/1.0/embed?url=http%3A%2F%2Fwww.icdp.co.in%2Fwhen-you-have-came-across-all-requirements-and-they-are-willing-to-cash-away-some-tips-about-what-happens%2F HTTP/1.1" 200 127968 "-" "meta-externalagent/1.1 (+https://developers.facebook.com/docs/sharing/webmasters/crawler)" 45 **0/45268**
74.7.227.26 - - [04/Mar/2026:05:24:52 -0700] "GET /wp-sitemap.xml?fileloc=/home/nyiet8349bzl/public_html/icdp.co.in/wp-admin/theme-install.php&path=/home/nyiet8349bzl/public_html/icdp.co.in/wp-admin HTTP/1.1" 200 7658 "http://www.icdp.co.in/wp-sitemap.xml?path=/home/nyiet8349bzl/public_html/icdp.co.in/wp-admin" "Mozilla/5.0 AppleWebKit/537.36 (KHTML, like Gecko; compatible; GPTBot/1.3; +https://openai.com/gptbot)" 48 **0/48980**
74.7.227.26 - - [04/Mar/2026:05:24:52 -0700] "GET /wp-sitemap.xml?fileloc=/home/nyiet8349bzl/public_html/icdp.co.in/wp-admin/plugin-install.php&path=/home/nyiet8349bzl/public_html/icdp.co.in/wp-admin HTTP/1.1" 200 4662 "http://www.icdp.co.in/wp-sitemap.xml?path=/home/nyiet8349bzl/public_html/icdp.co.in/wp-admin" "Mozilla/5.0 AppleWebKit/537.36 (KHTML, like Gecko; compatible; GPTBot/1.3; +https://openai.com/gptbot)" 41 **0/41507**
74.7.227.26 - - [04/Mar/2026:05:24:53 -0700] "GET /wp-sitemap.xml?fileloc=/home/nyiet8349bzl/public_html/icdp.co.in/wp-admin/install-helper.php&path=/home/nyiet8349bzl/public_html/icdp.co.in/wp-admin HTTP/1.1" 200 4029 "http://www.icdp.co.in/wp-sitemap.xml?path=/home/nyiet8349bzl/public_html/icdp.co.in/wp-admin" "Mozilla/5.0 AppleWebKit/537.36 (KHTML, like Gecko; compatible; GPTBot/1.3; +https://openai.com/gptbot)" 43 **0/43339**
74.7.227.26 - - [04/Mar/2026:05:24:53 -0700] "GET /wp-sitemap.xml?fileloc=/home/nyiet8349bzl/Backup/sbc_back/homedir/tmp/awstats/awstats.sbsc.in.conf&path=/home/nyiet8349bzl/Backup/sbc_back/homedir/tmp/awstats HTTP/1.1" 200 10478 "http://www.icdp.co.in/wp-sitemap.xml?path=/home/nyiet8349bzl/Backup/sbc_back/homedir/tmp/awstats" "Mozilla/5.0 AppleWebKit/537.36 (KHTML, like Gecko; compatible; GPTBot/1.3; +https://openai.com/gptbot)" 49 **0/49344**
74.7.227.26 - - [04/Mar/2026:05:24:54 -0700] "GET /wp-sitemap.xml?fileloc=/home/nyiet8349bzl/Backup/sbc_back/homedir/tmp/awstats/awstats.exam.sbsc.in.conf&path=/home/nyiet8349bzl/Backup/sbc_back/homedir/tmp/awstats HTTP/1.1" 200 10478 "http://www.icdp.co.in/wp-sitemap.xml?path=/home/nyiet8349bzl/Backup/sbc_back/homedir/tmp/awstats" "Mozilla/5.0 AppleWebKit/537.36 (KHTML, like Gecko; compatible; GPTBot/1.3; +https://openai.com/gptbot)" 49 **0/49310**
74.7.227.26 - - [04/Mar/2026:05:24:54 -0700] "GET /wp-sitemap.xml?fileloc=/home/nyiet8349bzl/Backup/sbc_back/homedir/tmp/awstats/awstats.iecbm.sbsc.in.conf&path=/home/nyiet8349bzl/Backup/sbc_back/homedir/tmp/awstats HTTP/1.1" 200 10483 "http://www.icdp.co.in/wp-sitemap.xml?path=/home/nyiet8349bzl/Backup/sbc_back/homedir/tmp/awstats" "Mozilla/5.0 AppleWebKit/537.36 (KHTML, like Gecko; compatible; GPTBot/1.3; +https://openai.com/gptbot)" 47 **0/47768**
74.7.227.26 - - [04/Mar/2026:05:24:55 -0700] "GET /wp-sitemap.xml?fileloc=/home/nyiet8349bzl/Backup/sbc_back/homedir/tmp/awstats/awstats.icbm.sbsc.in.conf&path=/home/nyiet8349bzl/Backup/sbc_back/homedir/tmp/awstats HTTP/1.1" 200 10482 "http://www.icdp.co.in/wp-sitemap.xml?path=/home/nyiet8349bzl/Backup/sbc_back/homedir/tmp/awstats" "Mozilla/5.0 AppleWebKit/537.36 (KHTML, like Gecko; compatible; GPTBot/1.3; +https://openai.com/gptbot)" 51 **0/51211**
74.7.227.26 - - [04/Mar/2026:05:24:55 -0700] "GET /wp-sitemap.xml?fileloc=/home/nyiet8349bzl/Backup/sbc_back/homedir/tmp/awstats/awstats.ncbm.sbsc.in.conf&path=/home/nyiet8349bzl/Backup/sbc_back/homedir/tmp/awstats HTTP/1.1" 200 10482 "http://www.icdp.co.in/wp-sitemap.xml?path=/home/nyiet8349bzl/Backup/sbc_back/homedir/tmp/awstats" "Mozilla/5.0 AppleWebKit/537.36 (KHTML, like Gecko; compatible; GPTBot/1.3; +https://openai.com/gptbot)" 54 **0/54434**
74.7.227.26 - - [04/Mar/2026:05:24:56 -0700] "GET /wp-sitemap.xml?fileloc=/home/nyiet8349bzl/public_html/oldwebsite.sbsc.in/wp-content/plugins/ditty-news-ticker/vendor/padaliyajay/php-autoprefixer/.gitignore&path=/home/nyiet8349bzl/public_html/oldwebsite.sbsc.in/wp-content/plugins/ditty-news-ticker/vendor/padaliyajay/php-autoprefixer HTTP/1.1" 200 2390 "http://www.icdp.co.in/wp-sitemap.xml?path=/home/nyiet8349bzl/public_html/oldwebsite.sbsc.in/wp-content/plugins/ditty-news-ticker/vendor/padaliyajay/php-autoprefixer" "Mozilla/5.0 AppleWebKit/537.36 (KHTML, like Gecko; compatible; GPTBot/1.3; +https://openai.com/gptbot)" 49 **0/49791**
74.7.227.26 - - [04/Mar/2026:05:24:56 -0700] "GET /wp-sitemap.xml?fileloc=/home/nyiet8349bzl/public_html/oldwebsite.sbsc.in/wp-content/plugins/ditty-news-ticker/vendor/padaliyajay/php-autoprefixer/composer.json&path=/home/nyiet8349bzl/public_html/oldwebsite.sbsc.in/wp-content/plugins/ditty-news-ticker/vendor/padaliyajay/php-autoprefixer HTTP/1.1" 200 2546 "http://www.icdp.co.in/wp-sitemap.xml?path=/home/nyiet8349bzl/public_html/oldwebsite.sbsc.in/wp-content/plugins/ditty-news-ticker/vendor/padaliyajay/php-autoprefixer" "Mozilla/5.0 AppleWebKit/537.36 (KHTML, like Gecko; compatible; GPTBot/1.3; +https://openai.com/gptbot)" 51 **0/51689**
74.7.227.26 - - [04/Mar/2026:05:24:57 -0700] "GET /wp-sitemap.xml?path=//run HTTP/1.1" 200 2838 "http://www.icdp.co.in/wp-sitemap.xml?path=/" "Mozilla/5.0 AppleWebKit/537.36 (KHTML, like Gecko; compatible; GPTBot/1.3; +https://openai.com/gptbot)" 50 **0/50745**
74.7.227.26 - - [04/Mar/2026:05:24:58 -0700] "GET /wp-sitemap.xml?path=//tmp HTTP/1.1" 200 3465 "http://www.icdp.co.in/wp-sitemap.xml?path=/" "Mozilla/5.0 AppleWebKit/537.36 (KHTML, like Gecko; compatible; GPTBot/1.3; +https://openai.com/gptbot)" 54 **0/54494**
74.7.227.26 - - [04/Mar/2026:05:24:58 -0700] "GET /wp-sitemap.xml?path=//etc HTTP/1.1" 200 4609 "http://www.icdp.co.in/wp-sitemap.xml?path=/" "Mozilla/5.0 AppleWebKit/537.36 (KHTML, like Gecko; compatible; GPTBot/1.3; +https://openai.com/gptbot)" 49 **0/49039**
74.7.227.26 - - [04/Mar/2026:05:24:59 -0700] "GET /wp-sitemap.xml?path=//opt HTTP/1.1" 200 2781 "http://www.icdp.co.in/wp-sitemap.xml?path=/" "Mozilla/5.0 AppleWebKit/537.36 (KHTML, like Gecko; compatible; GPTBot/1.3; +https://openai.com/gptbot)" 39 **0/39536**
144.76.32.236 - - [04/Mar/2026:05:24:59 -0700] "GET /le-varianti-disponibili-sono-tante-anche-possono-tentennare-verso-gameplay-codificazione-anche-tasso-di-pericolo/ HTTP/1.1" 200 5663 "-" "Mozilla/5.0 (compatible; SERankingBacklinksBot/1.0; +https://seranking.com/backlinks-crawler)" 50 **0/50603**
74.7.227.26 - - [04/Mar/2026:05:24:59 -0700] "GET /wp-sitemap.xml?path=//proc HTTP/1.1" 200 4278 "http://www.icdp.co.in/wp-sitemap.xml?path=/" "Mozilla/5.0 AppleWebKit/537.36 (KHTML, like Gecko; compatible; GPTBot/1.3; +https://openai.com/gptbot)" 52 **0/52723**
74.7.227.26 - - [04/Mar/2026:05:25:00 -0700] "GET /wp-sitemap.xml?path=//root HTTP/1.1" 200 2290 "http://www.icdp.co.in/wp-sitemap.xml?path=/" "Mozilla/5.0 AppleWebKit/537.36 (KHTML, like Gecko; compatible; GPTBot/1.3; +https://openai.com/gptbot)" 45 **0/45979**
74.7.227.26 - - [04/Mar/2026:05:25:00 -0700] "GET /wp-sitemap.xml?path=//sbin HTTP/1.1" 200 3985 "http://www.icdp.co.in/wp-sitemap.xml?path=/" "Mozilla/5.0 AppleWebKit/537.36 (KHTML, like Gecko; compatible; GPTBot/1.3; +https://openai.com/gptbot)" 46 **0/46939**
74.7.227.26 - - [04/Mar/2026:05:25:01 -0700] "GET /wp-sitemap.xml?path=//dev HTTP/1.1" 200 2667 "http://www.icdp.co.in/wp-sitemap.xml?path=/" "Mozilla/5.0 AppleWebKit/537.36 (KHTML, like Gecko; compatible; GPTBot/1.3; +https://openai.com/gptbot)" 60 **0/60119**
74.7.227.26 - - [04/Mar/2026:05:25:01 -0700] "GET /wp-sitemap.xml?path=//home HTTP/1.1" 200 2527 "http://www.icdp.co.in/wp-sitemap.xml?path=/" "Mozilla/5.0 AppleWebKit/537.36 (KHTML, like Gecko; compatible; GPTBot/1.3; +https://openai.com/gptbot)" 116 **0/116849**
74.7.227.26 - - [04/Mar/2026:05:25:02 -0700] "GET /wp-sitemap.xml?fileloc=/home/nyiet8349bzl/www/icbm2026.sbsc.in/wp-content/plugins/elementor/assets/css/modules/editor-v4-opt-in/opt-in.min.css&path=/home/nyiet8349bzl/www/icbm2026.sbsc.in/wp-content/plugins/elementor/assets/css/modules/editor-v4-opt-in HTTP/1.1" 200 2389 "http://www.icdp.co.in/wp-sitemap.xml?path=/home/nyiet8349bzl/www/icbm2026.sbsc.in/wp-content/plugins/elementor/assets/css/modules/editor-v4-opt-in" "Mozilla/5.0 AppleWebKit/537.36 (KHTML, like Gecko; compatible; GPTBot/1.3; +https://openai.com/gptbot)" 159 **0/159333**
74.7.227.26 - - [04/Mar/2026:05:25:02 -0700] "GET /wp-sitemap.xml?fileloc=/home/nyiet8349bzl/www/icbm2026.sbsc.in/wp-content/plugins/elementor/assets/css/modules/editor-v4-opt-in/opt-in.css&path=/home/nyiet8349bzl/www/icbm2026.sbsc.in/wp-content/plugins/elementor/assets/css/modules/editor-v4-opt-in HTTP/1.1" 200 2413 "http://www.icdp.co.in/wp-sitemap.xml?path=/home/nyiet8349bzl/www/icbm2026.sbsc.in/wp-content/plugins/elementor/assets/css/modules/editor-v4-opt-in" "Mozilla/5.0 AppleWebKit/537.36 (KHTML, like Gecko; compatible; GPTBot/1.3; +https://openai.com/gptbot)" 108 **0/108314**
74.7.227.26 - - [04/Mar/2026:05:25:03 -0700] "GET /wp-sitemap.xml?path=//run/motd.d HTTP/1.1" 200 2304 "http://www.icdp.co.in/wp-sitemap.xml?path=//run" "Mozilla/5.0 AppleWebKit/537.36 (KHTML, like Gecko; compatible; GPTBot/1.3; +https://openai.com/gptbot)" 72 **0/72583**
74.7.227.26 - - [04/Mar/2026:05:25:03 -0700] "GET /wp-sitemap.xml?fileloc=//tmp/.mb_convert&path=//tmp HTTP/1.1" 200 2964 "http://www.icdp.co.in/wp-sitemap.xml?path=//tmp" "Mozilla/5.0 AppleWebKit/537.36 (KHTML, like Gecko; compatible; GPTBot/1.3; +https://openai.com/gptbot)" 60 **0/60539**
74.7.227.26 - - [04/Mar/2026:05:25:04 -0700] "GET /wp-sitemap.xml?path=//etc/ld.so.conf.d HTTP/1.1" 200 2805 "http://www.icdp.co.in/wp-sitemap.xml?path=//etc" "Mozilla/5.0 AppleWebKit/537.36 (KHTML, like Gecko; compatible; GPTBot/1.3; +https://openai.com/gptbot)" 60 **0/60116**
57.141.2.47 - - [04/Mar/2026:05:25:04 -0700] "GET /wp-json/oembed/1.0/embed?url=http%3A%2F%2Fwww.icdp.co.in%2Frange-of-often-the-greatest-desired-incentive-casino-internet%2F HTTP/1.1" 200 127968 "-" "meta-externalagent/1.1 (+https://developers.facebook.com/docs/sharing/webmasters/crawler)" 60 **0/60844**
74.7.227.26 - - [04/Mar/2026:05:25:04 -0700] "GET /wp-sitemap.xml?path=//etc/cl.python HTTP/1.1" 200 2636 "http://www.icdp.co.in/wp-sitemap.xml?path=//etc" "Mozilla/5.0 AppleWebKit/537.36 (KHTML, like Gecko; compatible; GPTBot/1.3; +https://openai.com/gptbot)" 49 **0/49204**
74.7.227.26 - - [04/Mar/2026:05:25:05 -0700] "GET /wp-sitemap.xml?fileloc=//proc/timer_list&path=//proc HTTP/1.1" 200 2245 "http://www.icdp.co.in/wp-sitemap.xml?path=//proc" "Mozilla/5.0 AppleWebKit/537.36 (KHTML, like Gecko; compatible; GPTBot/1.3; +https://openai.com/gptbot)" 58 **0/58456**
74.7.227.26 - - [04/Mar/2026:05:25:05 -0700] "GET /wp-sitemap.xml?fileloc=//etc/spammeripblocks&path=//etc HTTP/1.1" 200 2250 "http://www.icdp.co.in/wp-sitemap.xml?path=//etc" "Mozilla/5.0 AppleWebKit/537.36 (KHTML, like Gecko; compatible; GPTBot/1.3; +https://openai.com/gptbot)" 63 **0/63314**
144.76.32.236 - - [04/Mar/2026:05:25:06 -0700] "GET /finis-plannings-avec-vols-communiques-avant-surprise-partie-dune-appel-ne-pourront-letre-qua-niveau-approximatif/ HTTP/1.1" 200 5663 "-" "Mozilla/5.0 (compatible; SERankingBacklinksBot/1.0; +https://seranking.com/backlinks-crawler)" 55 **0/55946**
74.7.227.26 - - [04/Mar/2026:05:25:06 -0700] "GET /wp-sitemap.xml?fileloc=//sbin/cagefs_enter_site&path=//sbin HTTP/1.1" 200 3086 "http://www.icdp.co.in/wp-sitemap.xml?path=//sbin" "Mozilla/5.0 AppleWebKit/537.36 (KHTML, like Gecko; compatible; GPTBot/1.3; +https://openai.com/gptbot)" 62 **0/62296**
74.7.227.26 - - [04/Mar/2026:05:25:07 -0700] "GET /wp-sitemap.xml?fileloc=//etc/rpc&path=//etc HTTP/1.1" 200 3040 "http://www.icdp.co.in/wp-sitemap.xml?path=//etc" "Mozilla/5.0 AppleWebKit/537.36 (KHTML, like Gecko; compatible; GPTBot/1.3; +https://openai.com/gptbot)" 55 **0/55073**
74.7.227.26 - - [04/Mar/2026:05:25:07 -0700] "GET /wp-sitemap.xml?fileloc=//etc/man_db.conf&path=//etc HTTP/1.1" 200 4125 "http://www.icdp.co.in/wp-sitemap.xml?path=//etc" "Mozilla/5.0 AppleWebKit/537.36 (KHTML, like Gecko; compatible; GPTBot/1.3; +https://openai.com/gptbot)" 48 **0/48737**
74.7.227.26 - - [04/Mar/2026:05:25:08 -0700] "GET /wp-sitemap.xml?fileloc=//tmp/.oauthexceptions&path=//tmp HTTP/1.1" 200 2539 "http://www.icdp.co.in/wp-sitemap.xml?path=//tmp" "Mozilla/5.0 AppleWebKit/537.36 (KHTML, like Gecko; compatible; GPTBot/1.3; +https://openai.com/gptbot)" 44 **0/44383**
74.7.227.26 - - [04/Mar/2026:05:25:08 -0700] "GET /wp-sitemap.xml?fileloc=//etc/localtime&path=//etc HTTP/1.1" 200 2438 "http://www.icdp.co.in/wp-sitemap.xml?path=//etc" "Mozilla/5.0 AppleWebKit/537.36 (KHTML, like Gecko; compatible; GPTBot/1.3; +https://openai.com/gptbot)" 52 **0/52798**
74.7.227.26 - - [04/Mar/2026:05:25:09 -0700] "GET /wp-sitemap.xml?fileloc=//etc/relayhosts&path=//etc HTTP/1.1" 200 2275 "http://www.icdp.co.in/wp-sitemap.xml?path=//etc" "Mozilla/5.0 AppleWebKit/537.36 (KHTML, like Gecko; compatible; GPTBot/1.3; +https://openai.com/gptbot)" 57 **0/57890**
144.76.32.236 - - [04/Mar/2026:05:25:09 -0700] "GET /added-bonus-web-based-poker-10-give-comment-gamble-totally-free-50-free-spins-no-deposit-mister-money-trial-2025/ HTTP/1.1" 200 5663 "-" "Mozilla/5.0 (compatible; SERankingBacklinksBot/1.0; +https://seranking.com/backlinks-crawler)" 51 **0/51946**
74.7.227.26 - - [04/Mar/2026:05:25:09 -0700] "GET /wp-sitemap.xml?fileloc=//etc/screenrc&path=//etc HTTP/1.1" 200 5044 "http://www.icdp.co.in/wp-sitemap.xml?path=//etc" "Mozilla/5.0 AppleWebKit/537.36 (KHTML, like Gecko; compatible; GPTBot/1.3; +https://openai.com/gptbot)" 44 **0/44429**
74.7.227.26 - - [04/Mar/2026:05:25:10 -0700] "GET /wp-sitemap.xml?fileloc=//etc/services&path=//etc HTTP/1.1" 200 133875 "http://www.icdp.co.in/wp-sitemap.xml?path=//etc" "Mozilla/5.0 AppleWebKit/537.36 (KHTML, like Gecko; compatible; GPTBot/1.3; +https://openai.com/gptbot)" 119 **0/119723**
74.7.227.26 - - [04/Mar/2026:05:25:10 -0700] "GET /wp-sitemap.xml?fileloc=//etc/cl.python/yum_cache.dat&path=//etc/cl.python HTTP/1.1" 200 2297 "http://www.icdp.co.in/wp-sitemap.xml?path=//etc/cl.python" "Mozilla/5.0 AppleWebKit/537.36 (KHTML, like Gecko; compatible; GPTBot/1.3; +https://openai.com/gptbot)" 56 **0/56736**
74.7.227.26 - - [04/Mar/2026:05:25:12 -0700] "GET /wp-sitemap.xml?fileloc=//tmp/.created&path=//tmp HTTP/1.1" 200 2841 "http://www.icdp.co.in/wp-sitemap.xml?path=//tmp" "Mozilla/5.0 AppleWebKit/537.36 (KHTML, like Gecko; compatible; GPTBot/1.3; +https://openai.com/gptbot)" 629 **0/629344**
57.141.2.38 - - [04/Mar/2026:05:25:12 -0700] "GET /wp-json/oembed/1.0/embed?url=http%3A%2F%2Fwww.icdp.co.in%2Funa-idea-no-se-trata-novedosa-pero-en-la-actualidad-ninguna-compania-aerea-la-siempre-suele-llevar-en-praxis%2F HTTP/1.1" 200 127968 "-" "meta-externalagent/1.1 (+https://developers.facebook.com/docs/sharing/webmasters/crawler)" 632 **0/632986**
74.7.227.26 - - [04/Mar/2026:05:25:13 -0700] "GET /wp-sitemap.xml?fileloc=//tmp/.db2_convert&path=//tmp HTTP/1.1" 200 2541 "http://www.icdp.co.in/wp-sitemap.xml?path=//tmp" "Mozilla/5.0 AppleWebKit/537.36 (KHTML, like Gecko; compatible; GPTBot/1.3; +https://openai.com/gptbot)" 62 **0/62702**
74.7.227.26 - - [04/Mar/2026:05:25:14 -0700] "GET /wp-sitemap.xml?fileloc=//sbin/pam_timestamp_check&path=//sbin HTTP/1.1" 200 6799 "http://www.icdp.co.in/wp-sitemap.xml?path=//sbin" "Mozilla/5.0 AppleWebKit/537.36 (KHTML, like Gecko; compatible; GPTBot/1.3; +https://openai.com/gptbot)" 75 **0/75028**
74.7.227.26 - - [04/Mar/2026:05:25:14 -0700] "GET /wp-sitemap.xml?path=//opt/alt HTTP/1.1" 200 4041 "http://www.icdp.co.in/wp-sitemap.xml?path=//opt" "Mozilla/5.0 AppleWebKit/537.36 (KHTML, like Gecko; compatible; GPTBot/1.3; +https://openai.com/gptbot)" 62 **0/62088**
74.7.227.26 - - [04/Mar/2026:05:25:15 -0700] "GET /wp-sitemap.xml?fileloc=//etc/environment&path=//etc HTTP/1.1" 200 2243 "http://www.icdp.co.in/wp-sitemap.xml?path=//etc" "Mozilla/5.0 AppleWebKit/537.36 (KHTML, like Gecko; compatible; GPTBot/1.3; +https://openai.com/gptbot)" 98 **0/98870**
17.246.23.220 - - [04/Mar/2026:05:25:15 -0700] "GET /22bet-casino-431/ HTTP/1.1" 200 5663 "-" "Mozilla/5.0 (Macintosh; Intel Mac OS X 10_15_7) AppleWebKit/605.1.15 (KHTML, like Gecko) Version/17.4 Safari/605.1.15 (Applebot/0.1; +http://www.apple.com/go/applebot)" 78 **0/78925**
74.7.227.26 - - [04/Mar/2026:05:25:15 -0700] "GET /wp-sitemap.xml?path=//etc/crypto-policies HTTP/1.1" 200 2707 "http://www.icdp.co.in/wp-sitemap.xml?path=//etc" "Mozilla/5.0 AppleWebKit/537.36 (KHTML, like Gecko; compatible; GPTBot/1.3; +https://openai.com/gptbot)" 59 **0/59508**
74.7.227.26 - - [04/Mar/2026:05:25:16 -0700] "GET /wp-sitemap.xml?fileloc=//tmp/.lock&path=//tmp HTTP/1.1" 200 2845 "http://www.icdp.co.in/wp-sitemap.xml?path=//tmp" "Mozilla/5.0 AppleWebKit/537.36 (KHTML, like Gecko; compatible; GPTBot/1.3; +https://openai.com/gptbot)" 60 **0/60695**
144.76.32.236 - - [04/Mar/2026:05:25:16 -0700] "GET /casino-groste-no-einzahlung-25-euro-bonus-maklercourtage-abzuglich-einzahlung-2025-beste-no-abschlagzahlung-boni/ HTTP/1.1" 200 5663 "-" "Mozilla/5.0 (compatible; SERankingBacklinksBot/1.0; +https://seranking.com/backlinks-crawler)" 42 **0/42183**
74.7.227.26 - - [04/Mar/2026:05:25:17 -0700] "GET /wp-sitemap.xml?fileloc=//tmp/.desc&path=//tmp HTTP/1.1" 200 2232 "http://www.icdp.co.in/wp-sitemap.xml?path=//tmp" "Mozilla/5.0 AppleWebKit/537.36 (KHTML, like Gecko; compatible; GPTBot/1.3; +https://openai.com/gptbot)" 46 **0/46522**
74.7.227.26 - - [04/Mar/2026:05:25:17 -0700] "GET /wp-sitemap.xml?fileloc=//tmp/.key&path=//tmp HTTP/1.1" 200 2232 "http://www.icdp.co.in/wp-sitemap.xml?path=//tmp" "Mozilla/5.0 AppleWebKit/537.36 (KHTML, like Gecko; compatible; GPTBot/1.3; +https://openai.com/gptbot)" 50 **0/50746**
74.7.227.26 - - [04/Mar/2026:05:25:18 -0700] "GET /wp-sitemap.xml?fileloc=//tmp/.sys&path=//tmp HTTP/1.1" 200 2901 "http://www.icdp.co.in/wp-sitemap.xml?path=//tmp" "Mozilla/5.0 AppleWebKit/537.36 (KHTML, like Gecko; compatible; GPTBot/1.3; +https://openai.com/gptbot)" 64 **0/64368**
74.7.227.26 - - [04/Mar/2026:05:25:18 -0700] "GET /wp-sitemap.xml?fileloc=//tmp/.token&path=//tmp HTTP/1.1" 200 2839 "http://www.icdp.co.in/wp-sitemap.xml?path=//tmp" "Mozilla/5.0 AppleWebKit/537.36 (KHTML, like Gecko; compatible; GPTBot/1.3; +https://openai.com/gptbot)" 59 **0/59758**
74.7.227.26 - - [04/Mar/2026:05:25:19 -0700] "GET /wp-sitemap.xml?fileloc=//etc/senderverifybypasshosts&path=//etc HTTP/1.1" 200 2255 "http://www.icdp.co.in/wp-sitemap.xml?path=//etc" "Mozilla/5.0 AppleWebKit/537.36 (KHTML, like Gecko; compatible; GPTBot/1.3; +https://openai.com/gptbot)" 58 **0/58804**
74.7.227.26 - - [04/Mar/2026:05:25:19 -0700] "GET /wp-sitemap.xml?fileloc=//etc/protocols&path=//etc HTTP/1.1" 200 5416 "http://www.icdp.co.in/wp-sitemap.xml?path=//etc" "Mozilla/5.0 AppleWebKit/537.36 (KHTML, like Gecko; compatible; GPTBot/1.3; +https://openai.com/gptbot)" 62 **0/62028**
144.76.32.236 - - [04/Mar/2026:05:25:19 -0700] "GET /fluffy-favourites-remastered-full-moon-fortunes-slot-free-spins-comment-totally-free-gamble-inside-the-demo-mode/ HTTP/1.1" 200 5663 "-" "Mozilla/5.0 (compatible; SERankingBacklinksBot/1.0; +https://seranking.com/backlinks-crawler)" 70 **0/70433**
74.7.227.26 - - [04/Mar/2026:05:25:20 -0700] "GET /wp-sitemap.xml?path=//opt/alt/libssh211 HTTP/1.1" 200 2554 "http://www.icdp.co.in/wp-sitemap.xml?path=//opt/alt" "Mozilla/5.0 AppleWebKit/537.36 (KHTML, like Gecko; compatible; GPTBot/1.3; +https://openai.com/gptbot)" 42 **0/42045**
74.7.227.26 - - [04/Mar/2026:05:25:20 -0700] "GET /wp-sitemap.xml?path=//opt/alt/python311 HTTP/1.1" 200 2673 "http://www.icdp.co.in/wp-sitemap.xml?path=//opt/alt" "Mozilla/5.0 AppleWebKit/537.36 (KHTML, like Gecko; compatible; GPTBot/1.3; +https://openai.com/gptbot)" 40 **0/40227**
74.7.227.26 - - [04/Mar/2026:05:25:21 -0700] "GET /wp-sitemap.xml?path=//opt/alt/python310 HTTP/1.1" 200 2673 "http://www.icdp.co.in/wp-sitemap.xml?path=//opt/alt" "Mozilla/5.0 AppleWebKit/537.36 (KHTML, like Gecko; compatible; GPTBot/1.3; +https://openai.com/gptbot)" 63 **0/63995**
74.7.227.26 - - [04/Mar/2026:05:25:22 -0700] "GET /wp-sitemap.xml?path=//opt/alt/openssl HTTP/1.1" 200 2605 "http://www.icdp.co.in/wp-sitemap.xml?path=//opt/alt" "Mozilla/5.0 AppleWebKit/537.36 (KHTML, like Gecko; compatible; GPTBot/1.3; +https://openai.com/gptbot)" 55 **0/55516**
74.7.227.26 - - [04/Mar/2026:05:25:22 -0700] "GET /wp-sitemap.xml?path=//opt/alt/sqlite HTTP/1.1" 200 2551 "http://www.icdp.co.in/wp-sitemap.xml?path=//opt/alt" "Mozilla/5.0 AppleWebKit/537.36 (KHTML, like Gecko; compatible; GPTBot/1.3; +https://openai.com/gptbot)" 61 **0/61198**
74.7.227.26 - - [04/Mar/2026:05:25:23 -0700] "GET /wp-sitemap.xml?path=//opt/alt/libzip HTTP/1.1" 200 2552 "http://www.icdp.co.in/wp-sitemap.xml?path=//opt/alt" "Mozilla/5.0 AppleWebKit/537.36 (KHTML, like Gecko; compatible; GPTBot/1.3; +https://openai.com/gptbot)" 55 **0/55351**
144.76.32.236 - - [04/Mar/2026:05:25:23 -0700] "GET /ademane-criancice-area-acostumado-acercade-mad-mad-hot-hot-fruit-anuviado-armazem-playpix-login-de-aposta-monkey/ HTTP/1.1" 200 5663 "-" "Mozilla/5.0 (compatible; SERankingBacklinksBot/1.0; +https://seranking.com/backlinks-crawler)" 67 **0/67484**
74.7.227.26 - - [04/Mar/2026:05:25:23 -0700] "GET /wp-sitemap.xml?path=//opt/alt/php74-imunify HTTP/1.1" 200 2317 "http://www.icdp.co.in/wp-sitemap.xml?path=//opt/alt" "Mozilla/5.0 AppleWebKit/537.36 (KHTML, like Gecko; compatible; GPTBot/1.3; +https://openai.com/gptbot)" 48 **0/48080**
74.7.227.26 - - [04/Mar/2026:05:25:24 -0700] "GET /wp-sitemap.xml?path=//opt/alt/libgd HTTP/1.1" 200 2575 "http://www.icdp.co.in/wp-sitemap.xml?path=//opt/alt" "Mozilla/5.0 AppleWebKit/537.36 (KHTML, like Gecko; compatible; GPTBot/1.3; +https://openai.com/gptbot)" 60 **0/60405**
74.7.227.26 - - [04/Mar/2026:05:25:24 -0700] "GET /wp-sitemap.xml?path=//opt/alt/redis HTTP/1.1" 200 2676 "http://www.icdp.co.in/wp-sitemap.xml?path=//opt/alt" "Mozilla/5.0 AppleWebKit/537.36 (KHTML, like Gecko; compatible; GPTBot/1.3; +https://openai.com/gptbot)" 56 **0/56189**
74.7.227.26 - - [04/Mar/2026:05:25:25 -0700] "GET /wp-sitemap.xml?fileloc=//proc/consoles&path=//proc HTTP/1.1" 200 2242 "http://www.icdp.co.in/wp-sitemap.xml?path=//proc" "Mozilla/5.0 AppleWebKit/537.36 (KHTML, like Gecko; compatible; GPTBot/1.3; +https://openai.com/gptbot)" 45 **0/45549**
74.7.227.26 - - [04/Mar/2026:05:25:25 -0700] "GET /wp-sitemap.xml?fileloc=//etc/cl.python/.mp&path=//etc/cl.python HTTP/1.1" 200 2287 "http://www.icdp.co.in/wp-sitemap.xml?path=//etc/cl.python" "Mozilla/5.0 AppleWebKit/537.36 (KHTML, like Gecko; compatible; GPTBot/1.3; +https://openai.com/gptbot)" 50 **0/50928**
74.7.227.26 - - [04/Mar/2026:05:25:26 -0700] "GET /wp-sitemap.xml?path=//opt/alt/liblqr-1 HTTP/1.1" 200 2579 "http://www.icdp.co.in/wp-sitemap.xml?path=//opt/alt" "Mozilla/5.0 AppleWebKit/537.36 (KHTML, like Gecko; compatible; GPTBot/1.3; +https://openai.com/gptbot)" 42 **0/42794**
144.76.32.236 - - [04/Mar/2026:05:25:26 -0700] "GET /les-commentaires-de-lutilisateur-lambda-sont-entierement-aises-sauf-que-accelerent-les-atouts-parmi-salle-de-jeu/ HTTP/1.1" 200 5663 "-" "Mozilla/5.0 (compatible; SERankingBacklinksBot/1.0; +https://seranking.com/backlinks-crawler)" 72 **0/72747**
57.141.2.3 - - [04/Mar/2026:05:25:26 -0700] "GET /wp-json/wp/v2/posts/148578 HTTP/1.1" 200 127968 "-" "meta-externalagent/1.1 (+https://developers.facebook.com/docs/sharing/webmasters/crawler)" 39 **0/39078**
74.7.227.26 - - [04/Mar/2026:05:25:26 -0700] "GET /wp-sitemap.xml?path=//opt/alt/modsec-sdbm-util HTTP/1.1" 200 2590 "http://www.icdp.co.in/wp-sitemap.xml?path=//opt/alt" "Mozilla/5.0 AppleWebKit/537.36 (KHTML, like Gecko; compatible; GPTBot/1.3; +https://openai.com/gptbot)" 47 **0/47116**
74.7.227.26 - - [04/Mar/2026:05:25:27 -0700] "GET /wp-sitemap.xml?path=//opt/alt/python310/lib HTTP/1.1" 200 2566 "http://www.icdp.co.in/wp-sitemap.xml?path=//opt/alt/python310" "Mozilla/5.0 AppleWebKit/537.36 (KHTML, like Gecko; compatible; GPTBot/1.3; +https://openai.com/gptbot)" 39 **0/39624**
